66.249.74.91 - - [18/Apr/2023:06:43:16 +0200] "GET /cds/rosarium.jpg HTTP/1.1" 404 - "-" "Googlebot-Image/1.0"
40.77.167.161 - - [18/Apr/2023:06:58:56 +0200] "GET /buecher/gesichter/06.jpg HTTP/1.1" 404 - "-" "Mozilla/5.0 AppleWebKit/537.36 (KHTML, like Gecko; compatible; bingbot/2.0; +http://www.bing.com/bingbot.htm) Chrome/103.0.5060.134 Safari/537.36"
40.77.167.161 - - [18/Apr/2023:06:58:56 +0200] "GET /buecher/gesichter/09.jpg HTTP/1.1" 404 - "-" "Mozilla/5.0 AppleWebKit/537.36 (KHTML, like Gecko; compatible; bingbot/2.0; +http://www.bing.com/bingbot.htm) Chrome/103.0.5060.134 Safari/537.36"
40.77.167.84 - - [18/Apr/2023:06:59:01 +0200] "GET /buecher/gesichter/25.jpg HTTP/1.1" 404 - "-" "Mozilla/5.0 AppleWebKit/537.36 (KHTML, like Gecko; compatible; bingbot/2.0; +http://www.bing.com/bingbot.htm) Chrome/103.0.5060.134 Safari/537.36"
40.77.167.120 - - [18/Apr/2023:06:59:01 +0200] "GET /buecher/gesichter/28.jpg HTTP/1.1" 404 - "-" "Mozilla/5.0 AppleWebKit/537.36 (KHTML, like Gecko; compatible; bingbot/2.0; +http://www.bing.com/bingbot.htm) Chrome/103.0.5060.134 Safari/537.36"
52.167.144.94 - - [18/Apr/2023:06:59:10 +0200] "GET /buecher/gesichter/30.jpg HTTP/1.1" 404 - "-" "Mozilla/5.0 AppleWebKit/537.36 (KHTML, like Gecko; compatible; bingbot/2.0; +http://www.bing.com/bingbot.htm) Chrome/103.0.5060.134 Safari/537.36"
114.119.153.152 - - [18/Apr/2023:07:00:22 +0200] "GET /robots.txt HTTP/1.1" 404 - "-" "Mozilla/5.0 (compatible;PetalBot;+https://webmaster.petalsearch.com/site/petalbot)"
146.70.170.40 - - [18/Apr/2023:07:02:37 +0200] "GET / HTTP/1.0" 404 - "https://originalpharmacy.space/austria/prostatitis/tvr-prostatricum-plus/" "Mozilla/5.0 (Windows NT 10.0) AppleWebKit/537.36 (KHTML, like Gecko) Chrome/90.0.4430.93 Safari/537.36"
146.70.170.40 - - [18/Apr/2023:07:02:38 +0200] "GET / HTTP/1.0" 404 - "https://originalpharmacy.space/austria/prostatitis/tvr-prostatricum-plus/" "Mozilla/5.0 (Windows NT 10.0) AppleWebKit/537.36 (KHTML, like Gecko) Chrome/90.0.4430.93 Safari/537.36"
5.254.23.39 - - [18/Apr/2023:07:41:53 +0200] "GET / HTTP/1.0" 404 - "https://naturelement.space/ind/cardiovascular-system/normatone/" "Mozilla/5.0 (Windows NT 6.3; Win64; x64) AppleWebKit/537.36 (KHTML, like Gecko) Chrome/90.0.4430.85 Safari/537.36"
5.254.23.39 - - [18/Apr/2023:07:41:53 +0200] "GET / HTTP/1.0" 404 - "https://naturelement.space/ind/cardiovascular-system/normatone/" "Mozilla/5.0 (Windows NT 6.3; Win64; x64) AppleWebKit/537.36 (KHTML, like Gecko) Chrome/90.0.4430.85 Safari/537.36"
5.254.23.39 - - [18/Apr/2023:07:58:56 +0200] "GET / HTTP/1.0" 404 - "https://natureshop.space/mexico/11-category/keto-plus/" "Mozilla/5.0 (Windows NT 6.1; Win64; x64) AppleWebKit/537.36 (KHTML, like Gecko) Chrome/90.0.4430.85 Safari/537.36 Edg/90.0.818.49"
5.254.23.39 - - [18/Apr/2023:07:58:56 +0200] "GET / HTTP/1.0" 404 - "https://natureshop.space/mexico/11-category/keto-plus/" "Mozilla/5.0 (Windows NT 6.1; Win64; x64) AppleWebKit/537.36 (KHTML, like Gecko) Chrome/90.0.4430.85 Safari/537.36 Edg/90.0.818.49"
104.250.183.10 - - [18/Apr/2023:08:02:15 +0200] "GET / HTTP/1.0" 404 - "https://pharmacystories.space/india/varicose-veins/product-1653/" "Mozilla/5.0 (Windows NT 6.1; WOW64) AppleWebKit/537.36 (KHTML, like Gecko) Chrome/90.0.4430.85 Safari/537.36"
104.250.183.10 - - [18/Apr/2023:08:02:16 +0200] "GET / HTTP/1.0" 404 - "https://pharmacystories.space/india/varicose-veins/product-1653/" "Mozilla/5.0 (Windows NT 6.1; WOW64) AppleWebKit/537.36 (KHTML, like Gecko) Chrome/90.0.4430.85 Safari/537.36"
146.70.170.40 - - [18/Apr/2023:08:05:22 +0200] "GET / HTTP/1.0" 404 - "https://naturprod.space/czech/prostatitis/product-2372/" "Mozilla/5.0 (Windows NT 10.0) AppleWebKit/537.36 (KHTML, like Gecko) Chrome/90.0.4430.85 Safari/537.36"
146.70.170.40 - - [18/Apr/2023:08:05:23 +0200] "GET / HTTP/1.0" 404 - "https://naturprod.space/czech/prostatitis/product-2372/" "Mozilla/5.0 (Windows NT 10.0) AppleWebKit/537.36 (KHTML, like Gecko) Chrome/90.0.4430.85 Safari/537.36"
146.70.170.40 - - [18/Apr/2023:09:38:07 +0200] "GET / HTTP/1.0" 404 - "https://naturpharm.space/indonesia/13/product-1831/" "Mozilla/5.0 (Windows NT 6.1; ) AppleWebKit/537.36 (KHTML, like Gecko) Chrome/90.0.4430.72 Safari/537.36"
146.70.170.40 - - [18/Apr/2023:09:38:07 +0200] "GET / HTTP/1.0" 404 - "https://naturpharm.space/indonesia/13/product-1831/" "Mozilla/5.0 (Windows NT 6.1; ) AppleWebKit/537.36 (KHTML, like Gecko) Chrome/90.0.4430.72 Safari/537.36"
146.70.126.71 - - [18/Apr/2023:09:41:34 +0200] "GET / HTTP/1.0" 404 - "https://producthealth.space/czech/beauty/product-odry-cream/" "Mozilla/5.0 (Windows NT 10.0) AppleWebKit/537.36 (KHTML, like Gecko) Chrome/90.0.4430.85 Safari/537.36 Edg/90.0.818.46"
146.70.126.71 - - [18/Apr/2023:09:41:35 +0200] "GET / HTTP/1.0" 404 - "https://producthealth.space/czech/beauty/product-odry-cream/" "Mozilla/5.0 (Windows NT 10.0) AppleWebKit/537.36 (KHTML, like Gecko) Chrome/90.0.4430.85 Safari/537.36 Edg/90.0.818.46"
5.254.23.39 - - [18/Apr/2023:10:00:29 +0200] "GET / HTTP/1.0" 404 - "https://naturalmedstore.space/lva/varicose-veins/dea-lux/" "Mozilla/5.0 (Windows NT 6.1) AppleWebKit/537.36 (KHTML, like Gecko) Chrome/90.0.4430.72 Safari/537.36"
5.254.23.39 - - [18/Apr/2023:10:00:29 +0200] "GET / HTTP/1.0" 404 - "https://naturalmedstore.space/lva/varicose-veins/dea-lux/" "Mozilla/5.0 (Windows NT 6.1) AppleWebKit/537.36 (KHTML, like Gecko) Chrome/90.0.4430.72 Safari/537.36"
146.70.170.40 - - [18/Apr/2023:10:49:37 +0200] "GET / HTTP/1.0" 404 - "https://nutramed.space/bulgaria/joints/ostelife-for-joint-pain/" "Mozilla/5.0 (Windows NT 10.0) AppleWebKit/537.36 (KHTML, like Gecko) Chrome/90.0.4430.85 Safari/537.36"
146.70.170.40 - - [18/Apr/2023:10:49:37 +0200] "GET / HTTP/1.0" 404 - "https://nutramed.space/bulgaria/joints/ostelife-for-joint-pain/" "Mozilla/5.0 (Windows NT 10.0) AppleWebKit/537.36 (KHTML, like Gecko) Chrome/90.0.4430.85 Safari/537.36"
104.250.183.10 - - [18/Apr/2023:11:52:32 +0200] "GET / HTTP/1.0" 404 - "https://pagalworld.site/france/11/ketoform/" "Mozilla/5.0 (Windows NT 10.0; Win64; x64) AppleWebKit/537.36 (KHTML, like Gecko) Chrome/90.0.4430.86 Safari/537.36"
104.250.183.10 - - [18/Apr/2023:11:52:32 +0200] "GET / HTTP/1.0" 404 - "https://pagalworld.site/france/11/ketoform/" "Mozilla/5.0 (Windows NT 10.0; Win64; x64) AppleWebKit/537.36 (KHTML, like Gecko) Chrome/90.0.4430.86 Safari/537.36"
178.175.130.28 - - [18/Apr/2023:11:54:58 +0200] "GET / HTTP/1.0" 404 - "https://progearph.com/prt/cardiovascular-system/cardione/" "Mozilla/5.0 (Windows NT 10.0; Win64; x64) AppleWebKit/537.36 (KHTML, like Gecko) Chrome/90.0.4430.85 Safari/537.36 Edg/90.0.818.49"
178.175.130.28 - - [18/Apr/2023:11:54:59 +0200] "GET / HTTP/1.0" 404 - "https://progearph.com/prt/cardiovascular-system/cardione/" "Mozilla/5.0 (Windows NT 10.0; Win64; x64) AppleWebKit/537.36 (KHTML, like Gecko) Chrome/90.0.4430.85 Safari/537.36 Edg/90.0.818.49"
173.252.83.1 - - [18/Apr/2023:12:53:42 +0200] "GET /buecher/gesichter/08.jpg HTTP/1.1" 404 - "-" "facebookexternalhit/1.1 (+http://www.facebook.com/externalhit_uatext.php)"
178.175.130.28 - - [18/Apr/2023:14:03:36 +0200] "GET / HTTP/1.0" 404 - "https://productmedic.space/mexico/diabetes/biadit/" "Mozilla/5.0 (Windows NT 6.1) AppleWebKit/537.36 (KHTML, like Gecko) Chrome/90.0.4430.72 Safari/537.36"
178.175.130.28 - - [18/Apr/2023:14:03:37 +0200] "GET / HTTP/1.0" 404 - "https://productmedic.space/mexico/diabetes/biadit/" "Mozilla/5.0 (Windows NT 6.1) AppleWebKit/537.36 (KHTML, like Gecko) Chrome/90.0.4430.72 Safari/537.36"
178.175.130.28 - - [18/Apr/2023:14:08:57 +0200] "GET / HTTP/1.0" 404 - "https://productmax.space/latvia/vision/product-759/" "Mozilla/5.0 (Windows NT 10.0; Win64; x64) AppleWebKit/537.36 (KHTML, like Gecko) Chrome/90.0.4430.72 Safari/537.36 Edg/90.0.818.42"
178.175.130.28 - - [18/Apr/2023:14:08:58 +0200] "GET / HTTP/1.0" 404 - "https://productmax.space/latvia/vision/product-759/" "Mozilla/5.0 (Windows NT 10.0; Win64; x64) AppleWebKit/537.36 (KHTML, like Gecko) Chrome/90.0.4430.72 Safari/537.36 Edg/90.0.818.42"
4.246.124.237 - - [18/Apr/2023:14:49:25 +0200] "GET /robots.txt HTTP/1.1" 404 - "-" "Mozilla/5.0 (Windows NT 10.0; Win64; x64) AppleWebKit/537.36 (KHTML, like Gecko) Chrome/110.0.0.0 Safari/537.36 Edg/110.0.1587.57"
4.246.124.237 - - [18/Apr/2023:14:49:25 +0200] "GET /buecher/gesichter/25.jpg HTTP/1.1" 404 - "-" "Mozilla/5.0 (Windows NT 10.0; Win64; x64) AppleWebKit/537.36 (KHTML, like Gecko) Chrome/110.0.0.0 Safari/537.36 Edg/110.0.1587.57"
146.70.170.40 - - [18/Apr/2023:15:07:27 +0200] "GET / HTTP/1.0" 404 - "https://nutrashop.space/bgd/smart-keto/" "Mozilla/5.0 (Windows NT 10.0) AppleWebKit/537.36 (KHTML, like Gecko) Chrome/90.0.4430.85 Safari/537.36"
146.70.170.40 - - [18/Apr/2023:15:07:27 +0200] "GET / HTTP/1.0" 404 - "https://nutrashop.space/bgd/smart-keto/" "Mozilla/5.0 (Windows NT 10.0) AppleWebKit/537.36 (KHTML, like Gecko) Chrome/90.0.4430.85 Safari/537.36"
178.175.130.28 - - [18/Apr/2023:15:08:32 +0200] "GET / HTTP/1.0" 404 - "https://producthome.space/spain/cardiovascular-system/kardisen/" "Mozilla/5.0 (Windows NT 6.2; Win64; x64) AppleWebKit/537.36 (KHTML, like Gecko) Chrome/90.0.4430.72 Safari/537.36"
178.175.130.28 - - [18/Apr/2023:15:08:32 +0200] "GET / HTTP/1.0" 404 - "https://producthome.space/spain/cardiovascular-system/kardisen/" "Mozilla/5.0 (Windows NT 6.2; Win64; x64) AppleWebKit/537.36 (KHTML, like Gecko) Chrome/90.0.4430.72 Safari/537.36"
178.175.130.28 - - [18/Apr/2023:15:15:32 +0200] "GET / HTTP/1.0" 404 - "https://propharmacy.site/belgium/slimming/dietonus-weightloss-remedy/" "Mozilla/5.0 (Windows NT 10.0) AppleWebKit/537.36 (KHTML, like Gecko) Chrome/90.0.4430.85 Safari/537.36"
178.175.130.28 - - [18/Apr/2023:15:15:32 +0200] "GET / HTTP/1.0" 404 - "https://propharmacy.site/belgium/slimming/dietonus-weightloss-remedy/" "Mozilla/5.0 (Windows NT 10.0) AppleWebKit/537.36 (KHTML, like Gecko) Chrome/90.0.4430.85 Safari/537.36"
40.77.167.120 - - [18/Apr/2023:16:58:57 +0200] "GET /buecher/gesichter/28.jpg HTTP/1.1" 404 - "-" "Mozilla/5.0 AppleWebKit/537.36 (KHTML, like Gecko; compatible; bingbot/2.0; +http://www.bing.com/bingbot.htm) Chrome/103.0.5060.134 Safari/537.36"
52.167.144.171 - - [18/Apr/2023:16:59:01 +0200] "GET /buecher/gesichter/06.jpg HTTP/1.1" 404 - "-" "Mozilla/5.0 AppleWebKit/537.36 (KHTML, like Gecko; compatible; bingbot/2.0; +http://www.bing.com/bingbot.htm) Chrome/103.0.5060.134 Safari/537.36"
52.167.144.171 - - [18/Apr/2023:16:59:01 +0200] "GET /buecher/gesichter/09.jpg HTTP/1.1" 404 - "-" "Mozilla/5.0 AppleWebKit/537.36 (KHTML, like Gecko; compatible; bingbot/2.0; +http://www.bing.com/bingbot.htm) Chrome/103.0.5060.134 Safari/537.36"
52.167.144.94 - - [18/Apr/2023:16:59:06 +0200] "GET /buecher/gesichter/30.jpg HTTP/1.1" 404 - "-" "Mozilla/5.0 AppleWebKit/537.36 (KHTML, like Gecko; compatible; bingbot/2.0; +http://www.bing.com/bingbot.htm) Chrome/103.0.5060.134 Safari/537.36"
40.77.167.84 - - [18/Apr/2023:16:59:06 +0200] "GET /buecher/gesichter/25.jpg HTTP/1.1" 404 - "-" "Mozilla/5.0 AppleWebKit/537.36 (KHTML, like Gecko; compatible; bingbot/2.0; +http://www.bing.com/bingbot.htm) Chrome/103.0.5060.134 Safari/537.36"
138.199.34.212 - - [18/Apr/2023:17:47:26 +0200] "GET / HTTP/1.0" 404 - "https://pharmacysky.space/col/beauty-categ/prod-wow-bust/" "Mozilla/5.0 (Windows NT 10.0; WOW64) AppleWebKit/537.36 (KHTML, like Gecko) Chrome/90.0.4400.8 Safari/537.36"
138.199.34.212 - - [18/Apr/2023:17:47:26 +0200] "GET / HTTP/1.0" 404 - "https://pharmacysky.space/col/beauty-categ/prod-wow-bust/" "Mozilla/5.0 (Windows NT 10.0; WOW64) AppleWebKit/537.36 (KHTML, like Gecko) Chrome/90.0.4400.8 Safari/537.36"
138.199.34.212 - - [18/Apr/2023:17:55:17 +0200] "GET / HTTP/1.0" 404 - "https://pharmacyshop.space/lva/alcoholism-cat/prod-alkotox/" "Mozilla/5.0 (Windows NT 6.3) AppleWebKit/537.36 (KHTML, like Gecko) Chrome/90.0.4430.72 Safari/537.36"
138.199.34.212 - - [18/Apr/2023:17:55:17 +0200] "GET / HTTP/1.0" 404 - "https://pharmacyshop.space/lva/alcoholism-cat/prod-alkotox/" "Mozilla/5.0 (Windows NT 6.3) AppleWebKit/537.36 (KHTML, like Gecko) Chrome/90.0.4430.72 Safari/537.36"
4.246.124.237 - - [18/Apr/2023:17:58:23 +0200] "GET /robots.txt HTTP/1.1" 404 - "-" "Mozilla/5.0 (Windows NT 10.0; Win64; x64) AppleWebKit/537.36 (KHTML, like Gecko) Chrome/110.0.0.0 Safari/537.36 Edg/110.0.1587.57"
4.246.124.237 - - [18/Apr/2023:17:58:23 +0200] "GET /buecher/gesichter/30.jpg HTTP/1.1" 404 - "-" "Mozilla/5.0 (Windows NT 10.0; Win64; x64) AppleWebKit/537.36 (KHTML, like Gecko) Chrome/110.0.0.0 Safari/537.36 Edg/110.0.1587.57"
4.246.124.237 - - [18/Apr/2023:18:19:57 +0200] "GET /robots.txt HTTP/1.1" 404 - "-" "Mozilla/5.0 (Windows NT 10.0; Win64; x64) AppleWebKit/537.36 (KHTML, like Gecko) Chrome/110.0.0.0 Safari/537.36 Edg/110.0.1587.57"
4.246.124.237 - - [18/Apr/2023:18:19:58 +0200] "GET /buecher/gesichter/28.jpg HTTP/1.1" 404 - "-" "Mozilla/5.0 (Windows NT 10.0; Win64; x64) AppleWebKit/537.36 (KHTML, like Gecko) Chrome/110.0.0.0 Safari/537.36 Edg/110.0.1587.57"
138.199.34.212 - - [18/Apr/2023:18:40:59 +0200] "GET / HTTP/1.0" 404 - "https://pharmacyproduct.space/mex/12/product-2765/" "Mozilla/5.0 (Windows NT 6.3; Win64; x64) AppleWebKit/537.36 (KHTML, like Gecko) Chrome/90.0.4430.85 Safari/537.36 Edg/90.0.818.49"
138.199.34.212 - - [18/Apr/2023:18:40:59 +0200] "GET / HTTP/1.0" 404 - "https://pharmacyproduct.space/mex/12/product-2765/" "Mozilla/5.0 (Windows NT 6.3; Win64; x64) AppleWebKit/537.36 (KHTML, like Gecko) Chrome/90.0.4430.85 Safari/537.36 Edg/90.0.818.49"
66.249.70.187 - - [18/Apr/2023:19:40:12 +0200] "GET /robots.txt HTTP/1.1" 404 - "-" "Mozilla/5.0 (compatible; Googlebot/2.1; +http://www.google.com/bot.html)"
66.249.70.191 - - [18/Apr/2023:19:40:13 +0200] "GET /cds/rosarium.html HTTP/1.1" 404 - "-" "Mozilla/5.0 (Linux; Android 6.0.1; Nexus 5X Build/MMB29P) AppleWebKit/537.36 (KHTML, like Gecko) Chrome/112.0.5615.49 Mobile Safari/537.36 (compatible; Googlebot/2.1; +http://www.google.com/bot.html)"
138.199.34.212 - - [18/Apr/2023:20:05:38 +0200] "GET / HTTP/1.0" 404 - "https://pharmacystories.space/malaysia/potency/product-1248/" "Mozilla/5.0 (Windows NT 6.3; Win64; x64) AppleWebKit/537.36 (KHTML, like Gecko) Chrome/90.0.4430.85 Safari/537.36 Edg/90.0.818.49"
138.199.34.212 - - [18/Apr/2023:20:05:39 +0200] "GET / HTTP/1.0" 404 - "https://pharmacystories.space/malaysia/potency/product-1248/" "Mozilla/5.0 (Windows NT 6.3; Win64; x64) AppleWebKit/537.36 (KHTML, like Gecko) Chrome/90.0.4430.85 Safari/537.36 Edg/90.0.818.49"
137.184.100.182 - - [18/Apr/2023:21:37:23 +0200] "GET / HTTP/1.1" 404 - "-" "Mozilla/5.0 (Macintosh; Intel Mac OS X 10_15_7) AppleWebKit/537.36 (KHTML, like Gecko) Chrome/102.0.0.0 Safari/537.36"
74.235.3.202 - - [18/Apr/2023:23:27:19 +0200] "GET / HTTP/1.1" 404 - "-" "Mozilla/5.0 (Macintosh; Intel Mac OS X 10_15_7) AppleWebKit/537.36 (KHTML, like Gecko) Chrome/101.0.4951.54 Safari/537.36"
138.199.34.212 - - [19/Apr/2023:00:13:04 +0200] "GET / HTTP/1.0" 404 - "https://pagalworld.site/poland/17/alkotox/" "Mozilla/5.0 (Windows NT 6.1; WOW64) AppleWebKit/537.36 (KHTML, like Gecko) Chrome/90.0.4430.72 Safari/537.36"
138.199.34.212 - - [19/Apr/2023:00:13:04 +0200] "GET / HTTP/1.0" 404 - "https://pagalworld.site/poland/17/alkotox/" "Mozilla/5.0 (Windows NT 6.1; WOW64) AppleWebKit/537.36 (KHTML, like Gecko) Chrome/90.0.4430.72 Safari/537.36"
5.188.86.230 - - [19/Apr/2023:00:34:14 +0200] "GET /wp-login.php HTTP/1.1" 404 - "-" "Mozilla/5.0 (Windows NT 10.0; Win64; x64) AppleWebKit/537.36 (KHTML, like Gecko) Chrome/64.0.3282.140 Safari/537.36 Edge/18.17763"
54.36.148.109 - - [19/Apr/2023:02:34:23 +0200] "GET /robots.txt HTTP/1.1" 404 - "-" "Mozilla/5.0 (compatible; AhrefsBot/7.0; +http://ahrefs.com/robot/)"
54.36.149.61 - - [19/Apr/2023:02:34:23 +0200] "GET / HTTP/1.1" 404 - "-" "Mozilla/5.0 (compatible; AhrefsBot/7.0; +http://ahrefs.com/robot/)"
52.167.144.94 - - [19/Apr/2023:03:06:41 +0200] "GET /buecher/gesichter/30.jpg HTTP/1.1" 404 - "-" "Mozilla/5.0 AppleWebKit/537.36 (KHTML, like Gecko; compatible; bingbot/2.0; +http://www.bing.com/bingbot.htm) Chrome/103.0.5060.134 Safari/537.36"
40.77.167.120 - - [19/Apr/2023:03:06:45 +0200] "GET /buecher/gesichter/28.jpg HTTP/1.1" 404 - "-" "Mozilla/5.0 AppleWebKit/537.36 (KHTML, like Gecko; compatible; bingbot/2.0; +http://www.bing.com/bingbot.htm) Chrome/103.0.5060.134 Safari/537.36"
52.167.144.171 - - [19/Apr/2023:03:06:50 +0200] "GET /buecher/gesichter/06.jpg HTTP/1.1" 404 - "-" "Mozilla/5.0 AppleWebKit/537.36 (KHTML, like Gecko; compatible; bingbot/2.0; +http://www.bing.com/bingbot.htm) Chrome/103.0.5060.134 Safari/537.36"
52.167.144.171 - - [19/Apr/2023:03:06:50 +0200] "GET /buecher/gesichter/09.jpg HTTP/1.1" 404 - "-" "Mozilla/5.0 AppleWebKit/537.36 (KHTML, like Gecko; compatible; bingbot/2.0; +http://www.bing.com/bingbot.htm) Chrome/103.0.5060.134 Safari/537.36"
40.77.167.84 - - [19/Apr/2023:03:06:56 +0200] "GET /buecher/gesichter/25.jpg HTTP/1.1" 404 - "-" "Mozilla/5.0 AppleWebKit/537.36 (KHTML, like Gecko; compatible; bingbot/2.0; +http://www.bing.com/bingbot.htm) Chrome/103.0.5060.134 Safari/537.36"
162.55.97.171 - - [19/Apr/2023:03:16:59 +0200] "GET / HTTP/1.1" 404 - "-" "Mozilla/5.0 (Macintosh; Intel Mac OS X 10_15_6) AppleWebKit/537.36 (KHTML, like Gecko) Chrome/87.0.4280.88 Safari/537.36"
173.252.83.120 - - [19/Apr/2023:04:54:16 +0200] "GET /robots.txt HTTP/1.1" 404 - "-" "facebookexternalhit/1.1 (+http://www.facebook.com/externalhit_uatext.php)"
173.252.83.3 - - [19/Apr/2023:04:55:39 +0200] "GET /buecher/gesichter/15.jpg HTTP/1.1" 404 - "-" "facebookexternalhit/1.1 (+http://www.facebook.com/externalhit_uatext.php)"
138.199.38.37 - - [19/Apr/2023:05:44:42 +0200] "GET / HTTP/1.0" 404 - "https://qualitypharmshop.space/cze/women-health/product-monks-secret-cystitis/" "Mozilla/5.0 (Windows NT 10.0) AppleWebKit/537.36 (KHTML, like Gecko) Chrome/90.0.4430.85 Safari/537.36"
138.199.38.37 - - [19/Apr/2023:05:44:42 +0200] "GET / HTTP/1.0" 404 - "https://qualitypharmshop.space/cze/women-health/product-monks-secret-cystitis/" "Mozilla/5.0 (Windows NT 10.0) AppleWebKit/537.36 (KHTML, like Gecko) Chrome/90.0.4430.85 Safari/537.36"
138.199.38.37 - - [19/Apr/2023:05:44:54 +0200] "GET / HTTP/1.0" 404 - "https://realhealth.site/spain/diabetes/1959/" "Mozilla/5.0 (Windows NT 6.3) AppleWebKit/537.36 (KHTML, like Gecko) Chrome/90.0.4430.72 Safari/537.36"
138.199.38.37 - - [19/Apr/2023:05:44:54 +0200] "GET / HTTP/1.0" 404 - "https://realhealth.site/spain/diabetes/1959/" "Mozilla/5.0 (Windows NT 6.3) AppleWebKit/537.36 (KHTML, like Gecko) Chrome/90.0.4430.72 Safari/537.36"
23.88.77.150 - - [19/Apr/2023:05:56:53 +0200] "GET /impressum.html HTTP/1.1" 404 - "-" "Mozilla/5.0 (Windows NT 10.0; Win64; x64) AppleWebKit/537.36 (KHTML, like Gecko) Chrome/87.0.4280.67 Safari/537.36"
23.88.77.150 - - [19/Apr/2023:05:56:54 +0200] "GET / HTTP/1.1" 404 - "-" "Mozilla/5.0 (Windows NT 10.0; Win64; x64) AppleWebKit/537.36 (KHTML, like Gecko) Chrome/87.0.4280.88 Safari/537.36 Edg/87.0.664.60"
23.88.77.150 - - [19/Apr/2023:05:56:56 +0200] "GET /impressum.html HTTP/1.1" 404 - "-" "Mozilla/5.0 (X11; Ubuntu; Linux x86_64; rv:82.0) Gecko/20100101 Firefox/82.0"
23.88.77.150 - - [19/Apr/2023:05:56:56 +0200] "GET /kontakt/index.html HTTP/1.1" 404 - "-" "Mozilla/5.0 (Macintosh; Intel Mac OS X 10_14_6) AppleWebKit/537.36 (KHTML, like Gecko) Chrome/86.0.4240.198 Safari/537.36"
146.70.120.66 - - [19/Apr/2023:06:04:50 +0200] "GET / HTTP/1.0" 404 - "https://topshophealth.space/spain/vision/product-1180/" "Mozilla/5.0 (Windows NT 10.0; Win64; x64) AppleWebKit/537.36 (KHTML, like Gecko) Chrome/90.0.4430.72 Safari/537.36 Edg/90.0.818.39"
146.70.120.66 - - [19/Apr/2023:06:04:50 +0200] "GET / HTTP/1.0" 404 - "https://topshophealth.space/spain/vision/product-1180/" "Mozilla/5.0 (Windows NT 10.0; Win64; x64) AppleWebKit/537.36 (KHTML, like Gecko) Chrome/90.0.4430.72 Safari/537.36 Edg/90.0.818.39"
146.70.120.66 - - [19/Apr/2023:06:13:04 +0200] "GET / HTTP/1.0" 404 - "https://tophealthshop.space/thailand/cardiovascular-system-cat/2399/" "Mozilla/5.0 (Windows NT 10.0; Win64; x64) AppleWebKit/537.36 (KHTML, like Gecko) Chrome/90.0.4430.85 Safari/537.36 Edg/90.0.818.49"
146.70.120.66 - - [19/Apr/2023:06:13:05 +0200] "GET / HTTP/1.0" 404 - "https://tophealthshop.space/thailand/cardiovascular-system-cat/2399/" "Mozilla/5.0 (Windows NT 10.0; Win64; x64) AppleWebKit/537.36 (KHTML, like Gecko) Chrome/90.0.4430.85 Safari/537.36 Edg/90.0.818.49"
172.111.231.24 - - [19/Apr/2023:06:15:27 +0200] "GET / HTTP/1.0" 404 - "https://zdravmarket.xyz/bih/potency/product-2219/" "Mozilla/5.0 (Windows NT 10.0; Win64; x64) AppleWebKit/537.36 (KHTML, like Gecko) Chrome/90.0.4430.93 Safari/537.36"
172.111.231.24 - - [19/Apr/2023:06:15:27 +0200] "GET / HTTP/1.0" 404 - "https://zdravmarket.xyz/bih/potency/product-2219/" "Mozilla/5.0 (Windows NT 10.0; Win64; x64) AppleWebKit/537.36 (KHTML, like Gecko) Chrome/90.0.4430.93 Safari/537.36"
146.70.120.66 - - [19/Apr/2023:06:55:05 +0200] "GET / HTTP/1.0" 404 - "https://superhealthresources.com/esp/4/insumed/" "Mozilla/5.0 (Windows NT 10.0; Win64; x64) AppleWebKit/537.36 (KHTML, like Gecko) Chrome/90.0.4430.85 Safari/537.36 Edg/90.0.818.46"
146.70.120.66 - - [19/Apr/2023:06:55:05 +0200] "GET / HTTP/1.0" 404 - "https://superhealthresources.com/esp/4/insumed/" "Mozilla/5.0 (Windows NT 10.0; Win64; x64) AppleWebKit/537.36 (KHTML, like Gecko) Chrome/90.0.4430.85 Safari/537.36 Edg/90.0.818.46"
172.111.231.24 - - [19/Apr/2023:06:58:25 +0200] "GET / HTTP/1.0" 404 - "https://wonderapteka.site/col/11/beinshape/" "Mozilla/5.0 (Windows NT 6.3; Win64; x64) AppleWebKit/537.36 (KHTML, like Gecko) Chrome/90.0.4430.85 Safari/537.36 Edg/90.0.818.46"
172.111.231.24 - - [19/Apr/2023:06:58:25 +0200] "GET / HTTP/1.0" 404 - "https://wonderapteka.site/col/11/beinshape/" "Mozilla/5.0 (Windows NT 6.3; Win64; x64) AppleWebKit/537.36 (KHTML, like Gecko) Chrome/90.0.4430.85 Safari/537.36 Edg/90.0.818.46"
172.111.231.24 - - [19/Apr/2023:06:59:39 +0200] "GET / HTTP/1.0" 404 - "https://wonderhealth.site/phl/slimming/1468/" "Mozilla/5.0 (Windows NT 6.2; Win64; x64) AppleWebKit/537.36 (KHTML, like Gecko) Chrome/90.0.4430.72 Safari/537.36"
172.111.231.24 - - [19/Apr/2023:06:59:39 +0200] "GET / HTTP/1.0" 404 - "https://wonderhealth.site/phl/slimming/1468/" "Mozilla/5.0 (Windows NT 6.2; Win64; x64) AppleWebKit/537.36 (KHTML, like Gecko) Chrome/90.0.4430.72 Safari/537.36"
172.111.231.24 - - [19/Apr/2023:07:00:47 +0200] "GET / HTTP/1.0" 404 - "https://wmform.site/cze/vision/oculax/" "Mozilla/5.0 (Windows NT 6.3) AppleWebKit/537.36 (KHTML, like Gecko) Chrome/90.0.4430.72 Safari/537.36"
172.111.231.24 - - [19/Apr/2023:07:00:47 +0200] "GET / HTTP/1.0" 404 - "https://wmform.site/cze/vision/oculax/" "Mozilla/5.0 (Windows NT 6.3) AppleWebKit/537.36 (KHTML, like Gecko) Chrome/90.0.4430.72 Safari/537.36"
146.70.128.40 - - [19/Apr/2023:07:39:31 +0200] "GET / HTTP/1.0" 404 - "https://storepharm.space/ind/tovar-name-cappuccino-fit/" "Mozilla/5.0 (Windows NT 6.1; Win64; x64) AppleWebKit/537.36 (KHTML, like Gecko) Chrome/90.0.4430.93 Safari/537.36"
146.70.128.40 - - [19/Apr/2023:07:39:31 +0200] "GET / HTTP/1.0" 404 - "https://storepharm.space/ind/tovar-name-cappuccino-fit/" "Mozilla/5.0 (Windows NT 6.1; Win64; x64) AppleWebKit/537.36 (KHTML, like Gecko) Chrome/90.0.4430.93 Safari/537.36"
138.199.38.37 - - [19/Apr/2023:08:07:22 +0200] "GET / HTTP/1.0" 404 - "https://realhotgoods.site/mexico/alcoholism/alcotox/" "Mozilla/5.0 (Windows NT 6.3; Win64; x64) AppleWebKit/537.36 (KHTML, like Gecko) Chrome/90.0.4430.72 Safari/537.36 Edg/90.0.818.42"
138.199.38.37 - - [19/Apr/2023:08:07:22 +0200] "GET / HTTP/1.0" 404 - "https://realhotgoods.site/mexico/alcoholism/alcotox/" "Mozilla/5.0 (Windows NT 6.3; Win64; x64) AppleWebKit/537.36 (KHTML, like Gecko) Chrome/90.0.4430.72 Safari/537.36 Edg/90.0.818.42"
146.70.120.66 - - [19/Apr/2023:08:19:07 +0200] "GET / HTTP/1.0" 404 - "https://topzdorov.space/hun/cardiovascular-system/product-2163/" "Mozilla/5.0 (Windows NT 10.0; WOW64) AppleWebKit/537.36 (KHTML, like Gecko) Chrome/90.0.4430.93 Safari/537.36"
146.70.120.66 - - [19/Apr/2023:08:19:08 +0200] "GET / HTTP/1.0" 404 - "https://topzdorov.space/hun/cardiovascular-system/product-2163/" "Mozilla/5.0 (Windows NT 10.0; WOW64) AppleWebKit/537.36 (KHTML, like Gecko) Chrome/90.0.4430.93 Safari/537.36"
138.199.38.37 - - [19/Apr/2023:08:22:52 +0200] "GET / HTTP/1.0" 404 - "https://shopforhealth.xyz/mexico/joints/motion-energy/" "Mozilla/5.0 (Windows NT 6.3; Win64; x64) AppleWebKit/537.36 (KHTML, like Gecko) Chrome/90.0.4430.93 Safari/537.36"
138.199.38.37 - - [19/Apr/2023:08:22:52 +0200] "GET / HTTP/1.0" 404 - "https://shopforhealth.xyz/mexico/joints/motion-energy/" "Mozilla/5.0 (Windows NT 6.3; Win64; x64) AppleWebKit/537.36 (KHTML, like Gecko) Chrome/90.0.4430.93 Safari/537.36"
146.70.128.40 - - [19/Apr/2023:08:42:09 +0200] "GET / HTTP/1.0" 404 - "https://solarmedic.site/mys/cat-14/artraid/" "Mozilla/5.0 (Windows NT 10.0; Win64; x64) AppleWebKit/537.36 (KHTML, like Gecko) Chrome/90.0.4430.85 Safari/537.36 Edg/90.0.818.46"
146.70.128.40 - - [19/Apr/2023:08:42:09 +0200] "GET / HTTP/1.0" 404 - "https://solarmedic.site/mys/cat-14/artraid/" "Mozilla/5.0 (Windows NT 10.0; Win64; x64) AppleWebKit/537.36 (KHTML, like Gecko) Chrome/90.0.4430.85 Safari/537.36 Edg/90.0.818.46"
173.252.83.4 - - [19/Apr/2023:09:12:32 +0200] "GET /buecher/engel.jpg HTTP/1.1" 404 - "-" "facebookexternalhit/1.1 (+http://www.facebook.com/externalhit_uatext.php)"
157.90.209.76 - - [19/Apr/2023:09:59:54 +0200] "GET /robots.txt HTTP/1.1" 404 - "-" "Mozilla/5.0 (compatible; BLEXBot/1.0; +http://webmeup-crawler.com/)"
157.90.209.76 - - [19/Apr/2023:09:59:57 +0200] "GET /sitemap HTTP/1.1" 404 - "-" "Mozilla/5.0 (compatible; BLEXBot/1.0; +http://webmeup-crawler.com/)"
157.90.209.76 - - [19/Apr/2023:10:00:01 +0200] "GET /sitemap.txt HTTP/1.1" 404 - "-" "Mozilla/5.0 (compatible; BLEXBot/1.0; +http://webmeup-crawler.com/)"
157.90.209.76 - - [19/Apr/2023:10:00:07 +0200] "GET / HTTP/1.1" 404 - "-" "Mozilla/5.0 (compatible; BLEXBot/1.0; +http://webmeup-crawler.com/)"
157.90.209.76 - - [19/Apr/2023:10:00:12 +0200] "GET /buecher/ HTTP/1.1" 404 - "-" "Mozilla/5.0 (compatible; BLEXBot/1.0; +http://webmeup-crawler.com/)"
146.70.128.40 - - [19/Apr/2023:10:12:45 +0200] "GET / HTTP/1.0" 404 - "https://skygreen.space/esp/potency/lordliness-penis-enlargement/" "Mozilla/5.0 (Windows NT 10.0) AppleWebKit/537.36 (KHTML, like Gecko) Chrome/90.0.4430.85 Safari/537.36"
146.70.128.40 - - [19/Apr/2023:10:12:45 +0200] "GET / HTTP/1.0" 404 - "https://skygreen.space/esp/potency/lordliness-penis-enlargement/" "Mozilla/5.0 (Windows NT 10.0) AppleWebKit/537.36 (KHTML, like Gecko) Chrome/90.0.4430.85 Safari/537.36"
172.111.231.24 - - [19/Apr/2023:10:19:59 +0200] "GET / HTTP/1.0" 404 - "https://zdravsklad.com/germany/welltone/" "Mozilla/5.0 (Windows NT 6.1; Win64; x64) AppleWebKit/537.36 (KHTML, like Gecko) Chrome/90.0.4430.85 Safari/537.36 Edg/90.0.818.49"
172.111.231.24 - - [19/Apr/2023:10:19:59 +0200] "GET / HTTP/1.0" 404 - "https://zdravsklad.com/germany/welltone/" "Mozilla/5.0 (Windows NT 6.1; Win64; x64) AppleWebKit/537.36 (KHTML, like Gecko) Chrome/90.0.4430.85 Safari/537.36 Edg/90.0.818.49"
173.252.83.4 - - [19/Apr/2023:10:26:43 +0200] "GET /buch_k.jpg HTTP/1.1" 404 - "-" "facebookexternalhit/1.1 (+http://www.facebook.com/externalhit_uatext.php)"
34.79.230.17 - - [19/Apr/2023:11:15:17 +0200] "GET / HTTP/1.1" 404 - "-" "Mozilla/5.0 (Windows NT 10.0; Win64; x64) AppleWebKit/537.36 (KHTML, like Gecko) Chrome/84.0.4147.105 Safari/537.36"
146.70.128.40 - - [19/Apr/2023:11:28:35 +0200] "GET / HTTP/1.0" 404 - "https://spacehealth.space/philippines/category-name-vision/product-name-visicore-capsules-for-improving-vision/" "Mozilla/5.0 (Windows NT 10.0; WOW64) AppleWebKit/537.36 (KHTML, like Gecko) Chrome/90.0.4430.72 Safari/537.36"
146.70.128.40 - - [19/Apr/2023:11:28:36 +0200] "GET / HTTP/1.0" 404 - "https://spacehealth.space/philippines/category-name-vision/product-name-visicore-capsules-for-improving-vision/" "Mozilla/5.0 (Windows NT 10.0; WOW64) AppleWebKit/537.36 (KHTML, like Gecko) Chrome/90.0.4430.72 Safari/537.36"
146.70.85.194 - - [19/Apr/2023:11:54:31 +0200] "GET / HTTP/1.0" 404 - "https://shopwondergoods.com/joints/hondrostrong/" "Mozilla/5.0 (Windows NT 10.0; Win64; x64) AppleWebKit/537.36 (KHTML, like Gecko) Chrome/90.0.4430.72 Safari/537.36"
146.70.85.194 - - [19/Apr/2023:11:54:32 +0200] "GET / HTTP/1.0" 404 - "https://shopwondergoods.com/joints/hondrostrong/" "Mozilla/5.0 (Windows NT 10.0; Win64; x64) AppleWebKit/537.36 (KHTML, like Gecko) Chrome/90.0.4430.72 Safari/537.36"
146.70.120.66 - - [19/Apr/2023:12:32:03 +0200] "GET / HTTP/1.0" 404 - "https://sunmedic.site/svk/9/papillor/" "Mozilla/5.0 (Windows NT 10.0; Win64; x64) AppleWebKit/537.36 (KHTML, like Gecko) Chrome/90.0.4430.86 Safari/537.36"
146.70.120.66 - - [19/Apr/2023:12:32:04 +0200] "GET / HTTP/1.0" 404 - "https://sunmedic.site/svk/9/papillor/" "Mozilla/5.0 (Windows NT 10.0; Win64; x64) AppleWebKit/537.36 (KHTML, like Gecko) Chrome/90.0.4430.86 Safari/537.36"
138.199.38.37 - - [19/Apr/2023:13:08:18 +0200] "GET / HTTP/1.0" 404 - "https://propharmstore.space/est/joints/motion-free/" "Mozilla/5.0 (Windows NT 6.1; Win64; x64) AppleWebKit/537.36 (KHTML, like Gecko) Chrome/90.0.4430.93 Safari/537.36"
138.199.38.37 - - [19/Apr/2023:13:08:18 +0200] "GET / HTTP/1.0" 404 - "https://propharmstore.space/est/joints/motion-free/" "Mozilla/5.0 (Windows NT 6.1; Win64; x64) AppleWebKit/537.36 (KHTML, like Gecko) Chrome/90.0.4430.93 Safari/537.36"
52.167.144.94 - - [19/Apr/2023:13:18:27 +0200] "GET /buecher/gesichter/30.jpg HTTP/1.1" 404 - "-" "Mozilla/5.0 AppleWebKit/537.36 (KHTML, like Gecko; compatible; bingbot/2.0; +http://www.bing.com/bingbot.htm) Chrome/103.0.5060.134 Safari/537.36"
40.77.167.120 - - [19/Apr/2023:13:18:31 +0200] "GET /buecher/gesichter/28.jpg HTTP/1.1" 404 - "-" "Mozilla/5.0 AppleWebKit/537.36 (KHTML, like Gecko; compatible; bingbot/2.0; +http://www.bing.com/bingbot.htm) Chrome/103.0.5060.134 Safari/537.36"
40.77.167.84 - - [19/Apr/2023:13:18:32 +0200] "GET /buecher/gesichter/25.jpg HTTP/1.1" 404 - "-" "Mozilla/5.0 AppleWebKit/537.36 (KHTML, like Gecko; compatible; bingbot/2.0; +http://www.bing.com/bingbot.htm) Chrome/103.0.5060.134 Safari/537.36"
52.167.144.171 - - [19/Apr/2023:13:18:36 +0200] "GET /buecher/gesichter/06.jpg HTTP/1.1" 404 - "-" "Mozilla/5.0 AppleWebKit/537.36 (KHTML, like Gecko; compatible; bingbot/2.0; +http://www.bing.com/bingbot.htm) Chrome/103.0.5060.134 Safari/537.36"
52.167.144.171 - - [19/Apr/2023:13:18:36 +0200] "GET /buecher/gesichter/09.jpg HTTP/1.1" 404 - "-" "Mozilla/5.0 AppleWebKit/537.36 (KHTML, like Gecko; compatible; bingbot/2.0; +http://www.bing.com/bingbot.htm) Chrome/103.0.5060.134 Safari/537.36"
52.167.144.171 - - [19/Apr/2023:13:18:36 +0200] "GET /buecher/gesichter/09.jpg HTTP/1.1" 404 - "-" "Mozilla/5.0 AppleWebKit/537.36 (KHTML, like Gecko; compatible; bingbot/2.0; +http://www.bing.com/bingbot.htm) Chrome/103.0.5060.134 Safari/537.36"
146.70.85.194 - - [19/Apr/2023:14:17:05 +0200] "GET / HTTP/1.0" 404 - "https://shopluckyonline.com/idealfit/" "Mozilla/5.0 (Windows NT 6.3; Win64; x64) AppleWebKit/537.36 (KHTML, like Gecko) Chrome/90.0.4430.85 Safari/537.36 Edg/90.0.818.49"
146.70.85.194 - - [19/Apr/2023:14:17:05 +0200] "GET / HTTP/1.0" 404 - "https://shopluckyonline.com/idealfit/" "Mozilla/5.0 (Windows NT 6.3; Win64; x64) AppleWebKit/537.36 (KHTML, like Gecko) Chrome/90.0.4430.85 Safari/537.36 Edg/90.0.818.49"
146.70.85.194 - - [19/Apr/2023:14:22:13 +0200] "GET / HTTP/1.0" 404 - "https://shopnaturgoods.com/diabetes/glucobalance/" "Mozilla/5.0 (Windows NT 6.3) AppleWebKit/537.36 (KHTML, like Gecko) Chrome/90.0.4430.72 Safari/537.36"
146.70.85.194 - - [19/Apr/2023:14:22:13 +0200] "GET / HTTP/1.0" 404 - "https://shopnaturgoods.com/diabetes/glucobalance/" "Mozilla/5.0 (Windows NT 6.3) AppleWebKit/537.36 (KHTML, like Gecko) Chrome/90.0.4430.72 Safari/537.36"
146.70.85.194 - - [19/Apr/2023:15:35:47 +0200] "GET / HTTP/1.0" 404 - "https://skladhealth.xyz/indonesia/joints/product-artex/" "Mozilla/5.0 (Windows NT 10.0; Win64; x64) AppleWebKit/537.36 (KHTML, like Gecko) Chrome/90.0.4430.85 Safari/537.36 Edg/90.0.818.49"
146.70.85.194 - - [19/Apr/2023:15:35:47 +0200] "GET / HTTP/1.0" 404 - "https://skladhealth.xyz/indonesia/joints/product-artex/" "Mozilla/5.0 (Windows NT 10.0; Win64; x64) AppleWebKit/537.36 (KHTML, like Gecko) Chrome/90.0.4430.85 Safari/537.36 Edg/90.0.818.49"
146.70.85.194 - - [19/Apr/2023:15:36:54 +0200] "GET / HTTP/1.0" 404 - "https://shophealth.xyz/philippines/diabetes/glucosoft/" "Mozilla/5.0 (Windows NT 6.2; Win64; x64) AppleWebKit/537.36 (KHTML, like Gecko) Chrome/90.0.4430.93 Safari/537.36"
146.70.85.194 - - [19/Apr/2023:15:36:54 +0200] "GET / HTTP/1.0" 404 - "https://shophealth.xyz/philippines/diabetes/glucosoft/" "Mozilla/5.0 (Windows NT 6.2; Win64; x64) AppleWebKit/537.36 (KHTML, like Gecko) Chrome/90.0.4430.93 Safari/537.36"
146.70.128.40 - - [19/Apr/2023:15:47:36 +0200] "GET / HTTP/1.0" 404 - "https://storehealth.space/france/categ-id-11/tvr-id-38/" "Mozilla/5.0 (Windows NT 10.0; Win64; x64) AppleWebKit/537.36 (KHTML, like Gecko) Chrome/90.0.4430.72 Safari/537.36 Edg/90.0.818.42"
146.70.128.40 - - [19/Apr/2023:15:47:36 +0200] "GET / HTTP/1.0" 404 - "https://storehealth.space/france/categ-id-11/tvr-id-38/" "Mozilla/5.0 (Windows NT 10.0; Win64; x64) AppleWebKit/537.36 (KHTML, like Gecko) Chrome/90.0.4430.72 Safari/537.36 Edg/90.0.818.42"
93.235.85.82 - - [19/Apr/2023:17:11:33 +0200] "GET /cds/hymnos_akathistos.html HTTP/1.1" 404 - "https://de.wikipedia.org/" "Mozilla/5.0 (Windows NT 10.0; Win64; x64) AppleWebKit/537.36 (KHTML, like Gecko) Chrome/112.0.0.0 Safari/537.36"
93.235.85.82 - - [19/Apr/2023:17:11:33 +0200] "GET /favicon.ico HTTP/1.1" 404 - "http://www.morusverlag.de/cds/hymnos_akathistos.html" "Mozilla/5.0 (Windows NT 10.0; Win64; x64) AppleWebKit/537.36 (KHTML, like Gecko) Chrome/112.0.0.0 Safari/537.36"
93.235.85.82 - - [19/Apr/2023:17:11:54 +0200] "GET / HTTP/1.1" 404 - "https://de.wikipedia.org/" "Mozilla/5.0 (Windows NT 10.0; Win64; x64) AppleWebKit/537.36 (KHTML, like Gecko) Chrome/112.0.0.0 Safari/537.36"
62.216.211.249 - - [19/Apr/2023:18:11:16 +0200] "GET /aktuell.html HTTP/1.1" 404 - "-" "Mozilla/5.0 (Windows NT 10.0; Win64; x64) AppleWebKit/537.36 (KHTML, like Gecko) Chrome/112.0.0.0 Safari/537.36 Edg/112.0.1722.48"
62.216.211.249 - - [19/Apr/2023:18:11:17 +0200] "GET /favicon.ico HTTP/1.1" 404 - "http://www.morusverlag.de/aktuell.html" "Mozilla/5.0 (Windows NT 10.0; Win64; x64) AppleWebKit/537.36 (KHTML, like Gecko) Chrome/112.0.0.0 Safari/537.36 Edg/112.0.1722.48"
177.124.21.184 - - [19/Apr/2023:19:05:33 +0200] "GET / HTTP/1.1" 404 - "-" "Mozilla/5.0 (Windows NT 5.1; WOW64; Trident/7.0; rv:11.0) like Gecko"
173.252.83.18 - - [19/Apr/2023:19:07:08 +0200] "GET /sonderthemen/oekz2003.jpg HTTP/1.1" 404 - "-" "facebookexternalhit/1.1 (+http://www.facebook.com/externalhit_uatext.php)"
213.133.123.177 - - [19/Apr/2023:19:40:02 +0200] "GET / HTTP/1.1" 404 - "-" "Mozilla/5.0 (Macintosh; Intel Mac OS X 10_15_4) AppleWebKit/537.36 (KHTML, like Gecko) Chrome/83.0.4103.97 Safari/537.36"
66.249.70.191 - - [19/Apr/2023:20:35:25 +0200] "GET /robots.txt HTTP/1.1" 404 - "-" "Mozilla/5.0 (compatible; Googlebot/2.1; +http://www.google.com/bot.html)"
66.249.70.187 - - [19/Apr/2023:20:35:25 +0200] "GET /cds/rosarium.html HTTP/1.1" 404 - "-" "Mozilla/5.0 (Linux; Android 6.0.1; Nexus 5X Build/MMB29P) AppleWebKit/537.36 (KHTML, like Gecko) Chrome/112.0.5615.121 Mobile Safari/537.36 (compatible; Googlebot/2.1; +http://www.google.com/bot.html)"
74.235.3.202 - - [19/Apr/2023:21:20:00 +0200] "GET / HTTP/1.1" 404 - "-" "Mozilla/5.0 (Macintosh; Intel Mac OS X 10_15_7) AppleWebKit/537.36 (KHTML, like Gecko) Chrome/101.0.4951.54 Safari/537.36"
66.249.70.191 - - [19/Apr/2023:22:05:25 +0200] "GET /sonderthemen/akademieprogramm/05 HTTP/1.1" 404 - "-" "Mozilla/5.0 (Linux; Android 6.0.1; Nexus 5X Build/MMB29P) AppleWebKit/537.36 (KHTML, like Gecko) Chrome/112.0.5615.121 Mobile Safari/537.36 (compatible; Googlebot/2.1; +http://www.google.com/bot.html)"
66.249.70.187 - - [19/Apr/2023:22:50:25 +0200] "GET /buecher/veroeffentlichungsliste.html HTTP/1.1" 404 - "-" "Mozilla/5.0 (compatible; Googlebot/2.1; +http://www.google.com/bot.html)"
114.119.152.97 - - [19/Apr/2023:23:26:06 +0200] "GET /robots.txt HTTP/1.1" 404 - "-" "Mozilla/5.0 (compatible;PetalBot;+https://webmaster.petalsearch.com/site/petalbot)"
4.246.124.237 - - [20/Apr/2023:00:16:13 +0200] "GET /robots.txt HTTP/1.1" 404 - "-" "Mozilla/5.0 (Windows NT 10.0; Win64; x64) AppleWebKit/537.36 (KHTML, like Gecko) Chrome/110.0.0.0 Safari/537.36 Edg/110.0.1587.57"
4.246.124.237 - - [20/Apr/2023:00:16:13 +0200] "GET /buecher/gesichter/06.jpg HTTP/1.1" 404 - "-" "Mozilla/5.0 (Windows NT 10.0; Win64; x64) AppleWebKit/537.36 (KHTML, like Gecko) Chrome/110.0.0.0 Safari/537.36 Edg/110.0.1587.57"
40.77.167.85 - - [20/Apr/2023:01:09:14 +0200] "GET /robots.txt HTTP/1.1" 404 - "-" "Mozilla/5.0 AppleWebKit/537.36 (KHTML, like Gecko; compatible; bingbot/2.0; +http://www.bing.com/bingbot.htm) Chrome/103.0.5060.134 Safari/537.36"
40.77.167.85 - - [20/Apr/2023:01:09:14 +0200] "GET /robots.txt HTTP/1.1" 404 - "-" "Mozilla/5.0 AppleWebKit/537.36 (KHTML, like Gecko; compatible; bingbot/2.0; +http://www.bing.com/bingbot.htm) Chrome/103.0.5060.134 Safari/537.36"
52.167.144.171 - - [20/Apr/2023:01:09:22 +0200] "GET /buecher/gesichter/06.jpg HTTP/1.1" 404 - "-" "Mozilla/5.0 AppleWebKit/537.36 (KHTML, like Gecko; compatible; bingbot/2.0; +http://www.bing.com/bingbot.htm) Chrome/103.0.5060.134 Safari/537.36"
52.167.144.171 - - [20/Apr/2023:01:09:22 +0200] "GET /buecher/gesichter/09.jpg HTTP/1.1" 404 - "-" "Mozilla/5.0 AppleWebKit/537.36 (KHTML, like Gecko; compatible; bingbot/2.0; +http://www.bing.com/bingbot.htm) Chrome/103.0.5060.134 Safari/537.36"
52.167.144.171 - - [20/Apr/2023:01:09:22 +0200] "GET /buecher/gesichter/09.jpg HTTP/1.1" 404 - "-" "Mozilla/5.0 AppleWebKit/537.36 (KHTML, like Gecko; compatible; bingbot/2.0; +http://www.bing.com/bingbot.htm) Chrome/103.0.5060.134 Safari/537.36"
52.167.144.94 - - [20/Apr/2023:01:09:26 +0200] "GET /buecher/gesichter/30.jpg HTTP/1.1" 404 - "-" "Mozilla/5.0 AppleWebKit/537.36 (KHTML, like Gecko; compatible; bingbot/2.0; +http://www.bing.com/bingbot.htm) Chrome/103.0.5060.134 Safari/537.36"
40.77.167.84 - - [20/Apr/2023:01:09:31 +0200] "GET /buecher/gesichter/25.jpg HTTP/1.1" 404 - "-" "Mozilla/5.0 AppleWebKit/537.36 (KHTML, like Gecko; compatible; bingbot/2.0; +http://www.bing.com/bingbot.htm) Chrome/103.0.5060.134 Safari/537.36"
40.77.167.120 - - [20/Apr/2023:01:09:41 +0200] "GET /buecher/gesichter/28.jpg HTTP/1.1" 404 - "-" "Mozilla/5.0 AppleWebKit/537.36 (KHTML, like Gecko; compatible; bingbot/2.0; +http://www.bing.com/bingbot.htm) Chrome/103.0.5060.134 Safari/537.36"
51.222.253.15 - - [20/Apr/2023:04:56:43 +0200] "GET /robots.txt HTTP/1.1" 404 - "-" "Mozilla/5.0 (compatible; AhrefsBot/7.0; +http://ahrefs.com/robot/)"
162.55.97.171 - - [20/Apr/2023:06:05:16 +0200] "GET /impressum.html HTTP/1.1" 404 - "-" "Mozilla/5.0 (X11; Linux x86_64) AppleWebKit/537.36 (KHTML, like Gecko) Chrome/86.0.4240.111 Safari/537.36"
162.55.97.171 - - [20/Apr/2023:06:05:20 +0200] "GET / HTTP/1.1" 404 - "-" "Mozilla/5.0 (Windows NT 6.1; Win64; x64) AppleWebKit/537.36 (KHTML, like Gecko) Chrome/87.0.4280.66 Safari/537.36"
162.55.97.171 - - [20/Apr/2023:06:05:22 +0200] "GET /kontakt/index.html HTTP/1.1" 404 - "-" "Mozilla/5.0 (Windows NT 10.0; Win64; x64) AppleWebKit/537.36 (KHTML, like Gecko) Chrome/86.0.4240.193 Safari/537.36"
162.55.97.171 - - [20/Apr/2023:06:05:22 +0200] "GET /impressum.html HTTP/1.1" 404 - "-" "Mozilla/5.0 (X11; Linux x86_64) AppleWebKit/537.36 (KHTML, like Gecko) Chrome/86.0.4240.198 Safari/537.36"
52.167.144.94 - - [20/Apr/2023:08:59:39 +0200] "GET /buecher/gesichter/30.jpg HTTP/1.1" 404 - "-" "Mozilla/5.0 AppleWebKit/537.36 (KHTML, like Gecko; compatible; bingbot/2.0; +http://www.bing.com/bingbot.htm) Chrome/103.0.5060.134 Safari/537.36"
40.77.167.120 - - [20/Apr/2023:08:59:42 +0200] "GET /buecher/gesichter/28.jpg HTTP/1.1" 404 - "-" "Mozilla/5.0 AppleWebKit/537.36 (KHTML, like Gecko; compatible; bingbot/2.0; +http://www.bing.com/bingbot.htm) Chrome/103.0.5060.134 Safari/537.36"
40.77.167.84 - - [20/Apr/2023:08:59:43 +0200] "GET /buecher/gesichter/25.jpg HTTP/1.1" 404 - "-" "Mozilla/5.0 AppleWebKit/537.36 (KHTML, like Gecko; compatible; bingbot/2.0; +http://www.bing.com/bingbot.htm) Chrome/103.0.5060.134 Safari/537.36"
52.167.144.171 - - [20/Apr/2023:08:59:48 +0200] "GET /buecher/gesichter/06.jpg HTTP/1.1" 404 - "-" "Mozilla/5.0 AppleWebKit/537.36 (KHTML, like Gecko; compatible; bingbot/2.0; +http://www.bing.com/bingbot.htm) Chrome/103.0.5060.134 Safari/537.36"
52.167.144.171 - - [20/Apr/2023:08:59:48 +0200] "GET /buecher/gesichter/09.jpg HTTP/1.1" 404 - "-" "Mozilla/5.0 AppleWebKit/537.36 (KHTML, like Gecko; compatible; bingbot/2.0; +http://www.bing.com/bingbot.htm) Chrome/103.0.5060.134 Safari/537.36"
52.167.144.171 - - [20/Apr/2023:08:59:48 +0200] "GET /buecher/gesichter/09.jpg HTTP/1.1" 404 - "-" "Mozilla/5.0 AppleWebKit/537.36 (KHTML, like Gecko; compatible; bingbot/2.0; +http://www.bing.com/bingbot.htm) Chrome/103.0.5060.134 Safari/537.36"
173.252.83.23 - - [20/Apr/2023:11:30:54 +0200] "GET /robots.txt HTTP/1.1" 404 - "-" "facebookexternalhit/1.1 (+http://www.facebook.com/externalhit_uatext.php)"
173.252.83.116 - - [20/Apr/2023:11:30:57 +0200] "GET /sonderthemen/wichern.jpg HTTP/1.1" 404 - "-" "facebookexternalhit/1.1 (+http://www.facebook.com/externalhit_uatext.php)"
173.252.83.116 - - [20/Apr/2023:13:42:06 +0200] "GET /sonderthemen/wichern.jpg HTTP/1.1" 404 - "-" "facebookexternalhit/1.1 (+http://www.facebook.com/externalhit_uatext.php)"
216.244.66.237 - - [20/Apr/2023:14:30:26 +0200] "GET /robots.txt HTTP/1.1" 404 - "-" "Mozilla/5.0 (compatible; DotBot/1.2; +https://opensiteexplorer.org/dotbot; help@moz.com)"
216.244.66.237 - - [20/Apr/2023:14:35:07 +0200] "GET /buecher/diskussion.html HTTP/1.1" 404 - "-" "Mozilla/5.0 (compatible; DotBot/1.2; +https://opensiteexplorer.org/dotbot; help@moz.com)"
66.249.70.187 - - [20/Apr/2023:16:21:04 +0200] "GET /robots.txt HTTP/1.1" 404 - "-" "Mozilla/5.0 (compatible; Googlebot/2.1; +http://www.google.com/bot.html)"
66.249.70.191 - - [20/Apr/2023:16:21:04 +0200] "GET /buecher/guardini/bd6.jpg HTTP/1.1" 404 - "-" "Googlebot-Image/1.0"
52.167.144.171 - - [20/Apr/2023:19:17:13 +0200] "GET /buecher/gesichter/06.jpg HTTP/1.1" 404 - "-" "Mozilla/5.0 AppleWebKit/537.36 (KHTML, like Gecko; compatible; bingbot/2.0; +http://www.bing.com/bingbot.htm) Chrome/103.0.5060.134 Safari/537.36"
52.167.144.171 - - [20/Apr/2023:19:17:13 +0200] "GET /buecher/gesichter/09.jpg HTTP/1.1" 404 - "-" "Mozilla/5.0 AppleWebKit/537.36 (KHTML, like Gecko; compatible; bingbot/2.0; +http://www.bing.com/bingbot.htm) Chrome/103.0.5060.134 Safari/537.36"
52.167.144.94 - - [20/Apr/2023:19:17:18 +0200] "GET /buecher/gesichter/30.jpg HTTP/1.1" 404 - "-" "Mozilla/5.0 AppleWebKit/537.36 (KHTML, like Gecko; compatible; bingbot/2.0; +http://www.bing.com/bingbot.htm) Chrome/103.0.5060.134 Safari/537.36"
40.77.167.120 - - [20/Apr/2023:19:17:23 +0200] "GET /buecher/gesichter/28.jpg HTTP/1.1" 404 - "-" "Mozilla/5.0 AppleWebKit/537.36 (KHTML, like Gecko; compatible; bingbot/2.0; +http://www.bing.com/bingbot.htm) Chrome/103.0.5060.134 Safari/537.36"
40.77.167.84 - - [20/Apr/2023:19:17:28 +0200] "GET /buecher/gesichter/25.jpg HTTP/1.1" 404 - "-" "Mozilla/5.0 AppleWebKit/537.36 (KHTML, like Gecko; compatible; bingbot/2.0; +http://www.bing.com/bingbot.htm) Chrome/103.0.5060.134 Safari/537.36"
185.181.60.12 - - [20/Apr/2023:21:00:32 +0200] "GET / HTTP/1.1" 404 - "-" "Mozilla/5.0 (Windows NT 10.0; Win64; x64) AppleWebKit/537.36 (KHTML, like Gecko) Chrome/91.0.4472.114 Safari/537.36 Edg/91.0.864.54"
66.249.70.187 - - [20/Apr/2023:22:10:30 +0200] "GET /cds/rosarium.html HTTP/1.1" 404 - "-" "Mozilla/5.0 (Linux; Android 6.0.1; Nexus 5X Build/MMB29P) AppleWebKit/537.36 (KHTML, like Gecko) Chrome/112.0.5615.121 Mobile Safari/537.36 (compatible; Googlebot/2.1; +http://www.google.com/bot.html)"
66.249.70.191 - - [21/Apr/2023:00:05:47 +0200] "GET /buecher/veroeffentlichungsliste.html HTTP/1.1" 404 - "-" "Mozilla/5.0 (compatible; Googlebot/2.1; +http://www.google.com/bot.html)"
40.77.167.84 - - [21/Apr/2023:03:17:11 +0200] "GET /buecher/gesichter/25.jpg HTTP/1.1" 404 - "-" "Mozilla/5.0 AppleWebKit/537.36 (KHTML, like Gecko; compatible; bingbot/2.0; +http://www.bing.com/bingbot.htm) Chrome/103.0.5060.134 Safari/537.36"
52.167.144.94 - - [21/Apr/2023:03:17:15 +0200] "GET /buecher/gesichter/30.jpg HTTP/1.1" 404 - "-" "Mozilla/5.0 AppleWebKit/537.36 (KHTML, like Gecko; compatible; bingbot/2.0; +http://www.bing.com/bingbot.htm) Chrome/103.0.5060.134 Safari/537.36"
52.167.144.171 - - [21/Apr/2023:03:17:19 +0200] "GET /buecher/gesichter/06.jpg HTTP/1.1" 404 - "-" "Mozilla/5.0 AppleWebKit/537.36 (KHTML, like Gecko; compatible; bingbot/2.0; +http://www.bing.com/bingbot.htm) Chrome/103.0.5060.134 Safari/537.36"
40.77.167.120 - - [21/Apr/2023:03:17:20 +0200] "GET /buecher/gesichter/28.jpg HTTP/1.1" 404 - "-" "Mozilla/5.0 AppleWebKit/537.36 (KHTML, like Gecko; compatible; bingbot/2.0; +http://www.bing.com/bingbot.htm) Chrome/103.0.5060.134 Safari/537.36"
52.167.144.171 - - [21/Apr/2023:03:17:29 +0200] "GET /buecher/gesichter/09.jpg HTTP/1.1" 404 - "-" "Mozilla/5.0 AppleWebKit/537.36 (KHTML, like Gecko; compatible; bingbot/2.0; +http://www.bing.com/bingbot.htm) Chrome/103.0.5060.134 Safari/537.36"
162.55.97.171 - - [21/Apr/2023:06:01:00 +0200] "GET / HTTP/1.1" 404 - "-" "Mozilla/5.0 (Macintosh; Intel Mac OS X 10_14_6) AppleWebKit/537.36 (KHTML, like Gecko) Chrome/86.0.4240.198 Safari/537.36"
17.241.75.75 - - [21/Apr/2023:10:47:15 +0200] "GET /robots.txt HTTP/1.1" 404 - "-" "Mozilla/5.0 (Macintosh; Intel Mac OS X 10_15_5) AppleWebKit/605.1.15 (KHTML, like Gecko) Version/13.1.1 Safari/605.1.15 (Applebot/0.1; +http://www.apple.com/go/applebot)"
17.241.75.75 - - [21/Apr/2023:10:47:15 +0200] "GET /cds/ignatius.html HTTP/1.1" 404 - "-" "Mozilla/5.0 (Macintosh; Intel Mac OS X 10_15_5) AppleWebKit/605.1.15 (KHTML, like Gecko) Version/13.1.1 Safari/605.1.15 (Applebot/0.1; +http://www.apple.com/go/applebot)"
173.252.83.24 - - [21/Apr/2023:11:23:58 +0200] "GET /buecher/gesichter/29.jpg HTTP/1.1" 404 - "-" "facebookexternalhit/1.1 (+http://www.facebook.com/externalhit_uatext.php)"
85.25.185.196 - - [21/Apr/2023:11:48:43 +0200] "GET /robots.txt HTTP/1.1" 404 - "-" "Mozilla/5.0 (Macintosh; Intel Mac OS X 10.15; rv:103.0) Gecko/20100101 Firefox/103.0"
85.25.185.196 - - [21/Apr/2023:11:48:43 +0200] "GET /sitemap.xml HTTP/1.1" 404 - "-" "Mozilla/5.0 (Macintosh; Intel Mac OS X 10.15; rv:103.0) Gecko/20100101 Firefox/103.0"
85.25.185.196 - - [21/Apr/2023:11:48:44 +0200] "GET / HTTP/1.1" 404 - "-" "Mozilla/5.0 (Macintosh; Intel Mac OS X 10.15; rv:103.0) Gecko/20100101 Firefox/103.0"
114.119.143.82 - - [21/Apr/2023:13:12:46 +0200] "GET /robots.txt HTTP/1.1" 404 - "-" "Mozilla/5.0 (compatible;PetalBot;+https://webmaster.petalsearch.com/site/petalbot)"
52.167.144.91 - - [21/Apr/2023:13:19:45 +0200] "GET /buecher/gesichter/06.jpg HTTP/1.1" 404 - "-" "Mozilla/5.0 AppleWebKit/537.36 (KHTML, like Gecko; compatible; bingbot/2.0; +http://www.bing.com/bingbot.htm) Chrome/103.0.5060.134 Safari/537.36"
52.167.144.91 - - [21/Apr/2023:13:19:45 +0200] "GET /buecher/gesichter/09.jpg HTTP/1.1" 404 - "-" "Mozilla/5.0 AppleWebKit/537.36 (KHTML, like Gecko; compatible; bingbot/2.0; +http://www.bing.com/bingbot.htm) Chrome/103.0.5060.134 Safari/537.36"
40.77.167.84 - - [21/Apr/2023:13:19:49 +0200] "GET /buecher/gesichter/25.jpg HTTP/1.1" 404 - "-" "Mozilla/5.0 AppleWebKit/537.36 (KHTML, like Gecko; compatible; bingbot/2.0; +http://www.bing.com/bingbot.htm) Chrome/103.0.5060.134 Safari/537.36"
52.167.144.94 - - [21/Apr/2023:13:19:50 +0200] "GET /buecher/gesichter/30.jpg HTTP/1.1" 404 - "-" "Mozilla/5.0 AppleWebKit/537.36 (KHTML, like Gecko; compatible; bingbot/2.0; +http://www.bing.com/bingbot.htm) Chrome/103.0.5060.134 Safari/537.36"
40.77.167.120 - - [21/Apr/2023:13:19:54 +0200] "GET /buecher/gesichter/28.jpg HTTP/1.1" 404 - "-" "Mozilla/5.0 AppleWebKit/537.36 (KHTML, like Gecko; compatible; bingbot/2.0; +http://www.bing.com/bingbot.htm) Chrome/103.0.5060.134 Safari/537.36"
85.25.185.196 - - [21/Apr/2023:13:49:04 +0200] "GET /robots.txt HTTP/1.1" 404 - "-" "Mozilla/5.0 (Macintosh; Intel Mac OS X 10.15; rv:103.0) Gecko/20100101 Firefox/103.0"
85.25.185.196 - - [21/Apr/2023:13:49:04 +0200] "GET /sitemap.xml HTTP/1.1" 404 - "-" "Mozilla/5.0 (Macintosh; Intel Mac OS X 10.15; rv:103.0) Gecko/20100101 Firefox/103.0"
85.25.185.196 - - [21/Apr/2023:13:49:24 +0200] "GET / HTTP/1.1" 404 - "-" "Mozilla/5.0 (Macintosh; Intel Mac OS X 10.15; rv:103.0) Gecko/20100101 Firefox/103.0"
85.25.185.196 - - [21/Apr/2023:13:49:25 +0200] "GET /sitemap.xml HTTP/1.1" 404 - "-" "Mozilla/5.0 (Macintosh; Intel Mac OS X 10.15; rv:103.0) Gecko/20100101 Firefox/103.0"
34.79.246.102 - - [21/Apr/2023:14:35:25 +0200] "GET / HTTP/1.1" 404 - "-" "Mozilla/5.0 (Windows NT 10.0; Win64; x64) AppleWebKit/537.36 (KHTML, like Gecko) Chrome/84.0.4147.105 Safari/537.36"
54.36.149.95 - - [21/Apr/2023:15:24:50 +0200] "GET /robots.txt HTTP/1.1" 404 - "-" "Mozilla/5.0 (compatible; AhrefsBot/7.0; +http://ahrefs.com/robot/)"
85.25.185.196 - - [21/Apr/2023:15:49:31 +0200] "GET /robots.txt HTTP/1.1" 404 - "-" "Mozilla/5.0 (Macintosh; Intel Mac OS X 10.15; rv:103.0) Gecko/20100101 Firefox/103.0"
85.25.185.196 - - [21/Apr/2023:15:49:31 +0200] "GET /sitemap.xml HTTP/1.1" 404 - "-" "Mozilla/5.0 (Macintosh; Intel Mac OS X 10.15; rv:103.0) Gecko/20100101 Firefox/103.0"
85.25.185.196 - - [21/Apr/2023:15:49:48 +0200] "GET /sitemap.xml HTTP/1.1" 404 - "-" "Mozilla/5.0 (Macintosh; Intel Mac OS X 10.15; rv:103.0) Gecko/20100101 Firefox/103.0"
