85.25.185.196 - - [21/Apr/2023:15:49:49 +0200] "GET / HTTP/1.1" 404 - "-" "Mozilla/5.0 (Macintosh; Intel Mac OS X 10.15; rv:103.0) Gecko/20100101 Firefox/103.0"
149.56.150.6 - - [21/Apr/2023:18:19:13 +0200] "GET / HTTP/1.1" 404 - "-" "Mozilla/5.0 (compatible; Dataprovider.com)"
173.252.83.21 - - [21/Apr/2023:21:39:18 +0200] "GET /robots.txt HTTP/1.1" 404 - "-" "facebookexternalhit/1.1 (+http://www.facebook.com/externalhit_uatext.php)"
173.252.83.13 - - [21/Apr/2023:21:39:48 +0200] "GET /buecher/gesichter/08.jpg HTTP/1.1" 404 - "-" "facebookexternalhit/1.1 (+http://www.facebook.com/externalhit_uatext.php)"
85.25.185.196 - - [21/Apr/2023:23:42:26 +0200] "GET /robots.txt HTTP/1.1" 404 - "-" "Mozilla/5.0 (Macintosh; Intel Mac OS X 10.15; rv:103.0) Gecko/20100101 Firefox/103.0"
85.25.185.196 - - [21/Apr/2023:23:42:26 +0200] "GET /sitemap.xml HTTP/1.1" 404 - "-" "Mozilla/5.0 (Macintosh; Intel Mac OS X 10.15; rv:103.0) Gecko/20100101 Firefox/103.0"
85.25.185.196 - - [21/Apr/2023:23:42:26 +0200] "GET / HTTP/1.1" 404 - "-" "Mozilla/5.0 (Macintosh; Intel Mac OS X 10.15; rv:103.0) Gecko/20100101 Firefox/103.0"
40.77.167.200 - - [22/Apr/2023:00:06:49 +0200] "GET /buecher/gesichter/25.jpg HTTP/1.1" 404 - "-" "Mozilla/5.0 AppleWebKit/537.36 (KHTML, like Gecko; compatible; bingbot/2.0; +http://www.bing.com/bingbot.htm) Chrome/103.0.5060.134 Safari/537.36"
40.77.167.120 - - [22/Apr/2023:00:06:53 +0200] "GET /buecher/gesichter/28.jpg HTTP/1.1" 404 - "-" "Mozilla/5.0 AppleWebKit/537.36 (KHTML, like Gecko; compatible; bingbot/2.0; +http://www.bing.com/bingbot.htm) Chrome/103.0.5060.134 Safari/537.36"
52.167.144.171 - - [22/Apr/2023:00:07:02 +0200] "GET /buecher/gesichter/06.jpg HTTP/1.1" 404 - "-" "Mozilla/5.0 AppleWebKit/537.36 (KHTML, like Gecko; compatible; bingbot/2.0; +http://www.bing.com/bingbot.htm) Chrome/103.0.5060.134 Safari/537.36"
52.167.144.171 - - [22/Apr/2023:00:07:02 +0200] "GET /buecher/gesichter/09.jpg HTTP/1.1" 404 - "-" "Mozilla/5.0 AppleWebKit/537.36 (KHTML, like Gecko; compatible; bingbot/2.0; +http://www.bing.com/bingbot.htm) Chrome/103.0.5060.134 Safari/537.36"
52.167.144.94 - - [22/Apr/2023:00:07:07 +0200] "GET /buecher/gesichter/30.jpg HTTP/1.1" 404 - "-" "Mozilla/5.0 AppleWebKit/537.36 (KHTML, like Gecko; compatible; bingbot/2.0; +http://www.bing.com/bingbot.htm) Chrome/103.0.5060.134 Safari/537.36"
66.249.70.191 - - [22/Apr/2023:01:28:43 +0200] "GET /robots.txt HTTP/1.1" 404 - "-" "Mozilla/5.0 (compatible; Googlebot/2.1; +http://www.google.com/bot.html)"
66.249.70.189 - - [22/Apr/2023:01:28:43 +0200] "GET /cds/rosarium.html HTTP/1.1" 404 - "-" "Mozilla/5.0 (Linux; Android 6.0.1; Nexus 5X Build/MMB29P) AppleWebKit/537.36 (KHTML, like Gecko) Chrome/112.0.5615.142 Mobile Safari/537.36 (compatible; Googlebot/2.1; +http://www.google.com/bot.html)"
178.63.69.12 - - [22/Apr/2023:02:02:25 +0200] "GET /robots.txt HTTP/1.1" 404 - "-" "Mozilla/5.0 (compatible; Birdcrawlerbot/0.5; +https://crawla.de)"
178.63.69.12 - - [22/Apr/2023:02:02:25 +0200] "GET / HTTP/1.1" 404 - "-" "Mozilla/5.0 (compatible; Birdcrawlerbot/0.5; +https://crawla.de)"
54.162.74.104 - - [22/Apr/2023:02:43:31 +0200] "GET / HTTP/1.1" 404 - "-" "Mozilla/5.0 (Linux; U; en-US) AppleWebKit/525.13 (KHTML, like Gecko) Chrome/0.2.149.27 Safari/525.13"
157.90.209.76 - - [22/Apr/2023:02:49:29 +0200] "GET /robots.txt HTTP/1.1" 404 - "-" "Mozilla/5.0 (compatible; BLEXBot/1.0; +http://webmeup-crawler.com/)"
157.90.209.76 - - [22/Apr/2023:02:49:32 +0200] "GET /sitemap HTTP/1.1" 404 - "-" "Mozilla/5.0 (compatible; BLEXBot/1.0; +http://webmeup-crawler.com/)"
157.90.209.76 - - [22/Apr/2023:02:49:38 +0200] "GET /sitemap.txt HTTP/1.1" 404 - "-" "Mozilla/5.0 (compatible; BLEXBot/1.0; +http://webmeup-crawler.com/)"
157.90.209.76 - - [22/Apr/2023:02:49:43 +0200] "GET / HTTP/1.1" 404 - "-" "Mozilla/5.0 (compatible; BLEXBot/1.0; +http://webmeup-crawler.com/)"
85.25.185.196 - - [22/Apr/2023:02:50:49 +0200] "GET /robots.txt HTTP/1.1" 404 - "-" "Mozilla/5.0 (Macintosh; Intel Mac OS X 10.15; rv:103.0) Gecko/20100101 Firefox/103.0"
85.25.185.196 - - [22/Apr/2023:02:50:49 +0200] "GET /sitemap.xml HTTP/1.1" 404 - "-" "Mozilla/5.0 (Macintosh; Intel Mac OS X 10.15; rv:103.0) Gecko/20100101 Firefox/103.0"
85.25.185.196 - - [22/Apr/2023:02:50:50 +0200] "GET / HTTP/1.1" 404 - "-" "Mozilla/5.0 (Macintosh; Intel Mac OS X 10.15; rv:103.0) Gecko/20100101 Firefox/103.0"
85.25.185.196 - - [22/Apr/2023:05:16:10 +0200] "GET /robots.txt HTTP/1.1" 404 - "-" "Mozilla/5.0 (Macintosh; Intel Mac OS X 10.15; rv:103.0) Gecko/20100101 Firefox/103.0"
85.25.185.196 - - [22/Apr/2023:05:16:10 +0200] "GET /sitemap.xml HTTP/1.1" 404 - "-" "Mozilla/5.0 (Macintosh; Intel Mac OS X 10.15; rv:103.0) Gecko/20100101 Firefox/103.0"
85.25.185.196 - - [22/Apr/2023:05:23:59 +0200] "GET /robots.txt HTTP/1.1" 404 - "-" "Mozilla/5.0 (Macintosh; Intel Mac OS X 10.15; rv:103.0) Gecko/20100101 Firefox/103.0"
85.25.185.196 - - [22/Apr/2023:05:23:59 +0200] "GET /sitemap.xml HTTP/1.1" 404 - "-" "Mozilla/5.0 (Macintosh; Intel Mac OS X 10.15; rv:103.0) Gecko/20100101 Firefox/103.0"
85.25.185.196 - - [22/Apr/2023:05:24:02 +0200] "GET / HTTP/1.1" 404 - "-" "Mozilla/5.0 (Macintosh; Intel Mac OS X 10.15; rv:103.0) Gecko/20100101 Firefox/103.0"
138.201.200.50 - - [22/Apr/2023:06:16:53 +0200] "GET / HTTP/1.1" 404 - "-" "Go-http-client/1.1"
51.222.253.14 - - [22/Apr/2023:06:58:37 +0200] "GET /robots.txt HTTP/1.1" 404 - "-" "Mozilla/5.0 (compatible; AhrefsBot/7.0; +http://ahrefs.com/robot/)"
54.36.148.47 - - [22/Apr/2023:06:58:39 +0200] "GET / HTTP/1.1" 404 - "-" "Mozilla/5.0 (compatible; AhrefsBot/7.0; +http://ahrefs.com/robot/)"
40.77.167.85 - - [22/Apr/2023:08:58:14 +0200] "GET /robots.txt HTTP/1.1" 404 - "-" "Mozilla/5.0 AppleWebKit/537.36 (KHTML, like Gecko; compatible; bingbot/2.0; +http://www.bing.com/bingbot.htm) Chrome/103.0.5060.134 Safari/537.36"
40.77.167.120 - - [22/Apr/2023:08:58:18 +0200] "GET /buecher/gesichter/28.jpg HTTP/1.1" 404 - "-" "Mozilla/5.0 AppleWebKit/537.36 (KHTML, like Gecko; compatible; bingbot/2.0; +http://www.bing.com/bingbot.htm) Chrome/103.0.5060.134 Safari/537.36"
40.77.167.200 - - [22/Apr/2023:08:58:25 +0200] "GET /buecher/gesichter/25.jpg HTTP/1.1" 404 - "-" "Mozilla/5.0 AppleWebKit/537.36 (KHTML, like Gecko; compatible; bingbot/2.0; +http://www.bing.com/bingbot.htm) Chrome/103.0.5060.134 Safari/537.36"
52.167.144.94 - - [22/Apr/2023:08:58:31 +0200] "GET /buecher/gesichter/30.jpg HTTP/1.1" 404 - "-" "Mozilla/5.0 AppleWebKit/537.36 (KHTML, like Gecko; compatible; bingbot/2.0; +http://www.bing.com/bingbot.htm) Chrome/103.0.5060.134 Safari/537.36"
52.167.144.171 - - [22/Apr/2023:08:58:35 +0200] "GET /buecher/gesichter/06.jpg HTTP/1.1" 404 - "-" "Mozilla/5.0 AppleWebKit/537.36 (KHTML, like Gecko; compatible; bingbot/2.0; +http://www.bing.com/bingbot.htm) Chrome/103.0.5060.134 Safari/537.36"
52.167.144.171 - - [22/Apr/2023:08:58:36 +0200] "GET /buecher/gesichter/09.jpg HTTP/1.1" 404 - "-" "Mozilla/5.0 AppleWebKit/537.36 (KHTML, like Gecko; compatible; bingbot/2.0; +http://www.bing.com/bingbot.htm) Chrome/103.0.5060.134 Safari/537.36"
194.169.175.92 - - [22/Apr/2023:10:37:52 +0200] "GET /style.php?sig=rename HTTP/1.1" 404 - "-" "Mozlila/5.0 (Linux; Android 7.0; SM-G892A Bulid/NRD90M; wv) AppleWebKit/537.36 (KHTML, like Gecko) Version/4.0 Chrome/60.0.3112.107 Moblie Safari/537.36"
194.169.175.92 - - [22/Apr/2023:10:37:52 +0200] "GET /wp-includes/style.php?sig=rename HTTP/1.1" 404 - "-" "Mozlila/5.0 (Linux; Android 7.0; SM-G892A Bulid/NRD90M; wv) AppleWebKit/537.36 (KHTML, like Gecko) Version/4.0 Chrome/60.0.3112.107 Moblie Safari/537.36"
194.169.175.92 - - [22/Apr/2023:10:37:53 +0200] "GET /wp-content/style.php?sig=rename HTTP/1.1" 404 - "-" "Mozlila/5.0 (Linux; Android 7.0; SM-G892A Bulid/NRD90M; wv) AppleWebKit/537.36 (KHTML, like Gecko) Version/4.0 Chrome/60.0.3112.107 Moblie Safari/537.36"
194.169.175.92 - - [22/Apr/2023:10:37:54 +0200] "GET /wp-admin/style.php?sig=rename HTTP/1.1" 404 - "-" "Mozlila/5.0 (Linux; Android 7.0; SM-G892A Bulid/NRD90M; wv) AppleWebKit/537.36 (KHTML, like Gecko) Version/4.0 Chrome/60.0.3112.107 Moblie Safari/537.36"
54.161.41.102 - - [22/Apr/2023:11:54:06 +0200] "GET /robots.txt HTTP/1.1" 404 - "-" "Mozilla/5.0 (compatible; Neevabot/1.0; +https://neeva.com/neevabot)"
54.161.41.102 - - [22/Apr/2023:11:54:40 +0200] "GET /buecher/veroeffentlichungsliste.html HTTP/1.1" 404 - "-" "Mozilla/5.0 (compatible; Neevabot/1.0; +https://neeva.com/neevabot)"
54.161.41.102 - - [22/Apr/2023:11:55:16 +0200] "GET /sonderthemen/oekt_extra2.pdf HTTP/1.1" 404 - "-" "Mozilla/5.0 (compatible; Neevabot/1.0; +https://neeva.com/neevabot)"
54.161.41.102 - - [22/Apr/2023:11:55:40 +0200] "GET /cds/hymnos_akathistos.html HTTP/1.1" 404 - "-" "Mozilla/5.0 (compatible; Neevabot/1.0; +https://neeva.com/neevabot)"
54.161.41.102 - - [22/Apr/2023:11:55:55 +0200] "GET /sonderthemen/oeaz2001.pdf HTTP/1.1" 404 - "-" "Mozilla/5.0 (compatible; Neevabot/1.0; +https://neeva.com/neevabot)"
54.161.41.102 - - [22/Apr/2023:11:56:03 +0200] "GET /cds/glockenspiel1.html HTTP/1.1" 404 - "-" "Mozilla/5.0 (compatible; Neevabot/1.0; +https://neeva.com/neevabot)"
54.161.41.102 - - [22/Apr/2023:11:56:10 +0200] "GET /kontakt/ HTTP/1.1" 404 - "-" "Mozilla/5.0 (compatible; Neevabot/1.0; +https://neeva.com/neevabot)"
54.161.41.102 - - [22/Apr/2023:11:56:14 +0200] "GET /sonderthemen/az1999.pdf HTTP/1.1" 404 - "-" "Mozilla/5.0 (compatible; Neevabot/1.0; +https://neeva.com/neevabot)"
54.161.41.102 - - [22/Apr/2023:11:56:19 +0200] "GET /sonderthemen/sk2000.pdf HTTP/1.1" 404 - "-" "Mozilla/5.0 (compatible; Neevabot/1.0; +https://neeva.com/neevabot)"
54.161.41.102 - - [22/Apr/2023:11:56:24 +0200] "GET /sonderthemen/az2000.pdf HTTP/1.1" 404 - "-" "Mozilla/5.0 (compatible; Neevabot/1.0; +https://neeva.com/neevabot)"
54.161.41.102 - - [22/Apr/2023:11:56:29 +0200] "GET /sonderthemen/oekz2003.pdf HTTP/1.1" 404 - "-" "Mozilla/5.0 (compatible; Neevabot/1.0; +https://neeva.com/neevabot)"
54.161.41.102 - - [22/Apr/2023:11:56:34 +0200] "GET /buecher/ HTTP/1.1" 404 - "-" "Mozilla/5.0 (compatible; Neevabot/1.0; +https://neeva.com/neevabot)"
54.161.41.102 - - [22/Apr/2023:11:56:39 +0200] "GET /cds/rosarium.html HTTP/1.1" 404 - "-" "Mozilla/5.0 (compatible; Neevabot/1.0; +https://neeva.com/neevabot)"
54.161.41.102 - - [22/Apr/2023:11:56:44 +0200] "GET /sonderthemen/sk2001.pdf HTTP/1.1" 404 - "-" "Mozilla/5.0 (compatible; Neevabot/1.0; +https://neeva.com/neevabot)"
54.161.41.102 - - [22/Apr/2023:11:56:49 +0200] "GET /buecher/rezensionen_chateaubriand.html HTTP/1.1" 404 - "-" "Mozilla/5.0 (compatible; Neevabot/1.0; +https://neeva.com/neevabot)"
54.161.41.102 - - [22/Apr/2023:11:56:54 +0200] "GET /sonderthemen/oekt_extra3.pdf HTTP/1.1" 404 - "-" "Mozilla/5.0 (compatible; Neevabot/1.0; +https://neeva.com/neevabot)"
54.161.41.102 - - [22/Apr/2023:11:56:59 +0200] "GET /sonderthemen/sk2002.pdf HTTP/1.1" 404 - "-" "Mozilla/5.0 (compatible; Neevabot/1.0; +https://neeva.com/neevabot)"
54.161.41.102 - - [22/Apr/2023:11:57:04 +0200] "GET /sonderthemen/oekt_extra1.pdf HTTP/1.1" 404 - "-" "Mozilla/5.0 (compatible; Neevabot/1.0; +https://neeva.com/neevabot)"
54.161.41.102 - - [22/Apr/2023:11:57:09 +0200] "GET /sonderthemen/oeaz2002.pdf HTTP/1.1" 404 - "-" "Mozilla/5.0 (compatible; Neevabot/1.0; +https://neeva.com/neevabot)"
54.161.41.102 - - [22/Apr/2023:11:57:14 +0200] "GET / HTTP/1.1" 404 - "-" "Mozilla/5.0 (compatible; Neevabot/1.0; +https://neeva.com/neevabot)"
4.246.124.237 - - [22/Apr/2023:12:01:38 +0200] "GET /robots.txt HTTP/1.1" 404 - "-" "Mozilla/5.0 (Windows NT 10.0; Win64; x64) AppleWebKit/537.36 (KHTML, like Gecko) Chrome/110.0.0.0 Safari/537.36 Edg/110.0.1587.57"
4.246.124.237 - - [22/Apr/2023:12:01:39 +0200] "GET /buecher/gesichter/09.jpg HTTP/1.1" 404 - "-" "Mozilla/5.0 (Windows NT 10.0; Win64; x64) AppleWebKit/537.36 (KHTML, like Gecko) Chrome/110.0.0.0 Safari/537.36 Edg/110.0.1587.57"
52.167.144.171 - - [22/Apr/2023:16:56:18 +0200] "GET /buecher/gesichter/06.jpg HTTP/1.1" 404 - "-" "Mozilla/5.0 AppleWebKit/537.36 (KHTML, like Gecko; compatible; bingbot/2.0; +http://www.bing.com/bingbot.htm) Chrome/103.0.5060.134 Safari/537.36"
52.167.144.171 - - [22/Apr/2023:16:56:18 +0200] "GET /buecher/gesichter/09.jpg HTTP/1.1" 404 - "-" "Mozilla/5.0 AppleWebKit/537.36 (KHTML, like Gecko; compatible; bingbot/2.0; +http://www.bing.com/bingbot.htm) Chrome/103.0.5060.134 Safari/537.36"
40.77.167.200 - - [22/Apr/2023:16:56:22 +0200] "GET /buecher/gesichter/25.jpg HTTP/1.1" 404 - "-" "Mozilla/5.0 AppleWebKit/537.36 (KHTML, like Gecko; compatible; bingbot/2.0; +http://www.bing.com/bingbot.htm) Chrome/103.0.5060.134 Safari/537.36"
40.77.167.120 - - [22/Apr/2023:16:56:23 +0200] "GET /buecher/gesichter/28.jpg HTTP/1.1" 404 - "-" "Mozilla/5.0 AppleWebKit/537.36 (KHTML, like Gecko; compatible; bingbot/2.0; +http://www.bing.com/bingbot.htm) Chrome/103.0.5060.134 Safari/537.36"
52.167.144.94 - - [22/Apr/2023:16:56:27 +0200] "GET /buecher/gesichter/30.jpg HTTP/1.1" 404 - "-" "Mozilla/5.0 AppleWebKit/537.36 (KHTML, like Gecko; compatible; bingbot/2.0; +http://www.bing.com/bingbot.htm) Chrome/103.0.5060.134 Safari/537.36"
194.173.174.10 - - [22/Apr/2023:20:46:50 +0200] "HEAD / HTTP/1.1" 404 - "-" "Mozilla/5.0 (Windows NT 6.3; WOW64) AppleWebKit/537.36 (KHTML, like Gecko) Chrome/43.0.2357.134 Safari/537.36"
194.173.174.10 - - [22/Apr/2023:20:46:50 +0200] "GET / HTTP/1.1" 404 - "-" "Mozilla/5.0 (Windows NT 6.3; WOW64) AppleWebKit/537.36 (KHTML, like Gecko) Chrome/43.0.2357.134 Safari/537.36"
216.244.66.237 - - [22/Apr/2023:21:32:44 +0200] "GET /robots.txt HTTP/1.1" 404 - "-" "Mozilla/5.0 (compatible; DotBot/1.2; +https://opensiteexplorer.org/dotbot; help@moz.com)"
216.244.66.237 - - [22/Apr/2023:21:35:23 +0200] "GET / HTTP/1.1" 404 - "-" "Mozilla/5.0 (compatible; DotBot/1.2; +https://opensiteexplorer.org/dotbot; help@moz.com)"
91.10.99.53 - - [23/Apr/2023:00:32:20 +0200] "GET /cds/hymnos_akathistos.html HTTP/1.1" 404 - "https://de.wikipedia.org/" "Mozilla/5.0 (Macintosh; Intel Mac OS X 10_15_6) AppleWebKit/605.1.15 (KHTML, like Gecko) Version/15.6.1 Safari/605.1.15"
91.10.99.53 - - [23/Apr/2023:00:32:20 +0200] "GET /favicon.ico HTTP/1.1" 404 - "http://www.morusverlag.de/cds/hymnos_akathistos.html" "Mozilla/5.0 (Macintosh; Intel Mac OS X 10_15_6) AppleWebKit/605.1.15 (KHTML, like Gecko) Version/15.6.1 Safari/605.1.15"
91.10.99.53 - - [23/Apr/2023:00:32:27 +0200] "GET / HTTP/1.1" 404 - "https://de.wikipedia.org/" "Mozilla/5.0 (Macintosh; Intel Mac OS X 10_15_6) AppleWebKit/605.1.15 (KHTML, like Gecko) Version/15.6.1 Safari/605.1.15"
91.10.99.53 - - [23/Apr/2023:00:45:35 +0200] "GET / HTTP/1.1" 404 - "https://de.wikipedia.org/" "Mozilla/5.0 (Macintosh; Intel Mac OS X 10_15_6) AppleWebKit/605.1.15 (KHTML, like Gecko) Version/15.6.1 Safari/605.1.15"
40.77.167.200 - - [23/Apr/2023:00:52:25 +0200] "GET /buecher/gesichter/25.jpg HTTP/1.1" 404 - "-" "Mozilla/5.0 AppleWebKit/537.36 (KHTML, like Gecko; compatible; bingbot/2.0; +http://www.bing.com/bingbot.htm) Chrome/103.0.5060.134 Safari/537.36"
40.77.167.120 - - [23/Apr/2023:00:52:30 +0200] "GET /buecher/gesichter/28.jpg HTTP/1.1" 404 - "-" "Mozilla/5.0 AppleWebKit/537.36 (KHTML, like Gecko; compatible; bingbot/2.0; +http://www.bing.com/bingbot.htm) Chrome/103.0.5060.134 Safari/537.36"
52.167.144.171 - - [23/Apr/2023:00:52:33 +0200] "GET /buecher/gesichter/06.jpg HTTP/1.1" 404 - "-" "Mozilla/5.0 AppleWebKit/537.36 (KHTML, like Gecko; compatible; bingbot/2.0; +http://www.bing.com/bingbot.htm) Chrome/103.0.5060.134 Safari/537.36"
52.167.144.94 - - [23/Apr/2023:00:52:35 +0200] "GET /buecher/gesichter/30.jpg HTTP/1.1" 404 - "-" "Mozilla/5.0 AppleWebKit/537.36 (KHTML, like Gecko; compatible; bingbot/2.0; +http://www.bing.com/bingbot.htm) Chrome/103.0.5060.134 Safari/537.36"
52.167.144.171 - - [23/Apr/2023:00:52:42 +0200] "GET /buecher/gesichter/09.jpg HTTP/1.1" 404 - "-" "Mozilla/5.0 AppleWebKit/537.36 (KHTML, like Gecko; compatible; bingbot/2.0; +http://www.bing.com/bingbot.htm) Chrome/103.0.5060.134 Safari/537.36"
66.249.70.187 - - [23/Apr/2023:02:10:44 +0200] "GET /robots.txt HTTP/1.1" 404 - "-" "Mozilla/5.0 (compatible; Googlebot/2.1; +http://www.google.com/bot.html)"
66.249.70.191 - - [23/Apr/2023:02:10:44 +0200] "GET /cds/rosarium.html HTTP/1.1" 404 - "-" "Mozilla/5.0 (Linux; Android 6.0.1; Nexus 5X Build/MMB29P) AppleWebKit/537.36 (KHTML, like Gecko) Chrome/112.0.5615.142 Mobile Safari/537.36 (compatible; Googlebot/2.1; +http://www.google.com/bot.html)"
66.249.70.191 - - [23/Apr/2023:03:20:12 +0200] "GET /buecher/veroeffentlichungsliste.html HTTP/1.1" 404 - "-" "Mozilla/5.0 (compatible; Googlebot/2.1; +http://www.google.com/bot.html)"
194.173.174.106 - - [23/Apr/2023:04:13:30 +0200] "HEAD / HTTP/1.1" 404 - "-" "Mozilla/5.0 (Windows NT 6.3; WOW64) AppleWebKit/537.36 (KHTML, like Gecko) Chrome/43.0.2357.134 Safari/537.36"
194.173.174.106 - - [23/Apr/2023:04:13:30 +0200] "GET / HTTP/1.1" 404 - "-" "Mozilla/5.0 (Windows NT 6.3; WOW64) AppleWebKit/537.36 (KHTML, like Gecko) Chrome/43.0.2357.134 Safari/537.36"
194.173.174.106 - - [23/Apr/2023:04:31:46 +0200] "HEAD / HTTP/1.1" 404 - "-" "Mozilla/5.0 (Windows NT 6.3; WOW64) AppleWebKit/537.36 (KHTML, like Gecko) Chrome/43.0.2357.134 Safari/537.36"
194.173.174.106 - - [23/Apr/2023:04:31:46 +0200] "GET / HTTP/1.1" 404 - "-" "Mozilla/5.0 (Windows NT 6.3; WOW64) AppleWebKit/537.36 (KHTML, like Gecko) Chrome/43.0.2357.134 Safari/537.36"
205.210.31.129 - - [23/Apr/2023:04:32:55 +0200] "GET / HTTP/1.1" 404 - "-" "-"
213.144.5.150 - - [23/Apr/2023:06:30:53 +0200] "HEAD / HTTP/1.1" 404 - "-" "Java/19-ea"
52.167.144.171 - - [23/Apr/2023:08:56:27 +0200] "GET /buecher/gesichter/06.jpg HTTP/1.1" 404 - "-" "Mozilla/5.0 AppleWebKit/537.36 (KHTML, like Gecko; compatible; bingbot/2.0; +http://www.bing.com/bingbot.htm) Chrome/103.0.5060.134 Safari/537.36"
52.167.144.171 - - [23/Apr/2023:08:56:28 +0200] "GET /buecher/gesichter/09.jpg HTTP/1.1" 404 - "-" "Mozilla/5.0 AppleWebKit/537.36 (KHTML, like Gecko; compatible; bingbot/2.0; +http://www.bing.com/bingbot.htm) Chrome/103.0.5060.134 Safari/537.36"
40.77.167.120 - - [23/Apr/2023:08:56:33 +0200] "GET /buecher/gesichter/28.jpg HTTP/1.1" 404 - "-" "Mozilla/5.0 AppleWebKit/537.36 (KHTML, like Gecko; compatible; bingbot/2.0; +http://www.bing.com/bingbot.htm) Chrome/103.0.5060.134 Safari/537.36"
52.167.144.94 - - [23/Apr/2023:08:56:38 +0200] "GET /buecher/gesichter/30.jpg HTTP/1.1" 404 - "-" "Mozilla/5.0 AppleWebKit/537.36 (KHTML, like Gecko; compatible; bingbot/2.0; +http://www.bing.com/bingbot.htm) Chrome/103.0.5060.134 Safari/537.36"
40.77.167.100 - - [23/Apr/2023:08:56:59 +0200] "GET /buecher/gesichter/25.jpg HTTP/1.1" 404 - "-" "Mozilla/5.0 AppleWebKit/537.36 (KHTML, like Gecko; compatible; bingbot/2.0; +http://www.bing.com/bingbot.htm) Chrome/103.0.5060.134 Safari/537.36"
194.173.174.10 - - [23/Apr/2023:09:11:48 +0200] "HEAD / HTTP/1.1" 404 - "-" "Mozilla/5.0 (Windows NT 6.3; WOW64) AppleWebKit/537.36 (KHTML, like Gecko) Chrome/43.0.2357.134 Safari/537.36"
194.173.174.10 - - [23/Apr/2023:09:11:48 +0200] "GET / HTTP/1.1" 404 - "-" "Mozilla/5.0 (Windows NT 6.3; WOW64) AppleWebKit/537.36 (KHTML, like Gecko) Chrome/43.0.2357.134 Safari/537.36"
216.244.66.237 - - [23/Apr/2023:09:34:50 +0200] "GET /robots.txt HTTP/1.1" 404 - "-" "Mozilla/5.0 (compatible; DotBot/1.2; +https://opensiteexplorer.org/dotbot; help@moz.com)"
216.244.66.237 - - [23/Apr/2023:09:40:18 +0200] "GET /sonderthemen/oeaz2001.pdf HTTP/1.1" 404 - "-" "Mozilla/5.0 (compatible; DotBot/1.2; +https://opensiteexplorer.org/dotbot; help@moz.com)"
17.241.227.123 - - [23/Apr/2023:10:31:26 +0200] "GET /robots.txt HTTP/1.1" 404 - "-" "Mozilla/5.0 (Macintosh; Intel Mac OS X 10_15_5) AppleWebKit/605.1.15 (KHTML, like Gecko) Version/13.1.1 Safari/605.1.15 (Applebot/0.1; +http://www.apple.com/go/applebot)"
17.241.227.123 - - [23/Apr/2023:10:31:26 +0200] "GET /cds/index.html HTTP/1.1" 404 - "-" "Mozilla/5.0 (Macintosh; Intel Mac OS X 10_15_5) AppleWebKit/605.1.15 (KHTML, like Gecko) Version/13.1.1 Safari/605.1.15 (Applebot/0.1; +http://www.apple.com/go/applebot)"
20.109.46.227 - - [23/Apr/2023:12:54:50 +0200] "GET /wp-content/themes/seotheme/db.php?u HTTP/1.1" 404 - "-" "-"
114.119.148.88 - - [23/Apr/2023:14:48:51 +0200] "GET /robots.txt HTTP/1.1" 404 - "-" "Mozilla/5.0 (compatible;PetalBot;+https://webmaster.petalsearch.com/site/petalbot)"
91.67.196.69 - - [23/Apr/2023:16:31:30 +0200] "GET / HTTP/1.1" 404 - "-" "Mozilla/5.0 (Macintosh; Intel Mac OS X 10_15_6) AppleWebKit/605.1.15 (KHTML, like Gecko) Version/14.1.2 Safari/605.1.15"
91.67.196.69 - - [23/Apr/2023:16:31:31 +0200] "GET /favicon.ico HTTP/1.1" 404 - "http://www.morusverlag.de/" "Mozilla/5.0 (Macintosh; Intel Mac OS X 10_15_6) AppleWebKit/605.1.15 (KHTML, like Gecko) Version/14.1.2 Safari/605.1.15"
52.167.144.94 - - [23/Apr/2023:17:05:52 +0200] "GET /buecher/gesichter/30.jpg HTTP/1.1" 404 - "-" "Mozilla/5.0 AppleWebKit/537.36 (KHTML, like Gecko; compatible; bingbot/2.0; +http://www.bing.com/bingbot.htm) Chrome/103.0.5060.134 Safari/537.36"
52.167.144.171 - - [23/Apr/2023:17:05:57 +0200] "GET /buecher/gesichter/06.jpg HTTP/1.1" 404 - "-" "Mozilla/5.0 AppleWebKit/537.36 (KHTML, like Gecko; compatible; bingbot/2.0; +http://www.bing.com/bingbot.htm) Chrome/103.0.5060.134 Safari/537.36"
52.167.144.171 - - [23/Apr/2023:17:05:57 +0200] "GET /buecher/gesichter/09.jpg HTTP/1.1" 404 - "-" "Mozilla/5.0 AppleWebKit/537.36 (KHTML, like Gecko; compatible; bingbot/2.0; +http://www.bing.com/bingbot.htm) Chrome/103.0.5060.134 Safari/537.36"
40.77.167.100 - - [23/Apr/2023:17:05:59 +0200] "GET /buecher/gesichter/25.jpg HTTP/1.1" 404 - "-" "Mozilla/5.0 AppleWebKit/537.36 (KHTML, like Gecko; compatible; bingbot/2.0; +http://www.bing.com/bingbot.htm) Chrome/103.0.5060.134 Safari/537.36"
40.77.167.120 - - [23/Apr/2023:17:06:01 +0200] "GET /buecher/gesichter/28.jpg HTTP/1.1" 404 - "-" "Mozilla/5.0 AppleWebKit/537.36 (KHTML, like Gecko; compatible; bingbot/2.0; +http://www.bing.com/bingbot.htm) Chrome/103.0.5060.134 Safari/537.36"
34.78.128.92 - - [23/Apr/2023:17:58:05 +0200] "GET / HTTP/1.1" 404 - "-" "Mozilla/5.0 (Windows NT 10.0; Win64; x64) AppleWebKit/537.36 (KHTML, like Gecko) Chrome/84.0.4147.105 Safari/537.36"
213.83.37.145 - - [23/Apr/2023:18:55:22 +0200] "HEAD / HTTP/1.1" 404 - "-" "Mozilla/5.0 (Windows NT 6.1; rv:39.0) Gecko/20180101 Firefox/39.0"
213.83.37.145 - - [23/Apr/2023:18:55:24 +0200] "HEAD / HTTP/1.1" 404 - "-" "Mozilla/5.0 (Windows NT 6.1; rv:39.0) Gecko/20180101 Firefox/39.0"
185.15.56.22 - - [23/Apr/2023:20:15:02 +0200] "HEAD /buecher/rezensionen_christliche_frauen.html HTTP/1.1" 404 - "-" "IABot/2.0 (+https://meta.wikimedia.org/wiki/InternetArchiveBot/FAQ_for_sysadmins) (Checking if link from Wikipedia is broken and needs removal)"
185.15.56.22 - - [23/Apr/2023:20:15:12 +0200] "GET /buecher/rezensionen_christliche_frauen.html HTTP/1.1" 404 - "-" "Mozilla/5.0 (Windows NT 10.0; Win64; x64) AppleWebKit/537.36 (KHTML, like Gecko) Chrome/105.0.0.0 Safari/537.36"
194.173.174.10 - - [23/Apr/2023:20:42:22 +0200] "HEAD / HTTP/1.1" 404 - "-" "Mozilla/5.0 (Windows NT 6.3; WOW64) AppleWebKit/537.36 (KHTML, like Gecko) Chrome/43.0.2357.134 Safari/537.36"
194.173.174.10 - - [23/Apr/2023:20:42:22 +0200] "GET / HTTP/1.1" 404 - "-" "Mozilla/5.0 (Windows NT 6.3; WOW64) AppleWebKit/537.36 (KHTML, like Gecko) Chrome/43.0.2357.134 Safari/537.36"
65.108.72.213 - - [23/Apr/2023:22:58:05 +0200] "GET /robots.txt HTTP/1.1" 404 - "-" "Mozilla/5.0 (compatible; SEOkicks; +https://www.seokicks.de/robot.html)"
65.108.72.213 - - [23/Apr/2023:22:58:07 +0200] "GET / HTTP/1.1" 404 - "-" "Mozilla/5.0 (compatible; SEOkicks; +https://www.seokicks.de/robot.html)"
65.108.72.213 - - [23/Apr/2023:22:58:09 +0200] "GET /sitemap.xml HTTP/1.1" 404 - "-" "Mozilla/5.0 (compatible; SEOkicks; +https://www.seokicks.de/robot.html)"
65.108.72.213 - - [23/Apr/2023:22:58:10 +0200] "GET /buecher/rezensionen_chateaubriand.html HTTP/1.1" 404 - "-" "Mozilla/5.0 (compatible; SEOkicks; +https://www.seokicks.de/robot.html)"
65.108.72.213 - - [23/Apr/2023:22:58:12 +0200] "GET /cds/hymnos_akathistos.html HTTP/1.1" 404 - "-" "Mozilla/5.0 (compatible; SEOkicks; +https://www.seokicks.de/robot.html)"
65.108.72.213 - - [23/Apr/2023:22:58:13 +0200] "GET /sonderthemen/akademieprogramm/03/pro_zei_03_s15.pdf HTTP/1.1" 404 - "-" "Mozilla/5.0 (compatible; SEOkicks; +https://www.seokicks.de/robot.html)"
65.108.72.213 - - [23/Apr/2023:22:58:15 +0200] "GET /sonderthemen/akademieprogramm/04/pro_zei_04_s15.pdf HTTP/1.1" 404 - "-" "Mozilla/5.0 (compatible; SEOkicks; +https://www.seokicks.de/robot.html)"
40.77.167.100 - - [24/Apr/2023:00:56:13 +0200] "GET /buecher/gesichter/25.jpg HTTP/1.1" 404 - "-" "Mozilla/5.0 AppleWebKit/537.36 (KHTML, like Gecko; compatible; bingbot/2.0; +http://www.bing.com/bingbot.htm) Chrome/103.0.5060.134 Safari/537.36"
52.167.144.94 - - [24/Apr/2023:00:56:17 +0200] "GET /buecher/gesichter/30.jpg HTTP/1.1" 404 - "-" "Mozilla/5.0 AppleWebKit/537.36 (KHTML, like Gecko; compatible; bingbot/2.0; +http://www.bing.com/bingbot.htm) Chrome/103.0.5060.134 Safari/537.36"
52.167.144.171 - - [24/Apr/2023:00:56:18 +0200] "GET /buecher/gesichter/06.jpg HTTP/1.1" 404 - "-" "Mozilla/5.0 AppleWebKit/537.36 (KHTML, like Gecko; compatible; bingbot/2.0; +http://www.bing.com/bingbot.htm) Chrome/103.0.5060.134 Safari/537.36"
40.77.167.120 - - [24/Apr/2023:00:56:22 +0200] "GET /buecher/gesichter/28.jpg HTTP/1.1" 404 - "-" "Mozilla/5.0 AppleWebKit/537.36 (KHTML, like Gecko; compatible; bingbot/2.0; +http://www.bing.com/bingbot.htm) Chrome/103.0.5060.134 Safari/537.36"
52.167.144.171 - - [24/Apr/2023:00:56:28 +0200] "GET /buecher/gesichter/09.jpg HTTP/1.1" 404 - "-" "Mozilla/5.0 AppleWebKit/537.36 (KHTML, like Gecko; compatible; bingbot/2.0; +http://www.bing.com/bingbot.htm) Chrome/103.0.5060.134 Safari/537.36"
85.25.185.102 - - [24/Apr/2023:02:30:21 +0200] "HEAD / HTTP/1.1" 404 - "-" "onlinestreet Bot: URL Status Check (https://onlinestreet.de/)"
66.249.69.196 - - [24/Apr/2023:05:28:56 +0200] "GET /robots.txt HTTP/1.1" 404 - "-" "Mozilla/5.0 (compatible; Googlebot/2.1; +http://www.google.com/bot.html)"
66.249.69.223 - - [24/Apr/2023:05:28:57 +0200] "GET /cds/rosarium.html HTTP/1.1" 404 - "-" "Mozilla/5.0 (Linux; Android 6.0.1; Nexus 5X Build/MMB29P) AppleWebKit/537.36 (KHTML, like Gecko) Chrome/112.0.5615.142 Mobile Safari/537.36 (compatible; Googlebot/2.1; +http://www.google.com/bot.html)"
23.88.77.150 - - [24/Apr/2023:06:02:50 +0200] "GET /impressum.html HTTP/1.1" 404 - "-" "Mozilla/5.0 (Windows NT 10.0; WOW64) AppleWebKit/537.36 (KHTML, like Gecko) Chrome/86.0.4240.198 Safari/537.36"
23.88.77.150 - - [24/Apr/2023:06:02:51 +0200] "GET / HTTP/1.1" 404 - "-" "Mozilla/5.0 (Windows NT 10.0; Win64; x64; rv:83.0) Gecko/20100101 Firefox/83.0"
23.88.77.150 - - [24/Apr/2023:06:02:52 +0200] "GET /kontakt/index.html HTTP/1.1" 404 - "-" "Mozilla/5.0 (Macintosh; Intel Mac OS X 10_15_6) AppleWebKit/537.36 (KHTML, like Gecko) Chrome/86.0.4240.198 Safari/537.36"
23.88.77.150 - - [24/Apr/2023:06:02:54 +0200] "GET /impressum.html HTTP/1.1" 404 - "-" "Mozilla/5.0 (X11; Linux x86_64) AppleWebKit/537.36 (KHTML, like Gecko) Chrome/87.0.4280.66 Safari/537.36"
139.177.246.48 - - [24/Apr/2023:07:01:52 +0200] "GET /buecher/der_neunte_tag.jpg HTTP/1.1" 404 - "-" "Mozilla/5.0 (X11; Ubuntu; Linux x86_64; rv:72.0) Gecko/20100101 Firefox/72.0"
209.141.41.193 - - [24/Apr/2023:08:58:18 +0200] "GET / HTTP/1.1" 404 - "-" "Mozilla/5.0 (Macintosh; Intel Mac OS X 10_15_7) AppleWebKit/537.36 (KHTML, like Gecko) Chrome/96.0.4664.110 Safari/537.36"
40.77.167.85 - - [24/Apr/2023:11:01:12 +0200] "GET /robots.txt HTTP/1.1" 404 - "-" "Mozilla/5.0 AppleWebKit/537.36 (KHTML, like Gecko; compatible; bingbot/2.0; +http://www.bing.com/bingbot.htm) Chrome/103.0.5060.134 Safari/537.36"
40.77.167.120 - - [24/Apr/2023:11:01:20 +0200] "GET /buecher/gesichter/28.jpg HTTP/1.1" 404 - "-" "Mozilla/5.0 AppleWebKit/537.36 (KHTML, like Gecko; compatible; bingbot/2.0; +http://www.bing.com/bingbot.htm) Chrome/103.0.5060.134 Safari/537.36"
52.167.144.94 - - [24/Apr/2023:11:01:24 +0200] "GET /buecher/gesichter/30.jpg HTTP/1.1" 404 - "-" "Mozilla/5.0 AppleWebKit/537.36 (KHTML, like Gecko; compatible; bingbot/2.0; +http://www.bing.com/bingbot.htm) Chrome/103.0.5060.134 Safari/537.36"
40.77.167.100 - - [24/Apr/2023:11:01:24 +0200] "GET /buecher/gesichter/25.jpg HTTP/1.1" 404 - "-" "Mozilla/5.0 AppleWebKit/537.36 (KHTML, like Gecko; compatible; bingbot/2.0; +http://www.bing.com/bingbot.htm) Chrome/103.0.5060.134 Safari/537.36"
52.167.144.171 - - [24/Apr/2023:11:01:24 +0200] "GET /buecher/gesichter/06.jpg HTTP/1.1" 404 - "-" "Mozilla/5.0 AppleWebKit/537.36 (KHTML, like Gecko; compatible; bingbot/2.0; +http://www.bing.com/bingbot.htm) Chrome/103.0.5060.134 Safari/537.36"
52.167.144.171 - - [24/Apr/2023:11:01:34 +0200] "GET /buecher/gesichter/09.jpg HTTP/1.1" 404 - "-" "Mozilla/5.0 AppleWebKit/537.36 (KHTML, like Gecko; compatible; bingbot/2.0; +http://www.bing.com/bingbot.htm) Chrome/103.0.5060.134 Safari/537.36"
66.249.69.221 - - [24/Apr/2023:11:28:33 +0200] "GET / HTTP/1.1" 404 - "-" "Mozilla/5.0 (Linux; Android 6.0.1; Nexus 5X Build/MMB29P) AppleWebKit/537.36 (KHTML, like Gecko) Chrome/112.0.5615.142 Mobile Safari/537.36 (compatible; Googlebot/2.1; +http://www.google.com/bot.html)"
114.119.156.182 - - [24/Apr/2023:11:47:36 +0200] "GET /robots.txt HTTP/1.1" 404 - "-" "Mozilla/5.0 (compatible;PetalBot;+https://webmaster.petalsearch.com/site/petalbot)"
66.249.69.221 - - [24/Apr/2023:12:13:33 +0200] "GET / HTTP/1.1" 404 - "-" "Mozilla/5.0 (compatible; Googlebot/2.1; +http://www.google.com/bot.html)"
114.119.136.141 - - [24/Apr/2023:13:48:59 +0200] "GET /robots.txt HTTP/1.1" 404 - "-" "Mozilla/5.0 (compatible;PetalBot;+https://webmaster.petalsearch.com/site/petalbot)"
95.90.196.236 - - [24/Apr/2023:16:35:39 +0200] "GET / HTTP/1.1" 404 - "https://de.m.wikipedia.org/" "Mozilla/5.0 (Linux; Android 12; SAMSUNG SM-G970F/G970FXXSGHWC2) AppleWebKit/537.36 (KHTML, like Gecko) SamsungBrowser/20.0 Chrome/106.0.5249.126 Mobile Safari/537.36"
95.90.196.236 - - [24/Apr/2023:16:35:39 +0200] "GET /favicon.ico HTTP/1.1" 404 - "http://www.morusverlag.de/" "Mozilla/5.0 (Linux; Android 12; SAMSUNG SM-G970F/G970FXXSGHWC2) AppleWebKit/537.36 (KHTML, like Gecko) SamsungBrowser/20.0 Chrome/106.0.5249.126 Mobile Safari/537.36"
80.148.18.172 - - [24/Apr/2023:17:52:09 +0200] "GET / HTTP/1.1" 404 - "-" "Mozilla/5.0 (Macintosh; Intel Mac OS X 10_15_7) AppleWebKit/537.36 (KHTML, like Gecko) Chrome/99.0.4844.84 Safari/537.36"
208.100.26.244 - - [24/Apr/2023:18:13:46 +0200] "GET / HTTP/1.1" 404 - "-" "Mozilla/5.0 (Macintosh; Intel Mac OS X 10_12_2) AppleWebKit/537.36 (KHTML, like Gecko) Chrome/79.0.3945.130 Safari/537.36"
54.36.149.2 - - [24/Apr/2023:18:40:39 +0200] "GET /robots.txt HTTP/1.1" 404 - "-" "Mozilla/5.0 (compatible; AhrefsBot/7.0; +http://ahrefs.com/robot/)"
52.167.144.171 - - [24/Apr/2023:19:15:50 +0200] "GET /buecher/gesichter/06.jpg HTTP/1.1" 404 - "-" "Mozilla/5.0 AppleWebKit/537.36 (KHTML, like Gecko; compatible; bingbot/2.0; +http://www.bing.com/bingbot.htm) Chrome/103.0.5060.134 Safari/537.36"
52.167.144.171 - - [24/Apr/2023:19:15:50 +0200] "GET /buecher/gesichter/09.jpg HTTP/1.1" 404 - "-" "Mozilla/5.0 AppleWebKit/537.36 (KHTML, like Gecko; compatible; bingbot/2.0; +http://www.bing.com/bingbot.htm) Chrome/103.0.5060.134 Safari/537.36"
52.167.144.94 - - [24/Apr/2023:19:15:54 +0200] "GET /buecher/gesichter/30.jpg HTTP/1.1" 404 - "-" "Mozilla/5.0 AppleWebKit/537.36 (KHTML, like Gecko; compatible; bingbot/2.0; +http://www.bing.com/bingbot.htm) Chrome/103.0.5060.134 Safari/537.36"
40.77.167.100 - - [24/Apr/2023:19:15:57 +0200] "GET /buecher/gesichter/25.jpg HTTP/1.1" 404 - "-" "Mozilla/5.0 AppleWebKit/537.36 (KHTML, like Gecko; compatible; bingbot/2.0; +http://www.bing.com/bingbot.htm) Chrome/103.0.5060.134 Safari/537.36"
40.77.167.120 - - [24/Apr/2023:19:16:00 +0200] "GET /buecher/gesichter/28.jpg HTTP/1.1" 404 - "-" "Mozilla/5.0 AppleWebKit/537.36 (KHTML, like Gecko; compatible; bingbot/2.0; +http://www.bing.com/bingbot.htm) Chrome/103.0.5060.134 Safari/537.36"
212.182.34.210 - - [24/Apr/2023:22:26:34 +0200] "GET /cds/hymnos_akathistos.html HTTP/1.1" 404 - "https://de.wikipedia.org/" "Mozilla/5.0 (Windows NT 10.0; Win64; x64) AppleWebKit/537.36 (KHTML, like Gecko) Chrome/112.0.0.0 Safari/537.36"
212.182.34.210 - - [24/Apr/2023:22:26:37 +0200] "GET /favicon.ico HTTP/1.1" 404 - "http://www.morusverlag.de/cds/hymnos_akathistos.html" "Mozilla/5.0 (Windows NT 10.0; Win64; x64) AppleWebKit/537.36 (KHTML, like Gecko) Chrome/112.0.0.0 Safari/537.36"
91.13.54.248 - - [24/Apr/2023:22:42:44 +0200] "GET / HTTP/1.1" 404 - "-" "Mozilla/5.0 (Macintosh; Intel Mac OS X 10_15_7) AppleWebKit/605.1.15 (KHTML, like Gecko) Version/16.0 Safari/605.1.15"
91.13.54.248 - - [24/Apr/2023:22:42:45 +0200] "GET / HTTP/1.1" 404 - "-" "Mozilla/5.0 (Macintosh; Intel Mac OS X 10_15_7) AppleWebKit/605.1.15 (KHTML, like Gecko) Version/16.0 Safari/605.1.15"
91.13.54.248 - - [24/Apr/2023:22:42:45 +0200] "GET //favicon.ico HTTP/1.1" 404 - "-" "Client/30158 CFNetwork/1406.0.4 Darwin/22.4.0"
52.167.144.94 - - [25/Apr/2023:03:00:25 +0200] "GET /buecher/gesichter/30.jpg HTTP/1.1" 404 - "-" "Mozilla/5.0 AppleWebKit/537.36 (KHTML, like Gecko; compatible; bingbot/2.0; +http://www.bing.com/bingbot.htm) Chrome/103.0.5060.134 Safari/537.36"
40.77.167.100 - - [25/Apr/2023:03:00:30 +0200] "GET /buecher/gesichter/25.jpg HTTP/1.1" 404 - "-" "Mozilla/5.0 AppleWebKit/537.36 (KHTML, like Gecko; compatible; bingbot/2.0; +http://www.bing.com/bingbot.htm) Chrome/103.0.5060.134 Safari/537.36"
52.167.144.171 - - [25/Apr/2023:03:00:34 +0200] "GET /buecher/gesichter/06.jpg HTTP/1.1" 404 - "-" "Mozilla/5.0 AppleWebKit/537.36 (KHTML, like Gecko; compatible; bingbot/2.0; +http://www.bing.com/bingbot.htm) Chrome/103.0.5060.134 Safari/537.36"
52.167.144.171 - - [25/Apr/2023:03:00:35 +0200] "GET /buecher/gesichter/09.jpg HTTP/1.1" 404 - "-" "Mozilla/5.0 AppleWebKit/537.36 (KHTML, like Gecko; compatible; bingbot/2.0; +http://www.bing.com/bingbot.htm) Chrome/103.0.5060.134 Safari/537.36"
40.77.167.120 - - [25/Apr/2023:03:00:40 +0200] "GET /buecher/gesichter/28.jpg HTTP/1.1" 404 - "-" "Mozilla/5.0 AppleWebKit/537.36 (KHTML, like Gecko; compatible; bingbot/2.0; +http://www.bing.com/bingbot.htm) Chrome/103.0.5060.134 Safari/537.36"
34.89.198.86 - - [25/Apr/2023:03:20:22 +0200] "GET /robots.txt HTTP/1.1" 404 - "-" "Mozilla/5.0 (compatible; Googlebot/2.1; +http://www.google.com/bot.html)"
34.89.198.87 - - [25/Apr/2023:03:20:23 +0200] "GET / HTTP/1.1" 404 - "-" "Mozilla/5.0 (compatible; Googlebot/2.1; +http://www.google.com/bot.html)"
66.249.69.221 - - [25/Apr/2023:05:30:05 +0200] "GET /robots.txt HTTP/1.1" 404 - "-" "Mozilla/5.0 (compatible; Googlebot/2.1; +http://www.google.com/bot.html)"
66.249.69.221 - - [25/Apr/2023:05:30:05 +0200] "GET /cds/rosarium.html HTTP/1.1" 404 - "-" "Mozilla/5.0 (Linux; Android 6.0.1; Nexus 5X Build/MMB29P) AppleWebKit/537.36 (KHTML, like Gecko) Chrome/112.0.5615.142 Mobile Safari/537.36 (compatible; Googlebot/2.1; +http://www.google.com/bot.html)"
162.55.97.171 - - [25/Apr/2023:05:38:55 +0200] "GET /impressum.html HTTP/1.1" 404 - "-" "Mozilla/5.0 (Windows NT 10.0; Win64; x64) AppleWebKit/537.36 (KHTML, like Gecko) Chrome/86.0.4240.193 Safari/537.36"
162.55.97.171 - - [25/Apr/2023:05:38:56 +0200] "GET / HTTP/1.1" 404 - "-" "Mozilla/5.0 (Macintosh; Intel Mac OS X 10_15_4) AppleWebKit/605.1.15 (KHTML, like Gecko) Version/13.1 Safari/605.1.15"
162.55.97.171 - - [25/Apr/2023:05:38:56 +0200] "GET /impressum.html HTTP/1.1" 404 - "-" "Mozilla/5.0 (Windows NT 10.0; Win64; x64) AppleWebKit/537.36 (KHTML, like Gecko) Chrome/87.0.4280.67 Safari/537.36 Edg/87.0.664.55"
162.55.97.171 - - [25/Apr/2023:05:38:56 +0200] "GET /kontakt/index.html HTTP/1.1" 404 - "-" "Mozilla/5.0 (Windows NT 10.0; WOW64) AppleWebKit/537.36 (KHTML, like Gecko) Chrome/86.0.4240.198 Safari/537.36"
66.249.69.221 - - [25/Apr/2023:05:50:01 +0200] "GET / HTTP/1.1" 404 - "-" "Mozilla/5.0 (compatible; Googlebot/2.1; +http://www.google.com/bot.html)"
51.222.253.7 - - [25/Apr/2023:07:49:34 +0200] "GET /robots.txt HTTP/1.1" 404 - "-" "Mozilla/5.0 (compatible; AhrefsBot/7.0; +http://ahrefs.com/robot/)"
4.246.124.237 - - [25/Apr/2023:09:57:50 +0200] "GET /robots.txt HTTP/1.1" 404 - "-" "Mozilla/5.0 (Windows NT 10.0; Win64; x64) AppleWebKit/537.36 (KHTML, like Gecko) Chrome/110.0.0.0 Safari/537.36 Edg/110.0.1587.57"
4.246.124.237 - - [25/Apr/2023:09:57:50 +0200] "GET /buecher/gesichter/25.jpg HTTP/1.1" 404 - "-" "Mozilla/5.0 (Windows NT 10.0; Win64; x64) AppleWebKit/537.36 (KHTML, like Gecko) Chrome/110.0.0.0 Safari/537.36 Edg/110.0.1587.57"
54.36.148.40 - - [25/Apr/2023:09:59:01 +0200] "GET / HTTP/1.1" 404 - "-" "Mozilla/5.0 (compatible; AhrefsBot/7.0; +http://ahrefs.com/robot/)"
66.249.69.223 - - [25/Apr/2023:10:06:06 +0200] "GET /sonderthemen/akademieprogramm/05 HTTP/1.1" 404 - "-" "Mozilla/5.0 (Linux; Android 6.0.1; Nexus 5X Build/MMB29P) AppleWebKit/537.36 (KHTML, like Gecko) Chrome/112.0.5615.142 Mobile Safari/537.36 (compatible; Googlebot/2.1; +http://www.google.com/bot.html)"
94.247.172.129 - - [25/Apr/2023:11:02:49 +0200] "GET / HTTP/1.1" 404 - "-" "Mozilla/5.0 (Macintosh; Intel Mac OS X 10_9_2)"
40.77.167.100 - - [25/Apr/2023:11:07:26 +0200] "GET /buecher/gesichter/25.jpg HTTP/1.1" 404 - "-" "Mozilla/5.0 AppleWebKit/537.36 (KHTML, like Gecko; compatible; bingbot/2.0; +http://www.bing.com/bingbot.htm) Chrome/103.0.5060.134 Safari/537.36"
40.77.167.120 - - [25/Apr/2023:11:07:29 +0200] "GET /buecher/gesichter/28.jpg HTTP/1.1" 404 - "-" "Mozilla/5.0 AppleWebKit/537.36 (KHTML, like Gecko; compatible; bingbot/2.0; +http://www.bing.com/bingbot.htm) Chrome/103.0.5060.134 Safari/537.36"
52.167.144.94 - - [25/Apr/2023:11:07:31 +0200] "GET /buecher/gesichter/30.jpg HTTP/1.1" 404 - "-" "Mozilla/5.0 AppleWebKit/537.36 (KHTML, like Gecko; compatible; bingbot/2.0; +http://www.bing.com/bingbot.htm) Chrome/103.0.5060.134 Safari/537.36"
52.167.144.171 - - [25/Apr/2023:11:07:35 +0200] "GET /buecher/gesichter/06.jpg HTTP/1.1" 404 - "-" "Mozilla/5.0 AppleWebKit/537.36 (KHTML, like Gecko; compatible; bingbot/2.0; +http://www.bing.com/bingbot.htm) Chrome/103.0.5060.134 Safari/537.36"
52.167.144.171 - - [25/Apr/2023:11:07:35 +0200] "GET /buecher/gesichter/09.jpg HTTP/1.1" 404 - "-" "Mozilla/5.0 AppleWebKit/537.36 (KHTML, like Gecko; compatible; bingbot/2.0; +http://www.bing.com/bingbot.htm) Chrome/103.0.5060.134 Safari/537.36"
66.249.69.223 - - [25/Apr/2023:11:36:06 +0200] "GET /buecher/rezensionen_leiblichkeit_und_zeitlichkeit.html HTTP/1.1" 404 - "-" "Mozilla/5.0 (Linux; Android 6.0.1; Nexus 5X Build/MMB29P) AppleWebKit/537.36 (KHTML, like Gecko) Chrome/112.0.5615.142 Mobile Safari/537.36 (compatible; Googlebot/2.1; +http://www.google.com/bot.html)"
54.161.41.102 - - [25/Apr/2023:11:54:09 +0200] "GET /robots.txt HTTP/1.1" 404 - "-" "Mozilla/5.0 (compatible; Neevabot/1.0; +https://neeva.com/neevabot)"
54.161.41.102 - - [25/Apr/2023:11:54:37 +0200] "GET /sonderthemen/oekt_extra2.pdf HTTP/1.1" 404 - "-" "Mozilla/5.0 (compatible; Neevabot/1.0; +https://neeva.com/neevabot)"
54.161.41.102 - - [25/Apr/2023:11:54:58 +0200] "GET /cds/hymnos_akathistos.html HTTP/1.1" 404 - "-" "Mozilla/5.0 (compatible; Neevabot/1.0; +https://neeva.com/neevabot)"
54.161.41.102 - - [25/Apr/2023:11:55:10 +0200] "GET / HTTP/1.1" 404 - "-" "Mozilla/5.0 (compatible; Neevabot/1.0; +https://neeva.com/neevabot)"
54.161.41.102 - - [25/Apr/2023:11:55:20 +0200] "GET /sonderthemen/oeaz2001.pdf HTTP/1.1" 404 - "-" "Mozilla/5.0 (compatible; Neevabot/1.0; +https://neeva.com/neevabot)"
54.161.41.102 - - [25/Apr/2023:11:55:25 +0200] "GET /buecher/veroeffentlichungsliste.html HTTP/1.1" 404 - "-" "Mozilla/5.0 (compatible; Neevabot/1.0; +https://neeva.com/neevabot)"
54.161.41.102 - - [25/Apr/2023:11:55:30 +0200] "GET /kontakt/ HTTP/1.1" 404 - "-" "Mozilla/5.0 (compatible; Neevabot/1.0; +https://neeva.com/neevabot)"
54.161.41.102 - - [25/Apr/2023:11:55:35 +0200] "GET /sonderthemen/az1999.pdf HTTP/1.1" 404 - "-" "Mozilla/5.0 (compatible; Neevabot/1.0; +https://neeva.com/neevabot)"
54.161.41.102 - - [25/Apr/2023:11:55:40 +0200] "GET /sonderthemen/sk2000.pdf HTTP/1.1" 404 - "-" "Mozilla/5.0 (compatible; Neevabot/1.0; +https://neeva.com/neevabot)"
54.161.41.102 - - [25/Apr/2023:11:55:46 +0200] "GET /sonderthemen/az2000.pdf HTTP/1.1" 404 - "-" "Mozilla/5.0 (compatible; Neevabot/1.0; +https://neeva.com/neevabot)"
54.161.41.102 - - [25/Apr/2023:11:55:51 +0200] "GET /sonderthemen/oekz2003.pdf HTTP/1.1" 404 - "-" "Mozilla/5.0 (compatible; Neevabot/1.0; +https://neeva.com/neevabot)"
54.161.41.102 - - [25/Apr/2023:11:55:56 +0200] "GET /buecher/ HTTP/1.1" 404 - "-" "Mozilla/5.0 (compatible; Neevabot/1.0; +https://neeva.com/neevabot)"
54.161.41.102 - - [25/Apr/2023:11:56:01 +0200] "GET /cds/rosarium.html HTTP/1.1" 404 - "-" "Mozilla/5.0 (compatible; Neevabot/1.0; +https://neeva.com/neevabot)"
54.161.41.102 - - [25/Apr/2023:11:56:06 +0200] "GET /sonderthemen/sk2001.pdf HTTP/1.1" 404 - "-" "Mozilla/5.0 (compatible; Neevabot/1.0; +https://neeva.com/neevabot)"
54.161.41.102 - - [25/Apr/2023:11:56:11 +0200] "GET /buecher/rezensionen_chateaubriand.html HTTP/1.1" 404 - "-" "Mozilla/5.0 (compatible; Neevabot/1.0; +https://neeva.com/neevabot)"
54.161.41.102 - - [25/Apr/2023:11:56:16 +0200] "GET /sonderthemen/oekt_extra3.pdf HTTP/1.1" 404 - "-" "Mozilla/5.0 (compatible; Neevabot/1.0; +https://neeva.com/neevabot)"
54.161.41.102 - - [25/Apr/2023:11:56:20 +0200] "GET /sonderthemen/sk2002.pdf HTTP/1.1" 404 - "-" "Mozilla/5.0 (compatible; Neevabot/1.0; +https://neeva.com/neevabot)"
54.161.41.102 - - [25/Apr/2023:11:56:25 +0200] "GET /sonderthemen/oekt_extra1.pdf HTTP/1.1" 404 - "-" "Mozilla/5.0 (compatible; Neevabot/1.0; +https://neeva.com/neevabot)"
54.161.41.102 - - [25/Apr/2023:11:56:30 +0200] "GET /sonderthemen/oeaz2002.pdf HTTP/1.1" 404 - "-" "Mozilla/5.0 (compatible; Neevabot/1.0; +https://neeva.com/neevabot)"
66.249.69.196 - - [25/Apr/2023:13:00:36 +0200] "GET /buecher/ HTTP/1.1" 404 - "-" "Mozilla/5.0 (compatible; Googlebot/2.1; +http://www.google.com/bot.html)"
4.246.124.237 - - [25/Apr/2023:13:23:22 +0200] "GET /robots.txt HTTP/1.1" 404 - "-" "Mozilla/5.0 (Windows NT 10.0; Win64; x64) AppleWebKit/537.36 (KHTML, like Gecko) Chrome/110.0.0.0 Safari/537.36 Edg/110.0.1587.57"
4.246.124.237 - - [25/Apr/2023:13:23:22 +0200] "GET /buecher/gesichter/30.jpg HTTP/1.1" 404 - "-" "Mozilla/5.0 (Windows NT 10.0; Win64; x64) AppleWebKit/537.36 (KHTML, like Gecko) Chrome/110.0.0.0 Safari/537.36 Edg/110.0.1587.57"
4.246.124.237 - - [25/Apr/2023:13:25:49 +0200] "GET /robots.txt HTTP/1.1" 404 - "-" "Mozilla/5.0 (Windows NT 10.0; Win64; x64) AppleWebKit/537.36 (KHTML, like Gecko) Chrome/110.0.0.0 Safari/537.36 Edg/110.0.1587.57"
4.246.124.237 - - [25/Apr/2023:13:25:49 +0200] "GET /buecher/gesichter/28.jpg HTTP/1.1" 404 - "-" "Mozilla/5.0 (Windows NT 10.0; Win64; x64) AppleWebKit/537.36 (KHTML, like Gecko) Chrome/110.0.0.0 Safari/537.36 Edg/110.0.1587.57"
138.199.19.143 - - [25/Apr/2023:15:29:59 +0200] "GET / HTTP/1.1" 404 - "-" "Mozilla/5.0 (X11; Ubuntu; Linux x86_64; rv:85.0) Gecko/20100101 Firefox/85.0"
185.242.6.54 - - [25/Apr/2023:15:29:59 +0200] "GET / HTTP/1.1" 404 - "-" "Mozilla/5.0 (X11; Ubuntu; Linux x86_64; rv:85.0) Gecko/20100101 Firefox/85.0"
66.235.168.198 - - [25/Apr/2023:15:30:00 +0200] "GET / HTTP/1.1" 404 - "-" "Mozilla/5.0 (X11; Ubuntu; Linux x86_64; rv:85.0) Gecko/20100101 Firefox/85.0"
146.70.120.30 - - [25/Apr/2023:15:30:00 +0200] "GET / HTTP/1.1" 404 - "-" "Mozilla/5.0 (X11; Ubuntu; Linux x86_64; rv:85.0) Gecko/20100101 Firefox/85.0"
31.171.155.140 - - [25/Apr/2023:15:30:01 +0200] "GET / HTTP/1.1" 404 - "-" "Mozilla/5.0 (X11; Ubuntu; Linux x86_64; rv:85.0) Gecko/20100101 Firefox/85.0"
5.161.154.50 - - [25/Apr/2023:17:07:00 +0200] "GET /cds/glockenspiel2.html HTTP/1.1" 404 - "-" "Mozilla/5.0 (Windows NT 10.0; Win64; x64) AppleWebKit/537.36 (KHTML, like Gecko) Chrome/84.0.4147.105 Safari/537.36"
194.95.75.194 - - [25/Apr/2023:17:19:29 +0200] "GET /buecher/glauben_in_welt.jpg HTTP/1.1" 404 - "-" "Mozilla/4.0 (compatible; Cache;)"
52.167.144.171 - - [25/Apr/2023:21:04:56 +0200] "GET /buecher/gesichter/06.jpg HTTP/1.1" 404 - "-" "Mozilla/5.0 AppleWebKit/537.36 (KHTML, like Gecko; compatible; bingbot/2.0; +http://www.bing.com/bingbot.htm) Chrome/103.0.5060.134 Safari/537.36"
52.167.144.171 - - [25/Apr/2023:21:04:56 +0200] "GET /buecher/gesichter/09.jpg HTTP/1.1" 404 - "-" "Mozilla/5.0 AppleWebKit/537.36 (KHTML, like Gecko; compatible; bingbot/2.0; +http://www.bing.com/bingbot.htm) Chrome/103.0.5060.134 Safari/537.36"
52.167.144.94 - - [25/Apr/2023:21:05:00 +0200] "GET /buecher/gesichter/30.jpg HTTP/1.1" 404 - "-" "Mozilla/5.0 AppleWebKit/537.36 (KHTML, like Gecko; compatible; bingbot/2.0; +http://www.bing.com/bingbot.htm) Chrome/103.0.5060.134 Safari/537.36"
40.77.167.100 - - [25/Apr/2023:21:05:11 +0200] "GET /buecher/gesichter/25.jpg HTTP/1.1" 404 - "-" "Mozilla/5.0 AppleWebKit/537.36 (KHTML, like Gecko; compatible; bingbot/2.0; +http://www.bing.com/bingbot.htm) Chrome/103.0.5060.134 Safari/537.36"
40.77.167.120 - - [25/Apr/2023:21:05:15 +0200] "GET /buecher/gesichter/28.jpg HTTP/1.1" 404 - "-" "Mozilla/5.0 AppleWebKit/537.36 (KHTML, like Gecko; compatible; bingbot/2.0; +http://www.bing.com/bingbot.htm) Chrome/103.0.5060.134 Safari/537.36"
34.78.128.92 - - [25/Apr/2023:21:19:12 +0200] "GET / HTTP/1.1" 404 - "-" "Mozilla/5.0 (Windows NT 10.0; Win64; x64) AppleWebKit/537.36 (KHTML, like Gecko) Chrome/84.0.4147.105 Safari/537.36"
54.161.41.102 - - [25/Apr/2023:22:08:11 +0200] "GET /sonderthemen/oekt_extra2.pdf HTTP/1.1" 404 - "-" "Mozilla/5.0 (compatible; Neevabot/1.0; +https://neeva.com/neevabot)"
54.161.41.102 - - [25/Apr/2023:22:08:49 +0200] "GET /cds/hymnos_akathistos.html HTTP/1.1" 404 - "-" "Mozilla/5.0 (compatible; Neevabot/1.0; +https://neeva.com/neevabot)"
54.161.41.102 - - [25/Apr/2023:22:09:05 +0200] "GET / HTTP/1.1" 404 - "-" "Mozilla/5.0 (compatible; Neevabot/1.0; +https://neeva.com/neevabot)"
54.161.41.102 - - [25/Apr/2023:22:09:16 +0200] "GET /sonderthemen/oeaz2001.pdf HTTP/1.1" 404 - "-" "Mozilla/5.0 (compatible; Neevabot/1.0; +https://neeva.com/neevabot)"
54.161.41.102 - - [25/Apr/2023:22:09:21 +0200] "GET /kontakt/ HTTP/1.1" 404 - "-" "Mozilla/5.0 (compatible; Neevabot/1.0; +https://neeva.com/neevabot)"
54.161.41.102 - - [25/Apr/2023:22:09:26 +0200] "GET /sonderthemen/az1999.pdf HTTP/1.1" 404 - "-" "Mozilla/5.0 (compatible; Neevabot/1.0; +https://neeva.com/neevabot)"
54.161.41.102 - - [25/Apr/2023:22:09:31 +0200] "GET /sonderthemen/sk2000.pdf HTTP/1.1" 404 - "-" "Mozilla/5.0 (compatible; Neevabot/1.0; +https://neeva.com/neevabot)"
54.161.41.102 - - [25/Apr/2023:22:09:36 +0200] "GET /sonderthemen/az2000.pdf HTTP/1.1" 404 - "-" "Mozilla/5.0 (compatible; Neevabot/1.0; +https://neeva.com/neevabot)"
54.161.41.102 - - [25/Apr/2023:22:09:41 +0200] "GET /sonderthemen/oekz2003.pdf HTTP/1.1" 404 - "-" "Mozilla/5.0 (compatible; Neevabot/1.0; +https://neeva.com/neevabot)"
54.161.41.102 - - [25/Apr/2023:22:09:45 +0200] "GET /buecher/ HTTP/1.1" 404 - "-" "Mozilla/5.0 (compatible; Neevabot/1.0; +https://neeva.com/neevabot)"
54.161.41.102 - - [25/Apr/2023:22:09:51 +0200] "GET /cds/rosarium.html HTTP/1.1" 404 - "-" "Mozilla/5.0 (compatible; Neevabot/1.0; +https://neeva.com/neevabot)"
54.161.41.102 - - [25/Apr/2023:22:09:55 +0200] "GET /sonderthemen/sk2001.pdf HTTP/1.1" 404 - "-" "Mozilla/5.0 (compatible; Neevabot/1.0; +https://neeva.com/neevabot)"
54.161.41.102 - - [25/Apr/2023:22:10:00 +0200] "GET /buecher/rezensionen_chateaubriand.html HTTP/1.1" 404 - "-" "Mozilla/5.0 (compatible; Neevabot/1.0; +https://neeva.com/neevabot)"
54.161.41.102 - - [25/Apr/2023:22:10:05 +0200] "GET /sonderthemen/oekt_extra3.pdf HTTP/1.1" 404 - "-" "Mozilla/5.0 (compatible; Neevabot/1.0; +https://neeva.com/neevabot)"
54.161.41.102 - - [25/Apr/2023:22:10:10 +0200] "GET /sonderthemen/sk2002.pdf HTTP/1.1" 404 - "-" "Mozilla/5.0 (compatible; Neevabot/1.0; +https://neeva.com/neevabot)"
54.161.41.102 - - [25/Apr/2023:22:10:15 +0200] "GET /sonderthemen/oekt_extra1.pdf HTTP/1.1" 404 - "-" "Mozilla/5.0 (compatible; Neevabot/1.0; +https://neeva.com/neevabot)"
54.161.41.102 - - [25/Apr/2023:22:10:20 +0200] "GET /sonderthemen/oeaz2002.pdf HTTP/1.1" 404 - "-" "Mozilla/5.0 (compatible; Neevabot/1.0; +https://neeva.com/neevabot)"
209.97.144.66 - - [25/Apr/2023:22:33:41 +0200] "GET /aktuell.html HTTP/1.1" 404 - "-" "WPMU DEV Broken Link Checker Spider"
66.249.69.223 - - [25/Apr/2023:22:46:32 +0200] "GET /robots.txt HTTP/1.1" 404 - "-" "Mozilla/5.0 (compatible; Googlebot/2.1; +http://www.google.com/bot.html)"
66.249.69.221 - - [25/Apr/2023:22:46:33 +0200] "GET /buecher/guardini/bd6.jpg HTTP/1.1" 404 - "-" "Googlebot-Image/1.0"
157.90.209.76 - - [26/Apr/2023:02:48:06 +0200] "GET /robots.txt HTTP/1.1" 404 - "-" "Mozilla/5.0 (compatible; BLEXBot/1.0; +http://webmeup-crawler.com/)"
157.90.209.76 - - [26/Apr/2023:02:48:10 +0200] "GET /sitemap HTTP/1.1" 404 - "-" "Mozilla/5.0 (compatible; BLEXBot/1.0; +http://webmeup-crawler.com/)"
157.90.209.76 - - [26/Apr/2023:02:48:19 +0200] "GET /sitemap.txt HTTP/1.1" 404 - "-" "Mozilla/5.0 (compatible; BLEXBot/1.0; +http://webmeup-crawler.com/)"
157.90.209.76 - - [26/Apr/2023:02:48:26 +0200] "GET /buecher/ HTTP/1.1" 404 - "-" "Mozilla/5.0 (compatible; BLEXBot/1.0; +http://webmeup-crawler.com/)"
40.77.167.100 - - [26/Apr/2023:05:00:46 +0200] "GET /buecher/gesichter/25.jpg HTTP/1.1" 404 - "-" "Mozilla/5.0 AppleWebKit/537.36 (KHTML, like Gecko; compatible; bingbot/2.0; +http://www.bing.com/bingbot.htm) Chrome/103.0.5060.134 Safari/537.36"
52.167.144.171 - - [26/Apr/2023:05:00:50 +0200] "GET /buecher/gesichter/06.jpg HTTP/1.1" 404 - "-" "Mozilla/5.0 AppleWebKit/537.36 (KHTML, like Gecko; compatible; bingbot/2.0; +http://www.bing.com/bingbot.htm) Chrome/103.0.5060.134 Safari/537.36"
