79.124.49.14 - - [15/Apr/2023:23:41:28 +0200] "GET /.env.old HTTP/1.1" 404 - "-" "Mozilla/5.0 (Windows NT 6.1) AppleWebKit/537.36 (KHTML, like Gecko) Chrome/41.0.2228.0 Safari/537.36"
79.124.49.14 - - [15/Apr/2023:23:41:35 +0200] "GET /.env.www HTTP/1.1" 404 - "-" "Mozilla/5.0 (Windows NT 6.3; Win64; x64) AppleWebKit/537.36 (KHTML, like Gecko) Chrome/37.0.2049.0 Safari/537.36"
79.124.49.14 - - [15/Apr/2023:23:41:43 +0200] "GET /.env_1 HTTP/1.1" 404 - "-" "Mozilla/5.0 (Windows NT 6.3; Win64; x64) AppleWebKit/537.36 (KHTML, like Gecko) Chrome/37.0.2049.0 Safari/537.36"
79.124.49.14 - - [15/Apr/2023:23:41:50 +0200] "GET /.env_sample HTTP/1.1" 404 - "-" "Mozilla/5.0 (Windows NT 5.1) AppleWebKit/537.36 (KHTML, like Gecko) Chrome/36.0.1985.67 Safari/537.36"
79.124.49.14 - - [15/Apr/2023:23:41:57 +0200] "GET /.env.morusverlag HTTP/1.1" 404 - "-" "Mozilla/5.0 (Macintosh; Intel Mac OS X 10_9_3) AppleWebKit/537.36 (KHTML, like Gecko) Chrome/35.0.1916.47 Safari/537.36"
79.124.49.14 - - [15/Apr/2023:23:42:05 +0200] "GET /.env.www HTTP/1.1" 404 - "-" "Mozilla/5.0 (Macintosh; Intel Mac OS X 10_8_4) AppleWebKit/537.36 (KHTML, like Gecko) Chrome/49.0.2656.18 Safari/537.36"
79.124.49.14 - - [15/Apr/2023:23:42:12 +0200] "GET /api/.env HTTP/1.1" 404 - "-" "Mozilla/5.0 (Macintosh; Intel Mac OS X 10_9_3) AppleWebKit/537.36 (KHTML, like Gecko) Chrome/35.0.1916.47 Safari/537.36"
79.124.49.14 - - [15/Apr/2023:23:42:20 +0200] "GET /parameters.yml HTTP/1.1" 404 - "-" "Mozilla/5.0 (X11; Ubuntu; Linux i686 on x86_64) AppleWebKit/537.36 (KHTML, like Gecko) Chrome/53.0.2820.59 Safari/537.36"
79.124.49.14 - - [15/Apr/2023:23:42:28 +0200] "GET /app/config/parameters.yml HTTP/1.1" 404 - "-" "Mozilla/5.0 (Windows NT 6.3; WOW64) AppleWebKit/537.36 (KHTML, like Gecko) Chrome/41.0.2226.0 Safari/537.36"
79.124.49.14 - - [15/Apr/2023:23:42:35 +0200] "GET /parameters.yml.dist HTTP/1.1" 404 - "-" "Mozilla/5.0 (Windows NT 10.0; Win64; x64) AppleWebKit/537.36 (KHTML, like Gecko) Chrome/89.0.4389.114 Safari/537.36"
79.124.49.14 - - [15/Apr/2023:23:42:43 +0200] "GET /app/config/parameters.yml.dist HTTP/1.1" 404 - "-" "Mozilla/5.0 (Windows NT 10.0; Win64; x64) AppleWebKit/537.36 (KHTML, like Gecko) Chrome/89.0.4389.114 Safari/537.36"
79.124.49.14 - - [15/Apr/2023:23:42:51 +0200] "GET /wp-config.php-backup HTTP/1.1" 404 - "-" "Mozilla/5.0 (Macintosh; Intel Mac OS X 10_8_4) AppleWebKit/537.36 (KHTML, like Gecko) Chrome/49.0.2656.18 Safari/537.36"
79.124.49.14 - - [15/Apr/2023:23:42:59 +0200] "GET /%25c0 HTTP/1.1" 404 - "-" "Mozilla/5.0 (Windows NT 10.0) AppleWebKit/537.36 (KHTML, like Gecko) Chrome/89.0.4389.114 Safari/537.36"
79.124.49.14 - - [15/Apr/2023:23:43:06 +0200] "GET /sendgrid.env HTTP/1.1" 404 - "-" "Mozilla/5.0 (Windows NT 6.1; WOW64) AppleWebKit/537.36 (KHTML, like Gecko) Chrome/36.0.1985.67 Safari/537.36"
79.124.49.14 - - [15/Apr/2023:23:43:14 +0200] "GET /env.js HTTP/1.1" 404 - "-" "Mozilla/5.0 (Windows NT 5.1) AppleWebKit/537.36 (KHTML, like Gecko) Chrome/41.0.2224.3 Safari/537.36"
79.124.49.14 - - [15/Apr/2023:23:43:22 +0200] "GET /env.development.js HTTP/1.1" 404 - "-" "Mozilla/5.0 (Windows NT 5.1) AppleWebKit/537.36 (KHTML, like Gecko) Chrome/35.0.3319.102 Safari/537.36"
79.124.49.14 - - [15/Apr/2023:23:43:30 +0200] "GET /env.production.js HTTP/1.1" 404 - "-" "Mozilla/5.0 (Windows NT 5.1) AppleWebKit/537.36 (KHTML, like Gecko) Chrome/35.0.2117.157 Safari/537.36"
79.124.49.14 - - [15/Apr/2023:23:43:38 +0200] "GET /env.test.js HTTP/1.1" 404 - "-" "Mozilla/5.0 (Windows NT 5.1) AppleWebKit/537.36 (KHTML, like Gecko) Chrome/36.0.1985.67 Safari/537.36"
79.124.49.14 - - [15/Apr/2023:23:43:46 +0200] "GET /env.dev.js HTTP/1.1" 404 - "-" "Mozilla/5.0 (Macintosh; Intel Mac OS X 10_9_3) AppleWebKit/537.36 (KHTML, like Gecko) Chrome/35.0.1916.47 Safari/537.36"
79.124.49.14 - - [15/Apr/2023:23:43:53 +0200] "GET /env.prod.js HTTP/1.1" 404 - "-" "Mozilla/5.0 (X11; Ubuntu; Linux x86_64) AppleWebKit/537.36 (KHTML, like Gecko) Chrome/55.0.2919.83 Safari/537.36"
5.2.79.179 - - [16/Apr/2023:01:02:21 +0200] "GET /.electrum/config HTTP/1.1" 404 - "-" "Go-http-client/1.1"
173.252.83.23 - - [16/Apr/2023:01:18:49 +0200] "GET /buecher/gesichter/03.jpg HTTP/1.1" 404 - "-" "facebookexternalhit/1.1 (+http://www.facebook.com/externalhit_uatext.php)"
34.89.198.83 - - [16/Apr/2023:03:34:47 +0200] "GET /robots.txt HTTP/1.1" 404 - "-" "Mozilla/5.0 (compatible; Googlebot/2.1; +http://www.google.com/bot.html)"
34.89.198.86 - - [16/Apr/2023:03:34:48 +0200] "GET / HTTP/1.1" 404 - "-" "Mozilla/5.0 (compatible; Googlebot/2.1; +http://www.google.com/bot.html)"
194.173.174.106 - - [16/Apr/2023:04:22:50 +0200] "HEAD / HTTP/1.1" 404 - "-" "Mozilla/5.0 (Windows NT 6.3; WOW64) AppleWebKit/537.36 (KHTML, like Gecko) Chrome/43.0.2357.134 Safari/537.36"
194.173.174.106 - - [16/Apr/2023:04:22:56 +0200] "GET / HTTP/1.1" 404 - "-" "Mozilla/5.0 (Windows NT 6.3; WOW64) AppleWebKit/537.36 (KHTML, like Gecko) Chrome/43.0.2357.134 Safari/537.36"
194.173.174.106 - - [16/Apr/2023:04:27:37 +0200] "HEAD / HTTP/1.1" 404 - "-" "Mozilla/5.0 (Windows NT 6.3; WOW64) AppleWebKit/537.36 (KHTML, like Gecko) Chrome/43.0.2357.134 Safari/537.36"
194.173.174.106 - - [16/Apr/2023:04:27:37 +0200] "GET / HTTP/1.1" 404 - "-" "Mozilla/5.0 (Windows NT 6.3; WOW64) AppleWebKit/537.36 (KHTML, like Gecko) Chrome/43.0.2357.134 Safari/537.36"
51.222.253.20 - - [16/Apr/2023:04:44:21 +0200] "GET /robots.txt HTTP/1.1" 404 - "-" "Mozilla/5.0 (compatible; AhrefsBot/7.0; +http://ahrefs.com/robot/)"
5.254.48.194 - - [16/Apr/2023:06:36:39 +0200] "GET / HTTP/1.0" 404 - "https://allnatural.space/mexico/beauty/prod-1838/" "Mozilla/5.0 (Windows NT 6.3; Win64; x64) AppleWebKit/537.36 (KHTML, like Gecko) Chrome/90.0.4430.72 Safari/537.36 Edg/90.0.818.42"
5.254.48.194 - - [16/Apr/2023:06:36:39 +0200] "GET / HTTP/1.0" 404 - "https://allnatural.space/mexico/beauty/prod-1838/" "Mozilla/5.0 (Windows NT 6.3; Win64; x64) AppleWebKit/537.36 (KHTML, like Gecko) Chrome/90.0.4430.72 Safari/537.36 Edg/90.0.818.42"
5.254.48.194 - - [16/Apr/2023:06:40:06 +0200] "GET / HTTP/1.0" 404 - "https://allforhealth.xyz/bel/11/w-loss/" "Mozilla/5.0 (Windows NT 6.1) AppleWebKit/537.36 (KHTML, like Gecko) Chrome/90.0.4430.85 Safari/537.36"
5.254.48.194 - - [16/Apr/2023:06:40:06 +0200] "GET / HTTP/1.0" 404 - "https://allforhealth.xyz/bel/11/w-loss/" "Mozilla/5.0 (Windows NT 6.1) AppleWebKit/537.36 (KHTML, like Gecko) Chrome/90.0.4430.85 Safari/537.36"
104.243.253.4 - - [16/Apr/2023:06:50:15 +0200] "GET / HTTP/1.0" 404 - "https://goodsalepharmacy.space/belgium/5/product-1249/" "Mozilla/5.0 (Windows NT 10.0; Win64; x64) AppleWebKit/537.36 (KHTML, like Gecko) Chrome/90.0.4430.72 Safari/537.36"
104.243.253.4 - - [16/Apr/2023:06:50:15 +0200] "GET / HTTP/1.0" 404 - "https://goodsalepharmacy.space/belgium/5/product-1249/" "Mozilla/5.0 (Windows NT 10.0; Win64; x64) AppleWebKit/537.36 (KHTML, like Gecko) Chrome/90.0.4430.72 Safari/537.36"
194.173.174.10 - - [16/Apr/2023:06:56:55 +0200] "HEAD / HTTP/1.1" 404 - "-" "Mozilla/5.0 (Windows NT 6.3; WOW64) AppleWebKit/537.36 (KHTML, like Gecko) Chrome/43.0.2357.134 Safari/537.36"
194.173.174.10 - - [16/Apr/2023:06:56:55 +0200] "GET / HTTP/1.1" 404 - "-" "Mozilla/5.0 (Windows NT 6.3; WOW64) AppleWebKit/537.36 (KHTML, like Gecko) Chrome/43.0.2357.134 Safari/537.36"
104.243.253.4 - - [16/Apr/2023:06:58:07 +0200] "GET / HTTP/1.0" 404 - "https://goodpharmstore.space/mexico/tovar-name-rechiol/" "Mozilla/5.0 (Windows NT 10.0; Win64; x64) AppleWebKit/537.36 (KHTML, like Gecko) Chrome/90.0.4430.93 Safari/537.36"
104.243.253.4 - - [16/Apr/2023:06:58:07 +0200] "GET / HTTP/1.0" 404 - "https://goodpharmstore.space/mexico/tovar-name-rechiol/" "Mozilla/5.0 (Windows NT 10.0; Win64; x64) AppleWebKit/537.36 (KHTML, like Gecko) Chrome/90.0.4430.93 Safari/537.36"
172.111.231.21 - - [16/Apr/2023:06:59:16 +0200] "GET / HTTP/1.0" 404 - "https://helpfulpharmacy.space/czech/product-2321/" "Mozilla/5.0 (Windows NT 6.3; Win64; x64) AppleWebKit/537.36 (KHTML, like Gecko) Chrome/90.0.4430.93 Safari/537.36"
172.111.231.21 - - [16/Apr/2023:06:59:16 +0200] "GET / HTTP/1.0" 404 - "https://helpfulpharmacy.space/czech/product-2321/" "Mozilla/5.0 (Windows NT 6.3; Win64; x64) AppleWebKit/537.36 (KHTML, like Gecko) Chrome/90.0.4430.93 Safari/537.36"
104.243.253.4 - - [16/Apr/2023:07:39:42 +0200] "GET / HTTP/1.0" 404 - "https://goodpharm.space/peru/11-category/kashu/" "Mozilla/5.0 (Windows NT 6.1) AppleWebKit/537.36 (KHTML, like Gecko) Chrome/90.0.4430.85 Safari/537.36"
104.243.253.4 - - [16/Apr/2023:07:39:42 +0200] "GET / HTTP/1.0" 404 - "https://goodpharm.space/peru/11-category/kashu/" "Mozilla/5.0 (Windows NT 6.1) AppleWebKit/537.36 (KHTML, like Gecko) Chrome/90.0.4430.85 Safari/537.36"
172.111.231.21 - - [16/Apr/2023:07:42:51 +0200] "GET / HTTP/1.0" 404 - "https://greenproduct.space/deu/alcoholism/alkotox/" "Mozilla/5.0 (Windows NT 6.1; WOW64) AppleWebKit/537.36 (KHTML, like Gecko) Chrome/90.0.4430.93 Safari/537.36"
172.111.231.21 - - [16/Apr/2023:07:42:51 +0200] "GET / HTTP/1.0" 404 - "https://greenproduct.space/deu/alcoholism/alkotox/" "Mozilla/5.0 (Windows NT 6.1; WOW64) AppleWebKit/537.36 (KHTML, like Gecko) Chrome/90.0.4430.93 Safari/537.36"
172.111.231.21 - - [16/Apr/2023:07:43:36 +0200] "GET / HTTP/1.0" 404 - "https://healthcesta.com/latvia/3/uromexil-forte/" "Mozilla/5.0 (Windows NT 10.0; Win64; x64) AppleWebKit/537.36 (KHTML, like Gecko) Chrome/90.0.4430.72 Safari/537.36 Edg/90.0.818.39"
172.111.231.21 - - [16/Apr/2023:07:43:36 +0200] "GET / HTTP/1.0" 404 - "https://healthcesta.com/latvia/3/uromexil-forte/" "Mozilla/5.0 (Windows NT 10.0; Win64; x64) AppleWebKit/537.36 (KHTML, like Gecko) Chrome/90.0.4430.72 Safari/537.36 Edg/90.0.818.39"
172.111.231.21 - - [16/Apr/2023:07:43:37 +0200] "GET / HTTP/1.0" 404 - "https://growhealthy.space/romania/categ-slimming/tvr-idealfit-slimming-drops/" "Mozilla/5.0 (Windows NT 10.0; WOW64) AppleWebKit/537.36 (KHTML, like Gecko) Chrome/90.0.4400.8 Safari/537.36"
172.111.231.21 - - [16/Apr/2023:07:43:40 +0200] "GET / HTTP/1.0" 404 - "https://growhealthy.space/romania/categ-slimming/tvr-idealfit-slimming-drops/" "Mozilla/5.0 (Windows NT 10.0; WOW64) AppleWebKit/537.36 (KHTML, like Gecko) Chrome/90.0.4400.8 Safari/537.36"
66.249.74.93 - - [16/Apr/2023:08:24:40 +0200] "GET /robots.txt HTTP/1.1" 404 - "-" "Mozilla/5.0 (compatible; Googlebot/2.1; +http://www.google.com/bot.html)"
66.249.74.91 - - [16/Apr/2023:08:24:40 +0200] "GET / HTTP/1.1" 404 - "-" "Mozilla/5.0 (compatible; Googlebot/2.1; +http://www.google.com/bot.html)"
138.199.38.33 - - [16/Apr/2023:08:25:57 +0200] "GET / HTTP/1.0" 404 - "https://goodhealth369.com/czech/joints/depanten-gel-joint-health-remedy/" "Mozilla/5.0 (Windows NT 10.0; WOW64) AppleWebKit/537.36 (KHTML, like Gecko) Chrome/90.0.4400.8 Safari/537.36"
138.199.38.33 - - [16/Apr/2023:08:25:57 +0200] "GET / HTTP/1.0" 404 - "https://goodhealth369.com/czech/joints/depanten-gel-joint-health-remedy/" "Mozilla/5.0 (Windows NT 10.0; WOW64) AppleWebKit/537.36 (KHTML, like Gecko) Chrome/90.0.4400.8 Safari/537.36"
173.252.83.24 - - [16/Apr/2023:08:27:06 +0200] "GET /cds/hymnos_heft.jpg HTTP/1.1" 404 - "-" "facebookexternalhit/1.1 (+http://www.facebook.com/externalhit_uatext.php)"
173.252.83.17 - - [16/Apr/2023:08:27:23 +0200] "GET /cds/ignatius.jpg HTTP/1.1" 404 - "-" "facebookexternalhit/1.1 (+http://www.facebook.com/externalhit_uatext.php)"
173.252.83.117 - - [16/Apr/2023:08:30:56 +0200] "GET /buecher/gesichter/13.jpg HTTP/1.1" 404 - "-" "facebookexternalhit/1.1 (+http://www.facebook.com/externalhit_uatext.php)"
34.89.198.87 - - [16/Apr/2023:08:37:36 +0200] "GET / HTTP/1.1" 404 - "-" "Mozilla/5.0 (compatible; Googlebot/2.1; +http://www.google.com/bot.html)"
5.254.48.194 - - [16/Apr/2023:08:56:17 +0200] "GET / HTTP/1.0" 404 - "https://angkahoki365.com/colombia/5/hialuronika/" "Mozilla/5.0 (Windows NT 6.1; ) AppleWebKit/537.36 (KHTML, like Gecko) Chrome/90.0.4430.72 Safari/537.36"
5.254.48.194 - - [16/Apr/2023:08:56:17 +0200] "GET / HTTP/1.0" 404 - "https://angkahoki365.com/colombia/5/hialuronika/" "Mozilla/5.0 (Windows NT 6.1; ) AppleWebKit/537.36 (KHTML, like Gecko) Chrome/90.0.4430.72 Safari/537.36"
104.243.253.4 - - [16/Apr/2023:09:13:49 +0200] "GET / HTTP/1.0" 404 - "https://greenpharm.space/chl/category-name-cardiovascular-system/product-name-incasol/" "Mozilla/5.0 (Windows NT 6.1; Win64; x64) AppleWebKit/537.36 (KHTML, like Gecko) Chrome/90.0.4430.93 Safari/537.36"
104.243.253.4 - - [16/Apr/2023:09:13:52 +0200] "GET / HTTP/1.0" 404 - "https://greenpharm.space/chl/category-name-cardiovascular-system/product-name-incasol/" "Mozilla/5.0 (Windows NT 6.1; Win64; x64) AppleWebKit/537.36 (KHTML, like Gecko) Chrome/90.0.4430.93 Safari/537.36"
5.254.48.194 - - [16/Apr/2023:09:18:57 +0200] "GET / HTTP/1.0" 404 - "https://bighotshop.space/chile/3-cat/prod-prolibidox/" "Mozilla/5.0 (Windows NT 6.1) AppleWebKit/537.36 (KHTML, like Gecko) Chrome/90.0.4430.85 Safari/537.36"
5.254.48.194 - - [16/Apr/2023:09:18:57 +0200] "GET / HTTP/1.0" 404 - "https://bighotshop.space/chile/3-cat/prod-prolibidox/" "Mozilla/5.0 (Windows NT 6.1) AppleWebKit/537.36 (KHTML, like Gecko) Chrome/90.0.4430.85 Safari/537.36"
138.199.38.33 - - [16/Apr/2023:09:27:57 +0200] "GET / HTTP/1.0" 404 - "https://flymedicy.space/ita/category-name-hemorrhoids/product-2447/" "Mozilla/5.0 (Windows NT 6.2; Win64; x64) AppleWebKit/537.36 (KHTML, like Gecko) Chrome/90.0.4430.72 Safari/537.36"
138.199.38.33 - - [16/Apr/2023:09:27:57 +0200] "GET / HTTP/1.0" 404 - "https://flymedicy.space/ita/category-name-hemorrhoids/product-2447/" "Mozilla/5.0 (Windows NT 6.2; Win64; x64) AppleWebKit/537.36 (KHTML, like Gecko) Chrome/90.0.4430.72 Safari/537.36"
172.111.231.21 - - [16/Apr/2023:10:54:59 +0200] "GET / HTTP/1.0" 404 - "https://hitnaturalstore.space/peru/id-categ-10/id-tovar-1659/" "Mozilla/5.0 (Windows NT 6.1; WOW64) AppleWebKit/537.36 (KHTML, like Gecko) Chrome/90.0.4430.85 Safari/537.36"
172.111.231.21 - - [16/Apr/2023:10:55:02 +0200] "GET / HTTP/1.0" 404 - "https://hitnaturalstore.space/peru/id-categ-10/id-tovar-1659/" "Mozilla/5.0 (Windows NT 6.1; WOW64) AppleWebKit/537.36 (KHTML, like Gecko) Chrome/90.0.4430.85 Safari/537.36"
138.199.38.33 - - [16/Apr/2023:10:58:45 +0200] "GET / HTTP/1.0" 404 - "https://firstpharmacy.space/france/product-1287/" "Mozilla/5.0 (Windows NT 6.1; WOW64) AppleWebKit/537.36 (KHTML, like Gecko) Chrome/90.0.4430.93 Safari/537.36"
138.199.38.33 - - [16/Apr/2023:10:58:45 +0200] "GET / HTTP/1.0" 404 - "https://firstpharmacy.space/france/product-1287/" "Mozilla/5.0 (Windows NT 6.1; WOW64) AppleWebKit/537.36 (KHTML, like Gecko) Chrome/90.0.4430.93 Safari/537.36"
85.206.169.188 - - [16/Apr/2023:11:29:59 +0200] "GET / HTTP/1.0" 404 - "https://1sthealthpoint.com/hun/prostatitis/uromexil-forte-prostate-health-remedies/" "Mozilla/5.0 (Windows NT 6.3; Win64; x64) AppleWebKit/537.36 (KHTML, like Gecko) Chrome/90.0.4430.85 Safari/537.36"
85.206.169.188 - - [16/Apr/2023:11:30:00 +0200] "GET / HTTP/1.0" 404 - "https://1sthealthpoint.com/hun/prostatitis/uromexil-forte-prostate-health-remedies/" "Mozilla/5.0 (Windows NT 6.3; Win64; x64) AppleWebKit/537.36 (KHTML, like Gecko) Chrome/90.0.4430.85 Safari/537.36"
173.252.83.15 - - [16/Apr/2023:11:43:38 +0200] "GET /buecher/gesichter/02.jpg HTTP/1.1" 404 - "-" "facebookexternalhit/1.1 (+http://www.facebook.com/externalhit_uatext.php)"
138.199.38.33 - - [16/Apr/2023:12:12:46 +0200] "GET / HTTP/1.0" 404 - "https://goldpharm.space/cyprus/alcoholism/prod-1605/" "Mozilla/5.0 (Windows NT 6.1) AppleWebKit/537.36 (KHTML, like Gecko) Chrome/90.0.4430.72 Safari/537.36"
138.199.38.33 - - [16/Apr/2023:12:12:46 +0200] "GET / HTTP/1.0" 404 - "https://goldpharm.space/cyprus/alcoholism/prod-1605/" "Mozilla/5.0 (Windows NT 6.1) AppleWebKit/537.36 (KHTML, like Gecko) Chrome/90.0.4430.72 Safari/537.36"
5.254.53.39 - - [16/Apr/2023:12:44:38 +0200] "GET / HTTP/1.0" 404 - "https://dreamskinlux.com/bulgaria/1/erostone/" "Mozilla/5.0 (Windows NT 6.1) AppleWebKit/537.36 (KHTML, like Gecko) Chrome/90.0.4430.72 Safari/537.36"
5.254.53.39 - - [16/Apr/2023:12:44:38 +0200] "GET / HTTP/1.0" 404 - "https://dreamskinlux.com/bulgaria/1/erostone/" "Mozilla/5.0 (Windows NT 6.1) AppleWebKit/537.36 (KHTML, like Gecko) Chrome/90.0.4430.72 Safari/537.36"
45.127.250.176 - - [16/Apr/2023:12:59:13 +0200] "GET / HTTP/1.1" 404 - "-" "Mozilla/5.0 (Windows NT 10.0; Win64; x64) AppleWebKit/537.36 (KHTML, like Gecko) Chrome/93.0.4577.82 Safari/537.36"
104.144.3.11 - - [16/Apr/2023:12:59:16 +0200] "GET / HTTP/1.1" 404 - "-" "Mozilla/5.0 (Windows NT 10.0; Win64; x64) AppleWebKit/537.36 (KHTML, like Gecko) Chrome/93.0.4577.82 Safari/537.36"
142.132.147.53 - - [16/Apr/2023:12:59:18 +0200] "GET / HTTP/1.1" 404 - "-" "Mozilla/5.0 (Windows NT 10.0; Win64; x64) AppleWebKit/537.36 (KHTML, like Gecko) Chrome/93.0.4577.82 Safari/537.36"
104.243.253.4 - - [16/Apr/2023:13:17:26 +0200] "GET / HTTP/1.0" 404 - "https://goodnaturpharmacy.space/cardiovascular-system/tonerin/" "Mozilla/5.0 (Windows NT 10.0; Win64; x64) AppleWebKit/537.36 (KHTML, like Gecko) Chrome/90.0.4430.85 Safari/537.36"
104.243.253.4 - - [16/Apr/2023:13:17:26 +0200] "GET / HTTP/1.0" 404 - "https://goodnaturpharmacy.space/cardiovascular-system/tonerin/" "Mozilla/5.0 (Windows NT 10.0; Win64; x64) AppleWebKit/537.36 (KHTML, like Gecko) Chrome/90.0.4430.85 Safari/537.36"
5.254.53.39 - - [16/Apr/2023:14:55:53 +0200] "GET / HTTP/1.0" 404 - "https://dreamnutra.space/malaysia/11-category/product-1389/" "Mozilla/5.0 (Windows NT 10.0) AppleWebKit/537.36 (KHTML, like Gecko) Chrome/90.0.4430.72 Safari/537.36"
5.254.53.39 - - [16/Apr/2023:14:55:53 +0200] "GET / HTTP/1.0" 404 - "https://dreamnutra.space/malaysia/11-category/product-1389/" "Mozilla/5.0 (Windows NT 10.0) AppleWebKit/537.36 (KHTML, like Gecko) Chrome/90.0.4430.72 Safari/537.36"
5.254.53.39 - - [16/Apr/2023:14:59:19 +0200] "GET / HTTP/1.0" 404 - "https://bizmedicapotek.com/beauty/intenskin/" "Mozilla/5.0 (Windows NT 10.0; WOW64) AppleWebKit/537.36 (KHTML, like Gecko) Chrome/90.0.4430.72 Safari/537.36"
5.254.53.39 - - [16/Apr/2023:14:59:19 +0200] "GET / HTTP/1.0" 404 - "https://bizmedicapotek.com/beauty/intenskin/" "Mozilla/5.0 (Windows NT 10.0; WOW64) AppleWebKit/537.36 (KHTML, like Gecko) Chrome/90.0.4430.72 Safari/537.36"
66.249.68.63 - - [16/Apr/2023:15:42:50 +0200] "GET /cds/rosarium.html HTTP/1.1" 404 - "-" "Mozilla/5.0 (Linux; Android 6.0.1; Nexus 5X Build/MMB29P) AppleWebKit/537.36 (KHTML, like Gecko) Chrome/112.0.5615.49 Mobile Safari/537.36 (compatible; Googlebot/2.1; +http://www.google.com/bot.html)"
5.254.53.39 - - [16/Apr/2023:15:55:17 +0200] "GET / HTTP/1.0" 404 - "https://firsthealthstore.space/bangladesh/tvr-967/" "Mozilla/5.0 (Windows NT 10.0; Win64; x64) AppleWebKit/537.36 (KHTML, like Gecko) Chrome/90.0.4430.85 Safari/537.36"
5.254.53.39 - - [16/Apr/2023:15:55:17 +0200] "GET / HTTP/1.0" 404 - "https://firsthealthstore.space/bangladesh/tvr-967/" "Mozilla/5.0 (Windows NT 10.0; Win64; x64) AppleWebKit/537.36 (KHTML, like Gecko) Chrome/90.0.4430.85 Safari/537.36"
5.254.53.39 - - [16/Apr/2023:15:57:42 +0200] "GET / HTTP/1.0" 404 - "https://bigpharmsale.space/estonia/mans-health/prod-maral-gel-penis-enlargement-gel/" "Mozilla/5.0 (Windows NT 10.0; Win64; x64) AppleWebKit/537.36 (KHTML, like Gecko) Chrome/90.0.4430.72 Safari/537.36"
5.254.53.39 - - [16/Apr/2023:15:57:42 +0200] "GET / HTTP/1.0" 404 - "https://bigpharmsale.space/estonia/mans-health/prod-maral-gel-penis-enlargement-gel/" "Mozilla/5.0 (Windows NT 10.0; Win64; x64) AppleWebKit/537.36 (KHTML, like Gecko) Chrome/90.0.4430.72 Safari/537.36"
138.199.38.33 - - [16/Apr/2023:16:34:11 +0200] "GET / HTTP/1.0" 404 - "https://goodfeling.space/peru/category-14/calentras/" "Mozilla/5.0 (Windows NT 6.3; Win64; x64) AppleWebKit/537.36 (KHTML, like Gecko) Chrome/90.0.4430.85 Safari/537.36 Edg/90.0.818.46"
138.199.38.33 - - [16/Apr/2023:16:34:11 +0200] "GET / HTTP/1.0" 404 - "https://goodfeling.space/peru/category-14/calentras/" "Mozilla/5.0 (Windows NT 6.3; Win64; x64) AppleWebKit/537.36 (KHTML, like Gecko) Chrome/90.0.4430.85 Safari/537.36 Edg/90.0.818.46"
194.173.174.10 - - [16/Apr/2023:17:02:15 +0200] "HEAD / HTTP/1.1" 404 - "-" "Mozilla/5.0 (Windows NT 6.3; WOW64) AppleWebKit/537.36 (KHTML, like Gecko) Chrome/43.0.2357.134 Safari/537.36"
194.173.174.10 - - [16/Apr/2023:17:02:15 +0200] "GET / HTTP/1.1" 404 - "-" "Mozilla/5.0 (Windows NT 6.3; WOW64) AppleWebKit/537.36 (KHTML, like Gecko) Chrome/43.0.2357.134 Safari/537.36"
213.83.37.145 - - [16/Apr/2023:19:23:15 +0200] "HEAD / HTTP/1.1" 404 - "-" "Mozilla/5.0 (Windows NT 6.1; rv:39.0) Gecko/20180101 Firefox/39.0"
213.83.37.145 - - [16/Apr/2023:19:23:18 +0200] "HEAD / HTTP/1.1" 404 - "-" "Mozilla/5.0 (Windows NT 6.1; rv:39.0) Gecko/20180101 Firefox/39.0"
173.252.83.21 - - [16/Apr/2023:19:36:15 +0200] "GET /robots.txt HTTP/1.1" 404 - "-" "facebookexternalhit/1.1 (+http://www.facebook.com/externalhit_uatext.php)"
173.252.83.10 - - [16/Apr/2023:19:38:56 +0200] "GET /cds/glockenspiel1_k.jpg HTTP/1.1" 404 - "-" "facebookexternalhit/1.1 (+http://www.facebook.com/externalhit_uatext.php)"
40.77.167.85 - - [16/Apr/2023:20:08:28 +0200] "GET /robots.txt HTTP/1.1" 404 - "-" "Mozilla/5.0 AppleWebKit/537.36 (KHTML, like Gecko; compatible; bingbot/2.0; +http://www.bing.com/bingbot.htm) Chrome/103.0.5060.134 Safari/537.36"
40.77.167.85 - - [16/Apr/2023:20:08:28 +0200] "GET /robots.txt HTTP/1.1" 404 - "-" "Mozilla/5.0 AppleWebKit/537.36 (KHTML, like Gecko; compatible; bingbot/2.0; +http://www.bing.com/bingbot.htm) Chrome/103.0.5060.134 Safari/537.36"
40.77.167.161 - - [16/Apr/2023:20:08:32 +0200] "GET /buecher/gesichter/06.jpg HTTP/1.1" 404 - "-" "Mozilla/5.0 AppleWebKit/537.36 (KHTML, like Gecko; compatible; bingbot/2.0; +http://www.bing.com/bingbot.htm) Chrome/103.0.5060.134 Safari/537.36"
40.77.167.161 - - [16/Apr/2023:20:08:32 +0200] "GET /buecher/gesichter/06.jpg HTTP/1.1" 404 - "-" "Mozilla/5.0 AppleWebKit/537.36 (KHTML, like Gecko; compatible; bingbot/2.0; +http://www.bing.com/bingbot.htm) Chrome/103.0.5060.134 Safari/537.36"
40.77.167.161 - - [16/Apr/2023:20:08:32 +0200] "GET /buecher/gesichter/09.jpg HTTP/1.1" 404 - "-" "Mozilla/5.0 AppleWebKit/537.36 (KHTML, like Gecko; compatible; bingbot/2.0; +http://www.bing.com/bingbot.htm) Chrome/103.0.5060.134 Safari/537.36"
40.77.167.161 - - [16/Apr/2023:20:08:32 +0200] "GET /buecher/gesichter/09.jpg HTTP/1.1" 404 - "-" "Mozilla/5.0 AppleWebKit/537.36 (KHTML, like Gecko; compatible; bingbot/2.0; +http://www.bing.com/bingbot.htm) Chrome/103.0.5060.134 Safari/537.36"
52.167.144.94 - - [16/Apr/2023:20:08:37 +0200] "GET /buecher/gesichter/30.jpg HTTP/1.1" 404 - "-" "Mozilla/5.0 AppleWebKit/537.36 (KHTML, like Gecko; compatible; bingbot/2.0; +http://www.bing.com/bingbot.htm) Chrome/103.0.5060.134 Safari/537.36"
40.77.167.84 - - [16/Apr/2023:20:08:42 +0200] "GET /buecher/gesichter/25.jpg HTTP/1.1" 404 - "-" "Mozilla/5.0 AppleWebKit/537.36 (KHTML, like Gecko; compatible; bingbot/2.0; +http://www.bing.com/bingbot.htm) Chrome/103.0.5060.134 Safari/537.36"
40.77.167.120 - - [16/Apr/2023:20:08:47 +0200] "GET /buecher/gesichter/28.jpg HTTP/1.1" 404 - "-" "Mozilla/5.0 AppleWebKit/537.36 (KHTML, like Gecko; compatible; bingbot/2.0; +http://www.bing.com/bingbot.htm) Chrome/103.0.5060.134 Safari/537.36"
52.167.144.94 - - [16/Apr/2023:21:06:03 +0200] "GET /buecher/gesichter/30.jpg HTTP/1.1" 404 - "-" "Mozilla/5.0 AppleWebKit/537.36 (KHTML, like Gecko; compatible; bingbot/2.0; +http://www.bing.com/bingbot.htm) Chrome/103.0.5060.134 Safari/537.36"
40.77.167.120 - - [16/Apr/2023:21:06:08 +0200] "GET /buecher/gesichter/28.jpg HTTP/1.1" 404 - "-" "Mozilla/5.0 AppleWebKit/537.36 (KHTML, like Gecko; compatible; bingbot/2.0; +http://www.bing.com/bingbot.htm) Chrome/103.0.5060.134 Safari/537.36"
40.77.167.84 - - [16/Apr/2023:21:06:08 +0200] "GET /buecher/gesichter/25.jpg HTTP/1.1" 404 - "-" "Mozilla/5.0 AppleWebKit/537.36 (KHTML, like Gecko; compatible; bingbot/2.0; +http://www.bing.com/bingbot.htm) Chrome/103.0.5060.134 Safari/537.36"
40.77.167.161 - - [16/Apr/2023:21:06:13 +0200] "GET /buecher/gesichter/06.jpg HTTP/1.1" 404 - "-" "Mozilla/5.0 AppleWebKit/537.36 (KHTML, like Gecko; compatible; bingbot/2.0; +http://www.bing.com/bingbot.htm) Chrome/103.0.5060.134 Safari/537.36"
40.77.167.161 - - [16/Apr/2023:21:06:13 +0200] "GET /buecher/gesichter/09.jpg HTTP/1.1" 404 - "-" "Mozilla/5.0 AppleWebKit/537.36 (KHTML, like Gecko; compatible; bingbot/2.0; +http://www.bing.com/bingbot.htm) Chrome/103.0.5060.134 Safari/537.36"
173.252.83.6 - - [16/Apr/2023:21:27:46 +0200] "GET /cds/hymnos_k.jpg HTTP/1.1" 404 - "-" "facebookexternalhit/1.1 (+http://www.facebook.com/externalhit_uatext.php)"
66.249.68.61 - - [16/Apr/2023:23:28:57 +0200] "GET /robots.txt HTTP/1.1" 404 - "-" "Mozilla/5.0 (compatible; Googlebot/2.1; +http://www.google.com/bot.html)"
66.249.68.59 - - [16/Apr/2023:23:28:57 +0200] "GET /cds/astazi.html HTTP/1.1" 404 - "-" "Mozilla/5.0 (Linux; Android 6.0.1; Nexus 5X Build/MMB29P) AppleWebKit/537.36 (KHTML, like Gecko) Chrome/112.0.5615.49 Mobile Safari/537.36 (compatible; Googlebot/2.1; +http://www.google.com/bot.html)"
40.77.167.161 - - [17/Apr/2023:01:03:58 +0200] "GET /kontakt/index.html HTTP/1.1" 404 - "-" "Mozilla/5.0 AppleWebKit/537.36 (KHTML, like Gecko; compatible; bingbot/2.0; +http://www.bing.com/bingbot.htm) Chrome/103.0.5060.134 Safari/537.36"
148.251.50.77 - - [17/Apr/2023:02:00:15 +0200] "GET /sonderthemen/oekt_extra3.pdf HTTP/1.1" 404 - "-" "Mozilla/5.0 (Macintosh; Intel Mac OS X 10_13_6) AppleWebKit/537.36 (KHTML, like Gecko) Chrome/87.0.4280.67 Safari/537.36"
173.252.83.24 - - [17/Apr/2023:02:07:32 +0200] "GET /cds/astazi_k.jpg HTTP/1.1" 404 - "-" "facebookexternalhit/1.1 (+http://www.facebook.com/externalhit_uatext.php)"
172.94.53.17 - - [17/Apr/2023:03:53:52 +0200] "GET / HTTP/1.0" 404 - "https://hotmedicystore.space/chl/3/prostrong/" "Mozilla/5.0 (Windows NT 6.1; Win64; x64) AppleWebKit/537.36 (KHTML, like Gecko) Chrome/90.0.4430.93 Safari/537.36"
172.94.53.17 - - [17/Apr/2023:03:53:52 +0200] "GET / HTTP/1.0" 404 - "https://hotmedicystore.space/chl/3/prostrong/" "Mozilla/5.0 (Windows NT 6.1; Win64; x64) AppleWebKit/537.36 (KHTML, like Gecko) Chrome/90.0.4430.93 Safari/537.36"
172.94.53.17 - - [17/Apr/2023:04:55:25 +0200] "GET / HTTP/1.0" 404 - "https://hotevershop.com/slimming/keton-aktiv/" "Mozilla/5.0 (Windows NT 6.3; Win64; x64) AppleWebKit/537.36 (KHTML, like Gecko) Chrome/90.0.4430.72 Safari/537.36 Edg/90.0.818.42"
172.94.53.17 - - [17/Apr/2023:04:55:25 +0200] "GET / HTTP/1.0" 404 - "https://hotevershop.com/slimming/keton-aktiv/" "Mozilla/5.0 (Windows NT 6.3; Win64; x64) AppleWebKit/537.36 (KHTML, like Gecko) Chrome/90.0.4430.72 Safari/537.36 Edg/90.0.818.42"
172.94.53.17 - - [17/Apr/2023:06:29:17 +0200] "GET / HTTP/1.0" 404 - "https://hitnutra.space/esp/potency/product-256/" "Mozilla/5.0 (Windows NT 6.1; ) AppleWebKit/537.36 (KHTML, like Gecko) Chrome/90.0.4430.85 Safari/537.36"
172.94.53.17 - - [17/Apr/2023:06:29:17 +0200] "GET / HTTP/1.0" 404 - "https://hitnutra.space/esp/potency/product-256/" "Mozilla/5.0 (Windows NT 6.1; ) AppleWebKit/537.36 (KHTML, like Gecko) Chrome/90.0.4430.85 Safari/537.36"
114.119.156.27 - - [17/Apr/2023:06:53:10 +0200] "GET /kontakt/ HTTP/1.1" 404 - "-" "Mozilla/5.0 (Linux; Android 7.0;) AppleWebKit/537.36 (KHTML, like Gecko) Mobile Safari/537.36 (compatible; PetalBot;+https://webmaster.petalsearch.com/site/petalbot)"
157.90.209.76 - - [17/Apr/2023:07:18:56 +0200] "GET /robots.txt HTTP/1.1" 404 - "-" "Mozilla/5.0 (compatible; BLEXBot/1.0; +http://webmeup-crawler.com/)"
157.90.209.76 - - [17/Apr/2023:07:18:56 +0200] "GET / HTTP/1.1" 404 - "-" "Mozilla/5.0 (compatible; BLEXBot/1.0; +http://webmeup-crawler.com/)"
35.189.251.159 - - [17/Apr/2023:07:30:03 +0200] "GET /robots.txt HTTP/1.1" 404 - "-" "DnBCrawler-Analytics"
35.189.251.159 - - [17/Apr/2023:07:30:03 +0200] "GET / HTTP/1.1" 404 - "-" "DnBCrawler-Analytics"
54.36.149.99 - - [17/Apr/2023:07:50:39 +0200] "GET /robots.txt HTTP/1.1" 404 - "-" "Mozilla/5.0 (compatible; AhrefsBot/7.0; +http://ahrefs.com/robot/)"
34.79.174.58 - - [17/Apr/2023:07:53:04 +0200] "GET / HTTP/1.1" 404 - "-" "Mozilla/5.0 (Windows NT 10.0; Win64; x64) AppleWebKit/537.36 (KHTML, like Gecko) Chrome/84.0.4147.105 Safari/537.36"
172.94.53.17 - - [17/Apr/2023:08:36:44 +0200] "GET / HTTP/1.0" 404 - "https://hotmedicy.space/tur/tvr-1622/" "Mozilla/5.0 (Windows NT 10.0) AppleWebKit/537.36 (KHTML, like Gecko) Chrome/90.0.4430.85 Safari/537.36"
172.94.53.17 - - [17/Apr/2023:08:36:44 +0200] "GET / HTTP/1.0" 404 - "https://hotmedicy.space/tur/tvr-1622/" "Mozilla/5.0 (Windows NT 10.0) AppleWebKit/537.36 (KHTML, like Gecko) Chrome/90.0.4430.85 Safari/537.36"
66.249.68.61 - - [17/Apr/2023:11:59:04 +0200] "GET /robots.txt HTTP/1.1" 404 - "-" "Mozilla/5.0 (compatible; Googlebot/2.1; +http://www.google.com/bot.html)"
66.249.68.63 - - [17/Apr/2023:11:59:04 +0200] "GET /buecher/guardini/bd6.jpg HTTP/1.1" 404 - "-" "Googlebot-Image/1.0"
66.249.74.91 - - [17/Apr/2023:12:54:13 +0200] "GET /mv_g.gif HTTP/1.1" 404 - "-" "Googlebot-Image/1.0"
80.148.18.172 - - [17/Apr/2023:13:55:45 +0200] "GET / HTTP/1.1" 404 - "-" "Mozilla/5.0 (X11; Linux x86_64) AppleWebKit/537.36 (KHTML, like Gecko) Chrome/100.0.4896.127 Safari/537.36"
172.94.53.15 - - [17/Apr/2023:14:13:09 +0200] "GET / HTTP/1.0" 404 - "https://hotmedicyshop.space/sgp/1/erogenix/" "Mozilla/5.0 (Windows NT 6.1; ) AppleWebKit/537.36 (KHTML, like Gecko) Chrome/90.0.4430.85 Safari/537.36"
172.94.53.15 - - [17/Apr/2023:14:13:10 +0200] "GET / HTTP/1.0" 404 - "https://hotmedicyshop.space/sgp/1/erogenix/" "Mozilla/5.0 (Windows NT 6.1; ) AppleWebKit/537.36 (KHTML, like Gecko) Chrome/90.0.4430.85 Safari/537.36"
173.252.83.15 - - [17/Apr/2023:15:08:09 +0200] "GET /buecher/gesichter/19.jpg HTTP/1.1" 404 - "-" "facebookexternalhit/1.1 (+http://www.facebook.com/externalhit_uatext.php)"
206.123.130.6 - - [17/Apr/2023:16:41:19 +0200] "GET / HTTP/1.0" 404 - "https://isliyen.com/chl/vision/lutevid/" "Mozilla/5.0 (Windows NT 10.0; Win64; x64) AppleWebKit/537.36 (KHTML, like Gecko) Chrome/90.0.4430.72 Safari/537.36 Edg/90.0.818.42"
206.123.130.6 - - [17/Apr/2023:16:41:20 +0200] "GET / HTTP/1.0" 404 - "https://isliyen.com/chl/vision/lutevid/" "Mozilla/5.0 (Windows NT 10.0; Win64; x64) AppleWebKit/537.36 (KHTML, like Gecko) Chrome/90.0.4430.72 Safari/537.36 Edg/90.0.818.42"
206.123.130.6 - - [17/Apr/2023:16:50:13 +0200] "GET / HTTP/1.0" 404 - "https://intophealth.space/aut/from-fungus-c/exodermin-p/" "Mozilla/5.0 (Windows NT 6.2; Win64; x64) AppleWebKit/537.36 (KHTML, like Gecko) Chrome/90.0.4430.72 Safari/537.36"
206.123.130.6 - - [17/Apr/2023:16:50:13 +0200] "GET / HTTP/1.0" 404 - "https://intophealth.space/aut/from-fungus-c/exodermin-p/" "Mozilla/5.0 (Windows NT 6.2; Win64; x64) AppleWebKit/537.36 (KHTML, like Gecko) Chrome/90.0.4430.72 Safari/537.36"
206.123.130.6 - - [17/Apr/2023:17:37:42 +0200] "GET / HTTP/1.0" 404 - "https://ingoodhealth.space/id-category-10/id-product-1670/" "Mozilla/5.0 (Windows NT 10.0) AppleWebKit/537.36 (KHTML, like Gecko) Chrome/90.0.4430.72 Safari/537.36"
206.123.130.6 - - [17/Apr/2023:17:37:42 +0200] "GET / HTTP/1.0" 404 - "https://ingoodhealth.space/id-category-10/id-product-1670/" "Mozilla/5.0 (Windows NT 10.0) AppleWebKit/537.36 (KHTML, like Gecko) Chrome/90.0.4430.72 Safari/537.36"
173.252.83.116 - - [17/Apr/2023:18:06:39 +0200] "GET /buecher/liebe_und_treue.jpg HTTP/1.1" 404 - "-" "facebookexternalhit/1.1 (+http://www.facebook.com/externalhit_uatext.php)"
146.70.130.140 - - [17/Apr/2023:18:26:15 +0200] "GET / HTTP/1.0" 404 - "https://hotsaleproduct.space/greece/varicose-veins/dea-lux/" "Mozilla/5.0 (Windows NT 6.3; Win64; x64) AppleWebKit/537.36 (KHTML, like Gecko) Chrome/90.0.4430.72 Safari/537.36"
146.70.130.140 - - [17/Apr/2023:18:26:15 +0200] "GET / HTTP/1.0" 404 - "https://hotsaleproduct.space/greece/varicose-veins/dea-lux/" "Mozilla/5.0 (Windows NT 6.3; Win64; x64) AppleWebKit/537.36 (KHTML, like Gecko) Chrome/90.0.4430.72 Safari/537.36"
66.249.74.95 - - [17/Apr/2023:18:28:05 +0200] "GET /cds/rosarium.html HTTP/1.1" 404 - "-" "Mozilla/5.0 (Linux; Android 6.0.1; Nexus 5X Build/MMB29P) AppleWebKit/537.36 (KHTML, like Gecko) Chrome/112.0.5615.49 Mobile Safari/537.36 (compatible; Googlebot/2.1; +http://www.google.com/bot.html)"
136.243.83.54 - - [17/Apr/2023:18:40:19 +0200] "GET /robots.txt HTTP/1.1" 404 - "-" "Mozilla/5.0 (compatible; MetaJobBot; https://www.metajob.de/crawler)"
136.243.83.54 - - [17/Apr/2023:18:40:19 +0200] "GET / HTTP/1.1" 404 - "-" "Mozilla/5.0 (compatible; MetaJobBot; https://www.metajob.de/crawler)"
206.123.130.6 - - [17/Apr/2023:19:03:29 +0200] "GET / HTTP/1.0" 404 - "https://leadpharmacy.space/slovakia/cat-cardiovascular-system/prod-cardione/" "Mozilla/5.0 (Windows NT 10.0; Win64; x64) AppleWebKit/537.36 (KHTML, like Gecko) Chrome/90.0.4430.85 Safari/537.36 Edg/90.0.818.49"
206.123.130.6 - - [17/Apr/2023:19:03:29 +0200] "GET / HTTP/1.0" 404 - "https://leadpharmacy.space/slovakia/cat-cardiovascular-system/prod-cardione/" "Mozilla/5.0 (Windows NT 10.0; Win64; x64) AppleWebKit/537.36 (KHTML, like Gecko) Chrome/90.0.4430.85 Safari/537.36 Edg/90.0.818.49"
194.110.114.103 - - [17/Apr/2023:19:14:51 +0200] "GET / HTTP/1.0" 404 - "https://medpharmstore.space/austria/tvr-name-hondrox/" "Mozilla/5.0 (Windows NT 10.0; WOW64) AppleWebKit/537.36 (KHTML, like Gecko) Chrome/90.0.4430.93 Safari/537.36"
194.110.114.103 - - [17/Apr/2023:19:14:51 +0200] "GET / HTTP/1.0" 404 - "https://medpharmstore.space/austria/tvr-name-hondrox/" "Mozilla/5.0 (Windows NT 10.0; WOW64) AppleWebKit/537.36 (KHTML, like Gecko) Chrome/90.0.4430.93 Safari/537.36"
173.252.83.17 - - [17/Apr/2023:19:25:56 +0200] "GET /buecher/gesichter/04.jpg HTTP/1.1" 404 - "-" "facebookexternalhit/1.1 (+http://www.facebook.com/externalhit_uatext.php)"
146.70.130.140 - - [17/Apr/2023:19:29:08 +0200] "GET / HTTP/1.0" 404 - "https://hotproducthealth.space/svk/cat-id-1/product-erostone/" "Mozilla/5.0 (Windows NT 10.0; WOW64) AppleWebKit/537.36 (KHTML, like Gecko) Chrome/90.0.4430.72 Safari/537.36"
146.70.130.140 - - [17/Apr/2023:19:29:09 +0200] "GET / HTTP/1.0" 404 - "https://hotproducthealth.space/svk/cat-id-1/product-erostone/" "Mozilla/5.0 (Windows NT 10.0; WOW64) AppleWebKit/537.36 (KHTML, like Gecko) Chrome/90.0.4430.72 Safari/537.36"
173.252.83.3 - - [17/Apr/2023:19:44:52 +0200] "GET /cds/glockenspiel2_k.jpg HTTP/1.1" 404 - "-" "facebookexternalhit/1.1 (+http://www.facebook.com/externalhit_uatext.php)"
51.222.253.16 - - [17/Apr/2023:19:57:48 +0200] "GET /robots.txt HTTP/1.1" 404 - "-" "Mozilla/5.0 (compatible; AhrefsBot/7.0; +http://ahrefs.com/robot/)"
66.249.74.93 - - [17/Apr/2023:19:59:06 +0200] "GET /sonderthemen/az2000.pdf HTTP/1.1" 404 - "-" "Mozilla/5.0 (compatible; Googlebot/2.1; +http://www.google.com/bot.html)"
66.249.74.95 - - [17/Apr/2023:19:59:07 +0200] "GET /buecher/grenzen_und_wege.jpg HTTP/1.1" 404 - "-" "Googlebot-Image/1.0"
194.110.114.103 - - [17/Apr/2023:19:59:30 +0200] "GET / HTTP/1.0" 404 - "https://medifull.space/esp/category-from-fungus/product-exodermin/" "Mozilla/5.0 (Windows NT 6.2; Win64; x64) AppleWebKit/537.36 (KHTML, like Gecko) Chrome/90.0.4430.72 Safari/537.36"
194.110.114.103 - - [17/Apr/2023:19:59:30 +0200] "GET / HTTP/1.0" 404 - "https://medifull.space/esp/category-from-fungus/product-exodermin/" "Mozilla/5.0 (Windows NT 6.2; Win64; x64) AppleWebKit/537.36 (KHTML, like Gecko) Chrome/90.0.4430.72 Safari/537.36"
194.110.114.103 - - [17/Apr/2023:19:59:31 +0200] "GET / HTTP/1.0" 404 - "https://medicyshop.space/fra/slimming/ketoform/" "Mozilla/5.0 (Windows NT 6.3; Win64; x64) AppleWebKit/537.36 (KHTML, like Gecko) Chrome/90.0.4430.85 Safari/537.36 Edg/90.0.818.46"
194.110.114.103 - - [17/Apr/2023:19:59:31 +0200] "GET / HTTP/1.0" 404 - "https://medicyshop.space/fra/slimming/ketoform/" "Mozilla/5.0 (Windows NT 6.3; Win64; x64) AppleWebKit/537.36 (KHTML, like Gecko) Chrome/90.0.4430.85 Safari/537.36 Edg/90.0.818.46"
194.110.114.103 - - [17/Apr/2023:19:59:37 +0200] "GET / HTTP/1.0" 404 - "https://luckpharmacy.space/italy/ctg-beauty/pct-bionetic/" "Mozilla/5.0 (Windows NT 6.1; WOW64) AppleWebKit/537.36 (KHTML, like Gecko) Chrome/90.0.4430.93 Safari/537.36"
194.110.114.103 - - [17/Apr/2023:19:59:37 +0200] "GET / HTTP/1.0" 404 - "https://luckpharmacy.space/italy/ctg-beauty/pct-bionetic/" "Mozilla/5.0 (Windows NT 6.1; WOW64) AppleWebKit/537.36 (KHTML, like Gecko) Chrome/90.0.4430.93 Safari/537.36"
40.77.167.85 - - [17/Apr/2023:20:51:35 +0200] "GET /robots.txt HTTP/1.1" 404 - "-" "Mozilla/5.0 AppleWebKit/537.36 (KHTML, like Gecko; compatible; bingbot/2.0; +http://www.bing.com/bingbot.htm) Chrome/103.0.5060.134 Safari/537.36"
52.167.144.94 - - [17/Apr/2023:20:51:38 +0200] "GET /buecher/gesichter/30.jpg HTTP/1.1" 404 - "-" "Mozilla/5.0 AppleWebKit/537.36 (KHTML, like Gecko; compatible; bingbot/2.0; +http://www.bing.com/bingbot.htm) Chrome/103.0.5060.134 Safari/537.36"
40.77.167.161 - - [17/Apr/2023:20:51:43 +0200] "GET /buecher/gesichter/06.jpg HTTP/1.1" 404 - "-" "Mozilla/5.0 AppleWebKit/537.36 (KHTML, like Gecko; compatible; bingbot/2.0; +http://www.bing.com/bingbot.htm) Chrome/103.0.5060.134 Safari/537.36"
40.77.167.161 - - [17/Apr/2023:20:51:43 +0200] "GET /buecher/gesichter/09.jpg HTTP/1.1" 404 - "-" "Mozilla/5.0 AppleWebKit/537.36 (KHTML, like Gecko; compatible; bingbot/2.0; +http://www.bing.com/bingbot.htm) Chrome/103.0.5060.134 Safari/537.36"
40.77.167.84 - - [17/Apr/2023:20:51:43 +0200] "GET /buecher/gesichter/25.jpg HTTP/1.1" 404 - "-" "Mozilla/5.0 AppleWebKit/537.36 (KHTML, like Gecko; compatible; bingbot/2.0; +http://www.bing.com/bingbot.htm) Chrome/103.0.5060.134 Safari/537.36"
40.77.167.120 - - [17/Apr/2023:20:51:47 +0200] "GET /buecher/gesichter/28.jpg HTTP/1.1" 404 - "-" "Mozilla/5.0 AppleWebKit/537.36 (KHTML, like Gecko; compatible; bingbot/2.0; +http://www.bing.com/bingbot.htm) Chrome/103.0.5060.134 Safari/537.36"
146.70.130.140 - - [17/Apr/2023:21:06:29 +0200] "GET / HTTP/1.0" 404 - "https://hotpharmacy.space/bgd/kateg-prostatitis/pro-duct-prostaffect/" "Mozilla/5.0 (Windows NT 10.0; WOW64) AppleWebKit/537.36 (KHTML, like Gecko) Chrome/90.0.4430.72 Safari/537.36"
146.70.130.140 - - [17/Apr/2023:21:06:29 +0200] "GET / HTTP/1.0" 404 - "https://hotpharmacy.space/bgd/kateg-prostatitis/pro-duct-prostaffect/" "Mozilla/5.0 (Windows NT 10.0; WOW64) AppleWebKit/537.36 (KHTML, like Gecko) Chrome/90.0.4430.72 Safari/537.36"
52.167.144.94 - - [17/Apr/2023:21:27:41 +0200] "GET /buecher/gesichter/30.jpg HTTP/1.1" 404 - "-" "Mozilla/5.0 AppleWebKit/537.36 (KHTML, like Gecko; compatible; bingbot/2.0; +http://www.bing.com/bingbot.htm) Chrome/103.0.5060.134 Safari/537.36"
40.77.167.120 - - [17/Apr/2023:21:27:46 +0200] "GET /buecher/gesichter/28.jpg HTTP/1.1" 404 - "-" "Mozilla/5.0 AppleWebKit/537.36 (KHTML, like Gecko; compatible; bingbot/2.0; +http://www.bing.com/bingbot.htm) Chrome/103.0.5060.134 Safari/537.36"
40.77.167.161 - - [17/Apr/2023:21:27:49 +0200] "GET /buecher/gesichter/06.jpg HTTP/1.1" 404 - "-" "Mozilla/5.0 AppleWebKit/537.36 (KHTML, like Gecko; compatible; bingbot/2.0; +http://www.bing.com/bingbot.htm) Chrome/103.0.5060.134 Safari/537.36"
40.77.167.84 - - [17/Apr/2023:21:27:50 +0200] "GET /buecher/gesichter/25.jpg HTTP/1.1" 404 - "-" "Mozilla/5.0 AppleWebKit/537.36 (KHTML, like Gecko; compatible; bingbot/2.0; +http://www.bing.com/bingbot.htm) Chrome/103.0.5060.134 Safari/537.36"
40.77.167.161 - - [17/Apr/2023:21:27:57 +0200] "GET /buecher/gesichter/09.jpg HTTP/1.1" 404 - "-" "Mozilla/5.0 AppleWebKit/537.36 (KHTML, like Gecko; compatible; bingbot/2.0; +http://www.bing.com/bingbot.htm) Chrome/103.0.5060.134 Safari/537.36"
173.252.83.11 - - [17/Apr/2023:21:56:50 +0200] "GET /robots.txt HTTP/1.1" 404 - "-" "facebookexternalhit/1.1 (+http://www.facebook.com/externalhit_uatext.php)"
173.252.83.6 - - [17/Apr/2023:21:58:07 +0200] "GET /buecher/nichtaufsand.jpg HTTP/1.1" 404 - "-" "facebookexternalhit/1.1 (+http://www.facebook.com/externalhit_uatext.php)"
146.70.130.140 - - [17/Apr/2023:22:19:40 +0200] "GET / HTTP/1.0" 404 - "https://hotsalepharm.space/germany/cardiovascular-system/hypertension-forte/" "Mozilla/5.0 (Windows NT 6.2; Win64; x64) AppleWebKit/537.36 (KHTML, like Gecko) Chrome/90.0.4430.93 Safari/537.36"
146.70.130.140 - - [17/Apr/2023:22:19:40 +0200] "GET / HTTP/1.0" 404 - "https://hotsalepharm.space/germany/cardiovascular-system/hypertension-forte/" "Mozilla/5.0 (Windows NT 6.2; Win64; x64) AppleWebKit/537.36 (KHTML, like Gecko) Chrome/90.0.4430.93 Safari/537.36"
66.249.74.95 - - [17/Apr/2023:22:58:05 +0200] "GET /cds/glockenspiel2.html HTTP/1.1" 404 - "-" "Mozilla/5.0 (Linux; Android 6.0.1; Nexus 5X Build/MMB29P) AppleWebKit/537.36 (KHTML, like Gecko) Chrome/112.0.5615.49 Mobile Safari/537.36 (compatible; Googlebot/2.1; +http://www.google.com/bot.html)"
172.94.94.5 - - [17/Apr/2023:23:07:58 +0200] "GET / HTTP/1.0" 404 - "https://lightpharm.space/bih/11-cat/apolloss/" "Mozilla/5.0 (Windows NT 6.1; Win64; x64) AppleWebKit/537.36 (KHTML, like Gecko) Chrome/90.0.4430.85 Safari/537.36"
172.94.94.5 - - [17/Apr/2023:23:07:58 +0200] "GET / HTTP/1.0" 404 - "https://lightpharm.space/bih/11-cat/apolloss/" "Mozilla/5.0 (Windows NT 6.1; Win64; x64) AppleWebKit/537.36 (KHTML, like Gecko) Chrome/90.0.4430.85 Safari/537.36"
194.110.114.103 - - [17/Apr/2023:23:13:22 +0200] "GET / HTTP/1.0" 404 - "https://naturallivepharm.space/kosovo/id-14/name-hondrowell/" "Mozilla/5.0 (Windows NT 10.0; Win64; x64) AppleWebKit/537.36 (KHTML, like Gecko) Chrome/90.0.4430.85 Safari/537.36"
194.110.114.103 - - [17/Apr/2023:23:13:22 +0200] "GET / HTTP/1.0" 404 - "https://naturallivepharm.space/kosovo/id-14/name-hondrowell/" "Mozilla/5.0 (Windows NT 10.0; Win64; x64) AppleWebKit/537.36 (KHTML, like Gecko) Chrome/90.0.4430.85 Safari/537.36"
206.123.130.6 - - [17/Apr/2023:23:18:09 +0200] "GET / HTTP/1.0" 404 - "https://howhealth.space/albania/cardiovascular-system-categ/name-hypertea/" "Mozilla/5.0 (Windows NT 10.0; Win64; x64) AppleWebKit/537.36 (KHTML, like Gecko) Chrome/90.0.4430.85 Safari/537.36 Edg/90.0.818.49"
206.123.130.6 - - [17/Apr/2023:23:18:09 +0200] "GET / HTTP/1.0" 404 - "https://howhealth.space/albania/cardiovascular-system-categ/name-hypertea/" "Mozilla/5.0 (Windows NT 10.0; Win64; x64) AppleWebKit/537.36 (KHTML, like Gecko) Chrome/90.0.4430.85 Safari/537.36 Edg/90.0.818.49"
172.94.94.5 - - [18/Apr/2023:01:25:04 +0200] "GET / HTTP/1.0" 404 - "https://lighthealth.space/phl/diabetes-cat/prod-glucosoft/" "Mozilla/5.0 (Windows NT 6.3; Win64; x64) AppleWebKit/537.36 (KHTML, like Gecko) Chrome/90.0.4430.93 Safari/537.36"
172.94.94.5 - - [18/Apr/2023:01:25:04 +0200] "GET / HTTP/1.0" 404 - "https://lighthealth.space/phl/diabetes-cat/prod-glucosoft/" "Mozilla/5.0 (Windows NT 6.3; Win64; x64) AppleWebKit/537.36 (KHTML, like Gecko) Chrome/90.0.4430.93 Safari/537.36"
172.94.94.5 - - [18/Apr/2023:01:36:37 +0200] "GET / HTTP/1.0" 404 - "https://lightflying.space/mys/cat-mans-health/ultraprost/" "Mozilla/5.0 (Windows NT 10.0) AppleWebKit/537.36 (KHTML, like Gecko) Chrome/90.0.4430.85 Safari/537.36"
172.94.94.5 - - [18/Apr/2023:01:36:37 +0200] "GET / HTTP/1.0" 404 - "https://lightflying.space/mys/cat-mans-health/ultraprost/" "Mozilla/5.0 (Windows NT 10.0) AppleWebKit/537.36 (KHTML, like Gecko) Chrome/90.0.4430.85 Safari/537.36"
162.55.97.171 - - [18/Apr/2023:02:14:28 +0200] "GET /impressum.html HTTP/1.1" 404 - "-" "Mozilla/5.0 (Macintosh; Intel Mac OS X 10_15_7) AppleWebKit/537.36 (KHTML, like Gecko) Chrome/87.0.4280.67 Safari/537.36"
162.55.97.171 - - [18/Apr/2023:02:14:29 +0200] "GET / HTTP/1.1" 404 - "-" "Mozilla/5.0 (Windows NT 10.0; Win64; x64) AppleWebKit/537.36 (KHTML, like Gecko) Chrome/87.0.4280.67 Safari/537.36 Edg/87.0.664.55"
162.55.97.171 - - [18/Apr/2023:02:14:30 +0200] "GET /kontakt/index.html HTTP/1.1" 404 - "-" "Mozilla/5.0 (Macintosh; Intel Mac OS X 10_14_6) AppleWebKit/537.36 (KHTML, like Gecko) Chrome/87.0.4280.67 Safari/537.36"
162.55.97.171 - - [18/Apr/2023:02:14:30 +0200] "GET /impressum.html HTTP/1.1" 404 - "-" "Mozilla/5.0 (X11; Linux x86_64; rv:84.0) Gecko/20100101 Firefox/84.0"
172.94.94.5 - - [18/Apr/2023:02:25:52 +0200] "GET / HTTP/1.0" 404 - "https://lifepharmacystore.space/thailand/joints/wellgo/" "Mozilla/5.0 (Windows NT 6.3) AppleWebKit/537.36 (KHTML, like Gecko) Chrome/90.0.4430.72 Safari/537.36"
172.94.94.5 - - [18/Apr/2023:02:25:53 +0200] "GET / HTTP/1.0" 404 - "https://lifepharmacystore.space/thailand/joints/wellgo/" "Mozilla/5.0 (Windows NT 6.3) AppleWebKit/537.36 (KHTML, like Gecko) Chrome/90.0.4430.72 Safari/537.36"
172.94.94.5 - - [18/Apr/2023:02:33:00 +0200] "GET / HTTP/1.0" 404 - "https://livepharmacy.space/colombia/tovar-2108/" "Mozilla/5.0 (Windows NT 6.1; Win64; x64) AppleWebKit/537.36 (KHTML, like Gecko) Chrome/90.0.4430.93 Safari/537.36"
172.94.94.5 - - [18/Apr/2023:02:33:01 +0200] "GET / HTTP/1.0" 404 - "https://livepharmacy.space/colombia/tovar-2108/" "Mozilla/5.0 (Windows NT 6.1; Win64; x64) AppleWebKit/537.36 (KHTML, like Gecko) Chrome/90.0.4430.93 Safari/537.36"
146.70.130.140 - - [18/Apr/2023:02:53:39 +0200] "GET / HTTP/1.0" 404 - "https://hotsalepharmacy.space/india/potency/tovar-851/" "Mozilla/5.0 (Windows NT 6.3; Win64; x64) AppleWebKit/537.36 (KHTML, like Gecko) Chrome/90.0.4430.85 Safari/537.36 Edg/90.0.818.49"
146.70.130.140 - - [18/Apr/2023:02:53:39 +0200] "GET / HTTP/1.0" 404 - "https://hotsalepharmacy.space/india/potency/tovar-851/" "Mozilla/5.0 (Windows NT 6.3; Win64; x64) AppleWebKit/537.36 (KHTML, like Gecko) Chrome/90.0.4430.85 Safari/537.36 Edg/90.0.818.49"
5.254.23.39 - - [18/Apr/2023:05:15:05 +0200] "GET / HTTP/1.0" 404 - "https://naturalpharmacy.space/sgp/categ-potency/name-lubian-ball/" "Mozilla/5.0 (Windows NT 10.0; WOW64) AppleWebKit/537.36 (KHTML, like Gecko) Chrome/90.0.4430.93 Safari/537.36"
5.254.23.39 - - [18/Apr/2023:05:15:05 +0200] "GET / HTTP/1.0" 404 - "https://naturalpharmacy.space/sgp/categ-potency/name-lubian-ball/" "Mozilla/5.0 (Windows NT 10.0; WOW64) AppleWebKit/537.36 (KHTML, like Gecko) Chrome/90.0.4430.93 Safari/537.36"
5.254.23.39 - - [18/Apr/2023:05:16:33 +0200] "GET / HTTP/1.0" 404 - "https://naturalpropharm.space/germany/joints/product-1442/" "Mozilla/5.0 (Windows NT 6.1; WOW64) AppleWebKit/537.36 (KHTML, like Gecko) Chrome/90.0.4430.85 Safari/537.36"
5.254.23.39 - - [18/Apr/2023:05:16:33 +0200] "GET / HTTP/1.0" 404 - "https://naturalpropharm.space/germany/joints/product-1442/" "Mozilla/5.0 (Windows NT 6.1; WOW64) AppleWebKit/537.36 (KHTML, like Gecko) Chrome/90.0.4430.85 Safari/537.36"
104.250.183.10 - - [18/Apr/2023:05:32:24 +0200] "GET / HTTP/1.0" 404 - "https://pharmacysky.space/per/slimming-categ/prod-yaconia/" "Mozilla/5.0 (Windows NT 10.0) AppleWebKit/537.36 (KHTML, like Gecko) Chrome/90.0.4430.93 Safari/537.36"
104.250.183.10 - - [18/Apr/2023:05:32:25 +0200] "GET / HTTP/1.0" 404 - "https://pharmacysky.space/per/slimming-categ/prod-yaconia/" "Mozilla/5.0 (Windows NT 10.0) AppleWebKit/537.36 (KHTML, like Gecko) Chrome/90.0.4430.93 Safari/537.36"
146.70.126.71 - - [18/Apr/2023:05:37:35 +0200] "GET / HTTP/1.0" 404 - "https://pharmtop365.space/skin-diseases/dr-derm/" "Mozilla/5.0 (Windows NT 6.3; Win64; x64) AppleWebKit/537.36 (KHTML, like Gecko) Chrome/90.0.4430.85 Safari/537.36 Edg/90.0.818.49"
146.70.126.71 - - [18/Apr/2023:05:37:35 +0200] "GET / HTTP/1.0" 404 - "https://pharmtop365.space/skin-diseases/dr-derm/" "Mozilla/5.0 (Windows NT 6.3; Win64; x64) AppleWebKit/537.36 (KHTML, like Gecko) Chrome/90.0.4430.85 Safari/537.36 Edg/90.0.818.49"
104.250.183.10 - - [18/Apr/2023:05:42:26 +0200] "GET / HTTP/1.0" 404 - "https://pharmacyshop.space/pol/potency-cat/prod-bullrun/" "Mozilla/5.0 (Windows NT 10.0) AppleWebKit/537.36 (KHTML, like Gecko) Chrome/90.0.4430.72 Safari/537.36"
104.250.183.10 - - [18/Apr/2023:05:42:26 +0200] "GET / HTTP/1.0" 404 - "https://pharmacyshop.space/pol/potency-cat/prod-bullrun/" "Mozilla/5.0 (Windows NT 10.0) AppleWebKit/537.36 (KHTML, like Gecko) Chrome/90.0.4430.72 Safari/537.36"
146.70.126.71 - - [18/Apr/2023:06:21:27 +0200] "GET / HTTP/1.0" 404 - "https://pharmshoptop.space/peru/varicose-veins/product-2608/" "Mozilla/5.0 (Windows NT 10.0) AppleWebKit/537.36 (KHTML, like Gecko) Chrome/90.0.4430.72 Safari/537.36"
146.70.126.71 - - [18/Apr/2023:06:21:27 +0200] "GET / HTTP/1.0" 404 - "https://pharmshoptop.space/peru/varicose-veins/product-2608/" "Mozilla/5.0 (Windows NT 10.0) AppleWebKit/537.36 (KHTML, like Gecko) Chrome/90.0.4430.72 Safari/537.36"
146.70.126.71 - - [18/Apr/2023:06:22:56 +0200] "GET / HTTP/1.0" 404 - "https://pharmfriend.site/che/cardione/" "Mozilla/5.0 (Windows NT 10.0; WOW64) AppleWebKit/537.36 (KHTML, like Gecko) Chrome/90.0.4430.93 Safari/537.36"
146.70.126.71 - - [18/Apr/2023:06:22:56 +0200] "GET / HTTP/1.0" 404 - "https://pharmfriend.site/che/cardione/" "Mozilla/5.0 (Windows NT 10.0; WOW64) AppleWebKit/537.36 (KHTML, like Gecko) Chrome/90.0.4430.93 Safari/537.36"
146.70.126.71 - - [18/Apr/2023:06:23:20 +0200] "GET / HTTP/1.0" 404 - "https://pharm-shop.site/kosovo/11-category/goslim-slimming-tea/" "Mozilla/5.0 (Windows NT 10.0; WOW64) AppleWebKit/537.36 (KHTML, like Gecko) Chrome/90.0.4430.93 Safari/537.36"
146.70.126.71 - - [18/Apr/2023:06:23:20 +0200] "GET / HTTP/1.0" 404 - "https://pharm-shop.site/kosovo/11-category/goslim-slimming-tea/" "Mozilla/5.0 (Windows NT 10.0; WOW64) AppleWebKit/537.36 (KHTML, like Gecko) Chrome/90.0.4430.93 Safari/537.36"
104.250.183.10 - - [18/Apr/2023:06:29:39 +0200] "GET / HTTP/1.0" 404 - "https://pharmacyproduct.space/mex/4/product-1959/" "Mozilla/5.0 (Windows NT 6.1; Win64; x64) AppleWebKit/537.36 (KHTML, like Gecko) Chrome/90.0.4430.72 Safari/537.36"
104.250.183.10 - - [18/Apr/2023:06:29:39 +0200] "GET / HTTP/1.0" 404 - "https://pharmacyproduct.space/mex/4/product-1959/" "Mozilla/5.0 (Windows NT 6.1; Win64; x64) AppleWebKit/537.36 (KHTML, like Gecko) Chrome/90.0.4430.72 Safari/537.36"
66.249.74.91 - - [18/Apr/2023:06:43:16 +0200] "GET /robots.txt HTTP/1.1" 404 - "-" "Mozilla/5.0 (compatible; Googlebot/2.1; +http://www.google.com/bot.html)"
