42.236.10.125 - - [18/Mar/2021:18:48:13 +0100] "GET /mv_gr_w.gif HTTP/1.1" 200 2005 "http://www.morusverlag.de/" "Mozilla/5.0 (Linux; U; Android 8.1.0; zh-CN; EML-AL00 Build/HUAWEIEML-AL00) AppleWebKit/537.36 (KHTML, like Gecko) Version/4.0 Chrome/57.0.2987.108 baidu.sogo.uc.UCBrowser/11.9.4.974 UWS/2.13.1.48 Mobile Safari/537.36 AliApp(DingTalk/4.5.11) com.alibaba.android.rimet/10487439 Channel/227200 language/zh-CN"
42.236.10.106 - - [18/Mar/2021:18:48:13 +0100] "GET /mv_g.gif HTTP/1.1" 200 4070 "http://www.morusverlag.de/" "Mozilla/5.0 (Linux; U; Android 8.1.0; zh-CN; EML-AL00 Build/HUAWEIEML-AL00) AppleWebKit/537.36 (KHTML, like Gecko) Version/4.0 Chrome/57.0.2987.108 baidu.sogo.uc.UCBrowser/11.9.4.974 UWS/2.13.1.48 Mobile Safari/537.36 AliApp(DingTalk/4.5.11) com.alibaba.android.rimet/10487439 Channel/227200 language/zh-CN"
42.236.10.114 - - [18/Mar/2021:18:48:13 +0100] "GET /jahrbuch_k.jpg HTTP/1.1" 200 3719 "http://www.morusverlag.de/" "Mozilla/5.0 (Linux; U; Android 8.1.0; zh-CN; EML-AL00 Build/HUAWEIEML-AL00) AppleWebKit/537.36 (KHTML, like Gecko) Version/4.0 Chrome/57.0.2987.108 baidu.sogo.uc.UCBrowser/11.9.4.974 UWS/2.13.1.48 Mobile Safari/537.36 AliApp(DingTalk/4.5.11) com.alibaba.android.rimet/10487439 Channel/227200 language/zh-CN"
42.236.10.114 - - [18/Mar/2021:18:48:14 +0100] "GET /pf.gif HTTP/1.1" 200 62 "http://www.morusverlag.de/" "Mozilla/5.0 (Linux; U; Android 8.1.0; zh-CN; EML-AL00 Build/HUAWEIEML-AL00) AppleWebKit/537.36 (KHTML, like Gecko) Version/4.0 Chrome/57.0.2987.108 baidu.sogo.uc.UCBrowser/11.9.4.974 UWS/2.13.1.48 Mobile Safari/537.36 AliApp(DingTalk/4.5.11) com.alibaba.android.rimet/10487439 Channel/227200 language/zh-CN"
42.236.10.114 - - [18/Mar/2021:18:48:15 +0100] "GET /buecher/gesichter.jpg HTTP/1.1" 200 7271 "http://www.morusverlag.de/" "Mozilla/5.0 (Linux; U; Android 8.1.0; zh-CN; EML-AL00 Build/HUAWEIEML-AL00) AppleWebKit/537.36 (KHTML, like Gecko) Version/4.0 Chrome/57.0.2987.108 baidu.sogo.uc.UCBrowser/11.9.4.974 UWS/2.13.1.48 Mobile Safari/537.36 AliApp(DingTalk/4.5.11) com.alibaba.android.rimet/10487439 Channel/227200 language/zh-CN"
42.236.10.114 - - [18/Mar/2021:18:48:16 +0100] "GET /cds/rosarium_k.jpg HTTP/1.1" 200 3972 "http://www.morusverlag.de/" "Mozilla/5.0 (Linux; U; Android 8.1.0; zh-CN; EML-AL00 Build/HUAWEIEML-AL00) AppleWebKit/537.36 (KHTML, like Gecko) Version/4.0 Chrome/57.0.2987.108 baidu.sogo.uc.UCBrowser/11.9.4.974 UWS/2.13.1.48 Mobile Safari/537.36 AliApp(DingTalk/4.5.11) com.alibaba.android.rimet/10487439 Channel/227200 language/zh-CN"
42.236.10.114 - - [18/Mar/2021:18:48:18 +0100] "GET /cds/ignatius_k.jpg HTTP/1.1" 200 3965 "http://www.morusverlag.de/" "Mozilla/5.0 (Linux; U; Android 8.1.0; zh-CN; EML-AL00 Build/HUAWEIEML-AL00) AppleWebKit/537.36 (KHTML, like Gecko) Version/4.0 Chrome/57.0.2987.108 baidu.sogo.uc.UCBrowser/11.9.4.974 UWS/2.13.1.48 Mobile Safari/537.36 AliApp(DingTalk/4.5.11) com.alibaba.android.rimet/10487439 Channel/227200 language/zh-CN"
42.236.10.117 - - [18/Mar/2021:18:48:20 +0100] "GET /buecher/chateaubriand.jpg HTTP/1.1" 200 2272 "http://www.morusverlag.de/" "Mozilla/5.0 (Linux; U; Android 8.1.0; zh-CN; EML-AL00 Build/HUAWEIEML-AL00) AppleWebKit/537.36 (KHTML, like Gecko) Version/4.0 Chrome/57.0.2987.108 baidu.sogo.uc.UCBrowser/11.9.4.974 UWS/2.13.1.48 Mobile Safari/537.36 AliApp(DingTalk/4.5.11) com.alibaba.android.rimet/10487439 Channel/227200 language/zh-CN"
42.236.10.125 - - [18/Mar/2021:18:48:20 +0100] "GET /gotteslob.jpg HTTP/1.1" 200 9390 "http://www.morusverlag.de/" "Mozilla/5.0 (Linux; U; Android 8.1.0; zh-CN; EML-AL00 Build/HUAWEIEML-AL00) AppleWebKit/537.36 (KHTML, like Gecko) Version/4.0 Chrome/57.0.2987.108 baidu.sogo.uc.UCBrowser/11.9.4.974 UWS/2.13.1.48 Mobile Safari/537.36 AliApp(DingTalk/4.5.11) com.alibaba.android.rimet/10487439 Channel/227200 language/zh-CN"
42.236.10.106 - - [18/Mar/2021:18:48:20 +0100] "GET /strich.gif HTTP/1.1" 200 45 "http://www.morusverlag.de/" "Mozilla/5.0 (Linux; U; Android 8.1.0; zh-CN; EML-AL00 Build/HUAWEIEML-AL00) AppleWebKit/537.36 (KHTML, like Gecko) Version/4.0 Chrome/57.0.2987.108 baidu.sogo.uc.UCBrowser/11.9.4.974 UWS/2.13.1.48 Mobile Safari/537.36 AliApp(DingTalk/4.5.11) com.alibaba.android.rimet/10487439 Channel/227200 language/zh-CN"
42.236.10.106 - - [18/Mar/2021:18:48:20 +0100] "GET /buecher/engel.jpg HTTP/1.1" 200 5414 "http://www.morusverlag.de/" "Mozilla/5.0 (Linux; U; Android 8.1.0; zh-CN; EML-AL00 Build/HUAWEIEML-AL00) AppleWebKit/537.36 (KHTML, like Gecko) Version/4.0 Chrome/57.0.2987.108 baidu.sogo.uc.UCBrowser/11.9.4.974 UWS/2.13.1.48 Mobile Safari/537.36 AliApp(DingTalk/4.5.11) com.alibaba.android.rimet/10487439 Channel/227200 language/zh-CN"
42.236.10.114 - - [18/Mar/2021:18:48:20 +0100] "GET /buch_k.jpg HTTP/1.1" 200 4591 "http://www.morusverlag.de/" "Mozilla/5.0 (Linux; U; Android 8.1.0; zh-CN; EML-AL00 Build/HUAWEIEML-AL00) AppleWebKit/537.36 (KHTML, like Gecko) Version/4.0 Chrome/57.0.2987.108 baidu.sogo.uc.UCBrowser/11.9.4.974 UWS/2.13.1.48 Mobile Safari/537.36 AliApp(DingTalk/4.5.11) com.alibaba.android.rimet/10487439 Channel/227200 language/zh-CN"
42.236.10.117 - - [18/Mar/2021:18:48:21 +0100] "GET /cds/hymnos_k.jpg HTTP/1.1" 200 4986 "http://www.morusverlag.de/" "Mozilla/5.0 (Linux; U; Android 8.1.0; zh-CN; EML-AL00 Build/HUAWEIEML-AL00) AppleWebKit/537.36 (KHTML, like Gecko) Version/4.0 Chrome/57.0.2987.108 baidu.sogo.uc.UCBrowser/11.9.4.974 UWS/2.13.1.48 Mobile Safari/537.36 AliApp(DingTalk/4.5.11) com.alibaba.android.rimet/10487439 Channel/227200 language/zh-CN"
42.236.10.106 - - [18/Mar/2021:18:48:21 +0100] "GET /cds/astazi_k.jpg HTTP/1.1" 200 6049 "http://www.morusverlag.de/" "Mozilla/5.0 (Linux; U; Android 8.1.0; zh-CN; EML-AL00 Build/HUAWEIEML-AL00) AppleWebKit/537.36 (KHTML, like Gecko) Version/4.0 Chrome/57.0.2987.108 baidu.sogo.uc.UCBrowser/11.9.4.974 UWS/2.13.1.48 Mobile Safari/537.36 AliApp(DingTalk/4.5.11) com.alibaba.android.rimet/10487439 Channel/227200 language/zh-CN"
94.134.177.219 - - [18/Mar/2021:19:10:55 +0100] "GET /buecher/ HTTP/1.1" 200 25885 "https://www.google.com/" "Mozilla/5.0 (Windows NT 10.0; Win64; x64) AppleWebKit/537.36 (KHTML, like Gecko) Chrome/89.0.4389.90 Safari/537.36"
94.134.177.219 - - [18/Mar/2021:19:10:55 +0100] "GET /main.css HTTP/1.1" 200 1439 "http://www.morusverlag.de/buecher/" "Mozilla/5.0 (Windows NT 10.0; Win64; x64) AppleWebKit/537.36 (KHTML, like Gecko) Chrome/89.0.4389.90 Safari/537.36"
94.134.177.219 - - [18/Mar/2021:19:10:55 +0100] "GET /contentflow/contentflow.js HTTP/1.1" 200 42064 "http://www.morusverlag.de/buecher/" "Mozilla/5.0 (Windows NT 10.0; Win64; x64) AppleWebKit/537.36 (KHTML, like Gecko) Chrome/89.0.4389.90 Safari/537.36"
94.134.177.219 - - [18/Mar/2021:19:10:55 +0100] "GET /logo_g.gif HTTP/1.1" 200 1301 "http://www.morusverlag.de/buecher/" "Mozilla/5.0 (Windows NT 10.0; Win64; x64) AppleWebKit/537.36 (KHTML, like Gecko) Chrome/89.0.4389.90 Safari/537.36"
94.134.177.219 - - [18/Mar/2021:19:10:55 +0100] "GET /mv_g.gif HTTP/1.1" 200 4070 "http://www.morusverlag.de/buecher/" "Mozilla/5.0 (Windows NT 10.0; Win64; x64) AppleWebKit/537.36 (KHTML, like Gecko) Chrome/89.0.4389.90 Safari/537.36"
94.134.177.219 - - [18/Mar/2021:19:10:55 +0100] "GET /m.gif HTTP/1.1" 200 95 "http://www.morusverlag.de/buecher/" "Mozilla/5.0 (Windows NT 10.0; Win64; x64) AppleWebKit/537.36 (KHTML, like Gecko) Chrome/89.0.4389.90 Safari/537.36"
94.134.177.219 - - [18/Mar/2021:19:10:55 +0100] "GET /contentflow/contentflow.css HTTP/1.1" 200 3109 "http://www.morusverlag.de/buecher/" "Mozilla/5.0 (Windows NT 10.0; Win64; x64) AppleWebKit/537.36 (KHTML, like Gecko) Chrome/89.0.4389.90 Safari/537.36"
94.134.177.219 - - [18/Mar/2021:19:10:55 +0100] "GET /contentflow/mycontentflow.css HTTP/1.1" 404 2381 "http://www.morusverlag.de/buecher/" "Mozilla/5.0 (Windows NT 10.0; Win64; x64) AppleWebKit/537.36 (KHTML, like Gecko) Chrome/89.0.4389.90 Safari/537.36"
94.134.177.219 - - [18/Mar/2021:19:10:55 +0100] "GET /contentflow/ContentFlowAddOn_white.js HTTP/1.1" 200 471 "http://www.morusverlag.de/buecher/" "Mozilla/5.0 (Windows NT 10.0; Win64; x64) AppleWebKit/537.36 (KHTML, like Gecko) Chrome/89.0.4389.90 Safari/537.36"
94.134.177.219 - - [18/Mar/2021:19:10:55 +0100] "GET /pf.gif HTTP/1.1" 200 62 "http://www.morusverlag.de/buecher/" "Mozilla/5.0 (Windows NT 10.0; Win64; x64) AppleWebKit/537.36 (KHTML, like Gecko) Chrome/89.0.4389.90 Safari/537.36"
94.134.177.219 - - [18/Mar/2021:19:10:55 +0100] "GET /buecher/gesichter.jpg HTTP/1.1" 200 7271 "http://www.morusverlag.de/buecher/" "Mozilla/5.0 (Windows NT 10.0; Win64; x64) AppleWebKit/537.36 (KHTML, like Gecko) Chrome/89.0.4389.90 Safari/537.36"
94.134.177.219 - - [18/Mar/2021:19:10:55 +0100] "GET /contentflow/ContentFlowAddOn_white.css HTTP/1.1" 200 3174 "http://www.morusverlag.de/buecher/" "Mozilla/5.0 (Windows NT 10.0; Win64; x64) AppleWebKit/537.36 (KHTML, like Gecko) Chrome/89.0.4389.90 Safari/537.36"
94.134.177.219 - - [18/Mar/2021:19:10:55 +0100] "GET /buecher/gesichter/02.jpg HTTP/1.1" 200 9266 "http://www.morusverlag.de/buecher/" "Mozilla/5.0 (Windows NT 10.0; Win64; x64) AppleWebKit/537.36 (KHTML, like Gecko) Chrome/89.0.4389.90 Safari/537.36"
94.134.177.219 - - [18/Mar/2021:19:10:55 +0100] "GET /buecher/gesichter/01.jpg HTTP/1.1" 200 7981 "http://www.morusverlag.de/buecher/" "Mozilla/5.0 (Windows NT 10.0; Win64; x64) AppleWebKit/537.36 (KHTML, like Gecko) Chrome/89.0.4389.90 Safari/537.36"
94.134.177.219 - - [18/Mar/2021:19:10:55 +0100] "GET /buecher/gesichter/03.jpg HTTP/1.1" 200 10026 "http://www.morusverlag.de/buecher/" "Mozilla/5.0 (Windows NT 10.0; Win64; x64) AppleWebKit/537.36 (KHTML, like Gecko) Chrome/89.0.4389.90 Safari/537.36"
94.134.177.219 - - [18/Mar/2021:19:10:55 +0100] "GET /buecher/gesichter/04.jpg HTTP/1.1" 200 7078 "http://www.morusverlag.de/buecher/" "Mozilla/5.0 (Windows NT 10.0; Win64; x64) AppleWebKit/537.36 (KHTML, like Gecko) Chrome/89.0.4389.90 Safari/537.36"
94.134.177.219 - - [18/Mar/2021:19:10:55 +0100] "GET /buecher/gesichter/05.jpg HTTP/1.1" 200 8981 "http://www.morusverlag.de/buecher/" "Mozilla/5.0 (Windows NT 10.0; Win64; x64) AppleWebKit/537.36 (KHTML, like Gecko) Chrome/89.0.4389.90 Safari/537.36"
94.134.177.219 - - [18/Mar/2021:19:10:55 +0100] "GET /buecher/gesichter/06.jpg HTTP/1.1" 200 8732 "http://www.morusverlag.de/buecher/" "Mozilla/5.0 (Windows NT 10.0; Win64; x64) AppleWebKit/537.36 (KHTML, like Gecko) Chrome/89.0.4389.90 Safari/537.36"
94.134.177.219 - - [18/Mar/2021:19:10:55 +0100] "GET /buecher/gesichter/07.jpg HTTP/1.1" 200 7301 "http://www.morusverlag.de/buecher/" "Mozilla/5.0 (Windows NT 10.0; Win64; x64) AppleWebKit/537.36 (KHTML, like Gecko) Chrome/89.0.4389.90 Safari/537.36"
94.134.177.219 - - [18/Mar/2021:19:10:55 +0100] "GET /buecher/gesichter/08.jpg HTTP/1.1" 200 10437 "http://www.morusverlag.de/buecher/" "Mozilla/5.0 (Windows NT 10.0; Win64; x64) AppleWebKit/537.36 (KHTML, like Gecko) Chrome/89.0.4389.90 Safari/537.36"
94.134.177.219 - - [18/Mar/2021:19:10:55 +0100] "GET /buecher/gesichter/09.jpg HTTP/1.1" 200 9739 "http://www.morusverlag.de/buecher/" "Mozilla/5.0 (Windows NT 10.0; Win64; x64) AppleWebKit/537.36 (KHTML, like Gecko) Chrome/89.0.4389.90 Safari/537.36"
94.134.177.219 - - [18/Mar/2021:19:10:55 +0100] "GET /buecher/gesichter/10.jpg HTTP/1.1" 200 7686 "http://www.morusverlag.de/buecher/" "Mozilla/5.0 (Windows NT 10.0; Win64; x64) AppleWebKit/537.36 (KHTML, like Gecko) Chrome/89.0.4389.90 Safari/537.36"
94.134.177.219 - - [18/Mar/2021:19:10:55 +0100] "GET /buecher/gesichter/11.jpg HTTP/1.1" 200 6175 "http://www.morusverlag.de/buecher/" "Mozilla/5.0 (Windows NT 10.0; Win64; x64) AppleWebKit/537.36 (KHTML, like Gecko) Chrome/89.0.4389.90 Safari/537.36"
94.134.177.219 - - [18/Mar/2021:19:10:55 +0100] "GET /buecher/gesichter/12.jpg HTTP/1.1" 200 6460 "http://www.morusverlag.de/buecher/" "Mozilla/5.0 (Windows NT 10.0; Win64; x64) AppleWebKit/537.36 (KHTML, like Gecko) Chrome/89.0.4389.90 Safari/537.36"
94.134.177.219 - - [18/Mar/2021:19:10:55 +0100] "GET /buecher/gesichter/13.jpg HTTP/1.1" 200 8373 "http://www.morusverlag.de/buecher/" "Mozilla/5.0 (Windows NT 10.0; Win64; x64) AppleWebKit/537.36 (KHTML, like Gecko) Chrome/89.0.4389.90 Safari/537.36"
94.134.177.219 - - [18/Mar/2021:19:10:55 +0100] "GET /buecher/gesichter/14.jpg HTTP/1.1" 200 7847 "http://www.morusverlag.de/buecher/" "Mozilla/5.0 (Windows NT 10.0; Win64; x64) AppleWebKit/537.36 (KHTML, like Gecko) Chrome/89.0.4389.90 Safari/537.36"
94.134.177.219 - - [18/Mar/2021:19:10:55 +0100] "GET /buecher/gesichter/15.jpg HTTP/1.1" 200 7253 "http://www.morusverlag.de/buecher/" "Mozilla/5.0 (Windows NT 10.0; Win64; x64) AppleWebKit/537.36 (KHTML, like Gecko) Chrome/89.0.4389.90 Safari/537.36"
94.134.177.219 - - [18/Mar/2021:19:10:55 +0100] "GET /buecher/gesichter/16.jpg HTTP/1.1" 200 8367 "http://www.morusverlag.de/buecher/" "Mozilla/5.0 (Windows NT 10.0; Win64; x64) AppleWebKit/537.36 (KHTML, like Gecko) Chrome/89.0.4389.90 Safari/537.36"
94.134.177.219 - - [18/Mar/2021:19:10:55 +0100] "GET /buecher/gesichter/17.jpg HTTP/1.1" 200 7587 "http://www.morusverlag.de/buecher/" "Mozilla/5.0 (Windows NT 10.0; Win64; x64) AppleWebKit/537.36 (KHTML, like Gecko) Chrome/89.0.4389.90 Safari/537.36"
94.134.177.219 - - [18/Mar/2021:19:10:55 +0100] "GET /buecher/gesichter/18.jpg HTTP/1.1" 200 8757 "http://www.morusverlag.de/buecher/" "Mozilla/5.0 (Windows NT 10.0; Win64; x64) AppleWebKit/537.36 (KHTML, like Gecko) Chrome/89.0.4389.90 Safari/537.36"
94.134.177.219 - - [18/Mar/2021:19:10:55 +0100] "GET /buecher/gesichter/19.jpg HTTP/1.1" 200 8281 "http://www.morusverlag.de/buecher/" "Mozilla/5.0 (Windows NT 10.0; Win64; x64) AppleWebKit/537.36 (KHTML, like Gecko) Chrome/89.0.4389.90 Safari/537.36"
94.134.177.219 - - [18/Mar/2021:19:10:55 +0100] "GET /buecher/gesichter/20.jpg HTTP/1.1" 200 8785 "http://www.morusverlag.de/buecher/" "Mozilla/5.0 (Windows NT 10.0; Win64; x64) AppleWebKit/537.36 (KHTML, like Gecko) Chrome/89.0.4389.90 Safari/537.36"
94.134.177.219 - - [18/Mar/2021:19:10:55 +0100] "GET /buecher/gesichter/21.jpg HTTP/1.1" 200 7433 "http://www.morusverlag.de/buecher/" "Mozilla/5.0 (Windows NT 10.0; Win64; x64) AppleWebKit/537.36 (KHTML, like Gecko) Chrome/89.0.4389.90 Safari/537.36"
94.134.177.219 - - [18/Mar/2021:19:10:55 +0100] "GET /buecher/gesichter/22.jpg HTTP/1.1" 200 8837 "http://www.morusverlag.de/buecher/" "Mozilla/5.0 (Windows NT 10.0; Win64; x64) AppleWebKit/537.36 (KHTML, like Gecko) Chrome/89.0.4389.90 Safari/537.36"
94.134.177.219 - - [18/Mar/2021:19:10:55 +0100] "GET /buecher/gesichter/23.jpg HTTP/1.1" 200 8706 "http://www.morusverlag.de/buecher/" "Mozilla/5.0 (Windows NT 10.0; Win64; x64) AppleWebKit/537.36 (KHTML, like Gecko) Chrome/89.0.4389.90 Safari/537.36"
94.134.177.219 - - [18/Mar/2021:19:10:55 +0100] "GET /buecher/gesichter/24.jpg HTTP/1.1" 200 8021 "http://www.morusverlag.de/buecher/" "Mozilla/5.0 (Windows NT 10.0; Win64; x64) AppleWebKit/537.36 (KHTML, like Gecko) Chrome/89.0.4389.90 Safari/537.36"
94.134.177.219 - - [18/Mar/2021:19:10:55 +0100] "GET /buecher/gesichter/25.jpg HTTP/1.1" 200 7280 "http://www.morusverlag.de/buecher/" "Mozilla/5.0 (Windows NT 10.0; Win64; x64) AppleWebKit/537.36 (KHTML, like Gecko) Chrome/89.0.4389.90 Safari/537.36"
94.134.177.219 - - [18/Mar/2021:19:10:55 +0100] "GET /buecher/gesichter/26.jpg HTTP/1.1" 200 8027 "http://www.morusverlag.de/buecher/" "Mozilla/5.0 (Windows NT 10.0; Win64; x64) AppleWebKit/537.36 (KHTML, like Gecko) Chrome/89.0.4389.90 Safari/537.36"
94.134.177.219 - - [18/Mar/2021:19:10:55 +0100] "GET /buecher/gesichter/27.jpg HTTP/1.1" 200 8110 "http://www.morusverlag.de/buecher/" "Mozilla/5.0 (Windows NT 10.0; Win64; x64) AppleWebKit/537.36 (KHTML, like Gecko) Chrome/89.0.4389.90 Safari/537.36"
94.134.177.219 - - [18/Mar/2021:19:10:55 +0100] "GET /buecher/gesichter/28.jpg HTTP/1.1" 200 7684 "http://www.morusverlag.de/buecher/" "Mozilla/5.0 (Windows NT 10.0; Win64; x64) AppleWebKit/537.36 (KHTML, like Gecko) Chrome/89.0.4389.90 Safari/537.36"
94.134.177.219 - - [18/Mar/2021:19:10:55 +0100] "GET /buecher/gesichter/29.jpg HTTP/1.1" 200 9282 "http://www.morusverlag.de/buecher/" "Mozilla/5.0 (Windows NT 10.0; Win64; x64) AppleWebKit/537.36 (KHTML, like Gecko) Chrome/89.0.4389.90 Safari/537.36"
94.134.177.219 - - [18/Mar/2021:19:10:55 +0100] "GET /buecher/gesichter/30.jpg HTTP/1.1" 200 8702 "http://www.morusverlag.de/buecher/" "Mozilla/5.0 (Windows NT 10.0; Win64; x64) AppleWebKit/537.36 (KHTML, like Gecko) Chrome/89.0.4389.90 Safari/537.36"
94.134.177.219 - - [18/Mar/2021:19:10:55 +0100] "GET /strich.gif HTTP/1.1" 200 45 "http://www.morusverlag.de/buecher/" "Mozilla/5.0 (Windows NT 10.0; Win64; x64) AppleWebKit/537.36 (KHTML, like Gecko) Chrome/89.0.4389.90 Safari/537.36"
94.134.177.219 - - [18/Mar/2021:19:10:55 +0100] "GET /contentflow/img/scrollbar_white.png HTTP/1.1" 200 82 "http://www.morusverlag.de/contentflow/contentflow.css" "Mozilla/5.0 (Windows NT 10.0; Win64; x64) AppleWebKit/537.36 (KHTML, like Gecko) Chrome/89.0.4389.90 Safari/537.36"
94.134.177.219 - - [18/Mar/2021:19:10:55 +0100] "GET /buecher/gesichter/31.jpg HTTP/1.1" 200 8424 "http://www.morusverlag.de/buecher/" "Mozilla/5.0 (Windows NT 10.0; Win64; x64) AppleWebKit/537.36 (KHTML, like Gecko) Chrome/89.0.4389.90 Safari/537.36"
94.134.177.219 - - [18/Mar/2021:19:10:55 +0100] "GET /contentflow/img/loader.gif HTTP/1.1" 200 8238 "http://www.morusverlag.de/contentflow/contentflow.css" "Mozilla/5.0 (Windows NT 10.0; Win64; x64) AppleWebKit/537.36 (KHTML, like Gecko) Chrome/89.0.4389.90 Safari/537.36"
94.134.177.219 - - [18/Mar/2021:19:10:55 +0100] "GET /buecher/gesichter/32.jpg HTTP/1.1" 200 8010 "http://www.morusverlag.de/buecher/" "Mozilla/5.0 (Windows NT 10.0; Win64; x64) AppleWebKit/537.36 (KHTML, like Gecko) Chrome/89.0.4389.90 Safari/537.36"
94.134.177.219 - - [18/Mar/2021:19:10:55 +0100] "GET /contentflow/img/slider_white.png HTTP/1.1" 200 178 "http://www.morusverlag.de/contentflow/contentflow.css" "Mozilla/5.0 (Windows NT 10.0; Win64; x64) AppleWebKit/537.36 (KHTML, like Gecko) Chrome/89.0.4389.90 Safari/537.36"
94.134.177.219 - - [18/Mar/2021:19:10:55 +0100] "GET /buecher/mein_atem.jpg HTTP/1.1" 200 4118 "http://www.morusverlag.de/buecher/" "Mozilla/5.0 (Windows NT 10.0; Win64; x64) AppleWebKit/537.36 (KHTML, like Gecko) Chrome/89.0.4389.90 Safari/537.36"
94.134.177.219 - - [18/Mar/2021:19:10:55 +0100] "GET /buecher/chateaubriand.jpg HTTP/1.1" 200 2272 "http://www.morusverlag.de/buecher/" "Mozilla/5.0 (Windows NT 10.0; Win64; x64) AppleWebKit/537.36 (KHTML, like Gecko) Chrome/89.0.4389.90 Safari/537.36"
94.134.177.219 - - [18/Mar/2021:19:10:55 +0100] "GET /buecher/engel.jpg HTTP/1.1" 200 5414 "http://www.morusverlag.de/buecher/" "Mozilla/5.0 (Windows NT 10.0; Win64; x64) AppleWebKit/537.36 (KHTML, like Gecko) Chrome/89.0.4389.90 Safari/537.36"
94.134.177.219 - - [18/Mar/2021:19:10:55 +0100] "GET /buecher/liebe_und_treue.jpg HTTP/1.1" 200 3067 "http://www.morusverlag.de/buecher/" "Mozilla/5.0 (Windows NT 10.0; Win64; x64) AppleWebKit/537.36 (KHTML, like Gecko) Chrome/89.0.4389.90 Safari/537.36"
94.134.177.219 - - [18/Mar/2021:19:10:55 +0100] "GET /buecher/le_saulchoir.jpg HTTP/1.1" 200 2734 "http://www.morusverlag.de/buecher/" "Mozilla/5.0 (Windows NT 10.0; Win64; x64) AppleWebKit/537.36 (KHTML, like Gecko) Chrome/89.0.4389.90 Safari/537.36"
94.134.177.219 - - [18/Mar/2021:19:10:55 +0100] "GET /buecher/staatsaufgaben.jpg HTTP/1.1" 200 2204 "http://www.morusverlag.de/buecher/" "Mozilla/5.0 (Windows NT 10.0; Win64; x64) AppleWebKit/537.36 (KHTML, like Gecko) Chrome/89.0.4389.90 Safari/537.36"
94.134.177.219 - - [18/Mar/2021:19:10:55 +0100] "GET /buecher/krise_zum_heil.jpg HTTP/1.1" 200 1930 "http://www.morusverlag.de/buecher/" "Mozilla/5.0 (Windows NT 10.0; Win64; x64) AppleWebKit/537.36 (KHTML, like Gecko) Chrome/89.0.4389.90 Safari/537.36"
94.134.177.219 - - [18/Mar/2021:19:10:55 +0100] "GET /buecher/nichtaufsand.jpg HTTP/1.1" 200 3733 "http://www.morusverlag.de/buecher/" "Mozilla/5.0 (Windows NT 10.0; Win64; x64) AppleWebKit/537.36 (KHTML, like Gecko) Chrome/89.0.4389.90 Safari/537.36"
94.134.177.219 - - [18/Mar/2021:19:10:55 +0100] "GET /buecher/islam.jpg HTTP/1.1" 200 4080 "http://www.morusverlag.de/buecher/" "Mozilla/5.0 (Windows NT 10.0; Win64; x64) AppleWebKit/537.36 (KHTML, like Gecko) Chrome/89.0.4389.90 Safari/537.36"
94.134.177.219 - - [18/Mar/2021:19:10:55 +0100] "GET /buecher/leiblichkeit.jpg HTTP/1.1" 200 3929 "http://www.morusverlag.de/buecher/" "Mozilla/5.0 (Windows NT 10.0; Win64; x64) AppleWebKit/537.36 (KHTML, like Gecko) Chrome/89.0.4389.90 Safari/537.36"
94.134.177.219 - - [18/Mar/2021:19:10:55 +0100] "GET /buecher/preysing.jpg HTTP/1.1" 200 3799 "http://www.morusverlag.de/buecher/" "Mozilla/5.0 (Windows NT 10.0; Win64; x64) AppleWebKit/537.36 (KHTML, like Gecko) Chrome/89.0.4389.90 Safari/537.36"
94.134.177.219 - - [18/Mar/2021:19:10:55 +0100] "GET /contentflow/img/1x1_0.5_white.png HTTP/1.1" 200 82 "http://www.morusverlag.de/contentflow/ContentFlowAddOn_white.css" "Mozilla/5.0 (Windows NT 10.0; Win64; x64) AppleWebKit/537.36 (KHTML, like Gecko) Chrome/89.0.4389.90 Safari/537.36"
94.134.177.219 - - [18/Mar/2021:19:10:55 +0100] "GET /contentflow/img/loader_white.gif HTTP/1.1" 200 8238 "http://www.morusverlag.de/contentflow/ContentFlowAddOn_white.css" "Mozilla/5.0 (Windows NT 10.0; Win64; x64) AppleWebKit/537.36 (KHTML, like Gecko) Chrome/89.0.4389.90 Safari/537.36"
94.134.177.219 - - [18/Mar/2021:19:10:55 +0100] "GET /contentflow/img/scrollbar_black.png HTTP/1.1" 200 82 "http://www.morusverlag.de/contentflow/ContentFlowAddOn_white.css" "Mozilla/5.0 (Windows NT 10.0; Win64; x64) AppleWebKit/537.36 (KHTML, like Gecko) Chrome/89.0.4389.90 Safari/537.36"
94.134.177.219 - - [18/Mar/2021:19:10:55 +0100] "GET /contentflow/img/slider_black.png HTTP/1.1" 200 175 "http://www.morusverlag.de/contentflow/ContentFlowAddOn_white.css" "Mozilla/5.0 (Windows NT 10.0; Win64; x64) AppleWebKit/537.36 (KHTML, like Gecko) Chrome/89.0.4389.90 Safari/537.36"
94.134.177.219 - - [18/Mar/2021:19:10:55 +0100] "GET /favicon.ico HTTP/1.1" 200 4286 "http://www.morusverlag.de/buecher/" "Mozilla/5.0 (Windows NT 10.0; Win64; x64) AppleWebKit/537.36 (KHTML, like Gecko) Chrome/89.0.4389.90 Safari/537.36"
212.86.109.31 - - [18/Mar/2021:19:17:36 +0100] "HEAD / HTTP/1.1" 200 - "http://rupolitshow.ru/zheleznaya-logika" "Mozilla/6.0 (compatible; MSIE6.00; Windows 2003)"
185.209.20.147 - - [18/Mar/2021:19:17:37 +0100] "HEAD / HTTP/1.1" 200 - "https://www.gudzik.kiev.ua/tantcevalnaia-bakhroma" "Mozilla/2.0 (compatible; MSIE7.00; Windows 2005)"
185.203.240.129 - - [18/Mar/2021:19:17:37 +0100] "HEAD / HTTP/1.1" 200 - "https://www.black-buttons.com/metallizirovannue" "Mozilla/4.0 (compatible; MSIE7.00; Windows 2004)"
77.220.215.153 - - [18/Mar/2021:19:17:37 +0100] "HEAD / HTTP/1.1" 200 - "https://www.komplaens-audit.top/stat-komplaens-audit/auditors-ki-poslugi.html" "Mozilla/7.0 (compatible; MSIE6.00; Windows 2004)"
85.209.89.224 - - [18/Mar/2021:19:17:37 +0100] "HEAD / HTTP/1.1" 200 - "https://pravosovetnic.ru/bankruptcyofindividuals" "Mozilla/8.0 (compatible; MSIE6.00; Windows 2005)"
85.209.89.217 - - [18/Mar/2021:19:26:46 +0100] "HEAD / HTTP/1.1" 200 - "https://zlojnachalnik.ru/hudozhnik/" "Mozilla/8.0 (compatible; MSIE6.00; Windows 2002)"
85.209.89.205 - - [18/Mar/2021:19:26:46 +0100] "HEAD / HTTP/1.1" 200 - "https://na100km.com/citroen/sitroen-ksantija/" "Mozilla/8.0 (compatible; MSIE2.00; Windows 2003)"
85.209.89.241 - - [18/Mar/2021:19:26:47 +0100] "HEAD / HTTP/1.1" 200 - "https://specstch.com/" "Mozilla/4.0 (compatible; MSIE7.00; Windows 2006)"
185.241.52.68 - - [18/Mar/2021:19:33:22 +0100] "HEAD / HTTP/1.1" 200 - "http://lesorubles.ru/" "Mozilla/8.0 (compatible; MSIE7.00; Windows 2002)"
85.209.89.216 - - [18/Mar/2021:19:34:55 +0100] "HEAD / HTTP/1.1" 200 - "https://dc-carcredit.ru/" "Mozilla/7.0 (compatible; MSIE7.00; Windows 2002)"
185.224.132.45 - - [18/Mar/2021:19:35:18 +0100] "HEAD / HTTP/1.1" 200 - "https://fonarikitop.ru/" "Mozilla/6.0 (compatible; MSIE3.00; Windows 2006)"
45.132.107.248 - - [18/Mar/2021:19:35:28 +0100] "HEAD / HTTP/1.1" 200 - "https://kak-pochemy.ru/" "Mozilla/6.0 (compatible; MSIE2.00; Windows 2007)"
66.249.66.205 - - [18/Mar/2021:19:52:11 +0100] "GET / HTTP/1.1" 200 9360 "-" "Mozilla/5.0 (compatible; Googlebot/2.1; +http://www.google.com/bot.html)"
193.124.188.188 - - [18/Mar/2021:19:53:02 +0100] "HEAD / HTTP/1.1" 200 - "https://metaphysican.com/" "Mozilla/8.0 (compatible; MSIE5.00; Windows 2009)"
193.124.188.83 - - [18/Mar/2021:19:53:02 +0100] "HEAD / HTTP/1.1" 200 - "https://archery-expert.com/" "Mozilla/6.0 (compatible; MSIE6.00; Windows 2009)"
194.67.210.77 - - [18/Mar/2021:19:53:03 +0100] "HEAD / HTTP/1.1" 200 - "https://toyota-cars.info/" "Mozilla/4.0 (compatible; MSIE3.00; Windows 2006)"
194.67.207.9 - - [18/Mar/2021:19:53:03 +0100] "HEAD / HTTP/1.1" 200 - "https://koshek.ru/" "Mozilla/2.0 (compatible; MSIE5.00; Windows 2009)"
144.76.162.206 - - [18/Mar/2021:19:54:24 +0100] "GET /sonderthemen/sk2004.pdf HTTP/1.1" 200 1967215 "-" "Mozilla/5.0 (Macintosh; Intel Mac OS X 10.14; rv:83.0) Gecko/20100101 Firefox/83.0"
35.239.58.193 - - [18/Mar/2021:19:59:28 +0100] "GET /robots.txt HTTP/1.1" 200 100 "-" "ltx71 - (http://ltx71.com/)"
35.239.58.193 - - [18/Mar/2021:20:00:56 +0100] "GET / HTTP/1.1" 200 9360 "-" "ltx71 - (http://ltx71.com/)"
185.5.249.185 - - [18/Mar/2021:20:01:32 +0100] "HEAD / HTTP/1.1" 200 - "https://nissan-auto.in/" "Mozilla/5.0 (compatible; MSIE6.00; Windows 2006)"
37.113.188.247 - - [18/Mar/2021:20:03:14 +0100] "GET / HTTP/1.1" 200 9360 "https://1000tour.ru/" "Mozilla/5.0 (Macintosh; Intel Mac OS X 10_10_3) AppleWebKit/537.36 (KHTML, like Gecko) Chrome/44.0.2376.0 Safari/537.36 OPR/31.0.1857.0"
37.113.188.247 - - [18/Mar/2021:20:03:14 +0100] "GET / HTTP/1.1" 200 9360 "https://1000tour.ru/" "Mozilla/5.0 (Macintosh; Intel Mac OS X 10_10_3) AppleWebKit/537.36 (KHTML, like Gecko) Chrome/44.0.2376.0 Safari/537.36 OPR/31.0.1857.0"
35.239.58.193 - - [18/Mar/2021:20:04:15 +0100] "GET /robots.txt HTTP/1.1" 200 100 "-" "ltx71 - (http://ltx71.com/)"
35.239.58.193 - - [18/Mar/2021:20:05:00 +0100] "GET /kontakt/index.html HTTP/1.1" 200 2896 "-" "ltx71 - (http://ltx71.com/)"
185.125.219.13 - - [18/Mar/2021:20:09:21 +0100] "HEAD / HTTP/1.1" 200 - "https://veb-whatsapp.ru/" "Mozilla/4.0 (compatible; MSIE7.00; Windows 2008)"
168.119.11.187 - - [18/Mar/2021:20:15:46 +0100] "GET /buecher/rezensionen_ungeteilt.html HTTP/1.1" 200 9764 "-" "Mozilla/5.0 (Windows NT 10.0; Win64; x64) AppleWebKit/537.36 (KHTML, like Gecko) Chrome/86.0.4240.183 Safari/537.36 OPR/72.0.3815.320"
194.67.207.94 - - [18/Mar/2021:20:16:51 +0100] "HEAD / HTTP/1.1" 200 - "https://ecoseti.com/" "Mozilla/5.0 (compatible; MSIE3.00; Windows 2002)"
114.119.142.173 - - [18/Mar/2021:20:40:11 +0100] "GET /buecher/rezensionen_chateaubriand.html HTTP/1.1" 200 47317 "-" "Mozilla/5.0 (Linux; Android 7.0;) AppleWebKit/537.36 (KHTML, like Gecko) Mobile Safari/537.36 (compatible; PetalBot;+https://aspiegel.com/petalbot)"
13.66.139.78 - - [18/Mar/2021:21:05:20 +0100] "GET /buecher/gesichter/16.jpg HTTP/1.1" 200 8367 "-" "Mozilla/5.0 (compatible; bingbot/2.0; +http://www.bing.com/bingbot.htm)"
62.138.2.214 - - [18/Mar/2021:21:09:29 +0100] "GET /robots.txt HTTP/1.1" 200 100 "-" "Mozilla/5.0 (X11; Linux x86_64; rv:81.0) Gecko/20100101 Firefox/81.0"
62.138.2.214 - - [18/Mar/2021:21:09:30 +0100] "GET /kontakt/index.html HTTP/1.1" 200 2896 "-" "Mozilla/5.0 (X11; Linux x86_64; rv:81.0) Gecko/20100101 Firefox/81.0"
217.94.231.115 - - [18/Mar/2021:21:13:33 +0100] "GET /cds/hymnos_akathistos.html HTTP/1.1" 200 11061 "https://www.google.de/" "Mozilla/5.0 (iPhone; CPU iPhone OS 14_4_1 like Mac OS X) AppleWebKit/605.1.15 (KHTML, like Gecko) Version/14.0.3 Mobile/15E148 Safari/604.1"
217.94.231.115 - - [18/Mar/2021:21:13:33 +0100] "GET /main.css HTTP/1.1" 200 1439 "http://www.morusverlag.de/cds/hymnos_akathistos.html" "Mozilla/5.0 (iPhone; CPU iPhone OS 14_4_1 like Mac OS X) AppleWebKit/605.1.15 (KHTML, like Gecko) Version/14.0.3 Mobile/15E148 Safari/604.1"
217.94.231.115 - - [18/Mar/2021:21:13:33 +0100] "GET /logo_g.gif HTTP/1.1" 200 1301 "http://www.morusverlag.de/cds/hymnos_akathistos.html" "Mozilla/5.0 (iPhone; CPU iPhone OS 14_4_1 like Mac OS X) AppleWebKit/605.1.15 (KHTML, like Gecko) Version/14.0.3 Mobile/15E148 Safari/604.1"
217.94.231.115 - - [18/Mar/2021:21:13:33 +0100] "GET /m.gif HTTP/1.1" 200 95 "http://www.morusverlag.de/cds/hymnos_akathistos.html" "Mozilla/5.0 (iPhone; CPU iPhone OS 14_4_1 like Mac OS X) AppleWebKit/605.1.15 (KHTML, like Gecko) Version/14.0.3 Mobile/15E148 Safari/604.1"
217.94.231.115 - - [18/Mar/2021:21:13:33 +0100] "GET /strich.gif HTTP/1.1" 200 45 "http://www.morusverlag.de/cds/hymnos_akathistos.html" "Mozilla/5.0 (iPhone; CPU iPhone OS 14_4_1 like Mac OS X) AppleWebKit/605.1.15 (KHTML, like Gecko) Version/14.0.3 Mobile/15E148 Safari/604.1"
217.94.231.115 - - [18/Mar/2021:21:13:33 +0100] "GET /pf.gif HTTP/1.1" 200 62 "http://www.morusverlag.de/cds/hymnos_akathistos.html" "Mozilla/5.0 (iPhone; CPU iPhone OS 14_4_1 like Mac OS X) AppleWebKit/605.1.15 (KHTML, like Gecko) Version/14.0.3 Mobile/15E148 Safari/604.1"
217.94.231.115 - - [18/Mar/2021:21:13:33 +0100] "GET /cds/hymnos.jpg HTTP/1.1" 200 27752 "http://www.morusverlag.de/cds/hymnos_akathistos.html" "Mozilla/5.0 (iPhone; CPU iPhone OS 14_4_1 like Mac OS X) AppleWebKit/605.1.15 (KHTML, like Gecko) Version/14.0.3 Mobile/15E148 Safari/604.1"
217.94.231.115 - - [18/Mar/2021:21:13:34 +0100] "GET /cds/hymnos_heft.jpg HTTP/1.1" 200 8653 "http://www.morusverlag.de/cds/hymnos_akathistos.html" "Mozilla/5.0 (iPhone; CPU iPhone OS 14_4_1 like Mac OS X) AppleWebKit/605.1.15 (KHTML, like Gecko) Version/14.0.3 Mobile/15E148 Safari/604.1"
217.94.231.115 - - [18/Mar/2021:21:13:35 +0100] "GET /mv_g.gif HTTP/1.1" 200 4070 "http://www.morusverlag.de/cds/hymnos_akathistos.html" "Mozilla/5.0 (iPhone; CPU iPhone OS 14_4_1 like Mac OS X) AppleWebKit/605.1.15 (KHTML, like Gecko) Version/14.0.3 Mobile/15E148 Safari/604.1"
217.94.231.115 - - [18/Mar/2021:21:13:35 +0100] "GET /favicon.ico HTTP/1.1" 200 4286 "http://www.morusverlag.de/cds/hymnos_akathistos.html" "Mozilla/5.0 (iPhone; CPU iPhone OS 14_4_1 like Mac OS X) AppleWebKit/605.1.15 (KHTML, like Gecko) Version/14.0.3 Mobile/15E148 Safari/604.1"
178.150.47.62 - - [18/Mar/2021:21:22:53 +0100] "GET / HTTP/1.1" 200 9360 "https://bestrating-casino.ru/" "Mozilla/4.0 (compatible; MSIE 5.5; Windows NT 4.0; .NET CLR 1.0.2914)"
178.150.47.62 - - [18/Mar/2021:21:22:53 +0100] "GET / HTTP/1.1" 200 9360 "https://bestrating-casino.ru/" "Mozilla/4.0 (compatible; MSIE 5.5; Windows NT 4.0; .NET CLR 1.0.2914)"
178.150.47.62 - - [18/Mar/2021:21:22:54 +0100] "GET / HTTP/1.1" 200 9360 "https://bestrating-casino.ru/" "Mozilla/4.0 (compatible; MSIE 5.5; Windows NT 4.0; .NET CLR 1.0.2914)"
46.4.83.150 - - [18/Mar/2021:22:09:16 +0100] "GET /sonderthemen/oeaz2002.pdf HTTP/1.1" 200 3161455 "-" "Mozilla/5.0 (Macintosh; Intel Mac OS X 10_13_6) AppleWebKit/605.1.15 (KHTML, like Gecko) Version/13.1.2 Safari/605.1.15"
168.119.69.91 - - [18/Mar/2021:22:09:15 +0100] "GET /sonderthemen/oeaz2002.pdf HTTP/1.1" 200 3161455 "-" "Mozilla/5.0 (Windows NT 6.3; Win64; x64; rv:83.0) Gecko/20100101 Firefox/83.0"
168.119.11.187 - - [18/Mar/2021:22:09:39 +0100] "GET /sonderthemen/oeaz2002.pdf HTTP/1.1" 200 3161455 "-" "Mozilla/5.0 (Windows NT 10.0; Win64; x64) AppleWebKit/537.36 (KHTML, like Gecko) Chrome/87.0.4280.67 Safari/537.36 Edg/87.0.664.52"
62.138.2.214 - - [18/Mar/2021:22:19:58 +0100] "GET /index.html HTTP/1.1" 200 9360 "-" "Mozilla/5.0 (X11; Linux x86_64; rv:81.0) Gecko/20100101 Firefox/81.0"
168.119.69.91 - - [18/Mar/2021:22:23:26 +0100] "GET /sonderthemen/sk2000.pdf HTTP/1.1" 200 2925489 "-" "Mozilla/5.0 (Windows NT 10.0; Win64; x64; rv:78.0) Gecko/20100101 Firefox/78.0"
178.63.51.106 - - [18/Mar/2021:22:23:47 +0100] "GET /sonderthemen/sk2000.pdf HTTP/1.1" 200 2925489 "-" "Mozilla/5.0 (Macintosh; Intel Mac OS X 10_15_4) AppleWebKit/605.1.15 (KHTML, like Gecko) Version/13.1 Safari/605.1.15"
62.138.2.214 - - [18/Mar/2021:22:35:46 +0100] "GET / HTTP/1.1" 200 9360 "-" "Mozilla/5.0 (X11; Linux x86_64; rv:81.0) Gecko/20100101 Firefox/81.0"
114.119.150.186 - - [18/Mar/2021:22:40:03 +0100] "GET /robots.txt HTTP/1.1" 200 100 "-" "(compatible;PetalBot;+https://aspiegel.com/petalbot)"
40.77.167.84 - - [18/Mar/2021:22:49:45 +0100] "GET /robots.txt HTTP/1.1" 200 100 "-" "Mozilla/5.0 (compatible; bingbot/2.0; +http://www.bing.com/bingbot.htm)"
13.66.139.37 - - [18/Mar/2021:22:49:50 +0100] "GET /buecher/gesichter/29.jpg HTTP/1.1" 200 9282 "-" "Mozilla/5.0 (compatible; bingbot/2.0; +http://www.bing.com/bingbot.htm)"
192.99.18.136 - - [18/Mar/2021:23:04:07 +0100] "GET / HTTP/1.1" 200 9360 "https://www.google.com" "Mozilla/5.0 (X11; Ubuntu; Linux x86_64; rv:72.0) Gecko/20100101 Firefox/72.0"
192.99.18.136 - - [18/Mar/2021:23:04:07 +0100] "GET /buecher/index.html HTTP/1.1" 200 25885 "https://www.google.com" "Mozilla/5.0 (X11; Ubuntu; Linux x86_64; rv:72.0) Gecko/20100101 Firefox/72.0"
192.99.18.136 - - [18/Mar/2021:23:04:08 +0100] "GET /cds/index.html HTTP/1.1" 200 7987 "https://www.google.com" "Mozilla/5.0 (X11; Ubuntu; Linux x86_64; rv:72.0) Gecko/20100101 Firefox/72.0"
192.99.18.136 - - [18/Mar/2021:23:04:08 +0100] "GET /gotteslob/index.html HTTP/1.1" 200 2770 "https://www.google.com" "Mozilla/5.0 (X11; Ubuntu; Linux x86_64; rv:72.0) Gecko/20100101 Firefox/72.0"
192.99.18.136 - - [18/Mar/2021:23:04:09 +0100] "GET /jahrbuch/index.html HTTP/1.1" 200 3956 "https://www.google.com" "Mozilla/5.0 (X11; Ubuntu; Linux x86_64; rv:72.0) Gecko/20100101 Firefox/72.0"
192.99.18.136 - - [18/Mar/2021:23:04:09 +0100] "GET /impressum.html HTTP/1.1" 200 2808 "https://www.google.com" "Mozilla/5.0 (X11; Ubuntu; Linux x86_64; rv:72.0) Gecko/20100101 Firefox/72.0"
192.99.18.108 - - [18/Mar/2021:23:05:35 +0100] "GET / HTTP/1.1" 200 9360 "https://www.google.com" "Mozilla/5.0 (X11; Ubuntu; Linux x86_64; rv:72.0) Gecko/20100101 Firefox/72.0"
192.99.18.108 - - [18/Mar/2021:23:05:35 +0100] "GET /impressum.html HTTP/1.1" 200 2808 "https://www.google.com" "Mozilla/5.0 (X11; Ubuntu; Linux x86_64; rv:72.0) Gecko/20100101 Firefox/72.0"
192.99.18.108 - - [18/Mar/2021:23:05:36 +0100] "GET /buecher/index.html HTTP/1.1" 200 25885 "https://www.google.com" "Mozilla/5.0 (X11; Ubuntu; Linux x86_64; rv:72.0) Gecko/20100101 Firefox/72.0"
192.99.18.108 - - [18/Mar/2021:23:05:36 +0100] "GET /cds/index.html HTTP/1.1" 200 7987 "https://www.google.com" "Mozilla/5.0 (X11; Ubuntu; Linux x86_64; rv:72.0) Gecko/20100101 Firefox/72.0"
192.99.18.108 - - [18/Mar/2021:23:05:37 +0100] "GET /gotteslob/index.html HTTP/1.1" 200 2770 "https://www.google.com" "Mozilla/5.0 (X11; Ubuntu; Linux x86_64; rv:72.0) Gecko/20100101 Firefox/72.0"
192.99.18.108 - - [18/Mar/2021:23:05:37 +0100] "GET /jahrbuch/index.html HTTP/1.1" 200 3956 "https://www.google.com" "Mozilla/5.0 (X11; Ubuntu; Linux x86_64; rv:72.0) Gecko/20100101 Firefox/72.0"
192.99.18.122 - - [18/Mar/2021:23:09:08 +0100] "GET / HTTP/1.1" 200 9360 "https://www.google.com" "Mozilla/5.0 (X11; Ubuntu; Linux x86_64; rv:72.0) Gecko/20100101 Firefox/72.0"
192.99.18.122 - - [18/Mar/2021:23:09:08 +0100] "GET /buecher/index.html HTTP/1.1" 200 25885 "https://www.google.com" "Mozilla/5.0 (X11; Ubuntu; Linux x86_64; rv:72.0) Gecko/20100101 Firefox/72.0"
192.99.18.122 - - [18/Mar/2021:23:09:10 +0100] "GET /cds/index.html HTTP/1.1" 200 7987 "https://www.google.com" "Mozilla/5.0 (X11; Ubuntu; Linux x86_64; rv:72.0) Gecko/20100101 Firefox/72.0"
192.99.18.122 - - [18/Mar/2021:23:09:10 +0100] "GET /gotteslob/index.html HTTP/1.1" 200 2770 "https://www.google.com" "Mozilla/5.0 (X11; Ubuntu; Linux x86_64; rv:72.0) Gecko/20100101 Firefox/72.0"
192.99.18.122 - - [18/Mar/2021:23:09:10 +0100] "GET /jahrbuch/index.html HTTP/1.1" 200 3956 "https://www.google.com" "Mozilla/5.0 (X11; Ubuntu; Linux x86_64; rv:72.0) Gecko/20100101 Firefox/72.0"
192.99.18.122 - - [18/Mar/2021:23:09:11 +0100] "GET /impressum.html HTTP/1.1" 200 2808 "https://www.google.com" "Mozilla/5.0 (X11; Ubuntu; Linux x86_64; rv:72.0) Gecko/20100101 Firefox/72.0"
62.138.2.214 - - [18/Mar/2021:23:26:33 +0100] "GET /kontakt/index.html HTTP/1.1" 200 2896 "-" "Mozilla/5.0 (X11; Linux x86_64; rv:81.0) Gecko/20100101 Firefox/81.0"
62.138.2.214 - - [18/Mar/2021:23:46:43 +0100] "GET /buecher/index.html HTTP/1.1" 200 25885 "-" "Mozilla/5.0 (X11; Linux x86_64; rv:81.0) Gecko/20100101 Firefox/81.0"
178.159.37.104 - - [18/Mar/2021:23:49:13 +0100] "GET / HTTP/1.1" 200 9360 "https://sauni-moskva.ru/" "Mozilla/4.0 (compatible; MSIE 6.0; Windows NT 5.0; .NET CLR 1.0.3705; .NET CLR 1.1.4322)"
178.159.37.104 - - [18/Mar/2021:23:49:13 +0100] "GET / HTTP/1.1" 200 9360 "https://sauni-moskva.ru/" "Mozilla/4.0 (compatible; MSIE 6.0; Windows NT 5.0; .NET CLR 1.0.3705; .NET CLR 1.1.4322)"
178.159.37.104 - - [18/Mar/2021:23:49:13 +0100] "GET / HTTP/1.1" 200 9360 "https://sauni-moskva.ru/" "Mozilla/4.0 (compatible; MSIE 6.0; Windows NT 5.0; .NET CLR 1.0.3705; .NET CLR 1.1.4322)"
62.138.2.214 - - [19/Mar/2021:00:01:18 +0100] "GET /cds/rosarium.html HTTP/1.1" 200 6680 "-" "Mozilla/5.0 (X11; Linux x86_64; rv:81.0) Gecko/20100101 Firefox/81.0"
62.138.2.214 - - [19/Mar/2021:00:06:00 +0100] "GET /gotteslob/index.html HTTP/1.1" 200 2770 "-" "Mozilla/5.0 (X11; Linux x86_64; rv:81.0) Gecko/20100101 Firefox/81.0"
54.36.148.70 - - [19/Mar/2021:00:16:03 +0100] "GET /robots.txt HTTP/1.1" 200 100 "-" "Mozilla/5.0 (compatible; AhrefsBot/7.0; +http://ahrefs.com/robot/)"
62.138.2.214 - - [19/Mar/2021:00:16:49 +0100] "GET /cds/hymnos_akathistos.html HTTP/1.1" 200 11061 "-" "Mozilla/5.0 (X11; Linux x86_64; rv:81.0) Gecko/20100101 Firefox/81.0"
114.119.154.118 - - [19/Mar/2021:00:35:13 +0100] "GET /robots.txt HTTP/1.1" 200 100 "-" "(compatible;PetalBot;+https://aspiegel.com/petalbot)"
62.138.2.214 - - [19/Mar/2021:00:40:53 +0100] "GET /sonderthemen/index.html HTTP/1.1" 200 7102 "-" "Mozilla/5.0 (X11; Linux x86_64; rv:81.0) Gecko/20100101 Firefox/81.0"
62.138.2.214 - - [19/Mar/2021:00:46:00 +0100] "GET /buecher/rezensionen_chateaubriand.html HTTP/1.1" 200 47317 "-" "Mozilla/5.0 (X11; Linux x86_64; rv:81.0) Gecko/20100101 Firefox/81.0"
62.138.2.214 - - [19/Mar/2021:00:55:18 +0100] "GET /buecher/veroeffentlichungsliste.html HTTP/1.1" 200 129779 "-" "Mozilla/5.0 (X11; Linux x86_64; rv:81.0) Gecko/20100101 Firefox/81.0"
62.138.2.214 - - [19/Mar/2021:01:05:27 +0100] "GET /cds/ignatius.html HTTP/1.1" 200 6576 "-" "Mozilla/5.0 (X11; Linux x86_64; rv:81.0) Gecko/20100101 Firefox/81.0"
62.138.2.214 - - [19/Mar/2021:01:14:34 +0100] "GET /cds/index.html HTTP/1.1" 200 7987 "-" "Mozilla/5.0 (X11; Linux x86_64; rv:81.0) Gecko/20100101 Firefox/81.0"
62.138.2.214 - - [19/Mar/2021:01:22:25 +0100] "GET /jahrbuch/index.html HTTP/1.1" 200 3956 "-" "Mozilla/5.0 (X11; Linux x86_64; rv:81.0) Gecko/20100101 Firefox/81.0"
62.138.2.214 - - [19/Mar/2021:01:26:19 +0100] "GET /buecher/rezensionen_le_saulchoir.html HTTP/1.1" 200 34009 "-" "Mozilla/5.0 (X11; Linux x86_64; rv:81.0) Gecko/20100101 Firefox/81.0"
62.138.2.214 - - [19/Mar/2021:01:35:29 +0100] "GET /buecher/rezensionen_krise_zum_heil.html HTTP/1.1" 200 9828 "-" "Mozilla/5.0 (X11; Linux x86_64; rv:81.0) Gecko/20100101 Firefox/81.0"
42.236.10.90 - - [19/Mar/2021:01:36:41 +0100] "GET / HTTP/1.1" 200 9360 "http://www.morusverlag.de/" "Mozilla/5.0 (Windows NT 6.1; WOW64) AppleWebKit/537.36 (KHTML, like Gecko) Chrome/50.4.2661.102 Safari/537.36; 360Spider"
62.138.2.214 - - [19/Mar/2021:01:45:14 +0100] "GET /buecher/diskussion.html HTTP/1.1" 200 9925 "-" "Mozilla/5.0 (X11; Linux x86_64; rv:81.0) Gecko/20100101 Firefox/81.0"
62.138.2.214 - - [19/Mar/2021:01:56:59 +0100] "GET /buecher/rezensionen.html HTTP/1.1" 200 6964 "-" "Mozilla/5.0 (X11; Linux x86_64; rv:81.0) Gecko/20100101 Firefox/81.0"
62.138.2.214 - - [19/Mar/2021:02:13:35 +0100] "GET /jahrbuch/bestellung.php HTTP/1.1" 200 10316 "-" "Mozilla/5.0 (X11; Linux x86_64; rv:81.0) Gecko/20100101 Firefox/81.0"
62.138.2.214 - - [19/Mar/2021:02:22:22 +0100] "GET /buecher/bestellung.php HTTP/1.1" 200 10142 "-" "Mozilla/5.0 (X11; Linux x86_64; rv:81.0) Gecko/20100101 Firefox/81.0"
62.138.2.214 - - [19/Mar/2021:02:26:52 +0100] "GET /buecher/rezensionen_preysing.html HTTP/1.1" 200 9502 "-" "Mozilla/5.0 (X11; Linux x86_64; rv:81.0) Gecko/20100101 Firefox/81.0"
114.119.130.30 - - [19/Mar/2021:02:29:22 +0100] "GET /robots.txt HTTP/1.1" 200 100 "-" "(compatible;PetalBot;+https://aspiegel.com/petalbot)"
62.138.2.214 - - [19/Mar/2021:02:39:37 +0100] "GET /jahrbuch/titelseiten/index.html HTTP/1.1" 200 6735 "-" "Mozilla/5.0 (X11; Linux x86_64; rv:81.0) Gecko/20100101 Firefox/81.0"
17.58.101.69 - - [19/Mar/2021:02:53:28 +0100] "GET /robots.txt HTTP/1.1" 200 100 "-" "Mozilla/5.0 (Macintosh; Intel Mac OS X 10_15_5) AppleWebKit/605.1.15 (KHTML, like Gecko) Version/13.1.1 Safari/605.1.15 (Applebot/0.1; +http://www.apple.com/go/applebot)"
17.58.103.55 - - [19/Mar/2021:02:53:28 +0100] "GET /buecher/index.html HTTP/1.1" 200 25885 "-" "Mozilla/5.0 (Macintosh; Intel Mac OS X 10_15_5) AppleWebKit/605.1.15 (KHTML, like Gecko) Version/13.1.1 Safari/605.1.15 (Applebot/0.1; +http://www.apple.com/go/applebot)"
62.138.2.214 - - [19/Mar/2021:03:03:09 +0100] "GET /sonderthemen/az2003.pdf HTTP/1.1" 200 4864675 "-" "Mozilla/5.0 (X11; Linux x86_64; rv:81.0) Gecko/20100101 Firefox/81.0"
140.203.12.9 - - [19/Mar/2021:03:24:34 +0100] "HEAD / HTTP/1.1" 200 - "-" "Java/1.6.0_23"
62.138.2.214 - - [19/Mar/2021:03:43:34 +0100] "GET /cds/astazi.html HTTP/1.1" 200 8453 "-" "Mozilla/5.0 (X11; Linux x86_64; rv:81.0) Gecko/20100101 Firefox/81.0"
62.138.2.214 - - [19/Mar/2021:03:47:49 +0100] "GET /sonderthemen/archiv.html HTTP/1.1" 200 6959 "-" "Mozilla/5.0 (X11; Linux x86_64; rv:81.0) Gecko/20100101 Firefox/81.0"
13.66.139.37 - - [19/Mar/2021:03:50:08 +0100] "GET /buecher/gesichter/04.jpg HTTP/1.1" 200 7078 "-" "Mozilla/5.0 (compatible; bingbot/2.0; +http://www.bing.com/bingbot.htm)"
62.138.2.214 - - [19/Mar/2021:04:07:02 +0100] "GET /sonderthemen/sk2004.pdf HTTP/1.1" 200 1967215 "-" "Mozilla/5.0 (X11; Linux x86_64; rv:81.0) Gecko/20100101 Firefox/81.0"
178.159.37.104 - - [19/Mar/2021:04:16:11 +0100] "GET / HTTP/1.1" 200 9360 "https://avtolombard-voronezh.ru/" "Mozilla/4.0 (compatible; MSIE 5.5; Windows NT 5.0)"
62.138.2.214 - - [19/Mar/2021:04:20:06 +0100] "GET /sonderthemen/oekz2003.pdf HTTP/1.1" 200 4017017 "-" "Mozilla/5.0 (X11; Linux x86_64; rv:81.0) Gecko/20100101 Firefox/81.0"
62.138.2.214 - - [19/Mar/2021:04:25:10 +0100] "GET /sonderthemen/sk2004_s01.pdf HTTP/1.1" 200 162742 "-" "Mozilla/5.0 (X11; Linux x86_64; rv:81.0) Gecko/20100101 Firefox/81.0"
62.138.2.214 - - [19/Mar/2021:04:36:29 +0100] "GET /sonderthemen/oekt_extra1.pdf HTTP/1.1" 200 1849015 "-" "Mozilla/5.0 (X11; Linux x86_64; rv:81.0) Gecko/20100101 Firefox/81.0"
62.138.2.214 - - [19/Mar/2021:04:38:21 +0100] "GET /cds/glockenspiel1.html HTTP/1.1" 200 9736 "-" "Mozilla/5.0 (X11; Linux x86_64; rv:81.0) Gecko/20100101 Firefox/81.0"
62.138.2.214 - - [19/Mar/2021:04:42:46 +0100] "GET /cds/glockenspiel2.html HTTP/1.1" 200 9831 "-" "Mozilla/5.0 (X11; Linux x86_64; rv:81.0) Gecko/20100101 Firefox/81.0"
77.75.77.36 - - [19/Mar/2021:04:45:45 +0100] "GET /robots.txt HTTP/1.1" 200 100 "-" "Mozilla/5.0 (compatible; SeznamBot/3.2; +http://napoveda.seznam.cz/en/seznambot-intro/)"
77.75.77.36 - - [19/Mar/2021:04:45:46 +0100] "GET /buecher/bestellung.php HTTP/1.1" 200 10142 "-" "Mozilla/5.0 (compatible; SeznamBot/3.2; +http://napoveda.seznam.cz/en/seznambot-intro/)"
62.138.2.214 - - [19/Mar/2021:05:06:45 +0100] "GET /sonderthemen/sk2000.pdf HTTP/1.1" 200 2925489 "-" "Mozilla/5.0 (X11; Linux x86_64; rv:81.0) Gecko/20100101 Firefox/81.0"
77.75.79.119 - - [19/Mar/2021:05:10:28 +0100] "GET /robots.txt HTTP/1.1" 200 100 "-" "Mozilla/5.0 (compatible; SeznamBot/3.2; +http://napoveda.seznam.cz/en/seznambot-intro/)"
77.75.79.119 - - [19/Mar/2021:05:10:28 +0100] "GET /buecher/rezensionen.html HTTP/1.1" 304 - "-" "Mozilla/5.0 (compatible; SeznamBot/3.2; +http://napoveda.seznam.cz/en/seznambot-intro/)"
66.249.66.201 - - [19/Mar/2021:05:15:21 +0100] "GET / HTTP/1.1" 200 9360 "-" "Mozilla/5.0 (compatible; Googlebot/2.1; +http://www.google.com/bot.html)"
62.138.2.214 - - [19/Mar/2021:05:18:49 +0100] "GET /sonderthemen/oeaz2001.pdf HTTP/1.1" 200 4496626 "-" "Mozilla/5.0 (X11; Linux x86_64; rv:81.0) Gecko/20100101 Firefox/81.0"
62.138.2.214 - - [19/Mar/2021:05:59:18 +0100] "GET /sonderthemen/sk2002.pdf HTTP/1.1" 200 2628923 "-" "Mozilla/5.0 (X11; Linux x86_64; rv:81.0) Gecko/20100101 Firefox/81.0"
62.138.2.214 - - [19/Mar/2021:06:00:00 +0100] "GET /sonderthemen/oekz2003_s01.pdf HTTP/1.1" 200 66807 "-" "Mozilla/5.0 (X11; Linux x86_64; rv:81.0) Gecko/20100101 Firefox/81.0"
66.249.66.203 - - [19/Mar/2021:06:05:41 +0100] "GET /sonderthemen/sk2001.pdf HTTP/1.1" 304 - "-" "Mozilla/5.0 (Linux; Android 6.0.1; Nexus 5X Build/MMB29P) AppleWebKit/537.36 (KHTML, like Gecko) Chrome/89.0.4389.95 Mobile Safari/537.36 (compatible; Googlebot/2.1; +http://www.google.com/bot.html)"
62.138.2.214 - - [19/Mar/2021:06:23:06 +0100] "GET /sonderthemen/az1999.pdf HTTP/1.1" 200 1842982 "-" "Mozilla/5.0 (X11; Linux x86_64; rv:81.0) Gecko/20100101 Firefox/81.0"
77.75.78.161 - - [19/Mar/2021:06:26:45 +0100] "GET /robots.txt HTTP/1.1" 200 100 "-" "Mozilla/5.0 (compatible; SeznamBot/3.2; +http://napoveda.seznam.cz/en/seznambot-intro/)"
77.75.78.161 - - [19/Mar/2021:06:26:46 +0100] "GET /sonderthemen/oekt_extra3.pdf HTTP/1.1" 304 - "-" "Mozilla/5.0 (compatible; SeznamBot/3.2; +http://napoveda.seznam.cz/en/seznambot-intro/)"
45.132.107.248 - - [19/Mar/2021:06:37:23 +0100] "HEAD / HTTP/1.1" 200 - "https://otdih-na-more.pro/" "Mozilla/4.0 (compatible; MSIE7.00; Windows 2003)"
185.224.132.45 - - [19/Mar/2021:06:37:23 +0100] "HEAD / HTTP/1.1" 200 - "https://remontya.ru/category/otvety-na-voprosy/napolnye-pokrytija/" "Mozilla/2.0 (compatible; MSIE2.00; Windows 2006)"
212.86.109.31 - - [19/Mar/2021:06:37:23 +0100] "HEAD / HTTP/1.1" 200 - "https://actorz.ru" "Mozilla/3.0 (compatible; MSIE3.00; Windows 2008)"
185.241.52.68 - - [19/Mar/2021:06:37:24 +0100] "HEAD / HTTP/1.1" 200 - "https://zavodeo.ru/stroimetall/gibka-metalla-valtsovka" "Mozilla/5.0 (compatible; MSIE4.00; Windows 2006)"
185.209.20.147 - - [19/Mar/2021:06:37:24 +0100] "HEAD / HTTP/1.1" 200 - "https://shodrazval-gid.ru/articles/category/obsluzhivanie/" "Mozilla/2.0 (compatible; MSIE2.00; Windows 2004)"
77.220.215.153 - - [19/Mar/2021:06:37:25 +0100] "HEAD / HTTP/1.1" 200 - "https://suplicio.ru/licenzirovanie.html" "Mozilla/7.0 (compatible; MSIE6.00; Windows 2007)"
185.203.240.129 - - [19/Mar/2021:06:37:25 +0100] "HEAD / HTTP/1.1" 200 - "https://covid19-today.ru/category/covid-19-v-evrope/" "Mozilla/4.0 (compatible; MSIE7.00; Windows 2005)"
85.209.89.205 - - [19/Mar/2021:06:37:25 +0100] "HEAD / HTTP/1.1" 200 - "http://on-sports.ru/category/%d0%bf%d1%80%d0%be%d1%87%d0%b5%d0%b5/" "Mozilla/8.0 (compatible; MSIE7.00; Windows 2004)"
85.209.89.224 - - [19/Mar/2021:06:37:26 +0100] "HEAD / HTTP/1.1" 200 - "https://filesformats.ru/chem_otkrit_fayl_v_formate_sig_na_kompyutere.html" "Mozilla/8.0 (compatible; MSIE3.00; Windows 2008)"
85.209.89.217 - - [19/Mar/2021:06:37:26 +0100] "HEAD / HTTP/1.1" 200 - "https://sdamanaliz.ru/analizy-dlya-razlichnyh-sostoyanij" "Mozilla/7.0 (compatible; MSIE4.00; Windows 2003)"
85.209.89.241 - - [19/Mar/2021:06:37:50 +0100] "HEAD / HTTP/1.1" 200 - "https://trenermozga.com" "Mozilla/7.0 (compatible; MSIE3.00; Windows 2005)"
85.209.89.216 - - [19/Mar/2021:06:40:34 +0100] "HEAD / HTTP/1.1" 200 - "https://www.hyipexpress.com" "Mozilla/6.0 (compatible; MSIE3.00; Windows 2002)"
194.67.207.9 - - [19/Mar/2021:06:46:55 +0100] "HEAD / HTTP/1.1" 200 - "https://unitedmusic.uk" "Mozilla/5.0 (compatible; MSIE3.00; Windows 2007)"
193.124.188.83 - - [19/Mar/2021:06:47:23 +0100] "HEAD / HTTP/1.1" 200 - "https://dostavkakresel.ru/ofisnye-kresla" "Mozilla/6.0 (compatible; MSIE2.00; Windows 2005)"
193.124.188.188 - - [19/Mar/2021:06:47:23 +0100] "HEAD / HTTP/1.1" 200 - "https://panch-tour.com.ua/avtobus-harkov-berdyansk-raspisanie-cena/" "Mozilla/6.0 (compatible; MSIE3.00; Windows 2004)"
194.67.210.77 - - [19/Mar/2021:06:47:24 +0100] "HEAD / HTTP/1.1" 200 - "https://rfserials.online/kanal-ntv/zhdi-menya" "Mozilla/7.0 (compatible; MSIE3.00; Windows 2003)"
185.125.219.13 - - [19/Mar/2021:06:47:50 +0100] "HEAD / HTTP/1.1" 200 - "https://webtime.com.ua/zarobitok-v-internet/" "Mozilla/7.0 (compatible; MSIE7.00; Windows 2008)"
193.124.190.18 - - [19/Mar/2021:06:55:24 +0100] "HEAD / HTTP/1.1" 200 - "https://visotnaya1.ru/category/news/sport/" "Mozilla/6.0 (compatible; MSIE4.00; Windows 2005)"
194.67.207.94 - - [19/Mar/2021:06:55:45 +0100] "HEAD / HTTP/1.1" 200 - "https://www.anekdotovmir.ru/category/demotivatory/" "Mozilla/2.0 (compatible; MSIE3.00; Windows 2006)"
193.124.191.92 - - [19/Mar/2021:06:56:34 +0100] "HEAD / HTTP/1.1" 200 - "https://pravosovetnic.ru/representationincourt" "Mozilla/2.0 (compatible; MSIE2.00; Windows 2006)"
62.138.2.214 - - [19/Mar/2021:06:58:06 +0100] "GET /sonderthemen/sk2001.pdf HTTP/1.1" 200 3098589 "-" "Mozilla/5.0 (X11; Linux x86_64; rv:81.0) Gecko/20100101 Firefox/81.0"
185.5.249.185 - - [19/Mar/2021:07:00:19 +0100] "HEAD / HTTP/1.1" 200 - "http://tokshow.online/politicheskie_tok-show/vecher_s_solovievym/" "Mozilla/2.0 (compatible; MSIE6.00; Windows 2004)"
114.119.158.31 - - [19/Mar/2021:07:06:11 +0100] "GET /gotteslob/ HTTP/1.1" 200 2770 "-" "Mozilla/5.0 (Linux; Android 7.0;) AppleWebKit/537.36 (KHTML, like Gecko) Mobile Safari/537.36 (compatible; PetalBot;+https://aspiegel.com/petalbot)"
66.249.66.201 - - [19/Mar/2021:07:15:40 +0100] "GET /sonderthemen/oekt_extra3.pdf HTTP/1.1" 304 - "-" "Mozilla/5.0 (Linux; Android 6.0.1; Nexus 5X Build/MMB29P) AppleWebKit/537.36 (KHTML, like Gecko) Chrome/89.0.4389.95 Mobile Safari/537.36 (compatible; Googlebot/2.1; +http://www.google.com/bot.html)"
