81.17.208.4 - - [26/Apr/2010:08:28:18 +0200] "GET /robots.txt HTTP/1.0" 404 1256 "http://www.sirius-berlin.de/" "Mozilla/5.0 (compatible; jobs.de-Robot +http://www.jobs.de)"
81.17.208.4 - - [26/Apr/2010:08:45:44 +0200] "GET / HTTP/1.0" 200 12828 "-" "Mozilla/5.0 (compatible; jobs.de-Robot +http://www.jobs.de)"
81.17.208.4 - - [26/Apr/2010:09:26:43 +0200] "GET /Shop/shop.html HTTP/1.0" 200 59578 "http://www.sirius-berlin.de/" "Mozilla/5.0 (compatible; jobs.de-Robot +http://www.jobs.de)"
95.108.158.134 - - [26/Apr/2010:09:28:20 +0200] "GET /Shop/shop.html HTTP/1.1" 304 - "-" "Yandex/1.01.001 (compatible; Win16; I)"
85.92.222.254 - - [26/Apr/2010:09:42:36 +0200] "GET / HTTP/1.1" 200 12828 "-" "Mozilla/4.0 (compatible; MSIE 7.0; Windows NT 5.1; InfoPath.1; .NET CLR 2.0.50727; .NET CLR 1.1.4322; MS-RTC LM 8; .NET CLR 3.0.4506.2152; .NET CLR 3.5.30729)"
93.122.64.72 - - [26/Apr/2010:09:42:36 +0200] "GET / HTTP/1.1" 200 12828 "-" "Mozilla/4.0 (compatible; MSIE 6.0; Windows NT 5.1; SV1)"
93.122.64.72 - - [26/Apr/2010:09:42:36 +0200] "GET /rollover.js HTTP/1.1" 200 32709 "http://www.sirius-berlin.de/" "Mozilla/4.0 (compatible; MSIE 6.0; Windows NT 5.1; SV1)"
93.122.64.72 - - [26/Apr/2010:09:42:36 +0200] "GET /clearpixel.gif HTTP/1.1" 200 43 "http://www.sirius-berlin.de/" "Mozilla/4.0 (compatible; MSIE 6.0; Windows NT 5.1; SV1)"
93.122.64.72 - - [26/Apr/2010:09:42:36 +0200] "GET /Impressum_Np1.gif HTTP/1.1" 200 1750 "http://www.sirius-berlin.de/" "Mozilla/4.0 (compatible; MSIE 6.0; Windows NT 5.1; SV1)"
93.122.64.72 - - [26/Apr/2010:09:42:36 +0200] "GET /Produkte_Np1.gif HTTP/1.1" 200 1744 "http://www.sirius-berlin.de/" "Mozilla/4.0 (compatible; MSIE 6.0; Windows NT 5.1; SV1)"
93.122.64.72 - - [26/Apr/2010:09:42:36 +0200] "GET /Shop_Np1.gif HTTP/1.1" 200 1699 "http://www.sirius-berlin.de/" "Mozilla/4.0 (compatible; MSIE 6.0; Windows NT 5.1; SV1)"
93.122.64.72 - - [26/Apr/2010:09:42:36 +0200] "GET /Sirius-LOGO21.JPG HTTP/1.1" 200 2563 "http://www.sirius-berlin.de/" "Mozilla/4.0 (compatible; MSIE 6.0; Windows NT 5.1; SV1)"
93.122.64.72 - - [26/Apr/2010:09:42:36 +0200] "GET /Sirius-LOGO1.JPG HTTP/1.1" 200 4357 "http://www.sirius-berlin.de/" "Mozilla/4.0 (compatible; MSIE 6.0; Windows NT 5.1; SV1)"
93.122.64.72 - - [26/Apr/2010:09:42:36 +0200] "GET /background.gif HTTP/1.1" 200 5457 "http://www.sirius-berlin.de/" "Mozilla/4.0 (compatible; MSIE 6.0; Windows NT 5.1; SV1)"
93.122.64.72 - - [26/Apr/2010:09:42:36 +0200] "GET /Feinstaubfilter_Np1.gif HTTP/1.1" 200 1780 "http://www.sirius-berlin.de/" "Mozilla/4.0 (compatible; MSIE 6.0; Windows NT 5.1; SV1)"
93.122.64.72 - - [26/Apr/2010:09:42:36 +0200] "GET /Home_Hp3.gif HTTP/1.1" 200 1773 "http://www.sirius-berlin.de/" "Mozilla/4.0 (compatible; MSIE 6.0; Windows NT 5.1; SV1)"
93.122.64.72 - - [26/Apr/2010:09:42:36 +0200] "GET /Home_NnBanner.gif HTTP/1.1" 200 5803 "http://www.sirius-berlin.de/" "Mozilla/4.0 (compatible; MSIE 6.0; Windows NT 5.1; SV1)"
93.122.64.72 - - [26/Apr/2010:09:42:36 +0200] "GET /Service_Kontakt_Np1.gif HTTP/1.1" 200 1794 "http://www.sirius-berlin.de/" "Mozilla/4.0 (compatible; MSIE 6.0; Windows NT 5.1; SV1)"
93.122.64.72 - - [26/Apr/2010:09:42:36 +0200] "GET /BuiltWithNOF.gif HTTP/1.1" 200 2587 "http://www.sirius-berlin.de/" "Mozilla/4.0 (compatible; MSIE 6.0; Windows NT 5.1; SV1)"
93.122.64.72 - - [26/Apr/2010:09:42:36 +0200] "GET /DSC0019902.JPG HTTP/1.1" 200 7772 "http://www.sirius-berlin.de/" "Mozilla/4.0 (compatible; MSIE 6.0; Windows NT 5.1; SV1)"
93.122.64.72 - - [26/Apr/2010:09:42:37 +0200] "GET /rollover.js HTTP/1.1" 200 32709 "http://www.sirius-berlin.de/" "Mozilla/4.0 (compatible; MSIE 6.0; Windows NT 5.1; SV1)"
93.122.64.72 - - [26/Apr/2010:09:42:38 +0200] "GET /background.gif HTTP/1.1" 200 5457 "http://www.sirius-berlin.de/" "Mozilla/4.0 (compatible; MSIE 6.0; Windows NT 5.1; SV1)"
93.122.64.72 - - [26/Apr/2010:09:42:38 +0200] "GET /Service_Kontakt_Np1.gif HTTP/1.1" 200 1794 "http://www.sirius-berlin.de/" "Mozilla/4.0 (compatible; MSIE 6.0; Windows NT 5.1; SV1)"
93.122.64.72 - - [26/Apr/2010:09:42:38 +0200] "GET /Home_HRp4.gif HTTP/1.1" 200 2027 "http://www.sirius-berlin.de/" "Mozilla/4.0 (compatible; MSIE 6.0; Windows NT 5.1; SV1)"
93.122.64.72 - - [26/Apr/2010:09:42:38 +0200] "GET /Feinstaubfilter_NRp2.gif HTTP/1.1" 200 2034 "http://www.sirius-berlin.de/" "Mozilla/4.0 (compatible; MSIE 6.0; Windows NT 5.1; SV1)"
93.122.64.72 - - [26/Apr/2010:09:42:38 +0200] "GET /Service_Kontakt_NRp2.gif HTTP/1.1" 200 2044 "http://www.sirius-berlin.de/" "Mozilla/4.0 (compatible; MSIE 6.0; Windows NT 5.1; SV1)"
93.122.64.72 - - [26/Apr/2010:09:42:38 +0200] "GET /Shop_NRp2.gif HTTP/1.1" 200 1954 "http://www.sirius-berlin.de/" "Mozilla/4.0 (compatible; MSIE 6.0; Windows NT 5.1; SV1)"
93.122.64.72 - - [26/Apr/2010:09:42:38 +0200] "GET /Produkte_Np1.gif HTTP/1.1" 200 1744 "http://www.sirius-berlin.de/" "Mozilla/4.0 (compatible; MSIE 6.0; Windows NT 5.1; SV1)"
93.122.64.72 - - [26/Apr/2010:09:42:38 +0200] "GET /Impressum_Np1.gif HTTP/1.1" 200 1750 "http://www.sirius-berlin.de/" "Mozilla/4.0 (compatible; MSIE 6.0; Windows NT 5.1; SV1)"
93.122.64.72 - - [26/Apr/2010:09:42:38 +0200] "GET /DSC0019902.JPG HTTP/1.1" 200 7772 "http://www.sirius-berlin.de/" "Mozilla/4.0 (compatible; MSIE 6.0; Windows NT 5.1; SV1)"
93.122.64.72 - - [26/Apr/2010:09:42:38 +0200] "GET /Impressum_NRp2.gif HTTP/1.1" 200 2011 "http://www.sirius-berlin.de/" "Mozilla/4.0 (compatible; MSIE 6.0; Windows NT 5.1; SV1)"
93.122.64.72 - - [26/Apr/2010:09:42:38 +0200] "GET /Produkte_NRp2.gif HTTP/1.1" 200 2001 "http://www.sirius-berlin.de/" "Mozilla/4.0 (compatible; MSIE 6.0; Windows NT 5.1; SV1)"
85.92.222.254 - - [26/Apr/2010:09:42:43 +0200] "GET /Produkte/produkte.html HTTP/1.1" 200 17755 "-" "Mozilla/4.0 (compatible; MSIE 7.0; Windows NT 5.1; InfoPath.1; .NET CLR 2.0.50727; .NET CLR 1.1.4322; MS-RTC LM 8; .NET CLR 3.0.4506.2152; .NET CLR 3.5.30729)"
93.122.64.72 - - [26/Apr/2010:09:42:43 +0200] "GET /Produkte/produkte.html HTTP/1.1" 200 17755 "http://www.sirius-berlin.de/" "Mozilla/4.0 (compatible; MSIE 6.0; Windows NT 5.1; SV1)"
93.122.64.72 - - [26/Apr/2010:09:42:43 +0200] "GET /Home_Np1.gif HTTP/1.1" 200 1706 "http://www.sirius-berlin.de/Produkte/produkte.html" "Mozilla/4.0 (compatible; MSIE 6.0; Windows NT 5.1; SV1)"
93.122.64.72 - - [26/Apr/2010:09:42:43 +0200] "GET /Produkte_Hp3.gif HTTP/1.1" 200 1878 "http://www.sirius-berlin.de/Produkte/produkte.html" "Mozilla/4.0 (compatible; MSIE 6.0; Windows NT 5.1; SV1)"
93.122.64.72 - - [26/Apr/2010:09:42:43 +0200] "GET /Tonerkartuschen_Ns1.gif HTTP/1.1" 200 1960 "http://www.sirius-berlin.de/Produkte/produkte.html" "Mozilla/4.0 (compatible; MSIE 6.0; Windows NT 5.1; SV1)"
93.122.64.72 - - [26/Apr/2010:09:42:43 +0200] "GET /weitere_Produkte_Ns1.gif HTTP/1.1" 200 1960 "http://www.sirius-berlin.de/Produkte/produkte.html" "Mozilla/4.0 (compatible; MSIE 6.0; Windows NT 5.1; SV1)"
93.122.64.72 - - [26/Apr/2010:09:42:43 +0200] "GET /Tintenpatronen_Ns1.gif HTTP/1.1" 200 1954 "http://www.sirius-berlin.de/Produkte/produkte.html" "Mozilla/4.0 (compatible; MSIE 6.0; Windows NT 5.1; SV1)"
93.122.64.72 - - [26/Apr/2010:09:42:43 +0200] "GET /Produkte_NnBanner.gif HTTP/1.1" 200 5997 "http://www.sirius-berlin.de/Produkte/produkte.html" "Mozilla/4.0 (compatible; MSIE 6.0; Windows NT 5.1; SV1)"
93.122.64.72 - - [26/Apr/2010:09:42:43 +0200] "GET /Produkte/a_thumb_Multipack02.jpg HTTP/1.1" 200 19266 "http://www.sirius-berlin.de/Produkte/produkte.html" "Mozilla/4.0 (compatible; MSIE 6.0; Windows NT 5.1; SV1)"
93.122.64.72 - - [26/Apr/2010:09:42:43 +0200] "GET /DSC00199.JPG HTTP/1.1" 200 7772 "http://www.sirius-berlin.de/Produkte/produkte.html" "Mozilla/4.0 (compatible; MSIE 6.0; Windows NT 5.1; SV1)"
93.122.64.72 - - [26/Apr/2010:09:42:43 +0200] "GET /zertifikat04.gif HTTP/1.1" 200 18090 "http://www.sirius-berlin.de/Produkte/produkte.html" "Mozilla/4.0 (compatible; MSIE 6.0; Windows NT 5.1; SV1)"
93.122.64.72 - - [26/Apr/2010:09:42:43 +0200] "GET /Produkte_Hp3.gif HTTP/1.1" 200 1878 "http://www.sirius-berlin.de/Produkte/produkte.html" "Mozilla/4.0 (compatible; MSIE 6.0; Windows NT 5.1; SV1)"
93.122.64.72 - - [26/Apr/2010:09:42:43 +0200] "GET /weitere_Produkte_Ns1.gif HTTP/1.1" 200 1960 "http://www.sirius-berlin.de/Produkte/produkte.html" "Mozilla/4.0 (compatible; MSIE 6.0; Windows NT 5.1; SV1)"
93.122.64.72 - - [26/Apr/2010:09:42:43 +0200] "GET /RAL-UZ-55-FEB-2004_16003.jpg HTTP/1.1" 200 52762 "http://www.sirius-berlin.de/Produkte/produkte.html" "Mozilla/4.0 (compatible; MSIE 6.0; Windows NT 5.1; SV1)"
93.122.64.72 - - [26/Apr/2010:09:42:43 +0200] "GET /Home_NRp2.gif HTTP/1.1" 200 1965 "http://www.sirius-berlin.de/Produkte/produkte.html" "Mozilla/4.0 (compatible; MSIE 6.0; Windows NT 5.1; SV1)"
93.122.64.72 - - [26/Apr/2010:09:42:43 +0200] "GET /Tintenpatronen_NRs2.gif HTTP/1.1" 200 1930 "http://www.sirius-berlin.de/Produkte/produkte.html" "Mozilla/4.0 (compatible; MSIE 6.0; Windows NT 5.1; SV1)"
93.122.64.72 - - [26/Apr/2010:09:42:43 +0200] "GET /Produkte_HRp4.gif HTTP/1.1" 200 2518 "http://www.sirius-berlin.de/Produkte/produkte.html" "Mozilla/4.0 (compatible; MSIE 6.0; Windows NT 5.1; SV1)"
93.122.64.72 - - [26/Apr/2010:09:42:43 +0200] "GET /weitere_Produkte_NRs2.gif HTTP/1.1" 200 1935 "http://www.sirius-berlin.de/Produkte/produkte.html" "Mozilla/4.0 (compatible; MSIE 6.0; Windows NT 5.1; SV1)"
93.122.64.72 - - [26/Apr/2010:09:42:44 +0200] "GET /Tonerkartuschen_NRs2.gif HTTP/1.1" 200 1935 "http://www.sirius-berlin.de/Produkte/produkte.html" "Mozilla/4.0 (compatible; MSIE 6.0; Windows NT 5.1; SV1)"
93.122.64.72 - - [26/Apr/2010:09:42:44 +0200] "GET /Produkte/a_thumb_Multipack02.jpg HTTP/1.1" 200 19266 "http://www.sirius-berlin.de/Produkte/produkte.html" "Mozilla/4.0 (compatible; MSIE 6.0; Windows NT 5.1; SV1)"
85.92.222.254 - - [26/Apr/2010:09:42:50 +0200] "GET /Produkte/Tintenpatronen/tintenpatronen.html HTTP/1.1" 200 15225 "-" "Mozilla/4.0 (compatible; MSIE 7.0; Windows NT 5.1; InfoPath.1; .NET CLR 2.0.50727; .NET CLR 1.1.4322; MS-RTC LM 8; .NET CLR 3.0.4506.2152; .NET CLR 3.5.30729)"
93.122.64.72 - - [26/Apr/2010:09:42:51 +0200] "GET /Produkte/Tintenpatronen/tintenpatronen.html HTTP/1.1" 200 15225 "http://www.sirius-berlin.de/Produkte/produkte.html" "Mozilla/4.0 (compatible; MSIE 6.0; Windows NT 5.1; SV1)"
93.122.64.72 - - [26/Apr/2010:09:42:51 +0200] "GET /clearpixel.gif HTTP/1.1" 200 43 "http://www.sirius-berlin.de/Produkte/Tintenpatronen/tintenpatronen.html" "Mozilla/4.0 (compatible; MSIE 6.0; Windows NT 5.1; SV1)"
93.122.64.72 - - [26/Apr/2010:09:42:51 +0200] "GET /Sirius-LOGO21.JPG HTTP/1.1" 200 2563 "http://www.sirius-berlin.de/Produkte/Tintenpatronen/tintenpatronen.html" "Mozilla/4.0 (compatible; MSIE 6.0; Windows NT 5.1; SV1)"
93.122.64.72 - - [26/Apr/2010:09:42:51 +0200] "GET /Home_Np1.gif HTTP/1.1" 200 1706 "http://www.sirius-berlin.de/Produkte/Tintenpatronen/tintenpatronen.html" "Mozilla/4.0 (compatible; MSIE 6.0; Windows NT 5.1; SV1)"
93.122.64.72 - - [26/Apr/2010:09:42:51 +0200] "GET /Tonerkartuschen_Ns1.gif HTTP/1.1" 200 1960 "http://www.sirius-berlin.de/Produkte/Tintenpatronen/tintenpatronen.html" "Mozilla/4.0 (compatible; MSIE 6.0; Windows NT 5.1; SV1)"
93.122.64.72 - - [26/Apr/2010:09:42:51 +0200] "GET /Feinstaubfilter_Np1.gif HTTP/1.1" 200 1780 "http://www.sirius-berlin.de/Produkte/Tintenpatronen/tintenpatronen.html" "Mozilla/4.0 (compatible; MSIE 6.0; Windows NT 5.1; SV1)"
93.122.64.72 - - [26/Apr/2010:09:42:51 +0200] "GET /weitere_Produkte_Ns1.gif HTTP/1.1" 200 1960 "http://www.sirius-berlin.de/Produkte/Tintenpatronen/tintenpatronen.html" "Mozilla/4.0 (compatible; MSIE 6.0; Windows NT 5.1; SV1)"
93.122.64.72 - - [26/Apr/2010:09:42:51 +0200] "GET /BuiltWithNOF.gif HTTP/1.1" 200 2587 "http://www.sirius-berlin.de/Produkte/Tintenpatronen/tintenpatronen.html" "Mozilla/4.0 (compatible; MSIE 6.0; Windows NT 5.1; SV1)"
93.122.64.72 - - [26/Apr/2010:09:42:51 +0200] "GET /Impressum_Np1.gif HTTP/1.1" 200 1750 "http://www.sirius-berlin.de/Produkte/Tintenpatronen/tintenpatronen.html" "Mozilla/4.0 (compatible; MSIE 6.0; Windows NT 5.1; SV1)"
93.122.64.72 - - [26/Apr/2010:09:42:51 +0200] "GET /Tintenpatronen_NnBanner.gif HTTP/1.1" 200 6155 "http://www.sirius-berlin.de/Produkte/Tintenpatronen/tintenpatronen.html" "Mozilla/4.0 (compatible; MSIE 6.0; Windows NT 5.1; SV1)"
93.122.64.72 - - [26/Apr/2010:09:42:51 +0200] "GET /Shop_Np1.gif HTTP/1.1" 200 1699 "http://www.sirius-berlin.de/Produkte/Tintenpatronen/tintenpatronen.html" "Mozilla/4.0 (compatible; MSIE 6.0; Windows NT 5.1; SV1)"
93.122.64.72 - - [26/Apr/2010:09:42:51 +0200] "GET /Tintenpatronen_Hs1.gif HTTP/1.1" 200 1945 "http://www.sirius-berlin.de/Produkte/Tintenpatronen/tintenpatronen.html" "Mozilla/4.0 (compatible; MSIE 6.0; Windows NT 5.1; SV1)"
93.122.64.72 - - [26/Apr/2010:09:42:51 +0200] "GET /thumb_Carrier.jpg HTTP/1.1" 200 12791 "http://www.sirius-berlin.de/Produkte/Tintenpatronen/tintenpatronen.html" "Mozilla/4.0 (compatible; MSIE 6.0; Windows NT 5.1; SV1)"
93.122.64.72 - - [26/Apr/2010:09:42:51 +0200] "GET /thumb_Tintentank.jpg HTTP/1.1" 200 12149 "http://www.sirius-berlin.de/Produkte/Tintenpatronen/tintenpatronen.html" "Mozilla/4.0 (compatible; MSIE 6.0; Windows NT 5.1; SV1)"
93.122.64.72 - - [26/Apr/2010:09:42:51 +0200] "GET /thumb_H11.jpg HTTP/1.1" 200 18558 "http://www.sirius-berlin.de/Produkte/Tintenpatronen/tintenpatronen.html" "Mozilla/4.0 (compatible; MSIE 6.0; Windows NT 5.1; SV1)"
93.122.64.72 - - [26/Apr/2010:09:42:51 +0200] "GET /thumb_Multipack.jpg HTTP/1.1" 200 22923 "http://www.sirius-berlin.de/Produkte/Tintenpatronen/tintenpatronen.html" "Mozilla/4.0 (compatible; MSIE 6.0; Windows NT 5.1; SV1)"
93.122.64.72 - - [26/Apr/2010:09:42:51 +0200] "GET /thumb_C35.jpg HTTP/1.1" 200 17851 "http://www.sirius-berlin.de/Produkte/Tintenpatronen/tintenpatronen.html" "Mozilla/4.0 (compatible; MSIE 6.0; Windows NT 5.1; SV1)"
93.122.64.72 - - [26/Apr/2010:09:42:51 +0200] "GET /thumb_Tintentank.jpg HTTP/1.1" 200 12149 "http://www.sirius-berlin.de/Produkte/Tintenpatronen/tintenpatronen.html" "Mozilla/4.0 (compatible; MSIE 6.0; Windows NT 5.1; SV1)"
93.122.64.72 - - [26/Apr/2010:09:42:51 +0200] "GET /thumb_H11.jpg HTTP/1.1" 200 18558 "http://www.sirius-berlin.de/Produkte/Tintenpatronen/tintenpatronen.html" "Mozilla/4.0 (compatible; MSIE 6.0; Windows NT 5.1; SV1)"
93.122.64.72 - - [26/Apr/2010:09:42:51 +0200] "GET /Tintenpatronen_HRs4.gif HTTP/1.1" 200 1922 "http://www.sirius-berlin.de/Produkte/Tintenpatronen/tintenpatronen.html" "Mozilla/4.0 (compatible; MSIE 6.0; Windows NT 5.1; SV1)"
93.122.64.72 - - [26/Apr/2010:09:42:51 +0200] "GET /thumb_Multipack.jpg HTTP/1.1" 200 22923 "http://www.sirius-berlin.de/Produkte/Tintenpatronen/tintenpatronen.html" "Mozilla/4.0 (compatible; MSIE 6.0; Windows NT 5.1; SV1)"
85.92.222.254 - - [26/Apr/2010:09:43:14 +0200] "GET /Produkte/Tonerkartuschen/tonerkartuschen.html HTTP/1.1" 200 13203 "-" "Mozilla/4.0 (compatible; MSIE 7.0; Windows NT 5.1; InfoPath.1; .NET CLR 2.0.50727; .NET CLR 1.1.4322; MS-RTC LM 8; .NET CLR 3.0.4506.2152; .NET CLR 3.5.30729)"
93.122.64.72 - - [26/Apr/2010:09:43:14 +0200] "GET /Produkte/Tonerkartuschen/tonerkartuschen.html HTTP/1.1" 200 13203 "http://www.sirius-berlin.de/Produkte/Tintenpatronen/tintenpatronen.html" "Mozilla/4.0 (compatible; MSIE 6.0; Windows NT 5.1; SV1)"
93.122.64.72 - - [26/Apr/2010:09:43:14 +0200] "GET /Tonerkartuschen_Hs1.gif HTTP/1.1" 200 1956 "http://www.sirius-berlin.de/Produkte/Tonerkartuschen/tonerkartuschen.html" "Mozilla/4.0 (compatible; MSIE 6.0; Windows NT 5.1; SV1)"
93.122.64.72 - - [26/Apr/2010:09:43:14 +0200] "GET /Tintenpatronen_Ns1.gif HTTP/1.1" 200 1954 "http://www.sirius-berlin.de/Produkte/Tonerkartuschen/tonerkartuschen.html" "Mozilla/4.0 (compatible; MSIE 6.0; Windows NT 5.1; SV1)"
93.122.64.72 - - [26/Apr/2010:09:43:14 +0200] "GET /Tonerkartuschen_NnBanner.gif HTTP/1.1" 200 6237 "http://www.sirius-berlin.de/Produkte/Tonerkartuschen/tonerkartuschen.html" "Mozilla/4.0 (compatible; MSIE 6.0; Windows NT 5.1; SV1)"
93.122.64.72 - - [26/Apr/2010:09:43:14 +0200] "GET /thumb_Grafik_Toner.jpg HTTP/1.1" 200 13262 "http://www.sirius-berlin.de/Produkte/Tonerkartuschen/tonerkartuschen.html" "Mozilla/4.0 (compatible; MSIE 6.0; Windows NT 5.1; SV1)"
93.122.64.72 - - [26/Apr/2010:09:43:14 +0200] "GET /Tonerkartuschen_HRs4.gif HTTP/1.1" 200 1931 "http://www.sirius-berlin.de/Produkte/Tonerkartuschen/tonerkartuschen.html" "Mozilla/4.0 (compatible; MSIE 6.0; Windows NT 5.1; SV1)"
85.92.222.254 - - [26/Apr/2010:09:43:27 +0200] "GET /Shop/shop.html HTTP/1.1" 200 59578 "-" "Mozilla/4.0 (compatible; MSIE 7.0; Windows NT 5.1; InfoPath.1; .NET CLR 2.0.50727; .NET CLR 1.1.4322; MS-RTC LM 8; .NET CLR 3.0.4506.2152; .NET CLR 3.5.30729)"
93.122.64.72 - - [26/Apr/2010:09:43:28 +0200] "GET /background.gif HTTP/1.1" 200 5457 "http://www.sirius-berlin.de/Shop/shop.html" "Mozilla/4.0 (compatible; MSIE 6.0; Windows NT 5.1; SV1)"
93.122.64.72 - - [26/Apr/2010:09:43:28 +0200] "GET /clearpixel.gif HTTP/1.1" 200 43 "http://www.sirius-berlin.de/Shop/shop.html" "Mozilla/4.0 (compatible; MSIE 6.0; Windows NT 5.1; SV1)"
93.122.64.72 - - [26/Apr/2010:09:43:28 +0200] "GET /rollover.js HTTP/1.1" 200 32709 "http://www.sirius-berlin.de/Shop/shop.html" "Mozilla/4.0 (compatible; MSIE 6.0; Windows NT 5.1; SV1)"
93.122.64.72 - - [26/Apr/2010:09:43:28 +0200] "GET /Sirius-LOGO21.JPG HTTP/1.1" 200 2563 "http://www.sirius-berlin.de/Shop/shop.html" "Mozilla/4.0 (compatible; MSIE 6.0; Windows NT 5.1; SV1)"
93.122.64.72 - - [26/Apr/2010:09:43:28 +0200] "GET /Home_Np1.gif HTTP/1.1" 200 1706 "http://www.sirius-berlin.de/Shop/shop.html" "Mozilla/4.0 (compatible; MSIE 6.0; Windows NT 5.1; SV1)"
93.122.64.72 - - [26/Apr/2010:09:43:28 +0200] "GET /Feinstaubfilter_Np1.gif HTTP/1.1" 200 1780 "http://www.sirius-berlin.de/Shop/shop.html" "Mozilla/4.0 (compatible; MSIE 6.0; Windows NT 5.1; SV1)"
93.122.64.72 - - [26/Apr/2010:09:43:28 +0200] "GET /Service_Kontakt_Np1.gif HTTP/1.1" 200 1794 "http://www.sirius-berlin.de/Shop/shop.html" "Mozilla/4.0 (compatible; MSIE 6.0; Windows NT 5.1; SV1)"
93.122.64.72 - - [26/Apr/2010:09:43:28 +0200] "GET /Filter_Ns1.gif HTTP/1.1" 200 1886 "http://www.sirius-berlin.de/Shop/shop.html" "Mozilla/4.0 (compatible; MSIE 6.0; Windows NT 5.1; SV1)"
93.122.64.72 - - [26/Apr/2010:09:43:28 +0200] "GET /Shop_Hp3.gif HTTP/1.1" 200 1803 "http://www.sirius-berlin.de/Shop/shop.html" "Mozilla/4.0 (compatible; MSIE 6.0; Windows NT 5.1; SV1)"
93.122.64.72 - - [26/Apr/2010:09:43:28 +0200] "GET /Shop/shop.html HTTP/1.1" 200 59578 "http://www.sirius-berlin.de/Produkte/Tonerkartuschen/tonerkartuschen.html" "Mozilla/4.0 (compatible; MSIE 6.0; Windows NT 5.1; SV1)"
93.122.64.72 - - [26/Apr/2010:09:43:28 +0200] "GET /store.js HTTP/1.1" 200 4275 "http://www.sirius-berlin.de/Shop/shop.html" "Mozilla/4.0 (compatible; MSIE 6.0; Windows NT 5.1; SV1)"
93.122.64.72 - - [26/Apr/2010:09:43:28 +0200] "GET /Shop/spacer.gif HTTP/1.1" 200 43 "http://www.sirius-berlin.de/Shop/shop.html" "Mozilla/4.0 (compatible; MSIE 6.0; Windows NT 5.1; SV1)"
93.122.64.72 - - [26/Apr/2010:09:43:28 +0200] "GET /BuiltWithNOF.gif HTTP/1.1" 200 2587 "http://www.sirius-berlin.de/Shop/shop.html" "Mozilla/4.0 (compatible; MSIE 6.0; Windows NT 5.1; SV1)"
93.122.64.72 - - [26/Apr/2010:09:43:28 +0200] "GET /Shop_NnBanner.gif HTTP/1.1" 200 5825 "http://www.sirius-berlin.de/Shop/shop.html" "Mozilla/4.0 (compatible; MSIE 6.0; Windows NT 5.1; SV1)"
93.122.64.72 - - [26/Apr/2010:09:43:28 +0200] "GET /db_micronair_70a.jpg HTTP/1.1" 200 1386 "http://www.sirius-berlin.de/Shop/shop.html" "Mozilla/4.0 (compatible; MSIE 6.0; Windows NT 5.1; SV1)"
93.122.64.72 - - [26/Apr/2010:09:43:28 +0200] "GET /db_micronair_80a1.jpg HTTP/1.1" 200 1398 "http://www.sirius-berlin.de/Shop/shop.html" "Mozilla/4.0 (compatible; MSIE 6.0; Windows NT 5.1; SV1)"
93.122.64.72 - - [26/Apr/2010:09:43:28 +0200] "GET /db_micronair_100a1.jpg HTTP/1.1" 200 1448 "http://www.sirius-berlin.de/Shop/shop.html" "Mozilla/4.0 (compatible; MSIE 6.0; Windows NT 5.1; SV1)"
93.122.64.72 - - [26/Apr/2010:09:43:28 +0200] "GET /TUV_Siegel1.jpg HTTP/1.1" 200 34036 "http://www.sirius-berlin.de/Shop/shop.html" "Mozilla/4.0 (compatible; MSIE 6.0; Windows NT 5.1; SV1)"
93.122.64.72 - - [26/Apr/2010:09:43:28 +0200] "GET /Filter_Ns1.gif HTTP/1.1" 200 1886 "http://www.sirius-berlin.de/Shop/shop.html" "Mozilla/4.0 (compatible; MSIE 6.0; Windows NT 5.1; SV1)"
93.122.64.72 - - [26/Apr/2010:09:43:28 +0200] "GET /Shop_HRp4.gif HTTP/1.1" 200 2051 "http://www.sirius-berlin.de/Shop/shop.html" "Mozilla/4.0 (compatible; MSIE 6.0; Windows NT 5.1; SV1)"
93.122.64.72 - - [26/Apr/2010:09:43:28 +0200] "GET /Filter_NRs2.gif HTTP/1.1" 200 1863 "http://www.sirius-berlin.de/Shop/shop.html" "Mozilla/4.0 (compatible; MSIE 6.0; Windows NT 5.1; SV1)"
93.122.64.72 - - [26/Apr/2010:09:43:28 +0200] "GET /store.js HTTP/1.1" 200 4275 "http://www.sirius-berlin.de/Shop/shop.html" "Mozilla/4.0 (compatible; MSIE 6.0; Windows NT 5.1; SV1)"
93.122.64.72 - - [26/Apr/2010:09:43:28 +0200] "GET /db_micronair_100a1.jpg HTTP/1.1" 200 1448 "http://www.sirius-berlin.de/Shop/shop.html" "Mozilla/4.0 (compatible; MSIE 6.0; Windows NT 5.1; SV1)"
93.122.64.72 - - [26/Apr/2010:09:43:28 +0200] "GET /TUV_Siegel1.jpg HTTP/1.1" 200 34036 "http://www.sirius-berlin.de/Shop/shop.html" "Mozilla/4.0 (compatible; MSIE 6.0; Windows NT 5.1; SV1)"
93.122.64.72 - - [26/Apr/2010:09:43:28 +0200] "GET /Shop/spacer.gif HTTP/1.1" 200 43 "http://www.sirius-berlin.de/Shop/shop.html" "Mozilla/4.0 (compatible; MSIE 6.0; Windows NT 5.1; SV1)"
81.17.208.4 - - [26/Apr/2010:09:43:52 +0200] "GET /Impressum/impressum.html HTTP/1.0" 200 11991 "http://www.sirius-berlin.de/" "Mozilla/5.0 (compatible; jobs.de-Robot +http://www.jobs.de)"
85.92.222.254 - - [26/Apr/2010:09:44:29 +0200] "GET /Service_Kontakt/service_kontakt.html HTTP/1.1" 200 11157 "-" "Mozilla/4.0 (compatible; MSIE 7.0; Windows NT 5.1; InfoPath.1; .NET CLR 2.0.50727; .NET CLR 1.1.4322; MS-RTC LM 8; .NET CLR 3.0.4506.2152; .NET CLR 3.5.30729)"
93.122.64.72 - - [26/Apr/2010:09:44:30 +0200] "GET /Service_Kontakt/service_kontakt.html HTTP/1.1" 200 11157 "http://www.sirius-berlin.de/Produkte/Tintenpatronen/tintenpatronen.html" "Mozilla/4.0 (compatible; MSIE 6.0; Windows NT 5.1; SV1)"
93.122.64.72 - - [26/Apr/2010:09:44:30 +0200] "GET /Service_Kontakt_Hp3.gif HTTP/1.1" 200 2451 "http://www.sirius-berlin.de/Service_Kontakt/service_kontakt.html" "Mozilla/4.0 (compatible; MSIE 6.0; Windows NT 5.1; SV1)"
93.122.64.72 - - [26/Apr/2010:09:44:30 +0200] "GET /Shop_Np1.gif HTTP/1.1" 200 1699 "http://www.sirius-berlin.de/Service_Kontakt/service_kontakt.html" "Mozilla/4.0 (compatible; MSIE 6.0; Windows NT 5.1; SV1)"
93.122.64.72 - - [26/Apr/2010:09:44:30 +0200] "GET /Service_Kontakt_Hp3.gif HTTP/1.1" 200 2451 "http://www.sirius-berlin.de/Service_Kontakt/service_kontakt.html" "Mozilla/4.0 (compatible; MSIE 6.0; Windows NT 5.1; SV1)"
93.122.64.72 - - [26/Apr/2010:09:44:30 +0200] "GET /Service_Kontakt_NnBanner.gif HTTP/1.1" 200 6313 "http://www.sirius-berlin.de/Service_Kontakt/service_kontakt.html" "Mozilla/4.0 (compatible; MSIE 6.0; Windows NT 5.1; SV1)"
93.122.64.72 - - [26/Apr/2010:09:44:30 +0200] "GET /Service_Kontakt_HRp4.gif HTTP/1.1" 200 2700 "http://www.sirius-berlin.de/Service_Kontakt/service_kontakt.html" "Mozilla/4.0 (compatible; MSIE 6.0; Windows NT 5.1; SV1)"
81.17.208.4 - - [26/Apr/2010:10:03:07 +0200] "GET /Feinstaubfilter/feinstaubfilter.html HTTP/1.0" 200 13065 "http://www.sirius-berlin.de/" "Mozilla/5.0 (compatible; jobs.de-Robot +http://www.jobs.de)"
81.17.208.4 - - [26/Apr/2010:10:23:02 +0200] "GET /Service_Kontakt/service_kontakt.html HTTP/1.0" 200 11157 "http://www.sirius-berlin.de/" "Mozilla/5.0 (compatible; jobs.de-Robot +http://www.jobs.de)"
81.17.208.4 - - [26/Apr/2010:10:45:09 +0200] "GET /Produkte/produkte.html HTTP/1.0" 200 17755 "http://www.sirius-berlin.de/" "Mozilla/5.0 (compatible; jobs.de-Robot +http://www.jobs.de)"
66.249.71.45 - - [26/Apr/2010:10:50:59 +0200] "GET /robots.txt HTTP/1.1" 404 1256 "-" "Mozilla/5.0 (compatible; Googlebot/2.1; +http://www.google.com/bot.html)"
66.249.71.45 - - [26/Apr/2010:10:50:59 +0200] "GET / HTTP/1.1" 200 12828 "-" "Mozilla/5.0 (compatible; Googlebot/2.1; +http://www.google.com/bot.html)"
95.108.158.134 - - [26/Apr/2010:10:57:16 +0200] "GET /Produkte/Tintenpatronen/tintenpatronen.html HTTP/1.1" 304 - "-" "Yandex/1.01.001 (compatible; Win16; I)"
81.17.208.4 - - [26/Apr/2010:11:02:56 +0200] "GET /index.html HTTP/1.0" 200 12828 "http://www.sirius-berlin.de/" "Mozilla/5.0 (compatible; jobs.de-Robot +http://www.jobs.de)"
81.17.208.4 - - [26/Apr/2010:11:25:56 +0200] "GET /Shop/Filter/filter_1.html HTTP/1.0" 200 26543 "http://www.sirius-berlin.de/Shop/shop.html" "Mozilla/5.0 (compatible; jobs.de-Robot +http://www.jobs.de)"
81.17.208.4 - - [26/Apr/2010:11:47:04 +0200] "GET /Shop/Filter/filter_0.html HTTP/1.0" 200 26544 "http://www.sirius-berlin.de/Shop/shop.html" "Mozilla/5.0 (compatible; jobs.de-Robot +http://www.jobs.de)"
81.17.208.4 - - [26/Apr/2010:12:01:39 +0200] "GET /Shop/Filter/filter_2.html HTTP/1.0" 200 26547 "http://www.sirius-berlin.de/Shop/shop.html" "Mozilla/5.0 (compatible; jobs.de-Robot +http://www.jobs.de)"
81.17.208.4 - - [26/Apr/2010:12:19:35 +0200] "GET /Feinstaubfilter/micronair/micronair.html HTTP/1.0" 200 19812 "http://www.sirius-berlin.de/Feinstaubfilter/feinstaubfilter.html" "Mozilla/5.0 (compatible; jobs.de-Robot +http://www.jobs.de)"
81.17.208.4 - - [26/Apr/2010:12:38:01 +0200] "GET /Feinstaubfilter/Dexwet/dexwet.html HTTP/1.0" 200 16100 "http://www.sirius-berlin.de/Feinstaubfilter/feinstaubfilter.html" "Mozilla/5.0 (compatible; jobs.de-Robot +http://www.jobs.de)"
81.17.208.4 - - [26/Apr/2010:12:54:51 +0200] "GET /Produkte/Tonerkartuschen/tonerkartuschen.html HTTP/1.0" 200 13203 "http://www.sirius-berlin.de/Produkte/produkte.html" "Mozilla/5.0 (compatible; jobs.de-Robot +http://www.jobs.de)"
81.17.208.4 - - [26/Apr/2010:13:08:34 +0200] "GET /Produkte/weitere_Produkte/weitere_produkte.html HTTP/1.0" 200 12524 "http://www.sirius-berlin.de/Produkte/produkte.html" "Mozilla/5.0 (compatible; jobs.de-Robot +http://www.jobs.de)"
81.17.208.4 - - [26/Apr/2010:13:23:18 +0200] "GET /Produkte/Tintenpatronen/tintenpatronen.html HTTP/1.0" 200 15225 "http://www.sirius-berlin.de/Produkte/produkte.html" "Mozilla/5.0 (compatible; jobs.de-Robot +http://www.jobs.de)"
95.108.158.134 - - [26/Apr/2010:13:25:02 +0200] "GET /Produkte/produkte.html HTTP/1.1" 304 - "-" "Yandex/1.01.001 (compatible; Win16; I)"
95.108.158.134 - - [26/Apr/2010:14:53:03 +0200] "GET /Service_Kontakt/service_kontakt.html HTTP/1.1" 304 - "-" "Yandex/1.01.001 (compatible; Win16; I)"
81.17.208.4 - - [26/Apr/2010:15:58:24 +0200] "GET /robots.txt HTTP/1.0" 404 1256 "http://www.sirius-berlin.de/" "Mozilla/5.0 (compatible; jobs.de-Robot +http://www.jobs.de)"
81.17.208.4 - - [26/Apr/2010:16:14:18 +0200] "GET / HTTP/1.0" 200 12828 "-" "Mozilla/5.0 (compatible; jobs.de-Robot +http://www.jobs.de)"
95.108.158.134 - - [26/Apr/2010:16:21:04 +0200] "GET /Impressum/impressum.html HTTP/1.1" 304 - "-" "Yandex/1.01.001 (compatible; Win16; I)"
81.17.208.4 - - [26/Apr/2010:16:55:48 +0200] "GET /Service_Kontakt/service_kontakt.html HTTP/1.0" 200 11157 "http://www.sirius-berlin.de/" "Mozilla/5.0 (compatible; jobs.de-Robot +http://www.jobs.de)"
67.218.116.134 - - [26/Apr/2010:17:08:57 +0200] "GET /robots.txt HTTP/1.1" 404 1256 "-" "Mozilla/5.0 (Twiceler-0.9 http://www.cuil.com/twiceler/robot.html)"
81.17.208.4 - - [26/Apr/2010:17:19:48 +0200] "GET /Impressum/impressum.html HTTP/1.0" 200 11991 "http://www.sirius-berlin.de/" "Mozilla/5.0 (compatible; jobs.de-Robot +http://www.jobs.de)"
81.17.208.4 - - [26/Apr/2010:17:40:00 +0200] "GET /Produkte/produkte.html HTTP/1.0" 200 17755 "http://www.sirius-berlin.de/" "Mozilla/5.0 (compatible; jobs.de-Robot +http://www.jobs.de)"
66.235.124.82 - - [26/Apr/2010:17:46:09 +0200] "GET /robots.txt HTTP/1.1" 404 1256 "-" "Mozilla/5.0 (compatible; Ask Jeeves/Teoma; +http://about.ask.com/en/docs/about/webmasters.shtml)"
66.235.124.82 - - [26/Apr/2010:17:46:09 +0200] "GET / HTTP/1.1" 200 12828 "-" "Mozilla/5.0 (compatible; Ask Jeeves/Teoma; +http://about.ask.com/en/docs/about/webmasters.shtml)"
81.17.208.4 - - [26/Apr/2010:17:59:02 +0200] "GET /Shop/shop.html HTTP/1.0" 200 59578 "http://www.sirius-berlin.de/" "Mozilla/5.0 (compatible; jobs.de-Robot +http://www.jobs.de)"
81.17.208.4 - - [26/Apr/2010:18:21:24 +0200] "GET /index.html HTTP/1.0" 200 12828 "http://www.sirius-berlin.de/" "Mozilla/5.0 (compatible; jobs.de-Robot +http://www.jobs.de)"
87.230.47.8 - - [26/Apr/2010:18:29:02 +0200] "HEAD / HTTP/1.1" 200 - "-" "-"
81.17.208.4 - - [26/Apr/2010:18:40:51 +0200] "GET /Feinstaubfilter/feinstaubfilter.html HTTP/1.0" 200 13065 "http://www.sirius-berlin.de/" "Mozilla/5.0 (compatible; jobs.de-Robot +http://www.jobs.de)"
95.108.158.134 - - [26/Apr/2010:18:47:45 +0200] "GET /Feinstaubfilter/Dexwet/dexwet.html HTTP/1.1" 304 - "-" "Yandex/1.01.001 (compatible; Win16; I)"
81.17.208.4 - - [26/Apr/2010:19:03:31 +0200] "GET /Produkte/Tintenpatronen/tintenpatronen.html HTTP/1.0" 200 15225 "http://www.sirius-berlin.de/Produkte/produkte.html" "Mozilla/5.0 (compatible; jobs.de-Robot +http://www.jobs.de)"
81.17.208.4 - - [26/Apr/2010:19:24:10 +0200] "GET /Produkte/Tonerkartuschen/tonerkartuschen.html HTTP/1.0" 200 13203 "http://www.sirius-berlin.de/Produkte/produkte.html" "Mozilla/5.0 (compatible; jobs.de-Robot +http://www.jobs.de)"
81.17.208.4 - - [26/Apr/2010:19:41:46 +0200] "GET /Produkte/weitere_Produkte/weitere_produkte.html HTTP/1.0" 200 12524 "http://www.sirius-berlin.de/Produkte/produkte.html" "Mozilla/5.0 (compatible; jobs.de-Robot +http://www.jobs.de)"
81.17.208.4 - - [26/Apr/2010:20:00:44 +0200] "GET /Shop/Filter/filter_0.html HTTP/1.0" 200 26544 "http://www.sirius-berlin.de/Shop/shop.html" "Mozilla/5.0 (compatible; jobs.de-Robot +http://www.jobs.de)"
81.17.208.4 - - [26/Apr/2010:20:15:12 +0200] "GET /Shop/Filter/filter_2.html HTTP/1.0" 200 26547 "http://www.sirius-berlin.de/Shop/shop.html" "Mozilla/5.0 (compatible; jobs.de-Robot +http://www.jobs.de)"
95.108.158.134 - - [26/Apr/2010:20:26:26 +0200] "GET /Produkte/Tonerkartuschen/tonerkartuschen.html HTTP/1.1" 304 - "-" "Yandex/1.01.001 (compatible; Win16; I)"
81.17.208.4 - - [26/Apr/2010:20:29:23 +0200] "GET /Shop/Filter/filter_1.html HTTP/1.0" 200 26543 "http://www.sirius-berlin.de/Shop/shop.html" "Mozilla/5.0 (compatible; jobs.de-Robot +http://www.jobs.de)"
84.155.47.14 - - [26/Apr/2010:20:36:50 +0200] "GET / HTTP/1.1" 200 12828 "-" "Mozilla/5.0 (Macintosh; U; Intel Mac OS X 10_6_2; de-de) AppleWebKit/531.21.8 (KHTML, like Gecko) Version/4.0.4 Safari/531.21.10"
84.155.47.14 - - [26/Apr/2010:20:36:51 +0200] "GET /rollover.js HTTP/1.1" 200 32709 "http://www.sirius-berlin.de/" "Mozilla/5.0 (Macintosh; U; Intel Mac OS X 10_6_2; de-de) AppleWebKit/531.21.8 (KHTML, like Gecko) Version/4.0.4 Safari/531.21.10"
84.155.47.14 - - [26/Apr/2010:20:36:52 +0200] "GET /Feinstaubfilter_Np1.gif HTTP/1.1" 200 1780 "http://www.sirius-berlin.de/" "Mozilla/5.0 (Macintosh; U; Intel Mac OS X 10_6_2; de-de) AppleWebKit/531.21.8 (KHTML, like Gecko) Version/4.0.4 Safari/531.21.10"
84.155.47.14 - - [26/Apr/2010:20:36:52 +0200] "GET /Produkte_Np1.gif HTTP/1.1" 200 1744 "http://www.sirius-berlin.de/" "Mozilla/5.0 (Macintosh; U; Intel Mac OS X 10_6_2; de-de) AppleWebKit/531.21.8 (KHTML, like Gecko) Version/4.0.4 Safari/531.21.10"
84.155.47.14 - - [26/Apr/2010:20:36:52 +0200] "GET /Sirius-LOGO21.JPG HTTP/1.1" 200 2563 "http://www.sirius-berlin.de/" "Mozilla/5.0 (Macintosh; U; Intel Mac OS X 10_6_2; de-de) AppleWebKit/531.21.8 (KHTML, like Gecko) Version/4.0.4 Safari/531.21.10"
84.155.47.14 - - [26/Apr/2010:20:36:52 +0200] "GET /Home_Hp3.gif HTTP/1.1" 200 1773 "http://www.sirius-berlin.de/" "Mozilla/5.0 (Macintosh; U; Intel Mac OS X 10_6_2; de-de) AppleWebKit/531.21.8 (KHTML, like Gecko) Version/4.0.4 Safari/531.21.10"
84.155.47.14 - - [26/Apr/2010:20:36:52 +0200] "GET /Service_Kontakt_Np1.gif HTTP/1.1" 200 1794 "http://www.sirius-berlin.de/" "Mozilla/5.0 (Macintosh; U; Intel Mac OS X 10_6_2; de-de) AppleWebKit/531.21.8 (KHTML, like Gecko) Version/4.0.4 Safari/531.21.10"
84.155.47.14 - - [26/Apr/2010:20:36:52 +0200] "GET /clearpixel.gif HTTP/1.1" 200 43 "http://www.sirius-berlin.de/" "Mozilla/5.0 (Macintosh; U; Intel Mac OS X 10_6_2; de-de) AppleWebKit/531.21.8 (KHTML, like Gecko) Version/4.0.4 Safari/531.21.10"
84.155.47.14 - - [26/Apr/2010:20:36:52 +0200] "GET /Impressum_Np1.gif HTTP/1.1" 200 1750 "http://www.sirius-berlin.de/" "Mozilla/5.0 (Macintosh; U; Intel Mac OS X 10_6_2; de-de) AppleWebKit/531.21.8 (KHTML, like Gecko) Version/4.0.4 Safari/531.21.10"
84.155.47.14 - - [26/Apr/2010:20:36:52 +0200] "GET /Shop_Np1.gif HTTP/1.1" 200 1699 "http://www.sirius-berlin.de/" "Mozilla/5.0 (Macintosh; U; Intel Mac OS X 10_6_2; de-de) AppleWebKit/531.21.8 (KHTML, like Gecko) Version/4.0.4 Safari/531.21.10"
84.155.47.14 - - [26/Apr/2010:20:36:52 +0200] "GET /BuiltWithNOF.gif HTTP/1.1" 200 2587 "http://www.sirius-berlin.de/" "Mozilla/5.0 (Macintosh; U; Intel Mac OS X 10_6_2; de-de) AppleWebKit/531.21.8 (KHTML, like Gecko) Version/4.0.4 Safari/531.21.10"
84.155.47.14 - - [26/Apr/2010:20:36:52 +0200] "GET /Home_NnBanner.gif HTTP/1.1" 200 5803 "http://www.sirius-berlin.de/" "Mozilla/5.0 (Macintosh; U; Intel Mac OS X 10_6_2; de-de) AppleWebKit/531.21.8 (KHTML, like Gecko) Version/4.0.4 Safari/531.21.10"
84.155.47.14 - - [26/Apr/2010:20:36:52 +0200] "GET /Sirius-LOGO1.JPG HTTP/1.1" 200 4357 "http://www.sirius-berlin.de/" "Mozilla/5.0 (Macintosh; U; Intel Mac OS X 10_6_2; de-de) AppleWebKit/531.21.8 (KHTML, like Gecko) Version/4.0.4 Safari/531.21.10"
84.155.47.14 - - [26/Apr/2010:20:36:52 +0200] "GET /DSC0019902.JPG HTTP/1.1" 200 7772 "http://www.sirius-berlin.de/" "Mozilla/5.0 (Macintosh; U; Intel Mac OS X 10_6_2; de-de) AppleWebKit/531.21.8 (KHTML, like Gecko) Version/4.0.4 Safari/531.21.10"
84.155.47.14 - - [26/Apr/2010:20:36:52 +0200] "GET /background.gif HTTP/1.1" 200 5457 "http://www.sirius-berlin.de/" "Mozilla/5.0 (Macintosh; U; Intel Mac OS X 10_6_2; de-de) AppleWebKit/531.21.8 (KHTML, like Gecko) Version/4.0.4 Safari/531.21.10"
84.155.47.14 - - [26/Apr/2010:20:36:52 +0200] "GET /Feinstaubfilter_NRp2.gif HTTP/1.1" 200 2034 "http://www.sirius-berlin.de/" "Mozilla/5.0 (Macintosh; U; Intel Mac OS X 10_6_2; de-de) AppleWebKit/531.21.8 (KHTML, like Gecko) Version/4.0.4 Safari/531.21.10"
84.155.47.14 - - [26/Apr/2010:20:36:52 +0200] "GET /Produkte_NRp2.gif HTTP/1.1" 200 2001 "http://www.sirius-berlin.de/" "Mozilla/5.0 (Macintosh; U; Intel Mac OS X 10_6_2; de-de) AppleWebKit/531.21.8 (KHTML, like Gecko) Version/4.0.4 Safari/531.21.10"
84.155.47.14 - - [26/Apr/2010:20:36:52 +0200] "GET /Home_HRp4.gif HTTP/1.1" 200 2027 "http://www.sirius-berlin.de/" "Mozilla/5.0 (Macintosh; U; Intel Mac OS X 10_6_2; de-de) AppleWebKit/531.21.8 (KHTML, like Gecko) Version/4.0.4 Safari/531.21.10"
84.155.47.14 - - [26/Apr/2010:20:36:52 +0200] "GET /Impressum_NRp2.gif HTTP/1.1" 200 2011 "http://www.sirius-berlin.de/" "Mozilla/5.0 (Macintosh; U; Intel Mac OS X 10_6_2; de-de) AppleWebKit/531.21.8 (KHTML, like Gecko) Version/4.0.4 Safari/531.21.10"
84.155.47.14 - - [26/Apr/2010:20:36:52 +0200] "GET /Shop_NRp2.gif HTTP/1.1" 200 1954 "http://www.sirius-berlin.de/" "Mozilla/5.0 (Macintosh; U; Intel Mac OS X 10_6_2; de-de) AppleWebKit/531.21.8 (KHTML, like Gecko) Version/4.0.4 Safari/531.21.10"
84.155.47.14 - - [26/Apr/2010:20:36:52 +0200] "GET /Service_Kontakt_NRp2.gif HTTP/1.1" 200 2044 "http://www.sirius-berlin.de/" "Mozilla/5.0 (Macintosh; U; Intel Mac OS X 10_6_2; de-de) AppleWebKit/531.21.8 (KHTML, like Gecko) Version/4.0.4 Safari/531.21.10"
84.155.47.14 - - [26/Apr/2010:20:36:55 +0200] "GET /favicon.ico HTTP/1.1" 404 1256 "http://www.sirius-berlin.de/" "Mozilla/5.0 (Macintosh; U; Intel Mac OS X 10_6_2; de-de) AppleWebKit/531.21.8 (KHTML, like Gecko) Version/4.0.4 Safari/531.21.10"
81.17.208.4 - - [26/Apr/2010:20:44:27 +0200] "GET /Feinstaubfilter/Dexwet/dexwet.html HTTP/1.0" 200 16100 "http://www.sirius-berlin.de/Feinstaubfilter/feinstaubfilter.html" "Mozilla/5.0 (compatible; jobs.de-Robot +http://www.jobs.de)"
81.17.208.4 - - [26/Apr/2010:20:58:38 +0200] "GET /Feinstaubfilter/micronair/micronair.html HTTP/1.0" 200 19812 "http://www.sirius-berlin.de/Feinstaubfilter/feinstaubfilter.html" "Mozilla/5.0 (compatible; jobs.de-Robot +http://www.jobs.de)"
208.80.193.40 - - [27/Apr/2010:04:11:19 +0200] "GET / HTTP/1.0" 200 12828 "-" "Mozilla/4.0 (compatible; MSIE 7.0; Windows NT 5.1; ADVPLUGIN|K114|04|S-803287567|dial; snprtz|T13068600000224|2600#Service Pack 2#2#5#1)"
66.249.71.45 - - [27/Apr/2010:10:52:11 +0200] "GET /robots.txt HTTP/1.1" 404 1256 "-" "Mozilla/5.0 (compatible; Googlebot/2.1; +http://www.google.com/bot.html)"
66.249.71.45 - - [27/Apr/2010:10:52:11 +0200] "GET /index.html HTTP/1.1" 200 12828 "-" "Mozilla/5.0 (compatible; Googlebot/2.1; +http://www.google.com/bot.html)"
188.40.82.73 - - [27/Apr/2010:12:42:14 +0200] "GET / HTTP/1.1" 200 12828 "-" "Mozilla/5.0 (X11; U; Linux i686; de; rv:1.9.0.15) Gecko/2009102100 SUSE/3.0.15-0.1.2 Firefox/3.0.15"
188.40.82.73 - - [27/Apr/2010:12:42:15 +0200] "GET /rollover.js HTTP/1.1" 200 32709 "http://www.sirius-berlin.de/" "Mozilla/5.0 (X11; U; Linux i686; de; rv:1.9.0.15) Gecko/2009102100 SUSE/3.0.15-0.1.2 Firefox/3.0.15"
188.40.82.73 - - [27/Apr/2010:12:42:15 +0200] "GET /background.gif HTTP/1.1" 200 5457 "http://www.sirius-berlin.de/" "Mozilla/5.0 (X11; U; Linux i686; de; rv:1.9.0.15) Gecko/2009102100 SUSE/3.0.15-0.1.2 Firefox/3.0.15"
188.40.82.73 - - [27/Apr/2010:12:42:15 +0200] "GET /clearpixel.gif HTTP/1.1" 200 43 "http://www.sirius-berlin.de/" "Mozilla/5.0 (X11; U; Linux i686; de; rv:1.9.0.15) Gecko/2009102100 SUSE/3.0.15-0.1.2 Firefox/3.0.15"
188.40.82.73 - - [27/Apr/2010:12:42:15 +0200] "GET /Sirius-LOGO21.JPG HTTP/1.1" 200 2563 "http://www.sirius-berlin.de/" "Mozilla/5.0 (X11; U; Linux i686; de; rv:1.9.0.15) Gecko/2009102100 SUSE/3.0.15-0.1.2 Firefox/3.0.15"
188.40.82.73 - - [27/Apr/2010:12:42:15 +0200] "GET /Feinstaubfilter_Np1.gif HTTP/1.1" 200 1780 "http://www.sirius-berlin.de/" "Mozilla/5.0 (X11; U; Linux i686; de; rv:1.9.0.15) Gecko/2009102100 SUSE/3.0.15-0.1.2 Firefox/3.0.15"
188.40.82.73 - - [27/Apr/2010:12:42:15 +0200] "GET /Home_Hp3.gif HTTP/1.1" 200 1773 "http://www.sirius-berlin.de/" "Mozilla/5.0 (X11; U; Linux i686; de; rv:1.9.0.15) Gecko/2009102100 SUSE/3.0.15-0.1.2 Firefox/3.0.15"
188.40.82.73 - - [27/Apr/2010:12:42:15 +0200] "GET /Produkte_Np1.gif HTTP/1.1" 200 1744 "http://www.sirius-berlin.de/" "Mozilla/5.0 (X11; U; Linux i686; de; rv:1.9.0.15) Gecko/2009102100 SUSE/3.0.15-0.1.2 Firefox/3.0.15"
188.40.82.73 - - [27/Apr/2010:12:42:15 +0200] "GET /Service_Kontakt_Np1.gif HTTP/1.1" 200 1794 "http://www.sirius-berlin.de/" "Mozilla/5.0 (X11; U; Linux i686; de; rv:1.9.0.15) Gecko/2009102100 SUSE/3.0.15-0.1.2 Firefox/3.0.15"
188.40.82.73 - - [27/Apr/2010:12:42:15 +0200] "GET /Impressum_Np1.gif HTTP/1.1" 200 1750 "http://www.sirius-berlin.de/" "Mozilla/5.0 (X11; U; Linux i686; de; rv:1.9.0.15) Gecko/2009102100 SUSE/3.0.15-0.1.2 Firefox/3.0.15"
188.40.82.73 - - [27/Apr/2010:12:42:15 +0200] "GET /Shop_Np1.gif HTTP/1.1" 200 1699 "http://www.sirius-berlin.de/" "Mozilla/5.0 (X11; U; Linux i686; de; rv:1.9.0.15) Gecko/2009102100 SUSE/3.0.15-0.1.2 Firefox/3.0.15"
188.40.82.73 - - [27/Apr/2010:12:42:15 +0200] "GET /Produkte_NRp2.gif HTTP/1.1" 200 2001 "http://www.sirius-berlin.de/" "Mozilla/5.0 (X11; U; Linux i686; de; rv:1.9.0.15) Gecko/2009102100 SUSE/3.0.15-0.1.2 Firefox/3.0.15"
188.40.82.73 - - [27/Apr/2010:12:42:15 +0200] "GET /Feinstaubfilter_NRp2.gif HTTP/1.1" 200 2034 "http://www.sirius-berlin.de/" "Mozilla/5.0 (X11; U; Linux i686; de; rv:1.9.0.15) Gecko/2009102100 SUSE/3.0.15-0.1.2 Firefox/3.0.15"
188.40.82.73 - - [27/Apr/2010:12:42:15 +0200] "GET /Home_HRp4.gif HTTP/1.1" 200 2027 "http://www.sirius-berlin.de/" "Mozilla/5.0 (X11; U; Linux i686; de; rv:1.9.0.15) Gecko/2009102100 SUSE/3.0.15-0.1.2 Firefox/3.0.15"
188.40.82.73 - - [27/Apr/2010:12:42:15 +0200] "GET /Service_Kontakt_NRp2.gif HTTP/1.1" 200 2044 "http://www.sirius-berlin.de/" "Mozilla/5.0 (X11; U; Linux i686; de; rv:1.9.0.15) Gecko/2009102100 SUSE/3.0.15-0.1.2 Firefox/3.0.15"
188.40.82.73 - - [27/Apr/2010:12:42:15 +0200] "GET /Impressum_NRp2.gif HTTP/1.1" 200 2011 "http://www.sirius-berlin.de/" "Mozilla/5.0 (X11; U; Linux i686; de; rv:1.9.0.15) Gecko/2009102100 SUSE/3.0.15-0.1.2 Firefox/3.0.15"
188.40.82.73 - - [27/Apr/2010:12:42:15 +0200] "GET /Shop_NRp2.gif HTTP/1.1" 200 1954 "http://www.sirius-berlin.de/" "Mozilla/5.0 (X11; U; Linux i686; de; rv:1.9.0.15) Gecko/2009102100 SUSE/3.0.15-0.1.2 Firefox/3.0.15"
188.40.82.73 - - [27/Apr/2010:12:42:16 +0200] "GET /BuiltWithNOF.gif HTTP/1.1" 200 2587 "http://www.sirius-berlin.de/" "Mozilla/5.0 (X11; U; Linux i686; de; rv:1.9.0.15) Gecko/2009102100 SUSE/3.0.15-0.1.2 Firefox/3.0.15"
188.40.82.73 - - [27/Apr/2010:12:42:16 +0200] "GET /DSC0019902.JPG HTTP/1.1" 200 7772 "http://www.sirius-berlin.de/" "Mozilla/5.0 (X11; U; Linux i686; de; rv:1.9.0.15) Gecko/2009102100 SUSE/3.0.15-0.1.2 Firefox/3.0.15"
188.40.82.73 - - [27/Apr/2010:12:42:16 +0200] "GET /Sirius-LOGO1.JPG HTTP/1.1" 200 4357 "http://www.sirius-berlin.de/" "Mozilla/5.0 (X11; U; Linux i686; de; rv:1.9.0.15) Gecko/2009102100 SUSE/3.0.15-0.1.2 Firefox/3.0.15"
188.40.82.73 - - [27/Apr/2010:12:42:16 +0200] "GET /Home_NnBanner.gif HTTP/1.1" 200 5803 "http://www.sirius-berlin.de/" "Mozilla/5.0 (X11; U; Linux i686; de; rv:1.9.0.15) Gecko/2009102100 SUSE/3.0.15-0.1.2 Firefox/3.0.15"
188.40.82.73 - - [27/Apr/2010:12:42:17 +0200] "GET /favicon.ico HTTP/1.1" 404 1256 "-" "Mozilla/5.0 (X11; U; Linux i686; de; rv:1.9.0.15) Gecko/2009102100 SUSE/3.0.15-0.1.2 Firefox/3.0.15"
67.218.116.134 - - [27/Apr/2010:16:12:58 +0200] "GET /robots.txt HTTP/1.1" 404 1256 "-" "Mozilla/5.0 (Twiceler-0.9 http://www.cuil.com/twiceler/robot.html)"
80.218.47.4 - - [27/Apr/2010:17:38:25 +0200] "GET / HTTP/1.1" 200 12828 "http://www.google.es/search?hl=es&source=hp&q=sirius+berlin&meta=lr%3D&rlz=1R2GPCK_es&aq=f&aqi=&aql=&oq=&gs_rfai=" "Mozilla/4.0 (compatible; MSIE 7.0; Windows NT 6.0; SLCC1; .NET CLR 2.0.50727; Media Center PC 5.0; InfoPath.2; .NET CLR 3.5.30729; .NET CLR 3.0.30618)"
80.218.47.4 - - [27/Apr/2010:17:38:25 +0200] "GET /rollover.js HTTP/1.1" 200 32709 "http://www.sirius-berlin.de/" "Mozilla/4.0 (compatible; MSIE 7.0; Windows NT 6.0; SLCC1; .NET CLR 2.0.50727; Media Center PC 5.0; InfoPath.2; .NET CLR 3.5.30729; .NET CLR 3.0.30618)"
80.218.47.4 - - [27/Apr/2010:17:38:25 +0200] "GET /clearpixel.gif HTTP/1.1" 200 43 "http://www.sirius-berlin.de/" "Mozilla/4.0 (compatible; MSIE 7.0; Windows NT 6.0; SLCC1; .NET CLR 2.0.50727; Media Center PC 5.0; InfoPath.2; .NET CLR 3.5.30729; .NET CLR 3.0.30618)"
80.218.47.4 - - [27/Apr/2010:17:38:25 +0200] "GET /background.gif HTTP/1.1" 200 5457 "http://www.sirius-berlin.de/" "Mozilla/4.0 (compatible; MSIE 7.0; Windows NT 6.0; SLCC1; .NET CLR 2.0.50727; Media Center PC 5.0; InfoPath.2; .NET CLR 3.5.30729; .NET CLR 3.0.30618)"
80.218.47.4 - - [27/Apr/2010:17:38:25 +0200] "GET /Shop_Np1.gif HTTP/1.1" 200 1699 "http://www.sirius-berlin.de/" "Mozilla/4.0 (compatible; MSIE 7.0; Windows NT 6.0; SLCC1; .NET CLR 2.0.50727; Media Center PC 5.0; InfoPath.2; .NET CLR 3.5.30729; .NET CLR 3.0.30618)"
80.218.47.4 - - [27/Apr/2010:17:38:25 +0200] "GET /Sirius-LOGO21.JPG HTTP/1.1" 200 2563 "http://www.sirius-berlin.de/" "Mozilla/4.0 (compatible; MSIE 7.0; Windows NT 6.0; SLCC1; .NET CLR 2.0.50727; Media Center PC 5.0; InfoPath.2; .NET CLR 3.5.30729; .NET CLR 3.0.30618)"
80.218.47.4 - - [27/Apr/2010:17:38:25 +0200] "GET /Home_Hp3.gif HTTP/1.1" 200 1773 "http://www.sirius-berlin.de/" "Mozilla/4.0 (compatible; MSIE 7.0; Windows NT 6.0; SLCC1; .NET CLR 2.0.50727; Media Center PC 5.0; InfoPath.2; .NET CLR 3.5.30729; .NET CLR 3.0.30618)"
80.218.47.4 - - [27/Apr/2010:17:38:25 +0200] "GET /Feinstaubfilter_Np1.gif HTTP/1.1" 200 1780 "http://www.sirius-berlin.de/" "Mozilla/4.0 (compatible; MSIE 7.0; Windows NT 6.0; SLCC1; .NET CLR 2.0.50727; Media Center PC 5.0; InfoPath.2; .NET CLR 3.5.30729; .NET CLR 3.0.30618)"
80.218.47.4 - - [27/Apr/2010:17:38:25 +0200] "GET /Service_Kontakt_Np1.gif HTTP/1.1" 200 1794 "http://www.sirius-berlin.de/" "Mozilla/4.0 (compatible; MSIE 7.0; Windows NT 6.0; SLCC1; .NET CLR 2.0.50727; Media Center PC 5.0; InfoPath.2; .NET CLR 3.5.30729; .NET CLR 3.0.30618)"
80.218.47.4 - - [27/Apr/2010:17:38:25 +0200] "GET /Produkte_Np1.gif HTTP/1.1" 200 1744 "http://www.sirius-berlin.de/" "Mozilla/4.0 (compatible; MSIE 7.0; Windows NT 6.0; SLCC1; .NET CLR 2.0.50727; Media Center PC 5.0; InfoPath.2; .NET CLR 3.5.30729; .NET CLR 3.0.30618)"
80.218.47.4 - - [27/Apr/2010:17:38:25 +0200] "GET /Impressum_Np1.gif HTTP/1.1" 200 1750 "http://www.sirius-berlin.de/" "Mozilla/4.0 (compatible; MSIE 7.0; Windows NT 6.0; SLCC1; .NET CLR 2.0.50727; Media Center PC 5.0; InfoPath.2; .NET CLR 3.5.30729; .NET CLR 3.0.30618)"
80.218.47.4 - - [27/Apr/2010:17:38:25 +0200] "GET /Shop_NRp2.gif HTTP/1.1" 200 1954 "http://www.sirius-berlin.de/" "Mozilla/4.0 (compatible; MSIE 7.0; Windows NT 6.0; SLCC1; .NET CLR 2.0.50727; Media Center PC 5.0; InfoPath.2; .NET CLR 3.5.30729; .NET CLR 3.0.30618)"
80.218.47.4 - - [27/Apr/2010:17:38:25 +0200] "GET /Feinstaubfilter_NRp2.gif HTTP/1.1" 200 2034 "http://www.sirius-berlin.de/" "Mozilla/4.0 (compatible; MSIE 7.0; Windows NT 6.0; SLCC1; .NET CLR 2.0.50727; Media Center PC 5.0; InfoPath.2; .NET CLR 3.5.30729; .NET CLR 3.0.30618)"
80.218.47.4 - - [27/Apr/2010:17:38:25 +0200] "GET /Home_HRp4.gif HTTP/1.1" 200 2027 "http://www.sirius-berlin.de/" "Mozilla/4.0 (compatible; MSIE 7.0; Windows NT 6.0; SLCC1; .NET CLR 2.0.50727; Media Center PC 5.0; InfoPath.2; .NET CLR 3.5.30729; .NET CLR 3.0.30618)"
80.218.47.4 - - [27/Apr/2010:17:38:25 +0200] "GET /Produkte_NRp2.gif HTTP/1.1" 200 2001 "http://www.sirius-berlin.de/" "Mozilla/4.0 (compatible; MSIE 7.0; Windows NT 6.0; SLCC1; .NET CLR 2.0.50727; Media Center PC 5.0; InfoPath.2; .NET CLR 3.5.30729; .NET CLR 3.0.30618)"
80.218.47.4 - - [27/Apr/2010:17:38:25 +0200] "GET /Service_Kontakt_NRp2.gif HTTP/1.1" 200 2044 "http://www.sirius-berlin.de/" "Mozilla/4.0 (compatible; MSIE 7.0; Windows NT 6.0; SLCC1; .NET CLR 2.0.50727; Media Center PC 5.0; InfoPath.2; .NET CLR 3.5.30729; .NET CLR 3.0.30618)"
80.218.47.4 - - [27/Apr/2010:17:38:25 +0200] "GET /Impressum_NRp2.gif HTTP/1.1" 200 2011 "http://www.sirius-berlin.de/" "Mozilla/4.0 (compatible; MSIE 7.0; Windows NT 6.0; SLCC1; .NET CLR 2.0.50727; Media Center PC 5.0; InfoPath.2; .NET CLR 3.5.30729; .NET CLR 3.0.30618)"
80.218.47.4 - - [27/Apr/2010:17:38:26 +0200] "GET /Home_NnBanner.gif HTTP/1.1" 200 5803 "http://www.sirius-berlin.de/" "Mozilla/4.0 (compatible; MSIE 7.0; Windows NT 6.0; SLCC1; .NET CLR 2.0.50727; Media Center PC 5.0; InfoPath.2; .NET CLR 3.5.30729; .NET CLR 3.0.30618)"
80.218.47.4 - - [27/Apr/2010:17:38:26 +0200] "GET /BuiltWithNOF.gif HTTP/1.1" 200 2587 "http://www.sirius-berlin.de/" "Mozilla/4.0 (compatible; MSIE 7.0; Windows NT 6.0; SLCC1; .NET CLR 2.0.50727; Media Center PC 5.0; InfoPath.2; .NET CLR 3.5.30729; .NET CLR 3.0.30618)"
80.218.47.4 - - [27/Apr/2010:17:38:26 +0200] "GET /Sirius-LOGO1.JPG HTTP/1.1" 200 4357 "http://www.sirius-berlin.de/" "Mozilla/4.0 (compatible; MSIE 7.0; Windows NT 6.0; SLCC1; .NET CLR 2.0.50727; Media Center PC 5.0; InfoPath.2; .NET CLR 3.5.30729; .NET CLR 3.0.30618)"
80.218.47.4 - - [27/Apr/2010:17:38:26 +0200] "GET /DSC0019902.JPG HTTP/1.1" 200 7772 "http://www.sirius-berlin.de/" "Mozilla/4.0 (compatible; MSIE 7.0; Windows NT 6.0; SLCC1; .NET CLR 2.0.50727; Media Center PC 5.0; InfoPath.2; .NET CLR 3.5.30729; .NET CLR 3.0.30618)"
80.218.47.4 - - [27/Apr/2010:17:38:26 +0200] "GET /favicon.ico HTTP/1.1" 404 1256 "-" "Mozilla/4.0 (compatible; MSIE 7.0; Windows NT 6.0; SLCC1; .NET CLR 2.0.50727; Media Center PC 5.0; InfoPath.2; .NET CLR 3.5.30729; .NET CLR 3.0.30618)"
67.195.111.39 - - [27/Apr/2010:19:45:27 +0200] "GET /robots.txt HTTP/1.0" 404 1256 "-" "Mozilla/5.0 (compatible; Yahoo! Slurp; http://help.yahoo.com/help/us/ysearch/slurp)"
67.195.111.39 - - [27/Apr/2010:19:45:27 +0200] "GET /Shop/shop.html HTTP/1.0" 200 59578 "-" "Mozilla/5.0 (compatible; Yahoo! Slurp/3.0; http://help.yahoo.com/help/us/ysearch/slurp)"
85.182.58.140 - - [28/Apr/2010:03:15:42 +0200] "GET / HTTP/1.1" 200 12828 "http://www.google.de/search?hl=de&client=safari&rls=en&ei=GozXS_qPO8n9Ob-kwYIH&sa=X&oi=spell&resnum=0&ct=result&cd=1&ved=0CBYQBSgA&q=sirius+berlin&spell=1" "Mozilla/5.0 (Macintosh; U; Intel Mac OS X 10_6_2; de-de) AppleWebKit/531.22.7 (KHTML, like Gecko) Version/4.0.5 Safari/531.22.7"
85.182.58.140 - - [28/Apr/2010:03:15:42 +0200] "GET /rollover.js HTTP/1.1" 200 32709 "http://www.sirius-berlin.de/" "Mozilla/5.0 (Macintosh; U; Intel Mac OS X 10_6_2; de-de) AppleWebKit/531.22.7 (KHTML, like Gecko) Version/4.0.5 Safari/531.22.7"
85.182.58.140 - - [28/Apr/2010:03:15:43 +0200] "GET /Service_Kontakt_Np1.gif HTTP/1.1" 200 1794 "http://www.sirius-berlin.de/" "Mozilla/5.0 (Macintosh; U; Intel Mac OS X 10_6_2; de-de) AppleWebKit/531.22.7 (KHTML, like Gecko) Version/4.0.5 Safari/531.22.7"
85.182.58.140 - - [28/Apr/2010:03:15:43 +0200] "GET /Home_Hp3.gif HTTP/1.1" 200 1773 "http://www.sirius-berlin.de/" "Mozilla/5.0 (Macintosh; U; Intel Mac OS X 10_6_2; de-de) AppleWebKit/531.22.7 (KHTML, like Gecko) Version/4.0.5 Safari/531.22.7"
85.182.58.140 - - [28/Apr/2010:03:15:43 +0200] "GET /Feinstaubfilter_Np1.gif HTTP/1.1" 200 1780 "http://www.sirius-berlin.de/" "Mozilla/5.0 (Macintosh; U; Intel Mac OS X 10_6_2; de-de) AppleWebKit/531.22.7 (KHTML, like Gecko) Version/4.0.5 Safari/531.22.7"
85.182.58.140 - - [28/Apr/2010:03:15:43 +0200] "GET /Sirius-LOGO21.JPG HTTP/1.1" 200 2563 "http://www.sirius-berlin.de/" "Mozilla/5.0 (Macintosh; U; Intel Mac OS X 10_6_2; de-de) AppleWebKit/531.22.7 (KHTML, like Gecko) Version/4.0.5 Safari/531.22.7"
85.182.58.140 - - [28/Apr/2010:03:15:43 +0200] "GET /Produkte_Np1.gif HTTP/1.1" 200 1744 "http://www.sirius-berlin.de/" "Mozilla/5.0 (Macintosh; U; Intel Mac OS X 10_6_2; de-de) AppleWebKit/531.22.7 (KHTML, like Gecko) Version/4.0.5 Safari/531.22.7"
