78.53.40.254 - - [08/Apr/2010:09:32:42 +0200] "GET /Service_Kontakt_HRp4.gif HTTP/1.1" 200 2700 "http://www.sirius-berlin.de/Service_Kontakt/service_kontakt.html" "Mozilla/5.0 (Windows; U; Windows NT 6.1; de; rv:1.9.2.3) Gecko/20100401 Firefox/3.6.3"
78.53.40.254 - - [08/Apr/2010:09:32:42 +0200] "GET /Service_Kontakt_NnBanner.gif HTTP/1.1" 200 6313 "http://www.sirius-berlin.de/Service_Kontakt/service_kontakt.html" "Mozilla/5.0 (Windows; U; Windows NT 6.1; de; rv:1.9.2.3) Gecko/20100401 Firefox/3.6.3"
78.53.40.254 - - [08/Apr/2010:09:32:42 +0200] "GET /favicon.ico HTTP/1.1" 404 1256 "-" "Mozilla/5.0 (Windows; U; Windows NT 6.1; de; rv:1.9.2.3) Gecko/20100401 Firefox/3.6.3"
78.53.40.254 - - [08/Apr/2010:09:32:43 +0200] "GET /favicon.ico HTTP/1.1" 404 1256 "-" "Mozilla/5.0 (Windows; U; Windows NT 6.1; de; rv:1.9.2.3) Gecko/20100401 Firefox/3.6.3"
78.53.40.254 - - [08/Apr/2010:09:32:43 +0200] "GET /favicon.ico HTTP/1.1" 404 1256 "-" "Mozilla/5.0 (Windows; U; Windows NT 6.1; de; rv:1.9.2.3) Gecko/20100401 Firefox/3.6.3"
66.249.65.196 - - [08/Apr/2010:09:59:22 +0200] "GET /robots.txt HTTP/1.1" 404 1256 "-" "Googlebot-Image/1.0"
66.249.65.196 - - [08/Apr/2010:09:59:22 +0200] "GET /Produkte_Hp3.gif HTTP/1.1" 304 - "-" "Googlebot-Image/1.0"
66.235.124.82 - - [08/Apr/2010:11:14:41 +0200] "GET /robots.txt HTTP/1.1" 404 1256 "-" "Mozilla/5.0 (compatible; Ask Jeeves/Teoma; +http://about.ask.com/en/docs/about/webmasters.shtml)"
66.235.124.82 - - [08/Apr/2010:11:14:41 +0200] "GET / HTTP/1.1" 200 12828 "-" "Mozilla/5.0 (compatible; Ask Jeeves/Teoma; +http://about.ask.com/en/docs/about/webmasters.shtml)"
87.250.255.242 - - [08/Apr/2010:12:47:33 +0200] "GET /Service_Kontakt/service_kontakt.html HTTP/1.1" 304 - "-" "Yandex/1.01.001 (compatible; Win16; I)"
67.218.116.134 - - [08/Apr/2010:17:51:41 +0200] "GET /robots.txt HTTP/1.1" 404 1256 "-" "Mozilla/5.0 (Twiceler-0.9 http://www.cuil.com/twiceler/robot.html)"
188.165.201.59 - - [08/Apr/2010:18:39:29 +0200] "GET / HTTP/1.0" 200 12828 "-" "-"
188.165.201.59 - - [08/Apr/2010:18:39:29 +0200] "GET / HTTP/1.1" 200 12828 "-" "Mozilla/5.0 (Windows; U; Windows NT 5.1; en-US; rv:1.8.0.6) Gecko/20060728 Firefox/1.5"
86.109.255.22 - - [08/Apr/2010:21:03:13 +0200] "GET /robots.txt HTTP/1.1" 404 1256 "-" "gonzo/2[D] (+http://www.suchen.de/faq.html)"
86.109.255.22 - - [08/Apr/2010:21:03:13 +0200] "GET / HTTP/1.1" 304 - "-" "gonzo/2[D] (+http://www.suchen.de/faq.html)"
86.109.255.22 - - [08/Apr/2010:21:04:13 +0200] "GET /index.html HTTP/1.1" 200 12828 "http://www.sirius-berlin.de/" "gonzo/2[D] (+http://www.suchen.de/faq.html)"
86.109.255.22 - - [08/Apr/2010:21:05:13 +0200] "GET /Produkte/produkte.html HTTP/1.1" 304 - "http://www.sirius-berlin.de/" "gonzo/2[D] (+http://www.suchen.de/faq.html)"
86.109.255.22 - - [08/Apr/2010:21:06:13 +0200] "GET /Feinstaubfilter/feinstaubfilter.html HTTP/1.1" 304 - "http://www.sirius-berlin.de/" "gonzo/2[D] (+http://www.suchen.de/faq.html)"
86.109.255.22 - - [08/Apr/2010:21:07:13 +0200] "GET /Service_Kontakt/service_kontakt.html HTTP/1.1" 304 - "http://www.sirius-berlin.de/" "gonzo/2[D] (+http://www.suchen.de/faq.html)"
86.109.255.22 - - [08/Apr/2010:21:08:14 +0200] "GET /Impressum/impressum.html HTTP/1.1" 304 - "http://www.sirius-berlin.de/" "gonzo/2[D] (+http://www.suchen.de/faq.html)"
86.109.255.22 - - [08/Apr/2010:21:09:15 +0200] "GET /Shop/shop.html HTTP/1.1" 304 - "http://www.sirius-berlin.de/" "gonzo/2[D] (+http://www.suchen.de/faq.html)"
66.249.65.240 - - [08/Apr/2010:23:57:52 +0200] "GET /robots.txt HTTP/1.1" 404 1256 "-" "Googlebot-Image/1.0"
66.249.65.240 - - [08/Apr/2010:23:57:52 +0200] "GET /Home_Np1.gif HTTP/1.1" 304 - "-" "Googlebot-Image/1.0"
88.131.106.4 - - [09/Apr/2010:00:59:45 +0200] "GET /robots.txt HTTP/1.0" 404 1256 "-" "Speedy Spider (http://www.entireweb.com/about/search_tech/speedy_spider/)"
88.131.106.4 - - [09/Apr/2010:00:59:45 +0200] "GET / HTTP/1.0" 200 12828 "-" "Speedy Spider (http://www.entireweb.com/about/search_tech/speedy_spider/)"
78.46.71.165 - - [09/Apr/2010:03:15:05 +0200] "GET /robots.txt HTTP/1.0" 404 1256 "-" "Eurobot/1.1 (http://eurobot.ayell.eu)"
78.46.71.165 - - [09/Apr/2010:03:15:05 +0200] "GET /Impressum/impressum.html HTTP/1.0" 200 11991 "-" "Eurobot/1.1 (http://eurobot.ayell.eu)"
78.46.71.165 - - [09/Apr/2010:03:18:42 +0200] "GET /Shop/shop.html HTTP/1.0" 200 59578 "-" "Eurobot/1.1 (http://eurobot.ayell.eu)"
184.73.62.176 - - [09/Apr/2010:03:28:13 +0200] "GET / HTTP/1.0" 200 12828 "-" "Mozilla/5.0 (compatible; NetcraftSurveyAgent/1.0; +info@netcraft.com)"
78.46.71.165 - - [09/Apr/2010:03:47:42 +0200] "GET /Feinstaubfilter/feinstaubfilter.html HTTP/1.0" 200 13065 "-" "Eurobot/1.1 (http://eurobot.ayell.eu)"
78.46.71.165 - - [09/Apr/2010:03:53:53 +0200] "GET /Service_Kontakt/service_kontakt.html HTTP/1.0" 200 11157 "-" "Eurobot/1.1 (http://eurobot.ayell.eu)"
78.46.71.165 - - [09/Apr/2010:04:08:15 +0200] "GET /index.html HTTP/1.0" 200 12828 "-" "Eurobot/1.1 (http://eurobot.ayell.eu)"
78.46.71.165 - - [09/Apr/2010:04:11:15 +0200] "GET /Produkte/produkte.html HTTP/1.0" 200 17755 "-" "Eurobot/1.1 (http://eurobot.ayell.eu)"
78.46.71.165 - - [09/Apr/2010:04:35:09 +0200] "GET /Shop/Filter/filter_2.html HTTP/1.0" 200 26547 "-" "Eurobot/1.1 (http://eurobot.ayell.eu)"
78.46.71.165 - - [09/Apr/2010:04:35:30 +0200] "GET /Shop/Filter/filter_0.html HTTP/1.0" 200 26544 "-" "Eurobot/1.1 (http://eurobot.ayell.eu)"
87.250.255.242 - - [09/Apr/2010:04:42:59 +0200] "GET /robots.txt HTTP/1.1" 404 1256 "-" "Yandex/1.01.001 (compatible; Win16; I)"
66.249.65.240 - - [09/Apr/2010:09:56:02 +0200] "GET /thumb_Carrier.jpg HTTP/1.1" 304 - "-" "Googlebot-Image/1.0"
84.153.120.170 - - [09/Apr/2010:12:24:12 +0200] "GET / HTTP/1.0" 200 12828 "http://hersteller.septfilles.ch/?photo=sirius-berlin" "Mozilla/4.0 (compatible; MSIE 6.0; Windows NT 5.1)"
92.51.147.90 - - [09/Apr/2010:14:30:25 +0200] "GET /robots.txt HTTP/1.1" 404 1256 "-" "BotOnParade, http://www.bots-on-para.de/bot.html"
67.218.116.134 - - [09/Apr/2010:16:09:21 +0200] "GET /robots.txt HTTP/1.1" 404 1256 "-" "Mozilla/5.0 (Twiceler-0.9 http://www.cuil.com/twiceler/robot.html)"
208.80.193.30 - - [09/Apr/2010:18:01:30 +0200] "GET / HTTP/1.0" 200 12828 "-" "Mozilla/4.0 (compatible; MSIE 7.0; Windows NT 5.1; .NET CLR 1.0.3705; .NET CLR 1.1.4322; HbTools 4.7.3; Media Center PC 4.0; .NET CLR 2.0.50727)"
77.12.197.67 - - [09/Apr/2010:18:25:23 +0200] "GET / HTTP/1.1" 200 12828 "http://www.google.de/search?q=sirius+berlin&ie=utf-8&oe=utf-8&aq=t&rls=org.mozilla:en-US:official&client=firefox-a" "Mozilla/5.0 (Macintosh; U; Intel Mac OS X 10.4; en-US; rv:1.9.2.3) Gecko/20100401 Firefox/3.6.3"
77.12.197.67 - - [09/Apr/2010:18:25:23 +0200] "GET /rollover.js HTTP/1.1" 200 32709 "http://www.sirius-berlin.de/" "Mozilla/5.0 (Macintosh; U; Intel Mac OS X 10.4; en-US; rv:1.9.2.3) Gecko/20100401 Firefox/3.6.3"
77.12.197.67 - - [09/Apr/2010:18:25:23 +0200] "GET /background.gif HTTP/1.1" 200 5457 "http://www.sirius-berlin.de/" "Mozilla/5.0 (Macintosh; U; Intel Mac OS X 10.4; en-US; rv:1.9.2.3) Gecko/20100401 Firefox/3.6.3"
77.12.197.67 - - [09/Apr/2010:18:25:23 +0200] "GET /clearpixel.gif HTTP/1.1" 200 43 "http://www.sirius-berlin.de/" "Mozilla/5.0 (Macintosh; U; Intel Mac OS X 10.4; en-US; rv:1.9.2.3) Gecko/20100401 Firefox/3.6.3"
77.12.197.67 - - [09/Apr/2010:18:25:23 +0200] "GET /Sirius-LOGO21.JPG HTTP/1.1" 200 2563 "http://www.sirius-berlin.de/" "Mozilla/5.0 (Macintosh; U; Intel Mac OS X 10.4; en-US; rv:1.9.2.3) Gecko/20100401 Firefox/3.6.3"
77.12.197.67 - - [09/Apr/2010:18:25:23 +0200] "GET /Home_Hp3.gif HTTP/1.1" 200 1773 "http://www.sirius-berlin.de/" "Mozilla/5.0 (Macintosh; U; Intel Mac OS X 10.4; en-US; rv:1.9.2.3) Gecko/20100401 Firefox/3.6.3"
77.12.197.67 - - [09/Apr/2010:18:25:23 +0200] "GET /Produkte_Np1.gif HTTP/1.1" 200 1744 "http://www.sirius-berlin.de/" "Mozilla/5.0 (Macintosh; U; Intel Mac OS X 10.4; en-US; rv:1.9.2.3) Gecko/20100401 Firefox/3.6.3"
77.12.197.67 - - [09/Apr/2010:18:25:23 +0200] "GET /Feinstaubfilter_Np1.gif HTTP/1.1" 200 1780 "http://www.sirius-berlin.de/" "Mozilla/5.0 (Macintosh; U; Intel Mac OS X 10.4; en-US; rv:1.9.2.3) Gecko/20100401 Firefox/3.6.3"
77.12.197.67 - - [09/Apr/2010:18:25:23 +0200] "GET /Service_Kontakt_Np1.gif HTTP/1.1" 200 1794 "http://www.sirius-berlin.de/" "Mozilla/5.0 (Macintosh; U; Intel Mac OS X 10.4; en-US; rv:1.9.2.3) Gecko/20100401 Firefox/3.6.3"
77.12.197.67 - - [09/Apr/2010:18:25:23 +0200] "GET /Impressum_Np1.gif HTTP/1.1" 200 1750 "http://www.sirius-berlin.de/" "Mozilla/5.0 (Macintosh; U; Intel Mac OS X 10.4; en-US; rv:1.9.2.3) Gecko/20100401 Firefox/3.6.3"
77.12.197.67 - - [09/Apr/2010:18:25:23 +0200] "GET /Shop_Np1.gif HTTP/1.1" 200 1699 "http://www.sirius-berlin.de/" "Mozilla/5.0 (Macintosh; U; Intel Mac OS X 10.4; en-US; rv:1.9.2.3) Gecko/20100401 Firefox/3.6.3"
77.12.197.67 - - [09/Apr/2010:18:25:23 +0200] "GET /Home_HRp4.gif HTTP/1.1" 200 2027 "http://www.sirius-berlin.de/" "Mozilla/5.0 (Macintosh; U; Intel Mac OS X 10.4; en-US; rv:1.9.2.3) Gecko/20100401 Firefox/3.6.3"
77.12.197.67 - - [09/Apr/2010:18:25:23 +0200] "GET /Produkte_NRp2.gif HTTP/1.1" 200 2001 "http://www.sirius-berlin.de/" "Mozilla/5.0 (Macintosh; U; Intel Mac OS X 10.4; en-US; rv:1.9.2.3) Gecko/20100401 Firefox/3.6.3"
77.12.197.67 - - [09/Apr/2010:18:25:23 +0200] "GET /Feinstaubfilter_NRp2.gif HTTP/1.1" 200 2034 "http://www.sirius-berlin.de/" "Mozilla/5.0 (Macintosh; U; Intel Mac OS X 10.4; en-US; rv:1.9.2.3) Gecko/20100401 Firefox/3.6.3"
77.12.197.67 - - [09/Apr/2010:18:25:23 +0200] "GET /Service_Kontakt_NRp2.gif HTTP/1.1" 200 2044 "http://www.sirius-berlin.de/" "Mozilla/5.0 (Macintosh; U; Intel Mac OS X 10.4; en-US; rv:1.9.2.3) Gecko/20100401 Firefox/3.6.3"
77.12.197.67 - - [09/Apr/2010:18:25:23 +0200] "GET /Impressum_NRp2.gif HTTP/1.1" 200 2011 "http://www.sirius-berlin.de/" "Mozilla/5.0 (Macintosh; U; Intel Mac OS X 10.4; en-US; rv:1.9.2.3) Gecko/20100401 Firefox/3.6.3"
77.12.197.67 - - [09/Apr/2010:18:25:23 +0200] "GET /Shop_NRp2.gif HTTP/1.1" 200 1954 "http://www.sirius-berlin.de/" "Mozilla/5.0 (Macintosh; U; Intel Mac OS X 10.4; en-US; rv:1.9.2.3) Gecko/20100401 Firefox/3.6.3"
77.12.197.67 - - [09/Apr/2010:18:25:25 +0200] "GET /BuiltWithNOF.gif HTTP/1.1" 200 2587 "http://www.sirius-berlin.de/" "Mozilla/5.0 (Macintosh; U; Intel Mac OS X 10.4; en-US; rv:1.9.2.3) Gecko/20100401 Firefox/3.6.3"
77.12.197.67 - - [09/Apr/2010:18:25:25 +0200] "GET /Home_NnBanner.gif HTTP/1.1" 200 5803 "http://www.sirius-berlin.de/" "Mozilla/5.0 (Macintosh; U; Intel Mac OS X 10.4; en-US; rv:1.9.2.3) Gecko/20100401 Firefox/3.6.3"
77.12.197.67 - - [09/Apr/2010:18:25:25 +0200] "GET /Sirius-LOGO1.JPG HTTP/1.1" 200 4357 "http://www.sirius-berlin.de/" "Mozilla/5.0 (Macintosh; U; Intel Mac OS X 10.4; en-US; rv:1.9.2.3) Gecko/20100401 Firefox/3.6.3"
77.12.197.67 - - [09/Apr/2010:18:25:25 +0200] "GET /DSC0019902.JPG HTTP/1.1" 200 7772 "http://www.sirius-berlin.de/" "Mozilla/5.0 (Macintosh; U; Intel Mac OS X 10.4; en-US; rv:1.9.2.3) Gecko/20100401 Firefox/3.6.3"
77.12.197.67 - - [09/Apr/2010:18:25:28 +0200] "GET /favicon.ico HTTP/1.1" 404 1256 "-" "Mozilla/5.0 (Macintosh; U; Intel Mac OS X 10.4; en-US; rv:1.9.2.3) Gecko/20100401 Firefox/3.6.3"
77.12.197.67 - - [09/Apr/2010:18:25:31 +0200] "GET /favicon.ico HTTP/1.1" 404 1256 "-" "Mozilla/5.0 (Macintosh; U; Intel Mac OS X 10.4; en-US; rv:1.9.2.3) Gecko/20100401 Firefox/3.6.3"
66.249.65.240 - - [09/Apr/2010:23:02:51 +0200] "GET /robots.txt HTTP/1.1" 404 1256 "-" "Googlebot-Image/1.0"
66.249.65.240 - - [09/Apr/2010:23:02:51 +0200] "GET /DSC00127a03.JPG HTTP/1.1" 304 - "-" "Googlebot-Image/1.0"
66.249.65.240 - - [09/Apr/2010:23:59:06 +0200] "GET /db_micronair_70a1.jpg HTTP/1.1" 304 - "-" "Googlebot-Image/1.0"
87.250.255.242 - - [10/Apr/2010:01:59:11 +0200] "GET /index.html HTTP/1.1" 200 12828 "-" "Yandex/1.01.001 (compatible; Win16; I)"
88.131.106.30 - - [10/Apr/2010:09:46:34 +0200] "GET /robots.txt HTTP/1.0" 404 1256 "-" "Mozilla/5.0 (Windows; U; Windows NT 5.1; en-US) Speedy Spider (http://www.entireweb.com/about/search_tech/speedy_spider/)"
88.131.106.30 - - [10/Apr/2010:09:46:36 +0200] "GET /?D=A HTTP/1.0" 200 12828 "-" "Mozilla/5.0 (Windows; U; Windows NT 5.1; en-US) Speedy Spider (http://www.entireweb.com/about/search_tech/speedy_spider/)"
66.249.65.240 - - [10/Apr/2010:10:43:06 +0200] "GET /TUV_Siegel1.jpg HTTP/1.1" 304 - "-" "Googlebot-Image/1.0"
88.131.106.30 - - [10/Apr/2010:11:13:09 +0200] "GET /robots.txt HTTP/1.0" 404 1256 "-" "Mozilla/5.0 (Windows; U; Windows NT 5.1; en-US) Speedy Spider (http://www.entireweb.com/about/search_tech/speedy_spider/)"
88.131.106.30 - - [10/Apr/2010:11:13:11 +0200] "GET /Feinstaubfilter/feinstaubfilter.html HTTP/1.0" 200 13065 "-" "Mozilla/5.0 (Windows; U; Windows NT 5.1; en-US) Speedy Spider (http://www.entireweb.com/about/search_tech/speedy_spider/)"
88.131.106.30 - - [10/Apr/2010:12:37:29 +0200] "GET /robots.txt HTTP/1.0" 404 1256 "-" "Mozilla/5.0 (Windows; U; Windows NT 5.1; en-US) Speedy Spider (http://www.entireweb.com/about/search_tech/speedy_spider/)"
88.131.106.30 - - [10/Apr/2010:12:37:30 +0200] "GET / HTTP/1.0" 200 12828 "-" "Mozilla/5.0 (Windows; U; Windows NT 5.1; en-US) Speedy Spider (http://www.entireweb.com/about/search_tech/speedy_spider/)"
78.46.80.180 - - [10/Apr/2010:12:53:16 +0200] "GET /robots.txt HTTP/1.0" 404 1256 "-" "Eurobot/1.1 (http://eurobot.ayell.eu)"
78.46.80.180 - - [10/Apr/2010:12:53:16 +0200] "GET /Produkte/Tintenpatronen/tintenpatronen.html HTTP/1.0" 200 15225 "-" "Eurobot/1.1 (http://eurobot.ayell.eu)"
78.46.80.180 - - [10/Apr/2010:13:30:42 +0200] "GET /Feinstaubfilter/micronair/micronair.html HTTP/1.0" 200 19812 "-" "Eurobot/1.1 (http://eurobot.ayell.eu)"
78.46.80.180 - - [10/Apr/2010:13:31:25 +0200] "GET /Produkte/Tonerkartuschen/tonerkartuschen.html HTTP/1.0" 200 13203 "-" "Eurobot/1.1 (http://eurobot.ayell.eu)"
78.46.80.180 - - [10/Apr/2010:14:06:51 +0200] "GET /Feinstaubfilter/Dexwet/dexwet.html HTTP/1.0" 200 16100 "-" "Eurobot/1.1 (http://eurobot.ayell.eu)"
78.46.80.180 - - [10/Apr/2010:14:14:13 +0200] "GET /Produkte/weitere_Produkte/weitere_produkte.html HTTP/1.0" 200 12524 "-" "Eurobot/1.1 (http://eurobot.ayell.eu)"
92.51.147.90 - - [10/Apr/2010:14:45:26 +0200] "GET /robots.txt HTTP/1.1" 404 1256 "-" "BotOnParade, http://www.bots-on-para.de/bot.html"
67.218.116.134 - - [10/Apr/2010:16:00:31 +0200] "GET /robots.txt HTTP/1.1" 404 1256 "-" "Mozilla/5.0 (Twiceler-0.9 http://www.cuil.com/twiceler/robot.html)"
66.249.65.240 - - [10/Apr/2010:20:06:32 +0200] "GET /robots.txt HTTP/1.1" 404 1256 "-" "Googlebot-Image/1.0"
66.249.65.240 - - [10/Apr/2010:20:06:32 +0200] "GET /Sirius-LOGO1.JPG HTTP/1.1" 304 - "-" "Googlebot-Image/1.0"
66.249.65.240 - - [10/Apr/2010:21:26:56 +0200] "GET /Tintenpatronen_Ns1.gif HTTP/1.1" 304 - "-" "Googlebot-Image/1.0"
67.195.111.39 - - [11/Apr/2010:05:20:42 +0200] "GET /robots.txt HTTP/1.0" 404 1256 "-" "Mozilla/5.0 (compatible; Yahoo! Slurp; http://help.yahoo.com/help/us/ysearch/slurp)"
67.195.111.39 - - [11/Apr/2010:05:20:43 +0200] "GET /Shop/shop.html HTTP/1.0" 200 59578 "-" "Mozilla/5.0 (compatible; Yahoo! Slurp/3.0; http://help.yahoo.com/help/us/ysearch/slurp)"
87.230.47.8 - - [11/Apr/2010:05:47:28 +0200] "HEAD / HTTP/1.1" 200 - "-" "-"
208.80.193.30 - - [11/Apr/2010:06:38:25 +0200] "GET / HTTP/1.0" 200 12828 "-" "Mozilla/4.0 (compatible; MSIE 6.0; Windows NT 5.1; SV1; ILRC Cap 1 Computer)"
66.249.65.240 - - [11/Apr/2010:06:44:03 +0200] "GET /Filter_Hs1.gif HTTP/1.1" 304 - "-" "Googlebot-Image/1.0"
66.249.65.240 - - [11/Apr/2010:09:24:51 +0200] "GET /robots.txt HTTP/1.1" 404 1256 "-" "Googlebot-Image/1.0"
66.249.65.240 - - [11/Apr/2010:09:24:51 +0200] "GET /Tonerkartuschen_Hs1.gif HTTP/1.1" 304 - "-" "Googlebot-Image/1.0"
78.52.64.134 - - [11/Apr/2010:14:44:25 +0200] "GET / HTTP/1.1" 200 12828 "http://www.google.de/search?hl=de&q=sirius+berlin&meta=&aq=f&aqi=g2&aql=&oq=&gs_rfai=" "Mozilla/4.0 (compatible; MSIE 6.0; Windows NT 5.1; SV1; .NET CLR 1.1.4322)"
78.52.64.134 - - [11/Apr/2010:14:44:25 +0200] "GET /rollover.js HTTP/1.1" 200 32709 "http://www.sirius-berlin.de/" "Mozilla/4.0 (compatible; MSIE 6.0; Windows NT 5.1; SV1; .NET CLR 1.1.4322)"
78.52.64.134 - - [11/Apr/2010:14:44:26 +0200] "GET /clearpixel.gif HTTP/1.1" 200 43 "http://www.sirius-berlin.de/" "Mozilla/4.0 (compatible; MSIE 6.0; Windows NT 5.1; SV1; .NET CLR 1.1.4322)"
78.52.64.134 - - [11/Apr/2010:14:44:26 +0200] "GET /background.gif HTTP/1.1" 200 5457 "http://www.sirius-berlin.de/" "Mozilla/4.0 (compatible; MSIE 6.0; Windows NT 5.1; SV1; .NET CLR 1.1.4322)"
78.52.64.134 - - [11/Apr/2010:14:44:26 +0200] "GET /Sirius-LOGO21.JPG HTTP/1.1" 200 2563 "http://www.sirius-berlin.de/" "Mozilla/4.0 (compatible; MSIE 6.0; Windows NT 5.1; SV1; .NET CLR 1.1.4322)"
78.52.64.134 - - [11/Apr/2010:14:44:26 +0200] "GET /Home_Hp3.gif HTTP/1.1" 200 1773 "http://www.sirius-berlin.de/" "Mozilla/4.0 (compatible; MSIE 6.0; Windows NT 5.1; SV1; .NET CLR 1.1.4322)"
78.52.64.134 - - [11/Apr/2010:14:44:26 +0200] "GET /Produkte_Np1.gif HTTP/1.1" 200 1744 "http://www.sirius-berlin.de/" "Mozilla/4.0 (compatible; MSIE 6.0; Windows NT 5.1; SV1; .NET CLR 1.1.4322)"
78.52.64.134 - - [11/Apr/2010:14:44:26 +0200] "GET /Feinstaubfilter_Np1.gif HTTP/1.1" 200 1780 "http://www.sirius-berlin.de/" "Mozilla/4.0 (compatible; MSIE 6.0; Windows NT 5.1; SV1; .NET CLR 1.1.4322)"
78.52.64.134 - - [11/Apr/2010:14:44:26 +0200] "GET /Service_Kontakt_Np1.gif HTTP/1.1" 200 1794 "http://www.sirius-berlin.de/" "Mozilla/4.0 (compatible; MSIE 6.0; Windows NT 5.1; SV1; .NET CLR 1.1.4322)"
78.52.64.134 - - [11/Apr/2010:14:44:26 +0200] "GET /Impressum_Np1.gif HTTP/1.1" 200 1750 "http://www.sirius-berlin.de/" "Mozilla/4.0 (compatible; MSIE 6.0; Windows NT 5.1; SV1; .NET CLR 1.1.4322)"
78.52.64.134 - - [11/Apr/2010:14:44:26 +0200] "GET /Shop_Np1.gif HTTP/1.1" 200 1699 "http://www.sirius-berlin.de/" "Mozilla/4.0 (compatible; MSIE 6.0; Windows NT 5.1; SV1; .NET CLR 1.1.4322)"
78.52.64.134 - - [11/Apr/2010:14:44:26 +0200] "GET /Home_HRp4.gif HTTP/1.1" 200 2027 "http://www.sirius-berlin.de/" "Mozilla/4.0 (compatible; MSIE 6.0; Windows NT 5.1; SV1; .NET CLR 1.1.4322)"
78.52.64.134 - - [11/Apr/2010:14:44:26 +0200] "GET /Produkte_NRp2.gif HTTP/1.1" 200 2001 "http://www.sirius-berlin.de/" "Mozilla/4.0 (compatible; MSIE 6.0; Windows NT 5.1; SV1; .NET CLR 1.1.4322)"
78.52.64.134 - - [11/Apr/2010:14:44:26 +0200] "GET /Feinstaubfilter_NRp2.gif HTTP/1.1" 200 2034 "http://www.sirius-berlin.de/" "Mozilla/4.0 (compatible; MSIE 6.0; Windows NT 5.1; SV1; .NET CLR 1.1.4322)"
78.52.64.134 - - [11/Apr/2010:14:44:26 +0200] "GET /Service_Kontakt_NRp2.gif HTTP/1.1" 200 2044 "http://www.sirius-berlin.de/" "Mozilla/4.0 (compatible; MSIE 6.0; Windows NT 5.1; SV1; .NET CLR 1.1.4322)"
78.52.64.134 - - [11/Apr/2010:14:44:26 +0200] "GET /Impressum_NRp2.gif HTTP/1.1" 200 2011 "http://www.sirius-berlin.de/" "Mozilla/4.0 (compatible; MSIE 6.0; Windows NT 5.1; SV1; .NET CLR 1.1.4322)"
78.52.64.134 - - [11/Apr/2010:14:44:26 +0200] "GET /Shop_NRp2.gif HTTP/1.1" 200 1954 "http://www.sirius-berlin.de/" "Mozilla/4.0 (compatible; MSIE 6.0; Windows NT 5.1; SV1; .NET CLR 1.1.4322)"
78.52.64.134 - - [11/Apr/2010:14:44:44 +0200] "GET /BuiltWithNOF.gif HTTP/1.1" 200 2587 "http://www.sirius-berlin.de/" "Mozilla/4.0 (compatible; MSIE 6.0; Windows NT 5.1; SV1; .NET CLR 1.1.4322)"
78.52.64.134 - - [11/Apr/2010:14:44:44 +0200] "GET /Home_NnBanner.gif HTTP/1.1" 200 5803 "http://www.sirius-berlin.de/" "Mozilla/4.0 (compatible; MSIE 6.0; Windows NT 5.1; SV1; .NET CLR 1.1.4322)"
78.52.64.134 - - [11/Apr/2010:14:44:44 +0200] "GET /Sirius-LOGO1.JPG HTTP/1.1" 200 4357 "http://www.sirius-berlin.de/" "Mozilla/4.0 (compatible; MSIE 6.0; Windows NT 5.1; SV1; .NET CLR 1.1.4322)"
78.52.64.134 - - [11/Apr/2010:14:44:44 +0200] "GET /DSC0019902.JPG HTTP/1.1" 200 7772 "http://www.sirius-berlin.de/" "Mozilla/4.0 (compatible; MSIE 6.0; Windows NT 5.1; SV1; .NET CLR 1.1.4322)"
78.52.64.134 - - [11/Apr/2010:14:44:46 +0200] "GET /DSC0019902.JPG HTTP/1.1" 206 7772 "http://www.sirius-berlin.de/" "Mozilla/4.0 (compatible; MSIE 6.0; Windows NT 5.1; SV1; .NET CLR 1.1.4322)"
62.116.172.165 - - [11/Apr/2010:15:18:41 +0200] "GET / HTTP/1.1" 200 12828 "-" "city-map Linkchecker"
84.188.161.97 - - [11/Apr/2010:15:42:40 +0200] "GET / HTTP/1.1" 200 12828 "http://www.google.de/search?hl=de&client=firefox-a&hs=PMd&rls=org.mozilla:de:official&channel=s&ei=ydHBS_3mJoKJOOic8ZYE&sa=X&oi=spell&resnum=0&ct=result&cd=1&ved=0CBcQBSgA&q=sirius+berlin&spell=1" "Mozilla/5.0 (Macintosh; U; Intel Mac OS X 10.6; de; rv:1.9.2.3) Gecko/20100401 Firefox/3.6.3"
84.188.161.97 - - [11/Apr/2010:15:42:40 +0200] "GET /rollover.js HTTP/1.1" 200 32709 "http://www.sirius-berlin.de/" "Mozilla/5.0 (Macintosh; U; Intel Mac OS X 10.6; de; rv:1.9.2.3) Gecko/20100401 Firefox/3.6.3"
84.188.161.97 - - [11/Apr/2010:15:42:41 +0200] "GET /background.gif HTTP/1.1" 200 5457 "http://www.sirius-berlin.de/" "Mozilla/5.0 (Macintosh; U; Intel Mac OS X 10.6; de; rv:1.9.2.3) Gecko/20100401 Firefox/3.6.3"
84.188.161.97 - - [11/Apr/2010:15:42:41 +0200] "GET /clearpixel.gif HTTP/1.1" 200 43 "http://www.sirius-berlin.de/" "Mozilla/5.0 (Macintosh; U; Intel Mac OS X 10.6; de; rv:1.9.2.3) Gecko/20100401 Firefox/3.6.3"
84.188.161.97 - - [11/Apr/2010:15:42:41 +0200] "GET /Service_Kontakt_Np1.gif HTTP/1.1" 200 1794 "http://www.sirius-berlin.de/" "Mozilla/5.0 (Macintosh; U; Intel Mac OS X 10.6; de; rv:1.9.2.3) Gecko/20100401 Firefox/3.6.3"
84.188.161.97 - - [11/Apr/2010:15:42:41 +0200] "GET /Sirius-LOGO21.JPG HTTP/1.1" 200 2563 "http://www.sirius-berlin.de/" "Mozilla/5.0 (Macintosh; U; Intel Mac OS X 10.6; de; rv:1.9.2.3) Gecko/20100401 Firefox/3.6.3"
84.188.161.97 - - [11/Apr/2010:15:42:41 +0200] "GET /Home_Hp3.gif HTTP/1.1" 200 1773 "http://www.sirius-berlin.de/" "Mozilla/5.0 (Macintosh; U; Intel Mac OS X 10.6; de; rv:1.9.2.3) Gecko/20100401 Firefox/3.6.3"
84.188.161.97 - - [11/Apr/2010:15:42:41 +0200] "GET /Produkte_Np1.gif HTTP/1.1" 200 1744 "http://www.sirius-berlin.de/" "Mozilla/5.0 (Macintosh; U; Intel Mac OS X 10.6; de; rv:1.9.2.3) Gecko/20100401 Firefox/3.6.3"
84.188.161.97 - - [11/Apr/2010:15:42:41 +0200] "GET /Feinstaubfilter_Np1.gif HTTP/1.1" 200 1780 "http://www.sirius-berlin.de/" "Mozilla/5.0 (Macintosh; U; Intel Mac OS X 10.6; de; rv:1.9.2.3) Gecko/20100401 Firefox/3.6.3"
84.188.161.97 - - [11/Apr/2010:15:42:41 +0200] "GET /Impressum_Np1.gif HTTP/1.1" 200 1750 "http://www.sirius-berlin.de/" "Mozilla/5.0 (Macintosh; U; Intel Mac OS X 10.6; de; rv:1.9.2.3) Gecko/20100401 Firefox/3.6.3"
84.188.161.97 - - [11/Apr/2010:15:42:41 +0200] "GET /Shop_Np1.gif HTTP/1.1" 200 1699 "http://www.sirius-berlin.de/" "Mozilla/5.0 (Macintosh; U; Intel Mac OS X 10.6; de; rv:1.9.2.3) Gecko/20100401 Firefox/3.6.3"
84.188.161.97 - - [11/Apr/2010:15:42:41 +0200] "GET /Service_Kontakt_NRp2.gif HTTP/1.1" 200 2044 "http://www.sirius-berlin.de/" "Mozilla/5.0 (Macintosh; U; Intel Mac OS X 10.6; de; rv:1.9.2.3) Gecko/20100401 Firefox/3.6.3"
84.188.161.97 - - [11/Apr/2010:15:42:41 +0200] "GET /Home_HRp4.gif HTTP/1.1" 200 2027 "http://www.sirius-berlin.de/" "Mozilla/5.0 (Macintosh; U; Intel Mac OS X 10.6; de; rv:1.9.2.3) Gecko/20100401 Firefox/3.6.3"
84.188.161.97 - - [11/Apr/2010:15:42:41 +0200] "GET /Produkte_NRp2.gif HTTP/1.1" 200 2001 "http://www.sirius-berlin.de/" "Mozilla/5.0 (Macintosh; U; Intel Mac OS X 10.6; de; rv:1.9.2.3) Gecko/20100401 Firefox/3.6.3"
84.188.161.97 - - [11/Apr/2010:15:42:41 +0200] "GET /Feinstaubfilter_NRp2.gif HTTP/1.1" 200 2034 "http://www.sirius-berlin.de/" "Mozilla/5.0 (Macintosh; U; Intel Mac OS X 10.6; de; rv:1.9.2.3) Gecko/20100401 Firefox/3.6.3"
84.188.161.97 - - [11/Apr/2010:15:42:41 +0200] "GET /Impressum_NRp2.gif HTTP/1.1" 200 2011 "http://www.sirius-berlin.de/" "Mozilla/5.0 (Macintosh; U; Intel Mac OS X 10.6; de; rv:1.9.2.3) Gecko/20100401 Firefox/3.6.3"
84.188.161.97 - - [11/Apr/2010:15:42:41 +0200] "GET /Shop_NRp2.gif HTTP/1.1" 200 1954 "http://www.sirius-berlin.de/" "Mozilla/5.0 (Macintosh; U; Intel Mac OS X 10.6; de; rv:1.9.2.3) Gecko/20100401 Firefox/3.6.3"
84.188.161.97 - - [11/Apr/2010:15:42:42 +0200] "GET /BuiltWithNOF.gif HTTP/1.1" 200 2587 "http://www.sirius-berlin.de/" "Mozilla/5.0 (Macintosh; U; Intel Mac OS X 10.6; de; rv:1.9.2.3) Gecko/20100401 Firefox/3.6.3"
84.188.161.97 - - [11/Apr/2010:15:42:42 +0200] "GET /Home_NnBanner.gif HTTP/1.1" 200 5803 "http://www.sirius-berlin.de/" "Mozilla/5.0 (Macintosh; U; Intel Mac OS X 10.6; de; rv:1.9.2.3) Gecko/20100401 Firefox/3.6.3"
84.188.161.97 - - [11/Apr/2010:15:42:42 +0200] "GET /Sirius-LOGO1.JPG HTTP/1.1" 200 4357 "http://www.sirius-berlin.de/" "Mozilla/5.0 (Macintosh; U; Intel Mac OS X 10.6; de; rv:1.9.2.3) Gecko/20100401 Firefox/3.6.3"
84.188.161.97 - - [11/Apr/2010:15:42:42 +0200] "GET /DSC0019902.JPG HTTP/1.1" 200 7772 "http://www.sirius-berlin.de/" "Mozilla/5.0 (Macintosh; U; Intel Mac OS X 10.6; de; rv:1.9.2.3) Gecko/20100401 Firefox/3.6.3"
84.188.161.97 - - [11/Apr/2010:15:42:43 +0200] "GET /favicon.ico HTTP/1.1" 404 1256 "-" "Mozilla/5.0 (Macintosh; U; Intel Mac OS X 10.6; de; rv:1.9.2.3) Gecko/20100401 Firefox/3.6.3"
84.188.161.97 - - [11/Apr/2010:15:42:45 +0200] "GET /favicon.ico HTTP/1.1" 404 1256 "-" "Mozilla/5.0 (Macintosh; U; Intel Mac OS X 10.6; de; rv:1.9.2.3) Gecko/20100401 Firefox/3.6.3"
67.218.116.134 - - [11/Apr/2010:16:04:12 +0200] "GET /robots.txt HTTP/1.1" 404 1256 "-" "Mozilla/5.0 (Twiceler-0.9 http://www.cuil.com/twiceler/robot.html)"
87.250.255.242 - - [11/Apr/2010:20:36:43 +0200] "GET /robots.txt HTTP/1.1" 404 1256 "-" "Yandex/1.01.001 (compatible; Win16; I)"
87.250.255.242 - - [12/Apr/2010:02:04:41 +0200] "GET /Shop/Filter/filter_2.html HTTP/1.1" 200 26547 "-" "Yandex/1.01.001 (compatible; Win16; I)"
66.249.65.240 - - [12/Apr/2010:02:05:12 +0200] "GET /robots.txt HTTP/1.1" 404 1256 "-" "Googlebot-Image/1.0"
66.249.65.240 - - [12/Apr/2010:02:05:13 +0200] "GET /Shop_Np1.gif HTTP/1.1" 304 - "-" "Googlebot-Image/1.0"
66.235.124.82 - - [12/Apr/2010:04:36:42 +0200] "GET /robots.txt HTTP/1.1" 404 1256 "-" "Mozilla/5.0 (compatible; Ask Jeeves/Teoma; +http://about.ask.com/en/docs/about/webmasters.shtml)"
66.235.124.82 - - [12/Apr/2010:04:36:42 +0200] "GET / HTTP/1.1" 200 12828 "-" "Mozilla/5.0 (compatible; Ask Jeeves/Teoma; +http://about.ask.com/en/docs/about/webmasters.shtml)"
66.249.65.240 - - [12/Apr/2010:08:13:59 +0200] "GET /Vorher-nachher1.jpg HTTP/1.1" 304 - "-" "Googlebot-Image/1.0"
81.17.208.4 - - [12/Apr/2010:08:18:19 +0200] "GET /robots.txt HTTP/1.0" 404 1256 "http://www.sirius-berlin.de/" "Mozilla/5.0 (compatible; jobs.de-Robot +http://www.jobs.de)"
81.17.208.4 - - [12/Apr/2010:08:36:38 +0200] "GET / HTTP/1.0" 200 12828 "-" "Mozilla/5.0 (compatible; jobs.de-Robot +http://www.jobs.de)"
66.249.65.240 - - [12/Apr/2010:08:57:47 +0200] "GET / HTTP/1.1" 200 12828 "-" "Mozilla/5.0 (compatible; Googlebot/2.1; +http://www.google.com/bot.html)"
212.184.166.50 - - [12/Apr/2010:09:13:50 +0200] "GET / HTTP/1.1" 200 12828 "http://www.google.de/url?sa=t&source=web&ct=res&cd=1&ved=0CBQQFjAA&url=http%3A%2F%2Fwww.sirius-berlin.de%2F&rct=j&q=Sirius+Technischer+B%C3%BCrobedarf&ei=KMjCS_GrPNHi-Qa7q5HZCA&mk=0&mb=1&usg=AFQjCNGPtAUXJumSlzcucuvDG92yo-pnyg" "Mozilla/4.0 (compatible; MSIE 8.0; Windows NT 5.1; Trident/4.0; .NET CLR 1.1.4322; .NET CLR 2.0.50727; .NET CLR 3.0.04506.30; .NET CLR 3.0.04506.648; .NET CLR 3.0.4506.2152; .NET CLR 3.5.30729)"
212.184.166.50 - - [12/Apr/2010:09:13:50 +0200] "GET /rollover.js HTTP/1.1" 200 32709 "http://www.sirius-berlin.de/" "Mozilla/4.0 (compatible; MSIE 8.0; Windows NT 5.1; Trident/4.0; .NET CLR 1.1.4322; .NET CLR 2.0.50727; .NET CLR 3.0.04506.30; .NET CLR 3.0.04506.648; .NET CLR 3.0.4506.2152; .NET CLR 3.5.30729)"
212.184.166.50 - - [12/Apr/2010:09:13:51 +0200] "GET /background.gif HTTP/1.1" 200 5457 "http://www.sirius-berlin.de/" "Mozilla/4.0 (compatible; MSIE 8.0; Windows NT 5.1; Trident/4.0; .NET CLR 1.1.4322; .NET CLR 2.0.50727; .NET CLR 3.0.04506.30; .NET CLR 3.0.04506.648; .NET CLR 3.0.4506.2152; .NET CLR 3.5.30729)"
212.184.166.50 - - [12/Apr/2010:09:13:51 +0200] "GET /clearpixel.gif HTTP/1.1" 200 43 "http://www.sirius-berlin.de/" "Mozilla/4.0 (compatible; MSIE 8.0; Windows NT 5.1; Trident/4.0; .NET CLR 1.1.4322; .NET CLR 2.0.50727; .NET CLR 3.0.04506.30; .NET CLR 3.0.04506.648; .NET CLR 3.0.4506.2152; .NET CLR 3.5.30729)"
212.184.166.50 - - [12/Apr/2010:09:13:51 +0200] "GET /Sirius-LOGO21.JPG HTTP/1.1" 200 2563 "http://www.sirius-berlin.de/" "Mozilla/4.0 (compatible; MSIE 8.0; Windows NT 5.1; Trident/4.0; .NET CLR 1.1.4322; .NET CLR 2.0.50727; .NET CLR 3.0.04506.30; .NET CLR 3.0.04506.648; .NET CLR 3.0.4506.2152; .NET CLR 3.5.30729)"
212.184.166.50 - - [12/Apr/2010:09:13:51 +0200] "GET /Home_Hp3.gif HTTP/1.1" 200 1773 "http://www.sirius-berlin.de/" "Mozilla/4.0 (compatible; MSIE 8.0; Windows NT 5.1; Trident/4.0; .NET CLR 1.1.4322; .NET CLR 2.0.50727; .NET CLR 3.0.04506.30; .NET CLR 3.0.04506.648; .NET CLR 3.0.4506.2152; .NET CLR 3.5.30729)"
212.184.166.50 - - [12/Apr/2010:09:13:51 +0200] "GET /Feinstaubfilter_Np1.gif HTTP/1.1" 200 1780 "http://www.sirius-berlin.de/" "Mozilla/4.0 (compatible; MSIE 8.0; Windows NT 5.1; Trident/4.0; .NET CLR 1.1.4322; .NET CLR 2.0.50727; .NET CLR 3.0.04506.30; .NET CLR 3.0.04506.648; .NET CLR 3.0.4506.2152; .NET CLR 3.5.30729)"
212.184.166.50 - - [12/Apr/2010:09:13:51 +0200] "GET /Produkte_Np1.gif HTTP/1.1" 200 1744 "http://www.sirius-berlin.de/" "Mozilla/4.0 (compatible; MSIE 8.0; Windows NT 5.1; Trident/4.0; .NET CLR 1.1.4322; .NET CLR 2.0.50727; .NET CLR 3.0.04506.30; .NET CLR 3.0.04506.648; .NET CLR 3.0.4506.2152; .NET CLR 3.5.30729)"
212.184.166.50 - - [12/Apr/2010:09:13:51 +0200] "GET /Service_Kontakt_Np1.gif HTTP/1.1" 200 1794 "http://www.sirius-berlin.de/" "Mozilla/4.0 (compatible; MSIE 8.0; Windows NT 5.1; Trident/4.0; .NET CLR 1.1.4322; .NET CLR 2.0.50727; .NET CLR 3.0.04506.30; .NET CLR 3.0.04506.648; .NET CLR 3.0.4506.2152; .NET CLR 3.5.30729)"
212.184.166.50 - - [12/Apr/2010:09:13:51 +0200] "GET /Impressum_Np1.gif HTTP/1.1" 200 1750 "http://www.sirius-berlin.de/" "Mozilla/4.0 (compatible; MSIE 8.0; Windows NT 5.1; Trident/4.0; .NET CLR 1.1.4322; .NET CLR 2.0.50727; .NET CLR 3.0.04506.30; .NET CLR 3.0.04506.648; .NET CLR 3.0.4506.2152; .NET CLR 3.5.30729)"
212.184.166.50 - - [12/Apr/2010:09:13:51 +0200] "GET /Home_HRp4.gif HTTP/1.1" 200 2027 "http://www.sirius-berlin.de/" "Mozilla/4.0 (compatible; MSIE 8.0; Windows NT 5.1; Trident/4.0; .NET CLR 1.1.4322; .NET CLR 2.0.50727; .NET CLR 3.0.04506.30; .NET CLR 3.0.04506.648; .NET CLR 3.0.4506.2152; .NET CLR 3.5.30729)"
212.184.166.50 - - [12/Apr/2010:09:13:51 +0200] "GET /Shop_Np1.gif HTTP/1.1" 200 1699 "http://www.sirius-berlin.de/" "Mozilla/4.0 (compatible; MSIE 8.0; Windows NT 5.1; Trident/4.0; .NET CLR 1.1.4322; .NET CLR 2.0.50727; .NET CLR 3.0.04506.30; .NET CLR 3.0.04506.648; .NET CLR 3.0.4506.2152; .NET CLR 3.5.30729)"
212.184.166.50 - - [12/Apr/2010:09:13:51 +0200] "GET /Feinstaubfilter_NRp2.gif HTTP/1.1" 200 2034 "http://www.sirius-berlin.de/" "Mozilla/4.0 (compatible; MSIE 8.0; Windows NT 5.1; Trident/4.0; .NET CLR 1.1.4322; .NET CLR 2.0.50727; .NET CLR 3.0.04506.30; .NET CLR 3.0.04506.648; .NET CLR 3.0.4506.2152; .NET CLR 3.5.30729)"
212.184.166.50 - - [12/Apr/2010:09:13:51 +0200] "GET /Service_Kontakt_NRp2.gif HTTP/1.1" 200 2044 "http://www.sirius-berlin.de/" "Mozilla/4.0 (compatible; MSIE 8.0; Windows NT 5.1; Trident/4.0; .NET CLR 1.1.4322; .NET CLR 2.0.50727; .NET CLR 3.0.04506.30; .NET CLR 3.0.04506.648; .NET CLR 3.0.4506.2152; .NET CLR 3.5.30729)"
212.184.166.50 - - [12/Apr/2010:09:13:51 +0200] "GET /Impressum_NRp2.gif HTTP/1.1" 200 2011 "http://www.sirius-berlin.de/" "Mozilla/4.0 (compatible; MSIE 8.0; Windows NT 5.1; Trident/4.0; .NET CLR 1.1.4322; .NET CLR 2.0.50727; .NET CLR 3.0.04506.30; .NET CLR 3.0.04506.648; .NET CLR 3.0.4506.2152; .NET CLR 3.5.30729)"
212.184.166.50 - - [12/Apr/2010:09:13:51 +0200] "GET /Produkte_NRp2.gif HTTP/1.1" 200 2001 "http://www.sirius-berlin.de/" "Mozilla/4.0 (compatible; MSIE 8.0; Windows NT 5.1; Trident/4.0; .NET CLR 1.1.4322; .NET CLR 2.0.50727; .NET CLR 3.0.04506.30; .NET CLR 3.0.04506.648; .NET CLR 3.0.4506.2152; .NET CLR 3.5.30729)"
212.184.166.50 - - [12/Apr/2010:09:13:51 +0200] "GET /Shop_NRp2.gif HTTP/1.1" 200 1954 "http://www.sirius-berlin.de/" "Mozilla/4.0 (compatible; MSIE 8.0; Windows NT 5.1; Trident/4.0; .NET CLR 1.1.4322; .NET CLR 2.0.50727; .NET CLR 3.0.04506.30; .NET CLR 3.0.04506.648; .NET CLR 3.0.4506.2152; .NET CLR 3.5.30729)"
212.184.166.50 - - [12/Apr/2010:09:13:52 +0200] "GET /Home_NnBanner.gif HTTP/1.1" 200 5803 "http://www.sirius-berlin.de/" "Mozilla/4.0 (compatible; MSIE 8.0; Windows NT 5.1; Trident/4.0; .NET CLR 1.1.4322; .NET CLR 2.0.50727; .NET CLR 3.0.04506.30; .NET CLR 3.0.04506.648; .NET CLR 3.0.4506.2152; .NET CLR 3.5.30729)"
212.184.166.50 - - [12/Apr/2010:09:13:52 +0200] "GET /BuiltWithNOF.gif HTTP/1.1" 200 2587 "http://www.sirius-berlin.de/" "Mozilla/4.0 (compatible; MSIE 8.0; Windows NT 5.1; Trident/4.0; .NET CLR 1.1.4322; .NET CLR 2.0.50727; .NET CLR 3.0.04506.30; .NET CLR 3.0.04506.648; .NET CLR 3.0.4506.2152; .NET CLR 3.5.30729)"
212.184.166.50 - - [12/Apr/2010:09:13:52 +0200] "GET /Sirius-LOGO1.JPG HTTP/1.1" 200 4357 "http://www.sirius-berlin.de/" "Mozilla/4.0 (compatible; MSIE 8.0; Windows NT 5.1; Trident/4.0; .NET CLR 1.1.4322; .NET CLR 2.0.50727; .NET CLR 3.0.04506.30; .NET CLR 3.0.04506.648; .NET CLR 3.0.4506.2152; .NET CLR 3.5.30729)"
212.184.166.50 - - [12/Apr/2010:09:13:52 +0200] "GET /DSC0019902.JPG HTTP/1.1" 200 7772 "http://www.sirius-berlin.de/" "Mozilla/4.0 (compatible; MSIE 8.0; Windows NT 5.1; Trident/4.0; .NET CLR 1.1.4322; .NET CLR 2.0.50727; .NET CLR 3.0.04506.30; .NET CLR 3.0.04506.648; .NET CLR 3.0.4506.2152; .NET CLR 3.5.30729)"
212.184.166.50 - - [12/Apr/2010:09:13:52 +0200] "GET /favicon.ico HTTP/1.1" 404 1256 "-" "Mozilla/4.0 (compatible; MSIE 8.0; Windows NT 5.1; Trident/4.0; .NET CLR 1.1.4322; .NET CLR 2.0.50727; .NET CLR 3.0.04506.30; .NET CLR 3.0.04506.648; .NET CLR 3.0.4506.2152; .NET CLR 3.5.30729)"
212.184.166.50 - - [12/Apr/2010:09:13:57 +0200] "GET /Produkte/produkte.html HTTP/1.1" 200 17755 "http://www.sirius-berlin.de/" "Mozilla/4.0 (compatible; MSIE 8.0; Windows NT 5.1; Trident/4.0; .NET CLR 1.1.4322; .NET CLR 2.0.50727; .NET CLR 3.0.04506.30; .NET CLR 3.0.04506.648; .NET CLR 3.0.4506.2152; .NET CLR 3.5.30729)"
212.184.166.50 - - [12/Apr/2010:09:13:58 +0200] "GET /Home_Np1.gif HTTP/1.1" 200 1706 "http://www.sirius-berlin.de/Produkte/produkte.html" "Mozilla/4.0 (compatible; MSIE 8.0; Windows NT 5.1; Trident/4.0; .NET CLR 1.1.4322; .NET CLR 2.0.50727; .NET CLR 3.0.04506.30; .NET CLR 3.0.04506.648; .NET CLR 3.0.4506.2152; .NET CLR 3.5.30729)"
212.184.166.50 - - [12/Apr/2010:09:13:58 +0200] "GET /Produkte_Hp3.gif HTTP/1.1" 200 1878 "http://www.sirius-berlin.de/Produkte/produkte.html" "Mozilla/4.0 (compatible; MSIE 8.0; Windows NT 5.1; Trident/4.0; .NET CLR 1.1.4322; .NET CLR 2.0.50727; .NET CLR 3.0.04506.30; .NET CLR 3.0.04506.648; .NET CLR 3.0.4506.2152; .NET CLR 3.5.30729)"
212.184.166.50 - - [12/Apr/2010:09:13:58 +0200] "GET /Tonerkartuschen_Ns1.gif HTTP/1.1" 200 1960 "http://www.sirius-berlin.de/Produkte/produkte.html" "Mozilla/4.0 (compatible; MSIE 8.0; Windows NT 5.1; Trident/4.0; .NET CLR 1.1.4322; .NET CLR 2.0.50727; .NET CLR 3.0.04506.30; .NET CLR 3.0.04506.648; .NET CLR 3.0.4506.2152; .NET CLR 3.5.30729)"
212.184.166.50 - - [12/Apr/2010:09:13:58 +0200] "GET /Tintenpatronen_Ns1.gif HTTP/1.1" 200 1954 "http://www.sirius-berlin.de/Produkte/produkte.html" "Mozilla/4.0 (compatible; MSIE 8.0; Windows NT 5.1; Trident/4.0; .NET CLR 1.1.4322; .NET CLR 2.0.50727; .NET CLR 3.0.04506.30; .NET CLR 3.0.04506.648; .NET CLR 3.0.4506.2152; .NET CLR 3.5.30729)"
212.184.166.50 - - [12/Apr/2010:09:13:58 +0200] "GET /weitere_Produkte_Ns1.gif HTTP/1.1" 200 1960 "http://www.sirius-berlin.de/Produkte/produkte.html" "Mozilla/4.0 (compatible; MSIE 8.0; Windows NT 5.1; Trident/4.0; .NET CLR 1.1.4322; .NET CLR 2.0.50727; .NET CLR 3.0.04506.30; .NET CLR 3.0.04506.648; .NET CLR 3.0.4506.2152; .NET CLR 3.5.30729)"
212.184.166.50 - - [12/Apr/2010:09:13:58 +0200] "GET /Tintenpatronen_NRs2.gif HTTP/1.1" 200 1930 "http://www.sirius-berlin.de/Produkte/produkte.html" "Mozilla/4.0 (compatible; MSIE 8.0; Windows NT 5.1; Trident/4.0; .NET CLR 1.1.4322; .NET CLR 2.0.50727; .NET CLR 3.0.04506.30; .NET CLR 3.0.04506.648; .NET CLR 3.0.4506.2152; .NET CLR 3.5.30729)"
212.184.166.50 - - [12/Apr/2010:09:13:58 +0200] "GET /Produkte_HRp4.gif HTTP/1.1" 200 2518 "http://www.sirius-berlin.de/Produkte/produkte.html" "Mozilla/4.0 (compatible; MSIE 8.0; Windows NT 5.1; Trident/4.0; .NET CLR 1.1.4322; .NET CLR 2.0.50727; .NET CLR 3.0.04506.30; .NET CLR 3.0.04506.648; .NET CLR 3.0.4506.2152; .NET CLR 3.5.30729)"
212.184.166.50 - - [12/Apr/2010:09:13:58 +0200] "GET /Tonerkartuschen_NRs2.gif HTTP/1.1" 200 1935 "http://www.sirius-berlin.de/Produkte/produkte.html" "Mozilla/4.0 (compatible; MSIE 8.0; Windows NT 5.1; Trident/4.0; .NET CLR 1.1.4322; .NET CLR 2.0.50727; .NET CLR 3.0.04506.30; .NET CLR 3.0.04506.648; .NET CLR 3.0.4506.2152; .NET CLR 3.5.30729)"
212.184.166.50 - - [12/Apr/2010:09:13:58 +0200] "GET /Home_NRp2.gif HTTP/1.1" 200 1965 "http://www.sirius-berlin.de/Produkte/produkte.html" "Mozilla/4.0 (compatible; MSIE 8.0; Windows NT 5.1; Trident/4.0; .NET CLR 1.1.4322; .NET CLR 2.0.50727; .NET CLR 3.0.04506.30; .NET CLR 3.0.04506.648; .NET CLR 3.0.4506.2152; .NET CLR 3.5.30729)"
212.184.166.50 - - [12/Apr/2010:09:13:58 +0200] "GET /weitere_Produkte_NRs2.gif HTTP/1.1" 200 1935 "http://www.sirius-berlin.de/Produkte/produkte.html" "Mozilla/4.0 (compatible; MSIE 8.0; Windows NT 5.1; Trident/4.0; .NET CLR 1.1.4322; .NET CLR 2.0.50727; .NET CLR 3.0.04506.30; .NET CLR 3.0.04506.648; .NET CLR 3.0.4506.2152; .NET CLR 3.5.30729)"
212.184.166.50 - - [12/Apr/2010:09:13:58 +0200] "GET /Produkte_NnBanner.gif HTTP/1.1" 200 5997 "http://www.sirius-berlin.de/Produkte/produkte.html" "Mozilla/4.0 (compatible; MSIE 8.0; Windows NT 5.1; Trident/4.0; .NET CLR 1.1.4322; .NET CLR 2.0.50727; .NET CLR 3.0.04506.30; .NET CLR 3.0.04506.648; .NET CLR 3.0.4506.2152; .NET CLR 3.5.30729)"
212.184.166.50 - - [12/Apr/2010:09:13:58 +0200] "GET /Produkte/a_thumb_Multipack02.jpg HTTP/1.1" 200 19266 "http://www.sirius-berlin.de/Produkte/produkte.html" "Mozilla/4.0 (compatible; MSIE 8.0; Windows NT 5.1; Trident/4.0; .NET CLR 1.1.4322; .NET CLR 2.0.50727; .NET CLR 3.0.04506.30; .NET CLR 3.0.04506.648; .NET CLR 3.0.4506.2152; .NET CLR 3.5.30729)"
212.184.166.50 - - [12/Apr/2010:09:13:58 +0200] "GET /DSC00199.JPG HTTP/1.1" 200 7772 "http://www.sirius-berlin.de/Produkte/produkte.html" "Mozilla/4.0 (compatible; MSIE 8.0; Windows NT 5.1; Trident/4.0; .NET CLR 1.1.4322; .NET CLR 2.0.50727; .NET CLR 3.0.04506.30; .NET CLR 3.0.04506.648; .NET CLR 3.0.4506.2152; .NET CLR 3.5.30729)"
212.184.166.50 - - [12/Apr/2010:09:13:58 +0200] "GET /zertifikat04.gif HTTP/1.1" 200 18090 "http://www.sirius-berlin.de/Produkte/produkte.html" "Mozilla/4.0 (compatible; MSIE 8.0; Windows NT 5.1; Trident/4.0; .NET CLR 1.1.4322; .NET CLR 2.0.50727; .NET CLR 3.0.04506.30; .NET CLR 3.0.04506.648; .NET CLR 3.0.4506.2152; .NET CLR 3.5.30729)"
212.184.166.50 - - [12/Apr/2010:09:13:58 +0200] "GET /RAL-UZ-55-FEB-2004_16003.jpg HTTP/1.1" 200 52762 "http://www.sirius-berlin.de/Produkte/produkte.html" "Mozilla/4.0 (compatible; MSIE 8.0; Windows NT 5.1; Trident/4.0; .NET CLR 1.1.4322; .NET CLR 2.0.50727; .NET CLR 3.0.04506.30; .NET CLR 3.0.04506.648; .NET CLR 3.0.4506.2152; .NET CLR 3.5.30729)"
212.184.166.50 - - [12/Apr/2010:09:13:59 +0200] "GET /favicon.ico HTTP/1.1" 404 1256 "-" "Mozilla/4.0 (compatible; MSIE 8.0; Windows NT 5.1; Trident/4.0; .NET CLR 1.1.4322; .NET CLR 2.0.50727; .NET CLR 3.0.04506.30; .NET CLR 3.0.04506.648; .NET CLR 3.0.4506.2152; .NET CLR 3.5.30729)"
212.184.166.50 - - [12/Apr/2010:09:14:03 +0200] "GET /Produkte/weitere_Produkte/weitere_produkte.html HTTP/1.1" 200 12524 "http://www.sirius-berlin.de/Produkte/produkte.html" "Mozilla/4.0 (compatible; MSIE 8.0; Windows NT 5.1; Trident/4.0; .NET CLR 1.1.4322; .NET CLR 2.0.50727; .NET CLR 3.0.04506.30; .NET CLR 3.0.04506.648; .NET CLR 3.0.4506.2152; .NET CLR 3.5.30729)"
212.184.166.50 - - [12/Apr/2010:09:14:03 +0200] "GET /weitere_Produkte_Hs1.gif HTTP/1.1" 200 1960 "http://www.sirius-berlin.de/Produkte/weitere_Produkte/weitere_produkte.html" "Mozilla/4.0 (compatible; MSIE 8.0; Windows NT 5.1; Trident/4.0; .NET CLR 1.1.4322; .NET CLR 2.0.50727; .NET CLR 3.0.04506.30; .NET CLR 3.0.04506.648; .NET CLR 3.0.4506.2152; .NET CLR 3.5.30729)"
212.184.166.50 - - [12/Apr/2010:09:14:03 +0200] "GET /weitere_Produkte_HRs4.gif HTTP/1.1" 200 1935 "http://www.sirius-berlin.de/Produkte/weitere_Produkte/weitere_produkte.html" "Mozilla/4.0 (compatible; MSIE 8.0; Windows NT 5.1; Trident/4.0; .NET CLR 1.1.4322; .NET CLR 2.0.50727; .NET CLR 3.0.04506.30; .NET CLR 3.0.04506.648; .NET CLR 3.0.4506.2152; .NET CLR 3.5.30729)"
212.184.166.50 - - [12/Apr/2010:09:14:03 +0200] "GET /Gruppe02.jpg HTTP/1.1" 200 57869 "http://www.sirius-berlin.de/Produkte/weitere_Produkte/weitere_produkte.html" "Mozilla/4.0 (compatible; MSIE 8.0; Windows NT 5.1; Trident/4.0; .NET CLR 1.1.4322; .NET CLR 2.0.50727; .NET CLR 3.0.04506.30; .NET CLR 3.0.04506.648; .NET CLR 3.0.4506.2152; .NET CLR 3.5.30729)"
212.184.166.50 - - [12/Apr/2010:09:14:03 +0200] "GET /weitere_Produkte_NnBanner.gif HTTP/1.1" 200 6305 "http://www.sirius-berlin.de/Produkte/weitere_Produkte/weitere_produkte.html" "Mozilla/4.0 (compatible; MSIE 8.0; Windows NT 5.1; Trident/4.0; .NET CLR 1.1.4322; .NET CLR 2.0.50727; .NET CLR 3.0.04506.30; .NET CLR 3.0.04506.648; .NET CLR 3.0.4506.2152; .NET CLR 3.5.30729)"
81.17.208.4 - - [12/Apr/2010:09:17:54 +0200] "GET /index.html HTTP/1.0" 200 12828 "http://www.sirius-berlin.de/" "Mozilla/5.0 (compatible; jobs.de-Robot +http://www.jobs.de)"
81.17.208.4 - - [12/Apr/2010:09:36:18 +0200] "GET /Service_Kontakt/service_kontakt.html HTTP/1.0" 200 11157 "http://www.sirius-berlin.de/" "Mozilla/5.0 (compatible; jobs.de-Robot +http://www.jobs.de)"
81.17.208.4 - - [12/Apr/2010:09:54:38 +0200] "GET /Impressum/impressum.html HTTP/1.0" 200 11991 "http://www.sirius-berlin.de/" "Mozilla/5.0 (compatible; jobs.de-Robot +http://www.jobs.de)"
81.17.208.4 - - [12/Apr/2010:10:10:05 +0200] "GET /Produkte/produkte.html HTTP/1.0" 200 17755 "http://www.sirius-berlin.de/" "Mozilla/5.0 (compatible; jobs.de-Robot +http://www.jobs.de)"
81.17.208.4 - - [12/Apr/2010:10:30:39 +0200] "GET /Feinstaubfilter/feinstaubfilter.html HTTP/1.0" 200 13065 "http://www.sirius-berlin.de/" "Mozilla/5.0 (compatible; jobs.de-Robot +http://www.jobs.de)"
66.249.65.240 - - [12/Apr/2010:10:45:44 +0200] "GET /index.html HTTP/1.1" 200 12828 "-" "Mozilla/5.0 (compatible; Googlebot/2.1; +http://www.google.com/bot.html)"
81.17.208.4 - - [12/Apr/2010:10:49:58 +0200] "GET /Shop/shop.html HTTP/1.0" 200 59578 "http://www.sirius-berlin.de/" "Mozilla/5.0 (compatible; jobs.de-Robot +http://www.jobs.de)"
81.17.208.4 - - [12/Apr/2010:11:08:40 +0200] "GET /Produkte/Tintenpatronen/tintenpatronen.html HTTP/1.0" 200 15225 "http://www.sirius-berlin.de/Produkte/produkte.html" "Mozilla/5.0 (compatible; jobs.de-Robot +http://www.jobs.de)"
81.17.208.4 - - [12/Apr/2010:11:30:17 +0200] "GET /Produkte/weitere_Produkte/weitere_produkte.html HTTP/1.0" 200 12524 "http://www.sirius-berlin.de/Produkte/produkte.html" "Mozilla/5.0 (compatible; jobs.de-Robot +http://www.jobs.de)"
81.17.208.4 - - [12/Apr/2010:11:48:43 +0200] "GET /Produkte/Tonerkartuschen/tonerkartuschen.html HTTP/1.0" 200 13203 "http://www.sirius-berlin.de/Produkte/produkte.html" "Mozilla/5.0 (compatible; jobs.de-Robot +http://www.jobs.de)"
81.17.208.4 - - [12/Apr/2010:12:09:18 +0200] "GET /Feinstaubfilter/micronair/micronair.html HTTP/1.0" 200 19812 "http://www.sirius-berlin.de/Feinstaubfilter/feinstaubfilter.html" "Mozilla/5.0 (compatible; jobs.de-Robot +http://www.jobs.de)"
81.17.208.4 - - [12/Apr/2010:12:31:18 +0200] "GET /Feinstaubfilter/Dexwet/dexwet.html HTTP/1.0" 200 16100 "http://www.sirius-berlin.de/Feinstaubfilter/feinstaubfilter.html" "Mozilla/5.0 (compatible; jobs.de-Robot +http://www.jobs.de)"
81.17.208.4 - - [12/Apr/2010:12:52:39 +0200] "GET /Shop/Filter/filter_0.html HTTP/1.0" 200 26544 "http://www.sirius-berlin.de/Shop/shop.html" "Mozilla/5.0 (compatible; jobs.de-Robot +http://www.jobs.de)"
81.17.208.4 - - [12/Apr/2010:13:13:24 +0200] "GET /Shop/Filter/filter_1.html HTTP/1.0" 200 26543 "http://www.sirius-berlin.de/Shop/shop.html" "Mozilla/5.0 (compatible; jobs.de-Robot +http://www.jobs.de)"
87.250.255.242 - - [12/Apr/2010:13:27:21 +0200] "GET /Feinstaubfilter/micronair/micronair.html HTTP/1.1" 304 - "-" "Yandex/1.01.001 (compatible; Win16; I)"
81.17.208.4 - - [12/Apr/2010:13:29:54 +0200] "GET /Shop/Filter/filter_2.html HTTP/1.0" 200 26547 "http://www.sirius-berlin.de/Shop/shop.html" "Mozilla/5.0 (compatible; jobs.de-Robot +http://www.jobs.de)"
67.218.116.134 - - [12/Apr/2010:16:16:24 +0200] "GET /robots.txt HTTP/1.1" 404 1256 "-" "Mozilla/5.0 (Twiceler-0.9 http://www.cuil.com/twiceler/robot.html)"
208.80.193.33 - - [12/Apr/2010:20:11:55 +0200] "GET / HTTP/1.0" 200 12828 "-" "Mozilla/4.0 (compatible; MSIE 6.0; Windows NT 5.0; T312461; F-6.0SP1-20030218; InfoPath.1; .NET CLR 2.0.50727)"
87.250.255.242 - - [13/Apr/2010:00:55:12 +0200] "GET /robots.txt HTTP/1.1" 404 1256 "-" "Yandex/1.01.001 (compatible; Win16; I)"
87.250.255.242 - - [13/Apr/2010:07:25:34 +0200] "GET / HTTP/1.1" 200 12828 "-" "Yandex/1.01.001 (compatible; Win16; I)"
66.249.65.240 - - [13/Apr/2010:14:11:52 +0200] "GET /robots.txt HTTP/1.1" 404 1256 "-" "Mozilla/5.0 (compatible; Googlebot/2.1; +http://www.google.com/bot.html)"
66.249.65.240 - - [13/Apr/2010:14:11:52 +0200] "GET /Produkte/Tonerkartuschen/tonerkartuschen.html HTTP/1.1" 200 13203 "-" "Mozilla/5.0 (compatible; Googlebot/2.1; +http://www.google.com/bot.html)"
66.249.65.240 - - [13/Apr/2010:14:48:36 +0200] "GET /Impressum_Hp3.gif HTTP/1.1" 304 - "-" "Googlebot-Image/1.0"
67.218.116.134 - - [13/Apr/2010:16:00:45 +0200] "GET /robots.txt HTTP/1.1" 404 1256 "-" "Mozilla/5.0 (Twiceler-0.9 http://www.cuil.com/twiceler/robot.html)"
87.250.255.242 - - [13/Apr/2010:16:30:33 +0200] "GET /Shop/Filter/filter_0.html HTTP/1.1" 200 26544 "-" "Yandex/1.01.001 (compatible; Win16; I)"
193.47.80.42 - - [13/Apr/2010:16:37:36 +0200] "GET /robots.txt HTTP/1.1" 404 1256 "-" "Mozilla/5.0 (compatible; Exabot/3.0; +http://www.exabot.com/go/robot)"
193.47.80.42 - - [13/Apr/2010:16:37:36 +0200] "GET / HTTP/1.1" 304 - "-" "Mozilla/5.0 (compatible; Exabot/3.0; +http://www.exabot.com/go/robot)"
78.46.78.51 - - [13/Apr/2010:16:45:54 +0200] "GET /robots.txt HTTP/1.0" 404 1256 "-" "Eurobot/1.1 (http://eurobot.ayell.eu)"
78.46.78.51 - - [13/Apr/2010:16:45:54 +0200] "GET / HTTP/1.0" 200 12828 "-" "Eurobot/1.1 (http://eurobot.ayell.eu)"
208.115.111.248 - - [13/Apr/2010:23:26:54 +0200] "GET /robots.txt HTTP/1.1" 404 1256 "-" "Mozilla/5.0 (compatible; DotBot/1.1; http://www.dotnetdotcom.org/, crawler@dotnetdotcom.org)"
87.250.255.242 - - [14/Apr/2010:01:19:20 +0200] "GET /robots.txt HTTP/1.1" 404 1256 "-" "Yandex/1.01.001 (compatible; Win16; I)"
208.80.193.30 - - [14/Apr/2010:02:53:02 +0200] "GET / HTTP/1.0" 200 12828 "-" "Mozilla/4.0 (compatible; MSIE 6.0; Windows NT 5.1; Flood City User; SV1)"
208.115.111.248 - - [14/Apr/2010:02:59:09 +0200] "GET /robots.txt HTTP/1.1" 404 1256 "-" "Mozilla/5.0 (compatible; DotBot/1.1; http://www.dotnetdotcom.org/, crawler@dotnetdotcom.org)"
208.115.111.248 - - [14/Apr/2010:04:00:43 +0200] "GET / HTTP/1.1" 200 12828 "-" "Mozilla/5.0 (compatible; DotBot/1.1; http://www.dotnetdotcom.org/, crawler@dotnetdotcom.org)"
208.115.111.248 - - [14/Apr/2010:04:00:48 +0200] "GET /Feinstaubfilter/Dexwet/dexwet.html HTTP/1.1" 200 16100 "-" "Mozilla/5.0 (compatible; DotBot/1.1; http://www.dotnetdotcom.org/, crawler@dotnetdotcom.org)"
208.115.111.248 - - [14/Apr/2010:04:00:53 +0200] "GET /Feinstaubfilter/micronair/micronair.html HTTP/1.1" 200 19812 "-" "Mozilla/5.0 (compatible; DotBot/1.1; http://www.dotnetdotcom.org/, crawler@dotnetdotcom.org)"
208.115.111.248 - - [14/Apr/2010:04:00:58 +0200] "GET /Produkte/weitere_Produkte/weitere_produkte.html HTTP/1.1" 200 12524 "-" "Mozilla/5.0 (compatible; DotBot/1.1; http://www.dotnetdotcom.org/, crawler@dotnetdotcom.org)"
87.250.255.242 - - [14/Apr/2010:06:29:36 +0200] "GET /index.html HTTP/1.1" 200 12828 "-" "Yandex/1.01.001 (compatible; Win16; I)"
208.115.111.248 - - [14/Apr/2010:06:38:02 +0200] "GET /robots.txt HTTP/1.1" 404 1256 "-" "Mozilla/5.0 (compatible; DotBot/1.1; http://www.dotnetdotcom.org/, crawler@dotnetdotcom.org)"
208.115.111.248 - - [14/Apr/2010:07:37:34 +0200] "GET /Feinstaubfilter/feinstaubfilter.html HTTP/1.1" 200 13065 "-" "Mozilla/5.0 (compatible; DotBot/1.1; http://www.dotnetdotcom.org/, crawler@dotnetdotcom.org)"
208.115.111.248 - - [14/Apr/2010:07:37:38 +0200] "GET /Impressum/impressum.html HTTP/1.1" 200 11991 "-" "Mozilla/5.0 (compatible; DotBot/1.1; http://www.dotnetdotcom.org/, crawler@dotnetdotcom.org)"
208.115.111.248 - - [14/Apr/2010:07:37:42 +0200] "GET /Produkte/Tintenpatronen/tintenpatronen.html HTTP/1.1" 200 15225 "-" "Mozilla/5.0 (compatible; DotBot/1.1; http://www.dotnetdotcom.org/, crawler@dotnetdotcom.org)"
208.115.111.248 - - [14/Apr/2010:07:37:47 +0200] "GET /Produkte/Tonerkartuschen/tonerkartuschen.html HTTP/1.1" 200 13203 "-" "Mozilla/5.0 (compatible; DotBot/1.1; http://www.dotnetdotcom.org/, crawler@dotnetdotcom.org)"
208.115.111.248 - - [14/Apr/2010:07:37:52 +0200] "GET /Produkte/produkte.html HTTP/1.1" 200 17755 "-" "Mozilla/5.0 (compatible; DotBot/1.1; http://www.dotnetdotcom.org/, crawler@dotnetdotcom.org)"
208.115.111.248 - - [14/Apr/2010:07:37:57 +0200] "GET /Service_Kontakt/service_kontakt.html HTTP/1.1" 200 11157 "-" "Mozilla/5.0 (compatible; DotBot/1.1; http://www.dotnetdotcom.org/, crawler@dotnetdotcom.org)"
208.115.111.248 - - [14/Apr/2010:07:38:02 +0200] "GET /Shop/Filter/filter_0.html HTTP/1.1" 200 26544 "-" "Mozilla/5.0 (compatible; DotBot/1.1; http://www.dotnetdotcom.org/, crawler@dotnetdotcom.org)"
