66.249.78.76 - - [03/Oct/2013:00:31:01 +0200] "GET /angebote.php HTTP/1.1" 200 8546 "-" "Mozilla/5.0 (compatible; Googlebot/2.1; +http://www.google.com/bot.html)"
66.249.78.76 - - [03/Oct/2013:01:30:24 +0200] "GET /link/20130604 HTTP/1.1" 302 - "-" "Mozilla/5.0 (compatible; Googlebot/2.1; +http://www.google.com/bot.html)"
66.249.78.76 - - [03/Oct/2013:01:30:25 +0200] "GET /download/Boecker_Autokrane.pdf HTTP/1.1" 200 1994740 "-" "Mozilla/5.0 (compatible; Googlebot/2.1; +http://www.google.com/bot.html)"
66.249.66.88 - - [03/Oct/2013:02:50:07 +0200] "GET /leistungen.php HTTP/1.1" 200 8067 "-" "Mozilla/5.0 (compatible; Googlebot/2.1; +http://www.google.com/bot.html)"
66.249.78.76 - - [03/Oct/2013:03:46:02 +0200] "GET /download/Lift_D.pdf HTTP/1.1" 304 - "-" "Mozilla/5.0 (compatible; Googlebot/2.1; +http://www.google.com/bot.html)"
66.249.78.76 - - [03/Oct/2013:03:53:42 +0200] "GET / HTTP/1.1" 200 6701 "-" "Mozilla/5.0 (iPhone; U; CPU iPhone OS 4_1 like Mac OS X; en-us) AppleWebKit/532.9 (KHTML, like Gecko) Version/4.0.5 Mobile/8B117 Safari/6531.22.7 (compatible; Googlebot-Mobile/2.1; +http://www.google.com/bot.html)"
66.249.78.76 - - [03/Oct/2013:04:14:00 +0200] "GET /impressum.php HTTP/1.1" 200 7923 "-" "Mozilla/5.0 (compatible; Googlebot/2.1; +http://www.google.com/bot.html)"
157.55.33.25 - - [03/Oct/2013:05:10:46 +0200] "GET /robots.txt HTTP/1.1" 404 - "-" "Mozilla/5.0 (compatible; bingbot/2.0; +http://www.bing.com/bingbot.htm)"
157.55.33.25 - - [03/Oct/2013:05:11:16 +0200] "GET / HTTP/1.1" 200 6701 "-" "Mozilla/5.0 (compatible; bingbot/2.0; +http://www.bing.com/bingbot.htm)"
66.249.78.76 - - [03/Oct/2013:05:40:37 +0200] "GET /gebrauchtmaschinen.php HTTP/1.1" 200 6333 "-" "Mozilla/5.0 (compatible; Googlebot/2.1; +http://www.google.com/bot.html)"
66.249.78.76 - - [03/Oct/2013:05:59:15 +0200] "GET /verkauf.php HTTP/1.1" 200 6643 "-" "Mozilla/5.0 (compatible; Googlebot/2.1; +http://www.google.com/bot.html)"
208.115.111.73 - - [03/Oct/2013:07:19:13 +0200] "GET /robots.txt HTTP/1.1" 404 - "-" "Mozilla/5.0 (compatible; Ezooms/1.0; ezooms.bot@gmail.com)"
66.249.78.76 - - [03/Oct/2013:07:27:48 +0200] "GET /robots.txt HTTP/1.1" 404 - "-" "Mozilla/5.0 (compatible; Googlebot/2.1; +http://www.google.com/bot.html)"
66.249.78.76 - - [03/Oct/2013:07:27:49 +0200] "GET /download/boecker_auf_achse_2011.pdf HTTP/1.1" 304 - "-" "Mozilla/5.0 (iPhone; U; CPU iPhone OS 4_1 like Mac OS X; en-us) AppleWebKit/532.9 (KHTML, like Gecko) Version/4.0.5 Mobile/8B117 Safari/6531.22.7 (compatible; Googlebot-Mobile/2.1; +http://www.google.com/bot.html)"
66.249.78.76 - - [03/Oct/2013:07:43:49 +0200] "GET /download/Boecker_Angebote_Easyline.pdf HTTP/1.1" 304 - "-" "Mozilla/5.0 (compatible; Googlebot/2.1; +http://www.google.com/bot.html)"
141.8.147.12 - - [03/Oct/2013:08:03:41 +0200] "GET /robots.txt HTTP/1.1" 404 - "-" "Mozilla/5.0 (compatible; YandexBot/3.0; +http://yandex.com/bots)"
141.8.147.12 - - [03/Oct/2013:08:03:43 +0200] "GET /img/12042013641.jpg HTTP/1.1" 304 - "-" "Mozilla/5.0 (compatible; YandexImages/3.0; +http://yandex.com/bots)"
141.8.147.12 - - [03/Oct/2013:08:07:38 +0200] "GET /img/DSC01494.jpg HTTP/1.1" 304 - "-" "Mozilla/5.0 (compatible; YandexImages/3.0; +http://yandex.com/bots)"
157.55.32.117 - - [03/Oct/2013:09:02:43 +0200] "GET /robots.txt HTTP/1.1" 404 - "-" "Mozilla/5.0 (compatible; bingbot/2.0; +http://www.bing.com/bingbot.htm)"
157.55.32.117 - - [03/Oct/2013:09:04:30 +0200] "GET /aktuelles.php HTTP/1.1" 200 12088 "-" "Mozilla/5.0 (compatible; bingbot/2.0; +http://www.bing.com/bingbot.htm)"
208.115.111.73 - - [03/Oct/2013:09:09:24 +0200] "GET /unternehmen.php HTTP/1.1" 200 7130 "-" "Mozilla/5.0 (compatible; Ezooms/1.0; ezooms.bot@gmail.com)"
66.249.78.76 - - [03/Oct/2013:09:09:30 +0200] "GET /download/boecker_auf_achse_2011.pdf HTTP/1.1" 304 - "-" "Mozilla/5.0 (compatible; Googlebot/2.1; +http://www.google.com/bot.html)"
199.30.20.70 - - [03/Oct/2013:09:54:52 +0200] "GET /robots.txt HTTP/1.1" 404 - "-" "msnbot-media/1.1 (+http://search.msn.com/msnbot.htm)"
199.30.20.70 - - [03/Oct/2013:09:54:52 +0200] "GET /img/Newsletter_Groeger_2013-09.jpg HTTP/1.1" 200 21455 "-" "msnbot-media/1.1 (+http://search.msn.com/msnbot.htm)"
141.8.147.12 - - [03/Oct/2013:09:57:48 +0200] "GET /img/aktionen/nl-2013-04.jpg HTTP/1.1" 304 - "-" "Mozilla/5.0 (compatible; YandexImages/3.0; +http://yandex.com/bots)"
141.8.147.12 - - [03/Oct/2013:10:28:01 +0200] "GET /img/logo_groeger.gif HTTP/1.1" 304 - "-" "Mozilla/5.0 (compatible; YandexImages/3.0; +http://yandex.com/bots)"
141.8.147.12 - - [03/Oct/2013:10:30:59 +0200] "GET /img/aktionen/nl4-2012-09.jpg HTTP/1.1" 304 - "-" "Mozilla/5.0 (compatible; YandexImages/3.0; +http://yandex.com/bots)"
66.249.66.88 - - [03/Oct/2013:11:07:59 +0200] "GET /kontakt.php HTTP/1.1" 200 6950 "-" "DoCoMo/2.0 N905i(c100;TB;W24H16) (compatible; Googlebot-Mobile/2.1; +http://www.google.com/bot.html)"
141.8.147.12 - - [03/Oct/2013:11:08:12 +0200] "GET /img/leist_geda_02.jpg HTTP/1.1" 304 - "-" "Mozilla/5.0 (compatible; YandexImages/3.0; +http://yandex.com/bots)"
141.8.147.12 - - [03/Oct/2013:11:08:23 +0200] "GET /img/logo_boecker.gif HTTP/1.1" 304 - "-" "Mozilla/5.0 (compatible; YandexImages/3.0; +http://yandex.com/bots)"
141.8.147.12 - - [03/Oct/2013:11:28:42 +0200] "GET /img/bild_1.jpg HTTP/1.1" 304 - "-" "Mozilla/5.0 (compatible; YandexImages/3.0; +http://yandex.com/bots)"
38.111.147.84 - - [03/Oct/2013:12:23:19 +0200] "GET /robots.txt HTTP/1.0" 404 - "-" "TurnitinBot/2.1 (http://www.turnitin.com/robot/crawlerinfo.html)"
38.111.147.84 - - [03/Oct/2013:12:23:24 +0200] "GET /download/Newsletter_Groeger_2012-11.pdf HTTP/1.0" 304 - "-" "TurnitinBot/2.1 (http://www.turnitin.com/robot/crawlerinfo.html)"
38.111.147.84 - - [03/Oct/2013:12:23:55 +0200] "GET /download/Newsletter_Groeger_2012-09.pdf HTTP/1.0" 304 - "-" "TurnitinBot/2.1 (http://www.turnitin.com/robot/crawlerinfo.html)"
38.111.147.84 - - [03/Oct/2013:12:24:24 +0200] "GET /download/Newsletter_Groeger_2012-06.pdf HTTP/1.0" 304 - "-" "TurnitinBot/2.1 (http://www.turnitin.com/robot/crawlerinfo.html)"
38.111.147.84 - - [03/Oct/2013:12:24:54 +0200] "GET /download/Newsletter_Groeger_11-06_Innung.pdf HTTP/1.0" 304 - "-" "TurnitinBot/2.1 (http://www.turnitin.com/robot/crawlerinfo.html)"
38.111.147.84 - - [03/Oct/2013:12:25:25 +0200] "GET /download/Newsletter-Groeger-Dachdecker-2011-04.pdf HTTP/1.0" 304 - "-" "TurnitinBot/2.1 (http://www.turnitin.com/robot/crawlerinfo.html)"
38.111.147.84 - - [03/Oct/2013:12:25:56 +0200] "GET /download/Groeger-Newsletter-Dachdecker11.pdf HTTP/1.0" 304 - "-" "TurnitinBot/2.1 (http://www.turnitin.com/robot/crawlerinfo.html)"
38.111.147.84 - - [03/Oct/2013:12:26:26 +0200] "GET /download/Lift_D.pdf HTTP/1.0" 304 - "-" "TurnitinBot/2.1 (http://www.turnitin.com/robot/crawlerinfo.html)"
38.111.147.84 - - [03/Oct/2013:12:26:56 +0200] "GET /download/Geda-Zubehoer.pdf HTTP/1.0" 304 - "-" "TurnitinBot/2.1 (http://www.turnitin.com/robot/crawlerinfo.html)"
38.111.147.84 - - [03/Oct/2013:12:27:25 +0200] "GET /download/Newsletter_Groeger_2013-04.pdf HTTP/1.0" 304 - "-" "TurnitinBot/2.1 (http://www.turnitin.com/robot/crawlerinfo.html)"
38.111.147.84 - - [03/Oct/2013:12:27:56 +0200] "GET /download/Newsletter_Groeger_2013-06.pdf HTTP/1.0" 304 - "-" "TurnitinBot/2.1 (http://www.turnitin.com/robot/crawlerinfo.html)"
141.8.147.12 - - [03/Oct/2013:12:36:48 +0200] "GET /img/pfeil.png HTTP/1.1" 304 - "-" "Mozilla/5.0 (compatible; YandexImages/3.0; +http://yandex.com/bots)"
141.8.147.12 - - [03/Oct/2013:12:39:06 +0200] "GET /img/logo_geda.gif HTTP/1.1" 304 - "-" "Mozilla/5.0 (compatible; YandexImages/3.0; +http://yandex.com/bots)"
5.10.83.36 - - [03/Oct/2013:13:19:42 +0200] "GET /robots.txt HTTP/1.1" 404 - "-" "Mozilla/5.0 (compatible; AhrefsBot/5.0; +http://ahrefs.com/robot/)"
157.55.33.25 - - [03/Oct/2013:13:28:59 +0200] "GET /robots.txt HTTP/1.1" 404 - "-" "Mozilla/5.0 (compatible; bingbot/2.0; +http://www.bing.com/bingbot.htm)"
157.55.33.25 - - [03/Oct/2013:13:29:32 +0200] "GET /kontakt.php HTTP/1.1" 200 6950 "-" "Mozilla/5.0 (compatible; bingbot/2.0; +http://www.bing.com/bingbot.htm)"
157.55.33.25 - - [03/Oct/2013:13:30:31 +0200] "GET /css/groeger.css HTTP/1.1" 200 5467 "-" "Mozilla/5.0 (compatible; bingbot/2.0; +http://www.bing.com/bingbot.htm)"
157.55.32.117 - - [03/Oct/2013:13:31:11 +0200] "GET /fancybox/jquery.fancybox-1.3.4.pack.js HTTP/1.1" 200 15624 "-" "Mozilla/5.0 (compatible; bingbot/2.0; +http://www.bing.com/bingbot.htm)"
141.8.147.12 - - [03/Oct/2013:13:35:01 +0200] "GET /img/logo_steinbach.jpg HTTP/1.1" 304 - "-" "Mozilla/5.0 (compatible; YandexImages/3.0; +http://yandex.com/bots)"
157.56.93.51 - - [03/Oct/2013:14:23:31 +0200] "GET /robots.txt HTTP/1.1" 404 - "-" "Mozilla/5.0 (compatible; bingbot/2.0; +http://www.bing.com/bingbot.htm)"
157.56.93.51 - - [03/Oct/2013:14:26:01 +0200] "GET /download/Newsletter_Groeger_2013-06.pdf HTTP/1.1" 200 531601 "-" "Mozilla/5.0 (compatible; bingbot/2.0; +http://www.bing.com/bingbot.htm)"
199.30.25.45 - - [03/Oct/2013:14:30:57 +0200] "GET /swfobject.js HTTP/1.1" 200 6880 "http://www.groeger-bauaufzuege.de/kontakt.php" "Mozilla/5.0 (Windows NT 6.1; WOW64) AppleWebKit/534+ (KHTML, like Gecko) BingPreview/1.0b"
199.30.25.45 - - [03/Oct/2013:14:30:57 +0200] "GET /jquery.cross-slide.js HTTP/1.1" 200 11724 "http://www.groeger-bauaufzuege.de/kontakt.php" "Mozilla/5.0 (Windows NT 6.1; WOW64) AppleWebKit/534+ (KHTML, like Gecko) BingPreview/1.0b"
199.30.25.45 - - [03/Oct/2013:14:30:57 +0200] "GET /fancybox/jquery.fancybox-1.3.4.css HTTP/1.1" 200 8494 "http://www.groeger-bauaufzuege.de/kontakt.php" "Mozilla/5.0 (Windows NT 6.1; WOW64) AppleWebKit/534+ (KHTML, like Gecko) BingPreview/1.0b"
199.30.25.45 - - [03/Oct/2013:14:30:57 +0200] "GET /jquery-1.4.3.min.js HTTP/1.1" 200 77746 "http://www.groeger-bauaufzuege.de/kontakt.php" "Mozilla/5.0 (Windows NT 6.1; WOW64) AppleWebKit/534+ (KHTML, like Gecko) BingPreview/1.0b"
199.30.25.45 - - [03/Oct/2013:14:31:00 +0200] "GET /img/logo_groeger.gif HTTP/1.1" 200 3605 "http://www.groeger-bauaufzuege.de/kontakt.php" "Mozilla/5.0 (Windows NT 6.1; WOW64) AppleWebKit/534+ (KHTML, like Gecko) BingPreview/1.0b"
199.30.25.45 - - [03/Oct/2013:14:31:00 +0200] "GET /img/bild_1.jpg HTTP/1.1" 200 44440 "http://www.groeger-bauaufzuege.de/kontakt.php" "Mozilla/5.0 (Windows NT 6.1; WOW64) AppleWebKit/534+ (KHTML, like Gecko) BingPreview/1.0b"
199.30.25.45 - - [03/Oct/2013:14:31:00 +0200] "GET /img/grauverlauf.png HTTP/1.1" 200 3242 "http://www.groeger-bauaufzuege.de/kontakt.php" "Mozilla/5.0 (Windows NT 6.1; WOW64) AppleWebKit/534+ (KHTML, like Gecko) BingPreview/1.0b"
199.30.25.45 - - [03/Oct/2013:14:31:00 +0200] "GET /img/bild_2.jpg HTTP/1.1" 200 53191 "http://www.groeger-bauaufzuege.de/kontakt.php" "Mozilla/5.0 (Windows NT 6.1; WOW64) AppleWebKit/534+ (KHTML, like Gecko) BingPreview/1.0b"
199.30.25.45 - - [03/Oct/2013:14:31:00 +0200] "GET /img/bild_4.jpg HTTP/1.1" 200 45325 "http://www.groeger-bauaufzuege.de/kontakt.php" "Mozilla/5.0 (Windows NT 6.1; WOW64) AppleWebKit/534+ (KHTML, like Gecko) BingPreview/1.0b"
199.30.25.45 - - [03/Oct/2013:14:31:00 +0200] "GET /img/bild_3.jpg HTTP/1.1" 200 57915 "http://www.groeger-bauaufzuege.de/kontakt.php" "Mozilla/5.0 (Windows NT 6.1; WOW64) AppleWebKit/534+ (KHTML, like Gecko) BingPreview/1.0b"
66.249.78.76 - - [03/Oct/2013:17:04:39 +0200] "GET /verkauf.php HTTP/1.1" 200 6643 "-" "SAMSUNG-SGH-E250/1.0 Profile/MIDP-2.0 Configuration/CLDC-1.1 UP.Browser/6.2.3.3.c.1.101 (GUI) MMP/2.0 (compatible; Googlebot-Mobile/2.1; +http://www.google.com/bot.html)"
157.55.33.25 - - [03/Oct/2013:17:29:51 +0200] "GET /robots.txt HTTP/1.1" 404 - "-" "Mozilla/5.0 (compatible; bingbot/2.0; +http://www.bing.com/bingbot.htm)"
157.55.33.25 - - [03/Oct/2013:17:30:28 +0200] "GET / HTTP/1.1" 200 6701 "-" "Mozilla/5.0 (compatible; bingbot/2.0; +http://www.bing.com/bingbot.htm)"
157.55.32.117 - - [03/Oct/2013:19:16:06 +0200] "GET /robots.txt HTTP/1.1" 404 - "-" "Mozilla/5.0 (compatible; bingbot/2.0; +http://www.bing.com/bingbot.htm)"
157.55.32.117 - - [03/Oct/2013:19:18:32 +0200] "GET /download/boecker_auf_achse_2011.pdf HTTP/1.1" 200 1766601 "-" "Mozilla/5.0 (compatible; bingbot/2.0; +http://www.bing.com/bingbot.htm)"
66.249.78.76 - - [03/Oct/2013:19:36:24 +0200] "GET /robots.txt HTTP/1.1" 404 - "-" "Mozilla/5.0 (compatible; Googlebot/2.1; +http://www.google.com/bot.html)"
66.249.78.76 - - [03/Oct/2013:19:36:24 +0200] "GET /link/20130402 HTTP/1.1" 302 - "-" "Mozilla/5.0 (iPhone; U; CPU iPhone OS 4_1 like Mac OS X; en-us) AppleWebKit/532.9 (KHTML, like Gecko) Version/4.0.5 Mobile/8B117 Safari/6531.22.7 (compatible; Googlebot-Mobile/2.1; +http://www.google.com/bot.html)"
66.249.78.76 - - [03/Oct/2013:19:36:25 +0200] "GET /download/Boecker_Angebot_JuniorHD18_EasyLine.pdf HTTP/1.1" 200 202821 "-" "Mozilla/5.0 (iPhone; U; CPU iPhone OS 4_1 like Mac OS X; en-us) AppleWebKit/532.9 (KHTML, like Gecko) Version/4.0.5 Mobile/8B117 Safari/6531.22.7 (compatible; Googlebot-Mobile/2.1; +http://www.google.com/bot.html)"
157.55.32.80 - - [03/Oct/2013:19:37:29 +0200] "GET /download/Newsletter-Groeger-Dachdecker-2011-04.pdf HTTP/1.1" 200 248596 "-" "Mozilla/5.0 (compatible; bingbot/2.0; +http://www.bing.com/bingbot.htm)"
199.30.16.13 - - [03/Oct/2013:20:24:21 +0200] "GET /robots.txt HTTP/1.1" 404 - "-" "msnbot-media/1.1 (+http://search.msn.com/msnbot.htm)"
199.30.16.13 - - [03/Oct/2013:20:24:21 +0200] "GET /img/aktionsschwein.jpg HTTP/1.1" 200 12811 "-" "msnbot-media/1.1 (+http://search.msn.com/msnbot.htm)"
91.53.149.123 - - [03/Oct/2013:21:00:24 +0200] "GET / HTTP/1.1" 200 6701 "https://www.google.de/" "Mozilla/5.0 (Linux; Android 4.2.2; C6603 Build/10.3.1.A.0.244) AppleWebKit/537.36 (KHTML, like Gecko) Chrome/29.0.1547.72 Mobile Safari/537.36"
91.53.149.123 - - [03/Oct/2013:21:00:25 +0200] "GET /css/groeger.css HTTP/1.1" 200 5467 "https://www.google.de/" "Mozilla/5.0 (Linux; Android 4.2.2; C6603 Build/10.3.1.A.0.244) AppleWebKit/537.36 (KHTML, like Gecko) Chrome/29.0.1547.72 Mobile Safari/537.36"
91.53.149.123 - - [03/Oct/2013:21:00:25 +0200] "GET /swfobject.js HTTP/1.1" 200 6880 "https://www.google.de/" "Mozilla/5.0 (Linux; Android 4.2.2; C6603 Build/10.3.1.A.0.244) AppleWebKit/537.36 (KHTML, like Gecko) Chrome/29.0.1547.72 Mobile Safari/537.36"
91.53.149.123 - - [03/Oct/2013:21:00:25 +0200] "GET /fancybox/jquery.fancybox-1.3.4.css HTTP/1.1" 200 8494 "https://www.google.de/" "Mozilla/5.0 (Linux; Android 4.2.2; C6603 Build/10.3.1.A.0.244) AppleWebKit/537.36 (KHTML, like Gecko) Chrome/29.0.1547.72 Mobile Safari/537.36"
91.53.149.123 - - [03/Oct/2013:21:00:25 +0200] "GET /jquery.cross-slide.js HTTP/1.1" 200 11724 "https://www.google.de/" "Mozilla/5.0 (Linux; Android 4.2.2; C6603 Build/10.3.1.A.0.244) AppleWebKit/537.36 (KHTML, like Gecko) Chrome/29.0.1547.72 Mobile Safari/537.36"
91.53.149.123 - - [03/Oct/2013:21:00:25 +0200] "GET /fancybox/jquery.fancybox-1.3.4.pack.js HTTP/1.1" 200 15624 "https://www.google.de/" "Mozilla/5.0 (Linux; Android 4.2.2; C6603 Build/10.3.1.A.0.244) AppleWebKit/537.36 (KHTML, like Gecko) Chrome/29.0.1547.72 Mobile Safari/537.36"
91.53.149.123 - - [03/Oct/2013:21:00:25 +0200] "GET /jquery-1.4.3.min.js HTTP/1.1" 200 77746 "https://www.google.de/" "Mozilla/5.0 (Linux; Android 4.2.2; C6603 Build/10.3.1.A.0.244) AppleWebKit/537.36 (KHTML, like Gecko) Chrome/29.0.1547.72 Mobile Safari/537.36"
91.53.149.123 - - [03/Oct/2013:21:00:25 +0200] "GET /img/logo_groeger.gif HTTP/1.1" 200 3605 "https://www.google.de/" "Mozilla/5.0 (Linux; Android 4.2.2; C6603 Build/10.3.1.A.0.244) AppleWebKit/537.36 (KHTML, like Gecko) Chrome/29.0.1547.72 Mobile Safari/537.36"
91.53.149.123 - - [03/Oct/2013:21:00:25 +0200] "GET /img/pfeil.png HTTP/1.1" 200 840 "https://www.google.de/" "Mozilla/5.0 (Linux; Android 4.2.2; C6603 Build/10.3.1.A.0.244) AppleWebKit/537.36 (KHTML, like Gecko) Chrome/29.0.1547.72 Mobile Safari/537.36"
91.53.149.123 - - [03/Oct/2013:21:00:25 +0200] "GET /img/grauverlauf.png HTTP/1.1" 200 3242 "https://www.google.de/" "Mozilla/5.0 (Linux; Android 4.2.2; C6603 Build/10.3.1.A.0.244) AppleWebKit/537.36 (KHTML, like Gecko) Chrome/29.0.1547.72 Mobile Safari/537.36"
91.53.149.123 - - [03/Oct/2013:21:00:25 +0200] "GET /img/groeger_web.jpg HTTP/1.1" 200 10877 "https://www.google.de/" "Mozilla/5.0 (Linux; Android 4.2.2; C6603 Build/10.3.1.A.0.244) AppleWebKit/537.36 (KHTML, like Gecko) Chrome/29.0.1547.72 Mobile Safari/537.36"
91.53.149.123 - - [03/Oct/2013:21:00:25 +0200] "GET /img/bild_3.jpg HTTP/1.1" 200 57915 "https://www.google.de/" "Mozilla/5.0 (Linux; Android 4.2.2; C6603 Build/10.3.1.A.0.244) AppleWebKit/537.36 (KHTML, like Gecko) Chrome/29.0.1547.72 Mobile Safari/537.36"
91.53.149.123 - - [03/Oct/2013:21:00:25 +0200] "GET /img/bild_1.jpg HTTP/1.1" 200 44440 "https://www.google.de/" "Mozilla/5.0 (Linux; Android 4.2.2; C6603 Build/10.3.1.A.0.244) AppleWebKit/537.36 (KHTML, like Gecko) Chrome/29.0.1547.72 Mobile Safari/537.36"
91.53.149.123 - - [03/Oct/2013:21:00:25 +0200] "GET /img/bild_2.jpg HTTP/1.1" 200 53191 "https://www.google.de/" "Mozilla/5.0 (Linux; Android 4.2.2; C6603 Build/10.3.1.A.0.244) AppleWebKit/537.36 (KHTML, like Gecko) Chrome/29.0.1547.72 Mobile Safari/537.36"
91.53.149.123 - - [03/Oct/2013:21:00:26 +0200] "GET /img/bild_4.jpg HTTP/1.1" 200 45325 "https://www.google.de/" "Mozilla/5.0 (Linux; Android 4.2.2; C6603 Build/10.3.1.A.0.244) AppleWebKit/537.36 (KHTML, like Gecko) Chrome/29.0.1547.72 Mobile Safari/537.36"
91.53.149.123 - - [03/Oct/2013:21:00:26 +0200] "GET /apple-touch-icon-precomposed.png HTTP/1.1" 404 - "https://www.google.de/" "Mozilla/5.0 (Linux; Android 4.2.2; C6603 Build/10.3.1.A.0.244) AppleWebKit/537.36 (KHTML, like Gecko) Chrome/29.0.1547.72 Mobile Safari/537.36"
91.53.149.123 - - [03/Oct/2013:21:00:26 +0200] "GET /img/favicon.gif HTTP/1.1" 200 119 "https://www.google.de/" "Mozilla/5.0 (Linux; Android 4.2.2; C6603 Build/10.3.1.A.0.244) AppleWebKit/537.36 (KHTML, like Gecko) Chrome/29.0.1547.72 Mobile Safari/537.36"
91.53.149.123 - - [03/Oct/2013:21:00:26 +0200] "GET /apple-touch-icon.png HTTP/1.1" 404 - "https://www.google.de/" "Mozilla/5.0 (Linux; Android 4.2.2; C6603 Build/10.3.1.A.0.244) AppleWebKit/537.36 (KHTML, like Gecko) Chrome/29.0.1547.72 Mobile Safari/537.36"
216.145.14.142 - - [03/Oct/2013:21:12:37 +0200] "GET /robots.txt HTTP/1.0" 404 - "-" "Mozilla/5.0 (Windows; U; Windows NT 5.1; en; rv:1.9.0.13) Gecko/2009073022 Firefox/3.5.2 (.NET CLR 3.5.30729) SurveyBot/2.3 (DomainTools)"
216.145.14.142 - - [03/Oct/2013:21:12:38 +0200] "GET / HTTP/1.1" 200 6701 "http://whois.domaintools.com/groeger-bauaufzuege.de" "Mozilla/5.0 (Windows; U; Windows NT 5.1; en; rv:1.9.0.13) Gecko/2009073022 Firefox/3.5.2 (.NET CLR 3.5.30729) SurveyBot/2.3 (DomainTools)"
91.224.226.196 - - [03/Oct/2013:23:26:29 +0200] "GET /jquery-1.4.3.min.js HTTP/1.1" 304 - "-" "Mozilla/4.0 (compatible;)"
157.55.32.80 - - [04/Oct/2013:00:44:48 +0200] "GET /robots.txt HTTP/1.1" 404 - "-" "Mozilla/5.0 (compatible; bingbot/2.0; +http://www.bing.com/bingbot.htm)"
157.55.32.80 - - [04/Oct/2013:00:45:17 +0200] "GET /download/Newsletter_Groeger_2013-06.pdf HTTP/1.1" 200 531601 "-" "Mozilla/5.0 (compatible; bingbot/2.0; +http://www.bing.com/bingbot.htm)"
157.55.32.80 - - [04/Oct/2013:00:46:19 +0200] "GET / HTTP/1.1" 200 6701 "-" "Mozilla/5.0 (compatible; bingbot/2.0; +http://www.bing.com/bingbot.htm)"
66.249.78.76 - - [04/Oct/2013:04:21:43 +0200] "GET /robots.txt HTTP/1.1" 404 - "-" "Mozilla/5.0 (compatible; Googlebot/2.1; +http://www.google.com/bot.html)"
66.249.66.88 - - [04/Oct/2013:04:21:44 +0200] "GET /download/Newsletter_Groeger_11-06_Innung.pdf HTTP/1.1" 304 - "-" "Mozilla/5.0 (iPhone; U; CPU iPhone OS 4_1 like Mac OS X; en-us) AppleWebKit/532.9 (KHTML, like Gecko) Version/4.0.5 Mobile/8B117 Safari/6531.22.7 (compatible; Googlebot-Mobile/2.1; +http://www.google.com/bot.html)"
157.55.32.117 - - [04/Oct/2013:05:46:59 +0200] "GET /robots.txt HTTP/1.1" 404 - "-" "Mozilla/5.0 (compatible; bingbot/2.0; +http://www.bing.com/bingbot.htm)"
157.55.32.117 - - [04/Oct/2013:05:48:45 +0200] "GET /gebrauchtmaschinen.php HTTP/1.1" 200 6333 "-" "Mozilla/5.0 (compatible; bingbot/2.0; +http://www.bing.com/bingbot.htm)"
157.55.32.80 - - [04/Oct/2013:05:50:40 +0200] "GET /swfobject.js HTTP/1.1" 200 6880 "-" "Mozilla/5.0 (compatible; bingbot/2.0; +http://www.bing.com/bingbot.htm)"
141.8.147.12 - - [04/Oct/2013:06:33:16 +0200] "GET /robots.txt HTTP/1.1" 404 - "-" "Mozilla/5.0 (compatible; YandexBot/3.0; +http://yandex.com/bots)"
141.8.147.12 - - [04/Oct/2013:06:36:22 +0200] "GET / HTTP/1.1" 200 6701 "-" "Mozilla/5.0 (compatible; YandexBot/3.0; +http://yandex.com/bots)"
157.55.32.80 - - [04/Oct/2013:06:50:20 +0200] "GET /swfobject.js HTTP/1.1" 200 6880 "-" "Mozilla/5.0 (compatible; bingbot/2.0; +http://www.bing.com/bingbot.htm)"
157.55.32.117 - - [04/Oct/2013:06:51:00 +0200] "GET /jquery-1.4.3.min.js HTTP/1.1" 200 77746 "-" "Mozilla/5.0 (compatible; bingbot/2.0; +http://www.bing.com/bingbot.htm)"
157.55.32.80 - - [04/Oct/2013:07:21:48 +0200] "GET / HTTP/1.1" 200 6701 "-" "Mozilla/5.0 (compatible; bingbot/2.0; +http://www.bing.com/bingbot.htm)"
5.10.83.33 - - [04/Oct/2013:09:47:30 +0200] "GET /impressum.php HTTP/1.1" 200 7923 "-" "Mozilla/5.0 (compatible; AhrefsBot/5.0; +http://ahrefs.com/robot/)"
91.15.68.184 - - [04/Oct/2013:11:57:04 +0200] "GET / HTTP/1.1" 200 6701 "http://suche.t-online.de/fast-cgi/tsc?q=WWW.Bauaufz%C3%BCge.de&tstmp=1378461117716&adtest=&mandant=toi&dia=suche&context=internet-tab&ptl=std&start=0&num=10&cr=&sb=top" "Mozilla/5.0 (Windows NT 5.1) AppleWebKit/537.36 (KHTML, like Gecko) Chrome/30.0.1599.66 Safari/537.36"
91.15.68.184 - - [04/Oct/2013:11:57:04 +0200] "GET /css/groeger.css HTTP/1.1" 200 5467 "http://www.groeger-bauaufzuege.de/" "Mozilla/5.0 (Windows NT 5.1) AppleWebKit/537.36 (KHTML, like Gecko) Chrome/30.0.1599.66 Safari/537.36"
91.15.68.184 - - [04/Oct/2013:11:57:04 +0200] "GET /fancybox/jquery.fancybox-1.3.4.css HTTP/1.1" 200 8494 "http://www.groeger-bauaufzuege.de/" "Mozilla/5.0 (Windows NT 5.1) AppleWebKit/537.36 (KHTML, like Gecko) Chrome/30.0.1599.66 Safari/537.36"
91.15.68.184 - - [04/Oct/2013:11:57:04 +0200] "GET /swfobject.js HTTP/1.1" 200 6880 "http://www.groeger-bauaufzuege.de/" "Mozilla/5.0 (Windows NT 5.1) AppleWebKit/537.36 (KHTML, like Gecko) Chrome/30.0.1599.66 Safari/537.36"
91.15.68.184 - - [04/Oct/2013:11:57:04 +0200] "GET /jquery.cross-slide.js HTTP/1.1" 200 11724 "http://www.groeger-bauaufzuege.de/" "Mozilla/5.0 (Windows NT 5.1) AppleWebKit/537.36 (KHTML, like Gecko) Chrome/30.0.1599.66 Safari/537.36"
91.15.68.184 - - [04/Oct/2013:11:57:04 +0200] "GET /fancybox/jquery.fancybox-1.3.4.pack.js HTTP/1.1" 200 15624 "http://www.groeger-bauaufzuege.de/" "Mozilla/5.0 (Windows NT 5.1) AppleWebKit/537.36 (KHTML, like Gecko) Chrome/30.0.1599.66 Safari/537.36"
91.15.68.184 - - [04/Oct/2013:11:57:04 +0200] "GET /img/logo_groeger.gif HTTP/1.1" 200 3605 "http://www.groeger-bauaufzuege.de/" "Mozilla/5.0 (Windows NT 5.1) AppleWebKit/537.36 (KHTML, like Gecko) Chrome/30.0.1599.66 Safari/537.36"
91.15.68.184 - - [04/Oct/2013:11:57:04 +0200] "GET /img/bild_1.jpg HTTP/1.1" 200 44440 "http://www.groeger-bauaufzuege.de/" "Mozilla/5.0 (Windows NT 5.1) AppleWebKit/537.36 (KHTML, like Gecko) Chrome/30.0.1599.66 Safari/537.36"
91.15.68.184 - - [04/Oct/2013:11:57:04 +0200] "GET /jquery-1.4.3.min.js HTTP/1.1" 200 77746 "http://www.groeger-bauaufzuege.de/" "Mozilla/5.0 (Windows NT 5.1) AppleWebKit/537.36 (KHTML, like Gecko) Chrome/30.0.1599.66 Safari/537.36"
91.15.68.184 - - [04/Oct/2013:11:57:04 +0200] "GET /img/pfeil.png HTTP/1.1" 200 840 "http://www.groeger-bauaufzuege.de/" "Mozilla/5.0 (Windows NT 5.1) AppleWebKit/537.36 (KHTML, like Gecko) Chrome/30.0.1599.66 Safari/537.36"
91.15.68.184 - - [04/Oct/2013:11:57:04 +0200] "GET /img/grauverlauf.png HTTP/1.1" 200 3242 "http://www.groeger-bauaufzuege.de/" "Mozilla/5.0 (Windows NT 5.1) AppleWebKit/537.36 (KHTML, like Gecko) Chrome/30.0.1599.66 Safari/537.36"
91.15.68.184 - - [04/Oct/2013:11:57:04 +0200] "GET /img/groeger_web.jpg HTTP/1.1" 200 10877 "http://www.groeger-bauaufzuege.de/" "Mozilla/5.0 (Windows NT 5.1) AppleWebKit/537.36 (KHTML, like Gecko) Chrome/30.0.1599.66 Safari/537.36"
91.15.68.184 - - [04/Oct/2013:11:57:05 +0200] "GET /img/bild_3.jpg HTTP/1.1" 200 57915 "http://www.groeger-bauaufzuege.de/" "Mozilla/5.0 (Windows NT 5.1) AppleWebKit/537.36 (KHTML, like Gecko) Chrome/30.0.1599.66 Safari/537.36"
91.15.68.184 - - [04/Oct/2013:11:57:05 +0200] "GET /img/bild_4.jpg HTTP/1.1" 200 45325 "http://www.groeger-bauaufzuege.de/" "Mozilla/5.0 (Windows NT 5.1) AppleWebKit/537.36 (KHTML, like Gecko) Chrome/30.0.1599.66 Safari/537.36"
91.15.68.184 - - [04/Oct/2013:11:57:04 +0200] "GET /img/bild_2.jpg HTTP/1.1" 200 53191 "http://www.groeger-bauaufzuege.de/" "Mozilla/5.0 (Windows NT 5.1) AppleWebKit/537.36 (KHTML, like Gecko) Chrome/30.0.1599.66 Safari/537.36"
91.15.68.184 - - [04/Oct/2013:11:57:05 +0200] "GET /img/favicon.gif HTTP/1.1" 200 119 "-" "Mozilla/5.0 (Windows NT 5.1) AppleWebKit/537.36 (KHTML, like Gecko) Chrome/30.0.1599.66 Safari/537.36"
91.15.68.184 - - [04/Oct/2013:11:57:12 +0200] "GET /index.php HTTP/1.1" 200 6701 "http://www.groeger-bauaufzuege.de/" "Mozilla/5.0 (Windows NT 5.1) AppleWebKit/537.36 (KHTML, like Gecko) Chrome/30.0.1599.66 Safari/537.36"
91.15.68.184 - - [04/Oct/2013:11:57:16 +0200] "GET /index.php HTTP/1.1" 200 6701 "http://www.groeger-bauaufzuege.de/index.php" "Mozilla/5.0 (Windows NT 5.1) AppleWebKit/537.36 (KHTML, like Gecko) Chrome/30.0.1599.66 Safari/537.36"
91.15.68.184 - - [04/Oct/2013:11:57:27 +0200] "GET /aktuelles.php HTTP/1.1" 200 12088 "http://www.groeger-bauaufzuege.de/index.php" "Mozilla/5.0 (Windows NT 5.1) AppleWebKit/537.36 (KHTML, like Gecko) Chrome/30.0.1599.66 Safari/537.36"
91.15.68.184 - - [04/Oct/2013:11:57:27 +0200] "GET /img/zarges-logo.gif HTTP/1.1" 200 1576 "http://www.groeger-bauaufzuege.de/aktuelles.php" "Mozilla/5.0 (Windows NT 5.1) AppleWebKit/537.36 (KHTML, like Gecko) Chrome/30.0.1599.66 Safari/537.36"
91.15.68.184 - - [04/Oct/2013:11:57:27 +0200] "GET /img/Newsletter_Groeger_2013-09.jpg HTTP/1.1" 200 21455 "http://www.groeger-bauaufzuege.de/aktuelles.php" "Mozilla/5.0 (Windows NT 5.1) AppleWebKit/537.36 (KHTML, like Gecko) Chrome/30.0.1599.66 Safari/537.36"
91.15.68.184 - - [04/Oct/2013:11:57:27 +0200] "GET /img/Newsletter_Groeger_2013-06.png HTTP/1.1" 200 23068 "http://www.groeger-bauaufzuege.de/aktuelles.php" "Mozilla/5.0 (Windows NT 5.1) AppleWebKit/537.36 (KHTML, like Gecko) Chrome/30.0.1599.66 Safari/537.36"
91.15.68.184 - - [04/Oct/2013:11:57:36 +0200] "GET /gebrauchtmaschinen.php HTTP/1.1" 200 6333 "http://www.groeger-bauaufzuege.de/aktuelles.php" "Mozilla/5.0 (Windows NT 5.1) AppleWebKit/537.36 (KHTML, like Gecko) Chrome/30.0.1599.66 Safari/537.36"
178.33.122.74 - - [04/Oct/2013:12:53:36 +0200] "GET / HTTP/1.1" 200 6701 "-" "Mozilla/5.0 (X11; Linux i686; rv:6.0) Gecko/20100101 Firefox/6.0"
199.30.16.13 - - [04/Oct/2013:13:56:57 +0200] "GET /robots.txt HTTP/1.1" 404 - "-" "msnbot-media/1.1 (+http://search.msn.com/msnbot.htm)"
199.30.16.13 - - [04/Oct/2013:13:56:57 +0200] "GET /img/aktionsschwein.jpg HTTP/1.1" 200 12811 "-" "msnbot-media/1.1 (+http://search.msn.com/msnbot.htm)"
208.115.111.73 - - [04/Oct/2013:15:22:26 +0200] "GET /robots.txt HTTP/1.1" 404 - "-" "Mozilla/5.0 (compatible; Ezooms/1.0; ezooms.bot@gmail.com)"
157.55.32.80 - - [04/Oct/2013:15:54:22 +0200] "GET /robots.txt HTTP/1.1" 404 - "-" "Mozilla/5.0 (compatible; bingbot/2.0; +http://www.bing.com/bingbot.htm)"
157.55.32.80 - - [04/Oct/2013:15:55:32 +0200] "GET / HTTP/1.1" 200 6701 "-" "Mozilla/5.0 (compatible; bingbot/2.0; +http://www.bing.com/bingbot.htm)"
66.249.78.76 - - [04/Oct/2013:16:30:17 +0200] "GET /robots.txt HTTP/1.1" 404 - "-" "Mozilla/5.0 (compatible; Googlebot/2.1; +http://www.google.com/bot.html)"
66.249.66.88 - - [04/Oct/2013:16:30:18 +0200] "GET /vermietung.php HTTP/1.1" 200 6428 "-" "DoCoMo/2.0 N905i(c100;TB;W24H16) (compatible; Googlebot-Mobile/2.1; +http://www.google.com/bot.html)"
208.115.111.73 - - [04/Oct/2013:16:58:35 +0200] "GET /vermietung.php HTTP/1.1" 200 6428 "-" "Mozilla/5.0 (compatible; Ezooms/1.0; ezooms.bot@gmail.com)"
131.253.38.99 - - [04/Oct/2013:17:26:49 +0200] "GET /robots.txt HTTP/1.1" 404 - "-" "msnbot-media/1.1 (+http://search.msn.com/msnbot.htm)"
131.253.38.99 - - [04/Oct/2013:17:26:50 +0200] "GET /img/logo_wfw.png HTTP/1.1" 200 2671 "-" "msnbot-media/1.1 (+http://search.msn.com/msnbot.htm)"
176.57.142.28 - - [04/Oct/2013:17:32:28 +0200] "GET /unternehmen.php HTTP/1.1" 200 7130 "-" "Mozilla/5.0 (X11; Linux i686; rv:6.0) Gecko/20100101 Firefox/6.0"
87.164.171.57 - - [04/Oct/2013:17:45:51 +0200] "GET /download/Newsletter_Groeger_11-06_Innung.pdf HTTP/1.1" 200 422119 "http://www.google.de/url?sa=t&rct=j&q=&esrc=s&source=web&cd=13&ved=0CIsBEBYwDA&url=http%3A%2F%2Fwww.groeger-bauaufzuege.de%2Fdownload%2FNewsletter_Groeger_11-06_Innung.pdf&ei=3uFOUtb-B4mWtQasp4HQCA&usg=AFQjCNEfuinCCRyydnIblcQ8R1Vgz1boPA&bvm=bv.53537100,d.Yms" "Mozilla/5.0 (Windows NT 6.1; rv:24.0) Gecko/20100101 Firefox/24.0"
87.164.171.57 - - [04/Oct/2013:17:45:52 +0200] "GET /favicon.ico HTTP/1.1" 404 - "-" "Mozilla/5.0 (Windows NT 6.1; rv:24.0) Gecko/20100101 Firefox/24.0"
87.164.171.57 - - [04/Oct/2013:17:45:52 +0200] "GET /favicon.ico HTTP/1.1" 404 - "-" "Mozilla/5.0 (Windows NT 6.1; rv:24.0) Gecko/20100101 Firefox/24.0"
87.164.171.57 - - [04/Oct/2013:17:45:52 +0200] "GET /download/Newsletter_Groeger_11-06_Innung.pdf HTTP/1.1" 206 65536 "http://www.google.de/url?sa=t&rct=j&q=&esrc=s&source=web&cd=13&ved=0CIsBEBYwDA&url=http%3A%2F%2Fwww.groeger-bauaufzuege.de%2Fdownload%2FNewsletter_Groeger_11-06_Innung.pdf&ei=3uFOUtb-B4mWtQasp4HQCA&usg=AFQjCNEfuinCCRyydnIblcQ8R1Vgz1boPA&bvm=bv.53537100,d.Yms" "Mozilla/5.0 (Windows NT 6.1; rv:24.0) Gecko/20100101 Firefox/24.0"
87.164.171.57 - - [04/Oct/2013:17:45:53 +0200] "GET /download/Newsletter_Groeger_11-06_Innung.pdf HTTP/1.1" 206 28903 "http://www.google.de/url?sa=t&rct=j&q=&esrc=s&source=web&cd=13&ved=0CIsBEBYwDA&url=http%3A%2F%2Fwww.groeger-bauaufzuege.de%2Fdownload%2FNewsletter_Groeger_11-06_Innung.pdf&ei=3uFOUtb-B4mWtQasp4HQCA&usg=AFQjCNEfuinCCRyydnIblcQ8R1Vgz1boPA&bvm=bv.53537100,d.Yms" "Mozilla/5.0 (Windows NT 6.1; rv:24.0) Gecko/20100101 Firefox/24.0"
87.164.171.57 - - [04/Oct/2013:17:45:53 +0200] "GET /download/Newsletter_Groeger_11-06_Innung.pdf HTTP/1.1" 206 65536 "http://www.google.de/url?sa=t&rct=j&q=&esrc=s&source=web&cd=13&ved=0CIsBEBYwDA&url=http%3A%2F%2Fwww.groeger-bauaufzuege.de%2Fdownload%2FNewsletter_Groeger_11-06_Innung.pdf&ei=3uFOUtb-B4mWtQasp4HQCA&usg=AFQjCNEfuinCCRyydnIblcQ8R1Vgz1boPA&bvm=bv.53537100,d.Yms" "Mozilla/5.0 (Windows NT 6.1; rv:24.0) Gecko/20100101 Firefox/24.0"
87.164.171.57 - - [04/Oct/2013:17:45:53 +0200] "GET /download/Newsletter_Groeger_11-06_Innung.pdf HTTP/1.1" 206 65536 "http://www.google.de/url?sa=t&rct=j&q=&esrc=s&source=web&cd=13&ved=0CIsBEBYwDA&url=http%3A%2F%2Fwww.groeger-bauaufzuege.de%2Fdownload%2FNewsletter_Groeger_11-06_Innung.pdf&ei=3uFOUtb-B4mWtQasp4HQCA&usg=AFQjCNEfuinCCRyydnIblcQ8R1Vgz1boPA&bvm=bv.53537100,d.Yms" "Mozilla/5.0 (Windows NT 6.1; rv:24.0) Gecko/20100101 Firefox/24.0"
87.164.171.57 - - [04/Oct/2013:17:45:53 +0200] "GET /download/Newsletter_Groeger_11-06_Innung.pdf HTTP/1.1" 206 65536 "http://www.google.de/url?sa=t&rct=j&q=&esrc=s&source=web&cd=13&ved=0CIsBEBYwDA&url=http%3A%2F%2Fwww.groeger-bauaufzuege.de%2Fdownload%2FNewsletter_Groeger_11-06_Innung.pdf&ei=3uFOUtb-B4mWtQasp4HQCA&usg=AFQjCNEfuinCCRyydnIblcQ8R1Vgz1boPA&bvm=bv.53537100,d.Yms" "Mozilla/5.0 (Windows NT 6.1; rv:24.0) Gecko/20100101 Firefox/24.0"
87.164.171.57 - - [04/Oct/2013:17:45:53 +0200] "GET /download/Newsletter_Groeger_11-06_Innung.pdf HTTP/1.1" 206 65536 "http://www.google.de/url?sa=t&rct=j&q=&esrc=s&source=web&cd=13&ved=0CIsBEBYwDA&url=http%3A%2F%2Fwww.groeger-bauaufzuege.de%2Fdownload%2FNewsletter_Groeger_11-06_Innung.pdf&ei=3uFOUtb-B4mWtQasp4HQCA&usg=AFQjCNEfuinCCRyydnIblcQ8R1Vgz1boPA&bvm=bv.53537100,d.Yms" "Mozilla/5.0 (Windows NT 6.1; rv:24.0) Gecko/20100101 Firefox/24.0"
87.164.171.57 - - [04/Oct/2013:17:45:54 +0200] "GET /download/Newsletter_Groeger_11-06_Innung.pdf HTTP/1.1" 206 65536 "http://www.google.de/url?sa=t&rct=j&q=&esrc=s&source=web&cd=13&ved=0CIsBEBYwDA&url=http%3A%2F%2Fwww.groeger-bauaufzuege.de%2Fdownload%2FNewsletter_Groeger_11-06_Innung.pdf&ei=3uFOUtb-B4mWtQasp4HQCA&usg=AFQjCNEfuinCCRyydnIblcQ8R1Vgz1boPA&bvm=bv.53537100,d.Yms" "Mozilla/5.0 (Windows NT 6.1; rv:24.0) Gecko/20100101 Firefox/24.0"
66.249.78.76 - - [04/Oct/2013:18:36:48 +0200] "GET /unternehmen.php HTTP/1.1" 200 7130 "-" "Mozilla/5.0 (iPhone; U; CPU iPhone OS 4_1 like Mac OS X; en-us) AppleWebKit/532.9 (KHTML, like Gecko) Version/4.0.5 Mobile/8B117 Safari/6531.22.7 (compatible; Googlebot-Mobile/2.1; +http://www.google.com/bot.html)"
66.249.78.76 - - [04/Oct/2013:18:45:40 +0200] "GET /fancybox/jquery.fancybox-1.3.4.css HTTP/1.1" 200 8494 "-" "Mozilla/5.0 (compatible; Googlebot/2.1; +http://www.google.com/bot.html)"
5.10.83.48 - - [04/Oct/2013:20:51:31 +0200] "GET /img/DSC01494.jpg HTTP/1.1" 200 141092 "-" "Mozilla/5.0 (compatible; AhrefsBot/5.0; +http://ahrefs.com/robot/)"
66.249.78.76 - - [04/Oct/2013:20:53:46 +0200] "GET /robots.txt HTTP/1.1" 404 - "-" "Mozilla/5.0 (compatible; Googlebot/2.1; +http://www.google.com/bot.html)"
66.249.78.76 - - [04/Oct/2013:20:53:46 +0200] "GET /img/logo_wfw.png HTTP/1.1" 200 2671 "-" "Googlebot-Image/1.0"
66.249.78.76 - - [04/Oct/2013:21:24:49 +0200] "GET /css/groeger.css HTTP/1.1" 200 5467 "-" "Mozilla/5.0 (compatible; Googlebot/2.1; +http://www.google.com/bot.html)"
5.10.83.103 - - [05/Oct/2013:00:09:21 +0200] "GET /img/groeger_aluschweissen.jpg HTTP/1.1" 200 12289 "-" "Mozilla/5.0 (compatible; AhrefsBot/5.0; +http://ahrefs.com/robot/)"
5.10.83.62 - - [05/Oct/2013:00:13:28 +0200] "GET /leistungen.php HTTP/1.1" 200 8067 "-" "Mozilla/5.0 (compatible; AhrefsBot/5.0; +http://ahrefs.com/robot/)"
157.55.35.44 - - [05/Oct/2013:02:24:09 +0200] "GET /robots.txt HTTP/1.1" 404 - "-" "Mozilla/5.0 (compatible; bingbot/2.0; +http://www.bing.com/bingbot.htm)"
157.55.35.44 - - [05/Oct/2013:02:33:12 +0200] "GET / HTTP/1.1" 200 6701 "-" "Mozilla/5.0 (compatible; bingbot/2.0; +http://www.bing.com/bingbot.htm)"
66.249.78.76 - - [05/Oct/2013:03:45:34 +0200] "GET /link/20130604 HTTP/1.1" 302 - "-" "Mozilla/5.0 (iPhone; U; CPU iPhone OS 4_1 like Mac OS X; en-us) AppleWebKit/532.9 (KHTML, like Gecko) Version/4.0.5 Mobile/8B117 Safari/6531.22.7 (compatible; Googlebot-Mobile/2.1; +http://www.google.com/bot.html)"
66.249.78.76 - - [05/Oct/2013:03:45:34 +0200] "GET /download/Boecker_Autokrane.pdf HTTP/1.1" 200 1994740 "-" "Mozilla/5.0 (iPhone; U; CPU iPhone OS 4_1 like Mac OS X; en-us) AppleWebKit/532.9 (KHTML, like Gecko) Version/4.0.5 Mobile/8B117 Safari/6531.22.7 (compatible; Googlebot-Mobile/2.1; +http://www.google.com/bot.html)"
82.192.74.25 - - [05/Oct/2013:03:56:22 +0200] "GET / HTTP/1.1" 200 6701 "-" "Mozilla/5.0 (compatible; Dataprovider Site Explorer; http://www.dataprovider.com/)"
82.192.74.25 - - [05/Oct/2013:03:56:28 +0200] "GET / HTTP/1.1" 200 6701 "-" "Mozilla/5.0 (Linux; U; Android 1.6; en-us; xpndr_ihome Build/DRD35) AppleWebKit/528.5+ (KHTML, like Gecko) Version/3.1.2 Mobile Safari/525.20.1"
82.192.74.25 - - [05/Oct/2013:03:56:29 +0200] "GET /robots.txt HTTP/1.1" 404 - "-" "Mozilla/5.0 (compatible; Dataprovider Site Explorer; http://www.dataprovider.com/)"
82.192.74.25 - - [05/Oct/2013:03:56:29 +0200] "GET /sitemap.xml HTTP/1.1" 404 - "-" "Mozilla/5.0 (compatible; Dataprovider Site Explorer; http://www.dataprovider.com/)"
82.192.74.25 - - [05/Oct/2013:03:56:29 +0200] "GET / HTTP/1.1" 200 6701 "-" "Mozilla/5.0 (compatible; Dataprovider Site Explorer; http://www.dataprovider.com/)"
82.192.74.25 - - [05/Oct/2013:03:56:36 +0200] "GET /kontakt.php HTTP/1.1" 200 6950 "-" "Mozilla/5.0 (compatible; Dataprovider Site Explorer; http://www.dataprovider.com/)"
82.192.74.25 - - [05/Oct/2013:03:56:40 +0200] "GET /impressum.php HTTP/1.1" 200 7923 "-" "Mozilla/5.0 (compatible; Dataprovider Site Explorer; http://www.dataprovider.com/)"
82.192.74.25 - - [05/Oct/2013:03:56:43 +0200] "GET /aktuelles.php HTTP/1.1" 200 12088 "-" "Mozilla/5.0 (compatible; Dataprovider Site Explorer; http://www.dataprovider.com/)"
82.192.74.25 - - [05/Oct/2013:03:56:47 +0200] "GET /index.php HTTP/1.1" 200 6701 "-" "Mozilla/5.0 (compatible; Dataprovider Site Explorer; http://www.dataprovider.com/)"
82.192.74.25 - - [05/Oct/2013:03:56:51 +0200] "GET /vermietung.php HTTP/1.1" 200 6428 "-" "Mozilla/5.0 (compatible; Dataprovider Site Explorer; http://www.dataprovider.com/)"
82.192.74.25 - - [05/Oct/2013:03:56:58 +0200] "GET /angebote.php HTTP/1.1" 200 8546 "-" "Mozilla/5.0 (compatible; Dataprovider Site Explorer; http://www.dataprovider.com/)"
82.192.74.25 - - [05/Oct/2013:03:57:03 +0200] "GET /gebrauchtmaschinen.php HTTP/1.1" 200 6333 "-" "Mozilla/5.0 (compatible; Dataprovider Site Explorer; http://www.dataprovider.com/)"
82.192.74.25 - - [05/Oct/2013:03:57:06 +0200] "GET /leistungen.php HTTP/1.1" 200 8067 "-" "Mozilla/5.0 (compatible; Dataprovider Site Explorer; http://www.dataprovider.com/)"
82.192.74.25 - - [05/Oct/2013:03:57:11 +0200] "GET /unternehmen.php HTTP/1.1" 200 7130 "-" "Mozilla/5.0 (compatible; Dataprovider Site Explorer; http://www.dataprovider.com/)"
82.192.74.25 - - [05/Oct/2013:03:57:15 +0200] "GET /verkauf.php HTTP/1.1" 200 6643 "-" "Mozilla/5.0 (compatible; Dataprovider Site Explorer; http://www.dataprovider.com/)"
5.10.83.39 - - [05/Oct/2013:05:08:47 +0200] "GET /kontakt.php HTTP/1.1" 200 6950 "-" "Mozilla/5.0 (compatible; AhrefsBot/5.0; +http://ahrefs.com/robot/)"
5.10.83.85 - - [05/Oct/2013:06:03:12 +0200] "GET /vermietung.php HTTP/1.1" 200 6428 "-" "Mozilla/5.0 (compatible; AhrefsBot/5.0; +http://ahrefs.com/robot/)"
80.136.193.34 - - [05/Oct/2013:12:05:00 +0200] "GET /download/Lift_D.pdf HTTP/1.1" 200 1178879 "http://suche.t-online.de/fast-cgi/tsc?mandant=toi&q=schr%C3%A4gaufzug&device=html&hash=4B84B15BFF6EE5796152495A230E45E3D7E947D9&classification=web&more=variante0e&dia=pto&hash=4B84B15BFF6EE5796152495A230E45E3D7E947D9&context=internet-tab&ptl=std&adpage=9&www_start=80&www_num=10&tstmp=1380967437190" "Mozilla/4.0 (compatible; MSIE 7.0; Windows NT 6.2; WOW64; Trident/6.0; .NET4.0E; .NET4.0C; .NET CLR 3.5.30729; .NET CLR 2.0.50727; .NET CLR 3.0.30729)"
86.82.115.189 - - [05/Oct/2013:12:26:43 +0200] "GET / HTTP/1.1" 200 6701 "-" "Java/1.7.0_25"
86.82.115.189 - - [05/Oct/2013:12:26:44 +0200] "GET /index.php HTTP/1.1" 200 6701 "-" "Java/1.7.0_25"
86.82.115.189 - - [05/Oct/2013:12:26:44 +0200] "GET /jquery-1.4.3.min.js HTTP/1.1" 200 77746 "-" "Java/1.7.0_25"
86.82.115.189 - - [05/Oct/2013:12:26:44 +0200] "GET /jquery.cross-slide.js HTTP/1.1" 200 11724 "-" "Java/1.7.0_25"
86.82.115.189 - - [05/Oct/2013:12:26:45 +0200] "GET /swfobject.js HTTP/1.1" 200 6880 "-" "Java/1.7.0_25"
86.82.115.189 - - [05/Oct/2013:12:26:45 +0200] "GET /verkauf.php HTTP/1.1" 200 6643 "-" "Java/1.7.0_25"
86.82.115.189 - - [05/Oct/2013:12:26:45 +0200] "GET /vermietung.php HTTP/1.1" 200 6428 "-" "Java/1.7.0_25"
86.82.115.189 - - [05/Oct/2013:12:26:45 +0200] "GET /)h.html(f?c( HTTP/1.1" 404 - "-" "Java/1.7.0_25"
86.82.115.189 - - [05/Oct/2013:12:26:46 +0200] "GET /]};O.optgroup=O.option;O.tbody=O.tfoot=O.colgroup=O.caption=O.thead;O.th=O.td;if(!c.support.htmlSerialize)O._default=[1, HTTP/1.1" 404 - "-" "Java/1.7.0_25"
86.82.115.189 - - [05/Oct/2013:12:26:46 +0200] "GET /./aktuelles.php HTTP/1.1" 200 12088 "-" "Java/1.7.0_25"
86.82.115.189 - - [05/Oct/2013:12:26:46 +0200] "GET /./angebote.php HTTP/1.1" 200 8546 "-" "Java/1.7.0_25"
86.82.115.189 - - [05/Oct/2013:12:26:47 +0200] "GET /./gebrauchtmaschinen.php HTTP/1.1" 200 6333 "-" "Java/1.7.0_25"
86.82.115.189 - - [05/Oct/2013:12:26:47 +0200] "GET /./impressum.php HTTP/1.1" 200 7923 "-" "Java/1.7.0_25"
86.82.115.189 - - [05/Oct/2013:12:26:47 +0200] "GET /./index.php HTTP/1.1" 200 6701 "-" "Java/1.7.0_25"
86.82.115.189 - - [05/Oct/2013:12:26:47 +0200] "GET /./kontakt.php HTTP/1.1" 200 6950 "-" "Java/1.7.0_25"
86.82.115.189 - - [05/Oct/2013:12:26:48 +0200] "GET /./leistungen.php HTTP/1.1" 200 8067 "-" "Java/1.7.0_25"
86.82.115.189 - - [05/Oct/2013:12:26:48 +0200] "GET /./unternehmen.php HTTP/1.1" 200 7130 "-" "Java/1.7.0_25"
86.82.115.189 - - [05/Oct/2013:12:26:48 +0200] "GET /./verkauf.php HTTP/1.1" 200 6643 "-" "Java/1.7.0_25"
86.82.115.189 - - [05/Oct/2013:12:26:49 +0200] "GET /./vermietung.php HTTP/1.1" 200 6428 "-" "Java/1.7.0_25"
86.82.115.189 - - [05/Oct/2013:12:26:49 +0200] "GET /{0} HTTP/1.1" 404 - "-" "Java/1.7.0_25"
86.82.115.189 - - [05/Oct/2013:12:26:49 +0200] "GET /{1} HTTP/1.1" 404 - "-" "Java/1.7.0_25"
86.82.115.189 - - [05/Oct/2013:12:26:49 +0200] "GET /./jquery-1.4.3.min.js HTTP/1.1" 200 77746 "-" "Java/1.7.0_25"
86.82.115.189 - - [05/Oct/2013:12:26:51 +0200] "GET /./jquery.cross-slide.js HTTP/1.1" 200 11724 "-" "Java/1.7.0_25"
86.82.115.189 - - [05/Oct/2013:12:26:51 +0200] "GET /./swfobject.js HTTP/1.1" 200 6880 "-" "Java/1.7.0_25"
86.82.115.189 - - [05/Oct/2013:12:26:51 +0200] "GET /./)h.html(f?c( HTTP/1.1" 404 - "-" "Java/1.7.0_25"
86.82.115.189 - - [05/Oct/2013:12:26:51 +0200] "GET /./]};O.optgroup=O.option;O.tbody=O.tfoot=O.colgroup=O.caption=O.thead;O.th=O.td;if(!c.support.htmlSerialize)O._default=[1, HTTP/1.1" 404 - "-" "Java/1.7.0_25"
86.82.115.189 - - [05/Oct/2013:12:26:51 +0200] "GET /./fancybox/jquery.fancybox-1.3.4.pack.js HTTP/1.1" 200 15624 "-" "Java/1.7.0_25"
86.82.115.189 - - [05/Oct/2013:12:26:51 +0200] "GET /./img/pfeil.png HTTP/1.1" 200 840 "-" "Java/1.7.0_25"
86.82.115.189 - - [05/Oct/2013:12:26:52 +0200] "GET /./img/logo_wfw.png HTTP/1.1" 200 2671 "-" "Java/1.7.0_25"
86.82.115.189 - - [05/Oct/2013:12:26:52 +0200] "GET /././aktuelles.php HTTP/1.1" 200 12088 "-" "Java/1.7.0_25"
86.82.115.189 - - [05/Oct/2013:12:26:52 +0200] "GET /././angebote.php HTTP/1.1" 200 8546 "-" "Java/1.7.0_25"
86.82.115.189 - - [05/Oct/2013:12:26:52 +0200] "GET /././gebrauchtmaschinen.php HTTP/1.1" 200 6333 "-" "Java/1.7.0_25"
86.82.115.189 - - [05/Oct/2013:12:26:53 +0200] "GET /././impressum.php HTTP/1.1" 200 7923 "-" "Java/1.7.0_25"
86.82.115.189 - - [05/Oct/2013:12:26:53 +0200] "GET /././index.php HTTP/1.1" 200 6701 "-" "Java/1.7.0_25"
86.82.115.189 - - [05/Oct/2013:12:26:54 +0200] "GET /././kontakt.php HTTP/1.1" 200 6950 "-" "Java/1.7.0_25"
86.82.115.189 - - [05/Oct/2013:12:26:54 +0200] "GET /././leistungen.php HTTP/1.1" 200 8067 "-" "Java/1.7.0_25"
86.82.115.189 - - [05/Oct/2013:12:26:55 +0200] "GET /././unternehmen.php HTTP/1.1" 200 7130 "-" "Java/1.7.0_25"
86.82.115.189 - - [05/Oct/2013:12:26:55 +0200] "GET /././verkauf.php HTTP/1.1" 200 6643 "-" "Java/1.7.0_25"
86.82.115.189 - - [05/Oct/2013:12:26:55 +0200] "GET /././vermietung.php HTTP/1.1" 200 6428 "-" "Java/1.7.0_25"
86.82.115.189 - - [05/Oct/2013:12:26:55 +0200] "GET /./img/Newsletter_Groeger_2013-06.png HTTP/1.1" 200 23068 "-" "Java/1.7.0_25"
86.82.115.189 - - [05/Oct/2013:12:26:56 +0200] "GET /./{0} HTTP/1.1" 404 - "-" "Java/1.7.0_25"
86.82.115.189 - - [05/Oct/2013:12:26:56 +0200] "GET /./{1} HTTP/1.1" 404 - "-" "Java/1.7.0_25"
86.82.115.189 - - [05/Oct/2013:12:26:56 +0200] "GET /./fancybox/'+d.href+' HTTP/1.1" 404 - "-" "Java/1.7.0_25"
66.249.78.76 - - [05/Oct/2013:12:57:54 +0200] "GET /robots.txt HTTP/1.1" 404 - "-" "Mozilla/5.0 (compatible; Googlebot/2.1; +http://www.google.com/bot.html)"
66.249.78.76 - - [05/Oct/2013:12:57:54 +0200] "GET /download/Lift_D.pdf HTTP/1.1" 304 - "-" "SAMSUNG-SGH-E250/1.0 Profile/MIDP-2.0 Configuration/CLDC-1.1 UP.Browser/6.2.3.3.c.1.101 (GUI) MMP/2.0 (compatible; Googlebot-Mobile/2.1; +http://www.google.com/bot.html)"
66.249.78.76 - - [05/Oct/2013:13:32:29 +0200] "GET / HTTP/1.1" 200 6701 "-" "Mozilla/5.0 (compatible; Googlebot/2.1; +http://www.google.com/bot.html)"
157.55.33.15 - - [05/Oct/2013:14:12:07 +0200] "GET /robots.txt HTTP/1.1" 404 - "-" "Mozilla/5.0 (compatible; bingbot/2.0; +http://www.bing.com/bingbot.htm)"
157.55.33.15 - - [05/Oct/2013:14:12:37 +0200] "GET / HTTP/1.1" 200 6701 "-" "Mozilla/5.0 (compatible; bingbot/2.0; +http://www.bing.com/bingbot.htm)"
66.249.78.76 - - [05/Oct/2013:14:13:13 +0200] "GET / HTTP/1.1" 200 6701 "-" "Mozilla/5.0 (iPhone; U; CPU iPhone OS 4_1 like Mac OS X; en-us) AppleWebKit/532.9 (KHTML, like Gecko) Version/4.0.5 Mobile/8B117 Safari/6531.22.7 (compatible; Googlebot-Mobile/2.1; +http://www.google.com/bot.html)"
66.249.78.76 - - [05/Oct/2013:15:49:54 +0200] "GET /kontakt.php HTTP/1.1" 200 6950 "-" "Mozilla/5.0 (compatible; Googlebot/2.1; +http://www.google.com/bot.html)"
66.249.66.88 - - [05/Oct/2013:16:19:37 +0200] "GET /leistungen.php HTTP/1.1" 200 8067 "-" "DoCoMo/2.0 N905i(c100;TB;W24H16) (compatible; Googlebot-Mobile/2.1; +http://www.google.com/bot.html)"
66.249.78.76 - - [05/Oct/2013:17:49:03 +0200] "GET /vermietung.php HTTP/1.1" 200 6428 "-" "Mozilla/5.0 (iPhone; U; CPU iPhone OS 4_1 like Mac OS X; en-us) AppleWebKit/532.9 (KHTML, like Gecko) Version/4.0.5 Mobile/8B117 Safari/6531.22.7 (compatible; Googlebot-Mobile/2.1; +http://www.google.com/bot.html)"
5.10.83.16 - - [05/Oct/2013:19:41:02 +0200] "GET /gebrauchtmaschinen.php HTTP/1.1" 200 6333 "-" "Mozilla/5.0 (compatible; AhrefsBot/5.0; +http://ahrefs.com/robot/)"
5.10.83.16 - - [05/Oct/2013:20:29:05 +0200] "GET /img/12042013641.jpg HTTP/1.1" 200 116307 "-" "Mozilla/5.0 (compatible; AhrefsBot/5.0; +http://ahrefs.com/robot/)"
5.10.83.85 - - [06/Oct/2013:00:38:47 +0200] "GET / HTTP/1.1" 200 6701 "-" "Mozilla/5.0 (compatible; AhrefsBot/5.0; +http://ahrefs.com/robot/)"
5.10.83.103 - - [06/Oct/2013:01:09:05 +0200] "GET /unternehmen.php HTTP/1.1" 200 7130 "-" "Mozilla/5.0 (compatible; AhrefsBot/5.0; +http://ahrefs.com/robot/)"
208.115.113.89 - - [06/Oct/2013:01:29:55 +0200] "GET /robots.txt HTTP/1.1" 404 - "-" "Mozilla/5.0 (compatible; Ezooms/1.0; ezooms.bot@gmail.com)"
157.55.33.15 - - [06/Oct/2013:01:42:58 +0200] "GET /robots.txt HTTP/1.1" 404 - "-" "Mozilla/5.0 (compatible; bingbot/2.0; +http://www.bing.com/bingbot.htm)"
157.55.33.15 - - [06/Oct/2013:01:43:31 +0200] "GET /impressum.php HTTP/1.1" 200 7923 "-" "Mozilla/5.0 (compatible; bingbot/2.0; +http://www.bing.com/bingbot.htm)"
66.249.78.76 - - [06/Oct/2013:01:44:43 +0200] "GET /robots.txt HTTP/1.1" 404 - "-" "Mozilla/5.0 (compatible; Googlebot/2.1; +http://www.google.com/bot.html)"
66.249.78.76 - - [06/Oct/2013:01:44:43 +0200] "GET /aktuelles.php HTTP/1.1" 200 12088 "-" "Mozilla/5.0 (iPhone; U; CPU iPhone OS 4_1 like Mac OS X; en-us) AppleWebKit/532.9 (KHTML, like Gecko) Version/4.0.5 Mobile/8B117 Safari/6531.22.7 (compatible; Googlebot-Mobile/2.1; +http://www.google.com/bot.html)"
208.115.113.89 - - [06/Oct/2013:01:51:55 +0200] "GET / HTTP/1.1" 200 6701 "-" "Mozilla/5.0 (compatible; Ezooms/1.0; ezooms.bot@gmail.com)"
157.55.33.15 - - [06/Oct/2013:01:57:11 +0200] "GET / HTTP/1.1" 200 6701 "-" "Mozilla/5.0 (compatible; bingbot/2.0; +http://www.bing.com/bingbot.htm)"
89.122.29.82 - - [06/Oct/2013:04:36:22 +0200] "GET / HTTP/1.1" 200 6701 "-" "Java/1.6.0_04"
89.122.29.82 - - [06/Oct/2013:04:36:22 +0200] "GET /index.php HTTP/1.1" 200 6701 "-" "Java/1.6.0_04"
89.122.29.82 - - [06/Oct/2013:04:36:22 +0200] "GET /jquery-1.4.3.min.js HTTP/1.1" 200 77746 "-" "Java/1.6.0_04"
89.122.29.82 - - [06/Oct/2013:04:36:23 +0200] "GET /jquery.cross-slide.js HTTP/1.1" 200 11724 "-" "Java/1.6.0_04"
89.122.29.82 - - [06/Oct/2013:04:36:23 +0200] "GET /swfobject.js HTTP/1.1" 200 6880 "-" "Java/1.6.0_04"
89.122.29.82 - - [06/Oct/2013:04:36:23 +0200] "GET /verkauf.php HTTP/1.1" 200 6643 "-" "Java/1.6.0_04"
89.122.29.82 - - [06/Oct/2013:04:36:23 +0200] "GET /vermietung.php HTTP/1.1" 200 6428 "-" "Java/1.6.0_04"
89.122.29.82 - - [06/Oct/2013:04:36:24 +0200] "GET /)h.html(f?c( HTTP/1.1" 404 - "-" "Java/1.6.0_04"
89.122.29.82 - - [06/Oct/2013:04:36:24 +0200] "GET /]};O.optgroup=O.option;O.tbody=O.tfoot=O.colgroup=O.caption=O.thead;O.th=O.td;if(!c.support.htmlSerialize)O._default=[1, HTTP/1.1" 404 - "-" "Java/1.6.0_04"
89.122.29.82 - - [06/Oct/2013:04:36:24 +0200] "GET /./aktuelles.php HTTP/1.1" 200 12088 "-" "Java/1.6.0_04"
89.122.29.82 - - [06/Oct/2013:04:36:25 +0200] "GET /./angebote.php HTTP/1.1" 200 8546 "-" "Java/1.6.0_04"
89.122.29.82 - - [06/Oct/2013:04:36:25 +0200] "GET /./gebrauchtmaschinen.php HTTP/1.1" 200 6333 "-" "Java/1.6.0_04"
89.122.29.82 - - [06/Oct/2013:04:36:25 +0200] "GET /./impressum.php HTTP/1.1" 200 7923 "-" "Java/1.6.0_04"
89.122.29.82 - - [06/Oct/2013:04:36:25 +0200] "GET /./index.php HTTP/1.1" 200 6701 "-" "Java/1.6.0_04"
89.122.29.82 - - [06/Oct/2013:04:36:25 +0200] "GET /./kontakt.php HTTP/1.1" 200 6950 "-" "Java/1.6.0_04"
89.122.29.82 - - [06/Oct/2013:04:36:26 +0200] "GET /./leistungen.php HTTP/1.1" 200 8067 "-" "Java/1.6.0_04"
89.122.29.82 - - [06/Oct/2013:04:36:26 +0200] "GET /./unternehmen.php HTTP/1.1" 200 7130 "-" "Java/1.6.0_04"
89.122.29.82 - - [06/Oct/2013:04:36:26 +0200] "GET /./verkauf.php HTTP/1.1" 200 6643 "-" "Java/1.6.0_04"
89.122.29.82 - - [06/Oct/2013:04:36:26 +0200] "GET /./vermietung.php HTTP/1.1" 200 6428 "-" "Java/1.6.0_04"
89.122.29.82 - - [06/Oct/2013:04:36:27 +0200] "GET /{0} HTTP/1.1" 404 - "-" "Java/1.6.0_04"
89.122.29.82 - - [06/Oct/2013:04:36:27 +0200] "GET /{1} HTTP/1.1" 404 - "-" "Java/1.6.0_04"
89.122.29.82 - - [06/Oct/2013:04:36:27 +0200] "GET /./jquery-1.4.3.min.js HTTP/1.1" 200 77746 "-" "Java/1.6.0_04"
89.122.29.82 - - [06/Oct/2013:04:36:28 +0200] "GET /./jquery.cross-slide.js HTTP/1.1" 200 11724 "-" "Java/1.6.0_04"
89.122.29.82 - - [06/Oct/2013:04:36:28 +0200] "GET /./swfobject.js HTTP/1.1" 200 6880 "-" "Java/1.6.0_04"
89.122.29.82 - - [06/Oct/2013:04:36:28 +0200] "GET /./)h.html(f?c( HTTP/1.1" 404 - "-" "Java/1.6.0_04"
89.122.29.82 - - [06/Oct/2013:04:36:28 +0200] "GET /./]};O.optgroup=O.option;O.tbody=O.tfoot=O.colgroup=O.caption=O.thead;O.th=O.td;if(!c.support.htmlSerialize)O._default=[1, HTTP/1.1" 404 - "-" "Java/1.6.0_04"
89.122.29.82 - - [06/Oct/2013:04:36:28 +0200] "GET /./fancybox/jquery.fancybox-1.3.4.pack.js HTTP/1.1" 200 15624 "-" "Java/1.6.0_04"
