84.190.62.120 - - [25/Oct/2013:11:52:55 +0200] "GET /fancybox/fancy_shadow_w.png HTTP/1.1" 200 103 "-" "Mozilla/4.0 (compatible; MSIE 8.0; Windows NT 5.1; Trident/4.0; GTB7.5; .NET CLR 1.1.4322; OfficeLiveConnector.1.5; OfficeLivePatch.1.3; .NET CLR 2.0.50727; .NET CLR 3.0.4506.2152; .NET CLR 3.5.30729)"
84.190.62.120 - - [25/Oct/2013:11:52:55 +0200] "GET /fancybox/fancy_shadow_nw.png HTTP/1.1" 200 324 "-" "Mozilla/4.0 (compatible; MSIE 8.0; Windows NT 5.1; Trident/4.0; GTB7.5; .NET CLR 1.1.4322; OfficeLiveConnector.1.5; OfficeLivePatch.1.3; .NET CLR 2.0.50727; .NET CLR 3.0.4506.2152; .NET CLR 3.5.30729)"
84.190.62.120 - - [25/Oct/2013:11:52:59 +0200] "GET /kontakt.php HTTP/1.1" 200 6950 "http://www.groeger-bauaufzuege.de/" "Mozilla/4.0 (compatible; MSIE 8.0; Windows NT 5.1; Trident/4.0; GTB7.5; .NET CLR 1.1.4322; OfficeLiveConnector.1.5; OfficeLivePatch.1.3; .NET CLR 2.0.50727; .NET CLR 3.0.4506.2152; .NET CLR 3.5.30729)"
84.190.62.120 - - [25/Oct/2013:11:53:01 +0200] "GET /img/favicon.gif HTTP/1.1" 200 119 "-" "Mozilla/4.0 (compatible; MSIE 8.0; Windows NT 5.1; Trident/4.0; GTB7.5; .NET CLR 1.1.4322; OfficeLiveConnector.1.5; OfficeLivePatch.1.3; .NET CLR 2.0.50727; .NET CLR 3.0.4506.2152; .NET CLR 3.5.30729)"
66.249.78.76 - - [25/Oct/2013:12:33:39 +0200] "GET /link/20130604 HTTP/1.1" 302 - "-" "Mozilla/5.0 (iPhone; CPU iPhone OS 6_0 like Mac OS X) AppleWebKit/536.26 (KHTML, like Gecko) Version/6.0 Mobile/10A5376e Safari/8536.25 (compatible; Googlebot-Mobile/2.1; +http://www.google.com/bot.html)"
66.249.78.76 - - [25/Oct/2013:12:33:40 +0200] "GET /download/Boecker_Autokrane.pdf HTTP/1.1" 200 1994740 "-" "Mozilla/5.0 (iPhone; CPU iPhone OS 6_0 like Mac OS X) AppleWebKit/536.26 (KHTML, like Gecko) Version/6.0 Mobile/10A5376e Safari/8536.25 (compatible; Googlebot-Mobile/2.1; +http://www.google.com/bot.html)"
65.55.52.111 - - [25/Oct/2013:16:26:59 +0200] "GET /robots.txt HTTP/1.1" 404 - "-" "Mozilla/5.0 (compatible; bingbot/2.0; +http://www.bing.com/bingbot.htm)"
65.55.52.111 - - [25/Oct/2013:16:27:30 +0200] "GET / HTTP/1.1" 200 6701 "-" "Mozilla/5.0 (compatible; bingbot/2.0; +http://www.bing.com/bingbot.htm)"
66.249.74.20 - - [25/Oct/2013:16:57:50 +0200] "GET /robots.txt HTTP/1.1" 404 - "-" "Mozilla/5.0 (compatible; Googlebot/2.1; +http://www.google.com/bot.html)"
66.249.74.20 - - [25/Oct/2013:16:57:50 +0200] "GET / HTTP/1.1" 200 6701 "-" "Mozilla/5.0 (compatible; Googlebot/2.1; +http://www.google.com/bot.html)"
66.249.74.20 - - [25/Oct/2013:17:06:42 +0200] "GET /css/groeger.css HTTP/1.1" 200 5467 "-" "Mozilla/5.0 (compatible; Googlebot/2.1; +http://www.google.com/bot.html)"
66.249.74.20 - - [25/Oct/2013:17:06:45 +0200] "GET /fancybox/jquery.fancybox-1.3.4.css HTTP/1.1" 200 8494 "-" "Mozilla/5.0 (compatible; Googlebot/2.1; +http://www.google.com/bot.html)"
208.115.111.73 - - [25/Oct/2013:19:18:44 +0200] "GET /robots.txt HTTP/1.1" 404 - "-" "Mozilla/5.0 (compatible; Ezooms/1.0; ezooms.bot@gmail.com)"
66.249.74.20 - - [25/Oct/2013:20:21:45 +0200] "GET /vermietung.php HTTP/1.1" 200 6428 "-" "Mozilla/5.0 (iPhone; CPU iPhone OS 6_0 like Mac OS X) AppleWebKit/536.26 (KHTML, like Gecko) Version/6.0 Mobile/10A5376e Safari/8536.25 (compatible; Googlebot-Mobile/2.1; +http://www.google.com/bot.html)"
208.115.111.73 - - [25/Oct/2013:21:05:37 +0200] "GET /verkauf.php HTTP/1.1" 200 6643 "-" "Mozilla/5.0 (compatible; Ezooms/1.0; ezooms.bot@gmail.com)"
94.134.52.6 - - [25/Oct/2013:22:35:00 +0200] "GET /link/20130604 HTTP/1.1" 302 - "http://www.google.de/url?sa=t&rct=j&q=&esrc=s&frm=1&source=web&cd=7&ved=0CHQQFjAG&url=http%3A%2F%2Fwww.groeger-bauaufzuege.de%2Flink%2F20130604&ei=ydRqUtP9JMKOtQarvIFQ&usg=AFQjCNH7n0JWsj0YUlmDsnhJafP1MmHIUA" "Mozilla/5.0 (compatible; MSIE 9.0; Windows NT 6.0; Trident/5.0; tb-gmx/2.4.0)"
94.134.52.6 - - [25/Oct/2013:22:35:00 +0200] "GET /download/Boecker_Autokrane.pdf HTTP/1.1" 200 1994740 "http://www.google.de/url?sa=t&rct=j&q=&esrc=s&frm=1&source=web&cd=7&ved=0CHQQFjAG&url=http%3A%2F%2Fwww.groeger-bauaufzuege.de%2Flink%2F20130604&ei=ydRqUtP9JMKOtQarvIFQ&usg=AFQjCNH7n0JWsj0YUlmDsnhJafP1MmHIUA" "Mozilla/5.0 (compatible; MSIE 9.0; Windows NT 6.0; Trident/5.0; tb-gmx/2.4.0)"
94.134.52.6 - - [25/Oct/2013:22:35:01 +0200] "GET /download/Boecker_Autokrane.pdf HTTP/1.1" 206 68797 "-" "Mozilla/5.0 (compatible; MSIE 9.0; Windows NT 6.0; Trident/5.0; tb-gmx/2.4.0)"
94.134.52.6 - - [25/Oct/2013:22:35:01 +0200] "GET /download/Boecker_Autokrane.pdf HTTP/1.1" 206 450 "-" "Mozilla/5.0 (compatible; MSIE 9.0; Windows NT 6.0; Trident/5.0; tb-gmx/2.4.0)"
94.134.52.6 - - [25/Oct/2013:22:35:02 +0200] "GET /download/Boecker_Autokrane.pdf HTTP/1.1" 206 535451 "-" "Mozilla/5.0 (compatible; MSIE 9.0; Windows NT 6.0; Trident/5.0; tb-gmx/2.4.0)"
94.134.52.6 - - [25/Oct/2013:22:35:06 +0200] "GET /download/Boecker_Autokrane.pdf HTTP/1.1" 206 680335 "-" "Mozilla/5.0 (compatible; MSIE 9.0; Windows NT 6.0; Trident/5.0; tb-gmx/2.4.0)"
94.134.52.6 - - [25/Oct/2013:22:35:09 +0200] "GET /download/Boecker_Autokrane.pdf HTTP/1.1" 206 4096 "-" "Mozilla/5.0 (compatible; MSIE 9.0; Windows NT 6.0; Trident/5.0; tb-gmx/2.4.0)"
94.134.52.6 - - [25/Oct/2013:22:35:09 +0200] "GET /download/Boecker_Autokrane.pdf HTTP/1.1" 206 3072 "-" "Mozilla/5.0 (compatible; MSIE 9.0; Windows NT 6.0; Trident/5.0; tb-gmx/2.4.0)"
94.134.52.6 - - [25/Oct/2013:22:35:08 +0200] "GET /download/Boecker_Autokrane.pdf HTTP/1.1" 206 566696 "-" "Mozilla/5.0 (compatible; MSIE 9.0; Windows NT 6.0; Trident/5.0; tb-gmx/2.4.0)"
94.134.52.6 - - [25/Oct/2013:22:35:10 +0200] "GET /download/Boecker_Autokrane.pdf HTTP/1.1" 206 26797 "-" "Mozilla/5.0 (compatible; MSIE 9.0; Windows NT 6.0; Trident/5.0; tb-gmx/2.4.0)"
94.134.52.6 - - [25/Oct/2013:22:35:10 +0200] "GET /download/Boecker_Autokrane.pdf HTTP/1.1" 206 4096 "-" "Mozilla/5.0 (compatible; MSIE 9.0; Windows NT 6.0; Trident/5.0; tb-gmx/2.4.0)"
94.134.52.6 - - [25/Oct/2013:22:35:11 +0200] "GET /download/Boecker_Autokrane.pdf HTTP/1.1" 206 296 "-" "Mozilla/5.0 (compatible; MSIE 9.0; Windows NT 6.0; Trident/5.0; tb-gmx/2.4.0)"
94.134.52.6 - - [25/Oct/2013:22:35:11 +0200] "GET /download/Boecker_Autokrane.pdf HTTP/1.1" 206 26350 "-" "Mozilla/5.0 (compatible; MSIE 9.0; Windows NT 6.0; Trident/5.0; tb-gmx/2.4.0)"
38.111.147.84 - - [26/Oct/2013:01:34:22 +0200] "GET /robots.txt HTTP/1.0" 404 - "-" "TurnitinBot/2.1 (http://www.turnitin.com/robot/crawlerinfo.html)"
38.111.147.84 - - [26/Oct/2013:01:34:27 +0200] "GET /download/Newsletter_Groeger_2012-11.pdf HTTP/1.0" 304 - "-" "TurnitinBot/2.1 (http://www.turnitin.com/robot/crawlerinfo.html)"
38.111.147.84 - - [26/Oct/2013:01:34:57 +0200] "GET /download/Newsletter_Groeger_2012-09.pdf HTTP/1.0" 304 - "-" "TurnitinBot/2.1 (http://www.turnitin.com/robot/crawlerinfo.html)"
38.111.147.84 - - [26/Oct/2013:01:35:27 +0200] "GET /download/Newsletter_Groeger_2012-06.pdf HTTP/1.0" 304 - "-" "TurnitinBot/2.1 (http://www.turnitin.com/robot/crawlerinfo.html)"
38.111.147.84 - - [26/Oct/2013:01:35:57 +0200] "GET /download/Newsletter_Groeger_11-06_Innung.pdf HTTP/1.0" 304 - "-" "TurnitinBot/2.1 (http://www.turnitin.com/robot/crawlerinfo.html)"
38.111.147.84 - - [26/Oct/2013:01:36:27 +0200] "GET /download/Newsletter-Groeger-Dachdecker-2011-04.pdf HTTP/1.0" 304 - "-" "TurnitinBot/2.1 (http://www.turnitin.com/robot/crawlerinfo.html)"
38.111.147.84 - - [26/Oct/2013:01:36:57 +0200] "GET /download/Groeger-Newsletter-Dachdecker11.pdf HTTP/1.0" 304 - "-" "TurnitinBot/2.1 (http://www.turnitin.com/robot/crawlerinfo.html)"
38.111.147.84 - - [26/Oct/2013:01:37:27 +0200] "GET /download/Lift_D.pdf HTTP/1.0" 304 - "-" "TurnitinBot/2.1 (http://www.turnitin.com/robot/crawlerinfo.html)"
38.111.147.84 - - [26/Oct/2013:01:37:57 +0200] "GET /download/Geda-Zubehoer.pdf HTTP/1.0" 304 - "-" "TurnitinBot/2.1 (http://www.turnitin.com/robot/crawlerinfo.html)"
38.111.147.84 - - [26/Oct/2013:01:38:27 +0200] "GET /download/Newsletter_Groeger_2013-04.pdf HTTP/1.0" 304 - "-" "TurnitinBot/2.1 (http://www.turnitin.com/robot/crawlerinfo.html)"
38.111.147.84 - - [26/Oct/2013:01:38:57 +0200] "GET /download/Newsletter_Groeger_2013-06.pdf HTTP/1.0" 304 - "-" "TurnitinBot/2.1 (http://www.turnitin.com/robot/crawlerinfo.html)"
85.186.103.66 - - [26/Oct/2013:01:46:33 +0200] "GET / HTTP/1.1" 200 6701 "-" "-"
65.55.52.111 - - [26/Oct/2013:02:54:56 +0200] "GET /robots.txt HTTP/1.1" 404 - "-" "Mozilla/5.0 (compatible; bingbot/2.0; +http://www.bing.com/bingbot.htm)"
65.55.52.111 - - [26/Oct/2013:02:57:47 +0200] "GET / HTTP/1.1" 200 6701 "-" "Mozilla/5.0 (compatible; bingbot/2.0; +http://www.bing.com/bingbot.htm)"
66.249.74.20 - - [26/Oct/2013:03:52:30 +0200] "GET /leistungen.php HTTP/1.1" 200 8067 "-" "DoCoMo/2.0 N905i(c100;TB;W24H16) (compatible; Googlebot-Mobile/2.1; +http://www.google.com/bot.html)"
157.55.33.23 - - [26/Oct/2013:06:45:02 +0200] "GET /robots.txt HTTP/1.1" 404 - "-" "Mozilla/5.0 (compatible; bingbot/2.0; +http://www.bing.com/bingbot.htm)"
157.55.33.23 - - [26/Oct/2013:06:51:28 +0200] "GET /gebrauchtmaschinen.php HTTP/1.1" 200 6333 "-" "Mozilla/5.0 (compatible; bingbot/2.0; +http://www.bing.com/bingbot.htm)"
66.249.74.20 - - [26/Oct/2013:07:26:12 +0200] "GET /robots.txt HTTP/1.1" 404 - "-" "Mozilla/5.0 (compatible; Googlebot/2.1; +http://www.google.com/bot.html)"
66.249.74.20 - - [26/Oct/2013:07:26:13 +0200] "GET /download/Lift_D.pdf HTTP/1.1" 304 - "-" "SAMSUNG-SGH-E250/1.0 Profile/MIDP-2.0 Configuration/CLDC-1.1 UP.Browser/6.2.3.3.c.1.101 (GUI) MMP/2.0 (compatible; Googlebot-Mobile/2.1; +http://www.google.com/bot.html)"
87.123.107.77 - - [26/Oct/2013:07:27:59 +0200] "GET /kontakt.php HTTP/1.1" 200 6950 "-" "Mozilla/5.0 (iPhone; CPU iPhone OS 7_0_2 like Mac OS X) AppleWebKit/537.51.1 (KHTML, like Gecko) Version/7.0 Mobile/11A501 Safari/9537.53"
87.123.107.77 - - [26/Oct/2013:07:28:00 +0200] "GET /css/groeger.css HTTP/1.1" 200 5467 "http://www.groeger-bauaufzuege.de/kontakt.php" "Mozilla/5.0 (iPhone; CPU iPhone OS 7_0_2 like Mac OS X) AppleWebKit/537.51.1 (KHTML, like Gecko) Version/7.0 Mobile/11A501 Safari/9537.53"
87.123.107.77 - - [26/Oct/2013:07:28:00 +0200] "GET /fancybox/jquery.fancybox-1.3.4.css HTTP/1.1" 200 8494 "http://www.groeger-bauaufzuege.de/kontakt.php" "Mozilla/5.0 (iPhone; CPU iPhone OS 7_0_2 like Mac OS X) AppleWebKit/537.51.1 (KHTML, like Gecko) Version/7.0 Mobile/11A501 Safari/9537.53"
78.158.11.226 - - [26/Oct/2013:07:28:00 +0200] "GET /././././angebote.php HTTP/1.1" 200 8546 "http://evuln.com/tools/malware-scanner/www.groeger-bauaufzuege.de/" "Lynx/2.8.5rel.1 libwww-FM/2.15FC SSL-MM/1.4.1c OpenSSL/0.9.7e-dev"
87.123.107.77 - - [26/Oct/2013:07:28:00 +0200] "GET /swfobject.js HTTP/1.1" 200 6880 "http://www.groeger-bauaufzuege.de/kontakt.php" "Mozilla/5.0 (iPhone; CPU iPhone OS 7_0_2 like Mac OS X) AppleWebKit/537.51.1 (KHTML, like Gecko) Version/7.0 Mobile/11A501 Safari/9537.53"
78.158.11.226 - - [26/Oct/2013:07:28:00 +0200] "GET /././././angebote.php HTTP/1.1" 200 8546 "http://www.google.com/url?sa=t&rct=j&q=www.groeger-bauaufzuege.de&source=web&cd=5&ved=0CF0QFjAE&url=http:%2F%2Fwww.groeger-bauaufzuege.de%2F.%2F.%2F.%2F.%2Fangebote.php&cad=rja" "Lynx/2.8.5rel.1 libwww-FM/2.15FC SSL-MM/1.4.1c OpenSSL/0.9.7e-dev"
87.123.107.77 - - [26/Oct/2013:07:28:00 +0200] "GET /jquery.cross-slide.js HTTP/1.1" 200 11724 "http://www.groeger-bauaufzuege.de/kontakt.php" "Mozilla/5.0 (iPhone; CPU iPhone OS 7_0_2 like Mac OS X) AppleWebKit/537.51.1 (KHTML, like Gecko) Version/7.0 Mobile/11A501 Safari/9537.53"
87.123.107.77 - - [26/Oct/2013:07:28:00 +0200] "GET /fancybox/jquery.fancybox-1.3.4.pack.js HTTP/1.1" 200 15624 "http://www.groeger-bauaufzuege.de/kontakt.php" "Mozilla/5.0 (iPhone; CPU iPhone OS 7_0_2 like Mac OS X) AppleWebKit/537.51.1 (KHTML, like Gecko) Version/7.0 Mobile/11A501 Safari/9537.53"
78.158.11.226 - - [26/Oct/2013:07:28:00 +0200] "GET /././././angebote.php/./kontakt.php HTTP/1.1" 200 8546 "http://www.groeger-bauaufzuege.de/././././angebote.php" "Lynx/2.8.5rel.1 libwww-FM/2.15FC SSL-MM/1.4.1c OpenSSL/0.9.7e-dev"
87.123.107.77 - - [26/Oct/2013:07:28:00 +0200] "GET /jquery-1.4.3.min.js HTTP/1.1" 200 77746 "http://www.groeger-bauaufzuege.de/kontakt.php" "Mozilla/5.0 (iPhone; CPU iPhone OS 7_0_2 like Mac OS X) AppleWebKit/537.51.1 (KHTML, like Gecko) Version/7.0 Mobile/11A501 Safari/9537.53"
78.158.11.226 - - [26/Oct/2013:07:28:00 +0200] "GET / HTTP/1.1" 200 6701 "-" "Lynx/2.8.5rel.1 libwww-FM/2.15FC SSL-MM/1.4.1c OpenSSL/0.9.7e-dev"
87.123.107.77 - - [26/Oct/2013:07:28:01 +0200] "GET /img/bild_1.jpg HTTP/1.1" 200 44440 "http://www.groeger-bauaufzuege.de/kontakt.php" "Mozilla/5.0 (iPhone; CPU iPhone OS 7_0_2 like Mac OS X) AppleWebKit/537.51.1 (KHTML, like Gecko) Version/7.0 Mobile/11A501 Safari/9537.53"
87.123.107.77 - - [26/Oct/2013:07:28:01 +0200] "GET /img/logo_groeger.gif HTTP/1.1" 200 3605 "http://www.groeger-bauaufzuege.de/kontakt.php" "Mozilla/5.0 (iPhone; CPU iPhone OS 7_0_2 like Mac OS X) AppleWebKit/537.51.1 (KHTML, like Gecko) Version/7.0 Mobile/11A501 Safari/9537.53"
87.123.107.77 - - [26/Oct/2013:07:28:01 +0200] "GET /img/grauverlauf.png HTTP/1.1" 200 3242 "http://www.groeger-bauaufzuege.de/kontakt.php" "Mozilla/5.0 (iPhone; CPU iPhone OS 7_0_2 like Mac OS X) AppleWebKit/537.51.1 (KHTML, like Gecko) Version/7.0 Mobile/11A501 Safari/9537.53"
87.123.107.77 - - [26/Oct/2013:07:28:01 +0200] "GET /img/bild_2.jpg HTTP/1.1" 200 53191 "http://www.groeger-bauaufzuege.de/kontakt.php" "Mozilla/5.0 (iPhone; CPU iPhone OS 7_0_2 like Mac OS X) AppleWebKit/537.51.1 (KHTML, like Gecko) Version/7.0 Mobile/11A501 Safari/9537.53"
87.123.107.77 - - [26/Oct/2013:07:28:01 +0200] "GET /img/bild_3.jpg HTTP/1.1" 200 57915 "http://www.groeger-bauaufzuege.de/kontakt.php" "Mozilla/5.0 (iPhone; CPU iPhone OS 7_0_2 like Mac OS X) AppleWebKit/537.51.1 (KHTML, like Gecko) Version/7.0 Mobile/11A501 Safari/9537.53"
87.123.107.77 - - [26/Oct/2013:07:28:01 +0200] "GET /img/bild_4.jpg HTTP/1.1" 200 45325 "http://www.groeger-bauaufzuege.de/kontakt.php" "Mozilla/5.0 (iPhone; CPU iPhone OS 7_0_2 like Mac OS X) AppleWebKit/537.51.1 (KHTML, like Gecko) Version/7.0 Mobile/11A501 Safari/9537.53"
157.56.229.246 - - [26/Oct/2013:07:57:17 +0200] "GET /gebrauchtmaschinen.php HTTP/1.1" 200 6333 "-" "Mozilla/5.0 (compatible; bingbot/2.0; +http://www.bing.com/bingbot.htm)"
62.227.94.188 - - [26/Oct/2013:08:07:43 +0200] "GET /download/Newsletter_Groeger_11-06_Innung.pdf HTTP/1.1" 200 422119 "http://avira.search.ask.com/web?locale=de_DE&o=APN10261&l=dis&tpr=5&gct=kwd&q=Geda+Lift+250+Comfort" "Mozilla/5.0 (Windows NT 6.1; WOW64) AppleWebKit/537.36 (KHTML, like Gecko) Chrome/30.0.1599.101 Safari/537.36"
62.227.94.188 - - [26/Oct/2013:08:07:43 +0200] "GET /download/Newsletter_Groeger_11-06_Innung.pdf HTTP/1.1" 200 422119 "http://avira.search.ask.com/web?locale=de_DE&o=APN10261&l=dis&tpr=5&gct=kwd&q=Geda+Lift+250+Comfort" "Mozilla/5.0 (Windows NT 6.1; WOW64) AppleWebKit/537.36 (KHTML, like Gecko) Chrome/30.0.1599.101 Safari/537.36"
62.227.94.188 - - [26/Oct/2013:08:07:45 +0200] "GET /favicon.ico HTTP/1.1" 404 - "-" "Mozilla/5.0 (Windows NT 6.1; WOW64) AppleWebKit/537.36 (KHTML, like Gecko) Chrome/30.0.1599.101 Safari/537.36"
62.227.94.188 - - [26/Oct/2013:08:07:45 +0200] "GET /favicon.ico HTTP/1.1" 404 - "-" "Mozilla/5.0 (Windows NT 6.1; WOW64) AppleWebKit/537.36 (KHTML, like Gecko) Chrome/30.0.1599.101 Safari/537.36"
66.249.74.20 - - [26/Oct/2013:08:21:37 +0200] "GET / HTTP/1.1" 200 6701 "-" "Mozilla/5.0 (iPhone; CPU iPhone OS 6_0 like Mac OS X) AppleWebKit/536.26 (KHTML, like Gecko) Version/6.0 Mobile/10A5376e Safari/8536.25 (compatible; Googlebot-Mobile/2.1; +http://www.google.com/bot.html)"
157.55.33.81 - - [26/Oct/2013:08:36:48 +0200] "GET /robots.txt HTTP/1.1" 404 - "-" "Mozilla/5.0 (compatible; bingbot/2.0; +http://www.bing.com/bingbot.htm)"
157.55.33.81 - - [26/Oct/2013:08:46:22 +0200] "GET /gebrauchtmaschinen.php HTTP/1.1" 200 6333 "-" "Mozilla/5.0 (compatible; bingbot/2.0; +http://www.bing.com/bingbot.htm)"
65.55.52.115 - - [26/Oct/2013:09:06:23 +0200] "GET /gebrauchtmaschinen.php HTTP/1.1" 200 6333 "-" "Mozilla/5.0 (compatible; bingbot/2.0; +http://www.bing.com/bingbot.htm)"
66.249.74.20 - - [26/Oct/2013:09:19:28 +0200] "GET /aktuelles.php HTTP/1.1" 200 12088 "-" "Mozilla/5.0 (compatible; Googlebot/2.1; +http://www.google.com/bot.html)"
157.55.32.154 - - [26/Oct/2013:09:31:28 +0200] "GET /gebrauchtmaschinen.php HTTP/1.1" 200 6333 "-" "Mozilla/5.0 (compatible; bingbot/2.0; +http://www.bing.com/bingbot.htm)"
66.249.74.20 - - [26/Oct/2013:10:02:47 +0200] "GET /verkauf.php HTTP/1.1" 200 6643 "-" "Mozilla/5.0 (iPhone; CPU iPhone OS 6_0 like Mac OS X) AppleWebKit/536.26 (KHTML, like Gecko) Version/6.0 Mobile/10A5376e Safari/8536.25 (compatible; Googlebot-Mobile/2.1; +http://www.google.com/bot.html)"
85.214.82.68 - - [26/Oct/2013:10:10:39 +0200] "GET / HTTP/1.1" 200 6701 "-" "Cliqzbot/0.1 (+http://cliqz.com/company/cliqzbot)"
66.249.74.20 - - [26/Oct/2013:10:26:48 +0200] "GET /angebote.php HTTP/1.1" 200 8546 "-" "Mozilla/5.0 (compatible; Googlebot/2.1; +http://www.google.com/bot.html)"
65.55.52.111 - - [26/Oct/2013:11:06:25 +0200] "GET /robots.txt HTTP/1.1" 404 - "-" "Mozilla/5.0 (compatible; bingbot/2.0; +http://www.bing.com/bingbot.htm)"
65.55.52.111 - - [26/Oct/2013:11:08:12 +0200] "GET / HTTP/1.1" 200 6701 "-" "Mozilla/5.0 (compatible; bingbot/2.0; +http://www.bing.com/bingbot.htm)"
66.249.74.20 - - [26/Oct/2013:11:20:14 +0200] "GET /impressum.php HTTP/1.1" 200 7923 "-" "Mozilla/5.0 (compatible; Googlebot/2.1; +http://www.google.com/bot.html)"
66.249.74.20 - - [26/Oct/2013:11:25:43 +0200] "GET /gebrauchtmaschinen.php HTTP/1.1" 200 6333 "-" "Mozilla/5.0 (compatible; Googlebot/2.1; +http://www.google.com/bot.html)"
66.249.74.20 - - [26/Oct/2013:11:30:25 +0200] "GET /leistungen.php HTTP/1.1" 200 8067 "-" "Mozilla/5.0 (compatible; Googlebot/2.1; +http://www.google.com/bot.html)"
66.249.74.20 - - [26/Oct/2013:11:35:04 +0200] "GET /link/20130604 HTTP/1.1" 302 - "-" "Mozilla/5.0 (compatible; Googlebot/2.1; +http://www.google.com/bot.html)"
66.249.74.20 - - [26/Oct/2013:11:35:05 +0200] "GET /download/Boecker_Autokrane.pdf HTTP/1.1" 200 1994740 "-" "Mozilla/5.0 (compatible; Googlebot/2.1; +http://www.google.com/bot.html)"
66.249.74.20 - - [26/Oct/2013:12:15:17 +0200] "GET /download/Newsletter-Groeger-Dachdecker-2011-04.pdf HTTP/1.1" 304 - "-" "Mozilla/5.0 (compatible; Googlebot/2.1; +http://www.google.com/bot.html)"
66.249.74.20 - - [26/Oct/2013:12:29:19 +0200] "GET /verkauf.php HTTP/1.1" 200 6643 "-" "Mozilla/5.0 (compatible; Googlebot/2.1; +http://www.google.com/bot.html)"
66.249.74.20 - - [26/Oct/2013:12:31:11 +0200] "GET /link/20130402 HTTP/1.1" 302 - "-" "Mozilla/5.0 (compatible; Googlebot/2.1; +http://www.google.com/bot.html)"
66.249.74.20 - - [26/Oct/2013:12:31:12 +0200] "GET /download/Boecker_Angebot_JuniorHD18_EasyLine.pdf HTTP/1.1" 200 202821 "-" "Mozilla/5.0 (compatible; Googlebot/2.1; +http://www.google.com/bot.html)"
66.249.74.20 - - [26/Oct/2013:12:51:46 +0200] "GET /unternehmen.php HTTP/1.1" 200 7130 "-" "Mozilla/5.0 (compatible; Googlebot/2.1; +http://www.google.com/bot.html)"
66.249.74.20 - - [26/Oct/2013:13:21:41 +0200] "GET /download/boecker_auf_achse_2011.pdf HTTP/1.1" 200 1766601 "-" "Mozilla/5.0 (compatible; Googlebot/2.1; +http://www.google.com/bot.html)"
66.249.74.20 - - [26/Oct/2013:13:24:30 +0200] "GET /vermietung.php HTTP/1.1" 200 6428 "-" "Mozilla/5.0 (compatible; Googlebot/2.1; +http://www.google.com/bot.html)"
66.249.74.20 - - [26/Oct/2013:13:26:22 +0200] "GET /download/Newsletter_Groeger_2013-09.pdf HTTP/1.1" 304 - "-" "Mozilla/5.0 (compatible; Googlebot/2.1; +http://www.google.com/bot.html)"
66.249.78.76 - - [26/Oct/2013:13:32:55 +0200] "GET /robots.txt HTTP/1.1" 404 - "-" "Mozilla/5.0 (compatible; Googlebot/2.1; +http://www.google.com/bot.html)"
66.249.78.76 - - [26/Oct/2013:13:32:55 +0200] "GET /download/Boecker_Angebote_Easyline.pdf HTTP/1.1" 200 649684 "-" "Mozilla/5.0 (compatible; Googlebot/2.1; +http://www.google.com/bot.html)"
87.240.246.84 - - [26/Oct/2013:13:43:00 +0200] "GET /link/20130604 HTTP/1.1" 302 - "http://www.google.com/url?sa=t&rct=j&q=&esrc=s&source=web&cd=6&ved=0CEwQFjAF&url=http%3A%2F%2Fwww.groeger-bauaufzuege.de%2Flink%2F20130604&ei=EaprUv-5K4zMswaRj4HQAw&usg=AFQjCNH7n0JWsj0YUlmDsnhJafP1MmHIUA&bvm=bv.55123115,d.Yms" "Mozilla/5.0 (Macintosh; Intel Mac OS X 10_9) AppleWebKit/537.71 (KHTML, like Gecko) Version/7.0 Safari/537.71"
87.240.246.84 - - [26/Oct/2013:13:43:01 +0200] "GET /download/Boecker_Autokrane.pdf HTTP/1.1" 200 1994740 "http://www.google.com/url?sa=t&rct=j&q=&esrc=s&source=web&cd=6&ved=0CEwQFjAF&url=http%3A%2F%2Fwww.groeger-bauaufzuege.de%2Flink%2F20130604&ei=EaprUv-5K4zMswaRj4HQAw&usg=AFQjCNH7n0JWsj0YUlmDsnhJafP1MmHIUA&bvm=bv.55123115,d.Yms" "Mozilla/5.0 (Macintosh; Intel Mac OS X 10_9) AppleWebKit/537.71 (KHTML, like Gecko) Version/7.0 Safari/537.71"
87.240.246.84 - - [26/Oct/2013:13:43:02 +0200] "GET /favicon.ico HTTP/1.1" 404 - "http://www.groeger-bauaufzuege.de/download/Boecker_Autokrane.pdf" "Mozilla/5.0 (Macintosh; Intel Mac OS X 10_9) AppleWebKit/537.71 (KHTML, like Gecko) Version/7.0 Safari/537.71"
66.249.78.76 - - [26/Oct/2013:13:44:08 +0200] "GET /aktuelles.php HTTP/1.1" 200 12088 "-" "Mozilla/5.0 (compatible; Googlebot/2.1; +http://www.google.com/bot.html)"
66.249.78.76 - - [26/Oct/2013:14:19:40 +0200] "GET /download/Groeger-Newsletter-Dachdecker11.pdf HTTP/1.1" 304 - "-" "Mozilla/5.0 (compatible; Googlebot/2.1; +http://www.google.com/bot.html)"
66.249.78.76 - - [26/Oct/2013:14:30:54 +0200] "GET /download/Lift_D.pdf HTTP/1.1" 304 - "-" "Mozilla/5.0 (compatible; Googlebot/2.1; +http://www.google.com/bot.html)"
66.249.78.76 - - [26/Oct/2013:14:36:30 +0200] "GET /download/Newsletter_Groeger_11-06_Innung.pdf HTTP/1.1" 304 - "-" "Mozilla/5.0 (compatible; Googlebot/2.1; +http://www.google.com/bot.html)"
66.249.78.76 - - [26/Oct/2013:14:42:07 +0200] "GET /download/Newsletter_Groeger_2013-06.pdf HTTP/1.1" 304 - "-" "Mozilla/5.0 (compatible; Googlebot/2.1; +http://www.google.com/bot.html)"
199.30.20.152 - - [26/Oct/2013:14:42:38 +0200] "GET /robots.txt HTTP/1.1" 404 - "-" "msnbot-media/1.1 (+http://search.msn.com/msnbot.htm)"
199.30.20.152 - - [26/Oct/2013:14:42:38 +0200] "GET /img/geda_maxi.jpg HTTP/1.1" 200 12151 "-" "msnbot-media/1.1 (+http://search.msn.com/msnbot.htm)"
66.249.78.76 - - [26/Oct/2013:14:47:44 +0200] "GET /download/Newsletter_Groeger_2012-06.pdf HTTP/1.1" 304 - "-" "Mozilla/5.0 (compatible; Googlebot/2.1; +http://www.google.com/bot.html)"
65.55.52.111 - - [26/Oct/2013:15:05:52 +0200] "GET /robots.txt HTTP/1.1" 404 - "-" "Mozilla/5.0 (compatible; bingbot/2.0; +http://www.bing.com/bingbot.htm)"
65.55.52.111 - - [26/Oct/2013:15:07:16 +0200] "GET / HTTP/1.1" 200 6701 "-" "Mozilla/5.0 (compatible; bingbot/2.0; +http://www.bing.com/bingbot.htm)"
66.249.78.76 - - [26/Oct/2013:15:35:26 +0200] "GET /download/Newsletter_Groeger_2013-04.pdf HTTP/1.1" 304 - "-" "Mozilla/5.0 (compatible; Googlebot/2.1; +http://www.google.com/bot.html)"
66.249.78.76 - - [26/Oct/2013:15:38:14 +0200] "GET /angebote.php HTTP/1.1" 200 8546 "-" "Mozilla/5.0 (compatible; Googlebot/2.1; +http://www.google.com/bot.html)"
65.55.52.111 - - [26/Oct/2013:15:55:43 +0200] "GET / HTTP/1.1" 200 6701 "-" "Mozilla/5.0 (compatible; bingbot/2.0; +http://www.bing.com/bingbot.htm)"
199.30.24.50 - - [26/Oct/2013:15:55:46 +0200] "GET /fancybox/jquery.fancybox-1.3.4.pack.js HTTP/1.1" 200 15624 "http://www.groeger-bauaufzuege.de/" "Mozilla/5.0 (Windows NT 6.1; WOW64) AppleWebKit/534+ (KHTML, like Gecko) BingPreview/1.0b"
199.30.24.50 - - [26/Oct/2013:15:55:46 +0200] "GET /fancybox/jquery.fancybox-1.3.4.css HTTP/1.1" 200 8494 "http://www.groeger-bauaufzuege.de/" "Mozilla/5.0 (Windows NT 6.1; WOW64) AppleWebKit/534+ (KHTML, like Gecko) BingPreview/1.0b"
199.30.24.50 - - [26/Oct/2013:15:55:47 +0200] "GET /img/pfeil.png HTTP/1.1" 200 840 "http://www.groeger-bauaufzuege.de/" "Mozilla/5.0 (Windows NT 6.1; WOW64) AppleWebKit/534+ (KHTML, like Gecko) BingPreview/1.0b"
199.30.24.50 - - [26/Oct/2013:15:55:48 +0200] "GET /img/groeger_web.jpg HTTP/1.1" 200 10877 "http://www.groeger-bauaufzuege.de/" "Mozilla/5.0 (Windows NT 6.1; WOW64) AppleWebKit/534+ (KHTML, like Gecko) BingPreview/1.0b"
65.55.52.111 - - [26/Oct/2013:16:02:35 +0200] "GET / HTTP/1.1" 200 6701 "-" "Mozilla/5.0 (compatible; bingbot/2.0; +http://www.bing.com/bingbot.htm)"
66.249.78.76 - - [26/Oct/2013:16:16:38 +0200] "GET /link/20130604 HTTP/1.1" 302 - "-" "Mozilla/5.0 (compatible; Googlebot/2.1; +http://www.google.com/bot.html)"
66.249.78.76 - - [26/Oct/2013:16:16:39 +0200] "GET /download/Boecker_Autokrane.pdf HTTP/1.1" 200 1994740 "-" "Mozilla/5.0 (compatible; Googlebot/2.1; +http://www.google.com/bot.html)"
66.249.78.76 - - [26/Oct/2013:16:20:23 +0200] "GET /leistungen.php HTTP/1.1" 200 8067 "-" "Mozilla/5.0 (compatible; Googlebot/2.1; +http://www.google.com/bot.html)"
79.235.220.62 - - [26/Oct/2013:17:05:59 +0200] "GET / HTTP/1.1" 200 6701 "http://suche.t-online.de/fast-cgi/tsc?q=senkrechtbauaufzug&tstmp=1382799850390&adtest=&mandant=toi&dia=suche&context=internet-tab&ptl=ad&start=0&num=10&cr=&sb=top" "Mozilla/4.0 (compatible; MSIE 7.0; TOB 6.11; Windows NT 5.1; .NET CLR 1.1.4322; .NET CLR 2.0.50727; .NET CLR 3.0.04506.30; .NET CLR 3.0.4506.2152; .NET CLR 3.5.30729)"
79.235.220.62 - - [26/Oct/2013:17:05:59 +0200] "GET /css/groeger.css HTTP/1.1" 200 5467 "http://www.groeger-bauaufzuege.de/" "Mozilla/4.0 (compatible; MSIE 7.0; TOB 6.11; Windows NT 5.1; .NET CLR 1.1.4322; .NET CLR 2.0.50727; .NET CLR 3.0.04506.30; .NET CLR 3.0.4506.2152; .NET CLR 3.5.30729)"
79.235.220.62 - - [26/Oct/2013:17:05:59 +0200] "GET /swfobject.js HTTP/1.1" 200 6880 "http://www.groeger-bauaufzuege.de/" "Mozilla/4.0 (compatible; MSIE 7.0; TOB 6.11; Windows NT 5.1; .NET CLR 1.1.4322; .NET CLR 2.0.50727; .NET CLR 3.0.04506.30; .NET CLR 3.0.4506.2152; .NET CLR 3.5.30729)"
79.235.220.62 - - [26/Oct/2013:17:06:00 +0200] "GET /jquery-1.4.3.min.js HTTP/1.1" 200 77746 "http://www.groeger-bauaufzuege.de/" "Mozilla/4.0 (compatible; MSIE 7.0; TOB 6.11; Windows NT 5.1; .NET CLR 1.1.4322; .NET CLR 2.0.50727; .NET CLR 3.0.04506.30; .NET CLR 3.0.4506.2152; .NET CLR 3.5.30729)"
79.235.220.62 - - [26/Oct/2013:17:06:00 +0200] "GET /jquery.cross-slide.js HTTP/1.1" 200 11724 "http://www.groeger-bauaufzuege.de/" "Mozilla/4.0 (compatible; MSIE 7.0; TOB 6.11; Windows NT 5.1; .NET CLR 1.1.4322; .NET CLR 2.0.50727; .NET CLR 3.0.04506.30; .NET CLR 3.0.4506.2152; .NET CLR 3.5.30729)"
79.235.220.62 - - [26/Oct/2013:17:06:00 +0200] "GET /fancybox/jquery.fancybox-1.3.4.pack.js HTTP/1.1" 200 15624 "http://www.groeger-bauaufzuege.de/" "Mozilla/4.0 (compatible; MSIE 7.0; TOB 6.11; Windows NT 5.1; .NET CLR 1.1.4322; .NET CLR 2.0.50727; .NET CLR 3.0.04506.30; .NET CLR 3.0.4506.2152; .NET CLR 3.5.30729)"
79.235.220.62 - - [26/Oct/2013:17:06:01 +0200] "GET /fancybox/jquery.fancybox-1.3.4.css HTTP/1.1" 200 8494 "http://www.groeger-bauaufzuege.de/" "Mozilla/4.0 (compatible; MSIE 7.0; TOB 6.11; Windows NT 5.1; .NET CLR 1.1.4322; .NET CLR 2.0.50727; .NET CLR 3.0.04506.30; .NET CLR 3.0.4506.2152; .NET CLR 3.5.30729)"
79.235.220.62 - - [26/Oct/2013:17:06:01 +0200] "GET /img/logo_groeger.gif HTTP/1.1" 200 3605 "http://www.groeger-bauaufzuege.de/" "Mozilla/4.0 (compatible; MSIE 7.0; TOB 6.11; Windows NT 5.1; .NET CLR 1.1.4322; .NET CLR 2.0.50727; .NET CLR 3.0.04506.30; .NET CLR 3.0.4506.2152; .NET CLR 3.5.30729)"
79.235.220.62 - - [26/Oct/2013:17:06:01 +0200] "GET /img/pfeil.png HTTP/1.1" 200 840 "http://www.groeger-bauaufzuege.de/" "Mozilla/4.0 (compatible; MSIE 7.0; TOB 6.11; Windows NT 5.1; .NET CLR 1.1.4322; .NET CLR 2.0.50727; .NET CLR 3.0.04506.30; .NET CLR 3.0.4506.2152; .NET CLR 3.5.30729)"
79.235.220.62 - - [26/Oct/2013:17:06:01 +0200] "GET /img/bild_1.jpg HTTP/1.1" 200 44440 "http://www.groeger-bauaufzuege.de/" "Mozilla/4.0 (compatible; MSIE 7.0; TOB 6.11; Windows NT 5.1; .NET CLR 1.1.4322; .NET CLR 2.0.50727; .NET CLR 3.0.04506.30; .NET CLR 3.0.4506.2152; .NET CLR 3.5.30729)"
79.235.220.62 - - [26/Oct/2013:17:06:01 +0200] "GET /img/grauverlauf.png HTTP/1.1" 200 3242 "http://www.groeger-bauaufzuege.de/" "Mozilla/4.0 (compatible; MSIE 7.0; TOB 6.11; Windows NT 5.1; .NET CLR 1.1.4322; .NET CLR 2.0.50727; .NET CLR 3.0.04506.30; .NET CLR 3.0.4506.2152; .NET CLR 3.5.30729)"
79.235.220.62 - - [26/Oct/2013:17:06:01 +0200] "GET /img/groeger_web.jpg HTTP/1.1" 200 10877 "http://www.groeger-bauaufzuege.de/" "Mozilla/4.0 (compatible; MSIE 7.0; TOB 6.11; Windows NT 5.1; .NET CLR 1.1.4322; .NET CLR 2.0.50727; .NET CLR 3.0.04506.30; .NET CLR 3.0.4506.2152; .NET CLR 3.5.30729)"
79.235.220.62 - - [26/Oct/2013:17:06:01 +0200] "GET /fancybox/fancybox.png HTTP/1.1" 200 15287 "http://www.groeger-bauaufzuege.de/" "Mozilla/4.0 (compatible; MSIE 7.0; TOB 6.11; Windows NT 5.1; .NET CLR 1.1.4322; .NET CLR 2.0.50727; .NET CLR 3.0.04506.30; .NET CLR 3.0.4506.2152; .NET CLR 3.5.30729)"
79.235.220.62 - - [26/Oct/2013:17:06:01 +0200] "GET /fancybox/blank.gif HTTP/1.1" 200 43 "http://www.groeger-bauaufzuege.de/" "Mozilla/4.0 (compatible; MSIE 7.0; TOB 6.11; Windows NT 5.1; .NET CLR 1.1.4322; .NET CLR 2.0.50727; .NET CLR 3.0.04506.30; .NET CLR 3.0.4506.2152; .NET CLR 3.5.30729)"
79.235.220.62 - - [26/Oct/2013:17:06:01 +0200] "GET /img/bild_2.jpg HTTP/1.1" 200 53191 "http://www.groeger-bauaufzuege.de/" "Mozilla/4.0 (compatible; MSIE 7.0; TOB 6.11; Windows NT 5.1; .NET CLR 1.1.4322; .NET CLR 2.0.50727; .NET CLR 3.0.04506.30; .NET CLR 3.0.4506.2152; .NET CLR 3.5.30729)"
79.235.220.62 - - [26/Oct/2013:17:06:01 +0200] "GET /img/bild_3.jpg HTTP/1.1" 200 57915 "http://www.groeger-bauaufzuege.de/" "Mozilla/4.0 (compatible; MSIE 7.0; TOB 6.11; Windows NT 5.1; .NET CLR 1.1.4322; .NET CLR 2.0.50727; .NET CLR 3.0.04506.30; .NET CLR 3.0.4506.2152; .NET CLR 3.5.30729)"
79.235.220.62 - - [26/Oct/2013:17:06:01 +0200] "GET /img/favicon.gif HTTP/1.1" 200 119 "-" "T-Online Browser"
79.235.220.62 - - [26/Oct/2013:17:06:01 +0200] "GET /img/bild_4.jpg HTTP/1.1" 200 45325 "http://www.groeger-bauaufzuege.de/" "Mozilla/4.0 (compatible; MSIE 7.0; TOB 6.11; Windows NT 5.1; .NET CLR 1.1.4322; .NET CLR 2.0.50727; .NET CLR 3.0.04506.30; .NET CLR 3.0.4506.2152; .NET CLR 3.5.30729)"
79.235.220.62 - - [26/Oct/2013:17:06:02 +0200] "GET /fancybox/fancy_shadow_n.png HTTP/1.1" 200 106 "-" "Mozilla/4.0 (compatible; MSIE 7.0; Windows NT 5.1; .NET CLR 1.1.4322; .NET CLR 2.0.50727; .NET CLR 3.0.04506.30; .NET CLR 3.0.4506.2152; .NET CLR 3.5.30729)"
79.235.220.62 - - [26/Oct/2013:17:06:02 +0200] "GET /fancybox/fancy_shadow_ne.png HTTP/1.1" 200 347 "-" "Mozilla/4.0 (compatible; MSIE 7.0; Windows NT 5.1; .NET CLR 1.1.4322; .NET CLR 2.0.50727; .NET CLR 3.0.04506.30; .NET CLR 3.0.4506.2152; .NET CLR 3.5.30729)"
79.235.220.62 - - [26/Oct/2013:17:06:02 +0200] "GET /fancybox/fancy_shadow_e.png HTTP/1.1" 200 107 "-" "Mozilla/4.0 (compatible; MSIE 7.0; Windows NT 5.1; .NET CLR 1.1.4322; .NET CLR 2.0.50727; .NET CLR 3.0.04506.30; .NET CLR 3.0.4506.2152; .NET CLR 3.5.30729)"
79.235.220.62 - - [26/Oct/2013:17:06:02 +0200] "GET /fancybox/fancy_shadow_se.png HTTP/1.1" 200 352 "-" "Mozilla/4.0 (compatible; MSIE 7.0; Windows NT 5.1; .NET CLR 1.1.4322; .NET CLR 2.0.50727; .NET CLR 3.0.04506.30; .NET CLR 3.0.4506.2152; .NET CLR 3.5.30729)"
79.235.220.62 - - [26/Oct/2013:17:06:02 +0200] "GET /fancybox/fancy_shadow_s.png HTTP/1.1" 200 111 "-" "Mozilla/4.0 (compatible; MSIE 7.0; Windows NT 5.1; .NET CLR 1.1.4322; .NET CLR 2.0.50727; .NET CLR 3.0.04506.30; .NET CLR 3.0.4506.2152; .NET CLR 3.5.30729)"
79.235.220.62 - - [26/Oct/2013:17:06:03 +0200] "GET /fancybox/fancy_shadow_sw.png HTTP/1.1" 200 340 "-" "Mozilla/4.0 (compatible; MSIE 7.0; Windows NT 5.1; .NET CLR 1.1.4322; .NET CLR 2.0.50727; .NET CLR 3.0.04506.30; .NET CLR 3.0.4506.2152; .NET CLR 3.5.30729)"
79.235.220.62 - - [26/Oct/2013:17:06:03 +0200] "GET /fancybox/fancy_shadow_w.png HTTP/1.1" 200 103 "-" "Mozilla/4.0 (compatible; MSIE 7.0; Windows NT 5.1; .NET CLR 1.1.4322; .NET CLR 2.0.50727; .NET CLR 3.0.04506.30; .NET CLR 3.0.4506.2152; .NET CLR 3.5.30729)"
79.235.220.62 - - [26/Oct/2013:17:06:03 +0200] "GET /fancybox/fancy_shadow_nw.png HTTP/1.1" 200 324 "-" "Mozilla/4.0 (compatible; MSIE 7.0; Windows NT 5.1; .NET CLR 1.1.4322; .NET CLR 2.0.50727; .NET CLR 3.0.04506.30; .NET CLR 3.0.4506.2152; .NET CLR 3.5.30729)"
79.235.220.62 - - [26/Oct/2013:17:06:15 +0200] "GET /gebrauchtmaschinen.php HTTP/1.1" 200 6333 "http://www.groeger-bauaufzuege.de/" "Mozilla/4.0 (compatible; MSIE 7.0; TOB 6.11; Windows NT 5.1; .NET CLR 1.1.4322; .NET CLR 2.0.50727; .NET CLR 3.0.04506.30; .NET CLR 3.0.4506.2152; .NET CLR 3.5.30729)"
79.235.220.62 - - [26/Oct/2013:17:06:15 +0200] "GET /img/favicon.gif HTTP/1.1" 200 119 "-" "T-Online Browser"
79.235.220.62 - - [26/Oct/2013:17:06:49 +0200] "GET /verkauf.php HTTP/1.1" 200 6643 "http://www.groeger-bauaufzuege.de/gebrauchtmaschinen.php" "Mozilla/4.0 (compatible; MSIE 7.0; TOB 6.11; Windows NT 5.1; .NET CLR 1.1.4322; .NET CLR 2.0.50727; .NET CLR 3.0.04506.30; .NET CLR 3.0.4506.2152; .NET CLR 3.5.30729)"
79.235.220.62 - - [26/Oct/2013:17:06:49 +0200] "GET /img/logo_geda.gif HTTP/1.1" 200 4337 "http://www.groeger-bauaufzuege.de/verkauf.php" "Mozilla/4.0 (compatible; MSIE 7.0; TOB 6.11; Windows NT 5.1; .NET CLR 1.1.4322; .NET CLR 2.0.50727; .NET CLR 3.0.04506.30; .NET CLR 3.0.4506.2152; .NET CLR 3.5.30729)"
79.235.220.62 - - [26/Oct/2013:17:06:49 +0200] "GET /img/logo_boecker.gif HTTP/1.1" 200 2974 "http://www.groeger-bauaufzuege.de/verkauf.php" "Mozilla/4.0 (compatible; MSIE 7.0; TOB 6.11; Windows NT 5.1; .NET CLR 1.1.4322; .NET CLR 2.0.50727; .NET CLR 3.0.04506.30; .NET CLR 3.0.4506.2152; .NET CLR 3.5.30729)"
79.235.220.62 - - [26/Oct/2013:17:06:49 +0200] "GET /img/logo_steinbach.jpg HTTP/1.1" 200 9601 "http://www.groeger-bauaufzuege.de/verkauf.php" "Mozilla/4.0 (compatible; MSIE 7.0; TOB 6.11; Windows NT 5.1; .NET CLR 1.1.4322; .NET CLR 2.0.50727; .NET CLR 3.0.04506.30; .NET CLR 3.0.4506.2152; .NET CLR 3.5.30729)"
79.235.220.62 - - [26/Oct/2013:17:06:49 +0200] "GET /img/logo_wfw.png HTTP/1.1" 200 2671 "http://www.groeger-bauaufzuege.de/verkauf.php" "Mozilla/4.0 (compatible; MSIE 7.0; TOB 6.11; Windows NT 5.1; .NET CLR 1.1.4322; .NET CLR 2.0.50727; .NET CLR 3.0.04506.30; .NET CLR 3.0.4506.2152; .NET CLR 3.5.30729)"
79.235.220.62 - - [26/Oct/2013:17:06:49 +0200] "GET /img/favicon.gif HTTP/1.1" 200 119 "-" "T-Online Browser"
66.249.78.76 - - [26/Oct/2013:17:33:07 +0200] "GET /link/20130402 HTTP/1.1" 302 - "-" "Mozilla/5.0 (compatible; Googlebot/2.1; +http://www.google.com/bot.html)"
66.249.78.76 - - [26/Oct/2013:17:33:08 +0200] "GET /download/Boecker_Angebot_JuniorHD18_EasyLine.pdf HTTP/1.1" 200 202821 "-" "Mozilla/5.0 (compatible; Googlebot/2.1; +http://www.google.com/bot.html)"
66.249.78.76 - - [26/Oct/2013:17:48:05 +0200] "GET /unternehmen.php HTTP/1.1" 200 7130 "-" "Mozilla/5.0 (compatible; Googlebot/2.1; +http://www.google.com/bot.html)"
66.249.78.76 - - [26/Oct/2013:17:56:47 +0200] "GET /css/groeger.css HTTP/1.1" 200 5467 "-" "Mozilla/5.0 (compatible; Googlebot/2.1; +http://www.google.com/bot.html)"
66.249.78.76 - - [26/Oct/2013:17:56:48 +0200] "GET /fancybox/jquery.fancybox-1.3.4.css HTTP/1.1" 200 8494 "-" "Mozilla/5.0 (compatible; Googlebot/2.1; +http://www.google.com/bot.html)"
66.249.78.76 - - [26/Oct/2013:18:21:52 +0200] "GET /impressum.php HTTP/1.1" 200 7923 "-" "Mozilla/5.0 (compatible; Googlebot/2.1; +http://www.google.com/bot.html)"
66.249.78.76 - - [26/Oct/2013:19:49:54 +0200] "GET /img/pfeil.png HTTP/1.1" 200 840 "-" "Googlebot-Image/1.0"
199.30.16.9 - - [26/Oct/2013:21:02:36 +0200] "GET /robots.txt HTTP/1.1" 404 - "-" "msnbot-media/1.1 (+http://search.msn.com/msnbot.htm)"
199.30.16.9 - - [26/Oct/2013:21:02:37 +0200] "GET /img/boecker_junior-hd18.jpg HTTP/1.1" 200 14822 "-" "msnbot-media/1.1 (+http://search.msn.com/msnbot.htm)"
66.249.78.76 - - [26/Oct/2013:21:40:13 +0200] "GET /verkauf.php HTTP/1.1" 200 6643 "-" "Mozilla/5.0 (compatible; Googlebot/2.1; +http://www.google.com/bot.html)"
66.249.78.76 - - [26/Oct/2013:21:50:21 +0200] "GET /gebrauchtmaschinen.php HTTP/1.1" 200 6333 "-" "Mozilla/5.0 (compatible; Googlebot/2.1; +http://www.google.com/bot.html)"
79.245.174.182 - - [26/Oct/2013:21:51:50 +0200] "GET / HTTP/1.1" 200 6701 "https://www.google.de/" "Mozilla/5.0 (iPhone; CPU iPhone OS 7_0_3 like Mac OS X) AppleWebKit/537.51.1 (KHTML, like Gecko) Version/7.0 Mobile/11B511 Safari/9537.53"
79.245.174.182 - - [26/Oct/2013:21:51:50 +0200] "GET /css/groeger.css HTTP/1.1" 200 5467 "http://www.groeger-bauaufzuege.de/" "Mozilla/5.0 (iPhone; CPU iPhone OS 7_0_3 like Mac OS X) AppleWebKit/537.51.1 (KHTML, like Gecko) Version/7.0 Mobile/11B511 Safari/9537.53"
79.245.174.182 - - [26/Oct/2013:21:51:50 +0200] "GET /fancybox/jquery.fancybox-1.3.4.css HTTP/1.1" 200 8494 "http://www.groeger-bauaufzuege.de/" "Mozilla/5.0 (iPhone; CPU iPhone OS 7_0_3 like Mac OS X) AppleWebKit/537.51.1 (KHTML, like Gecko) Version/7.0 Mobile/11B511 Safari/9537.53"
79.245.174.182 - - [26/Oct/2013:21:51:50 +0200] "GET /swfobject.js HTTP/1.1" 200 6880 "http://www.groeger-bauaufzuege.de/" "Mozilla/5.0 (iPhone; CPU iPhone OS 7_0_3 like Mac OS X) AppleWebKit/537.51.1 (KHTML, like Gecko) Version/7.0 Mobile/11B511 Safari/9537.53"
79.245.174.182 - - [26/Oct/2013:21:51:50 +0200] "GET /fancybox/jquery.fancybox-1.3.4.pack.js HTTP/1.1" 200 15624 "http://www.groeger-bauaufzuege.de/" "Mozilla/5.0 (iPhone; CPU iPhone OS 7_0_3 like Mac OS X) AppleWebKit/537.51.1 (KHTML, like Gecko) Version/7.0 Mobile/11B511 Safari/9537.53"
79.245.174.182 - - [26/Oct/2013:21:51:50 +0200] "GET /jquery.cross-slide.js HTTP/1.1" 200 11724 "http://www.groeger-bauaufzuege.de/" "Mozilla/5.0 (iPhone; CPU iPhone OS 7_0_3 like Mac OS X) AppleWebKit/537.51.1 (KHTML, like Gecko) Version/7.0 Mobile/11B511 Safari/9537.53"
79.245.174.182 - - [26/Oct/2013:21:51:50 +0200] "GET /jquery-1.4.3.min.js HTTP/1.1" 200 77746 "http://www.groeger-bauaufzuege.de/" "Mozilla/5.0 (iPhone; CPU iPhone OS 7_0_3 like Mac OS X) AppleWebKit/537.51.1 (KHTML, like Gecko) Version/7.0 Mobile/11B511 Safari/9537.53"
79.245.174.182 - - [26/Oct/2013:21:51:50 +0200] "GET /img/logo_groeger.gif HTTP/1.1" 200 3605 "http://www.groeger-bauaufzuege.de/" "Mozilla/5.0 (iPhone; CPU iPhone OS 7_0_3 like Mac OS X) AppleWebKit/537.51.1 (KHTML, like Gecko) Version/7.0 Mobile/11B511 Safari/9537.53"
79.245.174.182 - - [26/Oct/2013:21:51:50 +0200] "GET /img/bild_1.jpg HTTP/1.1" 200 44440 "http://www.groeger-bauaufzuege.de/" "Mozilla/5.0 (iPhone; CPU iPhone OS 7_0_3 like Mac OS X) AppleWebKit/537.51.1 (KHTML, like Gecko) Version/7.0 Mobile/11B511 Safari/9537.53"
79.245.174.182 - - [26/Oct/2013:21:51:50 +0200] "GET /img/pfeil.png HTTP/1.1" 200 840 "http://www.groeger-bauaufzuege.de/" "Mozilla/5.0 (iPhone; CPU iPhone OS 7_0_3 like Mac OS X) AppleWebKit/537.51.1 (KHTML, like Gecko) Version/7.0 Mobile/11B511 Safari/9537.53"
79.245.174.182 - - [26/Oct/2013:21:51:50 +0200] "GET /img/grauverlauf.png HTTP/1.1" 200 3242 "http://www.groeger-bauaufzuege.de/" "Mozilla/5.0 (iPhone; CPU iPhone OS 7_0_3 like Mac OS X) AppleWebKit/537.51.1 (KHTML, like Gecko) Version/7.0 Mobile/11B511 Safari/9537.53"
79.245.174.182 - - [26/Oct/2013:21:51:50 +0200] "GET /img/groeger_web.jpg HTTP/1.1" 200 10877 "http://www.groeger-bauaufzuege.de/" "Mozilla/5.0 (iPhone; CPU iPhone OS 7_0_3 like Mac OS X) AppleWebKit/537.51.1 (KHTML, like Gecko) Version/7.0 Mobile/11B511 Safari/9537.53"
79.245.174.182 - - [26/Oct/2013:21:51:50 +0200] "GET /img/bild_2.jpg HTTP/1.1" 200 53191 "http://www.groeger-bauaufzuege.de/" "Mozilla/5.0 (iPhone; CPU iPhone OS 7_0_3 like Mac OS X) AppleWebKit/537.51.1 (KHTML, like Gecko) Version/7.0 Mobile/11B511 Safari/9537.53"
79.245.174.182 - - [26/Oct/2013:21:51:50 +0200] "GET /img/bild_3.jpg HTTP/1.1" 200 57915 "http://www.groeger-bauaufzuege.de/" "Mozilla/5.0 (iPhone; CPU iPhone OS 7_0_3 like Mac OS X) AppleWebKit/537.51.1 (KHTML, like Gecko) Version/7.0 Mobile/11B511 Safari/9537.53"
79.245.174.182 - - [26/Oct/2013:21:51:50 +0200] "GET /img/bild_4.jpg HTTP/1.1" 200 45325 "http://www.groeger-bauaufzuege.de/" "Mozilla/5.0 (iPhone; CPU iPhone OS 7_0_3 like Mac OS X) AppleWebKit/537.51.1 (KHTML, like Gecko) Version/7.0 Mobile/11B511 Safari/9537.53"
199.30.16.17 - - [27/Oct/2013:00:00:41 +0200] "GET /robots.txt HTTP/1.1" 404 - "-" "msnbot-media/1.1 (+http://search.msn.com/msnbot.htm)"
199.30.16.17 - - [27/Oct/2013:00:00:42 +0200] "GET /img/groeger_aluschweissen.jpg HTTP/1.1" 200 12289 "-" "msnbot-media/1.1 (+http://search.msn.com/msnbot.htm)"
180.76.5.200 - - [27/Oct/2013:00:11:28 +0200] "GET /download/Lift_D.pdf HTTP/1.1" 200 1178879 "-" "Mozilla/5.0 (Windows NT 5.1; rv:6.0.2) Gecko/20100101 Firefox/6.0.2"
66.249.78.76 - - [27/Oct/2013:00:28:55 +0200] "GET /robots.txt HTTP/1.1" 404 - "-" "Mozilla/5.0 (compatible; Googlebot/2.1; +http://www.google.com/bot.html)"
66.249.78.76 - - [27/Oct/2013:00:42:45 +0200] "GET /download/Boecker_Autokrane.pdf HTTP/1.1" 200 1994740 "-" "Mozilla/5.0 (compatible; Googlebot/2.1; +http://www.google.com/bot.html)"
66.249.78.76 - - [27/Oct/2013:01:51:55 +0200] "GET /gebrauchtmaschinen.php HTTP/1.1" 200 6333 "-" "Mozilla/5.0 (iPhone; CPU iPhone OS 6_0 like Mac OS X) AppleWebKit/536.26 (KHTML, like Gecko) Version/6.0 Mobile/10A5376e Safari/8536.25 (compatible; Googlebot-Mobile/2.1; +http://www.google.com/bot.html)"
157.55.33.29 - - [27/Oct/2013:02:18:25 +0200] "GET /robots.txt HTTP/1.1" 404 - "-" "Mozilla/5.0 (compatible; bingbot/2.0; +http://www.bing.com/bingbot.htm)"
66.249.78.76 - - [27/Oct/2013:02:23:07 +0200] "GET /download/Newsletter_Groeger_2012-09.pdf HTTP/1.1" 200 492501 "-" "Mozilla/5.0 (compatible; Googlebot/2.1; +http://www.google.com/bot.html)"
157.55.33.29 - - [27/Oct/2013:02:29:18 +0200] "GET / HTTP/1.1" 200 6701 "-" "Mozilla/5.0 (compatible; bingbot/2.0; +http://www.bing.com/bingbot.htm)"
199.30.20.74 - - [27/Oct/2013:02:45:28 +0200] "GET /robots.txt HTTP/1.1" 404 - "-" "msnbot-media/1.1 (+http://search.msn.com/msnbot.htm)"
199.30.20.74 - - [27/Oct/2013:02:45:28 +0200] "GET /img/groeger_wartung.jpg HTTP/1.1" 200 15313 "-" "msnbot-media/1.1 (+http://search.msn.com/msnbot.htm)"
85.214.25.242 - - [27/Oct/2013:02:14:45 +0100] "GET / HTTP/1.0" 200 6701 "-" "Mozilla/5.0 (Windows NT 6.1; rv:12.0) Gecko/20100101 Firefox/12.0"
199.30.16.9 - - [27/Oct/2013:04:19:01 +0100] "GET /robots.txt HTTP/1.1" 404 - "-" "msnbot-media/1.1 (+http://search.msn.com/msnbot.htm)"
199.30.16.9 - - [27/Oct/2013:04:19:01 +0100] "GET /img/boecker_junior-hd18.jpg HTTP/1.1" 200 14822 "-" "msnbot-media/1.1 (+http://search.msn.com/msnbot.htm)"
66.249.78.76 - - [27/Oct/2013:07:22:44 +0100] "GET /vermietung.php HTTP/1.1" 200 6428 "-" "SAMSUNG-SGH-E250/1.0 Profile/MIDP-2.0 Configuration/CLDC-1.1 UP.Browser/6.2.3.3.c.1.101 (GUI) MMP/2.0 (compatible; Googlebot-Mobile/2.1; +http://www.google.com/bot.html)"
66.249.78.76 - - [27/Oct/2013:08:25:53 +0100] "GET /img/boecker_junior_im_einsatz.jpg HTTP/1.1" 304 - "-" "Googlebot-Image/1.0"
66.249.78.76 - - [27/Oct/2013:09:02:22 +0100] "GET /link/20130401 HTTP/1.1" 302 - "-" "Mozilla/5.0 (compatible; Googlebot/2.1; +http://www.google.com/bot.html)"
66.249.78.76 - - [27/Oct/2013:09:02:23 +0100] "GET /download/Boecker_Angebot_AHK_Easyline.pdf HTTP/1.1" 200 454854 "-" "Mozilla/5.0 (compatible; Googlebot/2.1; +http://www.google.com/bot.html)"
84.135.22.51 - - [27/Oct/2013:09:20:59 +0100] "GET / HTTP/1.1" 200 6701 "http://www.bing.com/search?q=Bauaufzug&pc=conduit&ptag=A3FC30AB4619B4474B0F&form=CONMHP&conlogo=CT3210127&ShowAppsUI=1" "Mozilla/5.0 (compatible; MSIE 10.0; Windows NT 6.1; WOW64; Trident/6.0; MASBJS)"
84.135.22.51 - - [27/Oct/2013:09:21:00 +0100] "GET /css/groeger.css HTTP/1.1" 200 5467 "http://www.groeger-bauaufzuege.de/" "Mozilla/5.0 (compatible; MSIE 10.0; Windows NT 6.1; WOW64; Trident/6.0; MASBJS)"
84.135.22.51 - - [27/Oct/2013:09:21:00 +0100] "GET /swfobject.js HTTP/1.1" 200 6880 "http://www.groeger-bauaufzuege.de/" "Mozilla/5.0 (compatible; MSIE 10.0; Windows NT 6.1; WOW64; Trident/6.0; MASBJS)"
84.135.22.51 - - [27/Oct/2013:09:21:00 +0100] "GET /jquery.cross-slide.js HTTP/1.1" 200 11724 "http://www.groeger-bauaufzuege.de/" "Mozilla/5.0 (compatible; MSIE 10.0; Windows NT 6.1; WOW64; Trident/6.0; MASBJS)"
84.135.22.51 - - [27/Oct/2013:09:21:00 +0100] "GET /fancybox/jquery.fancybox-1.3.4.pack.js HTTP/1.1" 200 15624 "http://www.groeger-bauaufzuege.de/" "Mozilla/5.0 (compatible; MSIE 10.0; Windows NT 6.1; WOW64; Trident/6.0; MASBJS)"
84.135.22.51 - - [27/Oct/2013:09:21:00 +0100] "GET /fancybox/jquery.fancybox-1.3.4.css HTTP/1.1" 200 8494 "http://www.groeger-bauaufzuege.de/" "Mozilla/5.0 (compatible; MSIE 10.0; Windows NT 6.1; WOW64; Trident/6.0; MASBJS)"
84.135.22.51 - - [27/Oct/2013:09:21:00 +0100] "GET /img/logo_groeger.gif HTTP/1.1" 200 3605 "http://www.groeger-bauaufzuege.de/" "Mozilla/5.0 (compatible; MSIE 10.0; Windows NT 6.1; WOW64; Trident/6.0; MASBJS)"
84.135.22.51 - - [27/Oct/2013:09:21:00 +0100] "GET /img/pfeil.png HTTP/1.1" 200 840 "http://www.groeger-bauaufzuege.de/" "Mozilla/5.0 (compatible; MSIE 10.0; Windows NT 6.1; WOW64; Trident/6.0; MASBJS)"
84.135.22.51 - - [27/Oct/2013:09:21:00 +0100] "GET /jquery-1.4.3.min.js HTTP/1.1" 200 77746 "http://www.groeger-bauaufzuege.de/" "Mozilla/5.0 (compatible; MSIE 10.0; Windows NT 6.1; WOW64; Trident/6.0; MASBJS)"
84.135.22.51 - - [27/Oct/2013:09:21:00 +0100] "GET /img/bild_1.jpg HTTP/1.1" 200 44440 "http://www.groeger-bauaufzuege.de/" "Mozilla/5.0 (compatible; MSIE 10.0; Windows NT 6.1; WOW64; Trident/6.0; MASBJS)"
84.135.22.51 - - [27/Oct/2013:09:21:00 +0100] "GET /img/bild_2.jpg HTTP/1.1" 200 53191 "http://www.groeger-bauaufzuege.de/" "Mozilla/5.0 (compatible; MSIE 10.0; Windows NT 6.1; WOW64; Trident/6.0; MASBJS)"
84.135.22.51 - - [27/Oct/2013:09:21:00 +0100] "GET /img/groeger_web.jpg HTTP/1.1" 200 10877 "http://www.groeger-bauaufzuege.de/" "Mozilla/5.0 (compatible; MSIE 10.0; Windows NT 6.1; WOW64; Trident/6.0; MASBJS)"
84.135.22.51 - - [27/Oct/2013:09:21:00 +0100] "GET /img/grauverlauf.png HTTP/1.1" 200 3242 "http://www.groeger-bauaufzuege.de/" "Mozilla/5.0 (compatible; MSIE 10.0; Windows NT 6.1; WOW64; Trident/6.0; MASBJS)"
84.135.22.51 - - [27/Oct/2013:09:21:00 +0100] "GET /img/favicon.gif HTTP/1.1" 200 119 "-" "Mozilla/5.0 (compatible; MSIE 10.0; Windows NT 6.1; WOW64; Trident/6.0; MASBJS)"
84.135.22.51 - - [27/Oct/2013:09:21:00 +0100] "GET /img/bild_3.jpg HTTP/1.1" 200 57915 "http://www.groeger-bauaufzuege.de/" "Mozilla/5.0 (compatible; MSIE 10.0; Windows NT 6.1; WOW64; Trident/6.0; MASBJS)"
84.135.22.51 - - [27/Oct/2013:09:21:00 +0100] "GET /img/bild_4.jpg HTTP/1.1" 200 45325 "http://www.groeger-bauaufzuege.de/" "Mozilla/5.0 (compatible; MSIE 10.0; Windows NT 6.1; WOW64; Trident/6.0; MASBJS)"
84.135.22.51 - - [27/Oct/2013:09:21:04 +0100] "GET /verkauf.php HTTP/1.1" 200 6643 "http://www.groeger-bauaufzuege.de/" "Mozilla/5.0 (compatible; MSIE 10.0; Windows NT 6.1; WOW64; Trident/6.0; MASBJS)"
84.135.22.51 - - [27/Oct/2013:09:21:04 +0100] "GET /img/logo_geda.gif HTTP/1.1" 200 4337 "http://www.groeger-bauaufzuege.de/verkauf.php" "Mozilla/5.0 (compatible; MSIE 10.0; Windows NT 6.1; WOW64; Trident/6.0; MASBJS)"
84.135.22.51 - - [27/Oct/2013:09:21:04 +0100] "GET /img/logo_boecker.gif HTTP/1.1" 200 2974 "http://www.groeger-bauaufzuege.de/verkauf.php" "Mozilla/5.0 (compatible; MSIE 10.0; Windows NT 6.1; WOW64; Trident/6.0; MASBJS)"
84.135.22.51 - - [27/Oct/2013:09:21:04 +0100] "GET /img/logo_steinbach.jpg HTTP/1.1" 200 9601 "http://www.groeger-bauaufzuege.de/verkauf.php" "Mozilla/5.0 (compatible; MSIE 10.0; Windows NT 6.1; WOW64; Trident/6.0; MASBJS)"
84.135.22.51 - - [27/Oct/2013:09:21:04 +0100] "GET /img/logo_wfw.png HTTP/1.1" 200 2671 "http://www.groeger-bauaufzuege.de/verkauf.php" "Mozilla/5.0 (compatible; MSIE 10.0; Windows NT 6.1; WOW64; Trident/6.0; MASBJS)"
84.135.22.51 - - [27/Oct/2013:09:21:04 +0100] "GET /img/favicon.gif HTTP/1.1" 200 119 "-" "Mozilla/5.0 (compatible; MSIE 10.0; Windows NT 6.1; WOW64; Trident/6.0; MASBJS)"
84.135.22.51 - - [27/Oct/2013:09:21:14 +0100] "GET /gebrauchtmaschinen.php HTTP/1.1" 200 6333 "http://www.groeger-bauaufzuege.de/verkauf.php" "Mozilla/5.0 (compatible; MSIE 10.0; Windows NT 6.1; WOW64; Trident/6.0; MASBJS)"
66.249.78.76 - - [27/Oct/2013:09:53:06 +0100] "GET / HTTP/1.1" 200 6701 "-" "Mozilla/5.0 (iPhone; CPU iPhone OS 6_0 like Mac OS X) AppleWebKit/536.26 (KHTML, like Gecko) Version/6.0 Mobile/10A5376e Safari/8536.25 (compatible; Googlebot-Mobile/2.1; +http://www.google.com/bot.html)"
94.220.216.255 - - [27/Oct/2013:11:08:44 +0100] "GET /leistungen.php HTTP/1.1" 200 8067 "http://www.google.de/imgres?start=262&client=firefox-a&hs=N93&rls=org.mozilla:de:official&biw=1366&bih=596&tbm=isch&tbnid=bQLoa1zcfI-kOM:&imgrefurl=http://www.groeger-bauaufzuege.de/leistungen.php&docid=_YHKiManuCxIgM&imgurl=http://www.groeger-bauaufzuege.de/img/boecker_junior-hd18.jpg&w=255&h=200&ei=vOVsUpeCFIfWtAbvlIGgAg&zoom=1&iact=rc&dur=677&page=9&tbnh=150&tbnw=198&ndsp=33&ved=1t:429,r:78,s:200,i:238&tx=12&ty=95" "Mozilla/5.0 (Windows NT 6.1; rv:24.0) Gecko/20100101 Firefox/24.0"
94.220.216.255 - - [27/Oct/2013:11:08:44 +0100] "GET /css/groeger.css HTTP/1.1" 200 5467 "http://www.groeger-bauaufzuege.de/leistungen.php" "Mozilla/5.0 (Windows NT 6.1; rv:24.0) Gecko/20100101 Firefox/24.0"
94.220.216.255 - - [27/Oct/2013:11:08:44 +0100] "GET /swfobject.js HTTP/1.1" 200 6880 "http://www.groeger-bauaufzuege.de/leistungen.php" "Mozilla/5.0 (Windows NT 6.1; rv:24.0) Gecko/20100101 Firefox/24.0"
94.220.216.255 - - [27/Oct/2013:11:08:44 +0100] "GET /jquery.cross-slide.js HTTP/1.1" 200 11724 "http://www.groeger-bauaufzuege.de/leistungen.php" "Mozilla/5.0 (Windows NT 6.1; rv:24.0) Gecko/20100101 Firefox/24.0"
94.220.216.255 - - [27/Oct/2013:11:08:44 +0100] "GET /fancybox/jquery.fancybox-1.3.4.pack.js HTTP/1.1" 200 15624 "http://www.groeger-bauaufzuege.de/leistungen.php" "Mozilla/5.0 (Windows NT 6.1; rv:24.0) Gecko/20100101 Firefox/24.0"
94.220.216.255 - - [27/Oct/2013:11:08:44 +0100] "GET /jquery-1.4.3.min.js HTTP/1.1" 200 77746 "http://www.groeger-bauaufzuege.de/leistungen.php" "Mozilla/5.0 (Windows NT 6.1; rv:24.0) Gecko/20100101 Firefox/24.0"
