195.140.123.23 - - [26/Nov/2015:11:52:28 +0100] "GET /favicon.ico HTTP/1.1" 404 1256 "-" "Mozilla/5.0 (Windows NT 6.3; WOW64; Trident/7.0; Touch; rv:11.0) like Gecko"
66.249.79.217 - - [26/Nov/2015:11:56:12 +0100] "GET /css/fl_style.css HTTP/1.1" 200 10194 "-" "Mozilla/5.0 (compatible; Googlebot/2.1; +http://www.google.com/bot.html)"
207.46.13.77 - - [26/Nov/2015:12:24:49 +0100] "GET /img/lay09.gif HTTP/1.1" 200 135 "-" "Mozilla/5.0 (compatible; bingbot/2.0; +http://www.bing.com/bingbot.htm)"
40.77.167.35 - - [26/Nov/2015:15:28:50 +0100] "GET /robots.txt HTTP/1.1" 200 218 "-" "Mozilla/5.0 (compatible; bingbot/2.0; +http://www.bing.com/bingbot.htm)"
40.77.167.35 - - [26/Nov/2015:15:29:04 +0100] "GET / HTTP/1.1" 200 9626 "-" "Mozilla/5.0 (compatible; bingbot/2.0; +http://www.bing.com/bingbot.htm)"
40.77.167.35 - - [26/Nov/2015:16:21:50 +0100] "GET /robots.txt HTTP/1.1" 200 218 "-" "Mozilla/5.0 (compatible; bingbot/2.0; +http://www.bing.com/bingbot.htm)"
40.77.167.35 - - [26/Nov/2015:16:22:53 +0100] "GET / HTTP/1.1" 200 9626 "-" "Mozilla/5.0 (iPhone; CPU iPhone OS 7_0 like Mac OS X) AppleWebKit/537.51.1 (KHTML, like Gecko) Version/7.0 Mobile/11A465 Safari/9537.53 (compatible; bingbot/2.0; http://www.bing.com/bingbot.htm)"
207.46.13.77 - - [26/Nov/2015:16:23:12 +0100] "GET /css/fl_style.css HTTP/1.1" 200 10194 "-" "Mozilla/5.0 (iPhone; CPU iPhone OS 7_0 like Mac OS X) AppleWebKit/537.51.1 (KHTML, like Gecko) Version/7.0 Mobile/11A465 Safari/9537.53 (compatible; bingbot/2.0; +http://www.bing.com/bingbot.htm)"
176.36.52.108 - - [26/Nov/2015:16:40:44 +0100] "GET / HTTP/1.1" 200 9626 "http://www.dr-heidi-fleischer.de/" "Opera/9.80 (Windows NT 6.2; Win64; x64) Presto/2.12.388 Version/12.16"
208.115.113.88 - - [26/Nov/2015:17:54:20 +0100] "GET /robots.txt HTTP/1.1" 200 218 "-" "Mozilla/5.0 (compatible; DotBot/1.1; http://www.opensiteexplorer.org/dotbot, help@moz.com)"
208.115.113.88 - - [26/Nov/2015:19:43:12 +0100] "GET /praxis.php HTTP/1.1" 200 7017 "-" "Mozilla/5.0 (compatible; DotBot/1.1; http://www.opensiteexplorer.org/dotbot, help@moz.com)"
88.198.241.59 - - [26/Nov/2015:19:54:54 +0100] "GET / HTTP/1.1" 200 9626 "-" "Python-urllib/2.7"
68.180.230.37 - - [26/Nov/2015:21:15:01 +0100] "GET /robots.txt HTTP/1.1" 200 218 "-" "Mozilla/5.0 (compatible; Yahoo! Slurp; http://help.yahoo.com/help/us/ysearch/slurp)"
68.180.230.37 - - [26/Nov/2015:21:15:02 +0100] "GET /leistungen.php HTTP/1.1" 200 8056 "-" "Mozilla/5.0 (compatible; Yahoo! Slurp; http://help.yahoo.com/help/us/ysearch/slurp)"
157.55.39.200 - - [26/Nov/2015:23:06:11 +0100] "GET /robots.txt HTTP/1.1" 200 218 "-" "Mozilla/5.0 (compatible; bingbot/2.0; +http://www.bing.com/bingbot.htm)"
157.55.39.200 - - [26/Nov/2015:23:06:34 +0100] "GET /kont.php HTTP/1.1" 200 8494 "-" "Mozilla/5.0 (compatible; bingbot/2.0; +http://www.bing.com/bingbot.htm)"
178.63.86.11 - - [27/Nov/2015:02:01:27 +0100] "GET /robots.txt HTTP/1.0" 200 218 "-" "Mozilla/5.0 (compatible; MJ12bot/v1.4.5; http://www.majestic12.co.uk/bot.php?+)"
178.63.86.11 - - [27/Nov/2015:02:01:29 +0100] "GET /index.php HTTP/1.0" 200 9626 "-" "Mozilla/5.0 (compatible; MJ12bot/v1.4.5; http://www.majestic12.co.uk/bot.php?+)"
40.77.167.35 - - [27/Nov/2015:02:45:55 +0100] "GET / HTTP/1.1" 200 9626 "-" "Mozilla/5.0 (compatible; bingbot/2.0; +http://www.bing.com/bingbot.htm)"
95.90.217.182 - - [27/Nov/2015:06:19:56 +0100] "GET / HTTP/1.1" 200 9626 "http://adresse.dastelefonbuch.de/N%C3%BCrnberg/1-Zahnarzt-Dr-med-Heidi-Fleischer-N%C3%BCrnberg-Bucher-Str.html" "Mozilla/5.0 (Windows NT 6.3; WOW64; rv:42.0) Gecko/20100101 Firefox/42.0"
95.90.217.182 - - [27/Nov/2015:06:19:57 +0100] "GET /css/fl_style.css HTTP/1.1" 200 10194 "http://www.dr-heidi-fleischer.de/" "Mozilla/5.0 (Windows NT 6.3; WOW64; rv:42.0) Gecko/20100101 Firefox/42.0"
95.90.217.182 - - [27/Nov/2015:06:19:57 +0100] "GET /scripte/all_scripts.js HTTP/1.1" 200 249 "http://www.dr-heidi-fleischer.de/" "Mozilla/5.0 (Windows NT 6.3; WOW64; rv:42.0) Gecko/20100101 Firefox/42.0"
95.90.217.182 - - [27/Nov/2015:06:19:57 +0100] "GET /img/favicon.ico HTTP/1.1" 200 5430 "-" "Mozilla/5.0 (Windows NT 6.3; WOW64; rv:42.0) Gecko/20100101 Firefox/42.0"
95.90.217.182 - - [27/Nov/2015:06:19:57 +0100] "GET /img/animated_favicon1.gif HTTP/1.1" 200 1808 "-" "Mozilla/5.0 (Windows NT 6.3; WOW64; rv:42.0) Gecko/20100101 Firefox/42.0"
95.90.217.182 - - [27/Nov/2015:06:19:57 +0100] "GET /img/lay01.gif HTTP/1.1" 200 273 "http://www.dr-heidi-fleischer.de/" "Mozilla/5.0 (Windows NT 6.3; WOW64; rv:42.0) Gecko/20100101 Firefox/42.0"
95.90.217.182 - - [27/Nov/2015:06:19:57 +0100] "GET /img/tel_footer.gif HTTP/1.1" 200 1051 "http://www.dr-heidi-fleischer.de/" "Mozilla/5.0 (Windows NT 6.3; WOW64; rv:42.0) Gecko/20100101 Firefox/42.0"
95.90.217.182 - - [27/Nov/2015:06:19:57 +0100] "GET /img/lay07.gif HTTP/1.1" 200 453 "http://www.dr-heidi-fleischer.de/" "Mozilla/5.0 (Windows NT 6.3; WOW64; rv:42.0) Gecko/20100101 Firefox/42.0"
95.90.217.182 - - [27/Nov/2015:06:19:57 +0100] "GET /img/lay06neu.gif HTTP/1.1" 200 583 "http://www.dr-heidi-fleischer.de/" "Mozilla/5.0 (Windows NT 6.3; WOW64; rv:42.0) Gecko/20100101 Firefox/42.0"
95.90.217.182 - - [27/Nov/2015:06:19:57 +0100] "GET /img/f_1-p.gif HTTP/1.1" 200 43 "http://www.dr-heidi-fleischer.de/" "Mozilla/5.0 (Windows NT 6.3; WOW64; rv:42.0) Gecko/20100101 Firefox/42.0"
95.90.217.182 - - [27/Nov/2015:06:19:57 +0100] "GET /img/zert_1.jpg HTTP/1.1" 200 6013 "http://www.dr-heidi-fleischer.de/" "Mozilla/5.0 (Windows NT 6.3; WOW64; rv:42.0) Gecko/20100101 Firefox/42.0"
95.90.217.182 - - [27/Nov/2015:06:19:57 +0100] "GET /img/lay16.gif HTTP/1.1" 200 309 "http://www.dr-heidi-fleischer.de/" "Mozilla/5.0 (Windows NT 6.3; WOW64; rv:42.0) Gecko/20100101 Firefox/42.0"
95.90.217.182 - - [27/Nov/2015:06:19:57 +0100] "GET /img/roll_trans.gif HTTP/1.1" 200 609 "http://www.dr-heidi-fleischer.de/" "Mozilla/5.0 (Windows NT 6.3; WOW64; rv:42.0) Gecko/20100101 Firefox/42.0"
95.90.217.182 - - [27/Nov/2015:06:19:57 +0100] "GET /img/roll_trans2.gif HTTP/1.1" 200 609 "http://www.dr-heidi-fleischer.de/" "Mozilla/5.0 (Windows NT 6.3; WOW64; rv:42.0) Gecko/20100101 Firefox/42.0"
95.90.217.182 - - [27/Nov/2015:06:19:57 +0100] "GET /img/lay08.gif HTTP/1.1" 200 534 "http://www.dr-heidi-fleischer.de/" "Mozilla/5.0 (Windows NT 6.3; WOW64; rv:42.0) Gecko/20100101 Firefox/42.0"
95.90.217.182 - - [27/Nov/2015:06:19:57 +0100] "GET /img/lay09.gif HTTP/1.1" 200 135 "http://www.dr-heidi-fleischer.de/" "Mozilla/5.0 (Windows NT 6.3; WOW64; rv:42.0) Gecko/20100101 Firefox/42.0"
95.90.217.182 - - [27/Nov/2015:06:19:57 +0100] "GET /img/lay13.gif HTTP/1.1" 200 181 "http://www.dr-heidi-fleischer.de/" "Mozilla/5.0 (Windows NT 6.3; WOW64; rv:42.0) Gecko/20100101 Firefox/42.0"
95.90.217.182 - - [27/Nov/2015:06:19:57 +0100] "GET /img/lay14.gif HTTP/1.1" 200 104 "http://www.dr-heidi-fleischer.de/" "Mozilla/5.0 (Windows NT 6.3; WOW64; rv:42.0) Gecko/20100101 Firefox/42.0"
95.90.217.182 - - [27/Nov/2015:06:19:57 +0100] "GET /img/zert_1gross.jpg HTTP/1.1" 200 22004 "http://www.dr-heidi-fleischer.de/" "Mozilla/5.0 (Windows NT 6.3; WOW64; rv:42.0) Gecko/20100101 Firefox/42.0"
95.90.217.182 - - [27/Nov/2015:06:19:57 +0100] "GET /img/hg_body.jpg HTTP/1.1" 200 2615 "http://www.dr-heidi-fleischer.de/css/fl_style.css" "Mozilla/5.0 (Windows NT 6.3; WOW64; rv:42.0) Gecko/20100101 Firefox/42.0"
95.90.217.182 - - [27/Nov/2015:06:19:57 +0100] "GET /img/lay02.gif HTTP/1.1" 200 68 "http://www.dr-heidi-fleischer.de/" "Mozilla/5.0 (Windows NT 6.3; WOW64; rv:42.0) Gecko/20100101 Firefox/42.0"
95.90.217.182 - - [27/Nov/2015:06:19:57 +0100] "GET /img/lay03.gif HTTP/1.1" 200 1060 "http://www.dr-heidi-fleischer.de/" "Mozilla/5.0 (Windows NT 6.3; WOW64; rv:42.0) Gecko/20100101 Firefox/42.0"
95.90.217.182 - - [27/Nov/2015:06:19:57 +0100] "GET /img/lay05.gif HTTP/1.1" 200 331 "http://www.dr-heidi-fleischer.de/" "Mozilla/5.0 (Windows NT 6.3; WOW64; rv:42.0) Gecko/20100101 Firefox/42.0"
95.90.217.182 - - [27/Nov/2015:06:19:57 +0100] "GET /img/lay04.gif HTTP/1.1" 200 68 "http://www.dr-heidi-fleischer.de/" "Mozilla/5.0 (Windows NT 6.3; WOW64; rv:42.0) Gecko/20100101 Firefox/42.0"
95.90.217.182 - - [27/Nov/2015:06:19:57 +0100] "GET /img/header_neu.gif HTTP/1.1" 200 32567 "http://www.dr-heidi-fleischer.de/css/fl_style.css" "Mozilla/5.0 (Windows NT 6.3; WOW64; rv:42.0) Gecko/20100101 Firefox/42.0"
95.90.217.182 - - [27/Nov/2015:06:19:57 +0100] "GET /img/hg_zahn2.gif HTTP/1.1" 200 20816 "http://www.dr-heidi-fleischer.de/" "Mozilla/5.0 (Windows NT 6.3; WOW64; rv:42.0) Gecko/20100101 Firefox/42.0"
95.90.217.182 - - [27/Nov/2015:06:19:57 +0100] "GET /img/left_bg2.gif HTTP/1.1" 200 176 "http://www.dr-heidi-fleischer.de/" "Mozilla/5.0 (Windows NT 6.3; WOW64; rv:42.0) Gecko/20100101 Firefox/42.0"
95.90.217.182 - - [27/Nov/2015:06:19:57 +0100] "GET /img/left_bg.gif HTTP/1.1" 200 98 "http://www.dr-heidi-fleischer.de/" "Mozilla/5.0 (Windows NT 6.3; WOW64; rv:42.0) Gecko/20100101 Firefox/42.0"
95.90.217.182 - - [27/Nov/2015:06:19:57 +0100] "GET /img/right_bg.jpg HTTP/1.1" 404 1256 "http://www.dr-heidi-fleischer.de/" "Mozilla/5.0 (Windows NT 6.3; WOW64; rv:42.0) Gecko/20100101 Firefox/42.0"
95.90.217.182 - - [27/Nov/2015:06:19:57 +0100] "GET /img/right_bg.gif HTTP/1.1" 200 76 "http://www.dr-heidi-fleischer.de/" "Mozilla/5.0 (Windows NT 6.3; WOW64; rv:42.0) Gecko/20100101 Firefox/42.0"
95.90.217.182 - - [27/Nov/2015:06:19:57 +0100] "GET /img/bottom_bg.gif HTTP/1.1" 200 79 "http://www.dr-heidi-fleischer.de/" "Mozilla/5.0 (Windows NT 6.3; WOW64; rv:42.0) Gecko/20100101 Firefox/42.0"
95.90.217.182 - - [27/Nov/2015:06:19:57 +0100] "GET /img/lay10.gif HTTP/1.1" 200 252 "http://www.dr-heidi-fleischer.de/" "Mozilla/5.0 (Windows NT 6.3; WOW64; rv:42.0) Gecko/20100101 Firefox/42.0"
95.90.217.182 - - [27/Nov/2015:06:19:57 +0100] "GET /img/dr_fleischer_ani.gif HTTP/1.1" 200 854042 "http://www.dr-heidi-fleischer.de/" "Mozilla/5.0 (Windows NT 6.3; WOW64; rv:42.0) Gecko/20100101 Firefox/42.0"
95.90.217.182 - - [27/Nov/2015:06:20:22 +0100] "GET /praxis.php HTTP/1.1" 200 7017 "http://www.dr-heidi-fleischer.de/" "Mozilla/5.0 (Windows NT 6.3; WOW64; rv:42.0) Gecko/20100101 Firefox/42.0"
95.90.217.182 - - [27/Nov/2015:06:20:22 +0100] "GET /img/praxis_2.jpg HTTP/1.1" 200 30574 "http://www.dr-heidi-fleischer.de/praxis.php" "Mozilla/5.0 (Windows NT 6.3; WOW64; rv:42.0) Gecko/20100101 Firefox/42.0"
95.90.217.182 - - [27/Nov/2015:06:20:22 +0100] "GET /img/right_bg.jpg HTTP/1.1" 404 1256 "http://www.dr-heidi-fleischer.de/praxis.php" "Mozilla/5.0 (Windows NT 6.3; WOW64; rv:42.0) Gecko/20100101 Firefox/42.0"
95.90.217.182 - - [27/Nov/2015:06:20:22 +0100] "GET /img/praxis_1.jpg HTTP/1.1" 200 39868 "http://www.dr-heidi-fleischer.de/praxis.php" "Mozilla/5.0 (Windows NT 6.3; WOW64; rv:42.0) Gecko/20100101 Firefox/42.0"
95.90.217.182 - - [27/Nov/2015:06:20:22 +0100] "GET /img/praxis_3.jpg HTTP/1.1" 200 36951 "http://www.dr-heidi-fleischer.de/praxis.php" "Mozilla/5.0 (Windows NT 6.3; WOW64; rv:42.0) Gecko/20100101 Firefox/42.0"
95.90.217.182 - - [27/Nov/2015:06:20:44 +0100] "GET /leistungen.php HTTP/1.1" 200 8056 "http://www.dr-heidi-fleischer.de/praxis.php" "Mozilla/5.0 (Windows NT 6.3; WOW64; rv:42.0) Gecko/20100101 Firefox/42.0"
95.90.217.182 - - [27/Nov/2015:06:20:44 +0100] "GET /img/leistungen_1.jpg HTTP/1.1" 200 15190 "http://www.dr-heidi-fleischer.de/leistungen.php" "Mozilla/5.0 (Windows NT 6.3; WOW64; rv:42.0) Gecko/20100101 Firefox/42.0"
95.90.217.182 - - [27/Nov/2015:06:20:44 +0100] "GET /img/leistungen_2.jpg HTTP/1.1" 200 13824 "http://www.dr-heidi-fleischer.de/leistungen.php" "Mozilla/5.0 (Windows NT 6.3; WOW64; rv:42.0) Gecko/20100101 Firefox/42.0"
95.90.217.182 - - [27/Nov/2015:06:20:58 +0100] "GET /spez_leistungen.php HTTP/1.1" 200 7752 "http://www.dr-heidi-fleischer.de/leistungen.php" "Mozilla/5.0 (Windows NT 6.3; WOW64; rv:42.0) Gecko/20100101 Firefox/42.0"
95.90.217.182 - - [27/Nov/2015:06:20:59 +0100] "GET /img/spez_leistungen_1.jpg HTTP/1.1" 200 18858 "http://www.dr-heidi-fleischer.de/spez_leistungen.php" "Mozilla/5.0 (Windows NT 6.3; WOW64; rv:42.0) Gecko/20100101 Firefox/42.0"
95.90.217.182 - - [27/Nov/2015:06:20:59 +0100] "GET /img/spez_leistungen_2.jpg HTTP/1.1" 200 13667 "http://www.dr-heidi-fleischer.de/spez_leistungen.php" "Mozilla/5.0 (Windows NT 6.3; WOW64; rv:42.0) Gecko/20100101 Firefox/42.0"
95.90.217.182 - - [27/Nov/2015:06:21:19 +0100] "GET /kont.php HTTP/1.1" 200 8494 "http://www.dr-heidi-fleischer.de/spez_leistungen.php" "Mozilla/5.0 (Windows NT 6.3; WOW64; rv:42.0) Gecko/20100101 Firefox/42.0"
208.115.111.72 - - [27/Nov/2015:06:57:53 +0100] "GET /robots.txt HTTP/1.1" 200 218 "-" "Mozilla/5.0 (compatible; DotBot/1.1; http://www.opensiteexplorer.org/dotbot, help@moz.com)"
208.115.111.72 - - [27/Nov/2015:08:29:36 +0100] "GET /spez_leistungen.php HTTP/1.1" 200 7752 "-" "Mozilla/5.0 (compatible; DotBot/1.1; http://www.opensiteexplorer.org/dotbot, help@moz.com)"
5.206.231.117 - - [27/Nov/2015:08:41:37 +0100] "GET / HTTP/1.1" 200 9626 "-" "Java/1.8.0_66"
5.206.231.117 - - [27/Nov/2015:08:41:38 +0100] "GET /anfahrt.php HTTP/1.1" 200 8074 "-" "Java/1.8.0_66"
5.206.231.117 - - [27/Nov/2015:08:41:39 +0100] "GET /datenschutz.php HTTP/1.1" 404 1256 "-" "Java/1.8.0_66"
5.206.231.117 - - [27/Nov/2015:08:41:39 +0100] "GET /impressum.php HTTP/1.1" 200 8293 "-" "Java/1.8.0_66"
5.206.231.117 - - [27/Nov/2015:08:41:40 +0100] "GET /index.php HTTP/1.1" 200 9626 "-" "Java/1.8.0_66"
5.206.231.117 - - [27/Nov/2015:08:41:41 +0100] "GET /kont.php HTTP/1.1" 200 8494 "-" "Java/1.8.0_66"
5.206.231.117 - - [27/Nov/2015:08:41:42 +0100] "GET /leistungen.php HTTP/1.1" 200 8056 "-" "Java/1.8.0_66"
5.206.231.117 - - [27/Nov/2015:08:41:42 +0100] "GET /praxis.php HTTP/1.1" 200 7017 "-" "Java/1.8.0_66"
5.206.231.117 - - [27/Nov/2015:08:41:43 +0100] "GET /spez_leistungen.php HTTP/1.1" 200 7752 "-" "Java/1.8.0_66"
5.206.231.117 - - [27/Nov/2015:08:41:44 +0100] "GET /scripte/all_scripts.js HTTP/1.1" 200 249 "-" "Java/1.8.0_66"
66.249.65.59 - - [27/Nov/2015:09:58:42 +0100] "GET / HTTP/1.1" 200 9626 "-" "Mozilla/5.0 (compatible; Googlebot/2.1; +http://www.google.com/bot.html)"
81.2.241.249 - - [27/Nov/2015:11:06:42 +0100] "GET / HTTP/1.1" 200 9626 "-" "Mozilla/5.0 (X11; Fedora; Linux x86_64; rv:42.0) Gecko/20100101 Firefox/42.0"
40.77.167.59 - - [27/Nov/2015:12:08:47 +0100] "GET /robots.txt HTTP/1.1" 200 218 "-" "Mozilla/5.0 (compatible; bingbot/2.0; +http://www.bing.com/bingbot.htm)"
40.77.167.59 - - [27/Nov/2015:12:15:04 +0100] "GET /kont.php HTTP/1.1" 200 8494 "-" "Mozilla/5.0 (compatible; bingbot/2.0; +http://www.bing.com/bingbot.htm)"
66.249.65.65 - - [27/Nov/2015:12:22:06 +0100] "GET /robots.txt HTTP/1.1" 200 218 "-" "Mozilla/5.0 (compatible; Googlebot/2.1; +http://www.google.com/bot.html)"
66.249.65.62 - - [27/Nov/2015:12:22:07 +0100] "GET / HTTP/1.1" 200 9626 "-" "Mozilla/5.0 (iPhone; CPU iPhone OS 8_3 like Mac OS X) AppleWebKit/600.1.4 (KHTML, like Gecko) Version/8.0 Mobile/12F70 Safari/600.1.4 (compatible; Googlebot/2.1; +http://www.google.com/bot.html)"
208.115.111.72 - - [27/Nov/2015:13:12:26 +0100] "GET /robots.txt HTTP/1.1" 200 218 "-" "Mozilla/5.0 (compatible; DotBot/1.1; http://www.opensiteexplorer.org/dotbot, help@moz.com)"
40.77.167.35 - - [27/Nov/2015:14:09:01 +0100] "GET /robots.txt HTTP/1.1" 200 218 "-" "Mozilla/5.0 (compatible; bingbot/2.0; +http://www.bing.com/bingbot.htm)"
40.77.167.35 - - [27/Nov/2015:14:09:06 +0100] "GET /img/dr_fleischer_ani.gif HTTP/1.1" 200 854042 "-" "Mozilla/5.0 (compatible; bingbot/2.0; +http://www.bing.com/bingbot.htm)"
208.115.111.72 - - [27/Nov/2015:14:19:03 +0100] "GET /anfahrt.php HTTP/1.1" 200 8074 "-" "Mozilla/5.0 (compatible; DotBot/1.1; http://www.opensiteexplorer.org/dotbot, help@moz.com)"
40.77.167.35 - - [27/Nov/2015:15:27:20 +0100] "GET /index.php HTTP/1.1" 200 9626 "-" "Mozilla/5.0 (compatible; bingbot/2.0; +http://www.bing.com/bingbot.htm)"
207.46.13.77 - - [27/Nov/2015:15:27:32 +0100] "GET /css/fl_style.css HTTP/1.1" 200 10194 "-" "Mozilla/5.0 (compatible; bingbot/2.0; +http://www.bing.com/bingbot.htm)"
188.165.15.202 - - [27/Nov/2015:17:31:26 +0100] "GET /robots.txt HTTP/1.1" 200 218 "-" "Mozilla/5.0 (compatible; AhrefsBot/5.0; +http://ahrefs.com/robot/)"
40.77.167.35 - - [27/Nov/2015:18:07:09 +0100] "GET /praxis.php HTTP/1.1" 200 7017 "-" "Mozilla/5.0 (iPhone; CPU iPhone OS 7_0 like Mac OS X) AppleWebKit/537.51.1 (KHTML, like Gecko) Version/7.0 Mobile/11A465 Safari/9537.53 (compatible; bingbot/2.0; http://www.bing.com/bingbot.htm)"
207.46.13.77 - - [27/Nov/2015:18:07:33 +0100] "GET /css/fl_style.css HTTP/1.1" 200 10194 "-" "Mozilla/5.0 (iPhone; CPU iPhone OS 7_0 like Mac OS X) AppleWebKit/537.51.1 (KHTML, like Gecko) Version/7.0 Mobile/11A465 Safari/9537.53 (compatible; bingbot/2.0; +http://www.bing.com/bingbot.htm)"
66.249.78.96 - - [27/Nov/2015:20:44:25 +0100] "GET /img/lay07.gif HTTP/1.1" 304 - "-" "Googlebot-Image/1.0"
66.249.78.96 - - [27/Nov/2015:20:44:39 +0100] "GET /img/leistungen_1.jpg HTTP/1.1" 304 - "-" "Googlebot-Image/1.0"
66.249.67.158 - - [27/Nov/2015:20:57:05 +0100] "GET /img/lay07.gif HTTP/1.1" 304 - "-" "Googlebot-Image/1.0"
188.165.15.223 - - [27/Nov/2015:22:38:39 +0100] "GET /robots.txt HTTP/1.1" 200 218 "-" "Mozilla/5.0 (compatible; AhrefsBot/5.0; +http://ahrefs.com/robot/)"
66.249.78.96 - - [27/Nov/2015:23:12:57 +0100] "GET /img/zert_1gross.jpg HTTP/1.1" 304 - "-" "Googlebot-Image/1.0"
188.165.15.22 - - [28/Nov/2015:00:23:33 +0100] "GET /index.php HTTP/1.1" 200 9626 "-" "Mozilla/5.0 (compatible; AhrefsBot/5.0; +http://ahrefs.com/robot/)"
208.115.111.66 - - [28/Nov/2015:00:49:38 +0100] "GET /robots.txt HTTP/1.1" 200 218 "-" "Mozilla/5.0 (compatible; DotBot/1.1; http://www.opensiteexplorer.org/dotbot, help@moz.com)"
208.115.111.66 - - [28/Nov/2015:02:17:11 +0100] "GET /leistungen.php HTTP/1.1" 200 8056 "-" "Mozilla/5.0 (compatible; DotBot/1.1; http://www.opensiteexplorer.org/dotbot, help@moz.com)"
40.77.167.35 - - [28/Nov/2015:02:38:12 +0100] "GET / HTTP/1.1" 200 9626 "-" "Mozilla/5.0 (compatible; bingbot/2.0; +http://www.bing.com/bingbot.htm)"
66.249.78.110 - - [28/Nov/2015:03:56:40 +0100] "GET /img/leistungen_1.jpg HTTP/1.1" 304 - "-" "Googlebot-Image/1.0"
66.249.78.110 - - [28/Nov/2015:04:34:50 +0100] "GET /img/zert_1.jpg HTTP/1.1" 304 - "-" "Googlebot-Image/1.0"
66.249.78.96 - - [28/Nov/2015:04:35:21 +0100] "GET /img/spez_leistungen_2.jpg HTTP/1.1" 304 - "-" "Googlebot-Image/1.0"
180.153.236.108 - - [28/Nov/2015:04:40:30 +0100] "GET / HTTP/1.1" 200 9626 "http://www.dr-heidi-fleischer.de/" "Mozilla/5.0 (compatible; MSIE 9.0; Windows NT 6.1; Trident/5.0); 360Spider(compatible; HaosouSpider; http://www.haosou.com/help/help_3_2.html)"
198.27.65.39 - - [28/Nov/2015:04:48:32 +0100] "GET /robots.txt HTTP/1.0" 200 218 "-" "Mozilla/5.0 (compatible; MJ12bot/v1.4.5; http://www.majestic12.co.uk/bot.php?+)"
198.27.65.39 - - [28/Nov/2015:04:48:33 +0100] "GET /anfahrt.php HTTP/1.0" 200 8074 "-" "Mozilla/5.0 (compatible; MJ12bot/v1.4.5; http://www.majestic12.co.uk/bot.php?+)"
198.27.65.39 - - [28/Nov/2015:04:48:35 +0100] "GET /impressum.php HTTP/1.0" 200 8293 "-" "Mozilla/5.0 (compatible; MJ12bot/v1.4.5; http://www.majestic12.co.uk/bot.php?+)"
198.27.65.39 - - [28/Nov/2015:04:48:36 +0100] "GET /kont.php HTTP/1.0" 200 8494 "-" "Mozilla/5.0 (compatible; MJ12bot/v1.4.5; http://www.majestic12.co.uk/bot.php?+)"
195.154.200.68 - - [28/Nov/2015:04:54:52 +0100] "GET /robots.txt HTTP/1.0" 200 218 "-" "Mozilla/5.0 (compatible; MJ12bot/v1.4.5; http://www.majestic12.co.uk/bot.php?+)"
195.154.200.68 - - [28/Nov/2015:04:54:54 +0100] "GET /leistungen.php HTTP/1.1" 200 8056 "-" "Mozilla/5.0 (compatible; MJ12bot/v1.4.5; http://www.majestic12.co.uk/bot.php?+)"
195.154.200.68 - - [28/Nov/2015:04:54:55 +0100] "GET /praxis.php HTTP/1.1" 200 7017 "-" "Mozilla/5.0 (compatible; MJ12bot/v1.4.5; http://www.majestic12.co.uk/bot.php?+)"
136.243.73.82 - - [28/Nov/2015:05:56:05 +0100] "GET /robots.txt HTTP/1.0" 200 218 "-" "Mozilla/5.0 (compatible; MJ12bot/v1.4.5; http://www.majestic12.co.uk/bot.php?+)"
136.243.73.82 - - [28/Nov/2015:05:56:07 +0100] "GET /anfahrt.php HTTP/1.0" 200 8074 "-" "Mozilla/5.0 (compatible; MJ12bot/v1.4.5; http://www.majestic12.co.uk/bot.php?+)"
136.243.73.82 - - [28/Nov/2015:05:56:08 +0100] "GET /impressum.php HTTP/1.0" 200 8293 "-" "Mozilla/5.0 (compatible; MJ12bot/v1.4.5; http://www.majestic12.co.uk/bot.php?+)"
208.115.111.72 - - [28/Nov/2015:07:10:04 +0100] "GET /robots.txt HTTP/1.1" 200 218 "-" "Mozilla/5.0 (compatible; DotBot/1.1; http://www.opensiteexplorer.org/dotbot, help@moz.com)"
46.4.87.105 - - [28/Nov/2015:07:48:41 +0100] "GET /robots.txt HTTP/1.0" 200 218 "-" "Mozilla/5.0 (compatible; MJ12bot/v1.4.5; http://www.majestic12.co.uk/bot.php?+)"
46.4.87.105 - - [28/Nov/2015:07:48:42 +0100] "GET /spez_leistungen.php HTTP/1.0" 200 7752 "-" "Mozilla/5.0 (compatible; MJ12bot/v1.4.5; http://www.majestic12.co.uk/bot.php?+)"
40.77.167.59 - - [28/Nov/2015:08:14:51 +0100] "GET /kont.php HTTP/1.1" 200 8494 "-" "Mozilla/5.0 (compatible; bingbot/2.0; +http://www.bing.com/bingbot.htm)"
208.115.111.72 - - [28/Nov/2015:08:26:10 +0100] "GET /kont.php HTTP/1.1" 200 8494 "-" "Mozilla/5.0 (compatible; DotBot/1.1; http://www.opensiteexplorer.org/dotbot, help@moz.com)"
85.25.202.18 - - [28/Nov/2015:08:46:30 +0100] "GET / HTTP/1.1" 200 9626 "http://www.sumaja.de/?such_wert=phobie" "Mozilla/5.0 (Windows; U; Windows NT 6.1; de; rv:1.9.2.8) Gecko/20100722 Firefox/3.6.8 GTB7.1"
83.236.131.219 - - [28/Nov/2015:08:58:33 +0100] "GET / HTTP/1.1" 200 9626 "-" "WhatWeb/0.4.8-dev"
207.46.13.89 - - [28/Nov/2015:09:04:43 +0100] "GET /robots.txt HTTP/1.1" 200 218 "-" "Mozilla/5.0 (compatible; bingbot/2.0; +http://www.bing.com/bingbot.htm)"
207.46.13.89 - - [28/Nov/2015:09:05:05 +0100] "GET /kont.php HTTP/1.1" 200 8494 "-" "Mozilla/5.0 (compatible; bingbot/2.0; +http://www.bing.com/bingbot.htm)"
66.249.78.110 - - [28/Nov/2015:09:15:58 +0100] "GET /kont.php HTTP/1.1" 200 8494 "-" "Mozilla/5.0 (compatible; Googlebot/2.1; +http://www.google.com/bot.html)"
66.249.78.96 - - [28/Nov/2015:09:38:17 +0100] "GET /img/dr_fleischer_ani.gif HTTP/1.1" 304 - "-" "Googlebot-Image/1.0"
66.249.78.96 - - [28/Nov/2015:10:27:02 +0100] "GET /kont.php HTTP/1.1" 200 8494 "-" "Mozilla/5.0 (compatible; Googlebot/2.1; +http://www.google.com/bot.html)"
66.249.78.96 - - [28/Nov/2015:10:27:02 +0100] "GET /css/fl_style.css HTTP/1.1" 200 10194 "http://www.dr-heidi-fleischer.de/kont.php" "Mozilla/5.0 (compatible; Googlebot/2.1; +http://www.google.com/bot.html)"
66.249.78.96 - - [28/Nov/2015:10:27:03 +0100] "GET /img/f_1-p.gif HTTP/1.1" 200 43 "http://www.dr-heidi-fleischer.de/kont.php" "Mozilla/5.0 (compatible; Googlebot/2.1; +http://www.google.com/bot.html)"
66.249.78.96 - - [28/Nov/2015:10:27:03 +0100] "GET /img/lay05.gif HTTP/1.1" 200 331 "http://www.dr-heidi-fleischer.de/kont.php" "Mozilla/5.0 (compatible; Googlebot/2.1; +http://www.google.com/bot.html)"
66.249.78.96 - - [28/Nov/2015:10:27:03 +0100] "GET /img/zert_1gross.jpg HTTP/1.1" 200 22004 "http://www.dr-heidi-fleischer.de/kont.php" "Mozilla/5.0 (compatible; Googlebot/2.1; +http://www.google.com/bot.html)"
66.249.78.96 - - [28/Nov/2015:10:27:04 +0100] "GET /img/lay08.gif HTTP/1.1" 200 534 "http://www.dr-heidi-fleischer.de/kont.php" "Mozilla/5.0 (compatible; Googlebot/2.1; +http://www.google.com/bot.html)"
66.249.78.96 - - [28/Nov/2015:10:27:04 +0100] "GET /img/lay03.gif HTTP/1.1" 200 1060 "http://www.dr-heidi-fleischer.de/kont.php" "Mozilla/5.0 (compatible; Googlebot/2.1; +http://www.google.com/bot.html)"
66.249.78.96 - - [28/Nov/2015:10:27:05 +0100] "GET /img/right_bg.gif HTTP/1.1" 200 76 "http://www.dr-heidi-fleischer.de/kont.php" "Mozilla/5.0 (compatible; Googlebot/2.1; +http://www.google.com/bot.html)"
66.249.78.96 - - [28/Nov/2015:10:27:05 +0100] "GET /img/lay04.gif HTTP/1.1" 200 68 "http://www.dr-heidi-fleischer.de/kont.php" "Mozilla/5.0 (compatible; Googlebot/2.1; +http://www.google.com/bot.html)"
66.249.78.96 - - [28/Nov/2015:10:27:06 +0100] "GET /img/lay16.gif HTTP/1.1" 200 309 "http://www.dr-heidi-fleischer.de/kont.php" "Mozilla/5.0 (compatible; Googlebot/2.1; +http://www.google.com/bot.html)"
66.249.78.96 - - [28/Nov/2015:10:27:06 +0100] "GET /img/lay01.gif HTTP/1.1" 200 273 "http://www.dr-heidi-fleischer.de/kont.php" "Mozilla/5.0 (compatible; Googlebot/2.1; +http://www.google.com/bot.html)"
66.249.78.96 - - [28/Nov/2015:10:27:07 +0100] "GET /img/left_bg2.gif HTTP/1.1" 200 176 "http://www.dr-heidi-fleischer.de/kont.php" "Mozilla/5.0 (compatible; Googlebot/2.1; +http://www.google.com/bot.html)"
66.249.78.96 - - [28/Nov/2015:10:27:07 +0100] "GET /img/lay10.gif HTTP/1.1" 200 252 "http://www.dr-heidi-fleischer.de/kont.php" "Mozilla/5.0 (compatible; Googlebot/2.1; +http://www.google.com/bot.html)"
66.249.78.96 - - [28/Nov/2015:10:27:08 +0100] "GET /img/header_neu.gif HTTP/1.1" 200 32567 "http://www.dr-heidi-fleischer.de/kont.php" "Mozilla/5.0 (compatible; Googlebot/2.1; +http://www.google.com/bot.html)"
66.249.78.96 - - [28/Nov/2015:10:27:08 +0100] "GET /img/lay06neu.gif HTTP/1.1" 200 583 "http://www.dr-heidi-fleischer.de/kont.php" "Mozilla/5.0 (compatible; Googlebot/2.1; +http://www.google.com/bot.html)"
66.249.78.96 - - [28/Nov/2015:10:27:08 +0100] "GET /img/bottom_bg.gif HTTP/1.1" 200 79 "http://www.dr-heidi-fleischer.de/kont.php" "Mozilla/5.0 (compatible; Googlebot/2.1; +http://www.google.com/bot.html)"
66.249.78.96 - - [28/Nov/2015:10:27:09 +0100] "GET /img/tel_footer.gif HTTP/1.1" 200 1051 "http://www.dr-heidi-fleischer.de/kont.php" "Mozilla/5.0 (compatible; Googlebot/2.1; +http://www.google.com/bot.html)"
66.249.78.96 - - [28/Nov/2015:10:27:09 +0100] "GET /img/left_bg.gif HTTP/1.1" 200 98 "http://www.dr-heidi-fleischer.de/kont.php" "Mozilla/5.0 (compatible; Googlebot/2.1; +http://www.google.com/bot.html)"
66.249.78.96 - - [28/Nov/2015:10:27:10 +0100] "GET /img/lay09.gif HTTP/1.1" 200 135 "http://www.dr-heidi-fleischer.de/kont.php" "Mozilla/5.0 (compatible; Googlebot/2.1; +http://www.google.com/bot.html)"
66.249.78.110 - - [28/Nov/2015:10:46:12 +0100] "GET / HTTP/1.1" 200 9626 "-" "Mozilla/5.0 (iPhone; CPU iPhone OS 8_3 like Mac OS X) AppleWebKit/600.1.4 (KHTML, like Gecko) Version/8.0 Mobile/12F70 Safari/600.1.4 (compatible; Googlebot/2.1; +http://www.google.com/bot.html)"
213.61.218.52 - - [28/Nov/2015:13:30:34 +0100] "GET / HTTP/1.1" 200 9626 "-" "-"
213.61.218.52 - - [28/Nov/2015:13:30:34 +0100] "GET / HTTP/1.1" 200 9626 "http://www.google.de/" "finbot"
213.61.218.52 - - [28/Nov/2015:13:30:35 +0100] "GET / HTTP/1.1" 200 9626 "http://www.google.de/" "Mozilla/5.0 (Linux; U; Android 4.1.2; de-de; GT-I8190 Build/JZO54K) AppleWebKit/534.30 (KHTML, like Gecko) Version/4.0 Mobile Safari/534.30"
213.61.218.52 - - [28/Nov/2015:13:30:35 +0100] "GET /css/fl_style.css HTTP/1.1" 200 10194 "http://www.google.de/" "finbot"
157.55.39.227 - - [28/Nov/2015:14:10:30 +0100] "GET /robots.txt HTTP/1.1" 200 218 "-" "Mozilla/5.0 (compatible; bingbot/2.0; +http://www.bing.com/bingbot.htm)"
157.55.39.226 - - [28/Nov/2015:14:11:36 +0100] "GET /img/lay14.gif HTTP/1.1" 200 104 "-" "Mozilla/5.0 (compatible; bingbot/2.0; +http://www.bing.com/bingbot.htm)"
93.92.217.228 - - [28/Nov/2015:14:45:05 +0100] "GET / HTTP/1.1" 200 9626 "-" "Mozilla/5.0 (Windows NT 6.1; WOW64) AppleWebKit/534.34 (KHTML, like Gecko) Arora/0.11.0 Safari/534.34"
93.92.217.228 - - [28/Nov/2015:14:45:08 +0100] "GET / HTTP/1.1" 200 9626 "-" "Mozilla/5.0 (Macintosh; U; Intel Mac OS X; en-US; rv:1.8.1) Gecko/20061024 BonEcho/2.0"
40.77.167.35 - - [28/Nov/2015:15:20:10 +0100] "GET /robots.txt HTTP/1.1" 200 218 "-" "Mozilla/5.0 (compatible; bingbot/2.0; +http://www.bing.com/bingbot.htm)"
40.77.167.35 - - [28/Nov/2015:15:21:16 +0100] "GET / HTTP/1.1" 200 9626 "-" "Mozilla/5.0 (compatible; bingbot/2.0; +http://www.bing.com/bingbot.htm)"
207.46.13.77 - - [28/Nov/2015:23:28:11 +0100] "GET /robots.txt HTTP/1.1" 200 218 "-" "Mozilla/5.0 (compatible; bingbot/2.0; +http://www.bing.com/bingbot.htm)"
207.46.13.77 - - [28/Nov/2015:23:31:00 +0100] "GET /impressum.php HTTP/1.1" 200 8293 "-" "Mozilla/5.0 (iPhone; CPU iPhone OS 7_0 like Mac OS X) AppleWebKit/537.51.1 (KHTML, like Gecko) Version/7.0 Mobile/11A465 Safari/9537.53 (compatible; bingbot/2.0; http://www.bing.com/bingbot.htm)"
157.55.39.226 - - [28/Nov/2015:23:31:54 +0100] "GET /css/fl_style.css HTTP/1.1" 200 10194 "-" "Mozilla/5.0 (iPhone; CPU iPhone OS 7_0 like Mac OS X) AppleWebKit/537.51.1 (KHTML, like Gecko) Version/7.0 Mobile/11A465 Safari/9537.53 (compatible; bingbot/2.0; +http://www.bing.com/bingbot.htm)"
101.226.168.225 - - [29/Nov/2015:01:01:04 +0100] "GET /index.php HTTP/1.1" 200 9626 "http://www.dr-heidi-fleischer.de/index.php" "Mozilla/5.0 (Windows NT 6.1) AppleWebKit/537.1 (KHTML, like Gecko) Chrome/21.0.1180.89 Safari/537.1; 360Spider(compatible; HaosouSpider; http://www.haosou.com/help/help_3_2.html)"
101.226.166.252 - - [29/Nov/2015:01:09:51 +0100] "GET /kont.php HTTP/1.1" 200 8494 "http://www.dr-heidi-fleischer.de/kont.php" "Mozilla/5.0 (Windows NT 6.1) AppleWebKit/537.1 (KHTML, like Gecko) Chrome/21.0.1180.89 Safari/537.1; 360Spider(compatible; HaosouSpider; http://www.haosou.com/help/help_3_2.html)"
207.46.13.52 - - [29/Nov/2015:02:30:18 +0100] "GET / HTTP/1.1" 200 9626 "-" "Mozilla/5.0 (compatible; bingbot/2.0; +http://www.bing.com/bingbot.htm)"
207.46.13.52 - - [29/Nov/2015:05:07:22 +0100] "GET / HTTP/1.1" 200 9626 "-" "Mozilla/5.0 (iPhone; CPU iPhone OS 7_0 like Mac OS X) AppleWebKit/537.51.1 (KHTML, like Gecko) Version/7.0 Mobile/11A465 Safari/9537.53 (compatible; bingbot/2.0; http://www.bing.com/bingbot.htm)"
66.249.78.103 - - [29/Nov/2015:05:49:09 +0100] "GET /robots.txt HTTP/1.1" 200 218 "-" "Mozilla/5.0 (compatible; Googlebot/2.1; +http://www.google.com/bot.html)"
66.249.78.110 - - [29/Nov/2015:05:49:10 +0100] "GET /impressum.php HTTP/1.1" 200 8293 "-" "SAMSUNG-SGH-E250/1.0 Profile/MIDP-2.0 Configuration/CLDC-1.1 UP.Browser/6.2.3.3.c.1.101 (GUI) MMP/2.0 (compatible; Googlebot-Mobile/2.1; +http://www.google.com/bot.html)"
188.165.15.169 - - [29/Nov/2015:06:34:59 +0100] "GET / HTTP/1.1" 200 9626 "-" "Mozilla/5.0 (compatible; AhrefsBot/5.0; +http://ahrefs.com/robot/)"
66.249.78.201 - - [29/Nov/2015:06:58:05 +0100] "GET /robots.txt HTTP/1.1" 200 218 "-" "Mozilla/5.0 (compatible; Googlebot/2.1; +http://www.google.com/bot.html)"
66.249.78.194 - - [29/Nov/2015:06:58:05 +0100] "GET / HTTP/1.1" 200 9626 "-" "Mozilla/5.0 (compatible; Googlebot/2.1; +http://www.google.com/bot.html)"
66.249.78.194 - - [29/Nov/2015:06:58:20 +0100] "GET /css/fl_style.css HTTP/1.1" 200 10194 "-" "Mozilla/5.0 (compatible; Googlebot/2.1; +http://www.google.com/bot.html)"
66.249.78.208 - - [29/Nov/2015:07:00:37 +0100] "GET /praxis.php HTTP/1.1" 200 7017 "-" "Mozilla/5.0 (compatible; Googlebot/2.1; +http://www.google.com/bot.html)"
136.243.83.16 - - [29/Nov/2015:07:41:15 +0100] "GET /robots.txt HTTP/1.1" 200 218 "-" "Mozilla/5.0 (compatible; MetaJobBot; http://www.metajob.de/crawler)"
136.243.83.16 - - [29/Nov/2015:07:41:15 +0100] "GET /impressum.php HTTP/1.1" 200 8293 "-" "Mozilla/5.0 (compatible; MetaJobBot; http://www.metajob.de/crawler)"
66.249.78.103 - - [29/Nov/2015:10:03:07 +0100] "GET / HTTP/1.1" 200 9626 "-" "Mozilla/5.0 (compatible; Googlebot/2.1; +http://www.google.com/bot.html)"
144.76.71.83 - - [29/Nov/2015:10:29:31 +0100] "GET / HTTP/1.1" 200 9626 "-" "Mozilla/5.0 (Windows NT 5.1; rv:11.0) Gecko Firefox/11.0"
144.76.71.83 - - [29/Nov/2015:10:29:31 +0100] "GET /impressum.php HTTP/1.1" 200 8293 "-" "Mozilla/5.0 (Windows NT 6.1; WOW64; rv:18.0) Gecko/20100101 Firefox/18.0"
144.76.71.83 - - [29/Nov/2015:10:29:31 +0100] "GET /kont.php HTTP/1.1" 200 8494 "-" "Mozilla/5.0 (Windows; U; Windows NT 6.1; en-US) AppleWebKit/533.19.4 (KHTML, like Gecko) Version/5.0.2 Safari/533.18.5"
117.78.13.17 - - [29/Nov/2015:10:50:07 +0100] "GET /robots.txt HTTP/1.0" 200 218 "-" "nutch-1.4/Nutch-1.4"
117.78.13.17 - - [29/Nov/2015:10:50:07 +0100] "GET / HTTP/1.0" 200 9626 "-" "nutch-1.4/Nutch-1.4"
5.9.94.207 - - [29/Nov/2015:10:51:55 +0100] "GET /impressum.php HTTP/1.1" 200 8293 "-" "Mozilla/5.0 (Windows NT 6.1) AppleWebKit/537.36 (KHTML, like Gecko) Chrome/27.0.1453.93 Safari/537.36"
5.9.94.207 - - [29/Nov/2015:10:51:55 +0100] "GET / HTTP/1.1" 200 9626 "-" "Mozilla/5.0 (Windows NT 6.1) AppleWebKit/537.22 (KHTML, like Gecko) Chrome/25.0.1364.172 Safari/537.22"
5.9.94.207 - - [29/Nov/2015:10:51:56 +0100] "GET /kont.php HTTP/1.1" 200 8494 "-" "Mozilla/5.0 (Windows NT 5.0; rv:21.0) Gecko/20100101 Firefox/21.0"
66.249.78.110 - - [29/Nov/2015:11:00:37 +0100] "GET / HTTP/1.1" 200 9626 "-" "Mozilla/5.0 (iPhone; CPU iPhone OS 8_3 like Mac OS X) AppleWebKit/600.1.4 (KHTML, like Gecko) Version/8.0 Mobile/12F70 Safari/600.1.4 (compatible; Googlebot/2.1; +http://www.google.com/bot.html)"
66.249.78.103 - - [29/Nov/2015:11:08:08 +0100] "GET / HTTP/1.1" 200 9626 "-" "Mozilla/5.0 (compatible; Googlebot/2.1; +http://www.google.com/bot.html)"
85.25.202.18 - - [29/Nov/2015:11:38:58 +0100] "GET / HTTP/1.1" 200 9626 "http://www.sumaja.de/?such_wert=heidi" "Mozilla/4.0 (compatible; MSIE 8.0; Windows NT 6.0; Trident/4.0; GTB0.0; SLCC1; .NET CLR 2.0.50727; Media Center PC 5.0; .NET CLR 3.5.30729; .NET CLR 3.0.30729; .NET4.0C)"
207.46.13.52 - - [29/Nov/2015:11:45:28 +0100] "GET / HTTP/1.1" 200 9626 "-" "Mozilla/5.0 (compatible; bingbot/2.0; +http://www.bing.com/bingbot.htm)"
157.55.39.226 - - [29/Nov/2015:11:50:44 +0100] "GET /css/fl_style.css HTTP/1.1" 304 - "-" "Mozilla/5.0 (compatible; bingbot/2.0; +http://www.bing.com/bingbot.htm)"
188.165.15.22 - - [29/Nov/2015:12:12:20 +0100] "GET /praxis.php HTTP/1.1" 200 7017 "-" "Mozilla/5.0 (compatible; AhrefsBot/5.0; +http://ahrefs.com/robot/)"
66.249.78.103 - - [29/Nov/2015:13:07:12 +0100] "GET / HTTP/1.1" 200 9626 "-" "Mozilla/5.0 (compatible; Googlebot/2.1; +http://www.google.com/bot.html)"
207.46.13.52 - - [29/Nov/2015:13:49:58 +0100] "GET /robots.txt HTTP/1.1" 200 218 "-" "Mozilla/5.0 (compatible; bingbot/2.0; +http://www.bing.com/bingbot.htm)"
207.46.13.52 - - [29/Nov/2015:13:50:37 +0100] "GET / HTTP/1.1" 200 9626 "-" "Mozilla/5.0 (compatible; bingbot/2.0; +http://www.bing.com/bingbot.htm)"
66.249.78.103 - - [29/Nov/2015:14:13:39 +0100] "GET /css/fl_style.css HTTP/1.1" 200 10194 "-" "Mozilla/5.0 (compatible; Googlebot/2.1; +http://www.google.com/bot.html)"
185.10.244.253 - - [29/Nov/2015:14:23:24 +0100] "GET /img/dr_fleischer_ani.gif HTTP/1.1" 200 854042 "https://www.bing.com" "Mozilla/5.0 (Windows NT 10.0; WOW64; rv:42.0) Gecko/20100101 Firefox/42.0"
207.46.13.52 - - [29/Nov/2015:16:03:58 +0100] "GET /robots.txt HTTP/1.1" 200 218 "-" "Mozilla/5.0 (compatible; bingbot/2.0; +http://www.bing.com/bingbot.htm)"
157.55.39.227 - - [29/Nov/2015:16:04:12 +0100] "GET /impressum.php HTTP/1.1" 200 8293 "-" "Mozilla/5.0 (compatible; bingbot/2.0; +http://www.bing.com/bingbot.htm)"
207.46.13.52 - - [29/Nov/2015:16:08:47 +0100] "GET /praxis.php HTTP/1.1" 200 7017 "-" "Mozilla/5.0 (compatible; bingbot/2.0; +http://www.bing.com/bingbot.htm)"
207.46.13.52 - - [29/Nov/2015:16:08:48 +0100] "GET / HTTP/1.1" 200 9626 "-" "Mozilla/5.0 (compatible; bingbot/2.0; +http://www.bing.com/bingbot.htm)"
207.46.13.52 - - [29/Nov/2015:16:08:48 +0100] "GET /anfahrt.php HTTP/1.1" 200 8074 "-" "Mozilla/5.0 (compatible; bingbot/2.0; +http://www.bing.com/bingbot.htm)"
207.46.13.52 - - [29/Nov/2015:16:08:49 +0100] "GET /index.php HTTP/1.1" 200 9626 "-" "Mozilla/5.0 (compatible; bingbot/2.0; +http://www.bing.com/bingbot.htm)"
157.55.39.236 - - [29/Nov/2015:16:12:11 +0100] "GET /leistungen.php HTTP/1.1" 200 8056 "-" "Mozilla/5.0 (compatible; bingbot/2.0; +http://www.bing.com/bingbot.htm)"
157.55.39.236 - - [29/Nov/2015:16:12:12 +0100] "GET /spez_leistungen.php HTTP/1.1" 200 7752 "-" "Mozilla/5.0 (compatible; bingbot/2.0; +http://www.bing.com/bingbot.htm)"
80.187.103.35 - - [29/Nov/2015:18:13:12 +0100] "GET / HTTP/1.1" 200 9626 "https://www.google.de/" "Mozilla/5.0 (iPhone; CPU iPhone OS 8_3 like Mac OS X) AppleWebKit/600.1.4 (KHTML, like Gecko) Version/8.0 Mobile/12F70 Safari/600.1.4"
80.187.103.35 - - [29/Nov/2015:18:13:12 +0100] "GET /css/fl_style.css HTTP/1.1" 200 10194 "http://www.dr-heidi-fleischer.de/" "Mozilla/5.0 (iPhone; CPU iPhone OS 8_3 like Mac OS X) AppleWebKit/600.1.4 (KHTML, like Gecko) Version/8.0 Mobile/12F70 Safari/600.1.4"
80.187.103.35 - - [29/Nov/2015:18:13:12 +0100] "GET /scripte/all_scripts.js HTTP/1.1" 200 249 "http://www.dr-heidi-fleischer.de/" "Mozilla/5.0 (iPhone; CPU iPhone OS 8_3 like Mac OS X) AppleWebKit/600.1.4 (KHTML, like Gecko) Version/8.0 Mobile/12F70 Safari/600.1.4"
80.187.103.35 - - [29/Nov/2015:18:13:12 +0100] "GET /img/lay07.gif HTTP/1.1" 200 453 "http://www.dr-heidi-fleischer.de/" "Mozilla/5.0 (iPhone; CPU iPhone OS 8_3 like Mac OS X) AppleWebKit/600.1.4 (KHTML, like Gecko) Version/8.0 Mobile/12F70 Safari/600.1.4"
80.187.103.35 - - [29/Nov/2015:18:13:12 +0100] "GET /img/f_1-p.gif HTTP/1.1" 200 43 "http://www.dr-heidi-fleischer.de/" "Mozilla/5.0 (iPhone; CPU iPhone OS 8_3 like Mac OS X) AppleWebKit/600.1.4 (KHTML, like Gecko) Version/8.0 Mobile/12F70 Safari/600.1.4"
80.187.103.35 - - [29/Nov/2015:18:13:12 +0100] "GET /img/zert_1.jpg HTTP/1.1" 200 6013 "http://www.dr-heidi-fleischer.de/" "Mozilla/5.0 (iPhone; CPU iPhone OS 8_3 like Mac OS X) AppleWebKit/600.1.4 (KHTML, like Gecko) Version/8.0 Mobile/12F70 Safari/600.1.4"
80.187.103.35 - - [29/Nov/2015:18:13:12 +0100] "GET /img/lay01.gif HTTP/1.1" 200 273 "http://www.dr-heidi-fleischer.de/" "Mozilla/5.0 (iPhone; CPU iPhone OS 8_3 like Mac OS X) AppleWebKit/600.1.4 (KHTML, like Gecko) Version/8.0 Mobile/12F70 Safari/600.1.4"
80.187.103.35 - - [29/Nov/2015:18:13:12 +0100] "GET /img/lay06neu.gif HTTP/1.1" 200 583 "http://www.dr-heidi-fleischer.de/" "Mozilla/5.0 (iPhone; CPU iPhone OS 8_3 like Mac OS X) AppleWebKit/600.1.4 (KHTML, like Gecko) Version/8.0 Mobile/12F70 Safari/600.1.4"
80.187.103.35 - - [29/Nov/2015:18:13:12 +0100] "GET /img/tel_footer.gif HTTP/1.1" 200 1051 "http://www.dr-heidi-fleischer.de/" "Mozilla/5.0 (iPhone; CPU iPhone OS 8_3 like Mac OS X) AppleWebKit/600.1.4 (KHTML, like Gecko) Version/8.0 Mobile/12F70 Safari/600.1.4"
80.187.103.35 - - [29/Nov/2015:18:13:12 +0100] "GET /img/lay08.gif HTTP/1.1" 200 534 "http://www.dr-heidi-fleischer.de/" "Mozilla/5.0 (iPhone; CPU iPhone OS 8_3 like Mac OS X) AppleWebKit/600.1.4 (KHTML, like Gecko) Version/8.0 Mobile/12F70 Safari/600.1.4"
80.187.103.35 - - [29/Nov/2015:18:13:12 +0100] "GET /img/hg_body.jpg HTTP/1.1" 200 2615 "http://www.dr-heidi-fleischer.de/" "Mozilla/5.0 (iPhone; CPU iPhone OS 8_3 like Mac OS X) AppleWebKit/600.1.4 (KHTML, like Gecko) Version/8.0 Mobile/12F70 Safari/600.1.4"
80.187.103.35 - - [29/Nov/2015:18:13:12 +0100] "GET /img/lay04.gif HTTP/1.1" 200 68 "http://www.dr-heidi-fleischer.de/" "Mozilla/5.0 (iPhone; CPU iPhone OS 8_3 like Mac OS X) AppleWebKit/600.1.4 (KHTML, like Gecko) Version/8.0 Mobile/12F70 Safari/600.1.4"
80.187.103.35 - - [29/Nov/2015:18:13:12 +0100] "GET /img/lay05.gif HTTP/1.1" 200 331 "http://www.dr-heidi-fleischer.de/" "Mozilla/5.0 (iPhone; CPU iPhone OS 8_3 like Mac OS X) AppleWebKit/600.1.4 (KHTML, like Gecko) Version/8.0 Mobile/12F70 Safari/600.1.4"
80.187.103.35 - - [29/Nov/2015:18:13:12 +0100] "GET /img/lay10.gif HTTP/1.1" 200 252 "http://www.dr-heidi-fleischer.de/" "Mozilla/5.0 (iPhone; CPU iPhone OS 8_3 like Mac OS X) AppleWebKit/600.1.4 (KHTML, like Gecko) Version/8.0 Mobile/12F70 Safari/600.1.4"
80.187.103.35 - - [29/Nov/2015:18:13:12 +0100] "GET /img/left_bg2.gif HTTP/1.1" 200 176 "http://www.dr-heidi-fleischer.de/" "Mozilla/5.0 (iPhone; CPU iPhone OS 8_3 like Mac OS X) AppleWebKit/600.1.4 (KHTML, like Gecko) Version/8.0 Mobile/12F70 Safari/600.1.4"
80.187.103.35 - - [29/Nov/2015:18:13:12 +0100] "GET /img/left_bg.gif HTTP/1.1" 200 98 "http://www.dr-heidi-fleischer.de/" "Mozilla/5.0 (iPhone; CPU iPhone OS 8_3 like Mac OS X) AppleWebKit/600.1.4 (KHTML, like Gecko) Version/8.0 Mobile/12F70 Safari/600.1.4"
80.187.103.35 - - [29/Nov/2015:18:13:12 +0100] "GET /img/header_neu.gif HTTP/1.1" 200 32567 "http://www.dr-heidi-fleischer.de/" "Mozilla/5.0 (iPhone; CPU iPhone OS 8_3 like Mac OS X) AppleWebKit/600.1.4 (KHTML, like Gecko) Version/8.0 Mobile/12F70 Safari/600.1.4"
80.187.103.35 - - [29/Nov/2015:18:13:12 +0100] "GET /img/hg_zahn2.gif HTTP/1.1" 200 20816 "http://www.dr-heidi-fleischer.de/" "Mozilla/5.0 (iPhone; CPU iPhone OS 8_3 like Mac OS X) AppleWebKit/600.1.4 (KHTML, like Gecko) Version/8.0 Mobile/12F70 Safari/600.1.4"
80.187.103.35 - - [29/Nov/2015:18:13:12 +0100] "GET /img/dr_fleischer_ani.gif HTTP/1.1" 200 854042 "http://www.dr-heidi-fleischer.de/" "Mozilla/5.0 (iPhone; CPU iPhone OS 8_3 like Mac OS X) AppleWebKit/600.1.4 (KHTML, like Gecko) Version/8.0 Mobile/12F70 Safari/600.1.4"
80.187.103.35 - - [29/Nov/2015:18:13:12 +0100] "GET /img/roll_trans2.gif HTTP/1.1" 200 609 "http://www.dr-heidi-fleischer.de/" "Mozilla/5.0 (iPhone; CPU iPhone OS 8_3 like Mac OS X) AppleWebKit/600.1.4 (KHTML, like Gecko) Version/8.0 Mobile/12F70 Safari/600.1.4"
80.187.103.35 - - [29/Nov/2015:18:13:13 +0100] "GET /img/roll_trans.gif HTTP/1.1" 200 609 "http://www.dr-heidi-fleischer.de/" "Mozilla/5.0 (iPhone; CPU iPhone OS 8_3 like Mac OS X) AppleWebKit/600.1.4 (KHTML, like Gecko) Version/8.0 Mobile/12F70 Safari/600.1.4"
80.187.103.35 - - [29/Nov/2015:18:13:13 +0100] "GET /img/lay16.gif HTTP/1.1" 200 309 "http://www.dr-heidi-fleischer.de/" "Mozilla/5.0 (iPhone; CPU iPhone OS 8_3 like Mac OS X) AppleWebKit/600.1.4 (KHTML, like Gecko) Version/8.0 Mobile/12F70 Safari/600.1.4"
80.187.103.35 - - [29/Nov/2015:18:13:14 +0100] "GET /img/lay13.gif HTTP/1.1" 200 181 "http://www.dr-heidi-fleischer.de/" "Mozilla/5.0 (iPhone; CPU iPhone OS 8_3 like Mac OS X) AppleWebKit/600.1.4 (KHTML, like Gecko) Version/8.0 Mobile/12F70 Safari/600.1.4"
80.187.103.35 - - [29/Nov/2015:18:13:14 +0100] "GET /img/lay09.gif HTTP/1.1" 200 135 "http://www.dr-heidi-fleischer.de/" "Mozilla/5.0 (iPhone; CPU iPhone OS 8_3 like Mac OS X) AppleWebKit/600.1.4 (KHTML, like Gecko) Version/8.0 Mobile/12F70 Safari/600.1.4"
80.187.103.35 - - [29/Nov/2015:18:13:14 +0100] "GET /img/lay14.gif HTTP/1.1" 200 104 "http://www.dr-heidi-fleischer.de/" "Mozilla/5.0 (iPhone; CPU iPhone OS 8_3 like Mac OS X) AppleWebKit/600.1.4 (KHTML, like Gecko) Version/8.0 Mobile/12F70 Safari/600.1.4"
80.187.103.35 - - [29/Nov/2015:18:13:14 +0100] "GET /img/zert_1gross.jpg HTTP/1.1" 200 22004 "http://www.dr-heidi-fleischer.de/" "Mozilla/5.0 (iPhone; CPU iPhone OS 8_3 like Mac OS X) AppleWebKit/600.1.4 (KHTML, like Gecko) Version/8.0 Mobile/12F70 Safari/600.1.4"
80.187.103.35 - - [29/Nov/2015:18:13:14 +0100] "GET /img/lay02.gif HTTP/1.1" 200 68 "http://www.dr-heidi-fleischer.de/" "Mozilla/5.0 (iPhone; CPU iPhone OS 8_3 like Mac OS X) AppleWebKit/600.1.4 (KHTML, like Gecko) Version/8.0 Mobile/12F70 Safari/600.1.4"
80.187.103.35 - - [29/Nov/2015:18:13:14 +0100] "GET /img/lay03.gif HTTP/1.1" 200 1060 "http://www.dr-heidi-fleischer.de/" "Mozilla/5.0 (iPhone; CPU iPhone OS 8_3 like Mac OS X) AppleWebKit/600.1.4 (KHTML, like Gecko) Version/8.0 Mobile/12F70 Safari/600.1.4"
80.187.103.35 - - [29/Nov/2015:18:13:14 +0100] "GET /img/right_bg.jpg HTTP/1.1" 404 1256 "http://www.dr-heidi-fleischer.de/" "Mozilla/5.0 (iPhone; CPU iPhone OS 8_3 like Mac OS X) AppleWebKit/600.1.4 (KHTML, like Gecko) Version/8.0 Mobile/12F70 Safari/600.1.4"
80.187.103.35 - - [29/Nov/2015:18:13:14 +0100] "GET /img/right_bg.gif HTTP/1.1" 200 76 "http://www.dr-heidi-fleischer.de/" "Mozilla/5.0 (iPhone; CPU iPhone OS 8_3 like Mac OS X) AppleWebKit/600.1.4 (KHTML, like Gecko) Version/8.0 Mobile/12F70 Safari/600.1.4"
80.187.103.35 - - [29/Nov/2015:18:13:14 +0100] "GET /img/bottom_bg.gif HTTP/1.1" 200 79 "http://www.dr-heidi-fleischer.de/" "Mozilla/5.0 (iPhone; CPU iPhone OS 8_3 like Mac OS X) AppleWebKit/600.1.4 (KHTML, like Gecko) Version/8.0 Mobile/12F70 Safari/600.1.4"
46.229.170.197 - - [29/Nov/2015:18:22:39 +0100] "GET / HTTP/1.1" 200 9626 "-" "Mozilla/5.0 (Windows NT 5.0; rv:5.0) Gecko/20100101 Firefox/5.0"
87.250.244.30 - - [29/Nov/2015:18:29:40 +0100] "GET /robots.txt HTTP/1.1" 200 218 "-" "Mozilla/5.0 (compatible; YandexBot/3.0; +http://yandex.com/bots)"
87.250.244.46 - - [29/Nov/2015:18:29:40 +0100] "GET /robots.txt HTTP/1.1" 200 218 "-" "Mozilla/5.0 (compatible; YandexBot/3.0; +http://yandex.com/bots)"
87.250.244.36 - - [29/Nov/2015:18:29:44 +0100] "GET / HTTP/1.1" 200 9626 "-" "Mozilla/5.0 (compatible; YandexBot/3.0; +http://yandex.com/bots)"
87.250.244.30 - - [29/Nov/2015:18:29:44 +0100] "GET / HTTP/1.1" 200 9626 "-" "Mozilla/5.0 (compatible; YandexBot/3.0; +http://yandex.com/bots)"
87.250.244.30 - - [29/Nov/2015:18:29:51 +0100] "GET / HTTP/1.1" 200 9626 "-" "Mozilla/5.0 (compatible; YandexBot/3.0; +http://yandex.com/bots)"
87.250.244.30 - - [29/Nov/2015:18:29:52 +0100] "GET / HTTP/1.1" 200 9626 "-" "Mozilla/5.0 (compatible; YandexBot/3.0; +http://yandex.com/bots)"
195.154.200.93 - - [29/Nov/2015:18:52:58 +0100] "GET /robots.txt HTTP/1.0" 200 218 "-" "Mozilla/5.0 (compatible; MJ12bot/v1.4.5; http://www.majestic12.co.uk/bot.php?+)"
195.154.200.93 - - [29/Nov/2015:18:53:29 +0100] "GET /index.php HTTP/1.1" 200 9626 "-" "Mozilla/5.0 (compatible; MJ12bot/v1.4.5; http://www.majestic12.co.uk/bot.php?+)"
159.203.100.118 - - [29/Nov/2015:18:53:37 +0100] "GET /robots.txt HTTP/1.1" 200 218 "-" "Mozilla/5.0 (compatible; spbot/4.4.2; +http://OpenLinkProfiler.org/bot )"
159.203.100.118 - - [29/Nov/2015:18:53:43 +0100] "GET / HTTP/1.1" 200 9626 "-" "Mozilla/5.0 (compatible; spbot/4.4.2; +http://OpenLinkProfiler.org/bot )"
136.243.83.16 - - [29/Nov/2015:20:09:14 +0100] "GET /robots.txt HTTP/1.1" 200 218 "-" "Mozilla/5.0 (compatible; MetaJobBot; http://www.metajob.de/crawler)"
136.243.83.16 - - [29/Nov/2015:20:09:14 +0100] "GET / HTTP/1.1" 200 9626 "-" "Mozilla/5.0 (compatible; MetaJobBot; http://www.metajob.de/crawler)"
69.30.244.186 - - [29/Nov/2015:20:35:13 +0100] "GET /wp-login.php HTTP/1.1" 404 1256 "-" "Mozilla/5.0 (compatible; MSIE 9.0; Windows NT 6.1; Trident/5.0)"
5.9.73.227 - - [29/Nov/2015:23:58:56 +0100] "GET /robots.txt HTTP/1.0" 200 218 "-" "Mozilla/5.0 (compatible; MJ12bot/v1.4.5; http://www.majestic12.co.uk/bot.php?+)"
5.9.73.227 - - [29/Nov/2015:23:58:57 +0100] "GET /anfahrt.php HTTP/1.0" 200 8074 "-" "Mozilla/5.0 (compatible; MJ12bot/v1.4.5; http://www.majestic12.co.uk/bot.php?+)"
5.9.73.227 - - [29/Nov/2015:23:58:58 +0100] "GET /impressum.php HTTP/1.0" 200 8293 "-" "Mozilla/5.0 (compatible; MJ12bot/v1.4.5; http://www.majestic12.co.uk/bot.php?+)"
5.9.73.227 - - [29/Nov/2015:23:59:00 +0100] "GET /kont.php HTTP/1.0" 200 8494 "-" "Mozilla/5.0 (compatible; MJ12bot/v1.4.5; http://www.majestic12.co.uk/bot.php?+)"
95.91.65.245 - - [30/Nov/2015:00:05:10 +0100] "GET /robots.txt HTTP/1.0" 200 218 "-" "Mozilla/5.0 (compatible; MJ12bot/v1.4.5; http://www.majestic12.co.uk/bot.php?+)"
95.91.65.245 - - [30/Nov/2015:00:05:11 +0100] "GET /leistungen.php HTTP/1.1" 200 8056 "-" "Mozilla/5.0 (compatible; MJ12bot/v1.4.5; http://www.majestic12.co.uk/bot.php?+)"
95.91.65.245 - - [30/Nov/2015:00:05:13 +0100] "GET /praxis.php HTTP/1.1" 200 7017 "-" "Mozilla/5.0 (compatible; MJ12bot/v1.4.5; http://www.majestic12.co.uk/bot.php?+)"
193.111.140.106 - - [30/Nov/2015:01:06:40 +0100] "GET /robots.txt HTTP/1.0" 200 218 "-" "Mozilla/5.0 (compatible; MJ12bot/v1.4.5; http://www.majestic12.co.uk/bot.php?+)"
193.111.140.106 - - [30/Nov/2015:01:06:42 +0100] "GET /anfahrt.php HTTP/1.0" 200 8074 "-" "Mozilla/5.0 (compatible; MJ12bot/v1.4.5; http://www.majestic12.co.uk/bot.php?+)"
193.111.140.106 - - [30/Nov/2015:01:06:43 +0100] "GET /impressum.php HTTP/1.0" 200 8293 "-" "Mozilla/5.0 (compatible; MJ12bot/v1.4.5; http://www.majestic12.co.uk/bot.php?+)"
207.46.13.52 - - [30/Nov/2015:01:18:13 +0100] "GET /robots.txt HTTP/1.1" 200 218 "-" "Mozilla/5.0 (compatible; bingbot/2.0; +http://www.bing.com/bingbot.htm)"
208.115.111.66 - - [30/Nov/2015:02:41:55 +0100] "GET /robots.txt HTTP/1.1" 200 218 "-" "Mozilla/5.0 (compatible; DotBot/1.1; http://www.opensiteexplorer.org/dotbot, help@moz.com)"
188.165.234.68 - - [30/Nov/2015:03:07:28 +0100] "GET /robots.txt HTTP/1.0" 200 218 "-" ""
188.165.234.68 - - [30/Nov/2015:03:07:28 +0100] "GET / HTTP/1.1" 200 9626 "-" "Mozilla/5.0 (X11; U; Linux x86_64; en-US) AppleWebKit/533.2 (KHTML, like Gecko) Chrome/5.0.342.1 Safari/533.2"
188.165.234.68 - - [30/Nov/2015:03:07:31 +0100] "GET ///index.php HTTP/1.1" 200 9626 "-" "Mozilla/5.0 (X11; U; Linux x86_64; en-US) AppleWebKit/533.2 (KHTML, like Gecko) Chrome/5.0.342.1 Safari/533.2"
188.165.234.68 - - [30/Nov/2015:03:07:33 +0100] "GET ///praxis.php HTTP/1.1" 200 7017 "-" "Mozilla/5.0 (X11; U; Linux x86_64; en-US) AppleWebKit/533.2 (KHTML, like Gecko) Chrome/5.0.342.1 Safari/533.2"
188.165.234.68 - - [30/Nov/2015:03:07:35 +0100] "GET ///leistungen.php HTTP/1.1" 200 8056 "-" "Mozilla/5.0 (X11; U; Linux x86_64; en-US) AppleWebKit/533.2 (KHTML, like Gecko) Chrome/5.0.342.1 Safari/533.2"
188.165.234.68 - - [30/Nov/2015:03:07:37 +0100] "GET ///spez_leistungen.php HTTP/1.1" 200 7752 "-" "Mozilla/5.0 (X11; U; Linux x86_64; en-US) AppleWebKit/533.2 (KHTML, like Gecko) Chrome/5.0.342.1 Safari/533.2"
188.165.234.68 - - [30/Nov/2015:03:07:39 +0100] "GET ///impressum.php HTTP/1.1" 200 8293 "-" "Mozilla/5.0 (X11; U; Linux x86_64; en-US) AppleWebKit/533.2 (KHTML, like Gecko) Chrome/5.0.342.1 Safari/533.2"
188.165.234.68 - - [30/Nov/2015:03:07:41 +0100] "GET ///kont.php HTTP/1.1" 200 8494 "-" "Mozilla/5.0 (X11; U; Linux x86_64; en-US) AppleWebKit/533.2 (KHTML, like Gecko) Chrome/5.0.342.1 Safari/533.2"
188.165.234.68 - - [30/Nov/2015:03:07:43 +0100] "GET ///anfahrt.php HTTP/1.1" 200 8074 "-" "Mozilla/5.0 (X11; U; Linux x86_64; en-US) AppleWebKit/533.2 (KHTML, like Gecko) Chrome/5.0.342.1 Safari/533.2"
188.165.234.68 - - [30/Nov/2015:03:07:45 +0100] "GET ///datenschutz.php HTTP/1.1" 404 1256 "-" "Mozilla/5.0 (X11; U; Linux x86_64; en-US) AppleWebKit/533.2 (KHTML, like Gecko) Chrome/5.0.342.1 Safari/533.2"
