194.246.16.17 - - [14/Oct/2011:09:30:19 +0200] "GET /img/lay08.gif HTTP/1.1" 200 534 "http://www.dr-heidi-fleischer.de/" "Mozilla/4.0 (compatible; MSIE 8.0; Windows NT 5.1; Trident/4.0; GTB7.0; .NET CLR 2.0.50727)"
194.246.16.17 - - [14/Oct/2011:09:30:20 +0200] "GET /img/lay16.gif HTTP/1.1" 200 309 "http://www.dr-heidi-fleischer.de/" "Mozilla/4.0 (compatible; MSIE 8.0; Windows NT 5.1; Trident/4.0; GTB7.0; .NET CLR 2.0.50727)"
194.246.16.17 - - [14/Oct/2011:09:30:20 +0200] "GET /img/roll_trans2.gif HTTP/1.1" 200 609 "http://www.dr-heidi-fleischer.de/" "Mozilla/4.0 (compatible; MSIE 8.0; Windows NT 5.1; Trident/4.0; GTB7.0; .NET CLR 2.0.50727)"
194.246.16.17 - - [14/Oct/2011:09:30:21 +0200] "GET /img/lay13.gif HTTP/1.1" 200 181 "http://www.dr-heidi-fleischer.de/" "Mozilla/4.0 (compatible; MSIE 8.0; Windows NT 5.1; Trident/4.0; GTB7.0; .NET CLR 2.0.50727)"
194.246.16.17 - - [14/Oct/2011:09:30:21 +0200] "GET /img/lay14.gif HTTP/1.1" 200 104 "http://www.dr-heidi-fleischer.de/" "Mozilla/4.0 (compatible; MSIE 8.0; Windows NT 5.1; Trident/4.0; GTB7.0; .NET CLR 2.0.50727)"
194.246.16.17 - - [14/Oct/2011:09:30:21 +0200] "GET /img/zert_1gross.jpg HTTP/1.1" 200 22004 "http://www.dr-heidi-fleischer.de/" "Mozilla/4.0 (compatible; MSIE 8.0; Windows NT 5.1; Trident/4.0; GTB7.0; .NET CLR 2.0.50727)"
194.246.16.17 - - [14/Oct/2011:09:30:21 +0200] "GET /img/dr_fleischer_ani.gif HTTP/1.1" 200 854042 "http://www.dr-heidi-fleischer.de/" "Mozilla/4.0 (compatible; MSIE 8.0; Windows NT 5.1; Trident/4.0; GTB7.0; .NET CLR 2.0.50727)"
188.194.202.81 - - [14/Oct/2011:10:09:38 +0200] "GET / HTTP/1.1" 200 9626 "http://www.gelbeseiten.de/yp/122//subscriberlist_search.yp?sessionDataString=H4sIAAAAAAAAAI1Qy07DQAz8mpzQVvbG-p7B8qiIVOPAQSBy4VJtk2wSqtGxCof16FiRAlTjgk2fsGY2NXpc-pOvaqrp1WFAhUsNop27ALIbbG80qVxgNzC6KNlIVexLSO9dCPm36cYsbn98sTSviwE%2FsYuqHp-pvSa1n08O%2FZNSONzL2EoFlUa6qwQ-po-pZn1Jo4xhDajppUWvpqHCVTGwZ5eX61-p4J2FiCr5Itg-pwgb-pxJo2F5U-piQsZR34hkZMFoOiDPwQF6OKPPj33kvQC7HbZqWKW7iPgxNlKscAqx1SORYbjSYEuUW5E6hVN%2FCopz%2FtK46Mf8cneB8zQOLy%2FIVGqL8bkAtH1CD2RadAQAA&at=yp&kindOfSearch=tradesearch&subject=Zahn%E4rzte&location=n%FCrnberg&x=57&y=15&distance=-1&execute=Suchen&sort=sort_relevance&sort=sort_relevance&suggest_choose=on¬iceName=Name+des+Merkzettels¬iceTargetUrl=http%3A%2F%2Fwww.gelbeseiten.de%2Fyp%2F122%2Fmeinegelbeseiten%2FajaxSpeicherMerkzettel.yp%3FsessionDataString%3DH4sIAAAAAAAAAI1Qy07DQAz8mpzQVvbG-p7B8qiIVOPAQSBy4VJtk2wSqtGxCof16FiRAlTjgk2fsGY2NXpc-pOvaqrp1WFAhUsNop27ALIbbG80qVxgNzC6KNlIVexLSO9dCPm36cYsbn98sTSviwE%2FsYuqHp-pvSa1n08O%2FZNSONzL2EoFlUa6qwQ-po-pZn1Jo4xhDajppUWvpqHCVTGwZ5eX61-p4J2FiCr5Itg-pwgb-pxJo2F5U-piQsZR34hkZMFoOiDPwQF6OKPPj33kvQC7HbZqWKW7iPgxNlKscAqx1SORYbjSYEuUW5E6hVN%2FCopz%2FtK46Mf8cneB8zQOLy%2FIVGqL8bkAtH1CD2RadAQAA" "Mozilla/5.0 (Windows NT 6.0; rv:6.0.2) Gecko/20100101 Firefox/6.0.2"
157.55.50.76 - - [14/Oct/2011:10:29:45 +0200] "GET /robots.txt HTTP/1.1" 200 218 "-" "Mozilla/5.0 (compatible; bingbot/2.0; +http://www.bing.com/bingbot.htm)"
67.195.112.159 - - [14/Oct/2011:11:43:48 +0200] "GET /impressum.php HTTP/1.0" 200 8293 "-" "Mozilla/5.0 (compatible; Yahoo! Slurp; http://help.yahoo.com/help/us/ysearch/slurp)"
67.195.112.159 - - [14/Oct/2011:11:43:53 +0200] "GET /css/fl_style.css HTTP/1.0" 200 10194 "http://www.dr-heidi-fleischer.de/impressum.php" "Mozilla/5.0 (compatible; Yahoo! Slurp; http://help.yahoo.com/help/us/ysearch/slurp)"
67.195.112.159 - - [14/Oct/2011:12:24:13 +0200] "GET /index.php HTTP/1.0" 200 9626 "-" "Mozilla/5.0 (compatible; Yahoo! Slurp; http://help.yahoo.com/help/us/ysearch/slurp)"
157.55.50.76 - - [14/Oct/2011:17:12:55 +0200] "GET /robots.txt HTTP/1.1" 200 218 "-" "Mozilla/5.0 (compatible; bingbot/2.0; +http://www.bing.com/bingbot.htm)"
95.132.126.69 - - [15/Oct/2011:00:46:14 +0200] "GET /robots.txt HTTP/1.1" 200 218 "-" "Mozilla/5.0 (compatible; 008/0.83; http://www.80legs.com/webcrawler.html;) Gecko/2008032620"
95.132.126.69 - - [15/Oct/2011:00:46:14 +0200] "GET / HTTP/1.1" 200 9626 "-" "Mozilla/5.0 (compatible; 008/0.83; http://www.80legs.com/webcrawler.html) Gecko/2008032620"
208.115.111.67 - - [15/Oct/2011:02:44:33 +0200] "GET /robots.txt HTTP/1.1" 200 218 "-" "Mozilla/5.0 (compatible; Ezooms/1.0; ezooms.bot@gmail.com)"
208.115.111.67 - - [15/Oct/2011:03:13:42 +0200] "GET / HTTP/1.1" 200 9626 "-" "Mozilla/5.0 (compatible; Ezooms/1.0; ezooms.bot@gmail.com)"
94.242.183.155 - - [15/Oct/2011:03:37:53 +0200] "GET /robots.txt HTTP/1.1" 200 218 "-" "Mozilla/5.0 (compatible; 008/0.83; http://www.80legs.com/webcrawler.html;) Gecko/2008032620"
94.242.183.155 - - [15/Oct/2011:03:37:54 +0200] "GET /impressum.php HTTP/1.1" 200 8293 "-" "Mozilla/5.0 (compatible; 008/0.83; http://www.80legs.com/webcrawler.html) Gecko/2008032620"
184.72.135.195 - - [15/Oct/2011:03:44:03 +0200] "GET / HTTP/1.0" 200 9626 "http://www.teissl.info" "Mozilla/4.0 (compatible; MSIE 7.0; Windows NT 6.0; Trident/4.0)"
95.135.79.191 - - [15/Oct/2011:03:58:39 +0200] "GET /robots.txt HTTP/1.1" 200 218 "-" "Mozilla/5.0 (compatible; 008/0.83; http://www.80legs.com/webcrawler.html;) Gecko/2008032620"
95.135.79.191 - - [15/Oct/2011:03:58:40 +0200] "GET /spez_leistungen.php HTTP/1.1" 200 7752 "-" "Mozilla/5.0 (compatible; 008/0.83; http://www.80legs.com/webcrawler.html) Gecko/2008032620"
95.135.79.191 - - [15/Oct/2011:04:12:25 +0200] "GET /anfahrt.php HTTP/1.1" 200 8074 "-" "Mozilla/5.0 (compatible; 008/0.83; http://www.80legs.com/webcrawler.html) Gecko/2008032620"
94.242.183.155 - - [15/Oct/2011:04:19:53 +0200] "GET /robots.txt HTTP/1.1" 200 218 "-" "Mozilla/5.0 (compatible; 008/0.83; http://www.80legs.com/webcrawler.html;) Gecko/2008032620"
94.242.183.155 - - [15/Oct/2011:04:19:53 +0200] "GET /kont.php HTTP/1.1" 200 8494 "-" "Mozilla/5.0 (compatible; 008/0.83; http://www.80legs.com/webcrawler.html) Gecko/2008032620"
107.3.86.232 - - [15/Oct/2011:04:49:38 +0200] "GET /robots.txt HTTP/1.1" 200 218 "-" "Mozilla/5.0 (compatible; 008/0.83; http://www.80legs.com/webcrawler.html;) Gecko/2008032620"
107.3.86.232 - - [15/Oct/2011:04:49:38 +0200] "GET /leistungen.php HTTP/1.1" 200 8056 "-" "Mozilla/5.0 (compatible; 008/0.83; http://www.80legs.com/webcrawler.html) Gecko/2008032620"
107.3.86.232 - - [15/Oct/2011:04:49:39 +0200] "GET /praxis.php HTTP/1.1" 200 7017 "-" "Mozilla/5.0 (compatible; 008/0.83; http://www.80legs.com/webcrawler.html) Gecko/2008032620"
77.247.16.148 - - [15/Oct/2011:04:53:10 +0200] "GET /robots.txt HTTP/1.1" 200 218 "-" "Mozilla/5.0 (compatible; 008/0.83; http://www.80legs.com/webcrawler.html;) Gecko/2008032620"
77.247.16.148 - - [15/Oct/2011:04:53:10 +0200] "GET /datenschutz.php HTTP/1.1" 404 1256 "-" "Mozilla/5.0 (compatible; 008/0.83; http://www.80legs.com/webcrawler.html) Gecko/2008032620"
77.247.16.148 - - [15/Oct/2011:04:53:11 +0200] "GET /index.php HTTP/1.1" 200 9626 "-" "Mozilla/5.0 (compatible; 008/0.83; http://www.80legs.com/webcrawler.html) Gecko/2008032620"
95.108.158.244 - - [15/Oct/2011:05:01:11 +0200] "GET /robots.txt HTTP/1.1" 200 218 "-" "Mozilla/5.0 (compatible; YandexImages/3.0; +http://yandex.com/bots)"
95.190.26.108 - - [15/Oct/2011:05:21:16 +0200] "GET /robots.txt HTTP/1.1" 200 218 "-" "Mozilla/5.0 (compatible; 008/0.83; http://www.80legs.com/webcrawler.html;) Gecko/2008032620"
95.190.26.108 - - [15/Oct/2011:05:21:17 +0200] "GET /spez_leistungen.php HTTP/1.1" 200 7752 "-" "Mozilla/5.0 (compatible; 008/0.83; http://www.80legs.com/webcrawler.html) Gecko/2008032620"
95.108.158.244 - - [15/Oct/2011:06:40:20 +0200] "GET /img/lay14.gif HTTP/1.1" 304 - "-" "Mozilla/5.0 (compatible; YandexImages/3.0; +http://yandex.com/bots)"
67.195.115.47 - - [15/Oct/2011:07:14:32 +0200] "GET /robots.txt HTTP/1.0" 200 218 "-" "Mozilla/5.0 (compatible; Yahoo! Slurp; http://help.yahoo.com/help/us/ysearch/slurp)"
67.195.115.47 - - [15/Oct/2011:07:14:33 +0200] "GET /index.php HTTP/1.0" 200 9626 "-" "Mozilla/5.0 (compatible; Yahoo! Slurp; http://help.yahoo.com/help/us/ysearch/slurp)"
67.195.115.47 - - [15/Oct/2011:07:14:34 +0200] "GET /css/fl_style.css HTTP/1.0" 200 10194 "http://www.zahnmedizin-im-alter.de/index.php" "Mozilla/5.0 (compatible; Yahoo! Slurp; http://help.yahoo.com/help/us/ysearch/slurp)"
95.108.158.244 - - [15/Oct/2011:07:34:40 +0200] "GET /img/f_1-p.gif HTTP/1.1" 304 - "-" "Mozilla/5.0 (compatible; YandexImages/3.0; +http://yandex.com/bots)"
157.55.50.76 - - [15/Oct/2011:08:25:07 +0200] "GET /robots.txt HTTP/1.1" 200 218 "-" "Mozilla/5.0 (compatible; bingbot/2.0; +http://www.bing.com/bingbot.htm)"
95.108.158.244 - - [15/Oct/2011:08:30:24 +0200] "GET /img/tel_footer.gif HTTP/1.1" 304 - "-" "Mozilla/5.0 (compatible; YandexImages/3.0; +http://yandex.com/bots)"
66.249.72.87 - - [15/Oct/2011:09:11:58 +0200] "GET /robots.txt HTTP/1.1" 200 218 "-" "Mozilla/5.0 (compatible; Googlebot/2.1; +http://www.google.com/bot.html)"
66.249.72.87 - - [15/Oct/2011:09:11:58 +0200] "GET /spez_leistungen.php HTTP/1.1" 200 7752 "-" "Mozilla/5.0 (compatible; Googlebot/2.1; +http://www.google.com/bot.html)"
95.108.158.244 - - [15/Oct/2011:09:44:31 +0200] "GET /img/roll_trans.gif HTTP/1.1" 304 - "-" "Mozilla/5.0 (compatible; YandexImages/3.0; +http://yandex.com/bots)"
95.108.158.244 - - [15/Oct/2011:10:39:59 +0200] "GET /img/lay06neu.gif HTTP/1.1" 304 - "-" "Mozilla/5.0 (compatible; YandexImages/3.0; +http://yandex.com/bots)"
95.108.158.244 - - [15/Oct/2011:11:17:09 +0200] "GET /img/lay16.gif HTTP/1.1" 304 - "-" "Mozilla/5.0 (compatible; YandexImages/3.0; +http://yandex.com/bots)"
95.108.158.244 - - [15/Oct/2011:12:28:29 +0200] "GET /img/roll_trans2.gif HTTP/1.1" 304 - "-" "Mozilla/5.0 (compatible; YandexImages/3.0; +http://yandex.com/bots)"
80.67.0.130 - - [15/Oct/2011:13:10:32 +0200] "GET /robots.txt HTTP/1.0" 206 218 "http://www.domaincrawler.com/zahnmedizin-im-alter.de" "DomainCrawler/2.0 (info@domaincrawler.com; http://www.domaincrawler.com/zahnmedizin-im-alter.de"
80.67.0.130 - - [15/Oct/2011:13:10:59 +0200] "GET / HTTP/1.0" 200 9626 "http://www.domaincrawler.com/zahnmedizin-im-alter.de" "DomainCrawler/2.0 (info@domaincrawler.com; http://www.domaincrawler.com/zahnmedizin-im-alter.de"
80.67.0.130 - - [15/Oct/2011:13:10:59 +0200] "GET /index.php HTTP/1.0" 200 9626 "http://www.domaincrawler.com/zahnmedizin-im-alter.de" "DomainCrawler/2.0 (info@domaincrawler.com; http://www.domaincrawler.com/zahnmedizin-im-alter.de"
80.67.0.130 - - [15/Oct/2011:13:11:00 +0200] "GET /praxis.php HTTP/1.0" 200 7017 "http://www.domaincrawler.com/zahnmedizin-im-alter.de" "DomainCrawler/2.0 (info@domaincrawler.com; http://www.domaincrawler.com/zahnmedizin-im-alter.de"
80.67.0.130 - - [15/Oct/2011:13:11:00 +0200] "GET /spez_leistungen.php HTTP/1.0" 200 7752 "http://www.domaincrawler.com/zahnmedizin-im-alter.de" "DomainCrawler/2.0 (info@domaincrawler.com; http://www.domaincrawler.com/zahnmedizin-im-alter.de"
80.67.0.130 - - [15/Oct/2011:13:11:00 +0200] "GET /anfahrt.php HTTP/1.0" 200 8074 "http://www.domaincrawler.com/zahnmedizin-im-alter.de" "DomainCrawler/2.0 (info@domaincrawler.com; http://www.domaincrawler.com/zahnmedizin-im-alter.de"
80.67.0.130 - - [15/Oct/2011:13:11:00 +0200] "GET /impressum.php HTTP/1.0" 200 8293 "http://www.domaincrawler.com/zahnmedizin-im-alter.de" "DomainCrawler/2.0 (info@domaincrawler.com; http://www.domaincrawler.com/zahnmedizin-im-alter.de"
80.67.0.130 - - [15/Oct/2011:13:11:00 +0200] "GET /kont.php HTTP/1.0" 200 8494 "http://www.domaincrawler.com/zahnmedizin-im-alter.de" "DomainCrawler/2.0 (info@domaincrawler.com; http://www.domaincrawler.com/zahnmedizin-im-alter.de"
80.67.0.130 - - [15/Oct/2011:13:11:01 +0200] "GET /leistungen.php HTTP/1.0" 200 8056 "http://www.domaincrawler.com/zahnmedizin-im-alter.de" "DomainCrawler/2.0 (info@domaincrawler.com; http://www.domaincrawler.com/zahnmedizin-im-alter.de"
80.67.0.130 - - [15/Oct/2011:13:11:01 +0200] "GET /datenschutz.php HTTP/1.0" 404 1256 "http://www.domaincrawler.com/zahnmedizin-im-alter.de" "DomainCrawler/2.0 (info@domaincrawler.com; http://www.domaincrawler.com/zahnmedizin-im-alter.de"
83.133.125.202 - - [15/Oct/2011:13:39:46 +0200] "GET / HTTP/1.1" 200 9626 "http://www.bigfinder.de/" "Mozilla/5.0 (Windows; U; Windows NT 6.1; de; rv:1.9.2.8) Gecko/20100722 Firefox/3.6.8 GTB7.1"
83.133.125.202 - - [15/Oct/2011:13:39:50 +0200] "GET / HTTP/1.1" 200 9626 "http://www.bigfinder.de/" "T-Online Browser"
217.81.183.180 - - [15/Oct/2011:14:05:44 +0200] "GET / HTTP/1.1" 200 9626 "http://www.gelbeseiten.de/yp/122/subscriberlist_pageAction.yp?sessionDataString=H4sIAAAAAAAAAFWOS0/DQAyEf02OW9lb78OaE4pU4MBDIHHgUm2aTVuE0pJEQPPrWVUqAl-pssWbmM7PXGJNrTEiqRqjtTJINGYpd4NRJ1mRNa5fONi3DMvR0hH9Nuz4N84R0X63qoW/ysIVUdlV2bvr9-pL4fp1z09fP63wlxGlKbx5yGzQ4tW4tJvTI-p/hS9kTovdB4clHCk4vgUy07xZTiw8hLfogtx5CxOzAuKJBEz42q-p/HZDuB0Pw7Q-pI3FXYOSDDeQl4IGDMOGR8GQY9SVULX/zVajxIqwIxdCxjQXl2Qf8AIpqti00AQAA&page=1&filterTrade=&filterFunction=&sortBy=sort_trade&availableLetters=ABCDEFGHIJKLMNOPQRSTUVWXZ" "Mozilla/4.0 (compatible; MSIE 8.0; Windows NT 5.1; Trident/4.0; .NET CLR 1.1.4322; .NET CLR 2.0.50727; .NET CLR 1.0.3705; .NET CLR 3.0.4506.2152; .NET CLR 3.5.30729)"
66.249.72.87 - - [15/Oct/2011:14:09:47 +0200] "GET /impressum.php HTTP/1.1" 200 8293 "-" "Mozilla/5.0 (compatible; Googlebot/2.1; +http://www.google.com/bot.html)"
84.180.100.227 - - [15/Oct/2011:14:26:19 +0200] "GET / HTTP/1.1" 200 9626 "http://www.gelbeseiten.de/yp/122/subscriberlist_pageAction.yp?sessionDataString=H4sIAAAAAAAAAFVOTUvDQBD9NTlumdlOMhneSQJVD36g4MFL2TSbtiJp3QS1-pfUuhYrO5TGP98VL5hDrtnNqPTvpu8q1bamuZ/K1kNJGg1PNXOAlPMNOR1SvYTeENE8I98WqSUMb0xZS-pFXG2A778X0/TjH/18/rfxTqKYUujjGkzQ4de4/JKmN8/Al6IysrofPhYIQjZcWneC4NX46VLW/5FltISaXHiXlBNUmNmXE1X7bdEG7HQ5rW50rc5TKq1CtVonhgFSY8Ep4co7mYiuWvv9AGL8IGzYKevSlJjjD8AFlbgIs0AQAA&page=1&filterTrade=&filterFunction=&sortBy=sort_trade&availableLetters=ABCDEFGHIJKLMNOPQRSTUVWXZ" "Mozilla/5.0 (Windows NT 6.0; rv:7.0.1) Gecko/20100101 Firefox/7.0.1"
84.180.100.227 - - [15/Oct/2011:14:26:58 +0200] "GET / HTTP/1.1" 200 9626 "http://www.gelbeseiten.de/yp/122/subscriberlist_pageAction.yp?sessionDataString=H4sIAAAAAAAAAFVOTUvDQBD9NTlumdlOMhneSQJVD36g4MFL2TSbtiJp3QS1-pfUuhYrO5TGP98VL5hDrtnNqPTvpu8q1bamuZ/K1kNJGg1PNXOAlPMNOR1SvYTeENE8I98WqSUMb0xZS-pFXG2A778X0/TjH/18/rfxTqKYUujjGkzQ4de4/JKmN8/Al6IysrofPhYIQjZcWneC4NX46VLW/5FltISaXHiXlBNUmNmXE1X7bdEG7HQ5rW50rc5TKq1CtVonhgFSY8Ep4co7mYiuWvv9AGL8IGzYKevSlJjjD8AFlbgIs0AQAA&page=1&filterTrade=&filterFunction=&sortBy=sort_trade&availableLetters=ABCDEFGHIJKLMNOPQRSTUVWXZ" "Mozilla/5.0 (Windows NT 6.0; rv:7.0.1) Gecko/20100101 Firefox/7.0.1"
67.195.115.47 - - [15/Oct/2011:14:55:15 +0200] "GET /robots.txt HTTP/1.0" 200 218 "-" "Mozilla/5.0 (compatible; Yahoo! Slurp; http://help.yahoo.com/help/us/ysearch/slurp)"
67.195.115.47 - - [15/Oct/2011:14:55:16 +0200] "GET /leistungen.php HTTP/1.0" 200 8056 "-" "Mozilla/5.0 (compatible; Yahoo! Slurp; http://help.yahoo.com/help/us/ysearch/slurp)"
67.195.115.47 - - [15/Oct/2011:14:55:17 +0200] "GET /css/fl_style.css HTTP/1.0" 304 - "http://www.zahnmedizin-im-alter.de/leistungen.php" "Mozilla/5.0 (compatible; Yahoo! Slurp; http://help.yahoo.com/help/us/ysearch/slurp)"
66.249.71.168 - - [15/Oct/2011:15:01:37 +0200] "GET /anfahrt.php HTTP/1.1" 200 8074 "-" "Mozilla/5.0 (compatible; Googlebot/2.1; +http://www.google.com/bot.html)"
66.249.72.87 - - [15/Oct/2011:15:01:51 +0200] "GET /img/spez_leistungen_2.jpg HTTP/1.1" 200 13667 "-" "Mozilla/5.0 (compatible; Googlebot/2.1; +http://www.google.com/bot.html)"
65.52.109.199 - - [15/Oct/2011:21:13:26 +0200] "GET /robots.txt HTTP/1.1" 200 218 "-" "Mozilla/5.0 (compatible; bingbot/2.0; +http://www.bing.com/bingbot.htm)"
65.52.109.199 - - [15/Oct/2011:21:14:02 +0200] "GET /impressum.php HTTP/1.1" 200 8293 "-" "Mozilla/5.0 (compatible; bingbot/2.0; +http://www.bing.com/bingbot.htm)"
67.195.112.159 - - [15/Oct/2011:23:27:43 +0200] "GET /robots.txt HTTP/1.0" 200 218 "-" "Mozilla/5.0 (compatible; Yahoo! Slurp; http://help.yahoo.com/help/us/ysearch/slurp)"
67.195.112.159 - - [15/Oct/2011:23:27:44 +0200] "GET /anfahrt.php HTTP/1.0" 200 8074 "-" "Mozilla/5.0 (compatible; Yahoo! Slurp; http://help.yahoo.com/help/us/ysearch/slurp)"
67.195.112.159 - - [15/Oct/2011:23:27:46 +0200] "GET /css/fl_style.css HTTP/1.0" 200 10194 "http://www.dr-heidi-fleischer.de/anfahrt.php" "Mozilla/5.0 (compatible; Yahoo! Slurp; http://help.yahoo.com/help/us/ysearch/slurp)"
67.195.112.159 - - [16/Oct/2011:00:47:23 +0200] "GET /robots.txt HTTP/1.0" 200 218 "-" "Mozilla/5.0 (compatible; Yahoo! Slurp; http://help.yahoo.com/help/us/ysearch/slurp)"
67.195.112.159 - - [16/Oct/2011:00:47:23 +0200] "GET /leistungen.php HTTP/1.0" 200 8056 "-" "Mozilla/5.0 (compatible; Yahoo! Slurp; http://help.yahoo.com/help/us/ysearch/slurp)"
95.108.158.244 - - [16/Oct/2011:02:20:15 +0200] "GET /robots.txt HTTP/1.1" 200 218 "-" "Mozilla/5.0 (compatible; YandexImages/3.0; +http://yandex.com/bots)"
157.55.50.12 - - [16/Oct/2011:03:15:03 +0200] "GET /robots.txt HTTP/1.1" 200 218 "-" "Mozilla/5.0 (compatible; bingbot/2.0; +http://www.bing.com/bingbot.htm)"
95.108.158.244 - - [16/Oct/2011:03:52:05 +0200] "GET /img/f_1-p.gif HTTP/1.1" 304 - "-" "Mozilla/5.0 (compatible; YandexImages/3.0; +http://yandex.com/bots)"
95.108.158.244 - - [16/Oct/2011:04:56:55 +0200] "GET /img/lay14.gif HTTP/1.1" 304 - "-" "Mozilla/5.0 (compatible; YandexImages/3.0; +http://yandex.com/bots)"
95.108.158.244 - - [16/Oct/2011:05:40:18 +0200] "GET /img/roll_trans.gif HTTP/1.1" 304 - "-" "Mozilla/5.0 (compatible; YandexImages/3.0; +http://yandex.com/bots)"
157.55.16.229 - - [16/Oct/2011:06:22:40 +0200] "GET /robots.txt HTTP/1.1" 200 218 "-" "Mozilla/5.0 (compatible; bingbot/2.0; +http://www.bing.com/bingbot.htm)"
95.108.158.244 - - [16/Oct/2011:06:23:24 +0200] "GET /img/lay06neu.gif HTTP/1.1" 304 - "-" "Mozilla/5.0 (compatible; YandexImages/3.0; +http://yandex.com/bots)"
157.55.16.229 - - [16/Oct/2011:06:23:31 +0200] "GET / HTTP/1.1" 200 9626 "-" "Mozilla/5.0 (compatible; bingbot/2.0; +http://www.bing.com/bingbot.htm)"
157.55.16.55 - - [16/Oct/2011:07:23:36 +0200] "GET /robots.txt HTTP/1.1" 200 218 "-" "Mozilla/5.0 (compatible; bingbot/2.0; +http://www.bing.com/bingbot.htm)"
157.55.16.55 - - [16/Oct/2011:07:24:59 +0200] "GET /kont.php HTTP/1.1" 200 8494 "-" "Mozilla/5.0 (compatible; bingbot/2.0; +http://www.bing.com/bingbot.htm)"
95.108.158.244 - - [16/Oct/2011:07:49:46 +0200] "GET /img/lay16.gif HTTP/1.1" 304 - "-" "Mozilla/5.0 (compatible; YandexImages/3.0; +http://yandex.com/bots)"
207.46.199.189 - - [16/Oct/2011:08:02:26 +0200] "GET /robots.txt HTTP/1.1" 200 218 "-" "Mozilla/5.0 (compatible; bingbot/2.0; +http://www.bing.com/bingbot.htm)"
95.108.158.244 - - [16/Oct/2011:08:54:09 +0200] "GET /img/roll_trans2.gif HTTP/1.1" 304 - "-" "Mozilla/5.0 (compatible; YandexImages/3.0; +http://yandex.com/bots)"
208.115.111.72 - - [16/Oct/2011:08:59:32 +0200] "GET /robots.txt HTTP/1.1" 200 218 "-" "Mozilla/5.0 (compatible; Ezooms/1.0; ezooms.bot@gmail.com)"
95.108.158.244 - - [16/Oct/2011:09:58:33 +0200] "GET /img/tel_footer.gif HTTP/1.1" 304 - "-" "Mozilla/5.0 (compatible; YandexImages/3.0; +http://yandex.com/bots)"
208.115.111.72 - - [16/Oct/2011:10:39:02 +0200] "GET /leistungen.php HTTP/1.1" 200 8056 "-" "Mozilla/5.0 (compatible; Ezooms/1.0; ezooms.bot@gmail.com)"
176.9.9.80 - - [16/Oct/2011:10:43:30 +0200] "GET /robots.txt HTTP/1.1" 200 218 "-" "Mozilla/5.0 (compatible; NerdByNature.Bot; http://www.nerdbynature.net/bot)"
176.9.9.80 - - [16/Oct/2011:10:43:31 +0200] "GET / HTTP/1.1" 200 9626 "-" "Mozilla/5.0 (compatible; NerdByNature.Bot; http://www.nerdbynature.net/bot)"
176.9.9.80 - - [16/Oct/2011:10:43:31 +0200] "GET /leistungen.php HTTP/1.1" 200 8056 "-" "Mozilla/5.0 (compatible; NerdByNature.Bot; http://www.nerdbynature.net/bot)"
176.9.9.80 - - [16/Oct/2011:10:43:32 +0200] "GET /praxis.php HTTP/1.1" 200 7017 "-" "Mozilla/5.0 (compatible; NerdByNature.Bot; http://www.nerdbynature.net/bot)"
176.9.9.80 - - [16/Oct/2011:10:43:34 +0200] "GET /kont.php HTTP/1.1" 200 8494 "-" "Mozilla/5.0 (compatible; NerdByNature.Bot; http://www.nerdbynature.net/bot)"
176.9.9.80 - - [16/Oct/2011:10:43:35 +0200] "GET /spez_leistungen.php HTTP/1.1" 200 7752 "-" "Mozilla/5.0 (compatible; NerdByNature.Bot; http://www.nerdbynature.net/bot)"
176.9.9.80 - - [16/Oct/2011:10:43:35 +0200] "GET /index.php HTTP/1.1" 200 9626 "-" "Mozilla/5.0 (compatible; NerdByNature.Bot; http://www.nerdbynature.net/bot)"
176.9.9.80 - - [16/Oct/2011:10:43:36 +0200] "GET /anfahrt.php HTTP/1.1" 200 8074 "-" "Mozilla/5.0 (compatible; NerdByNature.Bot; http://www.nerdbynature.net/bot)"
176.9.9.80 - - [16/Oct/2011:10:43:37 +0200] "GET /impressum.php HTTP/1.1" 200 8293 "-" "Mozilla/5.0 (compatible; NerdByNature.Bot; http://www.nerdbynature.net/bot)"
176.9.9.80 - - [16/Oct/2011:10:43:37 +0200] "GET / HTTP/1.1" 200 9626 "-" "Mozilla/5.0 (compatible; NerdByNature.Bot; http://www.nerdbynature.net/bot)"
93.159.111.103 - - [16/Oct/2011:12:42:47 +0200] "GET /robots.txt HTTP/1.1" 200 218 "-" "Mozilla/5.0 (compatible; suggybot v0.01a, http://blog.suggy.com/was-ist-suggy/suggy-webcrawler/)"
90.136.235.101 - - [16/Oct/2011:14:18:04 +0200] "GET / HTTP/1.1" 200 9626 "http://www.gelbeseiten.de/yp/122/subscriberlist_pageAction.yp?sessionDataString=H4sIAAAAAAAAAFVOy07DMBD8mhxd7dprO9acUESBAw-pBxIFL5cQ2LUJpSSKg/XqinMJeZmc0O7NcvNbUhVp5zqTESKtiSkZZU5wtqSslFuWlS9nUEZoRzie4t7jvq2sZLlNGfKi2zdC3eXiHVHo7Y277w/h5GKc885uX3T8J9TTElMcch26PxFpjCi4wvlZBHxSsE1oGx0A40ez4Fs024Eex58AGvxI2YslqnJk3VJPUuDCuLqv3bgl343GYdksr7uc-pcl57cuLxyF6Y8ER4VoxmdVeZJSXOe-pUbvAoH-pNlT2Dhnva11wB-pCNMdHPQEAAA-e-e&page=1&filterTrade=&filterFunction=&sortBy=sort_trade&availableLetters=ABCDEFGHIJKLMNOPQRSTUVWXZ" "Mozilla/4.0 (compatible; MSIE 8.0; Windows NT 6.1; WOW64; Trident/4.0; GTB6.6; SLCC2; .NET CLR 2.0.50727; .NET CLR 3.5.30729; .NET CLR 3.0.30729; Media Center PC 6.0; eSobiSubscriber 2.0.4.16; .NET4.0C; BRI/2)"
91.121.196.98 - - [16/Oct/2011:20:59:07 +0200] "GET /kont.php HTTP/1.1" 200 8494 "-" "Mozilla/5.0 (X11; Linux i686; rv:6.0) Gecko/20100101 Firefox/6.0"
64.246.165.50 - - [16/Oct/2011:22:50:43 +0200] "GET /robots.txt HTTP/1.0" 200 218 "-" "Mozilla/5.0 (Windows; U; Windows NT 5.1; en; rv:1.9.0.13) Gecko/2009073022 Firefox/3.5.2 (.NET CLR 3.5.30729) SurveyBot/2.3 (DomainTools)"
64.246.165.50 - - [16/Oct/2011:22:50:43 +0200] "GET / HTTP/1.1" 200 9626 "http://whois.domaintools.com/dr-heidi-fleischer.de" "Mozilla/5.0 (Windows; U; Windows NT 5.1; en; rv:1.9.0.13) Gecko/2009073022 Firefox/3.5.2 (.NET CLR 3.5.30729) SurveyBot/2.3 (DomainTools)"
157.55.50.12 - - [17/Oct/2011:00:38:24 +0200] "GET /robots.txt HTTP/1.1" 200 218 "-" "Mozilla/5.0 (compatible; bingbot/2.0; +http://www.bing.com/bingbot.htm)"
157.55.18.26 - - [17/Oct/2011:01:45:54 +0200] "GET /robots.txt HTTP/1.1" 200 218 "-" "Mozilla/5.0 (compatible; bingbot/2.0; +http://www.bing.com/bingbot.htm)"
157.55.18.26 - - [17/Oct/2011:01:46:30 +0200] "GET /leistungen.php HTTP/1.1" 200 8056 "-" "Mozilla/5.0 (compatible; bingbot/2.0; +http://www.bing.com/bingbot.htm)"
95.108.158.244 - - [17/Oct/2011:02:07:52 +0200] "GET /robots.txt HTTP/1.1" 200 218 "-" "Mozilla/5.0 (compatible; YandexImages/3.0; +http://yandex.com/bots)"
95.108.158.244 - - [17/Oct/2011:02:49:13 +0200] "GET /img/roll_trans2.gif HTTP/1.1" 304 - "-" "Mozilla/5.0 (compatible; YandexImages/3.0; +http://yandex.com/bots)"
95.108.158.244 - - [17/Oct/2011:03:47:58 +0200] "GET /img/tel_footer.gif HTTP/1.1" 304 - "-" "Mozilla/5.0 (compatible; YandexImages/3.0; +http://yandex.com/bots)"
95.108.158.244 - - [17/Oct/2011:04:27:08 +0200] "GET /img/roll_trans.gif HTTP/1.1" 304 - "-" "Mozilla/5.0 (compatible; YandexImages/3.0; +http://yandex.com/bots)"
95.108.158.244 - - [17/Oct/2011:05:25:52 +0200] "GET /img/lay06neu.gif HTTP/1.1" 304 - "-" "Mozilla/5.0 (compatible; YandexImages/3.0; +http://yandex.com/bots)"
95.108.158.244 - - [17/Oct/2011:06:24:37 +0200] "GET /img/lay14.gif HTTP/1.1" 304 - "-" "Mozilla/5.0 (compatible; YandexImages/3.0; +http://yandex.com/bots)"
66.249.72.87 - - [17/Oct/2011:06:47:06 +0200] "GET /robots.txt HTTP/1.1" 200 218 "-" "Mozilla/5.0 (compatible; Googlebot/2.1; +http://www.google.com/bot.html)"
66.249.72.87 - - [17/Oct/2011:06:47:06 +0200] "GET /index.php HTTP/1.1" 200 9626 "-" "Mozilla/5.0 (compatible; Googlebot/2.1; +http://www.google.com/bot.html)"
95.108.158.244 - - [17/Oct/2011:07:23:22 +0200] "GET /img/lay16.gif HTTP/1.1" 304 - "-" "Mozilla/5.0 (compatible; YandexImages/3.0; +http://yandex.com/bots)"
95.108.158.244 - - [17/Oct/2011:08:24:53 +0200] "GET /img/f_1-p.gif HTTP/1.1" 304 - "-" "Mozilla/5.0 (compatible; YandexImages/3.0; +http://yandex.com/bots)"
157.55.50.12 - - [17/Oct/2011:08:29:49 +0200] "GET /robots.txt HTTP/1.1" 200 218 "-" "Mozilla/5.0 (compatible; bingbot/2.0; +http://www.bing.com/bingbot.htm)"
67.195.115.47 - - [17/Oct/2011:09:05:56 +0200] "GET /robots.txt HTTP/1.0" 200 218 "-" "Mozilla/5.0 (compatible; Yahoo! Slurp; http://help.yahoo.com/help/us/ysearch/slurp)"
67.195.115.47 - - [17/Oct/2011:09:05:57 +0200] "GET /anfahrt.php HTTP/1.0" 200 8074 "-" "Mozilla/5.0 (compatible; Yahoo! Slurp; http://help.yahoo.com/help/us/ysearch/slurp)"
67.195.115.47 - - [17/Oct/2011:09:05:58 +0200] "GET /css/fl_style.css HTTP/1.0" 200 10194 "http://www.zahnmedizin-im-alter.de/anfahrt.php" "Mozilla/5.0 (compatible; Yahoo! Slurp; http://help.yahoo.com/help/us/ysearch/slurp)"
212.204.110.146 - - [17/Oct/2011:09:51:13 +0200] "GET / HTTP/1.1" 200 9626 "http://www.gelbeseiten.de/yp/11/subscriberlist_pageAction.yp?sessionDataString=H4sIAAAAAAAAAFVOy07DMBD8mhxd7dprO9acUESBAw-pBxIFL5SQOLUJpcSKg/XqsnMJeZmc0OzscjWulH6IaUs9KdEcqcteqwXU21J2JJmnlpNU2cg/NCOcT3Fvcj9W15MucEB-pqbZPHNuV3SKW3BVM7HqbPwzSnwm9edv8k1HOOfZpSzN0ePTPm4ALja5XzQcE6oWVwDIQTFce3aLYBP4o9Bzb4lbARS1bjzLyhmqTGhXF1WbW7JdxNxzzvlqe4Z63Jee3Jiccje2HCE-pFZMZrVXWWWlFj2yjd4FQ7wxTME70s3IwF/hTlKeDsBAAA-e&page=1&filterTrade=&filterFunction=&sortBy=sort_trade&availableLetters=ABCDEFGHIJKLMNOPQRSTUVWXZ" "Mozilla/5.0 (Windows NT 6.1; WOW64; rv:6.0.2) Gecko/20100101 Firefox/6.0.2"
217.81.144.126 - - [17/Oct/2011:10:02:28 +0200] "GET / HTTP/1.1" 200 9626 "http://www.gelbeseiten.de/branchenbuch/nuernberg/zahnarzt-nuernberg.html" "Mozilla/5.0 (Windows NT 5.1; rv:7.0.1) Gecko/20100101 Firefox/7.0.1"
217.81.144.126 - - [17/Oct/2011:10:02:31 +0200] "GET / HTTP/1.1" 200 9626 "http://www.gelbeseiten.de/branchenbuch/nuernberg/zahnarzt-nuernberg.html" "Mozilla/5.0 (Windows NT 5.1; rv:7.0.1) Gecko/20100101 Firefox/7.0.1"
217.81.144.126 - - [17/Oct/2011:10:02:41 +0200] "GET / HTTP/1.1" 200 9626 "http://www.gelbeseiten.de/branchenbuch/nuernberg/zahnarzt-nuernberg.html" "Mozilla/5.0 (Windows NT 5.1; rv:7.0.1) Gecko/20100101 Firefox/7.0.1"
194.25.185.210 - - [17/Oct/2011:13:54:26 +0200] "GET / HTTP/1.1" 200 9626 "http://www.gelbeseiten.de/yp/122/subscriberlist_pageAction.yp?sessionDataString=H4sIAAAAAAAAAFWMu04DMRBFv2ZLS57xczQVWgmSIgKBBGXkjSespVWIbDf8PSZAQTHFnXvOBURacnCosjdRWQFU5CCpTDEIRSBLXsVoYrYOGEFTZDPhvdR3WS6lbaV1Gfnh5fjvxfR5Zb-pTkgvb0ZdLk5r-p0N%2FUpAwy9pqyNEn1tHIGRO4K-pG69uTvUvG8ftR%2FTdl3TIr2c0sYHcEZrbVH7aPnRYdD8ZEDz81DnmzqZn4kpzPwKhojfFEw46-p%2FjMLiz8QgwNiLxF4tlE%2FwJAQAA" "Mozilla/5.0 (Windows NT 6.1) AppleWebKit/535.1 (KHTML, like Gecko) Chrome/14.0.835.202 Safari/535.1"
93.159.111.105 - - [17/Oct/2011:18:17:44 +0200] "GET /robots.txt HTTP/1.1" 200 218 "-" "Mozilla/5.0 (compatible; suggybot v0.01a, http://blog.suggy.com/was-ist-suggy/suggy-webcrawler/)"
157.55.50.12 - - [17/Oct/2011:19:58:41 +0200] "GET /robots.txt HTTP/1.1" 200 218 "-" "Mozilla/5.0 (compatible; bingbot/2.0; +http://www.bing.com/bingbot.htm)"
95.108.158.244 - - [18/Oct/2011:00:12:03 +0200] "GET /img/lay06neu.gif HTTP/1.1" 304 - "-" "Mozilla/5.0 (compatible; YandexImages/3.0; +http://yandex.com/bots)"
95.108.158.244 - - [18/Oct/2011:01:34:51 +0200] "GET /img/roll_trans2.gif HTTP/1.1" 304 - "-" "Mozilla/5.0 (compatible; YandexImages/3.0; +http://yandex.com/bots)"
95.108.158.244 - - [18/Oct/2011:02:24:53 +0200] "GET /robots.txt HTTP/1.1" 200 218 "-" "Mozilla/5.0 (compatible; YandexImages/3.0; +http://yandex.com/bots)"
94.23.237.143 - - [18/Oct/2011:03:05:46 +0200] "GET /muieblackcat HTTP/1.1" 404 1256 "-" "-"
94.23.237.143 - - [18/Oct/2011:03:05:50 +0200] "GET //admin/scripts/setup.php HTTP/1.1" 404 1256 "-" "-"
94.23.237.143 - - [18/Oct/2011:03:05:53 +0200] "GET //dbadmin/scripts/setup.php HTTP/1.1" 404 1256 "-" "-"
94.23.237.143 - - [18/Oct/2011:03:05:53 +0200] "GET //db/scripts/setup.php HTTP/1.1" 404 1256 "-" "-"
94.23.237.143 - - [18/Oct/2011:03:05:54 +0200] "GET //myadmin/scripts/setup.php HTTP/1.1" 404 1256 "-" "-"
94.23.237.143 - - [18/Oct/2011:03:05:54 +0200] "GET //mysqladmin/scripts/setup.php HTTP/1.1" 404 1256 "-" "-"
94.23.237.143 - - [18/Oct/2011:03:05:54 +0200] "GET //mysqlmanager/scripts/setup.php HTTP/1.1" 404 1256 "-" "-"
94.23.237.143 - - [18/Oct/2011:03:05:54 +0200] "GET //mysql/scripts/setup.php HTTP/1.1" 404 1256 "-" "-"
94.23.237.143 - - [18/Oct/2011:03:05:55 +0200] "GET //phpadmin/scripts/setup.php HTTP/1.1" 404 1256 "-" "-"
94.23.237.143 - - [18/Oct/2011:03:05:55 +0200] "GET //phpmyadmin/scripts/setup.php HTTP/1.1" 404 1256 "-" "-"
94.23.237.143 - - [18/Oct/2011:03:05:55 +0200] "GET //phpMyAdmin/scripts/setup.php HTTP/1.1" 404 1256 "-" "-"
94.23.237.143 - - [18/Oct/2011:03:05:56 +0200] "GET //p/m/a/scripts/setup.php HTTP/1.1" 404 1256 "-" "-"
94.23.237.143 - - [18/Oct/2011:03:05:56 +0200] "GET //pma/scripts/setup.php HTTP/1.1" 404 1256 "-" "-"
94.23.237.143 - - [18/Oct/2011:03:05:56 +0200] "GET //scripts/setup.php HTTP/1.1" 404 1256 "-" "-"
94.23.237.143 - - [18/Oct/2011:03:05:59 +0200] "GET //typo3/phpmyadmin/scripts/setup.php HTTP/1.1" 404 1256 "-" "-"
94.23.237.143 - - [18/Oct/2011:03:06:00 +0200] "GET //webadmin/scripts/setup.php HTTP/1.1" 404 1256 "-" "-"
94.23.237.143 - - [18/Oct/2011:03:06:00 +0200] "GET //webdb/scripts/setup.php HTTP/1.1" 404 1256 "-" "-"
94.23.237.143 - - [18/Oct/2011:03:06:00 +0200] "GET //web/phpMyAdmin/scripts/setup.php HTTP/1.1" 404 1256 "-" "-"
94.23.237.143 - - [18/Oct/2011:03:06:01 +0200] "GET //web/scripts/setup.php HTTP/1.1" 404 1256 "-" "-"
94.23.237.143 - - [18/Oct/2011:03:06:01 +0200] "GET //websql/scripts/setup.php HTTP/1.1" 404 1256 "-" "-"
94.23.237.143 - - [18/Oct/2011:03:06:01 +0200] "GET //xampp/phpmyadmin/scripts/setup.php HTTP/1.1" 404 1256 "-" "-"
95.108.158.244 - - [18/Oct/2011:03:09:44 +0200] "GET /img/lay16.gif HTTP/1.1" 304 - "-" "Mozilla/5.0 (compatible; YandexImages/3.0; +http://yandex.com/bots)"
67.195.115.47 - - [18/Oct/2011:03:11:33 +0200] "GET /robots.txt HTTP/1.0" 200 218 "-" "Mozilla/5.0 (compatible; Yahoo! Slurp; http://help.yahoo.com/help/us/ysearch/slurp)"
67.195.115.47 - - [18/Oct/2011:03:11:34 +0200] "GET /praxis.php HTTP/1.0" 200 7017 "-" "Mozilla/5.0 (compatible; Yahoo! Slurp; http://help.yahoo.com/help/us/ysearch/slurp)"
67.195.115.47 - - [18/Oct/2011:03:11:35 +0200] "GET /css/fl_style.css HTTP/1.0" 200 10194 "http://www.zahnmedizin-im-alter.de/praxis.php" "Mozilla/5.0 (compatible; Yahoo! Slurp; http://help.yahoo.com/help/us/ysearch/slurp)"
95.108.158.244 - - [18/Oct/2011:04:12:12 +0200] "GET /img/roll_trans.gif HTTP/1.1" 304 - "-" "Mozilla/5.0 (compatible; YandexImages/3.0; +http://yandex.com/bots)"
157.55.107.141 - - [18/Oct/2011:04:36:15 +0200] "GET /robots.txt HTTP/1.1" 200 218 "-" "Mozilla/5.0 (compatible; bingbot/2.0; +http://www.bing.com/bingbot.htm)"
208.115.111.72 - - [18/Oct/2011:04:49:21 +0200] "GET /robots.txt HTTP/1.1" 200 218 "-" "Mozilla/5.0 (compatible; Ezooms/1.0; ezooms.bot@gmail.com)"
95.108.158.244 - - [18/Oct/2011:05:14:40 +0200] "GET /img/tel_footer.gif HTTP/1.1" 304 - "-" "Mozilla/5.0 (compatible; YandexImages/3.0; +http://yandex.com/bots)"
208.115.111.72 - - [18/Oct/2011:06:11:51 +0200] "GET /kont.php HTTP/1.1" 200 8494 "-" "Mozilla/5.0 (compatible; Ezooms/1.0; ezooms.bot@gmail.com)"
95.108.158.244 - - [18/Oct/2011:06:17:08 +0200] "GET /img/f_1-p.gif HTTP/1.1" 304 - "-" "Mozilla/5.0 (compatible; YandexImages/3.0; +http://yandex.com/bots)"
95.108.158.244 - - [18/Oct/2011:07:33:02 +0200] "GET /img/lay14.gif HTTP/1.1" 304 - "-" "Mozilla/5.0 (compatible; YandexImages/3.0; +http://yandex.com/bots)"
87.182.201.203 - - [18/Oct/2011:08:57:51 +0200] "GET / HTTP/1.1" 200 9626 "http://www.gelbeseiten.de/yp/122/subscriberlist_pageAction.yp?sessionDataString=H4sIAAAAAAAAAFWOT0/DMAzFP02PmezMTWK9E6o24MAfgcSBy5R0gQ2hbrQVsH56op6KL/aznn/PnNSGVjkaTrk1klwwISc2qbY57nMrXp0JrOqpjbAMvZzhXuOhqzbST2NGvK-p2Td-pl3L9DKrstPafuOHwehzEXff28-p7dCGPtCHnLs2wP2bC1Gdcr4WoA-pSGsnNBdOSjhTcXyL5VrxY9iz8hq/oiupqba4MK8okARMjKtp8d4N4XY49eNuTsVdySPnrScnHg/shQmPhCfDaBZ31XqmxDJXvsGLsMIXz5s454nUrvEHtDi5kDwBAAA-e&page=1&filterTrade=&filterFunction=&sortBy=sort_trade&availableLetters=ABCDEFGHIJKLMNOPQRSTUVWXZ" "Mozilla/5.0 (Windows; U; Windows NT 5.1; de; rv:1.9.2.23) Gecko/20110920 Firefox/3.6.23"
87.161.121.192 - - [18/Oct/2011:09:38:37 +0200] "GET / HTTP/1.1" 200 9626 "http://www.gelbeseiten.de/yp/122/subscriberlist_advertisementAction.yp?subscriberID=122031557767&tradeID=17410&index=5.0&rz=122&sessionDataString=H4sIAAAAAAAAAFWPT0/DMAzFP00vTJns1E1r-pQQVAw78EZM4cJnSNqNFUzeSjG399ETjwPDJenrvZz9cQ4UIFauuw1JR4YyyObZq7RomWxjNBlRLXVvpxojOJc/0YjoMoe3dGNwQ3ZiEu-pVq62Ow-p3Cw/WYV3TEKn3Zi3m0/Zrfkp-pjEMlzNnrJF7cfG-pY9M17ObfcL42TL6uVDiJNk14xA2Q4jul/tPkip627ngrG976VBriWwY5euPK5/AhSE4j2wZZAfJsbm89U1I2shBYQmUSh2J52RyruSEOIcSCsplQrmeLv6/B3kIqebq/IM8putgNEFOKfeMJSHIC8irQqkvcll-ppti0Z2Utb6ilTJY1IhMwGNbyA7mNAB-pGAQAA" "Mozilla/4.0 (compatible; MSIE 8.0; Windows NT 5.1; Trident/4.0; .NET CLR 1.1.4322; .NET CLR 2.0.50727; .NET CLR 3.0.04506.30; .NET CLR 3.0.04506.648; .NET CLR 3.0.4506.2152; .NET CLR 3.5.30729; OfficeLiveConnector.1.4; OfficeLivePatch.1.3)"
87.161.121.192 - - [18/Oct/2011:09:38:38 +0200] "GET /css/fl_style.css HTTP/1.1" 200 10194 "http://www.dr-heidi-fleischer.de/" "Mozilla/4.0 (compatible; MSIE 8.0; Windows NT 5.1; Trident/4.0; .NET CLR 1.1.4322; .NET CLR 2.0.50727; .NET CLR 3.0.04506.30; .NET CLR 3.0.04506.648; .NET CLR 3.0.4506.2152; .NET CLR 3.5.30729; OfficeLiveConnector.1.4; OfficeLivePatch.1.3)"
87.161.121.192 - - [18/Oct/2011:09:38:38 +0200] "GET /scripte/all_scripts.js HTTP/1.1" 200 249 "http://www.dr-heidi-fleischer.de/" "Mozilla/4.0 (compatible; MSIE 8.0; Windows NT 5.1; Trident/4.0; .NET CLR 1.1.4322; .NET CLR 2.0.50727; .NET CLR 3.0.04506.30; .NET CLR 3.0.04506.648; .NET CLR 3.0.4506.2152; .NET CLR 3.5.30729; OfficeLiveConnector.1.4; OfficeLivePatch.1.3)"
87.161.121.192 - - [18/Oct/2011:09:38:38 +0200] "GET /img/hg_body.jpg HTTP/1.1" 200 2615 "http://www.dr-heidi-fleischer.de/" "Mozilla/4.0 (compatible; MSIE 8.0; Windows NT 5.1; Trident/4.0; .NET CLR 1.1.4322; .NET CLR 2.0.50727; .NET CLR 3.0.04506.30; .NET CLR 3.0.04506.648; .NET CLR 3.0.4506.2152; .NET CLR 3.5.30729; OfficeLiveConnector.1.4; OfficeLivePatch.1.3)"
87.161.121.192 - - [18/Oct/2011:09:38:38 +0200] "GET /img/lay01.gif HTTP/1.1" 200 273 "http://www.dr-heidi-fleischer.de/" "Mozilla/4.0 (compatible; MSIE 8.0; Windows NT 5.1; Trident/4.0; .NET CLR 1.1.4322; .NET CLR 2.0.50727; .NET CLR 3.0.04506.30; .NET CLR 3.0.04506.648; .NET CLR 3.0.4506.2152; .NET CLR 3.5.30729; OfficeLiveConnector.1.4; OfficeLivePatch.1.3)"
87.161.121.192 - - [18/Oct/2011:09:38:38 +0200] "GET /img/lay06neu.gif HTTP/1.1" 200 583 "http://www.dr-heidi-fleischer.de/" "Mozilla/4.0 (compatible; MSIE 8.0; Windows NT 5.1; Trident/4.0; .NET CLR 1.1.4322; .NET CLR 2.0.50727; .NET CLR 3.0.04506.30; .NET CLR 3.0.04506.648; .NET CLR 3.0.4506.2152; .NET CLR 3.5.30729; OfficeLiveConnector.1.4; OfficeLivePatch.1.3)"
87.161.121.192 - - [18/Oct/2011:09:38:38 +0200] "GET /img/lay02.gif HTTP/1.1" 200 68 "http://www.dr-heidi-fleischer.de/" "Mozilla/4.0 (compatible; MSIE 8.0; Windows NT 5.1; Trident/4.0; .NET CLR 1.1.4322; .NET CLR 2.0.50727; .NET CLR 3.0.04506.30; .NET CLR 3.0.04506.648; .NET CLR 3.0.4506.2152; .NET CLR 3.5.30729; OfficeLiveConnector.1.4; OfficeLivePatch.1.3)"
87.161.121.192 - - [18/Oct/2011:09:38:38 +0200] "GET /img/f_1-p.gif HTTP/1.1" 200 43 "http://www.dr-heidi-fleischer.de/" "Mozilla/4.0 (compatible; MSIE 8.0; Windows NT 5.1; Trident/4.0; .NET CLR 1.1.4322; .NET CLR 2.0.50727; .NET CLR 3.0.04506.30; .NET CLR 3.0.04506.648; .NET CLR 3.0.4506.2152; .NET CLR 3.5.30729; OfficeLiveConnector.1.4; OfficeLivePatch.1.3)"
87.161.121.192 - - [18/Oct/2011:09:38:38 +0200] "GET /img/tel_footer.gif HTTP/1.1" 200 1051 "http://www.dr-heidi-fleischer.de/" "Mozilla/4.0 (compatible; MSIE 8.0; Windows NT 5.1; Trident/4.0; .NET CLR 1.1.4322; .NET CLR 2.0.50727; .NET CLR 3.0.04506.30; .NET CLR 3.0.04506.648; .NET CLR 3.0.4506.2152; .NET CLR 3.5.30729; OfficeLiveConnector.1.4; OfficeLivePatch.1.3)"
87.161.121.192 - - [18/Oct/2011:09:38:38 +0200] "GET /img/lay04.gif HTTP/1.1" 200 68 "http://www.dr-heidi-fleischer.de/" "Mozilla/4.0 (compatible; MSIE 8.0; Windows NT 5.1; Trident/4.0; .NET CLR 1.1.4322; .NET CLR 2.0.50727; .NET CLR 3.0.04506.30; .NET CLR 3.0.04506.648; .NET CLR 3.0.4506.2152; .NET CLR 3.5.30729; OfficeLiveConnector.1.4; OfficeLivePatch.1.3)"
87.161.121.192 - - [18/Oct/2011:09:38:38 +0200] "GET /img/lay03.gif HTTP/1.1" 200 1060 "http://www.dr-heidi-fleischer.de/" "Mozilla/4.0 (compatible; MSIE 8.0; Windows NT 5.1; Trident/4.0; .NET CLR 1.1.4322; .NET CLR 2.0.50727; .NET CLR 3.0.04506.30; .NET CLR 3.0.04506.648; .NET CLR 3.0.4506.2152; .NET CLR 3.5.30729; OfficeLiveConnector.1.4; OfficeLivePatch.1.3)"
87.161.121.192 - - [18/Oct/2011:09:38:38 +0200] "GET /img/roll_trans.gif HTTP/1.1" 200 609 "http://www.dr-heidi-fleischer.de/" "Mozilla/4.0 (compatible; MSIE 8.0; Windows NT 5.1; Trident/4.0; .NET CLR 1.1.4322; .NET CLR 2.0.50727; .NET CLR 3.0.04506.30; .NET CLR 3.0.04506.648; .NET CLR 3.0.4506.2152; .NET CLR 3.5.30729; OfficeLiveConnector.1.4; OfficeLivePatch.1.3)"
87.161.121.192 - - [18/Oct/2011:09:38:38 +0200] "GET /img/lay05.gif HTTP/1.1" 200 331 "http://www.dr-heidi-fleischer.de/" "Mozilla/4.0 (compatible; MSIE 8.0; Windows NT 5.1; Trident/4.0; .NET CLR 1.1.4322; .NET CLR 2.0.50727; .NET CLR 3.0.04506.30; .NET CLR 3.0.04506.648; .NET CLR 3.0.4506.2152; .NET CLR 3.5.30729; OfficeLiveConnector.1.4; OfficeLivePatch.1.3)"
87.161.121.192 - - [18/Oct/2011:09:38:38 +0200] "GET /img/zert_1.jpg HTTP/1.1" 200 6013 "http://www.dr-heidi-fleischer.de/" "Mozilla/4.0 (compatible; MSIE 8.0; Windows NT 5.1; Trident/4.0; .NET CLR 1.1.4322; .NET CLR 2.0.50727; .NET CLR 3.0.04506.30; .NET CLR 3.0.04506.648; .NET CLR 3.0.4506.2152; .NET CLR 3.5.30729; OfficeLiveConnector.1.4; OfficeLivePatch.1.3)"
87.161.121.192 - - [18/Oct/2011:09:38:38 +0200] "GET /img/lay07.gif HTTP/1.1" 200 453 "http://www.dr-heidi-fleischer.de/" "Mozilla/4.0 (compatible; MSIE 8.0; Windows NT 5.1; Trident/4.0; .NET CLR 1.1.4322; .NET CLR 2.0.50727; .NET CLR 3.0.04506.30; .NET CLR 3.0.04506.648; .NET CLR 3.0.4506.2152; .NET CLR 3.5.30729; OfficeLiveConnector.1.4; OfficeLivePatch.1.3)"
87.161.121.192 - - [18/Oct/2011:09:38:38 +0200] "GET /img/roll_trans2.gif HTTP/1.1" 200 609 "http://www.dr-heidi-fleischer.de/" "Mozilla/4.0 (compatible; MSIE 8.0; Windows NT 5.1; Trident/4.0; .NET CLR 1.1.4322; .NET CLR 2.0.50727; .NET CLR 3.0.04506.30; .NET CLR 3.0.04506.648; .NET CLR 3.0.4506.2152; .NET CLR 3.5.30729; OfficeLiveConnector.1.4; OfficeLivePatch.1.3)"
87.161.121.192 - - [18/Oct/2011:09:38:38 +0200] "GET /img/lay08.gif HTTP/1.1" 200 534 "http://www.dr-heidi-fleischer.de/" "Mozilla/4.0 (compatible; MSIE 8.0; Windows NT 5.1; Trident/4.0; .NET CLR 1.1.4322; .NET CLR 2.0.50727; .NET CLR 3.0.04506.30; .NET CLR 3.0.04506.648; .NET CLR 3.0.4506.2152; .NET CLR 3.5.30729; OfficeLiveConnector.1.4; OfficeLivePatch.1.3)"
87.161.121.192 - - [18/Oct/2011:09:38:38 +0200] "GET /img/lay16.gif HTTP/1.1" 200 309 "http://www.dr-heidi-fleischer.de/" "Mozilla/4.0 (compatible; MSIE 8.0; Windows NT 5.1; Trident/4.0; .NET CLR 1.1.4322; .NET CLR 2.0.50727; .NET CLR 3.0.04506.30; .NET CLR 3.0.04506.648; .NET CLR 3.0.4506.2152; .NET CLR 3.5.30729; OfficeLiveConnector.1.4; OfficeLivePatch.1.3)"
87.161.121.192 - - [18/Oct/2011:09:38:38 +0200] "GET /img/hg_zahn2.gif HTTP/1.1" 200 20816 "http://www.dr-heidi-fleischer.de/" "Mozilla/4.0 (compatible; MSIE 8.0; Windows NT 5.1; Trident/4.0; .NET CLR 1.1.4322; .NET CLR 2.0.50727; .NET CLR 3.0.04506.30; .NET CLR 3.0.04506.648; .NET CLR 3.0.4506.2152; .NET CLR 3.5.30729; OfficeLiveConnector.1.4; OfficeLivePatch.1.3)"
87.161.121.192 - - [18/Oct/2011:09:38:38 +0200] "GET /img/left_bg.gif HTTP/1.1" 200 98 "http://www.dr-heidi-fleischer.de/" "Mozilla/4.0 (compatible; MSIE 8.0; Windows NT 5.1; Trident/4.0; .NET CLR 1.1.4322; .NET CLR 2.0.50727; .NET CLR 3.0.04506.30; .NET CLR 3.0.04506.648; .NET CLR 3.0.4506.2152; .NET CLR 3.5.30729; OfficeLiveConnector.1.4; OfficeLivePatch.1.3)"
87.161.121.192 - - [18/Oct/2011:09:38:38 +0200] "GET /img/right_bg.jpg HTTP/1.1" 404 1256 "http://www.dr-heidi-fleischer.de/" "Mozilla/4.0 (compatible; MSIE 8.0; Windows NT 5.1; Trident/4.0; .NET CLR 1.1.4322; .NET CLR 2.0.50727; .NET CLR 3.0.04506.30; .NET CLR 3.0.04506.648; .NET CLR 3.0.4506.2152; .NET CLR 3.5.30729; OfficeLiveConnector.1.4; OfficeLivePatch.1.3)"
87.161.121.192 - - [18/Oct/2011:09:38:38 +0200] "GET /img/left_bg2.gif HTTP/1.1" 200 176 "http://www.dr-heidi-fleischer.de/" "Mozilla/4.0 (compatible; MSIE 8.0; Windows NT 5.1; Trident/4.0; .NET CLR 1.1.4322; .NET CLR 2.0.50727; .NET CLR 3.0.04506.30; .NET CLR 3.0.04506.648; .NET CLR 3.0.4506.2152; .NET CLR 3.5.30729; OfficeLiveConnector.1.4; OfficeLivePatch.1.3)"
87.161.121.192 - - [18/Oct/2011:09:38:38 +0200] "GET /img/lay13.gif HTTP/1.1" 200 181 "http://www.dr-heidi-fleischer.de/" "Mozilla/4.0 (compatible; MSIE 8.0; Windows NT 5.1; Trident/4.0; .NET CLR 1.1.4322; .NET CLR 2.0.50727; .NET CLR 3.0.04506.30; .NET CLR 3.0.04506.648; .NET CLR 3.0.4506.2152; .NET CLR 3.5.30729; OfficeLiveConnector.1.4; OfficeLivePatch.1.3)"
87.161.121.192 - - [18/Oct/2011:09:38:38 +0200] "GET /img/lay14.gif HTTP/1.1" 200 104 "http://www.dr-heidi-fleischer.de/" "Mozilla/4.0 (compatible; MSIE 8.0; Windows NT 5.1; Trident/4.0; .NET CLR 1.1.4322; .NET CLR 2.0.50727; .NET CLR 3.0.04506.30; .NET CLR 3.0.04506.648; .NET CLR 3.0.4506.2152; .NET CLR 3.5.30729; OfficeLiveConnector.1.4; OfficeLivePatch.1.3)"
87.161.121.192 - - [18/Oct/2011:09:38:38 +0200] "GET /img/right_bg.gif HTTP/1.1" 200 76 "http://www.dr-heidi-fleischer.de/" "Mozilla/4.0 (compatible; MSIE 8.0; Windows NT 5.1; Trident/4.0; .NET CLR 1.1.4322; .NET CLR 2.0.50727; .NET CLR 3.0.04506.30; .NET CLR 3.0.04506.648; .NET CLR 3.0.4506.2152; .NET CLR 3.5.30729; OfficeLiveConnector.1.4; OfficeLivePatch.1.3)"
87.161.121.192 - - [18/Oct/2011:09:38:38 +0200] "GET /img/lay09.gif HTTP/1.1" 200 135 "http://www.dr-heidi-fleischer.de/" "Mozilla/4.0 (compatible; MSIE 8.0; Windows NT 5.1; Trident/4.0; .NET CLR 1.1.4322; .NET CLR 2.0.50727; .NET CLR 3.0.04506.30; .NET CLR 3.0.04506.648; .NET CLR 3.0.4506.2152; .NET CLR 3.5.30729; OfficeLiveConnector.1.4; OfficeLivePatch.1.3)"
87.161.121.192 - - [18/Oct/2011:09:38:39 +0200] "GET /img/lay10.gif HTTP/1.1" 200 252 "http://www.dr-heidi-fleischer.de/" "Mozilla/4.0 (compatible; MSIE 8.0; Windows NT 5.1; Trident/4.0; .NET CLR 1.1.4322; .NET CLR 2.0.50727; .NET CLR 3.0.04506.30; .NET CLR 3.0.04506.648; .NET CLR 3.0.4506.2152; .NET CLR 3.5.30729; OfficeLiveConnector.1.4; OfficeLivePatch.1.3)"
87.161.121.192 - - [18/Oct/2011:09:38:39 +0200] "GET /img/bottom_bg.gif HTTP/1.1" 200 79 "http://www.dr-heidi-fleischer.de/" "Mozilla/4.0 (compatible; MSIE 8.0; Windows NT 5.1; Trident/4.0; .NET CLR 1.1.4322; .NET CLR 2.0.50727; .NET CLR 3.0.04506.30; .NET CLR 3.0.04506.648; .NET CLR 3.0.4506.2152; .NET CLR 3.5.30729; OfficeLiveConnector.1.4; OfficeLivePatch.1.3)"
87.161.121.192 - - [18/Oct/2011:09:38:39 +0200] "GET /img/header_neu.gif HTTP/1.1" 200 32567 "http://www.dr-heidi-fleischer.de/" "Mozilla/4.0 (compatible; MSIE 8.0; Windows NT 5.1; Trident/4.0; .NET CLR 1.1.4322; .NET CLR 2.0.50727; .NET CLR 3.0.04506.30; .NET CLR 3.0.04506.648; .NET CLR 3.0.4506.2152; .NET CLR 3.5.30729; OfficeLiveConnector.1.4; OfficeLivePatch.1.3)"
87.161.121.192 - - [18/Oct/2011:09:38:39 +0200] "GET /img/zert_1gross.jpg HTTP/1.1" 200 22004 "http://www.dr-heidi-fleischer.de/" "Mozilla/4.0 (compatible; MSIE 8.0; Windows NT 5.1; Trident/4.0; .NET CLR 1.1.4322; .NET CLR 2.0.50727; .NET CLR 3.0.04506.30; .NET CLR 3.0.04506.648; .NET CLR 3.0.4506.2152; .NET CLR 3.5.30729; OfficeLiveConnector.1.4; OfficeLivePatch.1.3)"
87.161.121.192 - - [18/Oct/2011:09:38:38 +0200] "GET /img/dr_fleischer_ani.gif HTTP/1.1" 200 854042 "http://www.dr-heidi-fleischer.de/" "Mozilla/4.0 (compatible; MSIE 8.0; Windows NT 5.1; Trident/4.0; .NET CLR 1.1.4322; .NET CLR 2.0.50727; .NET CLR 3.0.04506.30; .NET CLR 3.0.04506.648; .NET CLR 3.0.4506.2152; .NET CLR 3.5.30729; OfficeLiveConnector.1.4; OfficeLivePatch.1.3)"
87.161.121.192 - - [18/Oct/2011:09:38:40 +0200] "GET /img/favicon.ico HTTP/1.1" 200 5430 "-" "Mozilla/4.0 (compatible; MSIE 8.0; Windows NT 5.1; Trident/4.0; .NET CLR 1.1.4322; .NET CLR 2.0.50727; .NET CLR 3.0.04506.30; .NET CLR 3.0.04506.648; .NET CLR 3.0.4506.2152; .NET CLR 3.5.30729; OfficeLiveConnector.1.4; OfficeLivePatch.1.3)"
87.161.121.192 - - [18/Oct/2011:09:38:44 +0200] "GET /praxis.php HTTP/1.1" 200 7017 "http://www.dr-heidi-fleischer.de/" "Mozilla/4.0 (compatible; MSIE 8.0; Windows NT 5.1; Trident/4.0; .NET CLR 1.1.4322; .NET CLR 2.0.50727; .NET CLR 3.0.04506.30; .NET CLR 3.0.04506.648; .NET CLR 3.0.4506.2152; .NET CLR 3.5.30729; OfficeLiveConnector.1.4; OfficeLivePatch.1.3)"
87.161.121.192 - - [18/Oct/2011:09:38:44 +0200] "GET /img/praxis_2.jpg HTTP/1.1" 200 30574 "http://www.dr-heidi-fleischer.de/praxis.php" "Mozilla/4.0 (compatible; MSIE 8.0; Windows NT 5.1; Trident/4.0; .NET CLR 1.1.4322; .NET CLR 2.0.50727; .NET CLR 3.0.04506.30; .NET CLR 3.0.04506.648; .NET CLR 3.0.4506.2152; .NET CLR 3.5.30729; OfficeLiveConnector.1.4; OfficeLivePatch.1.3)"
87.161.121.192 - - [18/Oct/2011:09:38:44 +0200] "GET /img/praxis_1.jpg HTTP/1.1" 200 39868 "http://www.dr-heidi-fleischer.de/praxis.php" "Mozilla/4.0 (compatible; MSIE 8.0; Windows NT 5.1; Trident/4.0; .NET CLR 1.1.4322; .NET CLR 2.0.50727; .NET CLR 3.0.04506.30; .NET CLR 3.0.04506.648; .NET CLR 3.0.4506.2152; .NET CLR 3.5.30729; OfficeLiveConnector.1.4; OfficeLivePatch.1.3)"
87.161.121.192 - - [18/Oct/2011:09:38:44 +0200] "GET /img/right_bg.jpg HTTP/1.1" 404 1256 "http://www.dr-heidi-fleischer.de/praxis.php" "Mozilla/4.0 (compatible; MSIE 8.0; Windows NT 5.1; Trident/4.0; .NET CLR 1.1.4322; .NET CLR 2.0.50727; .NET CLR 3.0.04506.30; .NET CLR 3.0.04506.648; .NET CLR 3.0.4506.2152; .NET CLR 3.5.30729; OfficeLiveConnector.1.4; OfficeLivePatch.1.3)"
87.161.121.192 - - [18/Oct/2011:09:38:44 +0200] "GET /img/praxis_3.jpg HTTP/1.1" 200 36951 "http://www.dr-heidi-fleischer.de/praxis.php" "Mozilla/4.0 (compatible; MSIE 8.0; Windows NT 5.1; Trident/4.0; .NET CLR 1.1.4322; .NET CLR 2.0.50727; .NET CLR 3.0.04506.30; .NET CLR 3.0.04506.648; .NET CLR 3.0.4506.2152; .NET CLR 3.5.30729; OfficeLiveConnector.1.4; OfficeLivePatch.1.3)"
87.161.121.192 - - [18/Oct/2011:09:38:55 +0200] "GET /img/right_bg.jpg HTTP/1.1" 404 1256 "http://www.dr-heidi-fleischer.de/" "Mozilla/4.0 (compatible; MSIE 8.0; Windows NT 5.1; Trident/4.0; .NET CLR 1.1.4322; .NET CLR 2.0.50727; .NET CLR 3.0.04506.30; .NET CLR 3.0.04506.648; .NET CLR 3.0.4506.2152; .NET CLR 3.5.30729; OfficeLiveConnector.1.4; OfficeLivePatch.1.3)"
212.34.185.80 - - [18/Oct/2011:10:51:46 +0200] "HEAD /? HTTP/1.0" 200 - "-" "gonzo thumb[D] +http://www.suchen.de/faq.html"
195.191.15.90 - - [18/Oct/2011:11:35:34 +0200] "GET / HTTP/1.0" 200 9626 "http://www.gelbeseiten.de/yp/122/subscriberlist_pageAction.yp?sessionDataString=H4sIAAAAAAAAAFVOy07DMBD8mhxd7drrl-paEIgoceAgkDlwqJ3VoEUqLEwHN1xPlFPYyO6PZmeXUJGfIdir43CrJKaugY6tcNia1QqbrgtLR6c4kaEa8nOHe0qGvrqVMY0Z6qLZ16Ztc3iGV3s6Ym/44fB6HMc/85mX3T0IYS9rnIafSHrBnrTFGFxlfq6APitYJLYNTJJxpdnyLZhvxo9hzZINfiRuxZDUuzBsKJAET42pavXdLuBtOZdwtrbif-p8h57cmJxyN7YcIT4Vkx6tVdZZaUNO-pVr/EqmuBnT2eCt4EDmYg/jwUJVDwBAAA-e&page=1&filterTrade=&filterFunction=&sortBy=sort_trade&availableLetters=ABCDEFGHIJKLMNOPQRSTUVWXZ" "Mozilla/4.0 (compatible; MSIE 8.0; Windows NT 5.1; Trident/4.0; .NET CLR 2.0.50727; .NET CLR 3.0.4506.2152; .NET CLR 3.5.30729)"
91.213.20.1 - - [18/Oct/2011:11:56:41 +0200] "GET / HTTP/1.1" 200 9626 "http://www.gelbeseiten.de/yp/122/subscriberlist_pageAction.yp?sessionDataString=H4sIAAAAAAAAAFWOS0/DMBCEf02OrnbtjR-paE4pU4MBDIHHgUjmJ3RahtDgR0Px6okpFsJfRjr7ZWe5TDpQ5qpycVsJ9r3xuRcWQNSdtrM2iWubOc8fQjHA6wr7G3RDLPCHeV-pumDG0qW0il14umdtiP7/txSst-p/bz5Z8FPJfZpTLF0O/SsNaZgA-pPjz6E3CrUVOg8OgXCkhfgUzXXAl2LHgQ2-pJaykplrjxLwiT-pIxM67my283hNvxUKbNuRJ3SxlZpx1ZcXhgJ0x4JDwpRnMJVeY3X7kGL6IJbgGyEeO8kBGLHz6m01o0AQAA&page=1&filterTrade=&filterFunction=&sortBy=sort_trade&availableLetters=ABCDEFGHIJKLMNOPQRSTUVWXZ" "Mozilla/4.0 (compatible; MSIE 8.0; Windows NT 5.1; Trident/4.0; .NET CLR 1.1.4322; .NET CLR 2.0.50727; .NET CLR 3.0.4506.2152; .NET CLR 3.5.30729; .NET4.0C; .NET4.0E)"
84.169.215.45 - - [18/Oct/2011:14:43:55 +0200] "GET / HTTP/1.1" 200 9626 "http://www.google.de/url?sa=t&source=web&cd=1&sqi=2&ved=0CB8QFjAA&url=http%3A%2F%2Fwww.dr-heidi-fleischer.de%2F&rct=j&q=dr.%20heidi%20fleischer&ei=iHSdTr77EcqJ4gTb89W0CQ&usg=AFQjCNFtUEW4ruGRBkbh9xWO3kO7xPGlWQ" "Mozilla/4.0 (compatible; MSIE 8.0; Windows NT 5.1; Trident/4.0)"
84.169.215.45 - - [18/Oct/2011:14:43:55 +0200] "GET /css/fl_style.css HTTP/1.1" 200 10194 "http://www.dr-heidi-fleischer.de/" "Mozilla/4.0 (compatible; MSIE 8.0; Windows NT 5.1; Trident/4.0)"
84.169.215.45 - - [18/Oct/2011:14:43:55 +0200] "GET /scripte/all_scripts.js HTTP/1.1" 200 249 "http://www.dr-heidi-fleischer.de/" "Mozilla/4.0 (compatible; MSIE 8.0; Windows NT 5.1; Trident/4.0)"
84.169.215.45 - - [18/Oct/2011:14:43:56 +0200] "GET /img/lay01.gif HTTP/1.1" 200 273 "http://www.dr-heidi-fleischer.de/" "Mozilla/4.0 (compatible; MSIE 8.0; Windows NT 5.1; Trident/4.0)"
84.169.215.45 - - [18/Oct/2011:14:43:56 +0200] "GET /img/f_1-p.gif HTTP/1.1" 200 43 "http://www.dr-heidi-fleischer.de/" "Mozilla/4.0 (compatible; MSIE 8.0; Windows NT 5.1; Trident/4.0)"
84.169.215.45 - - [18/Oct/2011:14:43:56 +0200] "GET /img/tel_footer.gif HTTP/1.1" 200 1051 "http://www.dr-heidi-fleischer.de/" "Mozilla/4.0 (compatible; MSIE 8.0; Windows NT 5.1; Trident/4.0)"
