88.65.53.13 - - [27/Oct/2011:08:35:37 +0200] "GET / HTTP/1.1" 200 9626 "http://www.gelbeseiten.de/yp/122/search.yp?sessionDataString=H4sIAAAAAAAAAEWHvQqCMQwAn8Yx0DT9Jbt-poyjoKPnSiG7SdvHt7eZw3B3KLhgNM5CVCKFVhV2FIGoJRC1qTQQo0ZeUlD1y%2FX44HPxxTOlz2HvamtP18X8us0uzYdL1xROQN8dnx5dVN8f3pbx4IvmcUyrF8w-p1iy2JhwAAAA-e-e&at=yp&kindOfSearch=tradesearch&subject=%C4rzte&location=N%FCrnberg&distance=-1&execute=Suchen&suggest_choose=on&x=52&y=20&rz=122" "Mozilla/4.0 (compatible; MSIE 8.0; Windows NT 5.1; Trident/4.0; .NET CLR 1.1.4322)"
66.249.72.150 - - [27/Oct/2011:08:48:04 +0200] "GET /robots.txt HTTP/1.1" 200 218 "-" "Mozilla/5.0 (compatible; Googlebot/2.1; +http://www.google.com/bot.html)"
66.249.72.150 - - [27/Oct/2011:08:48:04 +0200] "GET /impressum.php HTTP/1.1" 200 8293 "-" "Mozilla/5.0 (compatible; Googlebot/2.1; +http://www.google.com/bot.html)"
207.46.199.205 - - [27/Oct/2011:09:39:28 +0200] "GET /robots.txt HTTP/1.1" 200 218 "-" "Mozilla/5.0 (compatible; bingbot/2.0; +http://www.bing.com/bingbot.htm)"
88.67.198.175 - - [27/Oct/2011:10:43:17 +0200] "GET / HTTP/1.1" 200 9626 "http://www.google.de/url?sa=t&rct=j&q=zahn%C3%A4rzte%20bucherstra%C3%9Fe%20n%C3%BCrnberg&source=web&cd=9&ved=0CGEQFjAI&url=http%3A%2F%2Fwww.dr-heidi-fleischer.de%2F&ei=fxmpTvmPJ8ixhAe6q-GDDg&usg=AFQjCNFtUEW4ruGRBkbh9xWO3kO7xPGlWQ" "Mozilla/5.0 (Windows NT 5.1; rv:7.0.1) Gecko/20100101 Firefox/7.0.1"
88.67.198.175 - - [27/Oct/2011:10:43:17 +0200] "GET /css/fl_style.css HTTP/1.1" 200 10194 "http://www.dr-heidi-fleischer.de/" "Mozilla/5.0 (Windows NT 5.1; rv:7.0.1) Gecko/20100101 Firefox/7.0.1"
88.67.198.175 - - [27/Oct/2011:10:43:17 +0200] "GET /scripte/all_scripts.js HTTP/1.1" 200 249 "http://www.dr-heidi-fleischer.de/" "Mozilla/5.0 (Windows NT 5.1; rv:7.0.1) Gecko/20100101 Firefox/7.0.1"
88.67.198.175 - - [27/Oct/2011:10:43:17 +0200] "GET /img/lay01.gif HTTP/1.1" 200 273 "http://www.dr-heidi-fleischer.de/" "Mozilla/5.0 (Windows NT 5.1; rv:7.0.1) Gecko/20100101 Firefox/7.0.1"
88.67.198.175 - - [27/Oct/2011:10:43:17 +0200] "GET /img/f_1-p.gif HTTP/1.1" 200 43 "http://www.dr-heidi-fleischer.de/" "Mozilla/5.0 (Windows NT 5.1; rv:7.0.1) Gecko/20100101 Firefox/7.0.1"
88.67.198.175 - - [27/Oct/2011:10:43:17 +0200] "GET /img/tel_footer.gif HTTP/1.1" 200 1051 "http://www.dr-heidi-fleischer.de/" "Mozilla/5.0 (Windows NT 5.1; rv:7.0.1) Gecko/20100101 Firefox/7.0.1"
88.67.198.175 - - [27/Oct/2011:10:43:17 +0200] "GET /img/lay06neu.gif HTTP/1.1" 200 583 "http://www.dr-heidi-fleischer.de/" "Mozilla/5.0 (Windows NT 5.1; rv:7.0.1) Gecko/20100101 Firefox/7.0.1"
88.67.198.175 - - [27/Oct/2011:10:43:17 +0200] "GET /img/lay07.gif HTTP/1.1" 200 453 "http://www.dr-heidi-fleischer.de/" "Mozilla/5.0 (Windows NT 5.1; rv:7.0.1) Gecko/20100101 Firefox/7.0.1"
88.67.198.175 - - [27/Oct/2011:10:43:17 +0200] "GET /img/favicon.ico HTTP/1.1" 200 5430 "-" "Mozilla/5.0 (Windows NT 5.1; rv:7.0.1) Gecko/20100101 Firefox/7.0.1"
88.67.198.175 - - [27/Oct/2011:10:43:17 +0200] "GET /img/zert_1.jpg HTTP/1.1" 200 6013 "http://www.dr-heidi-fleischer.de/" "Mozilla/5.0 (Windows NT 5.1; rv:7.0.1) Gecko/20100101 Firefox/7.0.1"
88.67.198.175 - - [27/Oct/2011:10:43:17 +0200] "GET /img/roll_trans.gif HTTP/1.1" 200 609 "http://www.dr-heidi-fleischer.de/" "Mozilla/5.0 (Windows NT 5.1; rv:7.0.1) Gecko/20100101 Firefox/7.0.1"
88.67.198.175 - - [27/Oct/2011:10:43:17 +0200] "GET /img/roll_trans2.gif HTTP/1.1" 200 609 "http://www.dr-heidi-fleischer.de/" "Mozilla/5.0 (Windows NT 5.1; rv:7.0.1) Gecko/20100101 Firefox/7.0.1"
88.67.198.175 - - [27/Oct/2011:10:43:17 +0200] "GET /img/lay16.gif HTTP/1.1" 200 309 "http://www.dr-heidi-fleischer.de/" "Mozilla/5.0 (Windows NT 5.1; rv:7.0.1) Gecko/20100101 Firefox/7.0.1"
88.67.198.175 - - [27/Oct/2011:10:43:17 +0200] "GET /img/lay08.gif HTTP/1.1" 200 534 "http://www.dr-heidi-fleischer.de/" "Mozilla/5.0 (Windows NT 5.1; rv:7.0.1) Gecko/20100101 Firefox/7.0.1"
88.67.198.175 - - [27/Oct/2011:10:43:17 +0200] "GET /img/lay09.gif HTTP/1.1" 200 135 "http://www.dr-heidi-fleischer.de/" "Mozilla/5.0 (Windows NT 5.1; rv:7.0.1) Gecko/20100101 Firefox/7.0.1"
88.67.198.175 - - [27/Oct/2011:10:43:17 +0200] "GET /img/lay13.gif HTTP/1.1" 200 181 "http://www.dr-heidi-fleischer.de/" "Mozilla/5.0 (Windows NT 5.1; rv:7.0.1) Gecko/20100101 Firefox/7.0.1"
88.67.198.175 - - [27/Oct/2011:10:43:17 +0200] "GET /img/lay14.gif HTTP/1.1" 200 104 "http://www.dr-heidi-fleischer.de/" "Mozilla/5.0 (Windows NT 5.1; rv:7.0.1) Gecko/20100101 Firefox/7.0.1"
88.67.198.175 - - [27/Oct/2011:10:43:17 +0200] "GET /img/zert_1gross.jpg HTTP/1.1" 200 22004 "http://www.dr-heidi-fleischer.de/" "Mozilla/5.0 (Windows NT 5.1; rv:7.0.1) Gecko/20100101 Firefox/7.0.1"
88.67.198.175 - - [27/Oct/2011:10:43:17 +0200] "GET /img/hg_body.jpg HTTP/1.1" 200 2615 "http://www.dr-heidi-fleischer.de/css/fl_style.css" "Mozilla/5.0 (Windows NT 5.1; rv:7.0.1) Gecko/20100101 Firefox/7.0.1"
88.67.198.175 - - [27/Oct/2011:10:43:17 +0200] "GET /img/lay02.gif HTTP/1.1" 200 68 "http://www.dr-heidi-fleischer.de/" "Mozilla/5.0 (Windows NT 5.1; rv:7.0.1) Gecko/20100101 Firefox/7.0.1"
88.67.198.175 - - [27/Oct/2011:10:43:17 +0200] "GET /img/lay03.gif HTTP/1.1" 200 1060 "http://www.dr-heidi-fleischer.de/" "Mozilla/5.0 (Windows NT 5.1; rv:7.0.1) Gecko/20100101 Firefox/7.0.1"
88.67.198.175 - - [27/Oct/2011:10:43:17 +0200] "GET /img/lay04.gif HTTP/1.1" 200 68 "http://www.dr-heidi-fleischer.de/" "Mozilla/5.0 (Windows NT 5.1; rv:7.0.1) Gecko/20100101 Firefox/7.0.1"
88.67.198.175 - - [27/Oct/2011:10:43:17 +0200] "GET /img/lay05.gif HTTP/1.1" 200 331 "http://www.dr-heidi-fleischer.de/" "Mozilla/5.0 (Windows NT 5.1; rv:7.0.1) Gecko/20100101 Firefox/7.0.1"
88.67.198.175 - - [27/Oct/2011:10:43:17 +0200] "GET /img/header_neu.gif HTTP/1.1" 200 32567 "http://www.dr-heidi-fleischer.de/css/fl_style.css" "Mozilla/5.0 (Windows NT 5.1; rv:7.0.1) Gecko/20100101 Firefox/7.0.1"
88.67.198.175 - - [27/Oct/2011:10:43:17 +0200] "GET /img/left_bg2.gif HTTP/1.1" 200 176 "http://www.dr-heidi-fleischer.de/" "Mozilla/5.0 (Windows NT 5.1; rv:7.0.1) Gecko/20100101 Firefox/7.0.1"
88.67.198.175 - - [27/Oct/2011:10:43:17 +0200] "GET /img/hg_zahn2.gif HTTP/1.1" 200 20816 "http://www.dr-heidi-fleischer.de/" "Mozilla/5.0 (Windows NT 5.1; rv:7.0.1) Gecko/20100101 Firefox/7.0.1"
88.67.198.175 - - [27/Oct/2011:10:43:17 +0200] "GET /img/right_bg.jpg HTTP/1.1" 404 1256 "http://www.dr-heidi-fleischer.de/" "Mozilla/5.0 (Windows NT 5.1; rv:7.0.1) Gecko/20100101 Firefox/7.0.1"
88.67.198.175 - - [27/Oct/2011:10:43:17 +0200] "GET /img/left_bg.gif HTTP/1.1" 200 98 "http://www.dr-heidi-fleischer.de/" "Mozilla/5.0 (Windows NT 5.1; rv:7.0.1) Gecko/20100101 Firefox/7.0.1"
88.67.198.175 - - [27/Oct/2011:10:43:17 +0200] "GET /img/right_bg.gif HTTP/1.1" 200 76 "http://www.dr-heidi-fleischer.de/" "Mozilla/5.0 (Windows NT 5.1; rv:7.0.1) Gecko/20100101 Firefox/7.0.1"
88.67.198.175 - - [27/Oct/2011:10:43:17 +0200] "GET /img/lay10.gif HTTP/1.1" 200 252 "http://www.dr-heidi-fleischer.de/" "Mozilla/5.0 (Windows NT 5.1; rv:7.0.1) Gecko/20100101 Firefox/7.0.1"
88.67.198.175 - - [27/Oct/2011:10:43:17 +0200] "GET /img/bottom_bg.gif HTTP/1.1" 200 79 "http://www.dr-heidi-fleischer.de/" "Mozilla/5.0 (Windows NT 5.1; rv:7.0.1) Gecko/20100101 Firefox/7.0.1"
88.67.198.175 - - [27/Oct/2011:10:43:17 +0200] "GET /img/animated_favicon1.gif HTTP/1.1" 200 1808 "-" "Mozilla/5.0 (Windows NT 5.1; rv:7.0.1) Gecko/20100101 Firefox/7.0.1"
88.67.198.175 - - [27/Oct/2011:10:43:17 +0200] "GET /img/dr_fleischer_ani.gif HTTP/1.1" 200 854042 "http://www.dr-heidi-fleischer.de/" "Mozilla/5.0 (Windows NT 5.1; rv:7.0.1) Gecko/20100101 Firefox/7.0.1"
88.67.198.175 - - [27/Oct/2011:10:43:22 +0200] "GET /praxis.php HTTP/1.1" 200 7017 "http://www.dr-heidi-fleischer.de/" "Mozilla/5.0 (Windows NT 5.1; rv:7.0.1) Gecko/20100101 Firefox/7.0.1"
88.67.198.175 - - [27/Oct/2011:10:43:22 +0200] "GET /img/praxis_2.jpg HTTP/1.1" 200 30574 "http://www.dr-heidi-fleischer.de/praxis.php" "Mozilla/5.0 (Windows NT 5.1; rv:7.0.1) Gecko/20100101 Firefox/7.0.1"
88.67.198.175 - - [27/Oct/2011:10:43:22 +0200] "GET /img/right_bg.jpg HTTP/1.1" 404 1256 "http://www.dr-heidi-fleischer.de/praxis.php" "Mozilla/5.0 (Windows NT 5.1; rv:7.0.1) Gecko/20100101 Firefox/7.0.1"
88.67.198.175 - - [27/Oct/2011:10:43:22 +0200] "GET /img/praxis_1.jpg HTTP/1.1" 200 39868 "http://www.dr-heidi-fleischer.de/praxis.php" "Mozilla/5.0 (Windows NT 5.1; rv:7.0.1) Gecko/20100101 Firefox/7.0.1"
88.67.198.175 - - [27/Oct/2011:10:43:22 +0200] "GET /img/praxis_3.jpg HTTP/1.1" 200 36951 "http://www.dr-heidi-fleischer.de/praxis.php" "Mozilla/5.0 (Windows NT 5.1; rv:7.0.1) Gecko/20100101 Firefox/7.0.1"
88.67.198.175 - - [27/Oct/2011:10:43:27 +0200] "GET /favicon.ico HTTP/1.1" 404 1256 "-" "Mozilla/5.0 (Windows NT 5.1; rv:7.0.1) Gecko/20100101 Firefox/7.0.1"
184.72.175.1 - - [27/Oct/2011:22:27:31 +0200] "GET / HTTP/1.0" 200 9626 "http://www.if-20.com" "Mozilla/4.0 (compatible; MSIE 7.0; Windows NT 6.0; Trident/4.0)"
157.55.107.141 - - [28/Oct/2011:02:04:55 +0200] "GET /robots.txt HTTP/1.1" 200 218 "-" "Mozilla/5.0 (compatible; bingbot/2.0; +http://www.bing.com/bingbot.htm)"
64.246.165.190 - - [28/Oct/2011:02:40:46 +0200] "GET /robots.txt HTTP/1.0" 200 218 "-" "Mozilla/5.0 (Windows; U; Windows NT 5.1; en; rv:1.9.0.13) Gecko/2009073022 Firefox/3.5.2 (.NET CLR 3.5.30729) SurveyBot/2.3 (DomainTools)"
64.246.165.190 - - [28/Oct/2011:02:40:47 +0200] "GET / HTTP/1.1" 200 9626 "http://whois.domaintools.com/dr-heidi-fleischer.de" "Mozilla/5.0 (Windows; U; Windows NT 5.1; en; rv:1.9.0.13) Gecko/2009073022 Firefox/3.5.2 (.NET CLR 3.5.30729) SurveyBot/2.3 (DomainTools)"
95.108.158.244 - - [28/Oct/2011:08:09:46 +0200] "GET /robots.txt HTTP/1.1" 200 218 "-" "Mozilla/5.0 (compatible; YandexImages/3.0; +http://yandex.com/bots)"
82.113.121.102 - - [28/Oct/2011:08:11:38 +0200] "GET / HTTP/1.1" 200 9626 "http://www.gelbeseiten.de/yp/122/search.yp?subject=Zahn%e4rzte&location=N%fcrnberg&direction=regional&pid=epro&zanpid=1564882056994345985&rz=122" "Mozilla/5.0 (Linux; U; Android 2.3.3; de-de; HTC_DesireHD_A9191 Build/GRI40) AppleWebKit/533.1 (KHTML, like Gecko) Version/4.0 Mobile Safari/533.1"
91.34.210.13 - - [28/Oct/2011:09:49:57 +0200] "GET / HTTP/1.1" 200 9626 "http://www.google.de/url?sa=t&rct=j&q=dr.%20fleischer%20zahnarzt%20n%C3%BCrnberg&source=web&cd=1&sqi=2&ved=0CCMQFjAA&url=http%3A%2F%2Fwww.dr-heidi-fleischer.de%2F&ei=nV6qToaMDsKgOoefjeMP&usg=AFQjCNFtUEW4ruGRBkbh9xWO3kO7xPGlWQ" "Mozilla/5.0 (Windows NT 5.1; rv:7.0.1) Gecko/20100101 Firefox/7.0.1"
91.34.210.13 - - [28/Oct/2011:09:49:58 +0200] "GET / HTTP/1.1" 200 9626 "http://www.google.de/url?sa=t&rct=j&q=dr.%20fleischer%20zahnarzt%20n%C3%BCrnberg&source=web&cd=1&sqi=2&ved=0CCMQFjAA&url=http%3A%2F%2Fwww.dr-heidi-fleischer.de%2F&ei=nV6qToaMDsKgOoefjeMP&usg=AFQjCNFtUEW4ruGRBkbh9xWO3kO7xPGlWQ" "Mozilla/5.0 (Windows NT 5.1; rv:7.0.1) Gecko/20100101 Firefox/7.0.1"
91.34.210.13 - - [28/Oct/2011:09:49:58 +0200] "GET /css/fl_style.css HTTP/1.1" 200 10194 "http://www.dr-heidi-fleischer.de/" "Mozilla/5.0 (Windows NT 5.1; rv:7.0.1) Gecko/20100101 Firefox/7.0.1"
91.34.210.13 - - [28/Oct/2011:09:49:58 +0200] "GET /scripte/all_scripts.js HTTP/1.1" 200 249 "http://www.dr-heidi-fleischer.de/" "Mozilla/5.0 (Windows NT 5.1; rv:7.0.1) Gecko/20100101 Firefox/7.0.1"
91.34.210.13 - - [28/Oct/2011:09:49:58 +0200] "GET /img/lay01.gif HTTP/1.1" 200 273 "http://www.dr-heidi-fleischer.de/" "Mozilla/5.0 (Windows NT 5.1; rv:7.0.1) Gecko/20100101 Firefox/7.0.1"
91.34.210.13 - - [28/Oct/2011:09:49:58 +0200] "GET /img/animated_favicon1.gif HTTP/1.1" 200 1808 "-" "Mozilla/5.0 (Windows NT 5.1; rv:7.0.1) Gecko/20100101 Firefox/7.0.1"
91.34.210.13 - - [28/Oct/2011:09:49:58 +0200] "GET /img/f_1-p.gif HTTP/1.1" 200 43 "http://www.dr-heidi-fleischer.de/" "Mozilla/5.0 (Windows NT 5.1; rv:7.0.1) Gecko/20100101 Firefox/7.0.1"
91.34.210.13 - - [28/Oct/2011:09:49:58 +0200] "GET /img/favicon.ico HTTP/1.1" 200 5430 "-" "Mozilla/5.0 (Windows NT 5.1; rv:7.0.1) Gecko/20100101 Firefox/7.0.1"
91.34.210.13 - - [28/Oct/2011:09:49:58 +0200] "GET /img/tel_footer.gif HTTP/1.1" 200 1051 "http://www.dr-heidi-fleischer.de/" "Mozilla/5.0 (Windows NT 5.1; rv:7.0.1) Gecko/20100101 Firefox/7.0.1"
91.34.210.13 - - [28/Oct/2011:09:49:58 +0200] "GET /img/lay06neu.gif HTTP/1.1" 200 583 "http://www.dr-heidi-fleischer.de/" "Mozilla/5.0 (Windows NT 5.1; rv:7.0.1) Gecko/20100101 Firefox/7.0.1"
91.34.210.13 - - [28/Oct/2011:09:49:58 +0200] "GET /img/lay07.gif HTTP/1.1" 200 453 "http://www.dr-heidi-fleischer.de/" "Mozilla/5.0 (Windows NT 5.1; rv:7.0.1) Gecko/20100101 Firefox/7.0.1"
91.34.210.13 - - [28/Oct/2011:09:49:58 +0200] "GET /img/zert_1.jpg HTTP/1.1" 200 6013 "http://www.dr-heidi-fleischer.de/" "Mozilla/5.0 (Windows NT 5.1; rv:7.0.1) Gecko/20100101 Firefox/7.0.1"
91.34.210.13 - - [28/Oct/2011:09:49:58 +0200] "GET /img/roll_trans.gif HTTP/1.1" 200 609 "http://www.dr-heidi-fleischer.de/" "Mozilla/5.0 (Windows NT 5.1; rv:7.0.1) Gecko/20100101 Firefox/7.0.1"
91.34.210.13 - - [28/Oct/2011:09:49:58 +0200] "GET /img/roll_trans2.gif HTTP/1.1" 200 609 "http://www.dr-heidi-fleischer.de/" "Mozilla/5.0 (Windows NT 5.1; rv:7.0.1) Gecko/20100101 Firefox/7.0.1"
91.34.210.13 - - [28/Oct/2011:09:49:58 +0200] "GET /img/lay16.gif HTTP/1.1" 200 309 "http://www.dr-heidi-fleischer.de/" "Mozilla/5.0 (Windows NT 5.1; rv:7.0.1) Gecko/20100101 Firefox/7.0.1"
91.34.210.13 - - [28/Oct/2011:09:49:58 +0200] "GET /img/lay08.gif HTTP/1.1" 200 534 "http://www.dr-heidi-fleischer.de/" "Mozilla/5.0 (Windows NT 5.1; rv:7.0.1) Gecko/20100101 Firefox/7.0.1"
91.34.210.13 - - [28/Oct/2011:09:49:58 +0200] "GET /img/lay09.gif HTTP/1.1" 200 135 "http://www.dr-heidi-fleischer.de/" "Mozilla/5.0 (Windows NT 5.1; rv:7.0.1) Gecko/20100101 Firefox/7.0.1"
91.34.210.13 - - [28/Oct/2011:09:49:58 +0200] "GET /img/lay13.gif HTTP/1.1" 200 181 "http://www.dr-heidi-fleischer.de/" "Mozilla/5.0 (Windows NT 5.1; rv:7.0.1) Gecko/20100101 Firefox/7.0.1"
91.34.210.13 - - [28/Oct/2011:09:49:58 +0200] "GET /img/lay14.gif HTTP/1.1" 200 104 "http://www.dr-heidi-fleischer.de/" "Mozilla/5.0 (Windows NT 5.1; rv:7.0.1) Gecko/20100101 Firefox/7.0.1"
91.34.210.13 - - [28/Oct/2011:09:49:58 +0200] "GET /img/zert_1gross.jpg HTTP/1.1" 200 22004 "http://www.dr-heidi-fleischer.de/" "Mozilla/5.0 (Windows NT 5.1; rv:7.0.1) Gecko/20100101 Firefox/7.0.1"
91.34.210.13 - - [28/Oct/2011:09:49:58 +0200] "GET /img/hg_body.jpg HTTP/1.1" 200 2615 "http://www.dr-heidi-fleischer.de/css/fl_style.css" "Mozilla/5.0 (Windows NT 5.1; rv:7.0.1) Gecko/20100101 Firefox/7.0.1"
91.34.210.13 - - [28/Oct/2011:09:49:58 +0200] "GET /img/lay02.gif HTTP/1.1" 200 68 "http://www.dr-heidi-fleischer.de/" "Mozilla/5.0 (Windows NT 5.1; rv:7.0.1) Gecko/20100101 Firefox/7.0.1"
91.34.210.13 - - [28/Oct/2011:09:49:58 +0200] "GET /img/lay03.gif HTTP/1.1" 200 1060 "http://www.dr-heidi-fleischer.de/" "Mozilla/5.0 (Windows NT 5.1; rv:7.0.1) Gecko/20100101 Firefox/7.0.1"
91.34.210.13 - - [28/Oct/2011:09:49:58 +0200] "GET /img/lay04.gif HTTP/1.1" 200 68 "http://www.dr-heidi-fleischer.de/" "Mozilla/5.0 (Windows NT 5.1; rv:7.0.1) Gecko/20100101 Firefox/7.0.1"
91.34.210.13 - - [28/Oct/2011:09:49:58 +0200] "GET /img/lay05.gif HTTP/1.1" 200 331 "http://www.dr-heidi-fleischer.de/" "Mozilla/5.0 (Windows NT 5.1; rv:7.0.1) Gecko/20100101 Firefox/7.0.1"
91.34.210.13 - - [28/Oct/2011:09:49:58 +0200] "GET /img/header_neu.gif HTTP/1.1" 200 32567 "http://www.dr-heidi-fleischer.de/css/fl_style.css" "Mozilla/5.0 (Windows NT 5.1; rv:7.0.1) Gecko/20100101 Firefox/7.0.1"
91.34.210.13 - - [28/Oct/2011:09:49:58 +0200] "GET /img/left_bg2.gif HTTP/1.1" 200 176 "http://www.dr-heidi-fleischer.de/" "Mozilla/5.0 (Windows NT 5.1; rv:7.0.1) Gecko/20100101 Firefox/7.0.1"
91.34.210.13 - - [28/Oct/2011:09:49:58 +0200] "GET /img/hg_zahn2.gif HTTP/1.1" 200 20816 "http://www.dr-heidi-fleischer.de/" "Mozilla/5.0 (Windows NT 5.1; rv:7.0.1) Gecko/20100101 Firefox/7.0.1"
91.34.210.13 - - [28/Oct/2011:09:49:58 +0200] "GET /img/right_bg.jpg HTTP/1.1" 404 1256 "http://www.dr-heidi-fleischer.de/" "Mozilla/5.0 (Windows NT 5.1; rv:7.0.1) Gecko/20100101 Firefox/7.0.1"
91.34.210.13 - - [28/Oct/2011:09:49:58 +0200] "GET /img/left_bg.gif HTTP/1.1" 200 98 "http://www.dr-heidi-fleischer.de/" "Mozilla/5.0 (Windows NT 5.1; rv:7.0.1) Gecko/20100101 Firefox/7.0.1"
91.34.210.13 - - [28/Oct/2011:09:49:59 +0200] "GET /img/right_bg.gif HTTP/1.1" 200 76 "http://www.dr-heidi-fleischer.de/" "Mozilla/5.0 (Windows NT 5.1; rv:7.0.1) Gecko/20100101 Firefox/7.0.1"
91.34.210.13 - - [28/Oct/2011:09:49:59 +0200] "GET /img/lay10.gif HTTP/1.1" 200 252 "http://www.dr-heidi-fleischer.de/" "Mozilla/5.0 (Windows NT 5.1; rv:7.0.1) Gecko/20100101 Firefox/7.0.1"
91.34.210.13 - - [28/Oct/2011:09:49:59 +0200] "GET /img/bottom_bg.gif HTTP/1.1" 200 79 "http://www.dr-heidi-fleischer.de/" "Mozilla/5.0 (Windows NT 5.1; rv:7.0.1) Gecko/20100101 Firefox/7.0.1"
91.34.210.13 - - [28/Oct/2011:09:49:58 +0200] "GET /img/dr_fleischer_ani.gif HTTP/1.1" 200 854042 "http://www.dr-heidi-fleischer.de/" "Mozilla/5.0 (Windows NT 5.1; rv:7.0.1) Gecko/20100101 Firefox/7.0.1"
91.34.210.13 - - [28/Oct/2011:09:50:03 +0200] "GET /praxis.php HTTP/1.1" 200 7017 "http://www.dr-heidi-fleischer.de/" "Mozilla/5.0 (Windows NT 5.1; rv:7.0.1) Gecko/20100101 Firefox/7.0.1"
91.34.210.13 - - [28/Oct/2011:09:50:03 +0200] "GET /img/praxis_1.jpg HTTP/1.1" 200 39868 "http://www.dr-heidi-fleischer.de/praxis.php" "Mozilla/5.0 (Windows NT 5.1; rv:7.0.1) Gecko/20100101 Firefox/7.0.1"
91.34.210.13 - - [28/Oct/2011:09:50:03 +0200] "GET /img/praxis_2.jpg HTTP/1.1" 200 30574 "http://www.dr-heidi-fleischer.de/praxis.php" "Mozilla/5.0 (Windows NT 5.1; rv:7.0.1) Gecko/20100101 Firefox/7.0.1"
91.34.210.13 - - [28/Oct/2011:09:50:03 +0200] "GET /img/right_bg.jpg HTTP/1.1" 404 1256 "http://www.dr-heidi-fleischer.de/praxis.php" "Mozilla/5.0 (Windows NT 5.1; rv:7.0.1) Gecko/20100101 Firefox/7.0.1"
91.34.210.13 - - [28/Oct/2011:09:50:03 +0200] "GET /img/praxis_3.jpg HTTP/1.1" 200 36951 "http://www.dr-heidi-fleischer.de/praxis.php" "Mozilla/5.0 (Windows NT 5.1; rv:7.0.1) Gecko/20100101 Firefox/7.0.1"
95.108.158.244 - - [28/Oct/2011:09:50:09 +0200] "GET /img/roll_trans2.gif HTTP/1.1" 304 - "-" "Mozilla/5.0 (compatible; YandexImages/3.0; +http://yandex.com/bots)"
91.34.210.13 - - [28/Oct/2011:09:52:10 +0200] "GET /leistungen.php HTTP/1.1" 200 8056 "http://www.dr-heidi-fleischer.de/praxis.php" "Mozilla/5.0 (Windows NT 5.1; rv:7.0.1) Gecko/20100101 Firefox/7.0.1"
91.34.210.13 - - [28/Oct/2011:09:52:10 +0200] "GET /img/leistungen_1.jpg HTTP/1.1" 200 15190 "http://www.dr-heidi-fleischer.de/leistungen.php" "Mozilla/5.0 (Windows NT 5.1; rv:7.0.1) Gecko/20100101 Firefox/7.0.1"
91.34.210.13 - - [28/Oct/2011:09:52:10 +0200] "GET /img/leistungen_2.jpg HTTP/1.1" 200 13824 "http://www.dr-heidi-fleischer.de/leistungen.php" "Mozilla/5.0 (Windows NT 5.1; rv:7.0.1) Gecko/20100101 Firefox/7.0.1"
91.34.210.13 - - [28/Oct/2011:09:52:23 +0200] "GET /spez_leistungen.php HTTP/1.1" 200 7752 "http://www.dr-heidi-fleischer.de/leistungen.php" "Mozilla/5.0 (Windows NT 5.1; rv:7.0.1) Gecko/20100101 Firefox/7.0.1"
91.34.210.13 - - [28/Oct/2011:09:52:23 +0200] "GET /img/spez_leistungen_1.jpg HTTP/1.1" 200 18858 "http://www.dr-heidi-fleischer.de/spez_leistungen.php" "Mozilla/5.0 (Windows NT 5.1; rv:7.0.1) Gecko/20100101 Firefox/7.0.1"
91.34.210.13 - - [28/Oct/2011:09:52:23 +0200] "GET /img/spez_leistungen_2.jpg HTTP/1.1" 200 13667 "http://www.dr-heidi-fleischer.de/spez_leistungen.php" "Mozilla/5.0 (Windows NT 5.1; rv:7.0.1) Gecko/20100101 Firefox/7.0.1"
91.34.210.13 - - [28/Oct/2011:09:52:31 +0200] "GET /index.php HTTP/1.1" 200 9626 "http://www.dr-heidi-fleischer.de/spez_leistungen.php" "Mozilla/5.0 (Windows NT 5.1; rv:7.0.1) Gecko/20100101 Firefox/7.0.1"
91.34.210.13 - - [28/Oct/2011:09:52:32 +0200] "GET /img/right_bg.jpg HTTP/1.1" 404 1256 "http://www.dr-heidi-fleischer.de/index.php" "Mozilla/5.0 (Windows NT 5.1; rv:7.0.1) Gecko/20100101 Firefox/7.0.1"
91.34.210.13 - - [28/Oct/2011:09:55:43 +0200] "GET /spez_leistungen.php HTTP/1.1" 200 7752 "http://www.dr-heidi-fleischer.de/index.php" "Mozilla/5.0 (Windows NT 5.1; rv:7.0.1) Gecko/20100101 Firefox/7.0.1"
95.108.158.244 - - [28/Oct/2011:10:58:28 +0200] "GET /img/roll_trans.gif HTTP/1.1" 304 - "-" "Mozilla/5.0 (compatible; YandexImages/3.0; +http://yandex.com/bots)"
95.108.158.244 - - [28/Oct/2011:11:49:37 +0200] "GET /img/lay16.gif HTTP/1.1" 304 - "-" "Mozilla/5.0 (compatible; YandexImages/3.0; +http://yandex.com/bots)"
208.115.111.72 - - [28/Oct/2011:12:47:57 +0200] "GET /robots.txt HTTP/1.1" 200 218 "-" "Mozilla/5.0 (compatible; Ezooms/1.0; ezooms.bot@gmail.com)"
95.108.158.244 - - [28/Oct/2011:12:57:55 +0200] "GET /img/tel_footer.gif HTTP/1.1" 304 - "-" "Mozilla/5.0 (compatible; YandexImages/3.0; +http://yandex.com/bots)"
95.108.158.244 - - [28/Oct/2011:14:06:12 +0200] "GET /img/f_1-p.gif HTTP/1.1" 304 - "-" "Mozilla/5.0 (compatible; YandexImages/3.0; +http://yandex.com/bots)"
131.188.245.171 - - [28/Oct/2011:14:19:39 +0200] "GET / HTTP/1.1" 200 9626 "http://www.gelbeseiten.de/yp/122/subscriberlist_pageAction.yp?sessionDataString=H4sIAAAAAAAAAFWOS0/DQAyEf02OW9m7zj40JxSpwIGHQOLApXKa7QOhtGwioPn1RJWKwBdrrPlmzCRZ186TIXadkY2qUZdqoy1LzjZGn7OR6FXZESwjnY7wr7rrtUwj9L5aNqVvc9lCKrucd277/fC-pH8Y86-pvn1b8T4li0y0PWst6hY2sxJp8YH3-pC3ijVXug8OCTCkWbHp1iuE74MB07s8C1pITXVFifmBUWSiIlxNV1-puyHcDocyrs6VuJvLyAcbyEvAAwdhwiPhyTCaC1S5X74KDV6EA8Js2LBPLvoZIvwArSQb7zQBAAA-e&page=1&filterTrade=&filterFunction=&sortBy=sort_trade&availableLetters=ABCDEFGHIJKLMNOPQRSTUVWXZ" "Mozilla/5.0 (Windows NT 6.1; WOW64; rv:2.0.1) Gecko/20100101 Firefox/4.0.1"
208.115.111.72 - - [28/Oct/2011:14:25:38 +0200] "GET /index.php HTTP/1.1" 200 9626 "-" "Mozilla/5.0 (compatible; Ezooms/1.0; ezooms.bot@gmail.com)"
131.188.245.171 - - [28/Oct/2011:14:30:56 +0200] "GET / HTTP/1.1" 200 9626 "http://www.gelbeseiten.de/yp/122/subscriberlist_pageAction.yp?sessionDataString=H4sIAAAAAAAAAFWOS0/DQAyEf02OW9m7zj40JxSpwIGHQOLApXKa7QOhtGwioPn1RJWKwBdrrPlmzCRZ186TIXadkY2qUZdqoy1LzjZGn7OR6FXZESwjnY7wr7rrtUwj9L5aNqVvc9lCKrucd277/fC-pH8Y86-pvn1b8T4li0y0PWst6hY2sxJp8YH3-pC3ijVXug8OCTCkWbHp1iuE74MB07s8C1pITXVFifmBUWSiIlxNV1-puyHcDocyrs6VuJvLyAcbyEvAAwdhwiPhyTCaC1S5X74KDV6EA8Js2LBPLvoZIvwArSQb7zQBAAA-e&page=1&filterTrade=&filterFunction=&sortBy=sort_trade&availableLetters=ABCDEFGHIJKLMNOPQRSTUVWXZ" "Mozilla/5.0 (Windows NT 6.1; WOW64; rv:2.0.1) Gecko/20100101 Firefox/4.0.1"
95.108.158.244 - - [28/Oct/2011:14:40:23 +0200] "GET /img/lay06neu.gif HTTP/1.1" 304 - "-" "Mozilla/5.0 (compatible; YandexImages/3.0; +http://yandex.com/bots)"
95.108.158.244 - - [28/Oct/2011:15:31:05 +0200] "GET /img/lay14.gif HTTP/1.1" 304 - "-" "Mozilla/5.0 (compatible; YandexImages/3.0; +http://yandex.com/bots)"
157.55.107.141 - - [28/Oct/2011:16:06:50 +0200] "GET /robots.txt HTTP/1.1" 200 218 "-" "Mozilla/5.0 (compatible; bingbot/2.0; +http://www.bing.com/bingbot.htm)"
157.55.107.141 - - [28/Oct/2011:16:51:47 +0200] "GET /robots.txt HTTP/1.1" 200 218 "-" "Mozilla/5.0 (compatible; bingbot/2.0; +http://www.bing.com/bingbot.htm)"
184.72.166.115 - - [28/Oct/2011:22:04:20 +0200] "GET / HTTP/1.0" 200 9626 "-" "Mozilla/5.0 (compatible; NetcraftSurveyAgent/1.0; +info@netcraft.com)"
107.22.57.25 - - [28/Oct/2011:23:19:49 +0200] "GET / HTTP/1.0" 200 9626 "-" "Mozilla/5.0 (compatible; NetcraftSurveyAgent/1.0; +info@netcraft.com)"
157.55.107.141 - - [29/Oct/2011:05:48:21 +0200] "GET /robots.txt HTTP/1.1" 200 218 "-" "Mozilla/5.0 (compatible; bingbot/2.0; +http://www.bing.com/bingbot.htm)"
107.22.14.51 - - [29/Oct/2011:07:31:59 +0200] "GET / HTTP/1.0" 200 9626 "http://www.if-20.com" "Mozilla/4.0 (compatible; MSIE 7.0; Windows NT 6.0; Trident/4.0)"
95.108.158.244 - - [29/Oct/2011:10:22:06 +0200] "GET /robots.txt HTTP/1.1" 200 218 "-" "Mozilla/5.0 (compatible; YandexImages/3.0; +http://yandex.com/bots)"
157.55.107.141 - - [29/Oct/2011:10:42:50 +0200] "GET /robots.txt HTTP/1.1" 200 218 "-" "Mozilla/5.0 (compatible; bingbot/2.0; +http://www.bing.com/bingbot.htm)"
188.98.227.158 - - [29/Oct/2011:10:57:44 +0200] "GET / HTTP/1.1" 200 9626 "http://www.gelbeseiten.de/yp/122//subscriberlist_search.yp?sessionDataString=H4sIAAAAAAAAAG2RUUvDMBDHP01fHB13SZo23JMUp76IOFD0paRtaqsjnUncXD-p9sVOYsMAR7pL%2F7%2F6XoAbWcuQ6BYmYCg4qrbHmaS5l27GmKFrVpSYTeaEaJMaJJ2xl3Kup7eA3gw8m5tfr6l-pJ1GFL8kX3NrkSbgqDTVi5ctq-pjzvSCi4Wi8VdsiqdraOORERM-p8E3vbHeDMHYI9N%2FxkrVmX5jXGXHfghUBKdb4412TU8tMkY9S%2FKSx6CgpEL6OAG%2FgcqkgHnRGPvSFuKVnWBYIO1TzBkg0JdQSyGUFJIOiEsoII%2FHE9LldDJC9-pv%2FBujWjy5UzmzMTtvG0D3QQzY3WSOVZ0QJP4f6Mf0I9DRL4wvNtuL-p5ys%2FMp9hyahj8QtyDhkifQOmFmRNtQEAAA-e-e&kindOfSearch=tradesearch&subject=Zahn%E4rztinnen&location=90*+++N%FCrnberg&x=47&y=20&distance=-1&execute=Suchen&suggest_choose=on" "Mozilla/5.0 (Windows NT 5.1; rv:7.0.1) Gecko/20100101 Firefox/7.0.1"
95.108.158.244 - - [29/Oct/2011:11:21:59 +0200] "GET /img/tel_footer.gif HTTP/1.1" 304 - "-" "Mozilla/5.0 (compatible; YandexImages/3.0; +http://yandex.com/bots)"
95.108.158.244 - - [29/Oct/2011:12:38:41 +0200] "GET /img/lay14.gif HTTP/1.1" 304 - "-" "Mozilla/5.0 (compatible; YandexImages/3.0; +http://yandex.com/bots)"
95.108.158.244 - - [29/Oct/2011:14:08:08 +0200] "GET /img/roll_trans.gif HTTP/1.1" 304 - "-" "Mozilla/5.0 (compatible; YandexImages/3.0; +http://yandex.com/bots)"
95.108.158.244 - - [29/Oct/2011:15:15:14 +0200] "GET /img/lay06neu.gif HTTP/1.1" 304 - "-" "Mozilla/5.0 (compatible; YandexImages/3.0; +http://yandex.com/bots)"
95.108.158.244 - - [29/Oct/2011:16:44:41 +0200] "GET /img/f_1-p.gif HTTP/1.1" 304 - "-" "Mozilla/5.0 (compatible; YandexImages/3.0; +http://yandex.com/bots)"
95.108.158.244 - - [29/Oct/2011:17:29:24 +0200] "GET /img/roll_trans2.gif HTTP/1.1" 304 - "-" "Mozilla/5.0 (compatible; YandexImages/3.0; +http://yandex.com/bots)"
188.40.66.214 - - [29/Oct/2011:17:31:46 +0200] "GET /robots.txt HTTP/1.0" 200 218 "-" "Mozilla/5.0 (Windows NT 6.1; WOW64; rv:2.0.1) Gecko/20100101\t\t\tFirefox/4.0.1\t\t/Nutch-1.2"
188.40.66.214 - - [29/Oct/2011:17:31:46 +0200] "GET / HTTP/1.0" 200 9626 "-" "Mozilla/5.0 (Windows NT 6.1; WOW64; rv:2.0.1) Gecko/20100101\t\t\tFirefox/4.0.1\t\t/Nutch-1.2"
95.108.158.244 - - [29/Oct/2011:18:14:08 +0200] "GET /img/lay16.gif HTTP/1.1" 304 - "-" "Mozilla/5.0 (compatible; YandexImages/3.0; +http://yandex.com/bots)"
82.165.37.69 - - [29/Oct/2011:18:22:55 +0200] "GET / HTTP/1.0" 200 9626 "http://valerie-bistro.de/robot.html?=dr-heidi-fleischer.de" "Mozilla/5.0 (compatible; IPTCBOT;"
157.55.107.141 - - [30/Oct/2011:02:07:41 +0200] "GET /robots.txt HTTP/1.1" 200 218 "-" "Mozilla/5.0 (compatible; bingbot/2.0; +http://www.bing.com/bingbot.htm)"
208.115.111.72 - - [30/Oct/2011:03:48:49 +0100] "GET /robots.txt HTTP/1.1" 200 218 "-" "Mozilla/5.0 (compatible; Ezooms/1.0; ezooms.bot@gmail.com)"
208.115.111.72 - - [30/Oct/2011:04:11:14 +0100] "GET / HTTP/1.1" 200 9626 "-" "Mozilla/5.0 (compatible; Ezooms/1.0; ezooms.bot@gmail.com)"
66.249.72.87 - - [30/Oct/2011:10:51:16 +0100] "GET /robots.txt HTTP/1.1" 200 218 "-" "Mozilla/5.0 (compatible; Googlebot/2.1; +http://www.google.com/bot.html)"
66.249.72.87 - - [30/Oct/2011:10:51:16 +0100] "GET /praxis.php HTTP/1.1" 200 7017 "-" "Mozilla/5.0 (compatible; Googlebot/2.1; +http://www.google.com/bot.html)"
66.249.72.87 - - [30/Oct/2011:10:56:55 +0100] "GET /img/praxis_2.jpg HTTP/1.1" 200 30574 "-" "Googlebot-Image/1.0"
66.249.72.87 - - [30/Oct/2011:10:59:59 +0100] "GET /img/praxis_3.jpg HTTP/1.1" 200 36951 "-" "Googlebot-Image/1.0"
66.249.72.87 - - [30/Oct/2011:11:05:24 +0100] "GET /img/praxis_1.jpg HTTP/1.1" 200 39868 "-" "Googlebot-Image/1.0"
176.9.0.118 - - [30/Oct/2011:18:57:52 +0100] "GET /robots.txt HTTP/1.1" 200 218 "-" "Mozilla/5.0 (compatible; NerdByNature.Bot; http://www.nerdbynature.net/bot)"
176.9.0.118 - - [30/Oct/2011:18:57:53 +0100] "GET / HTTP/1.1" 200 9626 "-" "Mozilla/5.0 (compatible; NerdByNature.Bot; http://www.nerdbynature.net/bot)"
176.9.0.118 - - [30/Oct/2011:18:57:54 +0100] "GET /praxis.php HTTP/1.1" 200 7017 "-" "Mozilla/5.0 (compatible; NerdByNature.Bot; http://www.nerdbynature.net/bot)"
176.9.0.118 - - [30/Oct/2011:18:57:54 +0100] "GET /kont.php HTTP/1.1" 200 8494 "-" "Mozilla/5.0 (compatible; NerdByNature.Bot; http://www.nerdbynature.net/bot)"
176.9.0.118 - - [30/Oct/2011:18:57:55 +0100] "GET /leistungen.php HTTP/1.1" 200 8056 "-" "Mozilla/5.0 (compatible; NerdByNature.Bot; http://www.nerdbynature.net/bot)"
176.9.0.118 - - [30/Oct/2011:18:57:56 +0100] "GET /index.php HTTP/1.1" 200 9626 "-" "Mozilla/5.0 (compatible; NerdByNature.Bot; http://www.nerdbynature.net/bot)"
176.9.0.118 - - [30/Oct/2011:18:57:56 +0100] "GET /anfahrt.php HTTP/1.1" 200 8074 "-" "Mozilla/5.0 (compatible; NerdByNature.Bot; http://www.nerdbynature.net/bot)"
176.9.0.118 - - [30/Oct/2011:18:57:57 +0100] "GET /spez_leistungen.php HTTP/1.1" 200 7752 "-" "Mozilla/5.0 (compatible; NerdByNature.Bot; http://www.nerdbynature.net/bot)"
176.9.0.118 - - [30/Oct/2011:18:57:58 +0100] "GET /impressum.php HTTP/1.1" 200 8293 "-" "Mozilla/5.0 (compatible; NerdByNature.Bot; http://www.nerdbynature.net/bot)"
176.9.0.118 - - [30/Oct/2011:18:57:58 +0100] "GET / HTTP/1.1" 200 9626 "-" "Mozilla/5.0 (compatible; NerdByNature.Bot; http://www.nerdbynature.net/bot)"
88.65.116.219 - - [30/Oct/2011:20:50:05 +0100] "GET / HTTP/1.1" 200 9626 "http://www.gelbeseiten.de/yp/122/search.yp?sessionDataString=H4sIAAAAAAAAAEWHvQqCMQwAn8YxkLT5akN2%2FUZR0FH6F3STtotvbzeH4-p6oFhS0LQFL9MCZEMS4QODQQjZvETME8luNztSRyvejfHCnMVOfo71nW3O-pPf-pvcfZU22ipl5dOIN1RL6jXVXfUx9JxYRKF2HlP-pgNn6CuGhgAAAA-e-e&at=yp&kindOfSearch=tradesearch&subject=Zahn%E4rzte&location=N%FCrnberg&x=26&y=12&distance=-1&execute=Suchen&suggest_choose=on&rz=122" "Mozilla/5.0 (Windows NT 6.0; rv:7.0.1) Gecko/20100101 Firefox/7.0.1"
157.55.107.141 - - [31/Oct/2011:02:02:20 +0100] "GET /robots.txt HTTP/1.1" 200 218 "-" "Mozilla/5.0 (compatible; bingbot/2.0; +http://www.bing.com/bingbot.htm)"
207.46.199.37 - - [31/Oct/2011:04:03:19 +0100] "GET /robots.txt HTTP/1.1" 200 218 "-" "Mozilla/5.0 (compatible; bingbot/2.0; +http://www.bing.com/bingbot.htm)"
207.46.199.37 - - [31/Oct/2011:04:03:52 +0100] "GET /impressum.php HTTP/1.1" 200 8293 "-" "Mozilla/5.0 (compatible; bingbot/2.0; +http://www.bing.com/bingbot.htm)"
95.108.158.244 - - [31/Oct/2011:08:24:05 +0100] "GET /robots.txt HTTP/1.1" 200 218 "-" "Mozilla/5.0 (compatible; YandexImages/3.0; +http://yandex.com/bots)"
66.249.71.36 - - [31/Oct/2011:08:37:17 +0100] "GET /robots.txt HTTP/1.1" 200 218 "-" "Mozilla/5.0 (compatible; Googlebot/2.1; +http://www.google.com/bot.html)"
66.249.71.36 - - [31/Oct/2011:08:37:17 +0100] "GET / HTTP/1.1" 200 9626 "-" "Mozilla/5.0 (compatible; Googlebot/2.1; +http://www.google.com/bot.html)"
66.249.71.136 - - [31/Oct/2011:08:39:01 +0100] "GET /robots.txt HTTP/1.1" 200 218 "-" "Mozilla/5.0 (compatible; Googlebot/2.1; +http://www.google.com/bot.html)"
66.249.71.136 - - [31/Oct/2011:08:39:02 +0100] "GET / HTTP/1.1" 200 9626 "-" "Mozilla/5.0 (compatible; Googlebot/2.1; +http://www.google.com/bot.html)"
84.168.242.189 - - [31/Oct/2011:08:43:10 +0100] "GET / HTTP/1.1" 200 9626 "http://www.gelbeseiten.de/yp/122//subscriberlist_search.yp?sessionDataString=H4sIAAAAAAAAAGWOW0vDQBCFf02fZMvMXrPMUwlUffCCgoIvZZNMbCRu6ya0Nr%2FeRUxRHBg4M5zzzWArbRtYNcLUDEIba4QvFAhVu5qDbdh5LZq6kQoqIGlILeSa0ytXsRv6bhg5z5ePmz8r8qc92ZewjSFN48WR-p%2F49xEjhdrEuU6yymXTOdXHgFGbEzzRwlwnFmELDA4dUb6lBKWn01iN9%2FEK8gTdWw3fRzgPtITsOWqLxdBTo0KOiT-p2X2oCRdEJcQgG6oAlpNf177wroetilcZO450OINdNNvgzGg0ZdGLpDpxHoHuhBIJVzcKFWZ-pnKmZu3Z-plKekJ6ziGXu80QJxVa1PQFaIGoyoEBAAA-e&kindOfSearch=tradesearch&subject=Zahnarzt+&location=N%FCrnberg&distance=-1&execute=Suchen&subjectNb=&suggest_choose=on¬iceName=Name+des+Merkzettels&saveNotice=%3CSPAN%3E%3CSPAN%3ESpeichern%3C%2FSPAN%3E%3C%2FSPAN%3E¬iceTargetUrl=http%3A%2F%2Fwww.gelbeseiten.de%2Fyp%2F122%2Fmeinegelbeseiten%2FajaxSpeicherMerkzettel.yp%3FsessionDataString%3DH4sIAAAAAAAAAGWOW0vDQBCFf02fZMvMXrPMUwlUffCCgoIvZZNMbCRu6ya0Nr%2FeRUxRHBg4M5zzzWArbRtYNcLUDEIba4QvFAhVu5qDbdh5LZq6kQoqIGlILeSa0ytXsRv6bhg5z5ePmz8r8qc92ZewjSFN48WR-p%2F49xEjhdrEuU6yymXTOdXHgFGbEzzRwlwnFmELDA4dUb6lBKWn01iN9%2FEK8gTdWw3fRzgPtITsOWqLxdBTo0KOiT-p2X2oCRdEJcQgG6oAlpNf177wroetilcZO450OINdNNvgzGg0ZdGLpDpxHoHuhBIJVzcKFWZ-pnKmZu3Z-plKekJ6ziGXu80QJxVa1PQFaIGoyoEBAAA-e" "Mozilla/5.0 (compatible; MSIE 9.0; Windows NT 6.1; Trident/5.0)"
66.249.71.36 - - [31/Oct/2011:08:56:29 +0100] "GET /img/f_1-p.gif HTTP/1.1" 200 43 "-" "Googlebot-Image/1.0"
66.249.71.36 - - [31/Oct/2011:08:57:42 +0100] "GET /img/lay13.gif HTTP/1.1" 200 181 "-" "Googlebot-Image/1.0"
66.249.71.36 - - [31/Oct/2011:08:58:58 +0100] "GET /img/lay07.gif HTTP/1.1" 200 453 "-" "Googlebot-Image/1.0"
66.249.71.36 - - [31/Oct/2011:09:00:13 +0100] "GET /img/lay08.gif HTTP/1.1" 200 534 "-" "Googlebot-Image/1.0"
66.249.71.36 - - [31/Oct/2011:09:01:29 +0100] "GET /img/lay09.gif HTTP/1.1" 200 135 "-" "Googlebot-Image/1.0"
66.249.71.36 - - [31/Oct/2011:09:02:44 +0100] "GET /img/lay01.gif HTTP/1.1" 200 273 "-" "Googlebot-Image/1.0"
66.249.71.36 - - [31/Oct/2011:09:05:16 +0100] "GET /img/zert_1gross.jpg HTTP/1.1" 200 22004 "-" "Googlebot-Image/1.0"
95.108.158.244 - - [31/Oct/2011:10:08:51 +0100] "GET /img/lay06neu.gif HTTP/1.1" 304 - "-" "Mozilla/5.0 (compatible; YandexImages/3.0; +http://yandex.com/bots)"
66.249.71.136 - - [31/Oct/2011:10:18:16 +0100] "GET / HTTP/1.1" 200 9626 "-" "Mozilla/5.0 (iPhone; U; CPU iPhone OS 4_1 like Mac OS X; en-us) AppleWebKit/532.9 (KHTML, like Gecko) Version/4.0.5 Mobile/8B117 Safari/6531.22.7 (compatible; Googlebot-Mobile/2.1; +http://www.google.com/bot.html)"
188.98.4.169 - - [31/Oct/2011:10:50:27 +0100] "GET / HTTP/1.1" 200 9626 "http://www.gelbeseiten.de/yp/122//subscriberlist_search.yp?sessionDataString=H4sIAAAAAAAAAH1PQU7DMBB8TU6VK69jO7H2VAUVOFAQlbhWTrwlplFSbNPS3-pMiobYX9jY7szszsLUSwFlgonaSybZVzNaVZNw415a8tEJL1hkSW2cdCoFlIZYx2ZAi-pUQZ3K83F4zmtEfd9D5M-p2B3ye%2FQroplE8aWwvtsnaxLifwwW03BHSmmwXc9zRZfxd2SxnimUeanWUzt6OPg45%2FJzQrrFKyjSDZ0PTrIwXpZVA0mow3g58UTP7hRWvLfwclw3POs2P0T4CAF1IBHBpXgwPFbmrmURkuNJ4A5r3mV6UV33fKB42OcQtoEGuhgx47wKafiChRURpX4rHXF8YXjKwNsrm-pL8ubVucUbYJVlWyVKkfso%2FAFtRRdOqAEAAA-e-e&at=yp&kindOfSearch=tradesearch&subject=Arzt&location=Grolandstrasse%2C+N%FCrnberg&distance=-1&execute=Suchen&sort=sort_relevance&sort=sort_relevance&suggest_choose=on¬iceName=Name+des+Merkzettels&saveNotice=%3CSPAN%3E%3CSPAN%3ESpeichern%3C%2FSPAN%3E%3C%2FSPAN%3E¬iceTargetUrl=http%3A%2F%2Fwww.gelbeseiten.de%2Fyp%2F122%2Fmeinegelbeseiten%2FajaxSpeicherMerkzettel.yp%3FsessionDataString%3DH4sIAAAAAAAAAH1PQU7DMBB8TU6VK69jO7H2VAUVOFAQlbhWTrwlplFSbNPS3-pMiobYX9jY7szszsLUSwFlgonaSybZVzNaVZNw415a8tEJL1hkSW2cdCoFlIZYx2ZAi-pUQZ3K83F4zmtEfd9D5M-p2B3ye%2FQroplE8aWwvtsnaxLifwwW03BHSmmwXc9zRZfxd2SxnimUeanWUzt6OPg45%2FJzQrrFKyjSDZ0PTrIwXpZVA0mow3g58UTP7hRWvLfwclw3POs2P0T4CAF1IBHBpXgwPFbmrmURkuNJ4A5r3mV6UV33fKB42OcQtoEGuhgx47wKafiChRURpX4rHXF8YXjKwNsrm-pL8ubVucUbYJVlWyVKkfso%2FAFtRRdOqAEAAA-e-e&x=26&y=18" "Mozilla/4.0 (compatible; MSIE 8.0; Windows NT 5.1; Trident/4.0; .NET4.0C; .NET CLR 2.0.50727; .NET CLR 3.0.4506.2152; .NET CLR 3.5.30729)"
95.108.158.244 - - [31/Oct/2011:11:10:43 +0100] "GET /img/f_1-p.gif HTTP/1.1" 304 - "-" "Mozilla/5.0 (compatible; YandexImages/3.0; +http://yandex.com/bots)"
208.115.111.72 - - [31/Oct/2011:11:57:46 +0100] "GET /robots.txt HTTP/1.1" 200 218 "-" "Mozilla/5.0 (compatible; Ezooms/1.0; ezooms.bot@gmail.com)"
95.108.158.244 - - [31/Oct/2011:12:12:34 +0100] "GET /img/tel_footer.gif HTTP/1.1" 304 - "-" "Mozilla/5.0 (compatible; YandexImages/3.0; +http://yandex.com/bots)"
95.108.158.244 - - [31/Oct/2011:13:14:26 +0100] "GET /img/roll_trans2.gif HTTP/1.1" 304 - "-" "Mozilla/5.0 (compatible; YandexImages/3.0; +http://yandex.com/bots)"
208.115.111.72 - - [31/Oct/2011:13:24:00 +0100] "GET /impressum.php HTTP/1.1" 200 8293 "-" "Mozilla/5.0 (compatible; Ezooms/1.0; ezooms.bot@gmail.com)"
95.108.158.244 - - [31/Oct/2011:14:16:17 +0100] "GET /img/roll_trans.gif HTTP/1.1" 304 - "-" "Mozilla/5.0 (compatible; YandexImages/3.0; +http://yandex.com/bots)"
95.108.158.244 - - [31/Oct/2011:15:18:08 +0100] "GET /img/lay16.gif HTTP/1.1" 304 - "-" "Mozilla/5.0 (compatible; YandexImages/3.0; +http://yandex.com/bots)"
188.138.94.12 - - [31/Oct/2011:15:34:59 +0100] "GET /robots.txt HTTP/1.1" 200 218 "-" "Mozilla/5.0 (X11; U; Linux i686; de; rv:1.9.0.1; compatible; iCjobs Stellenangebote Jobs; http://www.icjobs.de) Gecko/20100401 iCjobs/3.2.3"
188.138.94.12 - - [31/Oct/2011:15:35:00 +0100] "GET / HTTP/1.1" 200 9626 "-" "Mozilla/5.0 (X11; U; Linux i686; de; rv:1.9.0.1; compatible; iCjobs Stellenangebote Jobs; http://www.icjobs.de) Gecko/20100401 iCjobs/3.2.3"
188.138.94.12 - - [31/Oct/2011:15:35:01 +0100] "GET /scripte/all_scripts.js HTTP/1.1" 200 249 "-" "Mozilla/5.0 (X11; U; Linux i686; de; rv:1.9.0.1; compatible; iCjobs Stellenangebote Jobs; http://www.icjobs.de) Gecko/20100401 iCjobs/3.2.3"
188.138.94.12 - - [31/Oct/2011:15:35:02 +0100] "GET /css/fl_style.css HTTP/1.1" 200 10194 "-" "Mozilla/5.0 (X11; U; Linux i686; de; rv:1.9.0.1; compatible; iCjobs Stellenangebote Jobs; http://www.icjobs.de) Gecko/20100401 iCjobs/3.2.3"
188.138.94.12 - - [31/Oct/2011:15:35:03 +0100] "GET /kont.php HTTP/1.1" 200 8494 "-" "Mozilla/5.0 (X11; U; Linux i686; de; rv:1.9.0.1; compatible; iCjobs Stellenangebote Jobs; http://www.icjobs.de) Gecko/20100401 iCjobs/3.2.3"
95.108.158.244 - - [31/Oct/2011:16:20:00 +0100] "GET /img/lay14.gif HTTP/1.1" 304 - "-" "Mozilla/5.0 (compatible; YandexImages/3.0; +http://yandex.com/bots)"
207.46.13.50 - - [31/Oct/2011:18:38:16 +0100] "GET /robots.txt HTTP/1.1" 200 218 "-" "Mozilla/5.0 (compatible; bingbot/2.0; +http://www.bing.com/bingbot.htm)"
77.7.46.55 - - [31/Oct/2011:18:47:47 +0100] "GET / HTTP/1.1" 200 9626 "http://www.gelbeseiten.de/yp/11/subscriberlist_pageAction.yp?sessionDataString=H4sIAAAAAAAAAFWOzUvDQBDF/5oct8xsZr94JwlUPfiBggcvZZPdtBVJ6yaozV9vKFR0LsN7/N68YU-pcdOBWReuNkp6NimRZxY6i61r2KQfVR/HicoJmhNMR9jXuhljmCfG-pWjdlaHPZQiq9XnZuh/34vh-pnvOjr580/C34qMeUxx9LtkJgxBRsYH3/uvFEwVug8OATCkRbiUzSbgC/FjgPX-pJawEkNG48S8Ik/iMTOu5strN4Tb8VCmzbkRd6w1WacdWXF4YCdMeCQ8KUZzCVX1b75yDV6EHdwC9NYFJq19jR/A9amkMgEAAA-e-e&page=1&filterTrade=&filterFunction=&sortBy=sort_trade&availableLetters=ABCDEFGHIJKLMNOPQRSTUVWXZ" "Mozilla/5.0 (Windows NT 6.0; rv:7.0.1) Gecko/20100101 Firefox/7.0.1"
188.138.94.12 - - [31/Oct/2011:18:53:14 +0100] "GET /robots.txt HTTP/1.1" 200 218 "-" "Mozilla/5.0 (X11; U; Linux i686; de; rv:1.9.0.1; compatible; iCjobs Stellenangebote Jobs; http://www.icjobs.de) Gecko/20100401 iCjobs/3.2.3"
188.138.94.12 - - [31/Oct/2011:18:53:15 +0100] "GET / HTTP/1.1" 200 9626 "-" "Mozilla/5.0 (X11; U; Linux i686; de; rv:1.9.0.1; compatible; iCjobs Stellenangebote Jobs; http://www.icjobs.de) Gecko/20100401 iCjobs/3.2.3"
188.138.94.12 - - [31/Oct/2011:18:53:15 +0100] "GET /scripte/all_scripts.js HTTP/1.1" 200 249 "-" "Mozilla/5.0 (X11; U; Linux i686; de; rv:1.9.0.1; compatible; iCjobs Stellenangebote Jobs; http://www.icjobs.de) Gecko/20100401 iCjobs/3.2.3"
188.138.94.12 - - [31/Oct/2011:18:53:17 +0100] "GET /css/fl_style.css HTTP/1.1" 200 10194 "-" "Mozilla/5.0 (X11; U; Linux i686; de; rv:1.9.0.1; compatible; iCjobs Stellenangebote Jobs; http://www.icjobs.de) Gecko/20100401 iCjobs/3.2.3"
188.138.94.12 - - [31/Oct/2011:18:53:18 +0100] "GET /kont.php HTTP/1.1" 200 8494 "-" "Mozilla/5.0 (X11; U; Linux i686; de; rv:1.9.0.1; compatible; iCjobs Stellenangebote Jobs; http://www.icjobs.de) Gecko/20100401 iCjobs/3.2.3"
84.169.222.123 - - [31/Oct/2011:19:13:42 +0100] "GET / HTTP/1.1" 200 9626 "http://www.gelbeseiten.de/yp/11/subscriberlist_pageAction.yp?sessionDataString=H4sIAAAAAAAAAFWQzUsDMRDF/5o9psxkJ8mGd5KFqgc/UPDgpaRJ-piGyrdlF7f71hkJF5/KYYd68H8Mpk09dEmWJkhLyRgVrnWKJvJGWKEZWOZq2I2Fohj8dYV/DbghlnhDum2VfhnUuW0ijl1XzetiP7/txyrW/fl79G6GbSkh5zKHEHRIzJm894-pPPnbcKYYXOhYMnHKlufIpm4/Gl2LHnFt/iF2LIaJyYF1TxOsyMq/mCdkO4HQ9lWp0Tccdak3XakRWHB3bChEfCk2L0F1PT/vob1-pNF2KH-pAhttnGfNzrf4AWtYSs4zAQAA&page=1&filterTrade=&filterFunction=&sortBy=sort_trade&availableLetters=ABCDEFGHIJKLMNOPQRSTUVWXZ" "Mozilla/5.0 (Windows NT 5.1; rv:7.0.1) Gecko/20100101 Firefox/7.0.1"
207.46.13.50 - - [31/Oct/2011:22:37:43 +0100] "GET /praxis.php HTTP/1.1" 200 7017 "-" "Mozilla/5.0 (compatible; bingbot/2.0; +http://www.bing.com/bingbot.htm)"
65.52.104.89 - - [31/Oct/2011:23:45:22 +0100] "GET /robots.txt HTTP/1.1" 200 218 "-" "Mozilla/5.0 (compatible; bingbot/2.0; +http://www.bing.com/bingbot.htm)"
65.52.104.89 - - [31/Oct/2011:23:46:05 +0100] "GET /leistungen.php HTTP/1.1" 200 8056 "-" "Mozilla/5.0 (compatible; bingbot/2.0; +http://www.bing.com/bingbot.htm)"
207.46.199.47 - - [31/Oct/2011:23:56:03 +0100] "GET / HTTP/1.1" 200 9626 "-" "Mozilla/5.0 (compatible; bingbot/2.0; +http://www.bing.com/bingbot.htm)"