213.186.122.3 - - [01/Dec/2011:13:52:51 +0100] "GET /robots.txt HTTP/1.1" 404 - "-" "Mozilla/5.0 (compatible; AhrefsBot/1.0; +http://ahrefs.com/robot/)"
213.186.122.3 - - [01/Dec/2011:13:52:51 +0100] "GET /livezilla/livezilla.php HTTP/1.1" 200 90048 "-" "Mozilla/5.0 (compatible; AhrefsBot/1.0; +http://ahrefs.com/robot/)"
213.186.122.3 - - [01/Dec/2011:13:52:55 +0100] "GET /livezilla/livezilla.php?template=lz_chat_frame.3.2.chat.5.0 HTTP/1.1" 200 1438 "-" "Mozilla/5.0 (compatible; AhrefsBot/1.0; +http://ahrefs.com/robot/)"
139.18.2.17 - - [01/Dec/2011:19:15:50 +0100] "GET /livezilla/livezilla.php HTTP/1.1" 200 90048 "-" "findlinks/2.1.5 (+http://wortschatz.uni-leipzig.de/findlinks/)"
139.18.2.17 - - [01/Dec/2011:19:15:51 +0100] "GET /livezilla/livezilla.php HTTP/1.1" 200 90048 "-" "findlinks/2.1.5 (+http://wortschatz.uni-leipzig.de/findlinks/)"
208.80.194.30 - - [01/Dec/2011:20:00:29 +0100] "GET / HTTP/1.0" 200 1244 "-" "Mozilla/4.0 (compatible; MSIE 7.0; Windows NT 5.1; YComp 5.0.0.0; FunWebProducts; .NET CLR 1.0.3705; SpamBlockerUtility 4.8.4; ZangoToolbar 4.8.2)"
209.51.162.220 - - [02/Dec/2011:04:19:50 +0100] "GET /robots.txt HTTP/1.1" 404 - "-" "ShopWiki/1.0 ( +http://www.shopwiki.com/wiki/Help:Bot)"
46.4.95.140 - - [02/Dec/2011:05:27:56 +0100] "GET /robots.txt HTTP/1.0" 404 - "-" "Mozilla/5.0 (compatible; SEOkicks-Robot +http://www.seokicks.de/robot.html)"
46.4.95.140 - - [02/Dec/2011:05:28:03 +0100] "GET / HTTP/1.0" 200 1244 "-" "Mozilla/5.0 (compatible; SEOkicks-Robot +http://www.seokicks.de/robot.html)"
176.9.31.201 - - [02/Dec/2011:13:27:58 +0100] "GET /robots.txt HTTP/1.1" 404 - "-" "Pixray-Seeker/1.1 (Pixray-Seeker; crawler@pixray.com)"
176.9.31.201 - - [02/Dec/2011:13:27:58 +0100] "GET /livezilla/livezilla.php HTTP/1.1" 200 90048 "-" "Pixray-Seeker/1.1 (Pixray-Seeker; crawler@pixray.com)"
176.9.31.202 - - [02/Dec/2011:14:36:53 +0100] "GET /robots.txt HTTP/1.1" 404 - "-" "Pixray-Seeker/1.1 (Pixray-Seeker; crawler@pixray.com)"
176.9.31.202 - - [02/Dec/2011:14:36:53 +0100] "GET /livezilla/livezilla.php?template=lz_chat_frame.2.0 HTTP/1.1" 200 344 "-" "Pixray-Seeker/1.1 (Pixray-Seeker; crawler@pixray.com)"
67.152.29.130 - - [02/Dec/2011:15:27:57 +0100] "GET /robots.txt HTTP/1.1" 404 - "-" "ShopWiki/1.0 ( +http://www.shopwiki.com/wiki/Help:Bot)"
209.51.162.219 - - [02/Dec/2011:21:36:26 +0100] "GET /robots.txt HTTP/1.1" 404 - "-" "ShopWiki/1.0 ( +http://www.shopwiki.com/wiki/Help:Bot)"
176.9.31.202 - - [02/Dec/2011:21:52:02 +0100] "GET /robots.txt HTTP/1.1" 404 - "-" "Pixray-Seeker/1.1 (Pixray-Seeker; crawler@pixray.com)"
176.9.31.202 - - [02/Dec/2011:21:52:02 +0100] "GET /livezilla/livezilla.php?template=lz_chat_frame.0.0 HTTP/1.1" 200 338 "-" "Pixray-Seeker/1.1 (Pixray-Seeker; crawler@pixray.com)"
213.186.122.3 - - [03/Dec/2011:00:48:27 +0100] "GET /robots.txt HTTP/1.1" 404 - "-" "Mozilla/5.0 (compatible; AhrefsBot/1.0; +http://ahrefs.com/robot/)"
213.186.122.3 - - [03/Dec/2011:00:48:28 +0100] "GET /livezilla/livezilla.php HTTP/1.1" 200 90048 "-" "Mozilla/5.0 (compatible; AhrefsBot/1.0; +http://ahrefs.com/robot/)"
67.152.29.130 - - [03/Dec/2011:01:08:41 +0100] "GET /robots.txt HTTP/1.1" 404 - "-" "ShopWiki/1.0 ( +http://www.shopwiki.com/wiki/Help:Bot)"
176.9.31.203 - - [03/Dec/2011:02:07:17 +0100] "GET /robots.txt HTTP/1.1" 404 - "-" "Pixray-Seeker/1.1 (Pixray-Seeker; crawler@pixray.com)"
176.9.31.203 - - [03/Dec/2011:02:07:17 +0100] "GET /livezilla/livezilla.php?template=lz_chat_frame.0.2 HTTP/1.1" 200 321 "-" "Pixray-Seeker/1.1 (Pixray-Seeker; crawler@pixray.com)"
208.80.194.26 - - [03/Dec/2011:03:37:38 +0100] "GET / HTTP/1.0" 200 1244 "-" "Mozilla/4.0 (compatible; MSIE 7.0; America Online Browser 1.1; rev1.5; Windows NT 5.1; .NET CLR 1.0.3705; .NET CLR 1.1.4322; Media Center PC 4.0; InfoPath.1; .NET CLR 2.0.50727; Media Center PC 3.0; InfoPath.2)"
209.51.162.219 - - [03/Dec/2011:06:35:57 +0100] "GET /robots.txt HTTP/1.1" 404 - "-" "ShopWiki/1.0 ( +http://www.shopwiki.com/wiki/Help:Bot)"
77.20.40.173 - - [03/Dec/2011:11:01:46 +0100] "GET /robots.txt HTTP/1.1" 404 - "-" "findlinks/2.0.2 (+http://wortschatz.uni-leipzig.de/findlinks/)"
176.9.31.202 - - [03/Dec/2011:12:45:53 +0100] "GET /robots.txt HTTP/1.1" 404 - "-" "Pixray-Seeker/1.1 (Pixray-Seeker; crawler@pixray.com)"
176.9.31.202 - - [03/Dec/2011:12:45:53 +0100] "GET /livezilla/livezilla.php?template=lz_chat_frame.1.1& HTTP/1.1" 200 2385 "-" "Pixray-Seeker/1.1 (Pixray-Seeker; crawler@pixray.com)"
188.40.66.214 - - [03/Dec/2011:16:14:01 +0100] "GET /robots.txt HTTP/1.1" 404 - "-" "Pixray-Seeker/1.1 (Pixray-Seeker; crawler@pixray.com)"
188.40.66.214 - - [03/Dec/2011:16:14:01 +0100] "GET /livezilla/livezilla.php HTTP/1.1" 200 90048 "-" "Pixray-Seeker/1.1 (Pixray-Seeker; crawler@pixray.com)"
66.249.71.169 - - [03/Dec/2011:22:35:55 +0100] "GET /robots.txt HTTP/1.1" 404 - "-" "Mozilla/5.0 (compatible; Googlebot/2.1; +http://www.google.com/bot.html)"
66.249.71.169 - - [03/Dec/2011:22:35:55 +0100] "GET / HTTP/1.1" 304 - "-" "Mozilla/5.0 (compatible; Googlebot/2.1; +http://www.google.com/bot.html)"
176.9.19.103 - - [04/Dec/2011:03:48:33 +0100] "GET /robots.txt HTTP/1.1" 404 - "-" "Pixray-Seeker/1.1 (Pixray-Seeker; crawler@pixray.com)"
176.9.19.103 - - [04/Dec/2011:03:48:33 +0100] "GET /livezilla/livezilla.php?template=lz_chat_frame.3.2.login& HTTP/1.1" 200 1105 "-" "Pixray-Seeker/1.1 (Pixray-Seeker; crawler@pixray.com)"
176.9.31.203 - - [04/Dec/2011:06:26:00 +0100] "GET /robots.txt HTTP/1.1" 404 - "-" "Pixray-Seeker/1.1 (Pixray-Seeker; crawler@pixray.com)"
176.9.31.203 - - [04/Dec/2011:06:26:00 +0100] "GET /livezilla/images/icon_typing.gif HTTP/1.1" 200 1106 "-" "Pixray-Seeker/1.1 (Pixray-Seeker; crawler@pixray.com)"
208.80.194.29 - - [04/Dec/2011:12:47:04 +0100] "GET / HTTP/1.0" 200 1244 "-" "Mozilla/4.0 (compatible; MSIE 6.0; Windows NT 5.1; SV1; (R1 1.5); .NET CLR 1.0.3705; .NET CLR 1.1.4322; Media Center PC 4.0; ImageShack Toolbar 3.0.8)"
176.9.31.203 - - [04/Dec/2011:13:10:48 +0100] "GET /robots.txt HTTP/1.1" 404 - "-" "Pixray-Seeker/1.1 (Pixray-Seeker; crawler@pixray.com)"
176.9.31.203 - - [04/Dec/2011:13:10:48 +0100] "GET /livezilla/livezilla.php?template=lz_chat_frame.5.1 HTTP/1.1" 200 345 "-" "Pixray-Seeker/1.1 (Pixray-Seeker; crawler@pixray.com)"
176.9.0.12 - - [04/Dec/2011:15:39:07 +0100] "GET /robots.txt HTTP/1.1" 404 - "-" "Pixray-Seeker/1.1 (Pixray-Seeker; crawler@pixray.com)"
176.9.0.12 - - [04/Dec/2011:15:39:07 +0100] "GET /livezilla/livezilla.php?template=lz_chat_frame.3.2.login.1.0& HTTP/1.1" 200 3689 "-" "Pixray-Seeker/1.1 (Pixray-Seeker; crawler@pixray.com)"
176.9.31.203 - - [05/Dec/2011:04:24:06 +0100] "GET /robots.txt HTTP/1.1" 404 - "-" "Pixray-Seeker/1.1 (Pixray-Seeker; crawler@pixray.com)"
176.9.31.203 - - [05/Dec/2011:04:24:06 +0100] "GET /livezilla/livezilla.php?template=lz_chat_frame.3.2.login& HTTP/1.1" 200 1105 "-" "Pixray-Seeker/1.1 (Pixray-Seeker; crawler@pixray.com)"
46.4.119.231 - - [05/Dec/2011:12:44:23 +0100] "GET /robots.txt HTTP/1.1" 404 - "-" "Pixray-Seeker/1.1 (Pixray-Seeker; crawler@pixray.com)"
46.4.119.231 - - [05/Dec/2011:12:44:24 +0100] "GET /livezilla/livezilla.php?template=lz_chat_frame.2.0 HTTP/1.1" 200 344 "-" "Pixray-Seeker/1.1 (Pixray-Seeker; crawler@pixray.com)"
176.9.31.201 - - [05/Dec/2011:13:04:32 +0100] "GET /robots.txt HTTP/1.1" 404 - "-" "Pixray-Seeker/1.1 (Pixray-Seeker; crawler@pixray.com)"
176.9.31.201 - - [05/Dec/2011:13:04:32 +0100] "GET /livezilla/intern_images/nopic.jpg HTTP/1.1" 200 3599 "-" "Pixray-Seeker/1.1 (Pixray-Seeker; crawler@pixray.com)"
173.236.21.106 - - [05/Dec/2011:15:38:35 +0100] "GET /robots.txt HTTP/1.0" 404 - "-" "Mozilla/5.0 (compatible; MJ12bot/v1.4.0; http://www.majestic12.co.uk/bot.php?+)"
173.236.21.106 - - [05/Dec/2011:15:38:37 +0100] "GET /livezilla/livezilla.php HTTP/1.0" 200 90200 "-" "Mozilla/5.0 (compatible; MJ12bot/v1.4.0; http://www.majestic12.co.uk/bot.php?+)"
130.83.167.153 - - [05/Dec/2011:17:36:40 +0100] "GET /livezilla/livezilla.php HTTP/1.1" 200 90048 "-" "findlinks/2.0.4 (+http://wortschatz.uni-leipzig.de/findlinks/)"
130.83.167.153 - - [05/Dec/2011:17:36:40 +0100] "GET /livezilla/livezilla.php HTTP/1.1" 200 90048 "-" "findlinks/2.0.4 (+http://wortschatz.uni-leipzig.de/findlinks/)"
46.4.19.85 - - [05/Dec/2011:18:25:03 +0100] "GET /robots.txt HTTP/1.1" 404 - "-" "Pixray-Seeker/1.1 (Pixray-Seeker; crawler@pixray.com)"
46.4.19.85 - - [05/Dec/2011:18:25:03 +0100] "GET /livezilla/livezilla.php?template=lz_chat_frame.0.2 HTTP/1.1" 200 321 "-" "Pixray-Seeker/1.1 (Pixray-Seeker; crawler@pixray.com)"
208.80.194.29 - - [05/Dec/2011:21:28:04 +0100] "GET / HTTP/1.0" 200 1244 "-" "Mozilla/4.0 (compatible; MSIE 7.0; Windows NT 5.1; FunWebProducts; .NET CLR 1.1.4322; .NET CLR 2.0.50727; MSN 9.0;MSN 9.1; MSNbMSNI; MSNmen-us; MSNcOTH)"
209.51.162.220 - - [06/Dec/2011:00:37:35 +0100] "GET /robots.txt HTTP/1.1" 404 - "-" "ShopWiki/1.0 ( +http://www.shopwiki.com/wiki/Help:Bot)"
188.40.85.200 - - [06/Dec/2011:03:16:23 +0100] "GET /robots.txt HTTP/1.1" 404 - "-" "Pixray-Seeker/1.1 (Pixray-Seeker; crawler@pixray.com)"
188.40.85.200 - - [06/Dec/2011:03:16:23 +0100] "GET /livezilla/livezilla.php?template=lz_chat_frame.0.0 HTTP/1.1" 200 338 "-" "Pixray-Seeker/1.1 (Pixray-Seeker; crawler@pixray.com)"
8.11.2.9 - - [06/Dec/2011:04:35:22 +0100] "GET /robots.txt HTTP/1.1" 404 - "-" "ShopWiki/1.0 ( +http://www.shopwiki.com/wiki/Help:Bot)"
46.4.19.85 - - [06/Dec/2011:05:21:05 +0100] "GET /robots.txt HTTP/1.1" 404 - "-" "Pixray-Seeker/1.1 (Pixray-Seeker; crawler@pixray.com)"
46.4.19.85 - - [06/Dec/2011:05:21:05 +0100] "GET /livezilla/images/icon_info.gif HTTP/1.1" 200 1703 "-" "Pixray-Seeker/1.1 (Pixray-Seeker; crawler@pixray.com)"
176.9.31.202 - - [06/Dec/2011:05:46:21 +0100] "GET /robots.txt HTTP/1.1" 404 - "-" "Pixray-Seeker/1.1 (Pixray-Seeker; crawler@pixray.com)"
176.9.31.202 - - [06/Dec/2011:05:46:21 +0100] "GET /livezilla/livezilla.php?template=lz_chat_frame.1.2 HTTP/1.1" 200 345 "-" "Pixray-Seeker/1.1 (Pixray-Seeker; crawler@pixray.com)"
46.4.119.231 - - [06/Dec/2011:06:30:03 +0100] "GET /robots.txt HTTP/1.1" 404 - "-" "Pixray-Seeker/1.1 (Pixray-Seeker; crawler@pixray.com)"
46.4.119.231 - - [06/Dec/2011:06:30:03 +0100] "GET /livezilla/livezilla.php?template=lz_chat_frame.5.1 HTTP/1.1" 200 345 "-" "Pixray-Seeker/1.1 (Pixray-Seeker; crawler@pixray.com)"
176.9.31.203 - - [06/Dec/2011:07:24:52 +0100] "GET /robots.txt HTTP/1.1" 404 - "-" "Pixray-Seeker/1.1 (Pixray-Seeker; crawler@pixray.com)"
176.9.31.203 - - [06/Dec/2011:07:24:52 +0100] "GET /livezilla/livezilla.php?template=lz_chat_frame.3.0 HTTP/1.1" 200 321 "-" "Pixray-Seeker/1.1 (Pixray-Seeker; crawler@pixray.com)"
67.152.29.130 - - [06/Dec/2011:09:00:34 +0100] "GET /robots.txt HTTP/1.1" 404 - "-" "ShopWiki/1.0 ( +http://www.shopwiki.com/wiki/Help:Bot)"
213.186.122.3 - - [06/Dec/2011:10:54:19 +0100] "GET /robots.txt HTTP/1.1" 404 - "-" "Mozilla/5.0 (compatible; AhrefsBot/1.0; +http://ahrefs.com/robot/)"
213.186.122.3 - - [06/Dec/2011:10:54:20 +0100] "GET /livezilla/livezilla.php HTTP/1.1" 200 90048 "-" "Mozilla/5.0 (compatible; AhrefsBot/1.0; +http://ahrefs.com/robot/)"
213.186.122.3 - - [06/Dec/2011:10:54:21 +0100] "GET /livezilla/livezilla.php?template=lz_chat_frame.1.1& HTTP/1.1" 200 2385 "-" "Mozilla/5.0 (compatible; AhrefsBot/1.0; +http://ahrefs.com/robot/)"
213.186.122.3 - - [06/Dec/2011:10:54:23 +0100] "GET /livezilla/livezilla.php?template=lz_chat_frame.2.2 HTTP/1.1" 200 345 "-" "Mozilla/5.0 (compatible; AhrefsBot/1.0; +http://ahrefs.com/robot/)"
213.186.122.3 - - [06/Dec/2011:10:54:24 +0100] "GET /livezilla/livezilla.php?template=lz_chat_frame.3.2.login& HTTP/1.1" 200 1105 "-" "Mozilla/5.0 (compatible; AhrefsBot/1.0; +http://ahrefs.com/robot/)"
213.186.122.3 - - [06/Dec/2011:10:54:25 +0100] "GET /livezilla/livezilla.php?template=lz_chat_frame.3.2.login.1.0& HTTP/1.1" 200 3689 "-" "Mozilla/5.0 (compatible; AhrefsBot/1.0; +http://ahrefs.com/robot/)"
213.186.122.3 - - [06/Dec/2011:10:54:26 +0100] "GET /livezilla/livezilla.php?template=lz_chat_frame.5.1 HTTP/1.1" 200 345 "-" "Mozilla/5.0 (compatible; AhrefsBot/1.0; +http://ahrefs.com/robot/)"
8.11.2.10 - - [06/Dec/2011:12:06:49 +0100] "GET /robots.txt HTTP/1.1" 404 - "-" "ShopWiki/1.0 ( +http://www.shopwiki.com/wiki/Help:Bot)"
139.18.2.17 - - [06/Dec/2011:12:15:22 +0100] "GET /robots.txt HTTP/1.1" 404 - "-" "findlinks/2.1.5 (+http://wortschatz.uni-leipzig.de/findlinks/)"
176.9.31.201 - - [06/Dec/2011:13:55:49 +0100] "GET /robots.txt HTTP/1.1" 404 - "-" "Pixray-Seeker/1.1 (Pixray-Seeker; crawler@pixray.com)"
176.9.31.201 - - [06/Dec/2011:13:55:49 +0100] "GET /livezilla/livezilla.php?template=lz_chat_frame.3.2.login.1.0& HTTP/1.1" 200 3689 "-" "Pixray-Seeker/1.1 (Pixray-Seeker; crawler@pixray.com)"
209.51.162.219 - - [06/Dec/2011:15:17:56 +0100] "GET /robots.txt HTTP/1.1" 404 - "-" "ShopWiki/1.0 ( +http://www.shopwiki.com/wiki/Help:Bot)"
66.249.71.169 - - [06/Dec/2011:16:44:38 +0100] "GET /robots.txt HTTP/1.1" 404 - "-" "Mozilla/5.0 (compatible; Googlebot/2.1; +http://www.google.com/bot.html)"
66.249.71.169 - - [06/Dec/2011:16:44:38 +0100] "GET /livezilla/livezilla.php HTTP/1.1" 200 90048 "-" "Mozilla/5.0 (compatible; Googlebot/2.1; +http://www.google.com/bot.html)"
8.11.2.10 - - [06/Dec/2011:18:23:13 +0100] "GET /robots.txt HTTP/1.1" 404 - "-" "ShopWiki/1.0 ( +http://www.shopwiki.com/wiki/Help:Bot)"
66.249.71.169 - - [06/Dec/2011:19:13:03 +0100] "GET /robots.txt HTTP/1.1" 404 - "-" "Mozilla/5.0 (compatible; Googlebot/2.1; +http://www.google.com/bot.html)"
66.249.71.169 - - [06/Dec/2011:19:13:03 +0100] "GET /livezilla/livezilla.php?template=lz_chat_frame.3.0 HTTP/1.1" 200 321 "-" "Mozilla/5.0 (compatible; Googlebot/2.1; +http://www.google.com/bot.html)"
176.9.31.203 - - [06/Dec/2011:20:34:06 +0100] "GET /robots.txt HTTP/1.1" 404 - "-" "Pixray-Seeker/1.1 (Pixray-Seeker; crawler@pixray.com)"
176.9.31.203 - - [06/Dec/2011:20:34:06 +0100] "GET /livezilla/livezilla.php?template=lz_chat_frame.1.0 HTTP/1.1" 200 344 "-" "Pixray-Seeker/1.1 (Pixray-Seeker; crawler@pixray.com)"
46.4.116.100 - - [06/Dec/2011:20:41:25 +0100] "GET /robots.txt HTTP/1.1" 404 - "-" "Pixray-Seeker/1.1 (Pixray-Seeker; crawler@pixray.com)"
46.4.116.100 - - [06/Dec/2011:20:41:25 +0100] "GET /livezilla/livezilla.php?template=lz_chat_frame.3.2.login.2.0 HTTP/1.1" 200 361 "-" "Pixray-Seeker/1.1 (Pixray-Seeker; crawler@pixray.com)"
8.11.2.9 - - [06/Dec/2011:21:56:52 +0100] "GET /robots.txt HTTP/1.1" 404 - "-" "ShopWiki/1.0 ( +http://www.shopwiki.com/wiki/Help:Bot)"
209.51.162.220 - - [07/Dec/2011:04:43:23 +0100] "GET /robots.txt HTTP/1.1" 404 - "-" "ShopWiki/1.0 ( +http://www.shopwiki.com/wiki/Help:Bot)"
209.51.162.219 - - [07/Dec/2011:11:49:11 +0100] "GET /robots.txt HTTP/1.1" 404 - "-" "ShopWiki/1.0 ( +http://www.shopwiki.com/wiki/Help:Bot)"
213.186.122.3 - - [07/Dec/2011:23:59:51 +0100] "GET /robots.txt HTTP/1.1" 404 - "-" "Mozilla/5.0 (compatible; AhrefsBot/1.0; +http://ahrefs.com/robot/)"
213.186.122.3 - - [07/Dec/2011:23:59:52 +0100] "GET /livezilla/livezilla.php HTTP/1.1" 200 90048 "-" "Mozilla/5.0 (compatible; AhrefsBot/1.0; +http://ahrefs.com/robot/)"
213.186.122.3 - - [07/Dec/2011:23:59:53 +0100] "GET /livezilla/livezilla.php?template=lz_chat_frame.3.2.chat HTTP/1.1" 200 2116 "-" "Mozilla/5.0 (compatible; AhrefsBot/1.0; +http://ahrefs.com/robot/)"
213.186.122.3 - - [07/Dec/2011:23:59:54 +0100] "GET /livezilla/livezilla.php?template=lz_chat_frame.3.2.chat.1.0 HTTP/1.1" 200 1572 "-" "Mozilla/5.0 (compatible; AhrefsBot/1.0; +http://ahrefs.com/robot/)"
213.186.122.3 - - [07/Dec/2011:23:59:55 +0100] "GET /livezilla/livezilla.php?template=lz_chat_frame.3.2.login.0.0 HTTP/1.1" 200 1384 "-" "Mozilla/5.0 (compatible; AhrefsBot/1.0; +http://ahrefs.com/robot/)"
77.21.147.173 - - [08/Dec/2011:03:13:43 +0100] "GET /livezilla/livezilla.php HTTP/1.1" 200 90048 "-" "findlinks/2.0.2 (+http://wortschatz.uni-leipzig.de/findlinks/)"
77.21.147.173 - - [08/Dec/2011:03:13:44 +0100] "GET /livezilla/livezilla.php HTTP/1.1" 200 90048 "-" "findlinks/2.0.2 (+http://wortschatz.uni-leipzig.de/findlinks/)"
195.243.143.19 - - [08/Dec/2011:08:53:27 +0100] "GET /livezilla/server.php?request=track&output=jscript&nse=0.8521663497453724 HTTP/1.1" 302 1722 "http://www.f-m-shop.de/seiten/frame_idealo.cfm?kat=DRUMUL&nav=2&artnr=A__37812" "Mozilla/5.0 (compatible; MSIE 9.0; Windows NT 6.1; WOW64; Trident/5.0)"
77.20.40.173 - - [08/Dec/2011:21:32:21 +0100] "GET /robots.txt HTTP/1.1" 404 - "-" "findlinks/2.0.2 (+http://wortschatz.uni-leipzig.de/findlinks/)"
8.11.2.10 - - [08/Dec/2011:23:15:22 +0100] "GET /robots.txt HTTP/1.1" 404 - "-" "ShopWiki/1.0 ( +http://www.shopwiki.com/wiki/Help:Bot)"
208.80.194.34 - - [09/Dec/2011:02:47:47 +0100] "GET / HTTP/1.0" 200 1244 "-" "Mozilla/4.0 (compatible; MSIE 6.0; Windows NT 5.1; SV1; FunWebProducts-MyWay; .NET CLR 1.1.4322; .NET CLR 2.0.50727; InfoPath.1)"
213.186.122.3 - - [09/Dec/2011:09:52:31 +0100] "GET /robots.txt HTTP/1.1" 404 - "-" "Mozilla/5.0 (compatible; AhrefsBot/1.0; +http://ahrefs.com/robot/)"
213.186.122.3 - - [09/Dec/2011:09:52:32 +0100] "GET /livezilla/livezilla.php HTTP/1.1" 200 90048 "-" "Mozilla/5.0 (compatible; AhrefsBot/1.0; +http://ahrefs.com/robot/)"
213.186.122.3 - - [09/Dec/2011:09:52:33 +0100] "GET /livezilla/livezilla.php?template=lz_chat_frame.0.1 HTTP/1.1" 200 343 "-" "Mozilla/5.0 (compatible; AhrefsBot/1.0; +http://ahrefs.com/robot/)"
213.186.122.3 - - [09/Dec/2011:09:52:34 +0100] "GET /livezilla/livezilla.php?template=lz_chat_frame.3.2.chat.1.0&file=true HTTP/1.1" 200 1598 "-" "Mozilla/5.0 (compatible; AhrefsBot/1.0; +http://ahrefs.com/robot/)"
89.182.47.233 - - [09/Dec/2011:22:49:33 +0100] "GET /livezilla/livezilla.php HTTP/1.1" 200 90048 "-" "findlinks/2.0.2 (+http://wortschatz.uni-leipzig.de/findlinks/)"
89.182.47.233 - - [09/Dec/2011:22:49:34 +0100] "GET /livezilla/livezilla.php HTTP/1.1" 200 90048 "-" "findlinks/2.0.2 (+http://wortschatz.uni-leipzig.de/findlinks/)"
66.249.71.169 - - [10/Dec/2011:10:53:35 +0100] "GET /robots.txt HTTP/1.1" 404 - "-" "Mozilla/5.0 (compatible; Googlebot/2.1; +http://www.google.com/bot.html)"
66.249.71.169 - - [10/Dec/2011:10:53:35 +0100] "GET / HTTP/1.1" 304 - "-" "Mozilla/5.0 (compatible; Googlebot/2.1; +http://www.google.com/bot.html)"
213.186.122.3 - - [10/Dec/2011:19:22:39 +0100] "GET /robots.txt HTTP/1.1" 404 - "-" "Mozilla/5.0 (compatible; AhrefsBot/1.0; +http://ahrefs.com/robot/)"
213.186.122.3 - - [10/Dec/2011:19:22:40 +0100] "GET /livezilla/livezilla.php HTTP/1.1" 200 90048 "-" "Mozilla/5.0 (compatible; AhrefsBot/1.0; +http://ahrefs.com/robot/)"
213.186.122.3 - - [10/Dec/2011:19:22:42 +0100] "GET /livezilla/livezilla.php?template=lz_chat_frame.4.1 HTTP/1.1" 200 578 "-" "Mozilla/5.0 (compatible; AhrefsBot/1.0; +http://ahrefs.com/robot/)"
176.9.31.201 - - [10/Dec/2011:23:27:55 +0100] "GET /robots.txt HTTP/1.1" 404 - "-" "Pixray-Seeker/1.1 (Pixray-Seeker; crawler@pixray.com)"
176.9.31.201 - - [10/Dec/2011:23:27:55 +0100] "GET /livezilla/livezilla.php?template=lz_chat_frame.0.1 HTTP/1.1" 200 343 "-" "Pixray-Seeker/1.1 (Pixray-Seeker; crawler@pixray.com)"
208.80.194.30 - - [11/Dec/2011:04:00:56 +0100] "GET / HTTP/1.0" 200 1244 "-" "Mozilla/4.0 (compatible; MSIE 6.0; Windows NT 5.1; SV1; SIMBAR={BEB621D2-0CB6-47d2-B93E-F97595693EF1}; .NET CLR 1.1.4322)"
77.21.147.173 - - [11/Dec/2011:04:34:58 +0100] "GET /robots.txt HTTP/1.1" 404 - "-" "findlinks/2.0.2 (+http://wortschatz.uni-leipzig.de/findlinks/)"
213.186.122.3 - - [12/Dec/2011:02:17:25 +0100] "GET /robots.txt HTTP/1.1" 404 - "-" "Mozilla/5.0 (compatible; AhrefsBot/1.0; +http://ahrefs.com/robot/)"
213.186.122.3 - - [12/Dec/2011:02:17:26 +0100] "GET /livezilla/livezilla.php HTTP/1.1" 200 90048 "-" "Mozilla/5.0 (compatible; AhrefsBot/1.0; +http://ahrefs.com/robot/)"
208.80.194.28 - - [12/Dec/2011:04:37:32 +0100] "GET / HTTP/1.0" 200 1244 "-" "Mozilla/4.0 (compatible; MSIE 6.0; Windows NT 5.1; SV1; Overture; SIMBAR Enabled)"
176.9.0.119 - - [12/Dec/2011:22:14:20 +0100] "GET /robots.txt HTTP/1.1" 404 - "-" "Mozilla/5.0 (compatible; NerdByNature.Bot; http://www.nerdbynature.net/bot)"
176.9.0.119 - - [12/Dec/2011:22:14:21 +0100] "GET / HTTP/1.1" 200 1244 "-" "Mozilla/5.0 (compatible; NerdByNature.Bot; http://www.nerdbynature.net/bot)"
130.83.167.153 - - [13/Dec/2011:01:22:31 +0100] "GET /livezilla/livezilla.php HTTP/1.1" 200 90048 "-" "findlinks/2.0.4 (+http://wortschatz.uni-leipzig.de/findlinks/)"
130.83.167.153 - - [13/Dec/2011:01:22:31 +0100] "GET /livezilla/livezilla.php HTTP/1.1" 200 90048 "-" "findlinks/2.0.4 (+http://wortschatz.uni-leipzig.de/findlinks/)"
213.186.122.3 - - [13/Dec/2011:09:33:45 +0100] "GET /robots.txt HTTP/1.1" 404 - "-" "Mozilla/5.0 (compatible; AhrefsBot/1.0; +http://ahrefs.com/robot/)"
213.186.122.3 - - [13/Dec/2011:09:33:51 +0100] "GET /livezilla/livezilla.php HTTP/1.1" 200 90048 "-" "Mozilla/5.0 (compatible; AhrefsBot/1.0; +http://ahrefs.com/robot/)"
213.186.122.3 - - [13/Dec/2011:09:34:02 +0100] "GET /livezilla/livezilla.php?template=lz_chat_frame.0.0 HTTP/1.1" 200 338 "-" "Mozilla/5.0 (compatible; AhrefsBot/1.0; +http://ahrefs.com/robot/)"
213.186.122.3 - - [13/Dec/2011:09:34:02 +0100] "GET /livezilla/livezilla.php?template=lz_chat_frame.2.0 HTTP/1.1" 200 344 "-" "Mozilla/5.0 (compatible; AhrefsBot/1.0; +http://ahrefs.com/robot/)"
213.186.122.3 - - [13/Dec/2011:09:34:08 +0100] "GET /livezilla/livezilla.php?template=lz_chat_frame.3.2.chat.3.0 HTTP/1.1" 200 2151 "-" "Mozilla/5.0 (compatible; AhrefsBot/1.0; +http://ahrefs.com/robot/)"
66.249.72.6 - - [13/Dec/2011:14:54:15 +0100] "GET /robots.txt HTTP/1.1" 404 - "-" "Mozilla/5.0 (compatible; Googlebot/2.1; +http://www.google.com/bot.html)"
66.249.72.6 - - [13/Dec/2011:14:54:16 +0100] "GET /livezilla/livezilla.php HTTP/1.1" 200 90048 "-" "Mozilla/5.0 (compatible; Googlebot/2.1; +http://www.google.com/bot.html)"
77.20.40.173 - - [13/Dec/2011:15:36:28 +0100] "GET /robots.txt HTTP/1.1" 404 - "-" "findlinks/2.0.2 (+http://wortschatz.uni-leipzig.de/findlinks/)"
66.249.72.6 - - [13/Dec/2011:18:56:06 +0100] "GET /livezilla/livezilla.php?template=lz_chat_frame.3.2.login.2.0 HTTP/1.1" 200 361 "-" "Mozilla/5.0 (compatible; Googlebot/2.1; +http://www.google.com/bot.html)"
208.80.194.33 - - [14/Dec/2011:09:32:58 +0100] "GET / HTTP/1.0" 200 1244 "-" "Mozilla/4.0 (compatible; MSIE 6.0; Windows NT 5.1; AT&T CSM7.0; .NET CLR 1.0.3705; .NET CLR 1.1.4322)"
139.18.2.17 - - [14/Dec/2011:13:11:59 +0100] "GET /livezilla/livezilla.php HTTP/1.1" 200 90048 "-" "findlinks/2.1.5 (+http://wortschatz.uni-leipzig.de/findlinks/)"
139.18.2.17 - - [14/Dec/2011:13:12:00 +0100] "GET /livezilla/livezilla.php HTTP/1.1" 200 90048 "-" "findlinks/2.1.5 (+http://wortschatz.uni-leipzig.de/findlinks/)"
213.186.122.3 - - [15/Dec/2011:00:06:53 +0100] "GET /robots.txt HTTP/1.1" 404 - "-" "Mozilla/5.0 (compatible; AhrefsBot/1.0; +http://ahrefs.com/robot/)"
213.186.122.3 - - [15/Dec/2011:00:06:53 +0100] "GET /livezilla/livezilla.php HTTP/1.1" 200 90048 "-" "Mozilla/5.0 (compatible; AhrefsBot/1.0; +http://ahrefs.com/robot/)"
213.186.122.3 - - [15/Dec/2011:00:06:56 +0100] "GET /livezilla/livezilla.php?template=lz_chat_frame.1.2 HTTP/1.1" 200 345 "-" "Mozilla/5.0 (compatible; AhrefsBot/1.0; +http://ahrefs.com/robot/)"
213.186.122.3 - - [15/Dec/2011:00:06:57 +0100] "GET /livezilla/livezilla.php?template=lz_chat_frame.3.2.login.2.0 HTTP/1.1" 200 361 "-" "Mozilla/5.0 (compatible; AhrefsBot/1.0; +http://ahrefs.com/robot/)"
213.186.122.3 - - [15/Dec/2011:00:06:59 +0100] "GET /livezilla/livezilla.php?template=lz_chat_frame.3.3 HTTP/1.1" 200 321 "-" "Mozilla/5.0 (compatible; AhrefsBot/1.0; +http://ahrefs.com/robot/)"
66.249.72.6 - - [15/Dec/2011:07:45:37 +0100] "GET /robots.txt HTTP/1.1" 404 - "-" "Mozilla/5.0 (compatible; Googlebot/2.1; +http://www.google.com/bot.html)"
66.249.72.6 - - [15/Dec/2011:07:45:37 +0100] "GET /livezilla/images/icon_link.gif HTTP/1.1" 200 1045 "-" "Googlebot-Image/1.0"
66.249.72.6 - - [15/Dec/2011:14:00:28 +0100] "GET /robots.txt HTTP/1.1" 404 - "-" "Mozilla/5.0 (compatible; Googlebot/2.1; +http://www.google.com/bot.html)"
66.249.72.6 - - [15/Dec/2011:14:00:28 +0100] "GET /livezilla/images/carrier_logo.gif HTTP/1.1" 404 - "-" "Googlebot-Image/1.0"
88.75.81.62 - - [15/Dec/2011:16:53:10 +0100] "GET /robots.txt HTTP/1.1" 404 - "-" "findlinks/1.1.6-beta1 (+http://wortschatz.uni-leipzig.de/findlinks/)"
84.131.70.234 - - [16/Dec/2011:11:10:19 +0100] "GET /livezilla/templates/style.css HTTP/1.1" 200 9496 "http://chat.f-m-shop.de/livezilla/livezilla.php" "Mozilla/5.0 (Macintosh; Intel Mac OS X 10_7_2) AppleWebKit/534.52.7 (KHTML, like Gecko) Version/5.1.2 Safari/534.52.7"
84.131.70.234 - - [16/Dec/2011:11:10:19 +0100] "GET /livezilla/livezilla.php HTTP/1.1" 200 90200 "http://www.google.de/url?sa=t&rct=j&q=arge%20mammographie%20screening&source=web&cd=2&ved=0CCQQFjAB&url=http%3A%2F%2Fchat.f-m-shop.de%2Flivezilla%2Flivezilla.php&ei=BBnrTpqVGsuQswah5MzKBw&usg=AFQjCNF19gTOh3prttsq4R-kQCuDp5-1DA" "Mozilla/5.0 (Macintosh; Intel Mac OS X 10_7_2) AppleWebKit/534.52.7 (KHTML, like Gecko) Version/5.1.2 Safari/534.52.7"
84.131.70.234 - - [16/Dec/2011:11:10:20 +0100] "GET /livezilla/livezilla.php?template=lz_chat_frame.1.0 HTTP/1.1" 200 344 "http://chat.f-m-shop.de/livezilla/livezilla.php" "Mozilla/5.0 (Macintosh; Intel Mac OS X 10_7_2) AppleWebKit/534.52.7 (KHTML, like Gecko) Version/5.1.2 Safari/534.52.7"
84.131.70.234 - - [16/Dec/2011:11:10:19 +0100] "GET /livezilla/livezilla.php?template=lz_chat_frame.0.0 HTTP/1.1" 200 338 "http://chat.f-m-shop.de/livezilla/livezilla.php" "Mozilla/5.0 (Macintosh; Intel Mac OS X 10_7_2) AppleWebKit/534.52.7 (KHTML, like Gecko) Version/5.1.2 Safari/534.52.7"
84.131.70.234 - - [16/Dec/2011:11:10:20 +0100] "GET /livezilla/livezilla.php?template=lz_chat_frame.0.2 HTTP/1.1" 200 321 "http://chat.f-m-shop.de/livezilla/livezilla.php" "Mozilla/5.0 (Macintosh; Intel Mac OS X 10_7_2) AppleWebKit/534.52.7 (KHTML, like Gecko) Version/5.1.2 Safari/534.52.7"
84.131.70.234 - - [16/Dec/2011:11:10:19 +0100] "GET /livezilla/livezilla.php?template=lz_chat_frame.0.1 HTTP/1.1" 200 343 "http://chat.f-m-shop.de/livezilla/livezilla.php" "Mozilla/5.0 (Macintosh; Intel Mac OS X 10_7_2) AppleWebKit/534.52.7 (KHTML, like Gecko) Version/5.1.2 Safari/534.52.7"
84.131.70.234 - - [16/Dec/2011:11:10:20 +0100] "GET /livezilla/livezilla.php?template=lz_chat_frame.1.1& HTTP/1.1" 200 2407 "http://chat.f-m-shop.de/livezilla/livezilla.php" "Mozilla/5.0 (Macintosh; Intel Mac OS X 10_7_2) AppleWebKit/534.52.7 (KHTML, like Gecko) Version/5.1.2 Safari/534.52.7"
84.131.70.234 - - [16/Dec/2011:11:10:20 +0100] "GET /livezilla/livezilla.php?template=lz_chat_frame.2.2 HTTP/1.1" 200 345 "http://chat.f-m-shop.de/livezilla/livezilla.php" "Mozilla/5.0 (Macintosh; Intel Mac OS X 10_7_2) AppleWebKit/534.52.7 (KHTML, like Gecko) Version/5.1.2 Safari/534.52.7"
84.131.70.234 - - [16/Dec/2011:11:10:20 +0100] "GET /livezilla/livezilla.php?template=lz_chat_frame.1.2 HTTP/1.1" 200 345 "http://chat.f-m-shop.de/livezilla/livezilla.php" "Mozilla/5.0 (Macintosh; Intel Mac OS X 10_7_2) AppleWebKit/534.52.7 (KHTML, like Gecko) Version/5.1.2 Safari/534.52.7"
84.131.70.234 - - [16/Dec/2011:11:10:20 +0100] "GET /livezilla/livezilla.php?template=lz_chat_frame.3.0 HTTP/1.1" 200 321 "http://chat.f-m-shop.de/livezilla/livezilla.php" "Mozilla/5.0 (Macintosh; Intel Mac OS X 10_7_2) AppleWebKit/534.52.7 (KHTML, like Gecko) Version/5.1.2 Safari/534.52.7"
84.131.70.234 - - [16/Dec/2011:11:10:20 +0100] "GET /livezilla/livezilla.php?template=lz_chat_frame.3.2.login& HTTP/1.1" 200 1105 "http://chat.f-m-shop.de/livezilla/livezilla.php" "Mozilla/5.0 (Macintosh; Intel Mac OS X 10_7_2) AppleWebKit/534.52.7 (KHTML, like Gecko) Version/5.1.2 Safari/534.52.7"
84.131.70.234 - - [16/Dec/2011:11:10:20 +0100] "GET /livezilla/livezilla.php?template=lz_chat_frame.4.1 HTTP/1.1" 200 578 "http://chat.f-m-shop.de/livezilla/livezilla.php" "Mozilla/5.0 (Macintosh; Intel Mac OS X 10_7_2) AppleWebKit/534.52.7 (KHTML, like Gecko) Version/5.1.2 Safari/534.52.7"
84.131.70.234 - - [16/Dec/2011:11:10:21 +0100] "GET /livezilla/images/carrier_logo.gif HTTP/1.1" 404 - "http://chat.f-m-shop.de/livezilla/livezilla.php?template=lz_chat_frame.1.1&" "Mozilla/5.0 (Macintosh; Intel Mac OS X 10_7_2) AppleWebKit/534.52.7 (KHTML, like Gecko) Version/5.1.2 Safari/534.52.7"
84.131.70.234 - - [16/Dec/2011:11:10:21 +0100] "GET /livezilla/livezilla.php?template=lz_chat_frame.5.1 HTTP/1.1" 200 345 "http://chat.f-m-shop.de/livezilla/livezilla.php" "Mozilla/5.0 (Macintosh; Intel Mac OS X 10_7_2) AppleWebKit/534.52.7 (KHTML, like Gecko) Version/5.1.2 Safari/534.52.7"
84.131.70.234 - - [16/Dec/2011:11:10:21 +0100] "GET /livezilla/images/lz_rep_bg_left.gif HTTP/1.1" 200 593 "http://chat.f-m-shop.de/livezilla/livezilla.php?template=lz_chat_frame.1.1&" "Mozilla/5.0 (Macintosh; Intel Mac OS X 10_7_2) AppleWebKit/534.52.7 (KHTML, like Gecko) Version/5.1.2 Safari/534.52.7"
84.131.70.234 - - [16/Dec/2011:11:10:21 +0100] "GET /livezilla/images/lz_rep_bg.gif HTTP/1.1" 200 320 "http://chat.f-m-shop.de/livezilla/livezilla.php?template=lz_chat_frame.1.1&" "Mozilla/5.0 (Macintosh; Intel Mac OS X 10_7_2) AppleWebKit/534.52.7 (KHTML, like Gecko) Version/5.1.2 Safari/534.52.7"
84.131.70.234 - - [16/Dec/2011:11:10:21 +0100] "GET /livezilla/livezilla.php?template=lz_chat_frame.3.2.login.0.0 HTTP/1.1" 200 1427 "http://chat.f-m-shop.de/livezilla/livezilla.php?template=lz_chat_frame.3.2.login&" "Mozilla/5.0 (Macintosh; Intel Mac OS X 10_7_2) AppleWebKit/534.52.7 (KHTML, like Gecko) Version/5.1.2 Safari/534.52.7"
84.131.70.234 - - [16/Dec/2011:11:10:21 +0100] "GET /livezilla/livezilla.php?template=lz_chat_frame.3.2.login.2.0 HTTP/1.1" 200 361 "http://chat.f-m-shop.de/livezilla/livezilla.php?template=lz_chat_frame.3.2.login&" "Mozilla/5.0 (Macintosh; Intel Mac OS X 10_7_2) AppleWebKit/534.52.7 (KHTML, like Gecko) Version/5.1.2 Safari/534.52.7"
84.131.70.234 - - [16/Dec/2011:11:10:22 +0100] "GET /livezilla/images/icon_typing.gif HTTP/1.1" 200 1106 "http://chat.f-m-shop.de/livezilla/livezilla.php?template=lz_chat_frame.1.1&" "Mozilla/5.0 (Macintosh; Intel Mac OS X 10_7_2) AppleWebKit/534.52.7 (KHTML, like Gecko) Version/5.1.2 Safari/534.52.7"
84.131.70.234 - - [16/Dec/2011:11:10:22 +0100] "GET /livezilla/images/icon_vcard.gif HTTP/1.1" 200 559 "http://chat.f-m-shop.de/livezilla/livezilla.php?template=lz_chat_frame.1.1&" "Mozilla/5.0 (Macintosh; Intel Mac OS X 10_7_2) AppleWebKit/534.52.7 (KHTML, like Gecko) Version/5.1.2 Safari/534.52.7"
84.131.70.234 - - [16/Dec/2011:11:10:20 +0100] "GET /livezilla/livezilla.php?template=lz_chat_frame.2.0 HTTP/1.1" 200 344 "http://chat.f-m-shop.de/livezilla/livezilla.php" "Mozilla/5.0 (Macintosh; Intel Mac OS X 10_7_2) AppleWebKit/534.52.7 (KHTML, like Gecko) Version/5.1.2 Safari/534.52.7"
84.131.70.234 - - [16/Dec/2011:11:10:22 +0100] "GET /livezilla/intern_images/nopic.jpg HTTP/1.1" 200 3599 "http://chat.f-m-shop.de/livezilla/livezilla.php?template=lz_chat_frame.1.1&" "Mozilla/5.0 (Macintosh; Intel Mac OS X 10_7_2) AppleWebKit/534.52.7 (KHTML, like Gecko) Version/5.1.2 Safari/534.52.7"
84.131.70.234 - - [16/Dec/2011:11:10:22 +0100] "GET /livezilla/images/lz_rep_bg_right.gif HTTP/1.1" 200 590 "http://chat.f-m-shop.de/livezilla/livezilla.php?template=lz_chat_frame.1.1&" "Mozilla/5.0 (Macintosh; Intel Mac OS X 10_7_2) AppleWebKit/534.52.7 (KHTML, like Gecko) Version/5.1.2 Safari/534.52.7"
84.131.70.234 - - [16/Dec/2011:11:10:22 +0100] "GET /livezilla/images/lz_header.gif HTTP/1.1" 200 7285 "http://chat.f-m-shop.de/livezilla/livezilla.php?template=lz_chat_frame.1.1&" "Mozilla/5.0 (Macintosh; Intel Mac OS X 10_7_2) AppleWebKit/534.52.7 (KHTML, like Gecko) Version/5.1.2 Safari/534.52.7"
84.131.70.234 - - [16/Dec/2011:11:10:22 +0100] "GET /livezilla/images/chat_bg_footer.gif HTTP/1.1" 200 194 "http://chat.f-m-shop.de/livezilla/livezilla.php?template=lz_chat_frame.4.1" "Mozilla/5.0 (Macintosh; Intel Mac OS X 10_7_2) AppleWebKit/534.52.7 (KHTML, like Gecko) Version/5.1.2 Safari/534.52.7"
84.131.70.234 - - [16/Dec/2011:11:10:22 +0100] "GET /livezilla/images/chat_bg_navigation.gif HTTP/1.1" 200 258 "http://chat.f-m-shop.de/livezilla/livezilla.php?template=lz_chat_frame.3.2.login.0.0" "Mozilla/5.0 (Macintosh; Intel Mac OS X 10_7_2) AppleWebKit/534.52.7 (KHTML, like Gecko) Version/5.1.2 Safari/534.52.7"
84.131.70.234 - - [16/Dec/2011:11:10:22 +0100] "GET /livezilla/images/chat_bg_navigation_left.gif HTTP/1.1" 200 1078 "http://chat.f-m-shop.de/livezilla/livezilla.php?template=lz_chat_frame.3.2.login.0.0" "Mozilla/5.0 (Macintosh; Intel Mac OS X 10_7_2) AppleWebKit/534.52.7 (KHTML, like Gecko) Version/5.1.2 Safari/534.52.7"
84.131.70.234 - - [16/Dec/2011:11:10:22 +0100] "GET /livezilla/images/button_fav.gif HTTP/1.1" 200 1344 "http://chat.f-m-shop.de/livezilla/livezilla.php?template=lz_chat_frame.3.2.login.0.0" "Mozilla/5.0 (Macintosh; Intel Mac OS X 10_7_2) AppleWebKit/534.52.7 (KHTML, like Gecko) Version/5.1.2 Safari/534.52.7"
84.131.70.234 - - [16/Dec/2011:11:10:22 +0100] "GET /livezilla/images/chat_bg_navigation_dev.gif HTTP/1.1" 200 367 "http://chat.f-m-shop.de/livezilla/livezilla.php?template=lz_chat_frame.3.2.login.0.0" "Mozilla/5.0 (Macintosh; Intel Mac OS X 10_7_2) AppleWebKit/534.52.7 (KHTML, like Gecko) Version/5.1.2 Safari/534.52.7"
84.131.70.234 - - [16/Dec/2011:11:10:22 +0100] "GET /livezilla/images/chat_bg_navigation_right.gif HTTP/1.1" 200 675 "http://chat.f-m-shop.de/livezilla/livezilla.php?template=lz_chat_frame.3.2.login.0.0" "Mozilla/5.0 (Macintosh; Intel Mac OS X 10_7_2) AppleWebKit/534.52.7 (KHTML, like Gecko) Version/5.1.2 Safari/534.52.7"
84.131.70.234 - - [16/Dec/2011:11:10:22 +0100] "GET /livezilla/images/button_close.gif HTTP/1.1" 200 1239 "http://chat.f-m-shop.de/livezilla/livezilla.php?template=lz_chat_frame.3.2.login.0.0" "Mozilla/5.0 (Macintosh; Intel Mac OS X 10_7_2) AppleWebKit/534.52.7 (KHTML, like Gecko) Version/5.1.2 Safari/534.52.7"
84.131.70.234 - - [16/Dec/2011:11:10:22 +0100] "GET /livezilla/images/chat_bg_footer_top.gif HTTP/1.1" 200 858 "http://chat.f-m-shop.de/livezilla/livezilla.php?template=lz_chat_frame.3.2.login.2.0" "Mozilla/5.0 (Macintosh; Intel Mac OS X 10_7_2) AppleWebKit/534.52.7 (KHTML, like Gecko) Version/5.1.2 Safari/534.52.7"
84.131.70.234 - - [16/Dec/2011:11:10:21 +0100] "GET /livezilla/livezilla.php?template=lz_chat_frame.3.3 HTTP/1.1" 200 321 "http://chat.f-m-shop.de/livezilla/livezilla.php" "Mozilla/5.0 (Macintosh; Intel Mac OS X 10_7_2) AppleWebKit/534.52.7 (KHTML, like Gecko) Version/5.1.2 Safari/534.52.7"
84.131.70.234 - - [16/Dec/2011:11:10:21 +0100] "GET /livezilla/livezilla.php?template=lz_chat_frame.3.2.login.1.0& HTTP/1.1" 200 3689 "http://chat.f-m-shop.de/livezilla/livezilla.php?template=lz_chat_frame.3.2.login&" "Mozilla/5.0 (Macintosh; Intel Mac OS X 10_7_2) AppleWebKit/534.52.7 (KHTML, like Gecko) Version/5.1.2 Safari/534.52.7"
84.131.70.234 - - [16/Dec/2011:11:10:22 +0100] "GET /livezilla/images/icon_info.gif HTTP/1.1" 200 1703 "http://chat.f-m-shop.de/livezilla/livezilla.php?template=lz_chat_frame.3.2.login.1.0&" "Mozilla/5.0 (Macintosh; Intel Mac OS X 10_7_2) AppleWebKit/534.52.7 (KHTML, like Gecko) Version/5.1.2 Safari/534.52.7"
84.131.70.234 - - [16/Dec/2011:11:10:22 +0100] "GET /livezilla/images/chat_bg_navigation_sub.gif HTTP/1.1" 200 76 "http://chat.f-m-shop.de/livezilla/livezilla.php?template=lz_chat_frame.3.2.login.1.0&" "Mozilla/5.0 (Macintosh; Intel Mac OS X 10_7_2) AppleWebKit/534.52.7 (KHTML, like Gecko) Version/5.1.2 Safari/534.52.7"
84.131.70.234 - - [16/Dec/2011:11:10:22 +0100] "GET /livezilla/images/icon_network.gif HTTP/1.1" 200 354 "http://chat.f-m-shop.de/livezilla/livezilla.php?template=lz_chat_frame.3.2.login.1.0&" "Mozilla/5.0 (Macintosh; Intel Mac OS X 10_7_2) AppleWebKit/534.52.7 (KHTML, like Gecko) Version/5.1.2 Safari/534.52.7"
84.131.70.234 - - [16/Dec/2011:11:10:22 +0100] "GET /livezilla/images/lz_button.gif HTTP/1.1" 200 838 "http://chat.f-m-shop.de/livezilla/livezilla.php?template=lz_chat_frame.3.2.login.1.0&" "Mozilla/5.0 (Macintosh; Intel Mac OS X 10_7_2) AppleWebKit/534.52.7 (KHTML, like Gecko) Version/5.1.2 Safari/534.52.7"
84.131.70.234 - - [16/Dec/2011:11:10:22 +0100] "GET /livezilla/images/chat_bg_field.gif HTTP/1.1" 200 121 "http://chat.f-m-shop.de/livezilla/livezilla.php?template=lz_chat_frame.3.2.login.1.0&" "Mozilla/5.0 (Macintosh; Intel Mac OS X 10_7_2) AppleWebKit/534.52.7 (KHTML, like Gecko) Version/5.1.2 Safari/534.52.7"
84.131.70.234 - - [16/Dec/2011:11:10:22 +0100] "GET /livezilla/images/lz_button_extra.gif HTTP/1.1" 200 948 "http://chat.f-m-shop.de/livezilla/livezilla.php?template=lz_chat_frame.3.2.login.1.0&" "Mozilla/5.0 (Macintosh; Intel Mac OS X 10_7_2) AppleWebKit/534.52.7 (KHTML, like Gecko) Version/5.1.2 Safari/534.52.7"
84.131.70.234 - - [16/Dec/2011:11:10:22 +0100] "GET /livezilla/images/favicon.ico HTTP/1.1" 200 43302 "http://chat.f-m-shop.de/livezilla/livezilla.php" "Mozilla/5.0 (Macintosh; Intel Mac OS X 10_7_2) AppleWebKit/534.52.7 (KHTML, like Gecko) Version/5.1.2 Safari/534.52.7"
66.249.72.6 - - [16/Dec/2011:12:16:59 +0100] "GET /robots.txt HTTP/1.1" 404 - "-" "Mozilla/5.0 (compatible; Googlebot/2.1; +http://www.google.com/bot.html)"
66.249.71.18 - - [16/Dec/2011:12:16:59 +0100] "GET /livezilla/images/button_s1.gif HTTP/1.1" 200 1319 "-" "Googlebot-Image/1.0"
77.21.147.173 - - [16/Dec/2011:20:48:00 +0100] "GET /livezilla/livezilla.php HTTP/1.1" 200 90048 "-" "findlinks/2.0.2 (+http://wortschatz.uni-leipzig.de/findlinks/)"
77.21.147.173 - - [16/Dec/2011:20:48:00 +0100] "GET /livezilla/livezilla.php HTTP/1.1" 200 90048 "-" "findlinks/2.0.2 (+http://wortschatz.uni-leipzig.de/findlinks/)"
208.80.194.29 - - [17/Dec/2011:08:37:51 +0100] "GET / HTTP/1.0" 200 1244 "-" "Mozilla/4.0 (compatible; MSIE 6.0; Windows NT 5.1; SV1; Media Center PC 3.0; .NET CLR 1.0.3705; .NET CLR 1.1.4322; .NET CLR 2.0.50727; .NET CLR 3.0.04506.30; InfoPath.1)"
217.249.140.188 - - [17/Dec/2011:15:10:51 +0100] "GET /robots.txt HTTP/1.1" 404 - "-" "findlinks/2.0.2 (+http://wortschatz.uni-leipzig.de/findlinks/)"
213.186.122.3 - - [17/Dec/2011:17:16:54 +0100] "GET /robots.txt HTTP/1.1" 404 - "-" "Mozilla/5.0 (compatible; AhrefsBot/1.0; +http://ahrefs.com/robot/)"
213.186.122.3 - - [17/Dec/2011:17:16:55 +0100] "GET /livezilla/livezilla.php HTTP/1.1" 200 90048 "-" "Mozilla/5.0 (compatible; AhrefsBot/1.0; +http://ahrefs.com/robot/)"
66.249.71.169 - - [17/Dec/2011:18:13:55 +0100] "GET /robots.txt HTTP/1.1" 404 - "-" "Mozilla/5.0 (compatible; Googlebot/2.1; +http://www.google.com/bot.html)"
66.249.71.169 - - [17/Dec/2011:18:13:55 +0100] "GET / HTTP/1.1" 304 - "-" "Mozilla/5.0 (compatible; Googlebot/2.1; +http://www.google.com/bot.html)"
77.21.147.173 - - [18/Dec/2011:05:17:48 +0100] "GET /livezilla/livezilla.php HTTP/1.1" 200 90048 "-" "findlinks/2.0.2 (+http://wortschatz.uni-leipzig.de/findlinks/)"
77.21.147.173 - - [18/Dec/2011:05:17:49 +0100] "GET /livezilla/livezilla.php HTTP/1.1" 200 90048 "-" "findlinks/2.0.2 (+http://wortschatz.uni-leipzig.de/findlinks/)"
208.80.194.29 - - [18/Dec/2011:13:19:28 +0100] "GET / HTTP/1.0" 200 1244 "-" "Mozilla/4.0 (compatible; MSIE 7.0; Windows NT 5.1; .NET CLR 2.0.50215; .NET CLR 1.1.4322; ZangoToolbar 4.8.3)"
213.186.122.3 - - [19/Dec/2011:04:08:56 +0100] "GET /robots.txt HTTP/1.1" 404 - "-" "Mozilla/5.0 (compatible; AhrefsBot/1.0; +http://ahrefs.com/robot/)"
213.186.122.3 - - [19/Dec/2011:04:08:57 +0100] "GET /livezilla/livezilla.php HTTP/1.1" 200 90048 "-" "Mozilla/5.0 (compatible; AhrefsBot/1.0; +http://ahrefs.com/robot/)"
213.186.122.3 - - [19/Dec/2011:04:09:00 +0100] "GET /livezilla/livezilla.php?template=lz_chat_frame.1.0 HTTP/1.1" 200 344 "-" "Mozilla/5.0 (compatible; AhrefsBot/1.0; +http://ahrefs.com/robot/)"
208.80.194.36 - - [19/Dec/2011:17:56:21 +0100] "GET / HTTP/1.0" 200 1244 "-" "Mozilla/4.0 (compatible; MSIE 7.0; Windows NT 5.1; sbcydsl 3.12; .NET CLR 1.0.3705; .NET CLR 1.1.4322; yplus 3.01)"
139.18.2.17 - - [19/Dec/2011:18:27:07 +0100] "GET /livezilla/livezilla.php HTTP/1.1" 200 90048 "-" "findlinks/2.1.5 (+http://wortschatz.uni-leipzig.de/findlinks/)"
139.18.2.17 - - [19/Dec/2011:18:27:08 +0100] "GET /livezilla/livezilla.php HTTP/1.1" 200 90048 "-" "findlinks/2.1.5 (+http://wortschatz.uni-leipzig.de/findlinks/)"
130.83.167.153 - - [20/Dec/2011:01:25:36 +0100] "GET /robots.txt HTTP/1.1" 404 - "-" "findlinks/2.0.4 (+http://wortschatz.uni-leipzig.de/findlinks/)"
66.249.71.169 - - [20/Dec/2011:12:32:43 +0100] "GET /robots.txt HTTP/1.1" 404 - "-" "Mozilla/5.0 (compatible; Googlebot/2.1; +http://www.google.com/bot.html)"
66.249.71.169 - - [20/Dec/2011:12:32:43 +0100] "GET /livezilla/livezilla.php HTTP/1.1" 200 90048 "-" "Mozilla/5.0 (compatible; Googlebot/2.1; +http://www.google.com/bot.html)"
66.249.71.169 - - [20/Dec/2011:14:32:21 +0100] "GET /livezilla/livezilla.php?template=lz_chat_frame.3.0 HTTP/1.1" 200 321 "-" "Mozilla/5.0 (compatible; Googlebot/2.1; +http://www.google.com/bot.html)"
66.249.71.169 - - [20/Dec/2011:14:32:23 +0100] "GET /livezilla/livezilla.php?template=lz_chat_frame.2.0 HTTP/1.1" 200 344 "-" "Mozilla/5.0 (compatible; Googlebot/2.1; +http://www.google.com/bot.html)"
66.249.71.169 - - [20/Dec/2011:14:32:24 +0100] "GET /livezilla/livezilla.php?template=lz_chat_frame.3.2.login.2.0 HTTP/1.1" 200 361 "-" "Mozilla/5.0 (compatible; Googlebot/2.1; +http://www.google.com/bot.html)"
66.249.71.169 - - [20/Dec/2011:14:32:26 +0100] "GET /livezilla/livezilla.php?template=lz_chat_frame.3.2.login& HTTP/1.1" 200 1105 "-" "Mozilla/5.0 (compatible; Googlebot/2.1; +http://www.google.com/bot.html)"
66.249.71.169 - - [20/Dec/2011:14:32:27 +0100] "GET /livezilla/livezilla.php?template=lz_chat_frame.5.1 HTTP/1.1" 200 345 "-" "Mozilla/5.0 (compatible; Googlebot/2.1; +http://www.google.com/bot.html)"
66.249.71.169 - - [20/Dec/2011:14:32:29 +0100] "GET /livezilla/livezilla.php?template=lz_chat_frame.1.2 HTTP/1.1" 200 345 "-" "Mozilla/5.0 (compatible; Googlebot/2.1; +http://www.google.com/bot.html)"
66.249.71.169 - - [20/Dec/2011:14:32:31 +0100] "GET /livezilla/livezilla.php?template=lz_chat_frame.1.1& HTTP/1.1" 200 2385 "-" "Mozilla/5.0 (compatible; Googlebot/2.1; +http://www.google.com/bot.html)"
66.249.71.169 - - [20/Dec/2011:14:32:33 +0100] "GET /livezilla/livezilla.php?template=lz_chat_frame.2.2 HTTP/1.1" 200 345 "-" "Mozilla/5.0 (compatible; Googlebot/2.1; +http://www.google.com/bot.html)"
66.249.71.169 - - [20/Dec/2011:14:32:35 +0100] "GET /livezilla/livezilla.php?template=lz_chat_frame.0.1 HTTP/1.1" 200 343 "-" "Mozilla/5.0 (compatible; Googlebot/2.1; +http://www.google.com/bot.html)"
66.249.71.169 - - [20/Dec/2011:14:32:37 +0100] "GET /livezilla/livezilla.php?template=lz_chat_frame.3.2.login.0.0 HTTP/1.1" 200 1384 "-" "Mozilla/5.0 (compatible; Googlebot/2.1; +http://www.google.com/bot.html)"
66.249.71.169 - - [20/Dec/2011:14:32:39 +0100] "GET /livezilla/livezilla.php?template=lz_chat_frame.0.2 HTTP/1.1" 200 321 "-" "Mozilla/5.0 (compatible; Googlebot/2.1; +http://www.google.com/bot.html)"
66.249.71.169 - - [20/Dec/2011:14:32:41 +0100] "GET /livezilla/livezilla.php?template=lz_chat_frame.1.0 HTTP/1.1" 200 344 "-" "Mozilla/5.0 (compatible; Googlebot/2.1; +http://www.google.com/bot.html)"
66.249.71.169 - - [20/Dec/2011:14:32:43 +0100] "GET /livezilla/livezilla.php?template=lz_chat_frame.4.1 HTTP/1.1" 200 578 "-" "Mozilla/5.0 (compatible; Googlebot/2.1; +http://www.google.com/bot.html)"
66.249.71.169 - - [20/Dec/2011:14:32:45 +0100] "GET /livezilla/livezilla.php?template=lz_chat_frame.0.0 HTTP/1.1" 200 338 "-" "Mozilla/5.0 (compatible; Googlebot/2.1; +http://www.google.com/bot.html)"
66.249.71.169 - - [20/Dec/2011:14:32:47 +0100] "GET /livezilla/livezilla.php?template=lz_chat_frame.3.3 HTTP/1.1" 200 321 "-" "Mozilla/5.0 (compatible; Googlebot/2.1; +http://www.google.com/bot.html)"
66.249.71.169 - - [20/Dec/2011:14:32:48 +0100] "GET /livezilla/livezilla.php?template=lz_chat_frame.3.2.login.1.0& HTTP/1.1" 200 3689 "-" "Mozilla/5.0 (compatible; Googlebot/2.1; +http://www.google.com/bot.html)"
66.249.71.169 - - [20/Dec/2011:14:32:50 +0100] "GET /livezilla/images/carrier_logo.gif HTTP/1.1" 404 - "-" "Mozilla/5.0 (compatible; Googlebot/2.1; +http://www.google.com/bot.html)"
66.249.71.169 - - [20/Dec/2011:14:32:52 +0100] "GET /livezilla/templates/style.css HTTP/1.1" 200 9496 "-" "Mozilla/5.0 (compatible; Googlebot/2.1; +http://www.google.com/bot.html)"
208.80.194.30 - - [21/Dec/2011:21:57:13 +0100] "GET / HTTP/1.0" 200 1244 "-" "Mozilla/4.0 (compatible; MSIE 7.0; MSN 2.6; Windows NT 5.1; Compaq; FunWebProducts; PeoplePal 3.0)"
176.9.31.201 - - [22/Dec/2011:13:32:27 +0100] "GET /robots.txt HTTP/1.1" 404 - "-" "Pixray-Seeker/1.1 (Pixray-Seeker; crawler@pixray.com)"
176.9.31.201 - - [22/Dec/2011:13:32:27 +0100] "GET /livezilla/livezilla.php?template=lz_chat_frame.3.2.login.0.0 HTTP/1.1" 200 1384 "-" "Pixray-Seeker/1.1 (Pixray-Seeker; crawler@pixray.com)"
217.249.159.228 - - [22/Dec/2011:13:57:44 +0100] "GET /robots.txt HTTP/1.1" 404 - "-" "findlinks/2.0.2 (+http://wortschatz.uni-leipzig.de/findlinks/)"
208.80.194.26 - - [23/Dec/2011:09:49:39 +0100] "GET / HTTP/1.0" 200 1244 "-" "Mozilla/4.0 (compatible; MSIE 7.0; Windows NT 5.1; SIMBAR Enabled; SIMBAR={ED11B33E-AD52-4775-A0BE-E899E31A3B5C}; SIMBAR=0; .NET CLR 1.1.4322; IEMB3; IEMB3)"
208.80.194.30 - - [24/Dec/2011:23:57:58 +0100] "GET / HTTP/1.0" 200 1244 "-" "Mozilla/4.0 (compatible; MSIE 6.0; Windows NT 5.1; SV1; FunWebProducts; SIMBAR={8B3D2D18-B29F-4850-A559-D17525EE1D95}; .NET CLR 1.1.4322; ZangoToolbar 4.8.2; MSN 9.0;MSN 9.1; MSNbMSNI; MSNmen-us; MSNcOTH)"
208.80.194.35 - - [26/Dec/2011:06:02:07 +0100] "GET / HTTP/1.0" 200 1244 "-" "Mozilla/4.0 (compatible; MSIE 7.0; Windows NT 5.1; .NET CLR 1.1.4322; .NET CLR 2.0.50727; yplus 5.6.04b)"
173.236.21.106 - - [26/Dec/2011:16:32:19 +0100] "GET /robots.txt HTTP/1.0" 404 - "-" "Mozilla/5.0 (compatible; MJ12bot/v1.4.1; http://www.majestic12.co.uk/bot.php?+)"
173.236.21.106 - - [26/Dec/2011:16:32:20 +0100] "GET /livezilla/livezilla.php HTTP/1.0" 200 90200 "-" "Mozilla/5.0 (compatible; MJ12bot/v1.4.1; http://www.majestic12.co.uk/bot.php?+)"
66.249.71.169 - - [27/Dec/2011:08:41:06 +0100] "GET /robots.txt HTTP/1.1" 404 - "-" "Mozilla/5.0 (compatible; Googlebot/2.1; +http://www.google.com/bot.html)"
66.249.71.169 - - [27/Dec/2011:08:41:06 +0100] "GET / HTTP/1.1" 304 - "-" "Mozilla/5.0 (compatible; Googlebot/2.1; +http://www.google.com/bot.html)"
208.80.194.27 - - [27/Dec/2011:10:11:44 +0100] "GET / HTTP/1.0" 200 1244 "-" "Mozilla/4.0 (compatible; MSIE 6.0; Windows NT 5.1; SV1; FunWebProducts; .NET CLR 1.0.3705; .NET CLR 1.1.4322; Media Center PC 4.0; ZangoToolbar 4.8.3; yplus 5.6.03b)"
66.249.72.6 - - [27/Dec/2011:23:38:47 +0100] "GET /robots.txt HTTP/1.1" 404 - "-" "Mozilla/5.0 (compatible; Googlebot/2.1; +http://www.google.com/bot.html)"
66.249.72.6 - - [27/Dec/2011:23:38:47 +0100] "GET /livezilla/livezilla.php?template=lz_chat_frame.0.2 HTTP/1.1" 200 321 "-" "Mozilla/5.0 (compatible; Googlebot/2.1; +http://www.google.com/bot.html)"
66.249.72.6 - - [28/Dec/2011:00:02:56 +0100] "GET /livezilla/livezilla.php?template=lz_chat_frame.3.2.login.2.0 HTTP/1.1" 200 361 "-" "Mozilla/5.0 (compatible; Googlebot/2.1; +http://www.google.com/bot.html)"
208.80.194.26 - - [28/Dec/2011:15:03:07 +0100] "GET / HTTP/1.0" 200 1244 "-" "Mozilla/4.0 (compatible; MSIE 6.0; Windows NT 5.1; SV1; CyFair VFD 2815506663 Houston; .NET CLR 1.1.4322)"
66.249.71.169 - - [29/Dec/2011:05:34:43 +0100] "GET /robots.txt HTTP/1.1" 404 - "-" "Mozilla/5.0 (compatible; Googlebot/2.1; +http://www.google.com/bot.html)"
66.249.71.169 - - [29/Dec/2011:05:34:43 +0100] "GET /livezilla/livezilla.php?template=lz_chat_frame.0.1 HTTP/1.1" 200 343 "-" "Mozilla/5.0 (compatible; Googlebot/2.1; +http://www.google.com/bot.html)"
130.83.167.153 - - [29/Dec/2011:16:20:54 +0100] "GET /livezilla/livezilla.php HTTP/1.1" 200 90048 "-" "findlinks/2.0.4 (+http://wortschatz.uni-leipzig.de/findlinks/)"
130.83.167.153 - - [29/Dec/2011:16:20:54 +0100] "GET /livezilla/livezilla.php HTTP/1.1" 200 90048 "-" "findlinks/2.0.4 (+http://wortschatz.uni-leipzig.de/findlinks/)"
213.186.127.9 - - [29/Dec/2011:21:08:07 +0100] "GET /robots.txt HTTP/1.1" 404 - "-" "Mozilla/5.0 (compatible; AhrefsBot/2.0; +http://ahrefs.com/robot/)"
208.80.194.71 - - [30/Dec/2011:00:40:45 +0100] "GET / HTTP/1.0" 200 1244 "-" "Mozilla/4.0 (compatible; MSIE 7.0; Windows NT 6.0; SLCC1; .NET CLR 2.0.50727; Media Center PC 5.0; InfoPath.2; .NET CLR 3.0.04506)"
95.108.151.244 - - [30/Dec/2011:00:42:48 +0100] "GET /robots.txt HTTP/1.1" 404 - "-" "Mozilla/5.0 (compatible; YandexBot/3.0; +http://yandex.com/bots)"
95.108.151.244 - - [30/Dec/2011:00:42:48 +0100] "GET / HTTP/1.1" 200 1244 "-" "Mozilla/5.0 (compatible; YandexBot/3.0; +http://yandex.com/bots)"
95.108.151.244 - - [30/Dec/2011:00:42:50 +0100] "GET / HTTP/1.1" 200 1244 "-" "Mozilla/5.0 (compatible; YandexBot/3.0; +http://yandex.com/bots)"
77.21.147.173 - - [30/Dec/2011:15:30:01 +0100] "GET /robots.txt HTTP/1.1" 404 - "-" "findlinks/2.0.2 (+http://wortschatz.uni-leipzig.de/findlinks/)"
208.80.194.26 - - [31/Dec/2011:09:52:34 +0100] "GET / HTTP/1.0" 200 1244 "-" "Mozilla/4.0 (compatible; MSIE 7.0; Windows NT 5.1; SpamBlockerUtility 4.8.4; .NET CLR 2.0.50727)"