95.108.158.134 - - [01/Jan/2011:01:32:18 +0100] "GET / HTTP/1.1" 404 - "-" "Mozilla/5.0 (compatible; YandexBot/3.0; +http://yandex.com/bots)"
209.51.162.219 - - [01/Jan/2011:19:30:41 +0100] "GET /robots.txt HTTP/1.1" 404 - "-" "ShopWiki/1.0 ( +http://www.shopwiki.com/wiki/Help:Bot)"
208.80.194.34 - - [01/Jan/2011:21:12:21 +0100] "GET / HTTP/1.0" 404 - "-" "Mozilla/4.0 (compatible; MSIE 6.0; Windows NT 5.1; {E84FCE32-5FBB-4B5E-B526-E0A19A74662F}; SV1; .NET CLR 1.0.3705; Media Center PC 2.8)"
67.152.29.130 - - [02/Jan/2011:19:11:20 +0100] "GET /robots.txt HTTP/1.1" 404 - "-" "ShopWiki/1.0 ( +http://www.shopwiki.com/wiki/Help:Bot)"
95.108.158.134 - - [02/Jan/2011:20:02:33 +0100] "GET /robots.txt HTTP/1.1" 404 - "-" "Mozilla/5.0 (compatible; YandexBot/3.0; +http://yandex.com/bots)"
95.108.158.134 - - [03/Jan/2011:01:29:22 +0100] "GET / HTTP/1.1" 404 - "-" "Mozilla/5.0 (compatible; YandexBot/3.0; +http://yandex.com/bots)"
209.51.162.220 - - [03/Jan/2011:02:54:24 +0100] "GET /robots.txt HTTP/1.1" 404 - "-" "ShopWiki/1.0 ( +http://www.shopwiki.com/wiki/Help:Bot)"
67.195.115.30 - - [03/Jan/2011:07:15:33 +0100] "GET /robots.txt HTTP/1.0" 404 - "-" "Mozilla/5.0 (compatible; Yahoo! Slurp; http://help.yahoo.com/help/us/ysearch/slurp)"
67.195.115.30 - - [03/Jan/2011:07:15:34 +0100] "GET /livezilla/livezilla.php HTTP/1.0" 200 89940 "-" "Mozilla/5.0 (compatible; Yahoo! Slurp; http://help.yahoo.com/help/us/ysearch/slurp)"
67.195.115.30 - - [03/Jan/2011:07:15:35 +0100] "GET /livezilla/templates/nojava.html HTTP/1.0" 200 1088 "-" "Mozilla/5.0 (compatible; Yahoo! Slurp; http://help.yahoo.com/help/us/ysearch/slurp)"
208.80.194.34 - - [03/Jan/2011:08:01:05 +0100] "GET / HTTP/1.0" 404 - "-" "Mozilla/4.0 (compatible; MSIE 6.0; Windows NT 5.1; SV1; FunWebProducts; iebar; acc=kuwait150)"
150.70.172.107 - - [03/Jan/2011:10:44:52 +0100] "GET /livezilla/server.php?request=track&output=jscript&nse=0.05336146579881684 HTTP/1.0" 200 26976 "-" "Mozilla/4.0 (compatible; MSIE 6.0; Windows NT 5.1)"
209.51.162.219 - - [04/Jan/2011:05:06:06 +0100] "GET /robots.txt HTTP/1.1" 404 - "-" "ShopWiki/1.0 ( +http://www.shopwiki.com/wiki/Help:Bot)"
208.80.194.29 - - [04/Jan/2011:18:29:34 +0100] "GET / HTTP/1.0" 404 - "-" "Mozilla/4.0 (compatible; MSIE 7.0; Windows NT 5.1; .NET CLR 1.1.4322; .NET CLR 2.0.50727; Zango 10.0.275.0)"
207.46.204.193 - - [05/Jan/2011:01:08:04 +0100] "GET /robots.txt HTTP/1.1" 404 - "-" "Mozilla/5.0 (compatible; bingbot/2.0; +http://www.bing.com/bingbot.htm)"
207.46.204.193 - - [05/Jan/2011:01:13:53 +0100] "GET /livezilla/livezilla.php?template=lz_chat_frame.3.2.login.1.0& HTTP/1.1" 200 3689 "-" "Mozilla/5.0 (compatible; bingbot/2.0; +http://www.bing.com/bingbot.htm)"
207.46.204.193 - - [05/Jan/2011:01:13:53 +0100] "GET /livezilla/livezilla.php HTTP/1.1" 200 89940 "-" "Mozilla/5.0 (compatible; bingbot/2.0; +http://www.bing.com/bingbot.htm)"
95.108.158.134 - - [05/Jan/2011:01:46:27 +0100] "GET /robots.txt HTTP/1.1" 404 - "-" "Mozilla/5.0 (compatible; YandexBot/3.0; +http://yandex.com/bots)"
95.108.158.134 - - [05/Jan/2011:09:37:33 +0100] "GET / HTTP/1.1" 404 - "-" "Mozilla/5.0 (compatible; YandexBot/3.0; +http://yandex.com/bots)"
65.55.3.134 - - [05/Jan/2011:11:30:47 +0100] "GET /robots.txt HTTP/1.1" 404 - "-" "msnbot/2.0b (+http://search.msn.com/msnbot.htm)._"
65.55.3.134 - - [05/Jan/2011:11:30:47 +0100] "GET / HTTP/1.1" 404 - "-" "msnbot/2.0b (+http://search.msn.com/msnbot.htm)._"
209.51.162.220 - - [06/Jan/2011:04:49:08 +0100] "GET /robots.txt HTTP/1.1" 404 - "-" "ShopWiki/1.0 ( +http://www.shopwiki.com/wiki/Help:Bot)"
208.80.194.34 - - [06/Jan/2011:05:14:58 +0100] "GET / HTTP/1.0" 404 - "-" "Mozilla/4.0 (compatible; MSIE 6.0; Windows NT 5.1; SV1; YPC 3.0.3; Media Center PC 3.0; .NET CLR 1.0.3705)"
208.52.112.70 - - [06/Jan/2011:10:40:55 +0100] "GET /livezilla/livezilla.php HTTP/1.1" 200 89938 "-" "Mozilla/4.0 (compatible; MSIE 6.0; Windows NT 5.1; SV1; .NET CLR 1.1.4322)"
66.249.71.155 - - [06/Jan/2011:13:13:54 +0100] "GET /robots.txt HTTP/1.1" 404 - "-" "Mozilla/5.0 (compatible; Googlebot/2.1; +http://www.google.com/bot.html)"
66.249.71.155 - - [06/Jan/2011:13:13:54 +0100] "GET /livezilla/livezilla.php?template=lz_chat_frame.5.1 HTTP/1.1" 200 345 "-" "Mozilla/5.0 (compatible; Googlebot/2.1; +http://www.google.com/bot.html)"
95.108.158.134 - - [07/Jan/2011:05:07:02 +0100] "GET /robots.txt HTTP/1.1" 404 - "-" "Mozilla/5.0 (compatible; YandexBot/3.0; +http://yandex.com/bots)"
209.51.162.220 - - [07/Jan/2011:06:58:42 +0100] "GET /robots.txt HTTP/1.1" 404 - "-" "ShopWiki/1.0 ( +http://www.shopwiki.com/wiki/Help:Bot)"
95.108.158.134 - - [07/Jan/2011:11:58:34 +0100] "GET / HTTP/1.1" 404 - "-" "Mozilla/5.0 (compatible; YandexBot/3.0; +http://yandex.com/bots)"
67.152.29.130 - - [07/Jan/2011:13:10:08 +0100] "GET /robots.txt HTTP/1.1" 404 - "-" "ShopWiki/1.0 ( +http://www.shopwiki.com/wiki/Help:Bot)"
8.11.2.10 - - [07/Jan/2011:16:14:13 +0100] "GET /robots.txt HTTP/1.1" 404 - "-" "ShopWiki/1.0 ( +http://www.shopwiki.com/wiki/Help:Bot)"
208.80.194.36 - - [07/Jan/2011:16:24:25 +0100] "GET / HTTP/1.0" 404 - "-" "Mozilla/4.0 (compatible; MSIE 7.0; Windows NT 5.1; IEMB3; .NET CLR 1.0.3705; .NET CLR 1.1.4322; Media Center PC 4.0; .NET CLR 2.0.50727; ZangoToolbar 4.8.3)"
208.80.194.35 - - [09/Jan/2011:03:28:29 +0100] "GET / HTTP/1.0" 404 - "-" "Mozilla/4.0 (compatible; MSIE 6.0; Windows 98; Win 9x 4.90; FunWebProducts; .NET CLR 1.1.4322; HbTools 4.8.4)"
209.51.162.220 - - [09/Jan/2011:07:09:24 +0100] "GET /robots.txt HTTP/1.1" 404 - "-" "ShopWiki/1.0 ( +http://www.shopwiki.com/wiki/Help:Bot)"
66.249.71.155 - - [09/Jan/2011:15:13:55 +0100] "GET /robots.txt HTTP/1.1" 404 - "-" "Mozilla/5.0 (compatible; Googlebot/2.1; +http://www.google.com/bot.html)"
66.249.71.155 - - [09/Jan/2011:15:13:55 +0100] "GET /livezilla/server.php?request=track&output=jscript&nse= HTTP/1.1" 200 26976 "-" "Mozilla/5.0 (compatible; Googlebot/2.1; +http://www.google.com/bot.html)"
95.108.158.134 - - [09/Jan/2011:20:51:35 +0100] "GET /robots.txt HTTP/1.1" 404 - "-" "Mozilla/5.0 (compatible; YandexBot/3.0; +http://yandex.com/bots)"
95.108.158.134 - - [10/Jan/2011:01:20:34 +0100] "GET / HTTP/1.1" 404 - "-" "Mozilla/5.0 (compatible; YandexBot/3.0; +http://yandex.com/bots)"
65.55.3.134 - - [10/Jan/2011:13:22:37 +0100] "GET /robots.txt HTTP/1.1" 404 - "-" "msnbot/2.0b (+http://search.msn.com/msnbot.htm)._"
65.55.3.134 - - [10/Jan/2011:13:22:37 +0100] "GET / HTTP/1.1" 404 - "-" "msnbot/2.0b (+http://search.msn.com/msnbot.htm)._"
208.80.194.27 - - [10/Jan/2011:14:37:20 +0100] "GET / HTTP/1.0" 404 - "-" "Mozilla/4.0 (compatible; MSIE 7.0; Windows NT 5.1; SU 2.009; .NET CLR 1.1.4322; .NET CLR 2.0.50727)"
67.152.29.130 - - [10/Jan/2011:14:57:39 +0100] "GET /robots.txt HTTP/1.1" 404 - "-" "ShopWiki/1.0 ( +http://www.shopwiki.com/wiki/Help:Bot)"
209.51.162.219 - - [11/Jan/2011:01:27:25 +0100] "GET /robots.txt HTTP/1.1" 404 - "-" "ShopWiki/1.0 ( +http://www.shopwiki.com/wiki/Help:Bot)"
67.195.115.30 - - [11/Jan/2011:03:32:45 +0100] "GET /robots.txt HTTP/1.0" 404 - "-" "Mozilla/5.0 (compatible; Yahoo! Slurp; http://help.yahoo.com/help/us/ysearch/slurp)"
67.195.115.30 - - [11/Jan/2011:03:32:46 +0100] "GET /livezilla/livezilla.php HTTP/1.0" 200 89940 "-" "Mozilla/5.0 (compatible; Yahoo! Slurp; http://help.yahoo.com/help/us/ysearch/slurp)"
67.195.115.30 - - [11/Jan/2011:03:32:48 +0100] "GET /livezilla/templates/nojava.html HTTP/1.0" 200 1088 "-" "Mozilla/5.0 (compatible; Yahoo! Slurp; http://help.yahoo.com/help/us/ysearch/slurp)"
209.51.162.219 - - [11/Jan/2011:12:56:21 +0100] "GET /robots.txt HTTP/1.1" 404 - "-" "ShopWiki/1.0 ( +http://www.shopwiki.com/wiki/Help:Bot)"
209.51.162.219 - - [11/Jan/2011:17:49:45 +0100] "GET /robots.txt HTTP/1.1" 404 - "-" "ShopWiki/1.0 ( +http://www.shopwiki.com/wiki/Help:Bot)"
209.51.162.219 - - [11/Jan/2011:22:52:23 +0100] "GET /robots.txt HTTP/1.1" 404 - "-" "ShopWiki/1.0 ( +http://www.shopwiki.com/wiki/Help:Bot)"
8.11.2.10 - - [12/Jan/2011:16:13:55 +0100] "GET /robots.txt HTTP/1.1" 404 - "-" "ShopWiki/1.0 ( +http://www.shopwiki.com/wiki/Help:Bot)"
209.51.162.219 - - [12/Jan/2011:20:01:57 +0100] "GET /robots.txt HTTP/1.1" 404 - "-" "ShopWiki/1.0 ( +http://www.shopwiki.com/wiki/Help:Bot)"
194.78.31.59 - - [13/Jan/2011:01:48:00 +0100] "GET / HTTP/1.1" 404 - "-" "Java/1.6.0_23"
209.51.162.220 - - [13/Jan/2011:06:27:32 +0100] "GET /robots.txt HTTP/1.1" 404 - "-" "ShopWiki/1.0 ( +http://www.shopwiki.com/wiki/Help:Bot)"
209.51.162.219 - - [13/Jan/2011:12:44:09 +0100] "GET /robots.txt HTTP/1.1" 404 - "-" "ShopWiki/1.0 ( +http://www.shopwiki.com/wiki/Help:Bot)"
208.80.194.26 - - [13/Jan/2011:13:32:31 +0100] "GET / HTTP/1.0" 404 - "-" "Mozilla/4.0 (compatible; MSIE 7.0; Windows NT 5.1; CCTB 1.2; .NET CLR 1.1.4322)"
67.152.29.130 - - [13/Jan/2011:18:02:41 +0100] "GET /robots.txt HTTP/1.1" 404 - "-" "ShopWiki/1.0 ( +http://www.shopwiki.com/wiki/Help:Bot)"
209.51.162.220 - - [13/Jan/2011:23:56:28 +0100] "GET /robots.txt HTTP/1.1" 404 - "-" "ShopWiki/1.0 ( +http://www.shopwiki.com/wiki/Help:Bot)"
209.51.162.219 - - [14/Jan/2011:06:57:39 +0100] "GET /robots.txt HTTP/1.1" 404 - "-" "ShopWiki/1.0 ( +http://www.shopwiki.com/wiki/Help:Bot)"
209.51.162.220 - - [14/Jan/2011:11:16:20 +0100] "GET /robots.txt HTTP/1.1" 404 - "-" "ShopWiki/1.0 ( +http://www.shopwiki.com/wiki/Help:Bot)"
66.249.71.155 - - [14/Jan/2011:11:36:33 +0100] "GET /robots.txt HTTP/1.1" 404 - "-" "Mozilla/5.0 (compatible; Googlebot/2.1; +http://www.google.com/bot.html)"
66.249.71.155 - - [14/Jan/2011:11:36:33 +0100] "GET /livezilla/livezilla.php?template=lz_chat_frame.0.2 HTTP/1.1" 200 321 "-" "Mozilla/5.0 (compatible; Googlebot/2.1; +http://www.google.com/bot.html)"
84.132.52.86 - - [14/Jan/2011:11:51:58 +0100] "GET /livezilla/livezilla.php HTTP/1.1" 200 90096 "http://www.f-m-shop.de/seiten/prod_detail_neuer.cfm?kat=NETLROU&nav=2&artnr=A%20%2033872" "Mozilla/5.0 (Windows; U; Windows NT 6.1; de; rv:1.9.2.13) Gecko/20101203 Firefox/3.6.13"
84.132.52.86 - - [14/Jan/2011:11:51:59 +0100] "GET /livezilla/templates/style.css HTTP/1.1" 200 9496 "http://chat.f-m-shop.de/livezilla/livezilla.php" "Mozilla/5.0 (Windows; U; Windows NT 6.1; de; rv:1.9.2.13) Gecko/20101203 Firefox/3.6.13"
84.132.52.86 - - [14/Jan/2011:11:51:59 +0100] "GET /livezilla/images/favicon.ico HTTP/1.1" 200 43302 "-" "Mozilla/5.0 (Windows; U; Windows NT 6.1; de; rv:1.9.2.13) Gecko/20101203 Firefox/3.6.13"
84.132.52.86 - - [14/Jan/2011:11:51:59 +0100] "GET /livezilla/livezilla.php?template=lz_chat_frame.0.0 HTTP/1.1" 200 338 "http://chat.f-m-shop.de/livezilla/livezilla.php" "Mozilla/5.0 (Windows; U; Windows NT 6.1; de; rv:1.9.2.13) Gecko/20101203 Firefox/3.6.13"
84.132.52.86 - - [14/Jan/2011:11:51:59 +0100] "GET /livezilla/livezilla.php?template=lz_chat_frame.1.0 HTTP/1.1" 200 344 "http://chat.f-m-shop.de/livezilla/livezilla.php" "Mozilla/5.0 (Windows; U; Windows NT 6.1; de; rv:1.9.2.13) Gecko/20101203 Firefox/3.6.13"
84.132.52.86 - - [14/Jan/2011:11:51:59 +0100] "GET /livezilla/livezilla.php?template=lz_chat_frame.0.1 HTTP/1.1" 200 343 "http://chat.f-m-shop.de/livezilla/livezilla.php" "Mozilla/5.0 (Windows; U; Windows NT 6.1; de; rv:1.9.2.13) Gecko/20101203 Firefox/3.6.13"
84.132.52.86 - - [14/Jan/2011:11:51:59 +0100] "GET /livezilla/livezilla.php?template=lz_chat_frame.0.2 HTTP/1.1" 200 321 "http://chat.f-m-shop.de/livezilla/livezilla.php" "Mozilla/5.0 (Windows; U; Windows NT 6.1; de; rv:1.9.2.13) Gecko/20101203 Firefox/3.6.13"
84.132.52.86 - - [14/Jan/2011:11:52:00 +0100] "GET /livezilla/livezilla.php?template=lz_chat_frame.4.1 HTTP/1.1" 200 578 "http://chat.f-m-shop.de/livezilla/livezilla.php" "Mozilla/5.0 (Windows; U; Windows NT 6.1; de; rv:1.9.2.13) Gecko/20101203 Firefox/3.6.13"
84.132.52.86 - - [14/Jan/2011:11:52:00 +0100] "GET /livezilla/livezilla.php?template=lz_chat_frame.1.1& HTTP/1.1" 200 2407 "http://chat.f-m-shop.de/livezilla/livezilla.php" "Mozilla/5.0 (Windows; U; Windows NT 6.1; de; rv:1.9.2.13) Gecko/20101203 Firefox/3.6.13"
84.132.52.86 - - [14/Jan/2011:11:51:59 +0100] "GET /livezilla/livezilla.php?template=lz_chat_frame.2.0 HTTP/1.1" 200 344 "http://chat.f-m-shop.de/livezilla/livezilla.php" "Mozilla/5.0 (Windows; U; Windows NT 6.1; de; rv:1.9.2.13) Gecko/20101203 Firefox/3.6.13"
84.132.52.86 - - [14/Jan/2011:11:52:00 +0100] "GET /livezilla/livezilla.php?template=lz_chat_frame.1.2 HTTP/1.1" 200 345 "http://chat.f-m-shop.de/livezilla/livezilla.php" "Mozilla/5.0 (Windows; U; Windows NT 6.1; de; rv:1.9.2.13) Gecko/20101203 Firefox/3.6.13"
84.132.52.86 - - [14/Jan/2011:11:52:00 +0100] "GET /livezilla/livezilla.php?template=lz_chat_frame.2.2 HTTP/1.1" 200 345 "http://chat.f-m-shop.de/livezilla/livezilla.php" "Mozilla/5.0 (Windows; U; Windows NT 6.1; de; rv:1.9.2.13) Gecko/20101203 Firefox/3.6.13"
84.132.52.86 - - [14/Jan/2011:11:52:00 +0100] "GET /livezilla/livezilla.php?template=lz_chat_frame.3.2.login& HTTP/1.1" 200 1105 "http://chat.f-m-shop.de/livezilla/livezilla.php" "Mozilla/5.0 (Windows; U; Windows NT 6.1; de; rv:1.9.2.13) Gecko/20101203 Firefox/3.6.13"
84.132.52.86 - - [14/Jan/2011:11:52:00 +0100] "GET /livezilla/livezilla.php?template=lz_chat_frame.5.1 HTTP/1.1" 200 345 "http://chat.f-m-shop.de/livezilla/livezilla.php" "Mozilla/5.0 (Windows; U; Windows NT 6.1; de; rv:1.9.2.13) Gecko/20101203 Firefox/3.6.13"
84.132.52.86 - - [14/Jan/2011:11:52:01 +0100] "GET /livezilla/images/icon_vcard.gif HTTP/1.1" 200 559 "http://chat.f-m-shop.de/livezilla/livezilla.php?template=lz_chat_frame.1.1&" "Mozilla/5.0 (Windows; U; Windows NT 6.1; de; rv:1.9.2.13) Gecko/20101203 Firefox/3.6.13"
84.132.52.86 - - [14/Jan/2011:11:52:00 +0100] "GET /livezilla/livezilla.php?template=lz_chat_frame.3.0 HTTP/1.1" 200 321 "http://chat.f-m-shop.de/livezilla/livezilla.php" "Mozilla/5.0 (Windows; U; Windows NT 6.1; de; rv:1.9.2.13) Gecko/20101203 Firefox/3.6.13"
84.132.52.86 - - [14/Jan/2011:11:52:01 +0100] "GET /livezilla/livezilla.php?template=lz_chat_frame.3.3 HTTP/1.1" 200 321 "http://chat.f-m-shop.de/livezilla/livezilla.php" "Mozilla/5.0 (Windows; U; Windows NT 6.1; de; rv:1.9.2.13) Gecko/20101203 Firefox/3.6.13"
84.132.52.86 - - [14/Jan/2011:11:52:01 +0100] "GET /livezilla/images/icon_typing.gif HTTP/1.1" 200 1106 "http://chat.f-m-shop.de/livezilla/livezilla.php?template=lz_chat_frame.1.1&" "Mozilla/5.0 (Windows; U; Windows NT 6.1; de; rv:1.9.2.13) Gecko/20101203 Firefox/3.6.13"
84.132.52.86 - - [14/Jan/2011:11:52:01 +0100] "GET /livezilla/images/lz_header.gif HTTP/1.1" 200 7285 "http://chat.f-m-shop.de/livezilla/livezilla.php?template=lz_chat_frame.1.1&" "Mozilla/5.0 (Windows; U; Windows NT 6.1; de; rv:1.9.2.13) Gecko/20101203 Firefox/3.6.13"
84.132.52.86 - - [14/Jan/2011:11:52:01 +0100] "GET /livezilla/livezilla.php?template=lz_chat_frame.3.2.login.0.0 HTTP/1.1" 200 1427 "http://chat.f-m-shop.de/livezilla/livezilla.php?template=lz_chat_frame.3.2.login&" "Mozilla/5.0 (Windows; U; Windows NT 6.1; de; rv:1.9.2.13) Gecko/20101203 Firefox/3.6.13"
84.132.52.86 - - [14/Jan/2011:11:52:01 +0100] "GET /livezilla/images/chat_bg_footer.gif HTTP/1.1" 200 194 "http://chat.f-m-shop.de/livezilla/templates/style.css" "Mozilla/5.0 (Windows; U; Windows NT 6.1; de; rv:1.9.2.13) Gecko/20101203 Firefox/3.6.13"
84.132.52.86 - - [14/Jan/2011:11:52:01 +0100] "GET /livezilla/livezilla.php?template=lz_chat_frame.3.2.login.1.0& HTTP/1.1" 200 3689 "http://chat.f-m-shop.de/livezilla/livezilla.php?template=lz_chat_frame.3.2.login&" "Mozilla/5.0 (Windows; U; Windows NT 6.1; de; rv:1.9.2.13) Gecko/20101203 Firefox/3.6.13"
84.132.52.86 - - [14/Jan/2011:11:52:01 +0100] "GET /livezilla/images/carrier_logo.gif HTTP/1.1" 404 - "http://chat.f-m-shop.de/livezilla/livezilla.php?template=lz_chat_frame.1.1&" "Mozilla/5.0 (Windows; U; Windows NT 6.1; de; rv:1.9.2.13) Gecko/20101203 Firefox/3.6.13"
84.132.52.86 - - [14/Jan/2011:11:52:01 +0100] "GET /livezilla/livezilla.php?template=lz_chat_frame.3.2.login.2.0 HTTP/1.1" 200 361 "http://chat.f-m-shop.de/livezilla/livezilla.php?template=lz_chat_frame.3.2.login&" "Mozilla/5.0 (Windows; U; Windows NT 6.1; de; rv:1.9.2.13) Gecko/20101203 Firefox/3.6.13"
84.132.52.86 - - [14/Jan/2011:11:52:01 +0100] "GET /livezilla/images/chat_bg_navigation_left.gif HTTP/1.1" 200 1078 "http://chat.f-m-shop.de/livezilla/livezilla.php?template=lz_chat_frame.3.2.login.0.0" "Mozilla/5.0 (Windows; U; Windows NT 6.1; de; rv:1.9.2.13) Gecko/20101203 Firefox/3.6.13"
84.132.52.86 - - [14/Jan/2011:11:52:01 +0100] "GET /livezilla/images/chat_bg_navigation_dev.gif HTTP/1.1" 200 367 "http://chat.f-m-shop.de/livezilla/livezilla.php?template=lz_chat_frame.3.2.login.0.0" "Mozilla/5.0 (Windows; U; Windows NT 6.1; de; rv:1.9.2.13) Gecko/20101203 Firefox/3.6.13"
84.132.52.86 - - [14/Jan/2011:11:52:01 +0100] "GET /livezilla/images/chat_bg_navigation_right.gif HTTP/1.1" 200 675 "http://chat.f-m-shop.de/livezilla/livezilla.php?template=lz_chat_frame.3.2.login.0.0" "Mozilla/5.0 (Windows; U; Windows NT 6.1; de; rv:1.9.2.13) Gecko/20101203 Firefox/3.6.13"
84.132.52.86 - - [14/Jan/2011:11:52:01 +0100] "GET /livezilla/intern_images/nopic.jpg HTTP/1.1" 200 3599 "http://chat.f-m-shop.de/livezilla/livezilla.php?template=lz_chat_frame.1.1&" "Mozilla/5.0 (Windows; U; Windows NT 6.1; de; rv:1.9.2.13) Gecko/20101203 Firefox/3.6.13"
84.132.52.86 - - [14/Jan/2011:11:52:01 +0100] "GET /livezilla/images/lz_rep_bg_left.gif HTTP/1.1" 200 593 "http://chat.f-m-shop.de/livezilla/livezilla.php?template=lz_chat_frame.1.1&" "Mozilla/5.0 (Windows; U; Windows NT 6.1; de; rv:1.9.2.13) Gecko/20101203 Firefox/3.6.13"
84.132.52.86 - - [14/Jan/2011:11:52:01 +0100] "GET /livezilla/images/lz_rep_bg.gif HTTP/1.1" 200 320 "http://chat.f-m-shop.de/livezilla/livezilla.php?template=lz_chat_frame.1.1&" "Mozilla/5.0 (Windows; U; Windows NT 6.1; de; rv:1.9.2.13) Gecko/20101203 Firefox/3.6.13"
84.132.52.86 - - [14/Jan/2011:11:52:01 +0100] "GET /livezilla/images/lz_rep_bg_right.gif HTTP/1.1" 200 590 "http://chat.f-m-shop.de/livezilla/livezilla.php?template=lz_chat_frame.1.1&" "Mozilla/5.0 (Windows; U; Windows NT 6.1; de; rv:1.9.2.13) Gecko/20101203 Firefox/3.6.13"
84.132.52.86 - - [14/Jan/2011:11:52:01 +0100] "GET /livezilla/images/icon_info.gif HTTP/1.1" 200 1703 "http://chat.f-m-shop.de/livezilla/livezilla.php?template=lz_chat_frame.3.2.login.1.0&" "Mozilla/5.0 (Windows; U; Windows NT 6.1; de; rv:1.9.2.13) Gecko/20101203 Firefox/3.6.13"
84.132.52.86 - - [14/Jan/2011:11:52:01 +0100] "GET /livezilla/images/button_fav.gif HTTP/1.1" 200 1344 "http://chat.f-m-shop.de/livezilla/livezilla.php?template=lz_chat_frame.3.2.login.0.0" "Mozilla/5.0 (Windows; U; Windows NT 6.1; de; rv:1.9.2.13) Gecko/20101203 Firefox/3.6.13"
84.132.52.86 - - [14/Jan/2011:11:52:01 +0100] "GET /livezilla/images/button_close.gif HTTP/1.1" 200 1239 "http://chat.f-m-shop.de/livezilla/livezilla.php?template=lz_chat_frame.3.2.login.0.0" "Mozilla/5.0 (Windows; U; Windows NT 6.1; de; rv:1.9.2.13) Gecko/20101203 Firefox/3.6.13"
84.132.52.86 - - [14/Jan/2011:11:52:01 +0100] "GET /livezilla/images/chat_bg_navigation.gif HTTP/1.1" 200 258 "http://chat.f-m-shop.de/livezilla/templates/style.css" "Mozilla/5.0 (Windows; U; Windows NT 6.1; de; rv:1.9.2.13) Gecko/20101203 Firefox/3.6.13"
84.132.52.86 - - [14/Jan/2011:11:52:01 +0100] "GET /livezilla/images/chat_bg_footer_top.gif HTTP/1.1" 200 858 "http://chat.f-m-shop.de/livezilla/templates/style.css" "Mozilla/5.0 (Windows; U; Windows NT 6.1; de; rv:1.9.2.13) Gecko/20101203 Firefox/3.6.13"
84.132.52.86 - - [14/Jan/2011:11:52:01 +0100] "GET /livezilla/images/icon_network.gif HTTP/1.1" 200 354 "http://chat.f-m-shop.de/livezilla/livezilla.php?template=lz_chat_frame.3.2.login.1.0&" "Mozilla/5.0 (Windows; U; Windows NT 6.1; de; rv:1.9.2.13) Gecko/20101203 Firefox/3.6.13"
84.132.52.86 - - [14/Jan/2011:11:52:01 +0100] "GET /livezilla/images/lz_button.gif HTTP/1.1" 200 838 "http://chat.f-m-shop.de/livezilla/templates/style.css" "Mozilla/5.0 (Windows; U; Windows NT 6.1; de; rv:1.9.2.13) Gecko/20101203 Firefox/3.6.13"
84.132.52.86 - - [14/Jan/2011:11:52:01 +0100] "GET /livezilla/images/chat_bg_navigation_sub.gif HTTP/1.1" 200 76 "http://chat.f-m-shop.de/livezilla/templates/style.css" "Mozilla/5.0 (Windows; U; Windows NT 6.1; de; rv:1.9.2.13) Gecko/20101203 Firefox/3.6.13"
84.132.52.86 - - [14/Jan/2011:11:52:01 +0100] "GET /livezilla/templates/nojava.html HTTP/1.1" 200 1088 "-" "Mozilla/5.0 (Windows; U; Windows NT 6.1; de; rv:1.9.2.13) Gecko/20101203 Firefox/3.6.13"
84.132.52.86 - - [14/Jan/2011:11:52:01 +0100] "GET /favicon.ico HTTP/1.1" 404 - "-" "Mozilla/5.0 (Windows; U; Windows NT 6.1; de; rv:1.9.2.13) Gecko/20101203 Firefox/3.6.13"
84.132.52.86 - - [14/Jan/2011:11:52:02 +0100] "GET /favicon.ico HTTP/1.1" 404 - "-" "Mozilla/5.0 (Windows; U; Windows NT 6.1; de; rv:1.9.2.13) Gecko/20101203 Firefox/3.6.13"
84.132.52.86 - - [14/Jan/2011:11:52:02 +0100] "GET /favicon.ico HTTP/1.1" 404 - "-" "Mozilla/5.0 (Windows; U; Windows NT 6.1; de; rv:1.9.2.13) Gecko/20101203 Firefox/3.6.13"
84.132.52.86 - - [14/Jan/2011:11:52:09 +0100] "GET /livezilla/templates/nojava.html HTTP/1.1" 304 - "-" "Mozilla/5.0 (Windows; U; Windows NT 6.1; de; rv:1.9.2.13) Gecko/20101203 Firefox/3.6.13"
67.152.29.130 - - [14/Jan/2011:14:24:29 +0100] "GET /robots.txt HTTP/1.1" 404 - "-" "ShopWiki/1.0 ( +http://www.shopwiki.com/wiki/Help:Bot)"
209.51.162.220 - - [14/Jan/2011:17:58:22 +0100] "GET /robots.txt HTTP/1.1" 404 - "-" "ShopWiki/1.0 ( +http://www.shopwiki.com/wiki/Help:Bot)"
66.29.219.12 - - [14/Jan/2011:22:08:44 +0100] "GET /livezilla/server.php?request=track&output=jscript&nse= HTTP/1.1" 200 26976 "-" "Mozilla/5.0 (compatible; Qualidator.com Bot 1.0;)"
209.51.162.220 - - [14/Jan/2011:23:13:05 +0100] "GET /robots.txt HTTP/1.1" 404 - "-" "ShopWiki/1.0 ( +http://www.shopwiki.com/wiki/Help:Bot)"
208.80.194.32 - - [15/Jan/2011:00:53:02 +0100] "GET / HTTP/1.0" 404 - "-" "Mozilla/4.0 (compatible; MSIE 6.0; Windows 98; Win 9x 4.90; Cox High Speed Internet Customer; .NET CLR 1.1.4322)"
95.108.158.134 - - [15/Jan/2011:03:05:24 +0100] "GET /robots.txt HTTP/1.1" 404 - "-" "Mozilla/5.0 (compatible; YandexBot/3.0; +http://yandex.com/bots)"
209.51.162.220 - - [15/Jan/2011:03:54:10 +0100] "GET /robots.txt HTTP/1.1" 404 - "-" "ShopWiki/1.0 ( +http://www.shopwiki.com/wiki/Help:Bot)"
209.51.162.220 - - [15/Jan/2011:04:34:43 +0100] "GET /livezilla/livezilla.php HTTP/1.1" 200 90096 "-" "ShopWiki/1.0 ( +http://www.shopwiki.com/wiki/Help:Bot)"
209.51.162.220 - - [15/Jan/2011:04:34:44 +0100] "GET /livezilla/templates/style.css HTTP/1.1" 200 9496 "-" "ShopWiki/1.0 ( +http://www.shopwiki.com/wiki/Help:Bot)"
67.152.29.130 - - [15/Jan/2011:05:46:38 +0100] "GET /livezilla/livezilla.php?template=lz_chat_frame.3.3 HTTP/1.1" 200 321 "-" "ShopWiki/1.0 ( +http://www.shopwiki.com/wiki/Help:Bot)"
67.152.29.130 - - [15/Jan/2011:05:46:38 +0100] "GET /livezilla/templates/style.css HTTP/1.1" 200 9496 "-" "ShopWiki/1.0 ( +http://www.shopwiki.com/wiki/Help:Bot)"
67.152.29.130 - - [15/Jan/2011:05:46:41 +0100] "GET /livezilla/livezilla.php?template=lz_chat_frame.3.0 HTTP/1.1" 200 321 "-" "ShopWiki/1.0 ( +http://www.shopwiki.com/wiki/Help:Bot)"
67.152.29.130 - - [15/Jan/2011:05:46:43 +0100] "GET /livezilla/livezilla.php?template=lz_chat_frame.2.0 HTTP/1.1" 200 344 "-" "ShopWiki/1.0 ( +http://www.shopwiki.com/wiki/Help:Bot)"
67.152.29.130 - - [15/Jan/2011:05:46:44 +0100] "GET /livezilla/livezilla.php?template=lz_chat_frame.2.2 HTTP/1.1" 200 345 "-" "ShopWiki/1.0 ( +http://www.shopwiki.com/wiki/Help:Bot)"
8.11.2.10 - - [15/Jan/2011:05:46:59 +0100] "GET /livezilla/livezilla.php?template=lz_chat_frame.5.1 HTTP/1.1" 200 345 "-" "ShopWiki/1.0 ( +http://www.shopwiki.com/wiki/Help:Bot)"
8.11.2.10 - - [15/Jan/2011:05:47:03 +0100] "GET /livezilla/livezilla.php?template=lz_chat_frame.1.1 HTTP/1.1" 200 2407 "-" "ShopWiki/1.0 ( +http://www.shopwiki.com/wiki/Help:Bot)"
8.11.2.10 - - [15/Jan/2011:05:47:07 +0100] "GET /livezilla/livezilla.php?template=lz_chat_frame.0.0 HTTP/1.1" 200 338 "-" "ShopWiki/1.0 ( +http://www.shopwiki.com/wiki/Help:Bot)"
8.11.2.10 - - [15/Jan/2011:05:47:08 +0100] "GET /livezilla/livezilla.php?template=lz_chat_frame.0.2 HTTP/1.1" 200 321 "-" "ShopWiki/1.0 ( +http://www.shopwiki.com/wiki/Help:Bot)"
8.11.2.10 - - [15/Jan/2011:05:47:11 +0100] "GET /livezilla/livezilla.php?template=lz_chat_frame.0.1 HTTP/1.1" 200 343 "-" "ShopWiki/1.0 ( +http://www.shopwiki.com/wiki/Help:Bot)"
8.11.2.10 - - [15/Jan/2011:05:47:12 +0100] "GET /livezilla/livezilla.php?template=lz_chat_frame.4.1 HTTP/1.1" 200 578 "-" "ShopWiki/1.0 ( +http://www.shopwiki.com/wiki/Help:Bot)"
8.11.2.10 - - [15/Jan/2011:05:47:13 +0100] "GET /livezilla/livezilla.php?template=lz_chat_frame.1.0 HTTP/1.1" 200 344 "-" "ShopWiki/1.0 ( +http://www.shopwiki.com/wiki/Help:Bot)"
8.11.2.10 - - [15/Jan/2011:05:47:14 +0100] "GET /livezilla/livezilla.php?template=lz_chat_frame.1.2 HTTP/1.1" 200 345 "-" "ShopWiki/1.0 ( +http://www.shopwiki.com/wiki/Help:Bot)"
209.51.162.220 - - [15/Jan/2011:07:36:50 +0100] "GET /robots.txt HTTP/1.1" 404 - "-" "ShopWiki/1.0 ( +http://www.shopwiki.com/wiki/Help:Bot)"
95.108.158.134 - - [15/Jan/2011:10:56:20 +0100] "GET / HTTP/1.1" 404 - "-" "Mozilla/5.0 (compatible; YandexBot/3.0; +http://yandex.com/bots)"
209.51.162.220 - - [15/Jan/2011:12:11:26 +0100] "GET /robots.txt HTTP/1.1" 404 - "-" "ShopWiki/1.0 ( +http://www.shopwiki.com/wiki/Help:Bot)"
65.55.3.134 - - [15/Jan/2011:13:29:37 +0100] "GET /robots.txt HTTP/1.1" 404 - "-" "msnbot/2.0b (+http://search.msn.com/msnbot.htm)._"
65.55.3.134 - - [15/Jan/2011:13:29:37 +0100] "GET / HTTP/1.1" 404 - "-" "msnbot/2.0b (+http://search.msn.com/msnbot.htm)._"
67.152.29.130 - - [15/Jan/2011:19:37:01 +0100] "GET /robots.txt HTTP/1.1" 404 - "-" "ShopWiki/1.0 ( +http://www.shopwiki.com/wiki/Help:Bot)"
8.11.2.10 - - [15/Jan/2011:23:33:35 +0100] "GET /robots.txt HTTP/1.1" 404 - "-" "ShopWiki/1.0 ( +http://www.shopwiki.com/wiki/Help:Bot)"
209.51.162.220 - - [16/Jan/2011:03:59:12 +0100] "GET /robots.txt HTTP/1.1" 404 - "-" "ShopWiki/1.0 ( +http://www.shopwiki.com/wiki/Help:Bot)"
209.51.162.219 - - [16/Jan/2011:07:14:19 +0100] "GET /robots.txt HTTP/1.1" 404 - "-" "ShopWiki/1.0 ( +http://www.shopwiki.com/wiki/Help:Bot)"
208.80.194.32 - - [16/Jan/2011:12:25:42 +0100] "GET / HTTP/1.0" 404 - "-" "Mozilla/4.0 (compatible; MSIE 6.0; Windows NT 5.1; SV1; Creative; FunWebProducts; .NET CLR 1.1.4322)"
209.51.162.220 - - [16/Jan/2011:20:40:00 +0100] "GET /robots.txt HTTP/1.1" 404 - "-" "ShopWiki/1.0 ( +http://www.shopwiki.com/wiki/Help:Bot)"
95.108.158.134 - - [16/Jan/2011:21:31:58 +0100] "GET /robots.txt HTTP/1.1" 404 - "-" "Mozilla/5.0 (compatible; YandexBot/3.0; +http://yandex.com/bots)"
95.108.158.134 - - [17/Jan/2011:05:11:25 +0100] "GET / HTTP/1.1" 404 - "-" "Mozilla/5.0 (compatible; YandexBot/3.0; +http://yandex.com/bots)"
8.11.2.9 - - [17/Jan/2011:12:12:33 +0100] "GET /robots.txt HTTP/1.1" 404 - "-" "ShopWiki/1.0 ( +http://www.shopwiki.com/wiki/Help:Bot)"
209.51.162.220 - - [17/Jan/2011:20:06:13 +0100] "GET /robots.txt HTTP/1.1" 404 - "-" "ShopWiki/1.0 ( +http://www.shopwiki.com/wiki/Help:Bot)"
208.80.194.26 - - [18/Jan/2011:00:03:25 +0100] "GET / HTTP/1.0" 404 - "-" "Mozilla/4.0 (compatible; MSIE 6.0; Windows NT 5.1; {B26FA0EC-B349-3DB2-BBC7-BBB1294A95E2})"
67.195.115.30 - - [18/Jan/2011:03:42:12 +0100] "GET /robots.txt HTTP/1.0" 404 - "-" "Mozilla/5.0 (compatible; Yahoo! Slurp; http://help.yahoo.com/help/us/ysearch/slurp)"
67.195.115.30 - - [18/Jan/2011:03:42:12 +0100] "GET /livezilla/livezilla.php HTTP/1.0" 200 89940 "-" "Mozilla/5.0 (compatible; Yahoo! Slurp; http://help.yahoo.com/help/us/ysearch/slurp)"
67.195.115.30 - - [18/Jan/2011:03:42:15 +0100] "GET /livezilla/templates/nojava.html HTTP/1.0" 200 1088 "-" "Mozilla/5.0 (compatible; Yahoo! Slurp; http://help.yahoo.com/help/us/ysearch/slurp)"
209.51.162.219 - - [18/Jan/2011:17:51:32 +0100] "GET /robots.txt HTTP/1.1" 404 - "-" "ShopWiki/1.0 ( +http://www.shopwiki.com/wiki/Help:Bot)"
209.51.162.219 - - [18/Jan/2011:22:40:59 +0100] "GET /robots.txt HTTP/1.1" 404 - "-" "ShopWiki/1.0 ( +http://www.shopwiki.com/wiki/Help:Bot)"
95.108.158.134 - - [19/Jan/2011:05:00:34 +0100] "GET /robots.txt HTTP/1.1" 404 - "-" "Mozilla/5.0 (compatible; YandexBot/3.0; +http://yandex.com/bots)"
95.108.158.134 - - [19/Jan/2011:10:49:08 +0100] "GET / HTTP/1.1" 404 - "-" "Mozilla/5.0 (compatible; YandexBot/3.0; +http://yandex.com/bots)"
208.80.194.35 - - [19/Jan/2011:12:10:13 +0100] "GET / HTTP/1.0" 404 - "-" "Mozilla/4.0 (compatible; MSIE 7.0; Windows NT 5.1; {B6B18C70-1CAB-4D86-AD12-F7AB8EA71B03}; .NET CLR 1.1.4322; HbTools 4.7.1; .NET CLR 2.0.50727; .NET CLR 3.0.04506.30)"
209.51.162.220 - - [19/Jan/2011:12:19:55 +0100] "GET /robots.txt HTTP/1.1" 404 - "-" "ShopWiki/1.0 ( +http://www.shopwiki.com/wiki/Help:Bot)"
84.152.186.239 - - [19/Jan/2011:17:51:15 +0100] "GET /livezilla/server.php?request=track&output=jscript&nse=0.7226502199559003 HTTP/1.1" 200 26976 "http://webcache.googleusercontent.com/search?hl=de&q=cache%3Ahttp%3A%2F%2Fwww.f-m-shop.de%2Fseiten%2Fkontakt.htm&aq=f&aqi=&aql=&oq=" "Mozilla/5.0 (X11; U; Linux i686; de-DE; rv:1.9.2.13) Gecko/20101206 Ubuntu/10.10 (maverick) Firefox/3.6.13 Ubiquity/0.1.4"
84.152.186.239 - - [19/Jan/2011:17:51:15 +0100] "GET /livezilla/templates/style.css?cache=0.6774896620196607 HTTP/1.1" 200 9496 "http://webcache.googleusercontent.com/search?hl=de&q=cache%3Ahttp%3A%2F%2Fwww.f-m-shop.de%2Fseiten%2Fkontakt.htm&aq=f&aqi=&aql=&oq=" "Mozilla/5.0 (X11; U; Linux i686; de-DE; rv:1.9.2.13) Gecko/20101206 Ubuntu/10.10 (maverick) Firefox/3.6.13 Ubiquity/0.1.4"
84.152.186.239 - - [19/Jan/2011:17:51:15 +0100] "GET /livezilla/server.php?request=track&start=1295455875671&browid=38db887&url=aHR0cDovL3dlYmNhY2hlLmdvb2dsZXVzZXJjb250ZW50LmNvbS9zZWFyY2g,aGw9ZGUmcT1jYWNoZSUzQWh0dHAlM0ElMkYlMkZ3d3cuZi1tLXNob3AuZGUlMkZzZWl0ZW4lMkZrb250YWt0Lmh0bSZhcT1mJmFxaT0mYXFsPSZvcT0&livezilla=564d9de&cd=24&rh=1200&rw=1920&rf=aHR0cDovL3d3dy5nb29nbGUuZGUv&tzo=1&code=&en=&ee=&ec=&dc=RiZNIE9ubGluZSBTaG9wIC8gQ29tcHV0ZXIgdW5kIG1laHI&geo_rid=7 HTTP/1.1" 200 85 "http://webcache.googleusercontent.com/search?hl=de&q=cache%3Ahttp%3A%2F%2Fwww.f-m-shop.de%2Fseiten%2Fkontakt.htm&aq=f&aqi=&aql=&oq=" "Mozilla/5.0 (X11; U; Linux i686; de-DE; rv:1.9.2.13) Gecko/20101206 Ubuntu/10.10 (maverick) Firefox/3.6.13 Ubiquity/0.1.4"
209.51.162.220 - - [19/Jan/2011:18:57:26 +0100] "GET /robots.txt HTTP/1.1" 404 - "-" "ShopWiki/1.0 ( +http://www.shopwiki.com/wiki/Help:Bot)"
209.51.162.219 - - [20/Jan/2011:04:51:16 +0100] "GET /robots.txt HTTP/1.1" 404 - "-" "ShopWiki/1.0 ( +http://www.shopwiki.com/wiki/Help:Bot)"
209.51.162.220 - - [20/Jan/2011:14:46:57 +0100] "GET /robots.txt HTTP/1.1" 404 - "-" "ShopWiki/1.0 ( +http://www.shopwiki.com/wiki/Help:Bot)"
65.55.3.134 - - [20/Jan/2011:16:02:52 +0100] "GET /robots.txt HTTP/1.1" 404 - "-" "msnbot/2.0b (+http://search.msn.com/msnbot.htm)._"
65.55.3.134 - - [20/Jan/2011:16:02:52 +0100] "GET / HTTP/1.1" 404 - "-" "msnbot/2.0b (+http://search.msn.com/msnbot.htm)._"
208.80.194.29 - - [21/Jan/2011:00:25:26 +0100] "GET / HTTP/1.0" 404 - "-" "Mozilla/4.0 (compatible; MSIE 6.0; Windows NT 5.1; SV1; YPC 3.2.0; .NET CLR 1.0.3705; .NET CLR 1.1.4322; Media Center PC 3.1; HbTools 4.7.5)"
82.80.230.228 - - [21/Jan/2011:02:56:34 +0100] "GET /livezilla/livezilla.php HTTP/1.1" 200 89938 "http://www.f-m-shop.de/seiten/prod_detail_neuer.cfm?artnr=A 35070&nav=2" "Mozilla/4.0 (compatible; MSIE 6.0; Windows NT 5.0; (R1 1.1); .NET CLR 1.1.4322)"
207.46.12.240 - - [21/Jan/2011:05:59:30 +0100] "GET /robots.txt HTTP/1.1" 404 - "-" "Mozilla/5.0 (compatible; bingbot/2.0; +http://www.bing.com/bingbot.htm)"
207.46.12.240 - - [21/Jan/2011:06:00:19 +0100] "GET /livezilla/livezilla.php?template=lz_chat_frame.3.2.login& HTTP/1.1" 200 1105 "-" "Mozilla/5.0 (compatible; bingbot/2.0; +http://www.bing.com/bingbot.htm)"
207.46.12.240 - - [21/Jan/2011:06:00:19 +0100] "GET /livezilla/livezilla.php HTTP/1.1" 200 89940 "-" "Mozilla/5.0 (compatible; bingbot/2.0; +http://www.bing.com/bingbot.htm)"
209.51.162.219 - - [21/Jan/2011:12:41:33 +0100] "GET /robots.txt HTTP/1.1" 404 - "-" "ShopWiki/1.0 ( +http://www.shopwiki.com/wiki/Help:Bot)"
95.108.158.134 - - [21/Jan/2011:20:42:35 +0100] "GET /robots.txt HTTP/1.1" 404 - "-" "Mozilla/5.0 (compatible; YandexBot/3.0; +http://yandex.com/bots)"
95.108.158.134 - - [22/Jan/2011:07:32:34 +0100] "GET / HTTP/1.1" 404 - "-" "Mozilla/5.0 (compatible; YandexBot/3.0; +http://yandex.com/bots)"
67.152.29.130 - - [22/Jan/2011:09:35:08 +0100] "GET /robots.txt HTTP/1.1" 404 - "-" "ShopWiki/1.0 ( +http://www.shopwiki.com/wiki/Help:Bot)"
208.80.194.26 - - [22/Jan/2011:12:13:18 +0100] "GET / HTTP/1.0" 404 - "-" "Mozilla/4.0 (compatible; MSIE 7.0; AOL 9.0; Windows NT 5.1; YPC 3.0.1; IEMB3; IEMB3)"
203.122.192.109 - - [23/Jan/2011:06:57:55 +0100] "GET / HTTP/1.1" 404 - "-" "Java/1.6.0_23"
207.46.199.189 - - [23/Jan/2011:11:33:21 +0100] "GET /robots.txt HTTP/1.1" 404 - "-" "Mozilla/5.0 (compatible; bingbot/2.0; +http://www.bing.com/bingbot.htm)"
209.51.162.219 - - [23/Jan/2011:20:16:04 +0100] "GET /robots.txt HTTP/1.1" 404 - "-" "ShopWiki/1.0 ( +http://www.shopwiki.com/wiki/Help:Bot)"
208.80.194.26 - - [24/Jan/2011:00:03:59 +0100] "GET / HTTP/1.0" 404 - "-" "Mozilla/4.0 (compatible; MSIE 6.0; Windows NT 5.1; {639FA7C2-A65D-8A13-EE74-2CB4F038F601}; acc=marketingsector; acc=none; .NET CLR 1.1.4322)"
66.249.72.3 - - [24/Jan/2011:03:51:04 +0100] "GET /robots.txt HTTP/1.1" 404 - "-" "Mozilla/5.0 (compatible; Googlebot/2.1; +http://www.google.com/bot.html)"
66.249.72.3 - - [24/Jan/2011:03:51:04 +0100] "GET /livezilla/livezilla.php?template=lz_chat_frame.4.1 HTTP/1.1" 200 578 "-" "Mozilla/5.0 (compatible; Googlebot/2.1; +http://www.google.com/bot.html)"
64.53.16.173 - - [24/Jan/2011:13:54:08 +0100] "GET / HTTP/1.1" 404 - "-" "Java/1.4.1_04"
209.51.162.219 - - [24/Jan/2011:18:04:20 +0100] "GET /robots.txt HTTP/1.1" 404 - "-" "ShopWiki/1.0 ( +http://www.shopwiki.com/wiki/Help:Bot)"
209.51.162.219 - - [24/Jan/2011:23:09:13 +0100] "GET /robots.txt HTTP/1.1" 404 - "-" "ShopWiki/1.0 ( +http://www.shopwiki.com/wiki/Help:Bot)"
209.51.162.219 - - [24/Jan/2011:23:09:14 +0100] "GET /livezilla/livezilla.php HTTP/1.1" 200 90096 "-" "ShopWiki/1.0 ( +http://www.shopwiki.com/wiki/Help:Bot)"
209.51.162.219 - - [24/Jan/2011:23:09:15 +0100] "GET /livezilla/templates/style.css HTTP/1.1" 200 9496 "-" "ShopWiki/1.0 ( +http://www.shopwiki.com/wiki/Help:Bot)"
79.15.243.89 - - [25/Jan/2011:03:04:36 +0100] "GET / HTTP/1.1" 404 - "-" "Java/1.6.0_04"
208.80.194.29 - - [25/Jan/2011:12:17:07 +0100] "GET / HTTP/1.0" 404 - "-" "Mozilla/4.0 (compatible; MSIE 7.0; Windows NT 5.1; YComp 5.0.8.6)"
65.55.3.134 - - [25/Jan/2011:13:38:10 +0100] "GET /robots.txt HTTP/1.1" 404 - "-" "msnbot/2.0b (+http://search.msn.com/msnbot.htm)._"
65.55.3.134 - - [25/Jan/2011:13:38:11 +0100] "GET / HTTP/1.1" 404 - "-" "msnbot/2.0b (+http://search.msn.com/msnbot.htm)._"
209.51.162.219 - - [25/Jan/2011:15:44:34 +0100] "GET /robots.txt HTTP/1.1" 404 - "-" "ShopWiki/1.0 ( +http://www.shopwiki.com/wiki/Help:Bot)"
95.108.158.134 - - [25/Jan/2011:19:53:42 +0100] "GET /robots.txt HTTP/1.1" 404 - "-" "Mozilla/5.0 (compatible; YandexBot/3.0; +http://yandex.com/bots)"
61.5.158.93 - - [25/Jan/2011:22:12:36 +0100] "GET / HTTP/1.1" 404 - "-" "Java/1.6.0_07"
8.11.2.10 - - [25/Jan/2011:22:55:16 +0100] "GET /robots.txt HTTP/1.1" 404 - "-" "ShopWiki/1.0 ( +http://www.shopwiki.com/wiki/Help:Bot)"
94.108.194.223 - - [25/Jan/2011:23:41:15 +0100] "GET / HTTP/1.1" 404 - "-" "Java/1.6.0_23"
95.108.158.134 - - [26/Jan/2011:03:49:32 +0100] "GET / HTTP/1.1" 404 - "-" "Mozilla/5.0 (compatible; YandexBot/3.0; +http://yandex.com/bots)"
67.152.29.130 - - [26/Jan/2011:03:54:25 +0100] "GET /robots.txt HTTP/1.1" 404 - "-" "ShopWiki/1.0 ( +http://www.shopwiki.com/wiki/Help:Bot)"
67.195.115.30 - - [26/Jan/2011:21:13:22 +0100] "GET /robots.txt HTTP/1.0" 404 - "-" "Mozilla/5.0 (compatible; Yahoo! Slurp; http://help.yahoo.com/help/us/ysearch/slurp)"
67.195.115.30 - - [26/Jan/2011:21:13:41 +0100] "GET /livezilla/livezilla.php HTTP/1.0" 200 89940 "-" "Mozilla/5.0 (compatible; Yahoo! Slurp; http://help.yahoo.com/help/us/ysearch/slurp)"
67.195.115.30 - - [26/Jan/2011:21:13:43 +0100] "GET /livezilla/templates/nojava.html HTTP/1.0" 200 1088 "-" "Mozilla/5.0 (compatible; Yahoo! Slurp; http://help.yahoo.com/help/us/ysearch/slurp)"
208.80.194.34 - - [27/Jan/2011:01:23:54 +0100] "GET / HTTP/1.0" 404 - "-" "Mozilla/4.0 (compatible; MSIE 6.0; Windows NT 5.1; SV1; FunWebProducts; NN5.0.3.4; .NET CLR 1.1.4322)"
195.50.168.2 - - [27/Jan/2011:07:13:43 +0100] "GET / HTTP/1.0" 404 - "-" "Mozilla/4.0 (compatible; MSIE 8.0; Windows NT 5.1; Trident/4.0; .NET CLR 1.1.4322; .NET CLR 2.0.50727; .NET CLR 3.0.4506.2152; .NET CLR 3.5.30729)"
66.249.72.3 - - [27/Jan/2011:14:51:35 +0100] "GET /robots.txt HTTP/1.1" 404 - "-" "Mozilla/5.0 (compatible; Googlebot/2.1; +http://www.google.com/bot.html)"
66.249.72.3 - - [27/Jan/2011:14:51:35 +0100] "GET /livezilla/livezilla.php?template=lz_chat_frame.3.0 HTTP/1.1" 200 321 "-" "Mozilla/5.0 (compatible; Googlebot/2.1; +http://www.google.com/bot.html)"
208.115.111.249 - - [27/Jan/2011:15:49:41 +0100] "GET /robots.txt HTTP/1.1" 404 - "-" "Mozilla/5.0 (compatible; DotBot/1.1; http://www.dotnetdotcom.org/, crawler@dotnetdotcom.org)"
66.249.72.3 - - [27/Jan/2011:16:33:11 +0100] "GET /robots.txt HTTP/1.1" 404 - "-" "Mozilla/5.0 (compatible; Googlebot/2.1; +http://www.google.com/bot.html)"
66.249.72.3 - - [27/Jan/2011:16:33:11 +0100] "GET /livezilla/livezilla.php?template=lz_chat_frame.3.2.login.1.0& HTTP/1.1" 200 3689 "-" "Mozilla/5.0 (compatible; Googlebot/2.1; +http://www.google.com/bot.html)"
208.115.111.249 - - [27/Jan/2011:20:46:08 +0100] "GET /livezilla/%5C HTTP/1.1" 404 - "-" "Mozilla/5.0 (compatible; DotBot/1.1; http://www.dotnetdotcom.org/, crawler@dotnetdotcom.org)"
208.115.111.249 - - [27/Jan/2011:20:46:13 +0100] "GET /livezilla/livezilla.php HTTP/1.1" 200 89940 "-" "Mozilla/5.0 (compatible; DotBot/1.1; http://www.dotnetdotcom.org/, crawler@dotnetdotcom.org)"
67.152.29.130 - - [27/Jan/2011:21:08:10 +0100] "GET /robots.txt HTTP/1.1" 404 - "-" "ShopWiki/1.0 ( +http://www.shopwiki.com/wiki/Help:Bot)"
66.249.72.3 - - [27/Jan/2011:21:35:15 +0100] "GET /robots.txt HTTP/1.1" 404 - "-" "Mozilla/5.0 (compatible; Googlebot/2.1; +http://www.google.com/bot.html)"
66.249.72.3 - - [27/Jan/2011:22:57:56 +0100] "GET /livezilla/livezilla.php?template=lz_chat_frame.3.2.login.0.0 HTTP/1.1" 200 1384 "-" "Mozilla/5.0 (compatible; Googlebot/2.1; +http://www.google.com/bot.html)"
8.11.2.9 - - [28/Jan/2011:00:14:35 +0100] "GET /robots.txt HTTP/1.1" 404 - "-" "ShopWiki/1.0 ( +http://www.shopwiki.com/wiki/Help:Bot)"
209.51.162.219 - - [28/Jan/2011:03:28:23 +0100] "GET /robots.txt HTTP/1.1" 404 - "-" "ShopWiki/1.0 ( +http://www.shopwiki.com/wiki/Help:Bot)"
208.80.194.34 - - [28/Jan/2011:14:34:17 +0100] "GET / HTTP/1.0" 404 - "-" "Mozilla/4.0 (compatible; MSIE 6.0; Windows NT 5.1; SV1; Sgrunt|V109|19|S541720495|dial; Sgrunt|V110|29|S541720495|dial; XBE|29|S04017261391143; snprtz|S04716013660301)"
95.108.158.134 - - [28/Jan/2011:20:48:44 +0100] "GET /robots.txt HTTP/1.1" 404 - "-" "Mozilla/5.0 (compatible; YandexBot/3.0; +http://yandex.com/bots)"
8.11.2.9 - - [28/Jan/2011:22:12:58 +0100] "GET /robots.txt HTTP/1.1" 404 - "-" "ShopWiki/1.0 ( +http://www.shopwiki.com/wiki/Help:Bot)"
95.108.158.134 - - [28/Jan/2011:23:08:18 +0100] "GET / HTTP/1.1" 404 - "-" "Mozilla/5.0 (compatible; YandexBot/3.0; +http://yandex.com/bots)"
209.51.162.219 - - [29/Jan/2011:04:46:10 +0100] "GET /robots.txt HTTP/1.1" 404 - "-" "ShopWiki/1.0 ( +http://www.shopwiki.com/wiki/Help:Bot)"
8.11.2.10 - - [29/Jan/2011:09:16:06 +0100] "GET /robots.txt HTTP/1.1" 404 - "-" "ShopWiki/1.0 ( +http://www.shopwiki.com/wiki/Help:Bot)"
209.51.162.219 - - [29/Jan/2011:14:15:54 +0100] "GET /robots.txt HTTP/1.1" 404 - "-" "ShopWiki/1.0 ( +http://www.shopwiki.com/wiki/Help:Bot)"
209.51.162.219 - - [29/Jan/2011:20:07:27 +0100] "GET /robots.txt HTTP/1.1" 404 - "-" "ShopWiki/1.0 ( +http://www.shopwiki.com/wiki/Help:Bot)"
209.51.162.220 - - [29/Jan/2011:23:09:14 +0100] "GET /robots.txt HTTP/1.1" 404 - "-" "ShopWiki/1.0 ( +http://www.shopwiki.com/wiki/Help:Bot)"
77.170.205.15 - - [30/Jan/2011:00:34:34 +0100] "GET / HTTP/1.1" 404 - "-" "Java/1.6.0_21"
208.80.194.26 - - [30/Jan/2011:04:08:57 +0100] "GET / HTTP/1.0" 404 - "-" "Mozilla/4.0 (compatible; MSIE 6.0; Windows NT 5.1; SV1; .NET CLR 1.1.4322; .NET CLR 2.0.40607; InfoPath.1)"
209.51.162.220 - - [30/Jan/2011:05:49:09 +0100] "GET /robots.txt HTTP/1.1" 404 - "-" "ShopWiki/1.0 ( +http://www.shopwiki.com/wiki/Help:Bot)"
65.55.3.134 - - [30/Jan/2011:17:02:41 +0100] "GET /robots.txt HTTP/1.1" 404 - "-" "msnbot/2.0b (+http://search.msn.com/msnbot.htm)._"
65.55.3.134 - - [30/Jan/2011:17:02:41 +0100] "GET / HTTP/1.1" 404 - "-" "msnbot/2.0b (+http://search.msn.com/msnbot.htm)._"
209.51.162.220 - - [31/Jan/2011:00:29:36 +0100] "GET /robots.txt HTTP/1.1" 404 - "-" "ShopWiki/1.0 ( +http://www.shopwiki.com/wiki/Help:Bot)"
80.69.162.156 - - [31/Jan/2011:01:51:22 +0100] "GET / HTTP/1.1" 404 - "-" "Java/1.6.0_04"
67.152.29.130 - - [31/Jan/2011:11:48:26 +0100] "GET /robots.txt HTTP/1.1" 404 - "-" "ShopWiki/1.0 ( +http://www.shopwiki.com/wiki/Help:Bot)"
67.152.29.130 - - [31/Jan/2011:17:49:38 +0100] "GET /robots.txt HTTP/1.1" 404 - "-" "ShopWiki/1.0 ( +http://www.shopwiki.com/wiki/Help:Bot)"
208.80.194.34 - - [31/Jan/2011:18:29:14 +0100] "GET / HTTP/1.0" 404 - "-" "Mozilla/4.0 (compatible; MSIE 6.0; Windows NT 5.0; {442DB1F4-D4E5-805D-2AAC-9EAB124488C2})"
209.51.162.220 - - [31/Jan/2011:20:54:29 +0100] "GET /robots.txt HTTP/1.1" 404 - "-" "ShopWiki/1.0 ( +http://www.shopwiki.com/wiki/Help:Bot)"