66.249.64.234 - - [03/Nov/2019:00:43:34 +0100] "GET /informationen/spediteur HTTP/1.1" 200 111924 "-" "Mozilla/5.0 (Linux; Android 6.0.1; Nexus 5X Build/MMB29P) AppleWebKit/537.36 (KHTML, like Gecko) Chrome/41.0.2272.96 Mobile Safari/537.36 (compatible; Googlebot/2.1; +http://www.google.com/bot.html)"
66.249.64.238 - - [03/Nov/2019:01:13:41 +0100] "GET /impressum HTTP/1.1" 200 4964 "-" "Mozilla/5.0 (Linux; Android 6.0.1; Nexus 5X Build/MMB29P) AppleWebKit/537.36 (KHTML, like Gecko) Chrome/41.0.2272.96 Mobile Safari/537.36 (compatible; Googlebot/2.1; +http://www.google.com/bot.html)"
17.58.96.47 - - [03/Nov/2019:01:30:31 +0100] "GET /unternehmen HTTP/1.1" 200 3128 "-" "Mozilla/5.0 (Macintosh; Intel Mac OS X 10_10_1) AppleWebKit/600.2.5 (KHTML, like Gecko) Version/8.0.2 Safari/600.2.5 (Applebot/0.1; +http://www.apple.com/go/applebot)"
23.100.232.233 - - [03/Nov/2019:01:58:13 +0100] "GET /informationen/faq HTTP/1.1" 200 7235 "-" "Mozilla/5.0 (compatible; MSIE 9.0; Windows NT 6.0; Trident/5.0; Trident/5.0)"
23.100.232.233 - - [03/Nov/2019:01:58:13 +0100] "GET /css/screen.css HTTP/1.1" 200 13636 "http://www.alle-ziele-spedition.de/informationen/faq" "Mozilla/5.0 (compatible; MSIE 9.0; Windows NT 6.0; Trident/5.0; Trident/5.0)"
23.100.232.233 - - [03/Nov/2019:01:58:13 +0100] "GET /css/print.css HTTP/1.1" 200 830 "http://www.alle-ziele-spedition.de/informationen/faq" "Mozilla/5.0 (compatible; MSIE 9.0; Windows NT 6.0; Trident/5.0; Trident/5.0)"
23.100.232.233 - - [03/Nov/2019:01:58:14 +0100] "GET /js/curvycorners.src.js HTTP/1.1" 200 60221 "http://www.alle-ziele-spedition.de/informationen/faq" "Mozilla/5.0 (compatible; MSIE 9.0; Windows NT 6.0; Trident/5.0; Trident/5.0)"
37.115.191.28 - - [03/Nov/2019:03:10:31 +0100] "GET / HTTP/1.1" 200 3316 "https://jjbabskoe.ru/" "Mozilla/4.0 (compatible; MSIE 6.0; Windows NT 5.1; .NET CLR 1.0.3705)"
37.115.191.28 - - [03/Nov/2019:03:10:32 +0100] "GET / HTTP/1.1" 200 3316 "https://jjbabskoe.ru/" "Mozilla/4.0 (compatible; MSIE 6.0; Windows NT 5.1; .NET CLR 1.0.3705)"
37.115.191.28 - - [03/Nov/2019:03:10:32 +0100] "GET / HTTP/1.1" 200 3316 "https://jjbabskoe.ru/" "Mozilla/4.0 (compatible; MSIE 6.0; Windows NT 5.1; .NET CLR 1.0.3705)"
35.185.12.219 - - [03/Nov/2019:03:57:51 +0100] "GET /robots.txt HTTP/1.0" 200 8210 "-" "ZoominfoBot (zoominfobot at zoominfo dot com)"
35.185.12.219 - - [03/Nov/2019:03:57:52 +0100] "GET / HTTP/1.0" 200 3316 "-" "ZoominfoBot (zoominfobot at zoominfo dot com)"
157.55.39.124 - - [03/Nov/2019:04:04:36 +0100] "GET /geschaeftskunden/stueckgut_national HTTP/1.1" 200 4493 "-" "Mozilla/5.0 (compatible; bingbot/2.0; +http://www.bing.com/bingbot.htm)"
40.77.167.190 - - [03/Nov/2019:04:09:14 +0100] "GET /unternehmen HTTP/1.1" 200 3128 "-" "Mozilla/5.0 (compatible; bingbot/2.0; +http://www.bing.com/bingbot.htm)"
207.46.13.84 - - [03/Nov/2019:04:16:05 +0100] "GET /geschaeftskunden HTTP/1.1" 200 4078 "-" "Mozilla/5.0 (compatible; bingbot/2.0; +http://www.bing.com/bingbot.htm)"
40.77.188.144 - - [03/Nov/2019:05:05:18 +0100] "GET /js/curvycorners.src.js HTTP/1.1" 200 60221 "-" "Mozilla/5.0 (Windows NT 6.1; WOW64) AppleWebKit/534+ (KHTML, like Gecko) BingPreview/1.0b"
40.77.189.112 - - [03/Nov/2019:05:05:19 +0100] "GET /css/print.css HTTP/1.1" 200 830 "-" "Mozilla/5.0 (Windows NT 6.1; WOW64) AppleWebKit/534+ (KHTML, like Gecko) BingPreview/1.0b"
78.46.78.34 - - [03/Nov/2019:05:31:22 +0100] "GET / HTTP/1.1" 200 3316 "-" "Opera/9.20 (Windows NT 5.1; U; de)"
78.46.78.34 - - [03/Nov/2019:05:31:22 +0100] "GET /robots.txt HTTP/1.1" 200 8210 "-" "libwww-perl/6.15"
78.46.78.34 - - [03/Nov/2019:05:31:22 +0100] "GET / HTTP/1.1" 200 3316 "-" "Opera/9.20 (Windows NT 5.1; U; de)"
78.46.78.34 - - [03/Nov/2019:05:31:23 +0100] "GET /impressum HTTP/1.1" 200 4964 "http://www.alle-ziele-spedition.de/" "Opera/9.20 (Windows NT 5.1; U; de)"
78.46.78.34 - - [03/Nov/2019:05:31:23 +0100] "GET /informationen HTTP/1.1" 200 3978 "http://www.alle-ziele-spedition.de/impressum" "Opera/9.20 (Windows NT 5.1; U; de)"
78.46.78.34 - - [03/Nov/2019:05:31:23 +0100] "GET /geschaeftskunden HTTP/1.1" 200 4078 "http://www.alle-ziele-spedition.de/informationen" "Opera/9.20 (Windows NT 5.1; U; de)"
78.46.78.34 - - [03/Nov/2019:05:31:23 +0100] "GET /exportdokumente HTTP/1.1" 200 3581 "http://www.alle-ziele-spedition.de/geschaeftskunden" "Opera/9.20 (Windows NT 5.1; U; de)"
78.46.78.34 - - [03/Nov/2019:05:31:23 +0100] "GET /unternehmen HTTP/1.1" 200 3128 "http://www.alle-ziele-spedition.de/exportdokumente" "Opera/9.20 (Windows NT 5.1; U; de)"
78.46.78.34 - - [03/Nov/2019:05:31:24 +0100] "GET /geschaeftskunden/stueckgut_international HTTP/1.1" 200 4509 "http://www.alle-ziele-spedition.de/unternehmen" "Opera/9.20 (Windows NT 5.1; U; de)"
78.46.78.34 - - [03/Nov/2019:05:31:24 +0100] "GET /geschaeftskunden/stueckgut_national HTTP/1.1" 200 4493 "http://www.alle-ziele-spedition.de/geschaeftskunden/stueckgut_international" "Opera/9.20 (Windows NT 5.1; U; de)"
78.46.78.34 - - [03/Nov/2019:05:31:24 +0100] "GET /unternehmen/philosophie HTTP/1.1" 200 4699 "http://www.alle-ziele-spedition.de/geschaeftskunden/stueckgut_national" "Opera/9.20 (Windows NT 5.1; U; de)"
78.46.78.34 - - [03/Nov/2019:05:31:24 +0100] "GET /unternehmen/sponsoring HTTP/1.1" 200 3887 "http://www.alle-ziele-spedition.de/unternehmen/philosophie" "Opera/9.20 (Windows NT 5.1; U; de)"
78.46.78.34 - - [03/Nov/2019:05:31:24 +0100] "GET /unternehmen/wir_ueber_uns HTTP/1.1" 200 5040 "http://www.alle-ziele-spedition.de/unternehmen/sponsoring" "Opera/9.20 (Windows NT 5.1; U; de)"
78.46.78.34 - - [03/Nov/2019:05:31:24 +0100] "GET /informationen/sendung HTTP/1.1" 200 7129 "http://www.alle-ziele-spedition.de/unternehmen/wir_ueber_uns" "Opera/9.20 (Windows NT 5.1; U; de)"
78.46.78.34 - - [03/Nov/2019:05:31:24 +0100] "GET /unternehmen/sponsoring/ehc_eisbaeren_berlin HTTP/1.1" 200 3546 "http://www.alle-ziele-spedition.de/informationen/sendung" "Opera/9.20 (Windows NT 5.1; U; de)"
78.46.78.34 - - [03/Nov/2019:05:31:25 +0100] "GET /informationen/spediteur HTTP/1.1" 200 111924 "http://www.alle-ziele-spedition.de/unternehmen/sponsoring/ehc_eisbaeren_berlin" "Opera/9.20 (Windows NT 5.1; U; de)"
78.46.78.34 - - [03/Nov/2019:05:31:25 +0100] "GET /sitemap HTTP/1.1" 200 5025 "http://www.alle-ziele-spedition.de/informationen/spediteur" "Opera/9.20 (Windows NT 5.1; U; de)"
78.46.78.34 - - [03/Nov/2019:05:31:25 +0100] "GET /informationen/faq HTTP/1.1" 200 7235 "http://www.alle-ziele-spedition.de/sitemap" "Opera/9.20 (Windows NT 5.1; U; de)"
78.46.78.34 - - [03/Nov/2019:05:31:25 +0100] "GET /aktuelles HTTP/1.1" 200 8334 "http://www.alle-ziele-spedition.de/informationen/faq" "Opera/9.20 (Windows NT 5.1; U; de)"
78.46.78.34 - - [03/Nov/2019:05:31:25 +0100] "GET /geschaeftskunden/sondertransporte HTTP/1.1" 200 5064 "http://www.alle-ziele-spedition.de/aktuelles" "Opera/9.20 (Windows NT 5.1; U; de)"
78.46.78.34 - - [03/Nov/2019:05:31:26 +0100] "GET /exportdokumente/wertgrenzen HTTP/1.1" 200 5733 "http://www.alle-ziele-spedition.de/geschaeftskunden/sondertransporte" "Opera/9.20 (Windows NT 5.1; U; de)"
78.46.78.34 - - [03/Nov/2019:05:31:26 +0100] "GET /geschaeftskunden/direkt HTTP/1.1" 200 4102 "http://www.alle-ziele-spedition.de/exportdokumente/wertgrenzen" "Opera/9.20 (Windows NT 5.1; U; de)"
78.46.78.34 - - [03/Nov/2019:05:31:26 +0100] "GET /unternehmen/sponsoring/worldvision HTTP/1.1" 200 5952 "http://www.alle-ziele-spedition.de/geschaeftskunden/direkt" "Opera/9.20 (Windows NT 5.1; U; de)"
78.46.78.34 - - [03/Nov/2019:05:31:26 +0100] "GET /exportdokumente/drittlandexporte HTTP/1.1" 200 7480 "http://www.alle-ziele-spedition.de/unternehmen/sponsoring/worldvision" "Opera/9.20 (Windows NT 5.1; U; de)"
78.46.78.34 - - [03/Nov/2019:05:31:26 +0100] "GET /geschaeftskunden/teil_komplettladungen HTTP/1.1" 200 3776 "http://www.alle-ziele-spedition.de/exportdokumente/drittlandexporte" "Opera/9.20 (Windows NT 5.1; U; de)"
78.46.78.34 - - [03/Nov/2019:05:31:26 +0100] "GET /downloads HTTP/1.1" 200 5243 "http://www.alle-ziele-spedition.de/geschaeftskunden/teil_komplettladungen" "Opera/9.20 (Windows NT 5.1; U; de)"
78.46.78.34 - - [03/Nov/2019:05:31:27 +0100] "GET /pdf/DSLV-ADSp-2016_17Dez15.pdf HTTP/1.1" 200 1005622 "http://www.alle-ziele-spedition.de/downloads" "Opera/9.20 (Windows NT 5.1; U; de)"
78.46.78.34 - - [03/Nov/2019:05:31:27 +0100] "GET /pdf/Flyer%20Alle%20Ziele_WEB(0).pdf HTTP/1.1" 200 3377347 "http://www.alle-ziele-spedition.de/pdf/DSLV-ADSp-2016_17Dez15.pdf" "Opera/9.20 (Windows NT 5.1; U; de)"
78.46.78.34 - - [03/Nov/2019:05:31:27 +0100] "GET /geschaeftskunden/tkl_uebersee HTTP/1.1" 200 3859 "http://www.alle-ziele-spedition.de/pdf/Flyer%20Alle%20Ziele_WEB(0).pdf" "Opera/9.20 (Windows NT 5.1; U; de)"
78.46.78.34 - - [03/Nov/2019:05:31:27 +0100] "GET /informationen/fotogalerie HTTP/1.1" 200 3411 "http://www.alle-ziele-spedition.de/geschaeftskunden/tkl_uebersee" "Opera/9.20 (Windows NT 5.1; U; de)"
78.46.78.34 - - [03/Nov/2019:05:31:27 +0100] "GET /datenschutz HTTP/1.1" 200 8225 "http://www.alle-ziele-spedition.de/informationen/fotogalerie" "Opera/9.20 (Windows NT 5.1; U; de)"
78.46.78.34 - - [03/Nov/2019:05:31:27 +0100] "GET /unternehmen/sponsoring/afc_berlin_adler HTTP/1.1" 200 3998 "http://www.alle-ziele-spedition.de/datenschutz" "Opera/9.20 (Windows NT 5.1; U; de)"
78.46.78.34 - - [03/Nov/2019:05:31:27 +0100] "GET /pdf/Frachtrecht%20HGB.pdf HTTP/1.1" 200 19672 "http://www.alle-ziele-spedition.de/unternehmen/sponsoring/afc_berlin_adler" "Opera/9.20 (Windows NT 5.1; U; de)"
17.58.96.47 - - [03/Nov/2019:05:43:01 +0100] "GET /datenschutz HTTP/1.1" 200 8225 "-" "Mozilla/5.0 (Macintosh; Intel Mac OS X 10_10_1) AppleWebKit/600.2.5 (KHTML, like Gecko) Version/8.0.2 Safari/600.2.5 (Applebot/0.1; +http://www.apple.com/go/applebot)"
66.249.64.236 - - [03/Nov/2019:06:06:58 +0100] "GET /robots.txt HTTP/1.1" 200 8210 "-" "Mozilla/5.0 (compatible; Googlebot/2.1; +http://www.google.com/bot.html)"
66.249.64.234 - - [03/Nov/2019:06:07:19 +0100] "GET /favicon.ico HTTP/1.1" 200 8210 "-" "Googlebot-Image/1.0"
17.58.96.47 - - [03/Nov/2019:06:47:51 +0100] "GET /downloads HTTP/1.1" 200 5243 "-" "Mozilla/5.0 (Macintosh; Intel Mac OS X 10_10_1) AppleWebKit/600.2.5 (KHTML, like Gecko) Version/8.0.2 Safari/600.2.5 (Applebot/0.1; +http://www.apple.com/go/applebot)"
66.249.64.234 - - [03/Nov/2019:06:57:56 +0100] "GET /pdf/Frachtrecht%20HGB.pdf HTTP/1.1" 200 19672 "-" "Mozilla/5.0 (Linux; Android 6.0.1; Nexus 5X Build/MMB29P) AppleWebKit/537.36 (KHTML, like Gecko) Chrome/41.0.2272.96 Mobile Safari/537.36 (compatible; Googlebot/2.1; +http://www.google.com/bot.html)"
194.173.174.106 - - [03/Nov/2019:07:07:09 +0100] "HEAD / HTTP/1.1" 200 - "-" "Mozilla/5.0 (Windows NT 6.3; WOW64) AppleWebKit/537.36 (KHTML, like Gecko) Chrome/43.0.2357.134 Safari/537.36"
54.214.213.117 - - [03/Nov/2019:07:09:22 +0100] "GET / HTTP/1.1" 200 3316 "-" "Mozilla/5.0 (Windows NT 6.1; Win64; x64) AppleWebKit/537.36 (KHTML, like Gecko) Chrome/72.0.3626.109 Safari/537.36"
95.216.96.170 - - [03/Nov/2019:07:37:56 +0100] "GET /robots.txt HTTP/1.1" 200 8210 "-" "Mozilla/5.0 (compatible; SEOkicks; +https://www.seokicks.de/robot.html)"
95.216.96.170 - - [03/Nov/2019:07:37:58 +0100] "GET / HTTP/1.1" 200 3316 "-" "Mozilla/5.0 (compatible; SEOkicks; +https://www.seokicks.de/robot.html)"
95.216.96.170 - - [03/Nov/2019:07:37:59 +0100] "GET /aktuelles HTTP/1.1" 200 8334 "http://www.alle-ziele-spedition.de/robots.txt" "Mozilla/5.0 (compatible; SEOkicks; +https://www.seokicks.de/robot.html)"
95.216.96.170 - - [03/Nov/2019:07:38:01 +0100] "GET /geschaeftskunden HTTP/1.1" 200 4078 "http://www.alle-ziele-spedition.de/robots.txt" "Mozilla/5.0 (compatible; SEOkicks; +https://www.seokicks.de/robot.html)"
95.216.96.170 - - [03/Nov/2019:07:38:02 +0100] "GET /exportdokumente HTTP/1.1" 200 3581 "http://www.alle-ziele-spedition.de/robots.txt" "Mozilla/5.0 (compatible; SEOkicks; +https://www.seokicks.de/robot.html)"
95.216.96.170 - - [03/Nov/2019:07:38:03 +0100] "GET /informationen HTTP/1.1" 200 3978 "http://www.alle-ziele-spedition.de/robots.txt" "Mozilla/5.0 (compatible; SEOkicks; +https://www.seokicks.de/robot.html)"
95.216.96.170 - - [03/Nov/2019:07:38:06 +0100] "GET /downloads HTTP/1.1" 200 5243 "http://www.alle-ziele-spedition.de/robots.txt" "Mozilla/5.0 (compatible; SEOkicks; +https://www.seokicks.de/robot.html)"
95.216.96.170 - - [03/Nov/2019:07:38:09 +0100] "GET /unternehmen HTTP/1.1" 200 3128 "http://www.alle-ziele-spedition.de/robots.txt" "Mozilla/5.0 (compatible; SEOkicks; +https://www.seokicks.de/robot.html)"
95.216.96.170 - - [03/Nov/2019:07:38:11 +0100] "GET /sitemap HTTP/1.1" 200 5025 "http://www.alle-ziele-spedition.de/robots.txt" "Mozilla/5.0 (compatible; SEOkicks; +https://www.seokicks.de/robot.html)"
108.59.8.70 - - [03/Nov/2019:08:13:39 +0100] "GET /robots.txt HTTP/1.1" 200 8210 "-" "Mozilla/5.0 (compatible; MJ12bot/v1.4.8; http://mj12bot.com/)"
108.59.8.70 - - [03/Nov/2019:08:13:43 +0100] "GET / HTTP/1.1" 200 3316 "-" "Mozilla/5.0 (compatible; MJ12bot/v1.4.8; http://mj12bot.com/)"
66.249.64.236 - - [03/Nov/2019:08:59:05 +0100] "GET /robots.txt HTTP/1.1" 200 8210 "-" "Mozilla/5.0 (compatible; Googlebot/2.1; +http://www.google.com/bot.html)"
66.249.64.234 - - [03/Nov/2019:08:59:05 +0100] "GET / HTTP/1.1" 200 3316 "-" "Mozilla/5.0 (Linux; Android 6.0.1; Nexus 5X Build/MMB29P) AppleWebKit/537.36 (KHTML, like Gecko) Chrome/41.0.2272.96 Mobile Safari/537.36 (compatible; Googlebot/2.1; +http://www.google.com/bot.html)"
183.77.217.211 - - [03/Nov/2019:09:06:24 +0100] "GET / HTTP/1.1" 200 3316 "https://www.google.com/" "Mozilla/5.0 (Macintosh; Intel Mac OS X 10_13_6) AppleWebKit/605.1.15 (KHTML, like Gecko) Version/12.1.2 Safari/605.1.15"
183.77.217.211 - - [03/Nov/2019:09:06:25 +0100] "GET /css/print.css HTTP/1.1" 200 830 "http://www.alle-ziele-spedition.de/" "Mozilla/5.0 (Macintosh; Intel Mac OS X 10_13_6) AppleWebKit/605.1.15 (KHTML, like Gecko) Version/12.1.2 Safari/605.1.15"
183.77.217.211 - - [03/Nov/2019:09:06:25 +0100] "GET /img/head_hg.jpg HTTP/1.1" 200 18629 "http://www.alle-ziele-spedition.de/" "Mozilla/5.0 (Macintosh; Intel Mac OS X 10_13_6) AppleWebKit/605.1.15 (KHTML, like Gecko) Version/12.1.2 Safari/605.1.15"
183.77.217.211 - - [03/Nov/2019:09:06:25 +0100] "GET /img/globus_finger.jpg HTTP/1.1" 200 8787 "http://www.alle-ziele-spedition.de/" "Mozilla/5.0 (Macintosh; Intel Mac OS X 10_13_6) AppleWebKit/605.1.15 (KHTML, like Gecko) Version/12.1.2 Safari/605.1.15"
183.77.217.211 - - [03/Nov/2019:09:06:25 +0100] "GET /img/52814.jpg HTTP/1.1" 200 14378 "http://www.alle-ziele-spedition.de/" "Mozilla/5.0 (Macintosh; Intel Mac OS X 10_13_6) AppleWebKit/605.1.15 (KHTML, like Gecko) Version/12.1.2 Safari/605.1.15"
82.83.139.22 - - [03/Nov/2019:09:15:43 +0100] "GET /pdf/Frachtrecht%20HGB.pdf HTTP/1.1" 200 19672 "-" "Mozilla/5.0 (Windows NT 10.0; Win64; x64) AppleWebKit/537.36 (KHTML, like Gecko) Chrome/70.0.3538.102 Safari/537.36 Edge/18.18362"
82.83.139.22 - - [03/Nov/2019:09:21:59 +0100] "GET /favicon.ico HTTP/1.1" 200 8210 "-" "Mozilla/5.0 (Windows NT 10.0; Win64; x64) AppleWebKit/537.36 (KHTML, like Gecko) Chrome/70.0.3538.102 Safari/537.36 Edge/18.18362"
66.249.64.238 - - [03/Nov/2019:09:29:27 +0100] "GET /exportdokumente/drittlandexporte HTTP/1.1" 200 7480 "-" "Mozilla/5.0 (Linux; Android 6.0.1; Nexus 5X Build/MMB29P) AppleWebKit/537.36 (KHTML, like Gecko) Chrome/41.0.2272.96 Mobile Safari/537.36 (compatible; Googlebot/2.1; +http://www.google.com/bot.html)"
66.249.64.234 - - [03/Nov/2019:09:39:52 +0100] "GET /exportdokumente/wertgrenzen HTTP/1.1" 200 5733 "-" "Mozilla/5.0 (Linux; Android 6.0.1; Nexus 5X Build/MMB29P) AppleWebKit/537.36 (KHTML, like Gecko) Chrome/41.0.2272.96 Mobile Safari/537.36 (compatible; Googlebot/2.1; +http://www.google.com/bot.html)"
66.249.64.238 - - [03/Nov/2019:10:09:36 +0100] "GET /robots.txt HTTP/1.1" 200 8210 "-" "Mozilla/5.0 (compatible; Googlebot/2.1; +http://www.google.com/bot.html)"
66.249.64.238 - - [03/Nov/2019:10:09:36 +0100] "GET /impressum HTTP/1.1" 200 4964 "-" "Mozilla/5.0 (Linux; Android 6.0.1; Nexus 5X Build/MMB29P) AppleWebKit/537.36 (KHTML, like Gecko) Chrome/41.0.2272.96 Mobile Safari/537.36 (compatible; Googlebot/2.1; +http://www.google.com/bot.html)"
35.196.59.112 - - [03/Nov/2019:10:16:37 +0100] "GET /robots.txt HTTP/1.0" 200 8210 "-" "ZoominfoBot (zoominfobot at zoominfo dot com)"
35.196.59.112 - - [03/Nov/2019:10:16:38 +0100] "GET /sitemap HTTP/1.0" 200 5025 "-" "ZoominfoBot (zoominfobot at zoominfo dot com)"
35.196.59.112 - - [03/Nov/2019:10:28:21 +0100] "GET /geschaeftskunden HTTP/1.0" 200 4078 "-" "ZoominfoBot (zoominfobot at zoominfo dot com)"
35.196.59.112 - - [03/Nov/2019:10:31:30 +0100] "GET /unternehmen HTTP/1.0" 200 3128 "-" "ZoominfoBot (zoominfobot at zoominfo dot com)"
35.196.59.112 - - [03/Nov/2019:10:32:25 +0100] "GET /aktuelles HTTP/1.0" 200 8334 "-" "ZoominfoBot (zoominfobot at zoominfo dot com)"
35.196.59.112 - - [03/Nov/2019:10:34:12 +0100] "GET /exportdokumente HTTP/1.0" 200 3581 "-" "ZoominfoBot (zoominfobot at zoominfo dot com)"
35.196.59.112 - - [03/Nov/2019:10:35:45 +0100] "GET /datenschutz HTTP/1.0" 200 8225 "-" "ZoominfoBot (zoominfobot at zoominfo dot com)"
35.196.59.112 - - [03/Nov/2019:10:37:38 +0100] "GET /informationen HTTP/1.0" 200 3978 "-" "ZoominfoBot (zoominfobot at zoominfo dot com)"
35.196.59.112 - - [03/Nov/2019:10:41:05 +0100] "GET /impressum HTTP/1.0" 200 4964 "-" "ZoominfoBot (zoominfobot at zoominfo dot com)"
35.196.8.11 - - [03/Nov/2019:11:42:44 +0100] "GET /robots.txt HTTP/1.0" 200 8210 "-" "ZoominfoBot (zoominfobot at zoominfo dot com)"
35.196.8.11 - - [03/Nov/2019:11:42:45 +0100] "GET /sitemap HTTP/1.0" 200 5025 "-" "ZoominfoBot (zoominfobot at zoominfo dot com)"
35.196.8.11 - - [03/Nov/2019:11:54:01 +0100] "GET /geschaeftskunden HTTP/1.0" 200 4078 "-" "ZoominfoBot (zoominfobot at zoominfo dot com)"
35.196.8.11 - - [03/Nov/2019:11:56:59 +0100] "GET /unternehmen HTTP/1.0" 200 3128 "-" "ZoominfoBot (zoominfobot at zoominfo dot com)"
35.196.8.11 - - [03/Nov/2019:11:57:55 +0100] "GET /aktuelles HTTP/1.0" 200 8334 "-" "ZoominfoBot (zoominfobot at zoominfo dot com)"
35.196.8.11 - - [03/Nov/2019:11:59:35 +0100] "GET /exportdokumente HTTP/1.0" 200 3581 "-" "ZoominfoBot (zoominfobot at zoominfo dot com)"
35.196.8.11 - - [03/Nov/2019:12:01:05 +0100] "GET /datenschutz HTTP/1.0" 200 8225 "-" "ZoominfoBot (zoominfobot at zoominfo dot com)"
35.196.8.11 - - [03/Nov/2019:12:03:04 +0100] "GET /informationen HTTP/1.0" 200 3978 "-" "ZoominfoBot (zoominfobot at zoominfo dot com)"
35.196.8.11 - - [03/Nov/2019:12:06:42 +0100] "GET /impressum HTTP/1.0" 200 4964 "-" "ZoominfoBot (zoominfobot at zoominfo dot com)"
66.249.64.236 - - [03/Nov/2019:12:10:44 +0100] "GET /robots.txt HTTP/1.1" 200 8210 "-" "Mozilla/5.0 (compatible; Googlebot/2.1; +http://www.google.com/bot.html)"
66.249.64.238 - - [03/Nov/2019:12:10:44 +0100] "GET /informationen/faq HTTP/1.1" 200 7235 "-" "Mozilla/5.0 (Linux; Android 6.0.1; Nexus 5X Build/MMB29P) AppleWebKit/537.36 (KHTML, like Gecko) Chrome/41.0.2272.96 Mobile Safari/537.36 (compatible; Googlebot/2.1; +http://www.google.com/bot.html)"
46.119.124.143 - - [03/Nov/2019:12:29:28 +0100] "GET / HTTP/1.1" 200 3316 "https://sixousixmusix.org/" "Mozilla/4.61 [en] (X11; U; ) - BrowseX (2.0.0 Windows)"
46.119.124.143 - - [03/Nov/2019:12:29:28 +0100] "GET / HTTP/1.1" 200 3316 "https://blogforbusiness.info/" "Mozilla/4.0 (compatible; MSIE 7.0; Windows NT 5.1; SV1; .NET CLR 2.0.50727)"
46.119.124.143 - - [03/Nov/2019:12:29:29 +0100] "GET / HTTP/1.1" 200 3316 "https://blogforbusiness.info/" "Mozilla/4.0 (compatible; MSIE 7.0; Windows NT 5.1; SV1; .NET CLR 2.0.50727)"
46.119.124.143 - - [03/Nov/2019:12:29:29 +0100] "GET / HTTP/1.1" 200 3316 "https://sixousixmusix.org/" "Mozilla/4.61 [en] (X11; U; ) - BrowseX (2.0.0 Windows)"
46.119.124.143 - - [03/Nov/2019:12:29:29 +0100] "GET / HTTP/1.1" 200 3316 "https://blogforbusiness.info/" "Mozilla/4.0 (compatible; MSIE 7.0; Windows NT 5.1; SV1; .NET CLR 2.0.50727)"
46.119.124.143 - - [03/Nov/2019:12:29:30 +0100] "GET / HTTP/1.1" 200 3316 "https://sixousixmusix.org/" "Mozilla/4.61 [en] (X11; U; ) - BrowseX (2.0.0 Windows)"
23.100.232.233 - - [03/Nov/2019:12:30:02 +0100] "GET /pdf/Frachtrecht%20HGB.pdf HTTP/1.1" 200 19672 "http://www.bing.com/search?q=adsp&form=MSNH14&sc=8-4&sp=-1&qs=n&sk=" "Mozilla/5.0 (compatible; MSIE 9.0; Windows NT 6.0; Trident/5.0; Trident/5.0)"
17.58.96.47 - - [03/Nov/2019:13:02:59 +0100] "GET /sitemap HTTP/1.1" 200 5025 "-" "Mozilla/5.0 (Macintosh; Intel Mac OS X 10_10_1) AppleWebKit/600.2.5 (KHTML, like Gecko) Version/8.0.2 Safari/600.2.5 (Applebot/0.1; +http://www.apple.com/go/applebot)"
23.100.232.233 - - [03/Nov/2019:13:13:57 +0100] "GET /pdf/Frachtrecht%20HGB.pdf HTTP/1.1" 200 19672 "http://www.bing.com/search?q=adsp&form=MSNH14&sc=8-4&sp=-1&qs=n&sk=" "Mozilla/5.0 (compatible; MSIE 9.0; Windows NT 6.1; Trident/5.0; Trident/5.0)"
95.90.209.25 - - [03/Nov/2019:13:28:13 +0100] "GET /img/geb%20(3).JPG HTTP/1.1" 200 2240578 "-" "Mozilla/5.0 (Linux; Android 8.1.0; DUB-LX1 Build/HUAWEIDUB-LX1; wv) AppleWebKit/537.36 (KHTML, like Gecko) Version/4.0 Chrome/78.0.3904.90 Mobile Safari/537.36 GSA/10.82.9.21.arm64"
204.12.226.26 - - [03/Nov/2019:13:29:31 +0100] "GET /robots.txt HTTP/1.1" 200 8210 "-" "Mozilla/5.0 (compatible; MJ12bot/v1.4.8; http://mj12bot.com/)"
204.12.226.26 - - [03/Nov/2019:13:29:33 +0100] "GET /geschaeftskunden/stueckgut_international HTTP/1.1" 200 4509 "-" "Mozilla/5.0 (compatible; MJ12bot/v1.4.8; http://mj12bot.com/)"
204.12.226.26 - - [03/Nov/2019:13:29:35 +0100] "GET /geschaeftskunden/tkl_uebersee HTTP/1.1" 200 3859 "-" "Mozilla/5.0 (compatible; MJ12bot/v1.4.8; http://mj12bot.com/)"
77.191.142.39 - - [03/Nov/2019:13:52:26 +0100] "GET /pdf/Frachtrecht%20HGB.pdf HTTP/1.1" 200 19672 "https://www.google.com/" "Mozilla/5.0 (Linux; Android 9; SM-A405FN) AppleWebKit/537.36 (KHTML, like Gecko) Chrome/77.0.3865.92 Mobile Safari/537.36"
185.102.94.5 - - [03/Nov/2019:13:54:56 +0100] "GET /pdf/Flyer%20Alle%20Ziele_WEB(0).pdf HTTP/1.1" 200 3377347 "-" "PHP-Curl-Class/7.2.0 (+https://github.com/php-curl-class/php-curl-class) PHP/7.2.15-1+0~20190209065123.16+stretch~1.gbp3ad8c0 curl/7.52.1"
95.190.10.60 - - [03/Nov/2019:14:58:55 +0100] "GET / HTTP/1.0" 200 3316 "http://www.alle-ziele-spedition.de/" "Mozilla/5.0 (Windows NT 6.3; Win64; x64) AppleWebKit/537.36 (KHTML, like Gecko) Chrome/67.0.3396.87 Safari/537.36"
23.100.232.233 - - [03/Nov/2019:15:18:39 +0100] "GET /pdf/Frachtrecht%20HGB.pdf HTTP/1.1" 200 19672 "http://www.bing.com/search?q=adsp&form=MSNH14&sc=8-4&sp=-1&qs=n&sk=" "Mozilla/5.0 (compatible; MSIE 9.0; Windows NT 6.1; Trident/5.0; Trident/5.0)"
66.249.64.234 - - [03/Nov/2019:15:52:14 +0100] "GET /robots.txt HTTP/1.1" 200 8210 "-" "Mozilla/5.0 (compatible; Googlebot/2.1; +http://www.google.com/bot.html)"
66.249.64.236 - - [03/Nov/2019:15:52:14 +0100] "GET /pdf/Frachtrecht%20HGB.pdf HTTP/1.1" 200 19672 "-" "Mozilla/5.0 (Linux; Android 6.0.1; Nexus 5X Build/MMB29P) AppleWebKit/537.36 (KHTML, like Gecko) Chrome/41.0.2272.96 Mobile Safari/537.36 (compatible; Googlebot/2.1; +http://www.google.com/bot.html)"
23.100.232.233 - - [03/Nov/2019:16:02:10 +0100] "GET /pdf/Frachtrecht%20HGB.pdf HTTP/1.1" 200 19672 "http://www.bing.com/search?q=adsp&form=MSNH14&sc=8-4&sp=-1&qs=n&sk=" "Mozilla/5.0 (compatible; MSIE 9.0; Windows NT 6.0; Trident/5.0; Trident/5.0)"
95.90.211.47 - - [03/Nov/2019:16:43:41 +0100] "GET /pdf/Frachtrecht%20HGB.pdf HTTP/1.1" 200 19672 "-" "Mozilla/5.0 (Windows NT 10.0; Win64; x64) AppleWebKit/537.36 (KHTML, like Gecko) Chrome/64.0.3282.140 Safari/537.36 Edge/18.17763"
95.90.211.47 - - [03/Nov/2019:16:52:27 +0100] "GET /favicon.ico HTTP/1.1" 200 8210 "-" "Mozilla/5.0 (Windows NT 10.0; Win64; x64) AppleWebKit/537.36 (KHTML, like Gecko) Chrome/64.0.3282.140 Safari/537.36 Edge/18.17763"
141.8.189.150 - - [03/Nov/2019:17:09:24 +0100] "GET /robots.txt HTTP/1.1" 200 8210 "-" "Mozilla/5.0 (compatible; YandexBot/3.0; +http://yandex.com/bots)"
141.8.189.150 - - [03/Nov/2019:17:09:28 +0100] "GET /impressum HTTP/1.1" 200 4964 "-" "Mozilla/5.0 (compatible; YandexBot/3.0; +http://yandex.com/bots)"
185.22.143.122 - - [03/Nov/2019:17:23:15 +0100] "GET /pdf/Frachtrecht%20HGB.pdf HTTP/1.1" 200 19672 "https://www.google.com/" "Mozilla/5.0 (Macintosh; Intel Mac OS X 10_15) AppleWebKit/605.1.15 (KHTML, like Gecko) Version/13.0.2 Safari/605.1.15"
185.22.143.122 - - [03/Nov/2019:17:23:16 +0100] "GET /favicon.ico HTTP/1.1" 200 8210 "http://www.alle-ziele-spedition.de/pdf/Frachtrecht%20HGB.pdf" "Mozilla/5.0 (Macintosh; Intel Mac OS X 10_15) AppleWebKit/605.1.15 (KHTML, like Gecko) Version/13.0.2 Safari/605.1.15"
66.249.64.234 - - [03/Nov/2019:18:12:19 +0100] "GET /robots.txt HTTP/1.1" 200 8210 "-" "Mozilla/5.0 (compatible; Googlebot/2.1; +http://www.google.com/bot.html)"
66.249.64.238 - - [03/Nov/2019:18:12:35 +0100] "GET /exportdokumente/drittlandexporte HTTP/1.1" 200 7480 "-" "Mozilla/5.0 (Linux; Android 6.0.1; Nexus 5X Build/MMB29P) AppleWebKit/537.36 (KHTML, like Gecko) Chrome/41.0.2272.96 Mobile Safari/537.36 (compatible; Googlebot/2.1; +http://www.google.com/bot.html)"
212.204.92.66 - - [03/Nov/2019:18:23:23 +0100] "GET /img/Colt%2020.11.2011%20Hubi%204.JPG HTTP/1.1" 200 416132 "https://www.google.de/" "Mozilla/5.0 (Windows NT 10.0; Win64; x64; rv:70.0) Gecko/20100101 Firefox/70.0"
66.249.64.238 - - [03/Nov/2019:18:52:25 +0100] "GET /impressum HTTP/1.1" 200 4964 "-" "Mozilla/5.0 (Linux; Android 6.0.1; Nexus 5X Build/MMB29P) AppleWebKit/537.36 (KHTML, like Gecko) Chrome/41.0.2272.96 Mobile Safari/537.36 (compatible; Googlebot/2.1; +http://www.google.com/bot.html)"
66.249.64.236 - - [03/Nov/2019:18:52:26 +0100] "GET /exportdokumente/wertgrenzen HTTP/1.1" 200 5733 "-" "Mozilla/5.0 (Linux; Android 6.0.1; Nexus 5X Build/MMB29P) AppleWebKit/537.36 (KHTML, like Gecko) Chrome/41.0.2272.96 Mobile Safari/537.36 (compatible; Googlebot/2.1; +http://www.google.com/bot.html)"
157.55.39.137 - - [03/Nov/2019:19:12:48 +0100] "GET /informationen/faq HTTP/1.1" 200 7235 "-" "Mozilla/5.0 (compatible; bingbot/2.0; +http://www.bing.com/bingbot.htm)"
40.77.189.113 - - [03/Nov/2019:19:12:50 +0100] "GET /js/curvycorners.src.js HTTP/1.1" 200 60221 "-" "Mozilla/5.0 (Windows NT 6.1; WOW64) AppleWebKit/534+ (KHTML, like Gecko) BingPreview/1.0b"
40.77.188.51 - - [03/Nov/2019:19:12:52 +0100] "GET /css/print.css HTTP/1.1" 200 830 "-" "Mozilla/5.0 (Windows NT 6.1; WOW64) AppleWebKit/534+ (KHTML, like Gecko) BingPreview/1.0b"
40.77.167.5 - - [03/Nov/2019:19:13:04 +0100] "GET /robots.txt HTTP/1.1" 200 8210 "-" "Mozilla/5.0 (compatible; bingbot/2.0; +http://www.bing.com/bingbot.htm)"
40.77.167.5 - - [03/Nov/2019:19:13:05 +0100] "GET /robots.txt HTTP/1.1" 200 8210 "-" "Mozilla/5.0 (compatible; bingbot/2.0; +http://www.bing.com/bingbot.htm)"
40.77.167.5 - - [03/Nov/2019:19:13:05 +0100] "GET /robots.txt HTTP/1.1" 200 8210 "-" "Mozilla/5.0 (compatible; bingbot/2.0; +http://www.bing.com/bingbot.htm)"
40.77.167.5 - - [03/Nov/2019:19:13:06 +0100] "GET /robots.txt HTTP/1.1" 200 8210 "-" "Mozilla/5.0 (compatible; bingbot/2.0; +http://www.bing.com/bingbot.htm)"
194.173.174.106 - - [03/Nov/2019:19:24:45 +0100] "HEAD / HTTP/1.1" 200 - "-" "Mozilla/5.0 (Windows NT 6.3; WOW64) AppleWebKit/537.36 (KHTML, like Gecko) Chrome/43.0.2357.134 Safari/537.36"
46.119.114.102 - - [03/Nov/2019:20:19:42 +0100] "GET / HTTP/1.1" 200 3316 "https://www.saint-kitts-and-nevis.com/" "Mozilla/4.0 (compatible; MSIE 6.0; America Online Browser 1.1; rev1.2; Windows NT 5.1; SV1; .NET CLR 1.1.4322)"
46.119.114.102 - - [03/Nov/2019:20:19:43 +0100] "GET / HTTP/1.1" 200 3316 "https://www.saint-kitts-and-nevis.com/" "Mozilla/4.0 (compatible; MSIE 6.0; America Online Browser 1.1; rev1.2; Windows NT 5.1; SV1; .NET CLR 1.1.4322)"
46.119.114.102 - - [03/Nov/2019:20:19:47 +0100] "GET / HTTP/1.1" 200 3316 "https://www.saint-kitts-and-nevis.com/" "Mozilla/4.0 (compatible; MSIE 6.0; America Online Browser 1.1; rev1.2; Windows NT 5.1; SV1; .NET CLR 1.1.4322)"
157.55.39.208 - - [03/Nov/2019:20:29:48 +0100] "GET /pdf/DSLV-ADSp-2016_17Dez15.pdf HTTP/1.1" 304 - "-" "Mozilla/5.0 (compatible; bingbot/2.0; +http://www.bing.com/bingbot.htm)"
213.239.211.67 - - [03/Nov/2019:21:05:07 +0100] "GET / HTTP/1.1" 200 3316 "-" "Mozilla/5.0 (Windows; U; Windows NT 6.1; de; rv:1.9.2.12) Gecko/20101026 Firefox/3.6.12"
17.58.96.47 - - [03/Nov/2019:21:38:07 +0100] "GET /informationen HTTP/1.1" 200 3978 "-" "Mozilla/5.0 (Macintosh; Intel Mac OS X 10_10_1) AppleWebKit/600.2.5 (KHTML, like Gecko) Version/8.0.2 Safari/600.2.5 (Applebot/0.1; +http://www.apple.com/go/applebot)"
40.77.167.195 - - [03/Nov/2019:21:41:13 +0100] "GET /geschaeftskunden/stueckgut_international HTTP/1.1" 200 4509 "-" "Mozilla/5.0 (compatible; bingbot/2.0; +http://www.bing.com/bingbot.htm)"
213.83.37.145 - - [03/Nov/2019:21:57:39 +0100] "HEAD / HTTP/1.1" 200 - "-" "Mozilla/5.0 (Windows NT 6.1; rv:39.0) Gecko/20180101 Firefox/39.0"
213.83.37.145 - - [03/Nov/2019:21:57:40 +0100] "HEAD / HTTP/1.1" 200 - "-" "Mozilla/5.0 (Windows NT 6.1; rv:39.0) Gecko/20180101 Firefox/39.0"
213.83.37.145 - - [03/Nov/2019:21:57:40 +0100] "HEAD / HTTP/1.1" 200 - "-" "Mozilla/5.0 (Windows NT 6.1; rv:39.0) Gecko/20180101 Firefox/39.0"
213.83.37.145 - - [03/Nov/2019:21:57:40 +0100] "HEAD / HTTP/1.1" 200 - "-" "Mozilla/5.0 (Windows NT 6.1; rv:39.0) Gecko/20180101 Firefox/39.0"
157.55.39.89 - - [03/Nov/2019:22:10:38 +0100] "GET /kontakt HTTP/1.1" 200 8210 "-" "Mozilla/5.0 (compatible; bingbot/2.0; +http://www.bing.com/bingbot.htm)"
5.62.159.247 - - [03/Nov/2019:22:11:51 +0100] "GET /aktuelles HTTP/1.1" 200 8334 "-" "Mozilla/5.0 (X11; Linux x86_64; rv:28.0) Gecko/20100101 Firefox/28.0"
66.249.64.234 - - [03/Nov/2019:22:23:20 +0100] "GET /robots.txt HTTP/1.1" 200 8210 "-" "Mozilla/5.0 (compatible; Googlebot/2.1; +http://www.google.com/bot.html)"
66.249.64.234 - - [03/Nov/2019:22:23:21 +0100] "GET /informationen/faq HTTP/1.1" 200 7235 "-" "Mozilla/5.0 (Linux; Android 6.0.1; Nexus 5X Build/MMB29P) AppleWebKit/537.36 (KHTML, like Gecko) Chrome/41.0.2272.96 Mobile Safari/537.36 (compatible; Googlebot/2.1; +http://www.google.com/bot.html)"
141.8.189.150 - - [03/Nov/2019:22:30:57 +0100] "GET /robots.txt HTTP/1.1" 200 8210 "-" "Mozilla/5.0 (compatible; YandexBot/3.0; +http://yandex.com/bots)"
141.8.189.150 - - [03/Nov/2019:22:30:59 +0100] "GET /img/captcha/37a9b07dc9371e21d98526afe3ca0396.png HTTP/1.1" 200 8210 "-" "Mozilla/5.0 (compatible; YandexImages/3.0; +http://yandex.com/bots)"
37.115.191.28 - - [03/Nov/2019:22:34:31 +0100] "GET / HTTP/1.1" 200 3316 "https://1news.com.ua/" "Mozilla/4.0 (compatible; MSIE 6.0; Windows NT 5.1; SV1; .NET CLR 1.1.4322)"
37.115.191.28 - - [03/Nov/2019:22:34:35 +0100] "GET / HTTP/1.1" 200 3316 "https://1news.com.ua/" "Mozilla/4.0 (compatible; MSIE 6.0; Windows NT 5.1; SV1; .NET CLR 1.1.4322)"
37.115.191.28 - - [03/Nov/2019:22:34:38 +0100] "GET / HTTP/1.1" 200 3316 "https://1news.com.ua/" "Mozilla/4.0 (compatible; MSIE 6.0; Windows NT 5.1; SV1; .NET CLR 1.1.4322)"
77.75.78.171 - - [03/Nov/2019:22:39:50 +0100] "GET /robots.txt HTTP/1.1" 200 8210 "-" "Mozilla/5.0 (compatible; SeznamBot/3.2; +http://napoveda.seznam.cz/en/seznambot-intro/)"
77.75.78.171 - - [03/Nov/2019:22:39:52 +0100] "GET /informationen/spediteur HTTP/1.1" 200 111924 "-" "Mozilla/5.0 (compatible; SeznamBot/3.2; +http://napoveda.seznam.cz/en/seznambot-intro/)"
87.159.191.72 - - [03/Nov/2019:22:41:53 +0100] "GET /pdf/Frachtrecht%20HGB.pdf HTTP/1.1" 200 19672 "-" "Mozilla/5.0 (Macintosh; Intel Mac OS X 10_13_2) AppleWebKit/604.4.7 (KHTML, like Gecko)"
87.159.191.72 - - [03/Nov/2019:22:42:03 +0100] "GET /apple-touch-icon-precomposed.png HTTP/1.1" 200 8210 "-" "Safari/13604.4.7.1.3 CFNetwork/893.13.1 Darwin/17.3.0 (x86_64)"
87.159.191.72 - - [03/Nov/2019:22:42:03 +0100] "GET /apple-touch-icon.png HTTP/1.1" 200 8210 "-" "Safari/13604.4.7.1.3 CFNetwork/893.13.1 Darwin/17.3.0 (x86_64)"
87.159.191.72 - - [03/Nov/2019:22:42:03 +0100] "GET /favicon.ico HTTP/1.1" 200 8210 "-" "Safari/13604.4.7.1.3 CFNetwork/893.13.1 Darwin/17.3.0 (x86_64)"
87.159.191.72 - - [03/Nov/2019:22:42:03 +0100] "GET /apple-touch-icon-precomposed.png HTTP/1.1" 200 8210 "-" "Safari/13604.4.7.1.3 CFNetwork/893.13.1 Darwin/17.3.0 (x86_64)"
87.159.191.72 - - [03/Nov/2019:22:42:03 +0100] "GET /apple-touch-icon.png HTTP/1.1" 200 8210 "-" "Safari/13604.4.7.1.3 CFNetwork/893.13.1 Darwin/17.3.0 (x86_64)"
87.159.191.72 - - [03/Nov/2019:22:42:03 +0100] "GET /favicon.ico HTTP/1.1" 200 8210 "-" "Safari/13604.4.7.1.3 CFNetwork/893.13.1 Darwin/17.3.0 (x86_64)"
87.159.191.72 - - [03/Nov/2019:22:42:04 +0100] "GET /pdf/Frachtrecht%20HGB.pdf HTTP/1.1" 200 19672 "-" "\"Mozilla/5.0 (iPhone; CPU iPhone OS 11_0 like Mac OS X) AppleWebKit/604.1.38 (KHTML, like Gecko) Version/11.0 Mobile/15A372 Safari/604.1\""
87.159.191.72 - - [03/Nov/2019:22:42:09 +0100] "GET /apple-touch-icon-precomposed.png HTTP/1.1" 200 8210 "-" "Safari/13604.4.7.1.3 CFNetwork/893.13.1 Darwin/17.3.0 (x86_64)"
87.159.191.72 - - [03/Nov/2019:22:42:10 +0100] "GET /apple-touch-icon.png HTTP/1.1" 200 8210 "-" "Safari/13604.4.7.1.3 CFNetwork/893.13.1 Darwin/17.3.0 (x86_64)"
87.159.191.72 - - [03/Nov/2019:22:42:10 +0100] "GET /favicon.ico HTTP/1.1" 200 8210 "-" "Safari/13604.4.7.1.3 CFNetwork/893.13.1 Darwin/17.3.0 (x86_64)"
87.159.191.72 - - [03/Nov/2019:22:42:10 +0100] "GET /apple-touch-icon-precomposed.png HTTP/1.1" 200 8210 "-" "Safari/13604.4.7.1.3 CFNetwork/893.13.1 Darwin/17.3.0 (x86_64)"
87.159.191.72 - - [03/Nov/2019:22:42:10 +0100] "GET /apple-touch-icon.png HTTP/1.1" 200 8210 "-" "Safari/13604.4.7.1.3 CFNetwork/893.13.1 Darwin/17.3.0 (x86_64)"
87.159.191.72 - - [03/Nov/2019:22:42:10 +0100] "GET /favicon.ico HTTP/1.1" 200 8210 "-" "Safari/13604.4.7.1.3 CFNetwork/893.13.1 Darwin/17.3.0 (x86_64)"
46.119.124.143 - - [03/Nov/2019:22:44:08 +0100] "GET / HTTP/1.1" 200 3316 "https://x-porn.org/" "Mozilla/4.0 (compatible; MSIE 6.0; Windows NT 5.1; SV1; .NET CLR 1.1.4322; XMPP Tiscali Communicator v.10.0.2; .NET CLR 2.0.50727)"
46.119.124.143 - - [03/Nov/2019:22:44:08 +0100] "GET / HTTP/1.1" 200 3316 "https://x-porn.org/" "Mozilla/4.0 (compatible; MSIE 6.0; Windows NT 5.1; SV1; .NET CLR 1.1.4322; XMPP Tiscali Communicator v.10.0.2; .NET CLR 2.0.50727)"
157.55.39.89 - - [03/Nov/2019:23:28:25 +0100] "GET /aktuelles HTTP/1.1" 200 8334 "-" "Mozilla/5.0 (compatible; bingbot/2.0; +http://www.bing.com/bingbot.htm)"
66.249.64.236 - - [04/Nov/2019:00:54:22 +0100] "GET /robots.txt HTTP/1.1" 200 8210 "-" "Mozilla/5.0 (compatible; Googlebot/2.1; +http://www.google.com/bot.html)"
66.249.64.238 - - [04/Nov/2019:00:54:22 +0100] "GET /pdf/Frachtrecht%20HGB.pdf HTTP/1.1" 200 19672 "-" "Mozilla/5.0 (Linux; Android 6.0.1; Nexus 5X Build/MMB29P) AppleWebKit/537.36 (KHTML, like Gecko) Chrome/41.0.2272.96 Mobile Safari/537.36 (compatible; Googlebot/2.1; +http://www.google.com/bot.html)"
66.249.64.236 - - [04/Nov/2019:00:54:23 +0100] "GET / HTTP/1.1" 200 3316 "-" "Mozilla/5.0 (Linux; Android 6.0.1; Nexus 5X Build/MMB29P) AppleWebKit/537.36 (KHTML, like Gecko) Chrome/41.0.2272.96 Mobile Safari/537.36 (compatible; Googlebot/2.1; +http://www.google.com/bot.html)"
46.229.168.146 - - [04/Nov/2019:00:58:15 +0100] "GET /robots.txt HTTP/1.1" 200 8210 "-" "Mozilla/5.0 (compatible; SemrushBot/6~bl; +http://www.semrush.com/bot.html)"
46.229.168.139 - - [04/Nov/2019:00:58:17 +0100] "GET /aktuelles HTTP/1.1" 200 8334 "-" "Mozilla/5.0 (compatible; SemrushBot/6~bl; +http://www.semrush.com/bot.html)"
37.115.191.28 - - [04/Nov/2019:03:24:05 +0100] "GET / HTTP/1.1" 200 3316 "https://pansionat-evropa.com.ua/" "Mozilla/4.0 (compatible- MSIE 6.0- Windows NT 5.1- SV1- .NET CLR 1.1.4322"
37.115.191.28 - - [04/Nov/2019:03:24:26 +0100] "GET / HTTP/1.1" 200 3316 "https://pansionat-evropa.com.ua/" "Mozilla/4.0 (compatible- MSIE 6.0- Windows NT 5.1- SV1- .NET CLR 1.1.4322"
66.249.64.234 - - [04/Nov/2019:04:06:08 +0100] "GET /robots.txt HTTP/1.1" 200 8210 "-" "Mozilla/5.0 (compatible; Googlebot/2.1; +http://www.google.com/bot.html)"
66.249.64.238 - - [04/Nov/2019:04:06:08 +0100] "GET /exportdokumente/wertgrenzen HTTP/1.1" 200 5733 "-" "Mozilla/5.0 (Linux; Android 6.0.1; Nexus 5X Build/MMB29P) AppleWebKit/537.36 (KHTML, like Gecko) Chrome/41.0.2272.96 Mobile Safari/537.36 (compatible; Googlebot/2.1; +http://www.google.com/bot.html)"
66.249.64.236 - - [04/Nov/2019:04:08:54 +0100] "GET /impressum HTTP/1.1" 200 4964 "-" "Mozilla/5.0 (Linux; Android 6.0.1; Nexus 5X Build/MMB29P) AppleWebKit/537.36 (KHTML, like Gecko) Chrome/41.0.2272.96 Mobile Safari/537.36 (compatible; Googlebot/2.1; +http://www.google.com/bot.html)"
106.38.241.190 - - [04/Nov/2019:04:09:52 +0100] "GET /robots.txt HTTP/1.1" 200 8210 "-" "Sogou web spider/4.0(+http://www.sogou.com/docs/help/webmasters.htm#07)"
106.38.241.190 - - [04/Nov/2019:04:09:57 +0100] "GET / HTTP/1.1" 200 3316 "-" "Sogou web spider/4.0(+http://www.sogou.com/docs/help/webmasters.htm#07)"
46.119.114.102 - - [04/Nov/2019:05:02:17 +0100] "GET / HTTP/1.1" 200 3316 "https://avigo.md/" "Mozilla/6.0 (compatible; MSIE 7.0a1; Windows NT 5.2; SV1)"
46.119.114.102 - - [04/Nov/2019:05:02:18 +0100] "GET / HTTP/1.1" 200 3316 "https://avigo.md/" "Mozilla/6.0 (compatible; MSIE 7.0a1; Windows NT 5.2; SV1)"
178.137.85.37 - - [04/Nov/2019:05:06:06 +0100] "GET / HTTP/1.1" 200 3316 "https://femdom-life.com/" "Mozilla/4.0 (compatible; MSIE 6.0; Windows NT 5.0; Avant Browser [avantbrowser.com]; Hotbar 4.4.5.0)"
178.137.85.37 - - [04/Nov/2019:05:06:06 +0100] "GET / HTTP/1.1" 200 3316 "http://footfetish-planet.net/" "Mozilla/4.0 (compatible; MSIE 6.0; Windows NT 5.0; Avant Browser [avantbrowser.com]; Hotbar 4.4.5.0)"
178.137.85.37 - - [04/Nov/2019:05:06:06 +0100] "GET / HTTP/1.1" 200 3316 "https://femdom-life.com/" "Mozilla/4.0 (compatible; MSIE 6.0; Windows NT 5.0; Avant Browser [avantbrowser.com]; Hotbar 4.4.5.0)"
178.137.85.37 - - [04/Nov/2019:05:06:06 +0100] "GET / HTTP/1.1" 200 3316 "http://footfetish-planet.net/" "Mozilla/4.0 (compatible; MSIE 6.0; Windows NT 5.0; Avant Browser [avantbrowser.com]; Hotbar 4.4.5.0)"
40.77.167.68 - - [04/Nov/2019:05:06:52 +0100] "GET /geschaeftskunden/stueckgut_national HTTP/1.1" 200 4493 "-" "Mozilla/5.0 (compatible; bingbot/2.0; +http://www.bing.com/bingbot.htm)"
40.77.190.87 - - [04/Nov/2019:05:06:56 +0100] "GET /js/curvycorners.src.js HTTP/1.1" 200 60221 "-" "Mozilla/5.0 (Windows NT 6.1; WOW64) AppleWebKit/534+ (KHTML, like Gecko) BingPreview/1.0b"
106.38.241.109 - - [04/Nov/2019:05:14:18 +0100] "GET /robots.txt HTTP/1.1" 200 8210 "-" "Sogou web spider/4.0(+http://www.sogou.com/docs/help/webmasters.htm#07)"
106.38.241.109 - - [04/Nov/2019:05:14:20 +0100] "GET /css/screen.css HTTP/1.1" 200 13636 "-" "Mozilla/5.0 (Linux; Android 4.1.2; SHV-E250S Build/JZO54K) AppleWebKit/537.36 (KHTML, like Gecko) Chrome/30.0.1599.82 Mobile Safari/537.36"
207.46.13.130 - - [04/Nov/2019:05:32:30 +0100] "GET / HTTP/1.1" 200 3316 "-" "Mozilla/5.0 (compatible; bingbot/2.0; +http://www.bing.com/bingbot.htm)"
80.147.82.60 - - [04/Nov/2019:07:01:38 +0100] "GET /exportdokumente/wertgrenzen HTTP/1.1" 200 5733 "-" "Mozilla/5.0 (Macintosh; Intel Mac OS X 10_13_6) AppleWebKit/605.1.15 (KHTML, like Gecko)"
80.147.82.60 - - [04/Nov/2019:07:01:38 +0100] "GET /apple-touch-icon-precomposed.png HTTP/1.1" 200 8210 "-" "Safari/13605.3.8 CFNetwork/902.1 Darwin/17.7.0 (x86_64)"
80.147.82.60 - - [04/Nov/2019:07:01:39 +0100] "GET /apple-touch-icon.png HTTP/1.1" 200 8210 "-" "Safari/13605.3.8 CFNetwork/902.1 Darwin/17.7.0 (x86_64)"
80.147.82.60 - - [04/Nov/2019:07:01:39 +0100] "GET /favicon.ico HTTP/1.1" 200 8210 "-" "Safari/13605.3.8 CFNetwork/902.1 Darwin/17.7.0 (x86_64)"
80.147.82.60 - - [04/Nov/2019:07:01:39 +0100] "GET /apple-touch-icon-precomposed.png HTTP/1.1" 200 8210 "-" "Safari/13605.3.8 CFNetwork/902.1 Darwin/17.7.0 (x86_64)"
80.147.82.60 - - [04/Nov/2019:07:01:39 +0100] "GET /apple-touch-icon.png HTTP/1.1" 200 8210 "-" "Safari/13605.3.8 CFNetwork/902.1 Darwin/17.7.0 (x86_64)"
80.147.82.60 - - [04/Nov/2019:07:01:40 +0100] "GET /favicon.ico HTTP/1.1" 200 8210 "-" "Safari/13605.3.8 CFNetwork/902.1 Darwin/17.7.0 (x86_64)"
80.147.82.60 - - [04/Nov/2019:07:01:40 +0100] "GET /exportdokumente/wertgrenzen HTTP/1.1" 200 5733 "-" "\"Mozilla/5.0 (iPhone; CPU iPhone OS 11_0 like Mac OS X) AppleWebKit/604.1.38 (KHTML, like Gecko) Version/11.0 Mobile/15A372 Safari/604.1\""
80.147.82.60 - - [04/Nov/2019:07:01:40 +0100] "GET /apple-touch-icon-precomposed.png HTTP/1.1" 200 8210 "-" "Safari/13605.3.8 CFNetwork/902.1 Darwin/17.7.0 (x86_64)"
80.147.82.60 - - [04/Nov/2019:07:01:40 +0100] "GET /apple-touch-icon.png HTTP/1.1" 200 8210 "-" "Safari/13605.3.8 CFNetwork/902.1 Darwin/17.7.0 (x86_64)"
80.147.82.60 - - [04/Nov/2019:07:01:41 +0100] "GET /favicon.ico HTTP/1.1" 200 8210 "-" "Safari/13605.3.8 CFNetwork/902.1 Darwin/17.7.0 (x86_64)"
80.147.82.60 - - [04/Nov/2019:07:01:41 +0100] "GET /apple-touch-icon-precomposed.png HTTP/1.1" 200 8210 "-" "Safari/13605.3.8 CFNetwork/902.1 Darwin/17.7.0 (x86_64)"
80.147.82.60 - - [04/Nov/2019:07:01:41 +0100] "GET /apple-touch-icon.png HTTP/1.1" 200 8210 "-" "Safari/13605.3.8 CFNetwork/902.1 Darwin/17.7.0 (x86_64)"
80.147.82.60 - - [04/Nov/2019:07:01:41 +0100] "GET /favicon.ico HTTP/1.1" 200 8210 "-" "Safari/13605.3.8 CFNetwork/902.1 Darwin/17.7.0 (x86_64)"
40.77.167.164 - - [04/Nov/2019:07:08:29 +0100] "GET /kontakt HTTP/1.1" 200 8210 "-" "Mozilla/5.0 (compatible; bingbot/2.0; +http://www.bing.com/bingbot.htm)"
178.137.85.37 - - [04/Nov/2019:07:09:59 +0100] "GET / HTTP/1.1" 200 3316 "https://cn.painting-planet.com/" "Mozilla/3.0 (x86 [en] Windows NT 5.1; Sun)"
178.137.85.37 - - [04/Nov/2019:07:10:04 +0100] "GET / HTTP/1.1" 200 3316 "https://cn.painting-planet.com/" "Mozilla/3.0 (x86 [en] Windows NT 5.1; Sun)"
178.137.85.37 - - [04/Nov/2019:07:10:04 +0100] "GET / HTTP/1.1" 200 3316 "https://cn.painting-planet.com/" "Mozilla/3.0 (x86 [en] Windows NT 5.1; Sun)"
66.249.64.238 - - [04/Nov/2019:07:33:23 +0100] "GET /robots.txt HTTP/1.1" 200 8210 "-" "Mozilla/5.0 (compatible; Googlebot/2.1; +http://www.google.com/bot.html)"
66.249.64.236 - - [04/Nov/2019:07:33:24 +0100] "GET /informationen HTTP/1.1" 200 3978 "-" "Mozilla/5.0 (Linux; Android 6.0.1; Nexus 5X Build/MMB29P) AppleWebKit/537.36 (KHTML, like Gecko) Chrome/41.0.2272.96 Mobile Safari/537.36 (compatible; Googlebot/2.1; +http://www.google.com/bot.html)"
66.249.64.236 - - [04/Nov/2019:07:33:25 +0100] "GET /unternehmen/wir_ueber_uns HTTP/1.1" 200 5040 "-" "Mozilla/5.0 (Linux; Android 6.0.1; Nexus 5X Build/MMB29P) AppleWebKit/537.36 (KHTML, like Gecko) Chrome/41.0.2272.96 Mobile Safari/537.36 (compatible; Googlebot/2.1; +http://www.google.com/bot.html)"
87.140.109.177 - - [04/Nov/2019:07:46:37 +0100] "GET /pdf/Frachtrecht%20HGB.pdf HTTP/1.1" 200 19672 "https://www.google.com/" "Mozilla/5.0 (Windows NT 10.0; Win64; x64) AppleWebKit/537.36 (KHTML, like Gecko) Chrome/77.0.3865.120 Safari/537.36"
87.140.109.177 - - [04/Nov/2019:07:46:37 +0100] "GET /favicon.ico HTTP/1.1" 200 8210 "http://www.alle-ziele-spedition.de/pdf/Frachtrecht%20HGB.pdf" "Mozilla/5.0 (Windows NT 10.0; Win64; x64) AppleWebKit/537.36 (KHTML, like Gecko) Chrome/77.0.3865.120 Safari/537.36"
194.173.174.106 - - [04/Nov/2019:07:51:16 +0100] "HEAD / HTTP/1.1" 200 - "-" "Mozilla/5.0 (Windows NT 6.3; WOW64) AppleWebKit/537.36 (KHTML, like Gecko) Chrome/43.0.2357.134 Safari/537.36"
3.89.199.248 - - [04/Nov/2019:08:02:48 +0100] "GET / HTTP/1.1" 200 3316 "-" "Mozilla/5.0 (Windows NT 6.1; Win64; x64) AppleWebKit/537.36 (KHTML, like Gecko) Chrome/72.0.3626.109 Safari/537.36"
88.198.90.9 - - [04/Nov/2019:08:05:18 +0100] "GET /unternehmen/sponsoring/worldvision HTTP/1.1" 200 5952 "-" "Mozilla/5.0 (Macintosh; Intel Mac OS X 10.13; rv:58.0) Gecko/20100101 Firefox/58.0"
37.115.191.28 - - [04/Nov/2019:08:20:53 +0100] "GET / HTTP/1.1" 200 3316 "http://kinozapas.org/" "Mozilla/4.0 (compatible; MSIE 6.0; Windows NT 5.1; MyIE2; Deepnet Explorer)"
37.115.191.28 - - [04/Nov/2019:08:21:15 +0100] "GET / HTTP/1.1" 200 3316 "http://kinozapas.org/" "Mozilla/4.0 (compatible; MSIE 6.0; Windows NT 5.1; MyIE2; Deepnet Explorer)"
62.152.171.202 - - [04/Nov/2019:08:24:25 +0100] "GET /informationen/faq HTTP/1.1" 200 7235 "https://www.google.com/" "Mozilla/5.0 (Windows NT 10.0; Win64; x64) AppleWebKit/537.36 (KHTML, like Gecko) Chrome/78.0.3904.87 Safari/537.36"
62.152.171.202 - - [04/Nov/2019:08:24:26 +0100] "GET /css/screen.css HTTP/1.1" 200 13636 "http://www.alle-ziele-spedition.de/informationen/faq" "Mozilla/5.0 (Windows NT 10.0; Win64; x64) AppleWebKit/537.36 (KHTML, like Gecko) Chrome/78.0.3904.87 Safari/537.36"
62.152.171.202 - - [04/Nov/2019:08:24:27 +0100] "GET /css/print.css HTTP/1.1" 200 830 "http://www.alle-ziele-spedition.de/informationen/faq" "Mozilla/5.0 (Windows NT 10.0; Win64; x64) AppleWebKit/537.36 (KHTML, like Gecko) Chrome/78.0.3904.87 Safari/537.36"
62.152.171.202 - - [04/Nov/2019:08:24:27 +0100] "GET /js/curvycorners.src.js HTTP/1.1" 200 60221 "http://www.alle-ziele-spedition.de/informationen/faq" "Mozilla/5.0 (Windows NT 10.0; Win64; x64) AppleWebKit/537.36 (KHTML, like Gecko) Chrome/78.0.3904.87 Safari/537.36"
62.152.171.202 - - [04/Nov/2019:08:24:27 +0100] "GET /img/hg_body.gif HTTP/1.1" 200 1754 "http://www.alle-ziele-spedition.de/css/screen.css" "Mozilla/5.0 (Windows NT 10.0; Win64; x64) AppleWebKit/537.36 (KHTML, like Gecko) Chrome/78.0.3904.87 Safari/537.36"
62.152.171.202 - - [04/Nov/2019:08:24:27 +0100] "GET /img/39858922.jpg HTTP/1.1" 200 13545 "http://www.alle-ziele-spedition.de/css/screen.css" "Mozilla/5.0 (Windows NT 10.0; Win64; x64) AppleWebKit/537.36 (KHTML, like Gecko) Chrome/78.0.3904.87 Safari/537.36"
62.152.171.202 - - [04/Nov/2019:08:24:27 +0100] "GET /img/30891670.jpg HTTP/1.1" 200 6613 "http://www.alle-ziele-spedition.de/css/screen.css" "Mozilla/5.0 (Windows NT 10.0; Win64; x64) AppleWebKit/537.36 (KHTML, like Gecko) Chrome/78.0.3904.87 Safari/537.36"
62.152.171.202 - - [04/Nov/2019:08:24:27 +0100] "GET /img/head_hg.jpg HTTP/1.1" 200 18629 "http://www.alle-ziele-spedition.de/css/screen.css" "Mozilla/5.0 (Windows NT 10.0; Win64; x64) AppleWebKit/537.36 (KHTML, like Gecko) Chrome/78.0.3904.87 Safari/537.36"
62.152.171.202 - - [04/Nov/2019:08:24:27 +0100] "GET /img/berlin_footer2.gif HTTP/1.1" 200 2795 "http://www.alle-ziele-spedition.de/css/screen.css" "Mozilla/5.0 (Windows NT 10.0; Win64; x64) AppleWebKit/537.36 (KHTML, like Gecko) Chrome/78.0.3904.87 Safari/537.36"
62.152.171.202 - - [04/Nov/2019:08:24:27 +0100] "GET /img/37796688.jpg HTTP/1.1" 200 19232 "http://www.alle-ziele-spedition.de/css/screen.css" "Mozilla/5.0 (Windows NT 10.0; Win64; x64) AppleWebKit/537.36 (KHTML, like Gecko) Chrome/78.0.3904.87 Safari/537.36"
62.152.171.202 - - [04/Nov/2019:08:24:27 +0100] "GET /favicon.ico HTTP/1.1" 200 8210 "http://www.alle-ziele-spedition.de/informationen/faq" "Mozilla/5.0 (Windows NT 10.0; Win64; x64) AppleWebKit/537.36 (KHTML, like Gecko) Chrome/78.0.3904.87 Safari/537.36"
80.147.82.60 - - [04/Nov/2019:08:54:35 +0100] "GET /exportdokumente/wertgrenzen HTTP/1.1" 200 5733 "-" "Mozilla/5.0 (Macintosh; Intel Mac OS X 10_13_6) AppleWebKit/605.1.15 (KHTML, like Gecko)"
80.147.82.60 - - [04/Nov/2019:08:54:35 +0100] "GET /apple-touch-icon-precomposed.png HTTP/1.1" 200 8210 "-" "Safari/13605.3.8 CFNetwork/902.1 Darwin/17.7.0 (x86_64)"
80.147.82.60 - - [04/Nov/2019:08:54:36 +0100] "GET /apple-touch-icon.png HTTP/1.1" 200 8210 "-" "Safari/13605.3.8 CFNetwork/902.1 Darwin/17.7.0 (x86_64)"
80.147.82.60 - - [04/Nov/2019:08:54:36 +0100] "GET /favicon.ico HTTP/1.1" 200 8210 "-" "Safari/13605.3.8 CFNetwork/902.1 Darwin/17.7.0 (x86_64)"
80.147.82.60 - - [04/Nov/2019:08:54:36 +0100] "GET /apple-touch-icon-precomposed.png HTTP/1.1" 200 8210 "-" "Safari/13605.3.8 CFNetwork/902.1 Darwin/17.7.0 (x86_64)"
80.147.82.60 - - [04/Nov/2019:08:54:36 +0100] "GET /apple-touch-icon.png HTTP/1.1" 200 8210 "-" "Safari/13605.3.8 CFNetwork/902.1 Darwin/17.7.0 (x86_64)"
80.147.82.60 - - [04/Nov/2019:08:54:36 +0100] "GET /favicon.ico HTTP/1.1" 200 8210 "-" "Safari/13605.3.8 CFNetwork/902.1 Darwin/17.7.0 (x86_64)"
80.147.82.60 - - [04/Nov/2019:08:54:37 +0100] "GET /exportdokumente/wertgrenzen HTTP/1.1" 200 5733 "-" "\"Mozilla/5.0 (iPhone; CPU iPhone OS 11_0 like Mac OS X) AppleWebKit/604.1.38 (KHTML, like Gecko) Version/11.0 Mobile/15A372 Safari/604.1\""
80.147.82.60 - - [04/Nov/2019:08:54:37 +0100] "GET /apple-touch-icon-precomposed.png HTTP/1.1" 200 8210 "-" "Safari/13605.3.8 CFNetwork/902.1 Darwin/17.7.0 (x86_64)"
80.147.82.60 - - [04/Nov/2019:08:54:37 +0100] "GET /apple-touch-icon.png HTTP/1.1" 200 8210 "-" "Safari/13605.3.8 CFNetwork/902.1 Darwin/17.7.0 (x86_64)"
80.147.82.60 - - [04/Nov/2019:08:54:37 +0100] "GET /favicon.ico HTTP/1.1" 200 8210 "-" "Safari/13605.3.8 CFNetwork/902.1 Darwin/17.7.0 (x86_64)"
80.147.82.60 - - [04/Nov/2019:08:54:37 +0100] "GET /apple-touch-icon-precomposed.png HTTP/1.1" 200 8210 "-" "Safari/13605.3.8 CFNetwork/902.1 Darwin/17.7.0 (x86_64)"
80.147.82.60 - - [04/Nov/2019:08:54:38 +0100] "GET /apple-touch-icon.png HTTP/1.1" 200 8210 "-" "Safari/13605.3.8 CFNetwork/902.1 Darwin/17.7.0 (x86_64)"
80.147.82.60 - - [04/Nov/2019:08:54:38 +0100] "GET /favicon.ico HTTP/1.1" 200 8210 "-" "Safari/13605.3.8 CFNetwork/902.1 Darwin/17.7.0 (x86_64)"
91.64.238.66 - - [04/Nov/2019:09:11:31 +0100] "GET / HTTP/1.1" 200 3316 "https://www.google.de/" "Mozilla/5.0 (iPhone; CPU iPhone OS 13_1_3 like Mac OS X) AppleWebKit/605.1.15 (KHTML, like Gecko) Version/13.0.1 Mobile/15E148 Safari/604.1"
91.64.238.66 - - [04/Nov/2019:09:11:32 +0100] "GET /css/screen.css HTTP/1.1" 200 13636 "http://www.alle-ziele-spedition.de/" "Mozilla/5.0 (iPhone; CPU iPhone OS 13_1_3 like Mac OS X) AppleWebKit/605.1.15 (KHTML, like Gecko) Version/13.0.1 Mobile/15E148 Safari/604.1"
91.64.238.66 - - [04/Nov/2019:09:11:32 +0100] "GET /js/curvycorners.src.js HTTP/1.1" 200 60221 "http://www.alle-ziele-spedition.de/" "Mozilla/5.0 (iPhone; CPU iPhone OS 13_1_3 like Mac OS X) AppleWebKit/605.1.15 (KHTML, like Gecko) Version/13.0.1 Mobile/15E148 Safari/604.1"
