80.147.82.60 - - [18/Nov/2019:12:54:37 +0100] "GET /favicon.ico HTTP/1.1" 200 8210 "-" "Safari/11605.3.8.1 CFNetwork/760.9 Darwin/15.6.0 (x86_64)"
23.100.232.233 - - [18/Nov/2019:13:03:50 +0100] "GET /pdf/Frachtrecht%20HGB.pdf HTTP/1.1" 200 19672 "http://www.bing.com/search?q=%C3%9Cbersicht+Unternehmerpflichten+pdf&form=MSNH14&sc=8-4&sp=-1&qs=n&sk=" "Mozilla/5.0 (compatible; MSIE 9.0; Windows NT 6.0; Trident/5.0; Trident/5.0)"
209.222.82.101 - - [18/Nov/2019:13:04:29 +0100] "GET / HTTP/1.0" 200 3316 "-" "Mozilla/4.0 (compatible; MSIE 8.0; Windows NT 6.1; WOW64; Trident/4.0; SLCC2; .NET CLR 2.0.50727; .NET CLR 3.5.30729; .NET CLR 3.0.30729)"
66.249.64.238 - - [18/Nov/2019:13:11:30 +0100] "GET /robots.txt HTTP/1.1" 200 8210 "-" "Mozilla/5.0 (compatible; Googlebot/2.1; +http://www.google.com/bot.html)"
66.249.64.234 - - [18/Nov/2019:13:11:30 +0100] "GET /doc/Frachtrecht%20HGB.doc HTTP/1.1" 200 29184 "-" "Mozilla/5.0 (Linux; Android 6.0.1; Nexus 5X Build/MMB29P) AppleWebKit/537.36 (KHTML, like Gecko) Chrome/41.0.2272.96 Mobile Safari/537.36 (compatible; Googlebot/2.1; +http://www.google.com/bot.html)"
107.21.1.8 - - [18/Nov/2019:13:15:03 +0100] "GET / HTTP/1.1" 200 3316 "http://www.alle-ziele-spedition.de/" "Mozilla/5.0 (compatible; DuckDuckGo-Favicons-Bot/1.0; +http://duckduckgo.com)"
107.21.1.8 - - [18/Nov/2019:13:15:03 +0100] "GET /favicon.ico HTTP/1.1" 200 8210 "http://www.alle-ziele-spedition.de/favicon.ico" "Mozilla/5.0 (compatible; DuckDuckGo-Favicons-Bot/1.0; +http://duckduckgo.com)"
80.137.248.72 - - [18/Nov/2019:13:49:27 +0100] "GET /pdf/Frachtrecht%20HGB.pdf HTTP/1.1" 200 19672 "-" "Mozilla/5.0 (Macintosh; Intel Mac OS X 10_14_5) AppleWebKit/605.1.15 (KHTML, like Gecko)"
80.137.248.72 - - [18/Nov/2019:13:49:28 +0100] "GET /apple-touch-icon-precomposed.png HTTP/1.1" 200 8210 "-" "Safari/14607.2.6.1.1 CFNetwork/978.0.7 Darwin/18.6.0 (x86_64)"
80.137.248.72 - - [18/Nov/2019:13:49:28 +0100] "GET /apple-touch-icon.png HTTP/1.1" 200 8210 "-" "Safari/14607.2.6.1.1 CFNetwork/978.0.7 Darwin/18.6.0 (x86_64)"
80.137.248.72 - - [18/Nov/2019:13:49:29 +0100] "GET /favicon.ico HTTP/1.1" 200 8210 "-" "Safari/14607.2.6.1.1 CFNetwork/978.0.7 Darwin/18.6.0 (x86_64)"
80.137.248.72 - - [18/Nov/2019:13:49:29 +0100] "GET /apple-touch-icon-precomposed.png HTTP/1.1" 200 8210 "-" "Safari/14607.2.6.1.1 CFNetwork/978.0.7 Darwin/18.6.0 (x86_64)"
80.137.248.72 - - [18/Nov/2019:13:49:29 +0100] "GET /apple-touch-icon.png HTTP/1.1" 200 8210 "-" "Safari/14607.2.6.1.1 CFNetwork/978.0.7 Darwin/18.6.0 (x86_64)"
80.137.248.72 - - [18/Nov/2019:13:49:29 +0100] "GET /favicon.ico HTTP/1.1" 200 8210 "-" "Safari/14607.2.6.1.1 CFNetwork/978.0.7 Darwin/18.6.0 (x86_64)"
80.137.248.72 - - [18/Nov/2019:13:49:30 +0100] "GET /pdf/Frachtrecht%20HGB.pdf HTTP/1.1" 200 19672 "-" "Mozilla/5.0 (iPhone; CPU iPhone OS 12_1_3 like Mac OS X) AppleWebKit/605.1.15 (KHTML, like Gecko) Version/12.0 Mobile/15E148 Safari/604.1"
80.137.248.72 - - [18/Nov/2019:13:49:30 +0100] "GET /apple-touch-icon-precomposed.png HTTP/1.1" 200 8210 "-" "Safari/14607.2.6.1.1 CFNetwork/978.0.7 Darwin/18.6.0 (x86_64)"
80.137.248.72 - - [18/Nov/2019:13:49:31 +0100] "GET /apple-touch-icon.png HTTP/1.1" 200 8210 "-" "Safari/14607.2.6.1.1 CFNetwork/978.0.7 Darwin/18.6.0 (x86_64)"
80.137.248.72 - - [18/Nov/2019:13:49:31 +0100] "GET /favicon.ico HTTP/1.1" 200 8210 "-" "Safari/14607.2.6.1.1 CFNetwork/978.0.7 Darwin/18.6.0 (x86_64)"
80.137.248.72 - - [18/Nov/2019:13:49:31 +0100] "GET /apple-touch-icon-precomposed.png HTTP/1.1" 200 8210 "-" "Safari/14607.2.6.1.1 CFNetwork/978.0.7 Darwin/18.6.0 (x86_64)"
80.137.248.72 - - [18/Nov/2019:13:49:32 +0100] "GET /apple-touch-icon.png HTTP/1.1" 200 8210 "-" "Safari/14607.2.6.1.1 CFNetwork/978.0.7 Darwin/18.6.0 (x86_64)"
80.137.248.72 - - [18/Nov/2019:13:49:33 +0100] "GET /favicon.ico HTTP/1.1" 200 8210 "-" "Safari/14607.2.6.1.1 CFNetwork/978.0.7 Darwin/18.6.0 (x86_64)"
194.173.174.106 - - [18/Nov/2019:13:58:35 +0100] "HEAD / HTTP/1.1" 200 - "-" "Mozilla/5.0 (Windows NT 6.3; WOW64) AppleWebKit/537.36 (KHTML, like Gecko) Chrome/43.0.2357.134 Safari/537.36"
84.150.236.150 - - [18/Nov/2019:14:00:49 +0100] "GET /pdf/Frachtrecht%20HGB.pdf HTTP/1.1" 200 19672 "https://www.google.de/" "Mozilla/5.0 (Windows NT 6.1; Win64; x64) AppleWebKit/537.36 (KHTML, like Gecko) Chrome/77.0.3865.120 Safari/537.36 OPR/64.0.3417.92"
84.150.236.150 - - [18/Nov/2019:14:00:49 +0100] "GET /favicon.ico HTTP/1.1" 200 8210 "http://www.alle-ziele-spedition.de/pdf/Frachtrecht%20HGB.pdf" "Mozilla/5.0 (Windows NT 6.1; Win64; x64) AppleWebKit/537.36 (KHTML, like Gecko) Chrome/77.0.3865.120 Safari/537.36 OPR/64.0.3417.92"
34.205.77.40 - - [18/Nov/2019:14:08:39 +0100] "GET / HTTP/1.1" 200 3316 "-" "Mozilla/5.0 (Windows NT 6.1; Win64; x64) AppleWebKit/537.36 (KHTML, like Gecko) Chrome/72.0.3626.109 Safari/537.36"
23.100.232.233 - - [18/Nov/2019:14:10:43 +0100] "GET /pdf/Frachtrecht%20HGB.pdf HTTP/1.1" 200 19672 "http://www.bing.com/search?q=%C3%9Cbersicht+Unternehmerpflichten+pdf&form=MSNH14&sc=8-4&sp=-1&qs=n&sk=" "Mozilla/5.0 (compatible; MSIE 9.0; Windows NT 6.1; Trident/5.0; Trident/5.0)"
207.46.13.107 - - [18/Nov/2019:14:16:35 +0100] "GET /informationen/spediteur HTTP/1.1" 200 111924 "-" "Mozilla/5.0 (compatible; bingbot/2.0; +http://www.bing.com/bingbot.htm)"
81.18.204.70 - - [18/Nov/2019:14:17:43 +0100] "GET / HTTP/1.1" 200 3316 "https://www.google.com/" "Mozilla/5.0 (Windows NT 10.0; Win64; x64) AppleWebKit/537.36 (KHTML, like Gecko) Chrome/78.0.3904.97 Safari/537.36"
81.18.204.70 - - [18/Nov/2019:14:17:44 +0100] "GET /css/screen.css HTTP/1.1" 200 13636 "http://www.alle-ziele-spedition.de/" "Mozilla/5.0 (Windows NT 10.0; Win64; x64) AppleWebKit/537.36 (KHTML, like Gecko) Chrome/78.0.3904.97 Safari/537.36"
81.18.204.70 - - [18/Nov/2019:14:17:44 +0100] "GET /js/curvycorners.src.js HTTP/1.1" 200 60221 "http://www.alle-ziele-spedition.de/" "Mozilla/5.0 (Windows NT 10.0; Win64; x64) AppleWebKit/537.36 (KHTML, like Gecko) Chrome/78.0.3904.97 Safari/537.36"
81.18.204.70 - - [18/Nov/2019:14:17:45 +0100] "GET / HTTP/1.1" 200 3316 "https://www.google.com/" "Mozilla/5.0 (Windows NT 10.0; Win64; x64) AppleWebKit/537.36 (KHTML, like Gecko) Chrome/78.0.3904.97 Safari/537.36"
81.18.204.70 - - [18/Nov/2019:14:17:45 +0100] "GET /css/print.css HTTP/1.1" 200 830 "http://www.alle-ziele-spedition.de/" "Mozilla/5.0 (Windows NT 10.0; Win64; x64) AppleWebKit/537.36 (KHTML, like Gecko) Chrome/78.0.3904.97 Safari/537.36"
81.18.204.70 - - [18/Nov/2019:14:17:45 +0100] "GET /img/hg_body.gif HTTP/1.1" 200 1754 "http://www.alle-ziele-spedition.de/css/screen.css" "Mozilla/5.0 (Windows NT 10.0; Win64; x64) AppleWebKit/537.36 (KHTML, like Gecko) Chrome/78.0.3904.97 Safari/537.36"
81.18.204.70 - - [18/Nov/2019:14:17:45 +0100] "GET /img/head_hg.jpg HTTP/1.1" 200 18629 "http://www.alle-ziele-spedition.de/css/screen.css" "Mozilla/5.0 (Windows NT 10.0; Win64; x64) AppleWebKit/537.36 (KHTML, like Gecko) Chrome/78.0.3904.97 Safari/537.36"
81.18.204.70 - - [18/Nov/2019:14:17:45 +0100] "GET /img/7183587b.jpg HTTP/1.1" 200 12190 "http://www.alle-ziele-spedition.de/css/screen.css" "Mozilla/5.0 (Windows NT 10.0; Win64; x64) AppleWebKit/537.36 (KHTML, like Gecko) Chrome/78.0.3904.97 Safari/537.36"
81.18.204.70 - - [18/Nov/2019:14:17:45 +0100] "GET /img/857034.jpg HTTP/1.1" 200 14613 "http://www.alle-ziele-spedition.de/css/screen.css" "Mozilla/5.0 (Windows NT 10.0; Win64; x64) AppleWebKit/537.36 (KHTML, like Gecko) Chrome/78.0.3904.97 Safari/537.36"
81.18.204.70 - - [18/Nov/2019:14:17:45 +0100] "GET /img/52814.jpg HTTP/1.1" 200 14378 "http://www.alle-ziele-spedition.de/css/screen.css" "Mozilla/5.0 (Windows NT 10.0; Win64; x64) AppleWebKit/537.36 (KHTML, like Gecko) Chrome/78.0.3904.97 Safari/537.36"
81.18.204.70 - - [18/Nov/2019:14:17:45 +0100] "GET /img/9606427.jpg HTTP/1.1" 200 21711 "http://www.alle-ziele-spedition.de/css/screen.css" "Mozilla/5.0 (Windows NT 10.0; Win64; x64) AppleWebKit/537.36 (KHTML, like Gecko) Chrome/78.0.3904.97 Safari/537.36"
81.18.204.70 - - [18/Nov/2019:14:17:45 +0100] "GET /img/14351312.jpg HTTP/1.1" 200 16335 "http://www.alle-ziele-spedition.de/css/screen.css" "Mozilla/5.0 (Windows NT 10.0; Win64; x64) AppleWebKit/537.36 (KHTML, like Gecko) Chrome/78.0.3904.97 Safari/537.36"
81.18.204.70 - - [18/Nov/2019:14:17:45 +0100] "GET /img/globus_finger.jpg HTTP/1.1" 200 8787 "http://www.alle-ziele-spedition.de/css/screen.css" "Mozilla/5.0 (Windows NT 10.0; Win64; x64) AppleWebKit/537.36 (KHTML, like Gecko) Chrome/78.0.3904.97 Safari/537.36"
81.18.204.70 - - [18/Nov/2019:14:17:45 +0100] "GET /img/berlin_footer2.gif HTTP/1.1" 200 2795 "http://www.alle-ziele-spedition.de/css/screen.css" "Mozilla/5.0 (Windows NT 10.0; Win64; x64) AppleWebKit/537.36 (KHTML, like Gecko) Chrome/78.0.3904.97 Safari/537.36"
81.18.204.70 - - [18/Nov/2019:14:17:45 +0100] "GET /favicon.ico HTTP/1.1" 200 8210 "http://www.alle-ziele-spedition.de/" "Mozilla/5.0 (Windows NT 10.0; Win64; x64) AppleWebKit/537.36 (KHTML, like Gecko) Chrome/78.0.3904.97 Safari/537.36"
84.180.208.56 - - [18/Nov/2019:14:35:30 +0100] "GET / HTTP/1.1" 200 3316 "-" "Mozilla/5.0 (Windows NT 10.0; Win64; x64; rv:70.0) Gecko/20100101 Firefox/70.0"
84.180.208.56 - - [18/Nov/2019:14:35:31 +0100] "GET /css/screen.css HTTP/1.1" 200 13636 "http://www.alle-ziele-spedition.de/" "Mozilla/5.0 (Windows NT 10.0; Win64; x64; rv:70.0) Gecko/20100101 Firefox/70.0"
84.180.208.56 - - [18/Nov/2019:14:35:31 +0100] "GET /css/print.css HTTP/1.1" 200 830 "http://www.alle-ziele-spedition.de/" "Mozilla/5.0 (Windows NT 10.0; Win64; x64; rv:70.0) Gecko/20100101 Firefox/70.0"
84.180.208.56 - - [18/Nov/2019:14:35:31 +0100] "GET /js/curvycorners.src.js HTTP/1.1" 200 60221 "http://www.alle-ziele-spedition.de/" "Mozilla/5.0 (Windows NT 10.0; Win64; x64; rv:70.0) Gecko/20100101 Firefox/70.0"
84.180.208.56 - - [18/Nov/2019:14:35:31 +0100] "GET /img/hg_body.gif HTTP/1.1" 200 1754 "http://www.alle-ziele-spedition.de/css/screen.css" "Mozilla/5.0 (Windows NT 10.0; Win64; x64; rv:70.0) Gecko/20100101 Firefox/70.0"
84.180.208.56 - - [18/Nov/2019:14:35:31 +0100] "GET /img/head_hg.jpg HTTP/1.1" 200 18629 "http://www.alle-ziele-spedition.de/css/screen.css" "Mozilla/5.0 (Windows NT 10.0; Win64; x64; rv:70.0) Gecko/20100101 Firefox/70.0"
84.180.208.56 - - [18/Nov/2019:14:35:31 +0100] "GET /img/7183587b.jpg HTTP/1.1" 200 12190 "http://www.alle-ziele-spedition.de/css/screen.css" "Mozilla/5.0 (Windows NT 10.0; Win64; x64; rv:70.0) Gecko/20100101 Firefox/70.0"
84.180.208.56 - - [18/Nov/2019:14:35:31 +0100] "GET /img/857034.jpg HTTP/1.1" 200 14613 "http://www.alle-ziele-spedition.de/css/screen.css" "Mozilla/5.0 (Windows NT 10.0; Win64; x64; rv:70.0) Gecko/20100101 Firefox/70.0"
84.180.208.56 - - [18/Nov/2019:14:35:31 +0100] "GET /img/52814.jpg HTTP/1.1" 200 14378 "http://www.alle-ziele-spedition.de/css/screen.css" "Mozilla/5.0 (Windows NT 10.0; Win64; x64; rv:70.0) Gecko/20100101 Firefox/70.0"
84.180.208.56 - - [18/Nov/2019:14:35:31 +0100] "GET /img/9606427.jpg HTTP/1.1" 200 21711 "http://www.alle-ziele-spedition.de/css/screen.css" "Mozilla/5.0 (Windows NT 10.0; Win64; x64; rv:70.0) Gecko/20100101 Firefox/70.0"
84.180.208.56 - - [18/Nov/2019:14:35:31 +0100] "GET /img/14351312.jpg HTTP/1.1" 200 16335 "http://www.alle-ziele-spedition.de/css/screen.css" "Mozilla/5.0 (Windows NT 10.0; Win64; x64; rv:70.0) Gecko/20100101 Firefox/70.0"
84.180.208.56 - - [18/Nov/2019:14:35:31 +0100] "GET /img/globus_finger.jpg HTTP/1.1" 200 8787 "http://www.alle-ziele-spedition.de/css/screen.css" "Mozilla/5.0 (Windows NT 10.0; Win64; x64; rv:70.0) Gecko/20100101 Firefox/70.0"
84.180.208.56 - - [18/Nov/2019:14:35:31 +0100] "GET /img/berlin_footer2.gif HTTP/1.1" 200 2795 "http://www.alle-ziele-spedition.de/css/screen.css" "Mozilla/5.0 (Windows NT 10.0; Win64; x64; rv:70.0) Gecko/20100101 Firefox/70.0"
84.180.208.56 - - [18/Nov/2019:14:35:31 +0100] "GET /favicon.ico HTTP/1.1" 200 8210 "-" "Mozilla/5.0 (Windows NT 10.0; Win64; x64; rv:70.0) Gecko/20100101 Firefox/70.0"
84.180.208.56 - - [18/Nov/2019:14:35:34 +0100] "GET /aktuelles HTTP/1.1" 200 8334 "http://www.alle-ziele-spedition.de/" "Mozilla/5.0 (Windows NT 10.0; Win64; x64; rv:70.0) Gecko/20100101 Firefox/70.0"
84.180.208.56 - - [18/Nov/2019:14:38:02 +0100] "GET /geschaeftskunden HTTP/1.1" 200 4078 "http://www.alle-ziele-spedition.de/aktuelles" "Mozilla/5.0 (Windows NT 10.0; Win64; x64; rv:70.0) Gecko/20100101 Firefox/70.0"
84.180.208.56 - - [18/Nov/2019:14:38:07 +0100] "GET /geschaeftskunden/teil_komplettladungen HTTP/1.1" 200 3776 "http://www.alle-ziele-spedition.de/geschaeftskunden" "Mozilla/5.0 (Windows NT 10.0; Win64; x64; rv:70.0) Gecko/20100101 Firefox/70.0"
84.180.208.56 - - [18/Nov/2019:14:38:07 +0100] "GET /img/6392933.jpg HTTP/1.1" 200 7580 "http://www.alle-ziele-spedition.de/css/screen.css" "Mozilla/5.0 (Windows NT 10.0; Win64; x64; rv:70.0) Gecko/20100101 Firefox/70.0"
84.180.208.56 - - [18/Nov/2019:14:38:07 +0100] "GET /img/23692256.jpg HTTP/1.1" 200 17644 "http://www.alle-ziele-spedition.de/css/screen.css" "Mozilla/5.0 (Windows NT 10.0; Win64; x64; rv:70.0) Gecko/20100101 Firefox/70.0"
84.180.208.56 - - [18/Nov/2019:14:38:07 +0100] "GET /img/7995397.jpg HTTP/1.1" 200 13501 "http://www.alle-ziele-spedition.de/css/screen.css" "Mozilla/5.0 (Windows NT 10.0; Win64; x64; rv:70.0) Gecko/20100101 Firefox/70.0"
84.180.208.56 - - [18/Nov/2019:14:38:07 +0100] "GET /img/7183587.jpg HTTP/1.1" 200 30245 "http://www.alle-ziele-spedition.de/css/screen.css" "Mozilla/5.0 (Windows NT 10.0; Win64; x64; rv:70.0) Gecko/20100101 Firefox/70.0"
84.180.208.56 - - [18/Nov/2019:14:38:07 +0100] "GET /img/plansprinter.jpg HTTP/1.1" 200 5474 "http://www.alle-ziele-spedition.de/css/screen.css" "Mozilla/5.0 (Windows NT 10.0; Win64; x64; rv:70.0) Gecko/20100101 Firefox/70.0"
84.180.208.56 - - [18/Nov/2019:14:38:10 +0100] "GET /geschaeftskunden/tkl_uebersee HTTP/1.1" 200 3859 "http://www.alle-ziele-spedition.de/geschaeftskunden/teil_komplettladungen" "Mozilla/5.0 (Windows NT 10.0; Win64; x64; rv:70.0) Gecko/20100101 Firefox/70.0"
84.180.208.56 - - [18/Nov/2019:14:38:10 +0100] "GET /img/40362199.jpg HTTP/1.1" 200 25594 "http://www.alle-ziele-spedition.de/css/screen.css" "Mozilla/5.0 (Windows NT 10.0; Win64; x64; rv:70.0) Gecko/20100101 Firefox/70.0"
84.180.208.56 - - [18/Nov/2019:14:38:10 +0100] "GET /img/41954271.jpg HTTP/1.1" 200 20594 "http://www.alle-ziele-spedition.de/css/screen.css" "Mozilla/5.0 (Windows NT 10.0; Win64; x64; rv:70.0) Gecko/20100101 Firefox/70.0"
84.180.208.56 - - [18/Nov/2019:14:38:10 +0100] "GET /img/21377713.jpg HTTP/1.1" 200 19348 "http://www.alle-ziele-spedition.de/css/screen.css" "Mozilla/5.0 (Windows NT 10.0; Win64; x64; rv:70.0) Gecko/20100101 Firefox/70.0"
84.180.208.56 - - [18/Nov/2019:14:38:10 +0100] "GET /img/35932436.jpg HTTP/1.1" 200 18054 "http://www.alle-ziele-spedition.de/css/screen.css" "Mozilla/5.0 (Windows NT 10.0; Win64; x64; rv:70.0) Gecko/20100101 Firefox/70.0"
84.180.208.56 - - [18/Nov/2019:14:38:10 +0100] "GET /img/30768361.jpg HTTP/1.1" 200 26250 "http://www.alle-ziele-spedition.de/css/screen.css" "Mozilla/5.0 (Windows NT 10.0; Win64; x64; rv:70.0) Gecko/20100101 Firefox/70.0"
84.180.208.56 - - [18/Nov/2019:14:38:13 +0100] "GET /geschaeftskunden/teil_komplettladungen HTTP/1.1" 200 3776 "http://www.alle-ziele-spedition.de/geschaeftskunden" "Mozilla/5.0 (Windows NT 10.0; Win64; x64; rv:70.0) Gecko/20100101 Firefox/70.0"
84.180.208.56 - - [18/Nov/2019:14:38:16 +0100] "GET /geschaeftskunden HTTP/1.1" 200 4078 "http://www.alle-ziele-spedition.de/aktuelles" "Mozilla/5.0 (Windows NT 10.0; Win64; x64; rv:70.0) Gecko/20100101 Firefox/70.0"
84.180.208.56 - - [18/Nov/2019:14:38:17 +0100] "GET /aktuelles HTTP/1.1" 200 8334 "http://www.alle-ziele-spedition.de/" "Mozilla/5.0 (Windows NT 10.0; Win64; x64; rv:70.0) Gecko/20100101 Firefox/70.0"
84.180.208.56 - - [18/Nov/2019:14:38:22 +0100] "GET / HTTP/1.1" 200 3316 "-" "Mozilla/5.0 (Windows NT 10.0; Win64; x64; rv:70.0) Gecko/20100101 Firefox/70.0"
84.155.37.174 - - [18/Nov/2019:14:47:15 +0100] "GET /pdf/Frachtrecht%20HGB.pdf HTTP/1.1" 200 19672 "https://www.google.com/" "Mozilla/5.0 (Windows NT 10.0; Win64; x64) AppleWebKit/537.36 (KHTML, like Gecko) Chrome/78.0.3904.97 Safari/537.36"
84.155.37.174 - - [18/Nov/2019:14:47:15 +0100] "GET /favicon.ico HTTP/1.1" 200 8210 "http://www.alle-ziele-spedition.de/pdf/Frachtrecht%20HGB.pdf" "Mozilla/5.0 (Windows NT 10.0; Win64; x64) AppleWebKit/537.36 (KHTML, like Gecko) Chrome/78.0.3904.97 Safari/537.36"
54.208.102.37 - - [18/Nov/2019:15:07:06 +0100] "GET / HTTP/1.1" 200 3316 "http://www.alle-ziele-spedition.de/" "Mozilla/5.0 (compatible; DuckDuckGo-Favicons-Bot/1.0; +http://duckduckgo.com)"
54.208.102.37 - - [18/Nov/2019:15:07:06 +0100] "GET /favicon.ico HTTP/1.1" 200 8210 "http://www.alle-ziele-spedition.de/favicon.ico" "Mozilla/5.0 (compatible; DuckDuckGo-Favicons-Bot/1.0; +http://duckduckgo.com)"
66.249.64.234 - - [18/Nov/2019:15:11:25 +0100] "GET /robots.txt HTTP/1.1" 200 8210 "-" "Mozilla/5.0 (compatible; Googlebot/2.1; +http://www.google.com/bot.html)"
66.249.64.236 - - [18/Nov/2019:15:11:26 +0100] "GET /pdf/Frachtrecht%20HGB.pdf HTTP/1.1" 200 19672 "-" "Mozilla/5.0 (Linux; Android 6.0.1; Nexus 5X Build/MMB29P) AppleWebKit/537.36 (KHTML, like Gecko) Chrome/41.0.2272.96 Mobile Safari/537.36 (compatible; Googlebot/2.1; +http://www.google.com/bot.html)"
217.7.222.213 - - [18/Nov/2019:15:21:02 +0100] "GET /pdf/Frachtrecht%20HGB.pdf HTTP/1.1" 200 19672 "-" "Mozilla/5.0 (Windows NT 10.0; Win64; x64) AppleWebKit/537.36 (KHTML, like Gecko) Chrome/70.0.3538.102 Safari/537.36 Edge/18.18362"
82.198.196.91 - - [18/Nov/2019:15:21:47 +0100] "GET /pdf/Frachtrecht%20HGB.pdf HTTP/1.1" 200 19672 "https://www.google.com/" "Mozilla/5.0 (Windows NT 10.0; Win64; x64) AppleWebKit/537.36 (KHTML, like Gecko) Chrome/78.0.3904.97 Safari/537.36"
82.198.196.91 - - [18/Nov/2019:15:21:47 +0100] "GET /favicon.ico HTTP/1.1" 200 8210 "http://www.alle-ziele-spedition.de/pdf/Frachtrecht%20HGB.pdf" "Mozilla/5.0 (Windows NT 10.0; Win64; x64) AppleWebKit/537.36 (KHTML, like Gecko) Chrome/78.0.3904.97 Safari/537.36"
82.198.196.91 - - [18/Nov/2019:15:21:59 +0100] "GET /pdf/Frachtrecht%20HGB.pdf HTTP/1.1" 304 - "-" "Mozilla/5.0 (Windows NT 10.0; Win64; x64) AppleWebKit/537.36 (KHTML, like Gecko) Chrome/78.0.3904.97 Safari/537.36"
82.198.196.91 - - [18/Nov/2019:15:21:59 +0100] "GET /favicon.ico HTTP/1.1" 200 8210 "http://www.alle-ziele-spedition.de/pdf/Frachtrecht%20HGB.pdf" "Mozilla/5.0 (Windows NT 10.0; Win64; x64) AppleWebKit/537.36 (KHTML, like Gecko) Chrome/78.0.3904.97 Safari/537.36"
66.249.64.234 - - [18/Nov/2019:15:22:53 +0100] "GET /impressum HTTP/1.1" 200 4964 "-" "Mozilla/5.0 (Linux; Android 6.0.1; Nexus 5X Build/MMB29P) AppleWebKit/537.36 (KHTML, like Gecko) Chrome/41.0.2272.96 Mobile Safari/537.36 (compatible; Googlebot/2.1; +http://www.google.com/bot.html)"
23.100.232.233 - - [18/Nov/2019:15:35:07 +0100] "GET /pdf/Frachtrecht%20HGB.pdf HTTP/1.1" 200 19672 "http://www.bing.com/search?q=%C3%9Cbersicht+Unternehmerpflichten+pdf&form=MSNH14&sc=8-4&sp=-1&qs=n&sk=" "Mozilla/5.0 (compatible; MSIE 9.0; Windows NT 6.0; Trident/5.0; Trident/5.0)"
66.249.64.238 - - [18/Nov/2019:15:42:25 +0100] "GET /unternehmen/wir_ueber_uns HTTP/1.1" 200 5040 "-" "Mozilla/5.0 (Linux; Android 6.0.1; Nexus 5X Build/MMB29P) AppleWebKit/537.36 (KHTML, like Gecko) Chrome/41.0.2272.96 Mobile Safari/537.36 (compatible; Googlebot/2.1; +http://www.google.com/bot.html)"
34.222.222.231 - - [18/Nov/2019:15:47:35 +0100] "GET /robots.txt HTTP/1.1" 200 8210 "http:// www.alle-ziele-spedition.de" "Mozilla/5.0 (Windows NT 10.0; WOW64) AppleWebKit/537.36 (KHTML, like Gecko) DownloaderChrome/62.0.3202.75 Safari/537.36"
34.222.222.231 - - [18/Nov/2019:15:47:36 +0100] "GET / HTTP/1.1" 200 3316 "http:// www.alle-ziele-spedition.de" "Mozilla/5.0 (Windows NT 10.0; WOW64) AppleWebKit/537.36 (KHTML, like Gecko) DownloaderChrome/62.0.3202.75 Safari/537.36"
34.222.222.231 - - [18/Nov/2019:15:47:37 +0100] "GET /informationen HTTP/1.1" 200 3978 "http:// www.alle-ziele-spedition.de" "Mozilla/5.0 (Windows NT 10.0; WOW64) AppleWebKit/537.36 (KHTML, like Gecko) DownloaderChrome/62.0.3202.75 Safari/537.36"
134.1.1.10 - - [18/Nov/2019:15:49:00 +0100] "GET /pdf/Frachtrecht%20HGB.pdf HTTP/1.1" 200 19672 "https://www.google.de/" "Mozilla/5.0 (Windows NT 10.0; Win64; x64) AppleWebKit/537.36 (KHTML, like Gecko) Chrome/70.0.3538.102 Safari/537.36 Edge/18.18362"
91.134.17.243 - - [18/Nov/2019:16:00:43 +0100] "GET / HTTP/1.1" 200 3316 "-" "Mozilla/5.0 (Macintosh; Intel Mac OS X 10.13; rv:57.0) Gecko/20100101 Firefox/57.0"
23.100.232.233 - - [18/Nov/2019:16:09:17 +0100] "GET /pdf/Frachtrecht%20HGB.pdf HTTP/1.1" 200 19672 "http://www.bing.com/search?q=%C3%9Cbersicht+Unternehmerpflichten+pdf&form=MSNH14&sc=8-4&sp=-1&qs=n&sk=" "Mozilla/5.0 (compatible; MSIE 9.0; Windows NT 6.0; Trident/5.0; Trident/5.0)"
66.249.64.236 - - [18/Nov/2019:16:12:01 +0100] "GET /robots.txt HTTP/1.1" 200 8210 "-" "Mozilla/5.0 (compatible; Googlebot/2.1; +http://www.google.com/bot.html)"
66.249.64.234 - - [18/Nov/2019:16:12:01 +0100] "GET /datenschutz HTTP/1.1" 200 8225 "-" "Mozilla/5.0 (Linux; Android 6.0.1; Nexus 5X Build/MMB29P) AppleWebKit/537.36 (KHTML, like Gecko) Chrome/41.0.2272.96 Mobile Safari/537.36 (compatible; Googlebot/2.1; +http://www.google.com/bot.html)"
66.249.64.234 - - [18/Nov/2019:16:14:38 +0100] "GET /downloads HTTP/1.1" 200 5243 "-" "Mozilla/5.0 (Linux; Android 6.0.1; Nexus 5X Build/MMB29P) AppleWebKit/537.36 (KHTML, like Gecko) Chrome/41.0.2272.96 Mobile Safari/537.36 (compatible; Googlebot/2.1; +http://www.google.com/bot.html)"
194.107.2.92 - - [18/Nov/2019:16:14:41 +0100] "GET /pdf/Frachtrecht%20HGB.pdf HTTP/1.1" 200 19672 "http://www.google.at/url?sa=t&rct=j&q=&esrc=s&source=web&cd=1&ved=2ahUKEwjG_pK1hvTlAhVEDewKHfuMBnkQFjAAegQIARAC&url=http%3A%2F%2Fwww.alle-ziele-spedition.de%2Fpdf%2FFrachtrecht%2520HGB.pdf&usg=AOvVaw28xaDuxS0QnWNxSm15l6kY" "Mozilla/5.0 (Windows NT 10.0; WOW64; Trident/7.0; rv:11.0) like Gecko"
66.249.64.238 - - [18/Nov/2019:16:24:19 +0100] "GET /aktuelles HTTP/1.1" 200 8334 "-" "Mozilla/5.0 (Linux; Android 6.0.1; Nexus 5X Build/MMB29P) AppleWebKit/537.36 (KHTML, like Gecko) Chrome/41.0.2272.96 Mobile Safari/537.36 (compatible; Googlebot/2.1; +http://www.google.com/bot.html)"
66.249.64.236 - - [18/Nov/2019:16:30:02 +0100] "GET /pdf/DSLV-ADSp-2016_17Dez15.pdf HTTP/1.1" 200 1005622 "-" "Mozilla/5.0 (Linux; Android 6.0.1; Nexus 5X Build/MMB29P) AppleWebKit/537.36 (KHTML, like Gecko) Chrome/41.0.2272.96 Mobile Safari/537.36 (compatible; Googlebot/2.1; +http://www.google.com/bot.html)"
87.139.39.158 - - [18/Nov/2019:16:36:32 +0100] "GET /pdf/Frachtrecht%20HGB.pdf HTTP/1.1" 200 19672 "https://www.google.com/" "Mozilla/5.0 (Windows NT 10.0; Win64; x64) AppleWebKit/537.36 (KHTML, like Gecko) Chrome/78.0.3904.97 Safari/537.36"
87.139.39.158 - - [18/Nov/2019:16:36:33 +0100] "GET /favicon.ico HTTP/1.1" 200 8210 "http://www.alle-ziele-spedition.de/pdf/Frachtrecht%20HGB.pdf" "Mozilla/5.0 (Windows NT 10.0; Win64; x64) AppleWebKit/537.36 (KHTML, like Gecko) Chrome/78.0.3904.97 Safari/537.36"
35.237.50.187 - - [18/Nov/2019:16:40:51 +0100] "GET /robots.txt HTTP/1.0" 200 8210 "-" "ZoominfoBot (zoominfobot at zoominfo dot com)"
35.237.50.187 - - [18/Nov/2019:16:40:51 +0100] "GET / HTTP/1.0" 200 3316 "-" "ZoominfoBot (zoominfobot at zoominfo dot com)"
42.236.10.71 - - [18/Nov/2019:16:44:46 +0100] "GET / HTTP/1.1" 200 3316 "http://www.alle-ziele-spedition.de/" "Mozilla/5.0 (Windows NT 6.1; WOW64) AppleWebKit/537.36 (KHTML, like Gecko) Chrome/50.0.2661.102 Safari/537.36; 360Spider"
185.85.220.166 - - [18/Nov/2019:16:51:50 +0100] "GET /pdf/Frachtrecht%20HGB.pdf HTTP/1.1" 200 19672 "https://www.google.com/" "Mozilla/5.0 (Windows NT 10.0; Win64; x64) AppleWebKit/537.36 (KHTML, like Gecko) Chrome/78.0.3904.87 Safari/537.36"
185.85.220.166 - - [18/Nov/2019:16:51:52 +0100] "GET /pdf/Frachtrecht%20HGB.pdf HTTP/1.1" 200 19672 "https://www.google.com/" "Mozilla/5.0 (Windows NT 10.0; Win64; x64) AppleWebKit/537.36 (KHTML, like Gecko) Chrome/78.0.3904.87 Safari/537.36"
185.85.220.166 - - [18/Nov/2019:16:51:52 +0100] "GET /favicon.ico HTTP/1.1" 200 8210 "http://www.alle-ziele-spedition.de/pdf/Frachtrecht%20HGB.pdf" "Mozilla/5.0 (Windows NT 10.0; Win64; x64) AppleWebKit/537.36 (KHTML, like Gecko) Chrome/78.0.3904.87 Safari/537.36"
207.46.13.107 - - [18/Nov/2019:17:20:53 +0100] "GET /downloads HTTP/1.1" 200 5243 "-" "Mozilla/5.0 (compatible; bingbot/2.0; +http://www.bing.com/bingbot.htm)"
40.77.188.236 - - [18/Nov/2019:17:21:09 +0100] "GET /js/curvycorners.src.js HTTP/1.1" 200 60221 "-" "Mozilla/5.0 (Windows NT 6.1; WOW64) AppleWebKit/534+ (KHTML, like Gecko) BingPreview/1.0b"
40.77.189.1 - - [18/Nov/2019:17:21:11 +0100] "GET /css/print.css HTTP/1.1" 200 830 "-" "Mozilla/5.0 (Windows NT 6.1; WOW64) AppleWebKit/534+ (KHTML, like Gecko) BingPreview/1.0b"
178.200.236.155 - - [18/Nov/2019:17:41:29 +0100] "GET /pdf/Frachtrecht%20HGB.pdf HTTP/1.1" 200 19672 "https://www.bing.com/search?q=haftung+frachtf%C3%BChere+berechnen&form=APIPH1&PC=APPL" "Mozilla/5.0 (iPhone; CPU iPhone OS 12_3 like Mac OS X) AppleWebKit/605.1.15 (KHTML, like Gecko) Version/12.1.1 Mobile/15E148 Safari/604.1"
178.200.236.155 - - [18/Nov/2019:17:41:29 +0100] "GET /favicon.ico HTTP/1.1" 200 8210 "http://www.alle-ziele-spedition.de/pdf/Frachtrecht%20HGB.pdf" "Mozilla/5.0 (iPhone; CPU iPhone OS 12_3 like Mac OS X) AppleWebKit/605.1.15 (KHTML, like Gecko) Version/12.1.1 Mobile/15E148 Safari/604.1"
66.249.64.238 - - [18/Nov/2019:17:52:33 +0100] "GET /robots.txt HTTP/1.1" 200 8210 "-" "Mozilla/5.0 (compatible; Googlebot/2.1; +http://www.google.com/bot.html)"
66.249.64.236 - - [18/Nov/2019:17:52:34 +0100] "GET /exportdokumente/drittlandexporte?&sa=U&ei=97weVPzCOYLP7QbO84DwCw&ved=0CEIQFjAH&usg=AFQjCNEjQNFJiZ9IMbB7xK2Nn6lfpk6hRg HTTP/1.1" 200 7480 "-" "Mozilla/5.0 (Linux; Android 6.0.1; Nexus 5X Build/MMB29P) AppleWebKit/537.36 (KHTML, like Gecko) Chrome/41.0.2272.96 Mobile Safari/537.36 (compatible; Googlebot/2.1; +http://www.google.com/bot.html)"
66.249.64.238 - - [18/Nov/2019:18:01:58 +0100] "GET /exportdokumente/drittlandexporte?&sa=U&ei=SNofVKjoMqne7AbmtoH4Cg&ved=0CEIQFjAH&usg=AFQjCNGNiXClgjCFqXcux-A5Rq-9Pv9c6g HTTP/1.1" 200 7480 "-" "Mozilla/5.0 (Linux; Android 6.0.1; Nexus 5X Build/MMB29P) AppleWebKit/537.36 (KHTML, like Gecko) Chrome/41.0.2272.96 Mobile Safari/537.36 (compatible; Googlebot/2.1; +http://www.google.com/bot.html)"
79.220.217.83 - - [18/Nov/2019:18:02:40 +0100] "GET /pdf/Frachtrecht%20HGB.pdf HTTP/1.1" 200 19672 "https://www.google.de/" "Mozilla/5.0 (Windows NT 10.0; Win64; x64) AppleWebKit/537.36 (KHTML, like Gecko) Chrome/64.0.3282.140 Safari/537.36 Edge/17.17134"
66.249.64.234 - - [18/Nov/2019:18:12:25 +0100] "GET /exportdokumente/drittlandexporte?&sa=U&ei=12UfVLyjIuW_ygOToYGIDg&ved=0CEcQFjAI&usg=AFQjCNG5xBkCv0UDDS6q-KdZdltSbKD9nQ HTTP/1.1" 200 7480 "-" "Mozilla/5.0 (Linux; Android 6.0.1; Nexus 5X Build/MMB29P) AppleWebKit/537.36 (KHTML, like Gecko) Chrome/41.0.2272.96 Mobile Safari/537.36 (compatible; Googlebot/2.1; +http://www.google.com/bot.html)"
91.46.93.44 - - [18/Nov/2019:18:53:05 +0100] "GET / HTTP/1.1" 200 3316 "https://www.google.as/" "Mozilla/5.0 (Macintosh; Intel Mac OS X 10_15) AppleWebKit/605.1.15 (KHTML, like Gecko) Version/13.0.1 Safari/605.1.15"
91.46.93.44 - - [18/Nov/2019:18:53:05 +0100] "GET /css/screen.css HTTP/1.1" 200 13636 "http://www.alle-ziele-spedition.de/" "Mozilla/5.0 (Macintosh; Intel Mac OS X 10_15) AppleWebKit/605.1.15 (KHTML, like Gecko) Version/13.0.1 Safari/605.1.15"
91.46.93.44 - - [18/Nov/2019:18:53:05 +0100] "GET /css/print.css HTTP/1.1" 200 830 "http://www.alle-ziele-spedition.de/" "Mozilla/5.0 (Macintosh; Intel Mac OS X 10_15) AppleWebKit/605.1.15 (KHTML, like Gecko) Version/13.0.1 Safari/605.1.15"
91.46.93.44 - - [18/Nov/2019:18:53:05 +0100] "GET /js/curvycorners.src.js HTTP/1.1" 200 60221 "http://www.alle-ziele-spedition.de/" "Mozilla/5.0 (Macintosh; Intel Mac OS X 10_15) AppleWebKit/605.1.15 (KHTML, like Gecko) Version/13.0.1 Safari/605.1.15"
91.46.93.44 - - [18/Nov/2019:18:53:06 +0100] "GET /img/hg_body.gif HTTP/1.1" 200 1754 "http://www.alle-ziele-spedition.de/" "Mozilla/5.0 (Macintosh; Intel Mac OS X 10_15) AppleWebKit/605.1.15 (KHTML, like Gecko) Version/13.0.1 Safari/605.1.15"
91.46.93.44 - - [18/Nov/2019:18:53:06 +0100] "GET /img/head_hg.jpg HTTP/1.1" 200 18629 "http://www.alle-ziele-spedition.de/" "Mozilla/5.0 (Macintosh; Intel Mac OS X 10_15) AppleWebKit/605.1.15 (KHTML, like Gecko) Version/13.0.1 Safari/605.1.15"
91.46.93.44 - - [18/Nov/2019:18:53:06 +0100] "GET /img/857034.jpg HTTP/1.1" 200 14613 "http://www.alle-ziele-spedition.de/" "Mozilla/5.0 (Macintosh; Intel Mac OS X 10_15) AppleWebKit/605.1.15 (KHTML, like Gecko) Version/13.0.1 Safari/605.1.15"
91.46.93.44 - - [18/Nov/2019:18:53:06 +0100] "GET /img/7183587b.jpg HTTP/1.1" 200 12190 "http://www.alle-ziele-spedition.de/" "Mozilla/5.0 (Macintosh; Intel Mac OS X 10_15) AppleWebKit/605.1.15 (KHTML, like Gecko) Version/13.0.1 Safari/605.1.15"
91.46.93.44 - - [18/Nov/2019:18:53:06 +0100] "GET /img/52814.jpg HTTP/1.1" 200 14378 "http://www.alle-ziele-spedition.de/" "Mozilla/5.0 (Macintosh; Intel Mac OS X 10_15) AppleWebKit/605.1.15 (KHTML, like Gecko) Version/13.0.1 Safari/605.1.15"
91.46.93.44 - - [18/Nov/2019:18:53:06 +0100] "GET /img/9606427.jpg HTTP/1.1" 200 21711 "http://www.alle-ziele-spedition.de/" "Mozilla/5.0 (Macintosh; Intel Mac OS X 10_15) AppleWebKit/605.1.15 (KHTML, like Gecko) Version/13.0.1 Safari/605.1.15"
91.46.93.44 - - [18/Nov/2019:18:53:06 +0100] "GET /img/14351312.jpg HTTP/1.1" 200 16335 "http://www.alle-ziele-spedition.de/" "Mozilla/5.0 (Macintosh; Intel Mac OS X 10_15) AppleWebKit/605.1.15 (KHTML, like Gecko) Version/13.0.1 Safari/605.1.15"
91.46.93.44 - - [18/Nov/2019:18:53:06 +0100] "GET /img/globus_finger.jpg HTTP/1.1" 200 8787 "http://www.alle-ziele-spedition.de/" "Mozilla/5.0 (Macintosh; Intel Mac OS X 10_15) AppleWebKit/605.1.15 (KHTML, like Gecko) Version/13.0.1 Safari/605.1.15"
91.46.93.44 - - [18/Nov/2019:18:53:07 +0100] "GET /img/berlin_footer2.gif HTTP/1.1" 200 2795 "http://www.alle-ziele-spedition.de/" "Mozilla/5.0 (Macintosh; Intel Mac OS X 10_15) AppleWebKit/605.1.15 (KHTML, like Gecko) Version/13.0.1 Safari/605.1.15"
91.46.93.44 - - [18/Nov/2019:18:53:07 +0100] "GET /favicon.ico HTTP/1.1" 200 8210 "http://www.alle-ziele-spedition.de/" "Mozilla/5.0 (Macintosh; Intel Mac OS X 10_15) AppleWebKit/605.1.15 (KHTML, like Gecko) Version/13.0.1 Safari/605.1.15"
91.46.93.44 - - [18/Nov/2019:18:53:18 +0100] "GET /aktuelles HTTP/1.1" 200 8334 "http://www.alle-ziele-spedition.de/" "Mozilla/5.0 (Macintosh; Intel Mac OS X 10_15) AppleWebKit/605.1.15 (KHTML, like Gecko) Version/13.0.1 Safari/605.1.15"
91.46.93.44 - - [18/Nov/2019:18:53:18 +0100] "GET /favicon.ico HTTP/1.1" 200 8210 "http://www.alle-ziele-spedition.de/aktuelles" "Mozilla/5.0 (Macintosh; Intel Mac OS X 10_15) AppleWebKit/605.1.15 (KHTML, like Gecko) Version/13.0.1 Safari/605.1.15"
91.46.93.44 - - [18/Nov/2019:18:53:24 +0100] "GET /geschaeftskunden HTTP/1.1" 200 4078 "http://www.alle-ziele-spedition.de/aktuelles" "Mozilla/5.0 (Macintosh; Intel Mac OS X 10_15) AppleWebKit/605.1.15 (KHTML, like Gecko) Version/13.0.1 Safari/605.1.15"
91.46.93.44 - - [18/Nov/2019:18:53:25 +0100] "GET /favicon.ico HTTP/1.1" 200 8210 "http://www.alle-ziele-spedition.de/geschaeftskunden" "Mozilla/5.0 (Macintosh; Intel Mac OS X 10_15) AppleWebKit/605.1.15 (KHTML, like Gecko) Version/13.0.1 Safari/605.1.15"
91.46.93.44 - - [18/Nov/2019:18:53:28 +0100] "GET /unternehmen HTTP/1.1" 200 3128 "http://www.alle-ziele-spedition.de/geschaeftskunden" "Mozilla/5.0 (Macintosh; Intel Mac OS X 10_15) AppleWebKit/605.1.15 (KHTML, like Gecko) Version/13.0.1 Safari/605.1.15"
91.46.93.44 - - [18/Nov/2019:18:53:29 +0100] "GET /favicon.ico HTTP/1.1" 200 8210 "http://www.alle-ziele-spedition.de/unternehmen" "Mozilla/5.0 (Macintosh; Intel Mac OS X 10_15) AppleWebKit/605.1.15 (KHTML, like Gecko) Version/13.0.1 Safari/605.1.15"
91.46.93.44 - - [18/Nov/2019:18:53:30 +0100] "GET /unternehmen/wir_ueber_uns HTTP/1.1" 200 5040 "http://www.alle-ziele-spedition.de/unternehmen" "Mozilla/5.0 (Macintosh; Intel Mac OS X 10_15) AppleWebKit/605.1.15 (KHTML, like Gecko) Version/13.0.1 Safari/605.1.15"
91.46.93.44 - - [18/Nov/2019:18:53:31 +0100] "GET /favicon.ico HTTP/1.1" 200 8210 "http://www.alle-ziele-spedition.de/unternehmen/wir_ueber_uns" "Mozilla/5.0 (Macintosh; Intel Mac OS X 10_15) AppleWebKit/605.1.15 (KHTML, like Gecko) Version/13.0.1 Safari/605.1.15"
66.249.64.234 - - [18/Nov/2019:18:57:57 +0100] "GET /robots.txt HTTP/1.1" 200 8210 "-" "Mozilla/5.0 (compatible; Googlebot/2.1; +http://www.google.com/bot.html)"
66.249.64.236 - - [18/Nov/2019:18:57:57 +0100] "GET /sitemap HTTP/1.1" 200 5025 "-" "Mozilla/5.0 (Linux; Android 6.0.1; Nexus 5X Build/MMB29P) AppleWebKit/537.36 (KHTML, like Gecko) Chrome/41.0.2272.96 Mobile Safari/537.36 (compatible; Googlebot/2.1; +http://www.google.com/bot.html)"
66.249.64.238 - - [18/Nov/2019:18:59:05 +0100] "GET /geschaeftskunden HTTP/1.1" 200 4078 "-" "Mozilla/5.0 (Linux; Android 6.0.1; Nexus 5X Build/MMB29P) AppleWebKit/537.36 (KHTML, like Gecko) Chrome/41.0.2272.96 Mobile Safari/537.36 (compatible; Googlebot/2.1; +http://www.google.com/bot.html)"
66.249.64.234 - - [18/Nov/2019:19:04:59 +0100] "GET /exportdokumente HTTP/1.1" 200 3581 "-" "Mozilla/5.0 (Linux; Android 6.0.1; Nexus 5X Build/MMB29P) AppleWebKit/537.36 (KHTML, like Gecko) Chrome/41.0.2272.96 Mobile Safari/537.36 (compatible; Googlebot/2.1; +http://www.google.com/bot.html)"
66.249.64.234 - - [18/Nov/2019:19:09:22 +0100] "GET /informationen HTTP/1.1" 200 3978 "-" "Mozilla/5.0 (Linux; Android 6.0.1; Nexus 5X Build/MMB29P) AppleWebKit/537.36 (KHTML, like Gecko) Chrome/41.0.2272.96 Mobile Safari/537.36 (compatible; Googlebot/2.1; +http://www.google.com/bot.html)"
66.249.64.234 - - [18/Nov/2019:19:15:29 +0100] "GET /informationen/spediteur HTTP/1.1" 200 111924 "-" "Mozilla/5.0 (Linux; Android 6.0.1; Nexus 5X Build/MMB29P) AppleWebKit/537.36 (KHTML, like Gecko) Chrome/41.0.2272.96 Mobile Safari/537.36 (compatible; Googlebot/2.1; +http://www.google.com/bot.html)"
46.119.179.109 - - [18/Nov/2019:19:28:26 +0100] "GET / HTTP/1.1" 200 3316 "https://goldenkorea.ru/" "Mozilla/4.0 (compatible; MSIE 6.0; Windows NT 5.1; Q312461)"
46.119.179.109 - - [18/Nov/2019:19:28:26 +0100] "GET / HTTP/1.1" 200 3316 "https://playfortuna-casino1.ru/" "Mozilla/4.0 (compatible; MSIE 6.0; Windows NT 5.1; Q312461)"
46.119.179.109 - - [18/Nov/2019:19:28:26 +0100] "GET / HTTP/1.1" 200 3316 "https://goldenkorea.ru/" "Mozilla/4.0 (compatible; MSIE 6.0; Windows NT 5.1; Q312461)"
46.119.179.109 - - [18/Nov/2019:19:28:26 +0100] "GET / HTTP/1.1" 200 3316 "https://playfortuna-casino1.ru/" "Mozilla/4.0 (compatible; MSIE 6.0; Windows NT 5.1; Q312461)"
46.119.179.109 - - [18/Nov/2019:19:28:27 +0100] "GET / HTTP/1.1" 200 3316 "https://goldenkorea.ru/" "Mozilla/4.0 (compatible; MSIE 6.0; Windows NT 5.1; Q312461)"
46.119.179.109 - - [18/Nov/2019:19:28:27 +0100] "GET / HTTP/1.1" 200 3316 "https://playfortuna-casino1.ru/" "Mozilla/4.0 (compatible; MSIE 6.0; Windows NT 5.1; Q312461)"
46.229.168.152 - - [18/Nov/2019:19:39:01 +0100] "GET /robots.txt HTTP/1.1" 200 8210 "-" "Mozilla/5.0 (compatible; SemrushBot/6~bl; +http://www.semrush.com/bot.html)"
46.229.168.145 - - [18/Nov/2019:19:39:02 +0100] "GET /geschaeftskunden/tkl_uebersee HTTP/1.1" 200 3859 "-" "Mozilla/5.0 (compatible; SemrushBot/6~bl; +http://www.semrush.com/bot.html)"
84.129.109.241 - - [18/Nov/2019:19:40:28 +0100] "GET /pdf/Frachtrecht%20HGB.pdf HTTP/1.1" 200 19672 "-" "Mozilla/5.0 (Macintosh; Intel Mac OS X 10_13_2) AppleWebKit/604.4.7 (KHTML, like Gecko)"
84.129.109.241 - - [18/Nov/2019:19:40:31 +0100] "GET /apple-touch-icon-precomposed.png HTTP/1.1" 200 8210 "-" "Safari/13604.4.7.1.3 CFNetwork/893.13.1 Darwin/17.3.0 (x86_64)"
84.129.109.241 - - [18/Nov/2019:19:40:33 +0100] "GET /apple-touch-icon.png HTTP/1.1" 200 8210 "-" "Safari/13604.4.7.1.3 CFNetwork/893.13.1 Darwin/17.3.0 (x86_64)"
84.129.109.241 - - [18/Nov/2019:19:40:33 +0100] "GET /favicon.ico HTTP/1.1" 200 8210 "-" "Safari/13604.4.7.1.3 CFNetwork/893.13.1 Darwin/17.3.0 (x86_64)"
84.129.109.241 - - [18/Nov/2019:19:40:33 +0100] "GET /apple-touch-icon-precomposed.png HTTP/1.1" 200 8210 "-" "Safari/13604.4.7.1.3 CFNetwork/893.13.1 Darwin/17.3.0 (x86_64)"
84.129.109.241 - - [18/Nov/2019:19:40:33 +0100] "GET /apple-touch-icon.png HTTP/1.1" 200 8210 "-" "Safari/13604.4.7.1.3 CFNetwork/893.13.1 Darwin/17.3.0 (x86_64)"
84.129.109.241 - - [18/Nov/2019:19:40:33 +0100] "GET /favicon.ico HTTP/1.1" 200 8210 "-" "Safari/13604.4.7.1.3 CFNetwork/893.13.1 Darwin/17.3.0 (x86_64)"
84.129.109.241 - - [18/Nov/2019:19:40:34 +0100] "GET /pdf/Frachtrecht%20HGB.pdf HTTP/1.1" 200 19672 "-" "\"Mozilla/5.0 (iPhone; CPU iPhone OS 11_0 like Mac OS X) AppleWebKit/604.1.38 (KHTML, like Gecko) Version/11.0 Mobile/15A372 Safari/604.1\""
84.129.109.241 - - [18/Nov/2019:19:40:34 +0100] "GET /apple-touch-icon-precomposed.png HTTP/1.1" 200 8210 "-" "Safari/13604.4.7.1.3 CFNetwork/893.13.1 Darwin/17.3.0 (x86_64)"
84.129.109.241 - - [18/Nov/2019:19:40:34 +0100] "GET /apple-touch-icon.png HTTP/1.1" 200 8210 "-" "Safari/13604.4.7.1.3 CFNetwork/893.13.1 Darwin/17.3.0 (x86_64)"
84.129.109.241 - - [18/Nov/2019:19:40:34 +0100] "GET /favicon.ico HTTP/1.1" 200 8210 "-" "Safari/13604.4.7.1.3 CFNetwork/893.13.1 Darwin/17.3.0 (x86_64)"
84.129.109.241 - - [18/Nov/2019:19:40:35 +0100] "GET /apple-touch-icon-precomposed.png HTTP/1.1" 200 8210 "-" "Safari/13604.4.7.1.3 CFNetwork/893.13.1 Darwin/17.3.0 (x86_64)"
84.129.109.241 - - [18/Nov/2019:19:40:35 +0100] "GET /apple-touch-icon.png HTTP/1.1" 200 8210 "-" "Safari/13604.4.7.1.3 CFNetwork/893.13.1 Darwin/17.3.0 (x86_64)"
84.129.109.241 - - [18/Nov/2019:19:40:35 +0100] "GET /favicon.ico HTTP/1.1" 200 8210 "-" "Safari/13604.4.7.1.3 CFNetwork/893.13.1 Darwin/17.3.0 (x86_64)"
46.119.124.229 - - [18/Nov/2019:20:15:20 +0100] "GET / HTTP/1.1" 200 3316 "https://www.linkedin.com/pulse/best-online-payday-loans-companies-george-hilton" "Mozilla/4.0 (compatible; MSIE 6.0; Windows NT 5.1)"
46.119.124.229 - - [18/Nov/2019:20:15:20 +0100] "GET / HTTP/1.1" 200 3316 "https://www.linkedin.com/pulse/best-online-payday-loans-companies-george-hilton" "Mozilla/4.0 (compatible; MSIE 6.0; Windows NT 5.1)"
46.119.124.229 - - [18/Nov/2019:20:15:21 +0100] "GET / HTTP/1.1" 200 3316 "https://www.linkedin.com/pulse/best-online-payday-loans-companies-george-hilton" "Mozilla/4.0 (compatible; MSIE 6.0; Windows NT 5.1)"
84.139.165.94 - - [18/Nov/2019:20:40:19 +0100] "GET /pdf/Frachtrecht%20HGB.pdf HTTP/1.1" 200 19672 "https://www.google.com/" "Mozilla/5.0 (Windows NT 10.0; Win64; x64) AppleWebKit/537.36 (KHTML, like Gecko) Chrome/78.0.3904.97 Safari/537.36"
84.139.165.94 - - [18/Nov/2019:20:40:19 +0100] "GET /favicon.ico HTTP/1.1" 200 8210 "http://www.alle-ziele-spedition.de/pdf/Frachtrecht%20HGB.pdf" "Mozilla/5.0 (Windows NT 10.0; Win64; x64) AppleWebKit/537.36 (KHTML, like Gecko) Chrome/78.0.3904.97 Safari/537.36"
85.204.246.240 - - [18/Nov/2019:20:52:23 +0100] "GET /wp-login.php HTTP/1.1" 200 8210 "-" "Mozilla/5.0 (compatible; MSIE 9.0; Windows NT 6.1; Trident/5.0)"
85.204.246.240 - - [18/Nov/2019:20:52:23 +0100] "GET /informationen/wp-login.php HTTP/1.1" 200 8210 "-" "Mozilla/5.0 (compatible; MSIE 9.0; Windows NT 6.1; Trident/5.0)"
66.249.64.238 - - [18/Nov/2019:21:02:59 +0100] "GET /robots.txt HTTP/1.1" 200 8210 "-" "Mozilla/5.0 (compatible; Googlebot/2.1; +http://www.google.com/bot.html)"
66.249.64.236 - - [18/Nov/2019:21:03:00 +0100] "GET / HTTP/1.1" 200 3316 "-" "Mozilla/5.0 (Linux; Android 6.0.1; Nexus 5X Build/MMB29P) AppleWebKit/537.36 (KHTML, like Gecko) Chrome/41.0.2272.96 Mobile Safari/537.36 (compatible; Googlebot/2.1; +http://www.google.com/bot.html)"
66.249.64.236 - - [18/Nov/2019:21:03:16 +0100] "GET /exportdokumente/drittlandexporte HTTP/1.1" 200 7480 "-" "Mozilla/5.0 (Linux; Android 6.0.1; Nexus 5X Build/MMB29P) AppleWebKit/537.36 (KHTML, like Gecko) Chrome/41.0.2272.96 Mobile Safari/537.36 (compatible; Googlebot/2.1; +http://www.google.com/bot.html)"
46.119.179.109 - - [18/Nov/2019:21:24:38 +0100] "GET / HTTP/1.1" 200 3316 "https://ananumous.ru/" "Mozilla/4.0 (compatible; MSIE 6.0; Windows NT 5.1)"
46.119.179.109 - - [18/Nov/2019:21:24:38 +0100] "GET / HTTP/1.1" 200 3316 "https://ananumous.ru/" "Mozilla/4.0 (compatible; MSIE 6.0; Windows NT 5.1)"
46.119.179.109 - - [18/Nov/2019:21:24:39 +0100] "GET / HTTP/1.1" 200 3316 "https://ananumous.ru/" "Mozilla/4.0 (compatible; MSIE 6.0; Windows NT 5.1)"
84.145.111.126 - - [18/Nov/2019:21:30:02 +0100] "GET /pdf/Frachtrecht%20HGB.pdf HTTP/1.1" 200 19672 "https://www.google.de/" "Mozilla/5.0 (iPhone; CPU iPhone OS 13_1_2 like Mac OS X) AppleWebKit/605.1.15 (KHTML, like Gecko) Version/13.0.1 Mobile/15E148 Safari/604.1"
84.145.111.126 - - [18/Nov/2019:21:30:03 +0100] "GET /favicon.ico HTTP/1.1" 200 8210 "http://www.alle-ziele-spedition.de/pdf/Frachtrecht%20HGB.pdf" "Mozilla/5.0 (iPhone; CPU iPhone OS 13_1_2 like Mac OS X) AppleWebKit/605.1.15 (KHTML, like Gecko) Version/13.0.1 Mobile/15E148 Safari/604.1"
66.249.64.238 - - [18/Nov/2019:21:35:51 +0100] "GET /exportdokumente/wertgrenzen HTTP/1.1" 200 5733 "-" "Mozilla/5.0 (Linux; Android 6.0.1; Nexus 5X Build/MMB29P) AppleWebKit/537.36 (KHTML, like Gecko) Chrome/41.0.2272.96 Mobile Safari/537.36 (compatible; Googlebot/2.1; +http://www.google.com/bot.html)"
46.119.172.178 - - [18/Nov/2019:21:44:47 +0100] "GET / HTTP/1.1" 200 3316 "https://sexi-girls.ru/" "Mozilla/4.0 (compatible; MSIE 5.0; Windows 2000) Opera 6.0 [en]"
46.119.172.178 - - [18/Nov/2019:21:44:48 +0100] "GET / HTTP/1.1" 200 3316 "https://sexi-girls.ru/" "Mozilla/4.0 (compatible; MSIE 5.0; Windows 2000) Opera 6.0 [en]"
46.119.172.178 - - [18/Nov/2019:21:44:48 +0100] "GET / HTTP/1.1" 200 3316 "https://sexi-girls.ru/" "Mozilla/4.0 (compatible; MSIE 5.0; Windows 2000) Opera 6.0 [en]"
54.188.167.239 - - [18/Nov/2019:21:59:57 +0100] "GET /robots.txt HTTP/1.1" 200 8210 "http:// www.alle-ziele-spedition.de" "Mozilla/5.0 (Windows NT 10.0; WOW64; rv:55.0) Gecko/20100101 Firefox/55.0"
54.188.167.239 - - [18/Nov/2019:21:59:57 +0100] "GET / HTTP/1.1" 200 3316 "http:// www.alle-ziele-spedition.de" "Mozilla/5.0 (Windows NT 10.0; WOW64) AppleWebKit/537.36 (KHTML, like Gecko) DownloaderChrome/62.0.3202.75 Safari/537.36"
54.188.167.239 - - [18/Nov/2019:21:59:58 +0100] "GET /informationen HTTP/1.1" 200 3978 "http:// www.alle-ziele-spedition.de" "Mozilla/5.0 (Windows NT 10.0; WOW64) AppleWebKit/537.36 (KHTML, like Gecko) DownloaderChrome/62.0.3202.75 Safari/537.36"
87.172.86.41 - - [18/Nov/2019:22:12:10 +0100] "GET /pdf/Frachtrecht%20HGB.pdf HTTP/1.1" 200 19672 "https://www.google.de/" "Mozilla/5.0 (iPhone; CPU iPhone OS 12_3_1 like Mac OS X) AppleWebKit/605.1.15 (KHTML, like Gecko) Version/12.1.1 Mobile/15E148 Safari/604.1"
87.172.86.41 - - [18/Nov/2019:22:12:11 +0100] "GET /favicon.ico HTTP/1.1" 200 8210 "http://www.alle-ziele-spedition.de/pdf/Frachtrecht%20HGB.pdf" "Mozilla/5.0 (iPhone; CPU iPhone OS 12_3_1 like Mac OS X) AppleWebKit/605.1.15 (KHTML, like Gecko) Version/12.1.1 Mobile/15E148 Safari/604.1"
141.8.189.150 - - [18/Nov/2019:22:19:49 +0100] "GET /robots.txt HTTP/1.1" 200 8210 "-" "Mozilla/5.0 (compatible; YandexBot/3.0; +http://yandex.com/bots)"
141.8.189.150 - - [18/Nov/2019:22:19:53 +0100] "GET /favicon.ico HTTP/1.1" 200 8210 "-" "Mozilla/5.0 (compatible; YandexBot/3.0; +http://yandex.com/bots)"
194.173.174.106 - - [18/Nov/2019:22:27:00 +0100] "HEAD / HTTP/1.1" 200 - "-" "Mozilla/5.0 (Windows NT 6.3; WOW64) AppleWebKit/537.36 (KHTML, like Gecko) Chrome/43.0.2357.134 Safari/537.36"
52.90.235.182 - - [18/Nov/2019:22:33:30 +0100] "GET / HTTP/1.1" 200 3316 "-" "Mozilla/5.0 (Windows NT 6.1; Win64; x64) AppleWebKit/537.36 (KHTML, like Gecko) Chrome/72.0.3626.109 Safari/537.36"
45.88.42.58 - - [18/Nov/2019:22:35:55 +0100] "GET /index.php HTTP/1.1" 200 3416 "-" "Go-http-client/1.1"
46.119.124.229 - - [18/Nov/2019:23:03:36 +0100] "GET / HTTP/1.1" 200 3316 "https://fototravel.eu/" "Mozilla/4.0 (compatible; MSIE 6.0; Windows NT 5.0; .NET CLR 1.0.3705; .NET CLR 1.1.4322)"
46.119.124.229 - - [18/Nov/2019:23:03:37 +0100] "GET / HTTP/1.1" 200 3316 "https://fototravel.eu/" "Mozilla/4.0 (compatible; MSIE 6.0; Windows NT 5.0; .NET CLR 1.0.3705; .NET CLR 1.1.4322)"
46.119.124.229 - - [18/Nov/2019:23:03:37 +0100] "GET / HTTP/1.1" 200 3316 "https://fototravel.eu/" "Mozilla/4.0 (compatible; MSIE 6.0; Windows NT 5.0; .NET CLR 1.0.3705; .NET CLR 1.1.4322)"
17.58.97.6 - - [18/Nov/2019:23:10:30 +0100] "GET /robots.txt HTTP/1.1" 200 8210 "-" "Mozilla/5.0 (Macintosh; Intel Mac OS X 10_10_1) AppleWebKit/600.2.5 (KHTML, like Gecko) Version/8.0.2 Safari/600.2.5 (Applebot/0.1; +http://www.apple.com/go/applebot)"
17.58.96.47 - - [18/Nov/2019:23:10:31 +0100] "GET /geschaeftskunden HTTP/1.1" 200 4078 "-" "Mozilla/5.0 (Macintosh; Intel Mac OS X 10_10_1) AppleWebKit/600.2.5 (KHTML, like Gecko) Version/8.0.2 Safari/600.2.5 (Applebot/0.1; +http://www.apple.com/go/applebot)"
35.237.50.187 - - [18/Nov/2019:23:21:09 +0100] "GET /robots.txt HTTP/1.0" 200 8210 "-" "ZoominfoBot (zoominfobot at zoominfo dot com)"
35.237.50.187 - - [18/Nov/2019:23:21:10 +0100] "GET /sitemap HTTP/1.0" 200 5025 "-" "ZoominfoBot (zoominfobot at zoominfo dot com)"
35.237.50.187 - - [18/Nov/2019:23:33:25 +0100] "GET /geschaeftskunden HTTP/1.0" 200 4078 "-" "ZoominfoBot (zoominfobot at zoominfo dot com)"
35.237.50.187 - - [18/Nov/2019:23:36:01 +0100] "GET /unternehmen HTTP/1.0" 200 3128 "-" "ZoominfoBot (zoominfobot at zoominfo dot com)"
35.237.50.187 - - [18/Nov/2019:23:36:59 +0100] "GET /aktuelles HTTP/1.0" 200 8334 "-" "ZoominfoBot (zoominfobot at zoominfo dot com)"
35.237.50.187 - - [18/Nov/2019:23:38:52 +0100] "GET /exportdokumente HTTP/1.0" 200 3581 "-" "ZoominfoBot (zoominfobot at zoominfo dot com)"
35.237.50.187 - - [18/Nov/2019:23:40:20 +0100] "GET /datenschutz HTTP/1.0" 200 8225 "-" "ZoominfoBot (zoominfobot at zoominfo dot com)"
35.237.50.187 - - [18/Nov/2019:23:42:07 +0100] "GET /informationen HTTP/1.0" 200 3978 "-" "ZoominfoBot (zoominfobot at zoominfo dot com)"
35.237.50.187 - - [18/Nov/2019:23:45:54 +0100] "GET /impressum HTTP/1.0" 200 4964 "-" "ZoominfoBot (zoominfobot at zoominfo dot com)"
66.249.64.236 - - [18/Nov/2019:23:46:30 +0100] "GET /robots.txt HTTP/1.1" 200 8210 "-" "Mozilla/5.0 (compatible; Googlebot/2.1; +http://www.google.com/bot.html)"
66.249.64.238 - - [18/Nov/2019:23:46:30 +0100] "GET /doc/Frachtrecht%20HGB.doc HTTP/1.1" 304 - "-" "Mozilla/5.0 (Linux; Android 6.0.1; Nexus 5X Build/MMB29P) AppleWebKit/537.36 (KHTML, like Gecko) Chrome/41.0.2272.96 Mobile Safari/537.36 (compatible; Googlebot/2.1; +http://www.google.com/bot.html)"
52.41.122.68 - - [19/Nov/2019:00:02:18 +0100] "GET /robots.txt HTTP/1.1" 200 8210 "http:// www.alle-ziele-spedition.de" "Mozilla/5.0 (Windows NT 10.0; WOW64; rv:55.0) Gecko/20100101 Firefox/55.0"
52.41.122.68 - - [19/Nov/2019:00:02:18 +0100] "GET / HTTP/1.1" 200 3316 "http:// www.alle-ziele-spedition.de" "Mozilla/5.0 (Windows NT 10.0; WOW64) AppleWebKit/537.36 (KHTML, like Gecko) DownloaderChrome/62.0.3202.75 Safari/537.36"
52.41.122.68 - - [19/Nov/2019:00:02:19 +0100] "GET /informationen HTTP/1.1" 200 3978 "http:// www.alle-ziele-spedition.de" "Mozilla/5.0 (Windows NT 10.0; WOW64) AppleWebKit/537.36 (KHTML, like Gecko) DownloaderChrome/62.0.3202.75 Safari/537.36"
46.229.168.163 - - [19/Nov/2019:00:37:02 +0100] "GET /robots.txt HTTP/1.1" 200 8210 "-" "Mozilla/5.0 (compatible; SemrushBot/6~bl; +http://www.semrush.com/bot.html)"
46.229.168.144 - - [19/Nov/2019:00:37:03 +0100] "GET /informationen HTTP/1.1" 200 3978 "-" "Mozilla/5.0 (compatible; SemrushBot/6~bl; +http://www.semrush.com/bot.html)"
46.118.155.3 - - [19/Nov/2019:00:52:34 +0100] "GET / HTTP/1.1" 200 3316 "http://hotlady-kmv.com/" "Mozilla/4.0 (compatible; MSIE 6.0; Windows NT 5.1; MyIE2; Deepnet Explorer)"
46.118.155.3 - - [19/Nov/2019:00:52:35 +0100] "GET / HTTP/1.1" 200 3316 "http://hotlady-kmv.com/" "Mozilla/4.0 (compatible; MSIE 6.0; Windows NT 5.1; MyIE2; Deepnet Explorer)"
46.118.155.3 - - [19/Nov/2019:00:52:35 +0100] "GET / HTTP/1.1" 200 3316 "http://hotlady-kmv.com/" "Mozilla/4.0 (compatible; MSIE 6.0; Windows NT 5.1; MyIE2; Deepnet Explorer)"
34.214.38.186 - - [19/Nov/2019:01:25:00 +0100] "GET /robots.txt HTTP/1.1" 200 8210 "http:// www.alle-ziele-spedition.de" "Mozilla/5.0 (Windows NT 10.0; WOW64) AppleWebKit/537.36 (KHTML, like Gecko) DownloaderChrome/62.0.3202.75 Safari/537.36"
34.214.38.186 - - [19/Nov/2019:01:25:01 +0100] "GET / HTTP/1.1" 200 3316 "http:// www.alle-ziele-spedition.de" "Mozilla/5.0 (Windows NT 10.0; WOW64; rv:55.0) Gecko/20100101 Firefox/55.0"
34.214.38.186 - - [19/Nov/2019:01:25:02 +0100] "GET /informationen HTTP/1.1" 200 3978 "http:// www.alle-ziele-spedition.de" "Mozilla/5.0 (Windows NT 10.0; WOW64; rv:55.0) Gecko/20100101 Firefox/55.0"
66.249.64.238 - - [19/Nov/2019:01:27:18 +0100] "GET /robots.txt HTTP/1.1" 200 8210 "-" "Mozilla/5.0 (compatible; Googlebot/2.1; +http://www.google.com/bot.html)"
66.249.64.238 - - [19/Nov/2019:01:27:18 +0100] "GET /pdf/Frachtrecht%20HGB.pdf HTTP/1.1" 200 19672 "-" "Mozilla/5.0 (Linux; Android 6.0.1; Nexus 5X Build/MMB29P) AppleWebKit/537.36 (KHTML, like Gecko) Chrome/41.0.2272.96 Mobile Safari/537.36 (compatible; Googlebot/2.1; +http://www.google.com/bot.html)"
66.249.64.236 - - [19/Nov/2019:02:24:54 +0100] "GET /impressum HTTP/1.1" 200 4964 "-" "Mozilla/5.0 (Linux; Android 6.0.1; Nexus 5X Build/MMB29P) AppleWebKit/537.36 (KHTML, like Gecko) Chrome/41.0.2272.96 Mobile Safari/537.36 (compatible; Googlebot/2.1; +http://www.google.com/bot.html)"
66.249.64.234 - - [19/Nov/2019:02:39:18 +0100] "GET /robots.txt HTTP/1.1" 200 8210 "-" "Mozilla/5.0 (compatible; Googlebot/2.1; +http://www.google.com/bot.html)"
