95.60.251.202 - - [05/Jun/2018:23:00:20 +0200] "GET /apple-touch-icon-120x120.png HTTP/1.1" 200 1836 "-" "MobileSafari/604.1 CFNetwork/897.15 Darwin/17.5.0"
95.60.251.202 - - [05/Jun/2018:23:00:20 +0200] "GET /apple-touch-icon-precomposed.png HTTP/1.1" 200 1836 "-" "MobileSafari/604.1 CFNetwork/897.15 Darwin/17.5.0"
95.60.251.202 - - [05/Jun/2018:23:00:20 +0200] "GET /apple-touch-icon.png HTTP/1.1" 200 1836 "-" "MobileSafari/604.1 CFNetwork/897.15 Darwin/17.5.0"
95.60.251.202 - - [05/Jun/2018:23:00:21 +0200] "GET /favicon.ico HTTP/1.1" 200 1836 "-" "MobileSafari/604.1 CFNetwork/897.15 Darwin/17.5.0"
62.226.222.244 - - [05/Jun/2018:23:17:07 +0200] "GET / HTTP/1.1" 200 3250 "-" "Mozilla/5.0 (iPhone; CPU iPhone OS 11_3 like Mac OS X) AppleWebKit/605.1.15 (KHTML, like Gecko) Version/11.0 Mobile/15E148 Safari/604.1"
62.226.222.244 - - [05/Jun/2018:23:17:07 +0200] "GET /apple-touch-icon-120x120-precomposed.png HTTP/1.1" 200 1836 "-" "MobileSafari/604.1 CFNetwork/897.15 Darwin/17.5.0"
62.226.222.244 - - [05/Jun/2018:23:17:07 +0200] "GET /apple-touch-icon-120x120.png HTTP/1.1" 200 1836 "-" "MobileSafari/604.1 CFNetwork/897.15 Darwin/17.5.0"
62.226.222.244 - - [05/Jun/2018:23:17:08 +0200] "GET /apple-touch-icon-precomposed.png HTTP/1.1" 200 1836 "-" "MobileSafari/604.1 CFNetwork/897.15 Darwin/17.5.0"
62.226.222.244 - - [05/Jun/2018:23:17:08 +0200] "GET /apple-touch-icon.png HTTP/1.1" 200 1836 "-" "MobileSafari/604.1 CFNetwork/897.15 Darwin/17.5.0"
62.226.222.244 - - [05/Jun/2018:23:17:08 +0200] "GET /favicon.ico HTTP/1.1" 200 1836 "-" "MobileSafari/604.1 CFNetwork/897.15 Darwin/17.5.0"
62.226.222.244 - - [05/Jun/2018:23:17:08 +0200] "GET /apple-touch-icon-120x120-precomposed.png HTTP/1.1" 200 1836 "-" "MobileSafari/604.1 CFNetwork/897.15 Darwin/17.5.0"
62.226.222.244 - - [05/Jun/2018:23:17:08 +0200] "GET /apple-touch-icon-120x120.png HTTP/1.1" 200 1836 "-" "MobileSafari/604.1 CFNetwork/897.15 Darwin/17.5.0"
62.226.222.244 - - [05/Jun/2018:23:17:08 +0200] "GET /apple-touch-icon-precomposed.png HTTP/1.1" 200 1836 "-" "MobileSafari/604.1 CFNetwork/897.15 Darwin/17.5.0"
62.226.222.244 - - [05/Jun/2018:23:17:09 +0200] "GET /apple-touch-icon.png HTTP/1.1" 200 1836 "-" "MobileSafari/604.1 CFNetwork/897.15 Darwin/17.5.0"
62.226.222.244 - - [05/Jun/2018:23:17:09 +0200] "GET /favicon.ico HTTP/1.1" 200 1836 "-" "MobileSafari/604.1 CFNetwork/897.15 Darwin/17.5.0"
62.226.222.244 - - [05/Jun/2018:23:18:37 +0200] "GET / HTTP/1.1" 200 3250 "-" "Mozilla/5.0 (iPhone; CPU iPhone OS 11_3 like Mac OS X) AppleWebKit/605.1.15 (KHTML, like Gecko) Version/11.0 Mobile/15E148 Safari/604.1"
62.226.222.244 - - [05/Jun/2018:23:18:38 +0200] "GET /apple-touch-icon-120x120-precomposed.png HTTP/1.1" 200 1836 "-" "MobileSafari/604.1 CFNetwork/897.15 Darwin/17.5.0"
62.226.222.244 - - [05/Jun/2018:23:18:38 +0200] "GET /apple-touch-icon-120x120.png HTTP/1.1" 200 1836 "-" "MobileSafari/604.1 CFNetwork/897.15 Darwin/17.5.0"
62.226.222.244 - - [05/Jun/2018:23:18:38 +0200] "GET /apple-touch-icon-precomposed.png HTTP/1.1" 200 1836 "-" "MobileSafari/604.1 CFNetwork/897.15 Darwin/17.5.0"
62.226.222.244 - - [05/Jun/2018:23:18:38 +0200] "GET /apple-touch-icon.png HTTP/1.1" 200 1836 "-" "MobileSafari/604.1 CFNetwork/897.15 Darwin/17.5.0"
62.226.222.244 - - [05/Jun/2018:23:18:38 +0200] "GET /favicon.ico HTTP/1.1" 200 1836 "-" "MobileSafari/604.1 CFNetwork/897.15 Darwin/17.5.0"
62.226.222.244 - - [05/Jun/2018:23:18:39 +0200] "GET /apple-touch-icon-120x120-precomposed.png HTTP/1.1" 200 1836 "-" "MobileSafari/604.1 CFNetwork/897.15 Darwin/17.5.0"
62.226.222.244 - - [05/Jun/2018:23:18:39 +0200] "GET /apple-touch-icon-120x120.png HTTP/1.1" 200 1836 "-" "MobileSafari/604.1 CFNetwork/897.15 Darwin/17.5.0"
62.226.222.244 - - [05/Jun/2018:23:18:39 +0200] "GET /apple-touch-icon-precomposed.png HTTP/1.1" 200 1836 "-" "MobileSafari/604.1 CFNetwork/897.15 Darwin/17.5.0"
62.226.222.244 - - [05/Jun/2018:23:18:39 +0200] "GET /apple-touch-icon.png HTTP/1.1" 200 1836 "-" "MobileSafari/604.1 CFNetwork/897.15 Darwin/17.5.0"
62.226.222.244 - - [05/Jun/2018:23:18:39 +0200] "GET /favicon.ico HTTP/1.1" 200 1836 "-" "MobileSafari/604.1 CFNetwork/897.15 Darwin/17.5.0"
82.193.230.37 - - [05/Jun/2018:23:19:04 +0200] "GET / HTTP/1.1" 200 3250 "https://www.google.com/" "Mozilla/5.0 (Windows NT 10.0; Win64; x64; rv:60.0) Gecko/20100101 Firefox/60.0"
82.193.230.37 - - [05/Jun/2018:23:19:04 +0200] "GET /css/screen.css HTTP/1.1" 200 13636 "http://www.alle-ziele-spedition.de/" "Mozilla/5.0 (Windows NT 10.0; Win64; x64; rv:60.0) Gecko/20100101 Firefox/60.0"
82.193.230.37 - - [05/Jun/2018:23:19:04 +0200] "GET /css/print.css HTTP/1.1" 200 830 "http://www.alle-ziele-spedition.de/" "Mozilla/5.0 (Windows NT 10.0; Win64; x64; rv:60.0) Gecko/20100101 Firefox/60.0"
82.193.230.37 - - [05/Jun/2018:23:19:04 +0200] "GET /js/curvycorners.src.js HTTP/1.1" 200 60221 "http://www.alle-ziele-spedition.de/" "Mozilla/5.0 (Windows NT 10.0; Win64; x64; rv:60.0) Gecko/20100101 Firefox/60.0"
82.193.230.37 - - [05/Jun/2018:23:19:05 +0200] "GET /img/hg_body.gif HTTP/1.1" 200 1754 "http://www.alle-ziele-spedition.de/css/screen.css" "Mozilla/5.0 (Windows NT 10.0; Win64; x64; rv:60.0) Gecko/20100101 Firefox/60.0"
82.193.230.37 - - [05/Jun/2018:23:19:05 +0200] "GET /img/head_hg.jpg HTTP/1.1" 200 18629 "http://www.alle-ziele-spedition.de/css/screen.css" "Mozilla/5.0 (Windows NT 10.0; Win64; x64; rv:60.0) Gecko/20100101 Firefox/60.0"
82.193.230.37 - - [05/Jun/2018:23:19:05 +0200] "GET /img/7183587b.jpg HTTP/1.1" 200 12190 "http://www.alle-ziele-spedition.de/css/screen.css" "Mozilla/5.0 (Windows NT 10.0; Win64; x64; rv:60.0) Gecko/20100101 Firefox/60.0"
82.193.230.37 - - [05/Jun/2018:23:19:05 +0200] "GET /img/857034.jpg HTTP/1.1" 200 14613 "http://www.alle-ziele-spedition.de/css/screen.css" "Mozilla/5.0 (Windows NT 10.0; Win64; x64; rv:60.0) Gecko/20100101 Firefox/60.0"
82.193.230.37 - - [05/Jun/2018:23:19:05 +0200] "GET /img/52814.jpg HTTP/1.1" 200 14378 "http://www.alle-ziele-spedition.de/css/screen.css" "Mozilla/5.0 (Windows NT 10.0; Win64; x64; rv:60.0) Gecko/20100101 Firefox/60.0"
82.193.230.37 - - [05/Jun/2018:23:19:05 +0200] "GET /img/14351312.jpg HTTP/1.1" 200 16335 "http://www.alle-ziele-spedition.de/css/screen.css" "Mozilla/5.0 (Windows NT 10.0; Win64; x64; rv:60.0) Gecko/20100101 Firefox/60.0"
82.193.230.37 - - [05/Jun/2018:23:19:05 +0200] "GET /img/globus_finger.jpg HTTP/1.1" 200 8787 "http://www.alle-ziele-spedition.de/css/screen.css" "Mozilla/5.0 (Windows NT 10.0; Win64; x64; rv:60.0) Gecko/20100101 Firefox/60.0"
82.193.230.37 - - [05/Jun/2018:23:19:05 +0200] "GET /img/berlin_footer2.gif HTTP/1.1" 200 2795 "http://www.alle-ziele-spedition.de/css/screen.css" "Mozilla/5.0 (Windows NT 10.0; Win64; x64; rv:60.0) Gecko/20100101 Firefox/60.0"
82.193.230.37 - - [05/Jun/2018:23:19:05 +0200] "GET /img/9606427.jpg HTTP/1.1" 200 21711 "http://www.alle-ziele-spedition.de/css/screen.css" "Mozilla/5.0 (Windows NT 10.0; Win64; x64; rv:60.0) Gecko/20100101 Firefox/60.0"
82.193.230.37 - - [05/Jun/2018:23:19:05 +0200] "GET /favicon.ico HTTP/1.1" 200 1836 "-" "Mozilla/5.0 (Windows NT 10.0; Win64; x64; rv:60.0) Gecko/20100101 Firefox/60.0"
82.193.230.37 - - [05/Jun/2018:23:19:05 +0200] "GET /favicon.ico HTTP/1.1" 200 1836 "-" "Mozilla/5.0 (Windows NT 10.0; Win64; x64; rv:60.0) Gecko/20100101 Firefox/60.0"
82.193.230.37 - - [05/Jun/2018:23:19:09 +0200] "GET /aktuelles HTTP/1.1" 200 8268 "http://www.alle-ziele-spedition.de/" "Mozilla/5.0 (Windows NT 10.0; Win64; x64; rv:60.0) Gecko/20100101 Firefox/60.0"
82.193.230.37 - - [05/Jun/2018:23:20:30 +0200] "GET /geschaeftskunden HTTP/1.1" 200 4012 "http://www.alle-ziele-spedition.de/aktuelles" "Mozilla/5.0 (Windows NT 10.0; Win64; x64; rv:60.0) Gecko/20100101 Firefox/60.0"
178.137.163.137 - - [05/Jun/2018:23:23:56 +0200] "GET /aktuelles/ HTTP/1.1" 200 8268 "http://www.alinabaniecka.pl/en/what-do-i-offer/" "Mozilla/4.0 (compatible; Powermarks/3.5; Windows 95/98/2000/NT)"
178.137.163.137 - - [05/Jun/2018:23:23:57 +0200] "GET /aktuelles/ HTTP/1.1" 200 8268 "http://www.alinabaniecka.pl/en/what-do-i-offer/" "Mozilla/4.0 (compatible; Powermarks/3.5; Windows 95/98/2000/NT)"
84.184.143.251 - - [05/Jun/2018:23:26:32 +0200] "GET /exportdokumente/drittlandexporte HTTP/1.1" 200 7414 "https://de.search.yahoo.com/" "Mozilla/5.0 (Windows NT 6.1; Win64; x64) AppleWebKit/537.36 (KHTML, like Gecko) Chrome/66.0.3359.181 Safari/537.36"
84.184.143.251 - - [05/Jun/2018:23:26:33 +0200] "GET /css/screen.css HTTP/1.1" 200 13636 "http://www.alle-ziele-spedition.de/exportdokumente/drittlandexporte" "Mozilla/5.0 (Windows NT 6.1; Win64; x64) AppleWebKit/537.36 (KHTML, like Gecko) Chrome/66.0.3359.181 Safari/537.36"
84.184.143.251 - - [05/Jun/2018:23:26:33 +0200] "GET /js/curvycorners.src.js HTTP/1.1" 200 60221 "http://www.alle-ziele-spedition.de/exportdokumente/drittlandexporte" "Mozilla/5.0 (Windows NT 6.1; Win64; x64) AppleWebKit/537.36 (KHTML, like Gecko) Chrome/66.0.3359.181 Safari/537.36"
84.184.143.251 - - [05/Jun/2018:23:26:33 +0200] "GET /css/print.css HTTP/1.1" 200 830 "http://www.alle-ziele-spedition.de/exportdokumente/drittlandexporte" "Mozilla/5.0 (Windows NT 6.1; Win64; x64) AppleWebKit/537.36 (KHTML, like Gecko) Chrome/66.0.3359.181 Safari/537.36"
84.184.143.251 - - [05/Jun/2018:23:26:33 +0200] "GET /img/hg_body.gif HTTP/1.1" 200 1754 "http://www.alle-ziele-spedition.de/css/screen.css" "Mozilla/5.0 (Windows NT 6.1; Win64; x64) AppleWebKit/537.36 (KHTML, like Gecko) Chrome/66.0.3359.181 Safari/537.36"
84.184.143.251 - - [05/Jun/2018:23:26:33 +0200] "GET /img/head_hg.jpg HTTP/1.1" 200 18629 "http://www.alle-ziele-spedition.de/css/screen.css" "Mozilla/5.0 (Windows NT 6.1; Win64; x64) AppleWebKit/537.36 (KHTML, like Gecko) Chrome/66.0.3359.181 Safari/537.36"
84.184.143.251 - - [05/Jun/2018:23:26:33 +0200] "GET /img/berlin_footer2.gif HTTP/1.1" 200 2795 "http://www.alle-ziele-spedition.de/css/screen.css" "Mozilla/5.0 (Windows NT 6.1; Win64; x64) AppleWebKit/537.36 (KHTML, like Gecko) Chrome/66.0.3359.181 Safari/537.36"
84.184.143.251 - - [05/Jun/2018:23:26:33 +0200] "GET /img/customdeclar.jpg HTTP/1.1" 200 6759 "http://www.alle-ziele-spedition.de/css/screen.css" "Mozilla/5.0 (Windows NT 6.1; Win64; x64) AppleWebKit/537.36 (KHTML, like Gecko) Chrome/66.0.3359.181 Safari/537.36"
84.184.143.251 - - [05/Jun/2018:23:26:33 +0200] "GET /img/42884495.jpg HTTP/1.1" 200 14885 "http://www.alle-ziele-spedition.de/css/screen.css" "Mozilla/5.0 (Windows NT 6.1; Win64; x64) AppleWebKit/537.36 (KHTML, like Gecko) Chrome/66.0.3359.181 Safari/537.36"
84.184.143.251 - - [05/Jun/2018:23:26:33 +0200] "GET /img/40362199.jpg HTTP/1.1" 200 25594 "http://www.alle-ziele-spedition.de/css/screen.css" "Mozilla/5.0 (Windows NT 6.1; Win64; x64) AppleWebKit/537.36 (KHTML, like Gecko) Chrome/66.0.3359.181 Safari/537.36"
84.184.143.251 - - [05/Jun/2018:23:26:33 +0200] "GET /img/41954271.jpg HTTP/1.1" 200 20594 "http://www.alle-ziele-spedition.de/css/screen.css" "Mozilla/5.0 (Windows NT 6.1; Win64; x64) AppleWebKit/537.36 (KHTML, like Gecko) Chrome/66.0.3359.181 Safari/537.36"
84.184.143.251 - - [05/Jun/2018:23:26:33 +0200] "GET /favicon.ico HTTP/1.1" 200 1836 "http://www.alle-ziele-spedition.de/exportdokumente/drittlandexporte" "Mozilla/5.0 (Windows NT 6.1; Win64; x64) AppleWebKit/537.36 (KHTML, like Gecko) Chrome/66.0.3359.181 Safari/537.36"
79.247.50.171 - - [05/Jun/2018:23:31:58 +0200] "GET /pdf/Frachtrecht%20HGB.pdf HTTP/1.1" 200 19672 "https://www.google.de/" "Mozilla/5.0 (Macintosh; Intel Mac OS X 10_11_6) AppleWebKit/604.3.5 (KHTML, like Gecko) Version/11.0.1 Safari/604.3.5"
79.247.50.171 - - [05/Jun/2018:23:31:59 +0200] "GET /favicon.ico HTTP/1.1" 200 1836 "http://www.alle-ziele-spedition.de/pdf/Frachtrecht%20HGB.pdf" "Mozilla/5.0 (Macintosh; Intel Mac OS X 10_11_6) AppleWebKit/604.3.5 (KHTML, like Gecko) Version/11.0.1 Safari/604.3.5"
178.137.163.137 - - [05/Jun/2018:23:38:27 +0200] "GET /aktuelles/ HTTP/1.1" 200 8268 "http://fidalsa.de/" "Mozilla/4.0 (compatible; MSIE 6.0; Windows NT 5.1; SV1; .NET CLR 1.1.4322)"
178.137.163.137 - - [05/Jun/2018:23:38:28 +0200] "GET /aktuelles/ HTTP/1.1" 200 8268 "http://fidalsa.de/" "Mozilla/4.0 (compatible; MSIE 6.0; Windows NT 5.1; SV1; .NET CLR 1.1.4322)"
178.137.163.137 - - [05/Jun/2018:23:38:29 +0200] "GET /aktuelles/ HTTP/1.1" 200 8268 "http://fidalsa.de/" "Mozilla/4.0 (compatible; MSIE 6.0; Windows NT 5.1; SV1; .NET CLR 1.1.4322)"
77.75.76.162 - - [05/Jun/2018:23:40:57 +0200] "GET /robots.txt HTTP/1.1" 200 1836 "-" "Mozilla/5.0 (compatible; SeznamBot/3.2; +http://napoveda.seznam.cz/en/seznambot-intro/)"
77.75.76.162 - - [05/Jun/2018:23:40:58 +0200] "GET /pdf/Frachtrecht%20HGB.pdf HTTP/1.1" 304 - "-" "Mozilla/5.0 (compatible; SeznamBot/3.2; +http://napoveda.seznam.cz/en/seznambot-intro/)"
79.199.255.245 - - [05/Jun/2018:23:56:17 +0200] "GET /pdf/Frachtrecht%20HGB.pdf HTTP/1.1" 200 19672 "-" "Mozilla/5.0 (Macintosh; Intel Mac OS X 10_13_2) AppleWebKit/604.4.7 (KHTML, like Gecko)"
79.199.255.245 - - [05/Jun/2018:23:56:18 +0200] "GET /apple-touch-icon-precomposed.png HTTP/1.1" 200 1836 "-" "Safari/13604.4.7.1.3 CFNetwork/893.13.1 Darwin/17.3.0 (x86_64)"
79.199.255.245 - - [05/Jun/2018:23:56:18 +0200] "GET /apple-touch-icon.png HTTP/1.1" 200 1836 "-" "Safari/13604.4.7.1.3 CFNetwork/893.13.1 Darwin/17.3.0 (x86_64)"
79.199.255.245 - - [05/Jun/2018:23:56:18 +0200] "GET /favicon.ico HTTP/1.1" 200 1836 "-" "Safari/13604.4.7.1.3 CFNetwork/893.13.1 Darwin/17.3.0 (x86_64)"
79.199.255.245 - - [05/Jun/2018:23:56:19 +0200] "GET /apple-touch-icon-precomposed.png HTTP/1.1" 200 1836 "-" "Safari/13604.4.7.1.3 CFNetwork/893.13.1 Darwin/17.3.0 (x86_64)"
79.199.255.245 - - [05/Jun/2018:23:56:19 +0200] "GET /apple-touch-icon.png HTTP/1.1" 200 1836 "-" "Safari/13604.4.7.1.3 CFNetwork/893.13.1 Darwin/17.3.0 (x86_64)"
79.199.255.245 - - [05/Jun/2018:23:56:19 +0200] "GET /favicon.ico HTTP/1.1" 200 1836 "-" "Safari/13604.4.7.1.3 CFNetwork/893.13.1 Darwin/17.3.0 (x86_64)"
79.199.255.245 - - [05/Jun/2018:23:56:19 +0200] "GET /pdf/Frachtrecht%20HGB.pdf HTTP/1.1" 200 19672 "-" "\"Mozilla/5.0 (iPhone; CPU iPhone OS 11_0 like Mac OS X) AppleWebKit/604.1.38 (KHTML, like Gecko) Version/11.0 Mobile/15A372 Safari/604.1\""
79.199.255.245 - - [05/Jun/2018:23:56:19 +0200] "GET /apple-touch-icon-precomposed.png HTTP/1.1" 200 1836 "-" "Safari/13604.4.7.1.3 CFNetwork/893.13.1 Darwin/17.3.0 (x86_64)"
79.199.255.245 - - [05/Jun/2018:23:56:19 +0200] "GET /apple-touch-icon.png HTTP/1.1" 200 1836 "-" "Safari/13604.4.7.1.3 CFNetwork/893.13.1 Darwin/17.3.0 (x86_64)"
79.199.255.245 - - [05/Jun/2018:23:56:20 +0200] "GET /favicon.ico HTTP/1.1" 200 1836 "-" "Safari/13604.4.7.1.3 CFNetwork/893.13.1 Darwin/17.3.0 (x86_64)"
79.199.255.245 - - [05/Jun/2018:23:56:20 +0200] "GET /apple-touch-icon-precomposed.png HTTP/1.1" 200 1836 "-" "Safari/13604.4.7.1.3 CFNetwork/893.13.1 Darwin/17.3.0 (x86_64)"
79.199.255.245 - - [05/Jun/2018:23:56:20 +0200] "GET /apple-touch-icon.png HTTP/1.1" 200 1836 "-" "Safari/13604.4.7.1.3 CFNetwork/893.13.1 Darwin/17.3.0 (x86_64)"
79.199.255.245 - - [05/Jun/2018:23:56:20 +0200] "GET /favicon.ico HTTP/1.1" 200 1836 "-" "Safari/13604.4.7.1.3 CFNetwork/893.13.1 Darwin/17.3.0 (x86_64)"
180.76.15.18 - - [06/Jun/2018:00:47:51 +0200] "GET /pdf/Haftung.pdf HTTP/1.1" 200 513898 "-" "Mozilla/5.0 (compatible; Baiduspider/2.0; +http://www.baidu.com/search/spider.html)"
88.99.27.172 - - [06/Jun/2018:01:22:11 +0200] "GET /aktuelles HTTP/1.1" 200 8268 "-" "Mozilla/5.0 (Windows NT 6.1; Win64; x64; rv:52.0) Gecko/20100101 Firefox/52.0"
5.9.112.6 - - [06/Jun/2018:01:22:11 +0200] "GET /impressum HTTP/1.1" 200 5720 "-" "Mozilla/5.0 (X11; Ubuntu; Linux x86_64; rv:58.0) Gecko/20100101 Firefox/58.0"
144.76.153.198 - - [06/Jun/2018:01:22:23 +0200] "GET /aktuelles HTTP/1.1" 200 8268 "-" "Mozilla/5.0 (compatible; MSIE 10.0; Windows NT 6.1; Trident/5.0)"
144.76.71.83 - - [06/Jun/2018:01:22:38 +0200] "GET /aktuelles HTTP/1.1" 200 8268 "-" "Mozilla/5.0 (X11; Linux x86_64) AppleWebKit/537.36 (KHTML, like Gecko) Chrome/64.0.3282.119 Safari/537.36"
18.197.50.151 - - [06/Jun/2018:01:30:19 +0200] "GET /img/5803141.jpg HTTP/1.1" 200 11638 "-" "Mozilla/5.0 (compatible; tracemyfile/1.0; +bot@tracemyfile.com)"
66.249.69.199 - - [06/Jun/2018:01:32:32 +0200] "GET /robots.txt HTTP/1.1" 200 1836 "-" "Mozilla/5.0 (compatible; Googlebot/2.1; +http://www.google.com/bot.html)"
66.249.69.199 - - [06/Jun/2018:01:32:33 +0200] "GET /img/Colt%2020.11.2011%20Hubi%205.JPG HTTP/1.1" 304 - "-" "Googlebot-Image/1.0"
173.212.235.237 - - [06/Jun/2018:01:37:10 +0200] "GET /robots.txt HTTP/1.1" 200 1836 "-" "Mozilla/5.0 (X11; Ubuntu; Linux x86_64; rv:57.0) Gecko/20100101 Firefox/57.0"
173.212.235.237 - - [06/Jun/2018:01:37:10 +0200] "GET /unternehmen HTTP/1.1" 200 3062 "-" "Mozilla/5.0 (X11; Ubuntu; Linux x86_64; rv:57.0) Gecko/20100101 Firefox/57.0"
146.185.223.150 - - [06/Jun/2018:01:55:23 +0200] "GET /exportdokumente/wertgrenzen HTTP/1.0" 200 5667 "http://www.alle-ziele-spedition.de/exportdokumente/wertgrenzen" "Mozilla/5.0 (Windows NT 6.1; Win64; rv:31.0) Gecko/20100101 Firefox/31.0"
146.185.223.150 - - [06/Jun/2018:01:55:24 +0200] "GET / HTTP/1.0" 200 3250 "http://www.alle-ziele-spedition.de/" "Mozilla/5.0 (Windows NT 6.1; Win64; rv:31.0) Gecko/20100101 Firefox/31.0"
134.249.52.34 - - [06/Jun/2018:01:57:06 +0200] "GET /aktuelles/ HTTP/1.1" 200 8268 "https://www.atyks.ru/" "Opera/8.01 (Windows NT 5.1)"
134.249.52.34 - - [06/Jun/2018:01:57:09 +0200] "GET /aktuelles/ HTTP/1.1" 200 8268 "https://www.atyks.ru/" "Opera/8.01 (Windows NT 5.1)"
173.212.235.237 - - [06/Jun/2018:01:57:23 +0200] "GET /robots.txt HTTP/1.1" 200 1836 "-" "Mozilla/5.0 (X11; Ubuntu; Linux x86_64; rv:57.0) Gecko/20100101 Firefox/57.0"
173.212.235.237 - - [06/Jun/2018:01:57:24 +0200] "GET /informationen HTTP/1.1" 200 3912 "-" "Mozilla/5.0 (X11; Ubuntu; Linux x86_64; rv:57.0) Gecko/20100101 Firefox/57.0"
66.249.69.199 - - [06/Jun/2018:02:00:49 +0200] "GET / HTTP/1.1" 200 3250 "-" "Mozilla/5.0 (Linux; Android 6.0.1; Nexus 5X Build/MMB29P) AppleWebKit/537.36 (KHTML, like Gecko) Chrome/41.0.2272.96 Mobile Safari/537.36 (compatible; Googlebot/2.1; +http://www.google.com/bot.html)"
173.212.235.237 - - [06/Jun/2018:02:07:56 +0200] "GET /robots.txt HTTP/1.1" 200 1836 "-" "Mozilla/5.0 (X11; Ubuntu; Linux x86_64; rv:57.0) Gecko/20100101 Firefox/57.0"
173.212.235.237 - - [06/Jun/2018:02:07:56 +0200] "GET /impressum HTTP/1.1" 200 5720 "-" "Mozilla/5.0 (X11; Ubuntu; Linux x86_64; rv:57.0) Gecko/20100101 Firefox/57.0"
141.8.141.131 - - [06/Jun/2018:02:51:16 +0200] "GET /robots.txt HTTP/1.1" 200 1836 "-" "Mozilla/5.0 (compatible; YandexBot/3.0; +http://yandex.com/bots)"
141.8.141.131 - - [06/Jun/2018:02:51:20 +0200] "GET /privatkunden/stueckgut HTTP/1.1" 200 1836 "-" "Mozilla/5.0 (compatible; YandexBot/3.0; +http://yandex.com/bots)"
66.249.69.196 - - [06/Jun/2018:03:22:32 +0200] "GET /robots.txt HTTP/1.1" 200 1836 "-" "Mozilla/5.0 (compatible; Googlebot/2.1; +http://www.google.com/bot.html)"
66.249.65.131 - - [06/Jun/2018:03:43:18 +0200] "GET / HTTP/1.1" 200 3250 "-" "Mozilla/5.0 (Linux; Android 6.0.1; Nexus 5X Build/MMB29P) AppleWebKit/537.36 (KHTML, like Gecko) Chrome/41.0.2272.96 Mobile Safari/537.36 (compatible; Googlebot/2.1; +http://www.google.com/bot.html)"
138.201.36.32 - - [06/Jun/2018:04:00:59 +0200] "GET / HTTP/1.1" 200 3250 "-" "Mozilla/5.0 (Windows; U; Windows NT 6.1; de; rv:1.9.2.12) Gecko/20101026 Firefox/3.6.12"
138.201.36.32 - - [06/Jun/2018:04:00:59 +0200] "GET / HTTP/1.1" 200 3250 "-" "Mozilla/5.0 (Windows; U; Windows NT 6.1; de; rv:1.9.2.12) Gecko/20101026 Firefox/3.6.12"
138.201.36.32 - - [06/Jun/2018:04:00:59 +0200] "GET /impressum HTTP/1.1" 200 5720 "-" "Mozilla/5.0 (Windows; U; Windows NT 6.1; de; rv:1.9.2.12) Gecko/20101026 Firefox/3.6.12"
138.201.36.32 - - [06/Jun/2018:04:01:00 +0200] "GET /impressum HTTP/1.1" 200 5720 "-" "Mozilla/5.0 (Windows; U; Windows NT 6.1; de; rv:1.9.2.12) Gecko/20101026 Firefox/3.6.12"
138.201.36.32 - - [06/Jun/2018:04:01:00 +0200] "GET /unternehmen HTTP/1.1" 200 3062 "-" "Mozilla/5.0 (Windows; U; Windows NT 6.1; de; rv:1.9.2.12) Gecko/20101026 Firefox/3.6.12"
138.201.36.32 - - [06/Jun/2018:04:01:00 +0200] "GET /robots.txt HTTP/1.1" 200 1836 "-" "Mozilla/5.0 (Windows; U; Windows NT 6.1; de; rv:1.9.2.12) Gecko/20101026 Firefox/3.6.12"
112.5.248.211 - - [06/Jun/2018:04:08:36 +0200] "GET / HTTP/1.1" 200 3250 "https://www.blog100.org/online-traffic-problems-are-now-a-thing-of-the-past/22653431/" "Mozilla/5.0 (Windows NT 6.1; WOW64) AppleWebKit/537.36 (KHTML, like Gecko) Chrome/63.0.3239.108 Safari/537.36"
141.8.141.134 - - [06/Jun/2018:04:14:23 +0200] "GET /informationen HTTP/1.1" 200 3912 "-" "Mozilla/5.0 (compatible; YandexBot/3.0; +http://yandex.com/bots)"
134.249.52.34 - - [06/Jun/2018:04:30:26 +0200] "GET /aktuelles/ HTTP/1.1" 200 8268 "https://ofermerah.com/" "Mozilla/4.0 (compatible; MSIE 6.0; Windows NT 5.1; SV1; YPC 3.0.2; .NET CLR 1.1.4322; yplus 4.4.02b)"
134.249.52.34 - - [06/Jun/2018:04:30:27 +0200] "GET /aktuelles/ HTTP/1.1" 200 8268 "https://ofermerah.com/" "Mozilla/4.0 (compatible; MSIE 6.0; Windows NT 5.1; SV1; YPC 3.0.2; .NET CLR 1.1.4322; yplus 4.4.02b)"
66.249.65.135 - - [06/Jun/2018:04:41:34 +0200] "GET /robots.txt HTTP/1.1" 200 1836 "-" "Mozilla/5.0 (compatible; Googlebot/2.1; +http://www.google.com/bot.html)"
66.249.65.135 - - [06/Jun/2018:04:41:35 +0200] "GET /img/geb%20(7).JPG HTTP/1.1" 304 - "-" "Googlebot-Image/1.0"
35.189.229.87 - - [06/Jun/2018:04:42:05 +0200] "GET /ads.txt HTTP/1.1" 200 1836 "-" "Mozilla/5.0 (Macintosh; Intel Mac OS X 10.13; rv:58.0) Gecko/20100101 Firefox/58.0"
141.8.141.131 - - [06/Jun/2018:04:55:04 +0200] "GET /pdf/Flyer%20Alle%20Ziele_WEB(0).pdf HTTP/1.1" 200 3377347 "-" "Mozilla/5.0 (compatible; YandexBot/3.0; +http://yandex.com/bots)"
66.249.65.131 - - [06/Jun/2018:04:55:05 +0200] "GET /sitemap HTTP/1.1" 200 4893 "-" "Mozilla/5.0 (Linux; Android 6.0.1; Nexus 5X Build/MMB29P) AppleWebKit/537.36 (KHTML, like Gecko) Chrome/41.0.2272.96 Mobile Safari/537.36 (compatible; Googlebot/2.1; +http://www.google.com/bot.html)"
66.249.65.131 - - [06/Jun/2018:05:09:25 +0200] "GET /impressum HTTP/1.1" 200 5720 "-" "Mozilla/5.0 (Linux; Android 6.0.1; Nexus 5X Build/MMB29P) AppleWebKit/537.36 (KHTML, like Gecko) Chrome/41.0.2272.96 Mobile Safari/537.36 (compatible; Googlebot/2.1; +http://www.google.com/bot.html)"
173.212.235.237 - - [06/Jun/2018:05:15:03 +0200] "GET /robots.txt HTTP/1.1" 200 1836 "-" "Mozilla/5.0 (X11; Ubuntu; Linux x86_64; rv:57.0) Gecko/20100101 Firefox/57.0"
173.212.235.237 - - [06/Jun/2018:05:15:03 +0200] "GET /informationen HTTP/1.1" 200 3912 "-" "Mozilla/5.0 (X11; Ubuntu; Linux x86_64; rv:57.0) Gecko/20100101 Firefox/57.0"
180.76.15.24 - - [06/Jun/2018:05:20:41 +0200] "GET / HTTP/1.1" 200 3250 "-" "Mozilla/5.0 (compatible; Baiduspider/2.0; +http://www.baidu.com/search/spider.html)"
157.55.39.14 - - [06/Jun/2018:05:22:26 +0200] "GET /robots.txt HTTP/1.1" 200 1836 "-" "Mozilla/5.0 (compatible; bingbot/2.0; +http://www.bing.com/bingbot.htm)"
207.46.13.12 - - [06/Jun/2018:05:22:31 +0200] "GET /unternehmen/sponsoring HTTP/1.1" 200 3821 "-" "Mozilla/5.0 (compatible; bingbot/2.0; +http://www.bing.com/bingbot.htm)"
66.249.65.131 - - [06/Jun/2018:05:23:24 +0200] "GET /downloads HTTP/1.1" 200 5200 "-" "Mozilla/5.0 (Linux; Android 6.0.1; Nexus 5X Build/MMB29P) AppleWebKit/537.36 (KHTML, like Gecko) Chrome/41.0.2272.96 Mobile Safari/537.36 (compatible; Googlebot/2.1; +http://www.google.com/bot.html)"
91.47.53.89 - - [06/Jun/2018:05:30:24 +0200] "GET /pdf/Frachtrecht%20HGB.pdf HTTP/1.1" 200 19672 "-" "Mozilla/5.0 (iPhone; CPU iPhone OS 11_3 like Mac OS X) AppleWebKit/605.1.15 (KHTML, like Gecko) Version/11.0 Mobile/15E148 Safari/604.1"
91.47.53.89 - - [06/Jun/2018:05:30:24 +0200] "GET /apple-touch-icon-120x120-precomposed.png HTTP/1.1" 200 1836 "-" "MobileSafari/604.1 CFNetwork/897.15 Darwin/17.5.0"
91.47.53.89 - - [06/Jun/2018:05:30:24 +0200] "GET /apple-touch-icon-120x120.png HTTP/1.1" 200 1836 "-" "MobileSafari/604.1 CFNetwork/897.15 Darwin/17.5.0"
91.47.53.89 - - [06/Jun/2018:05:30:25 +0200] "GET /apple-touch-icon-precomposed.png HTTP/1.1" 200 1836 "-" "MobileSafari/604.1 CFNetwork/897.15 Darwin/17.5.0"
91.47.53.89 - - [06/Jun/2018:05:30:25 +0200] "GET /apple-touch-icon.png HTTP/1.1" 200 1836 "-" "MobileSafari/604.1 CFNetwork/897.15 Darwin/17.5.0"
91.47.53.89 - - [06/Jun/2018:05:30:25 +0200] "GET /favicon.ico HTTP/1.1" 200 1836 "-" "MobileSafari/604.1 CFNetwork/897.15 Darwin/17.5.0"
91.47.53.89 - - [06/Jun/2018:05:30:25 +0200] "GET /apple-touch-icon-120x120-precomposed.png HTTP/1.1" 200 1836 "-" "MobileSafari/604.1 CFNetwork/897.15 Darwin/17.5.0"
91.47.53.89 - - [06/Jun/2018:05:30:26 +0200] "GET /apple-touch-icon-120x120.png HTTP/1.1" 200 1836 "-" "MobileSafari/604.1 CFNetwork/897.15 Darwin/17.5.0"
91.47.53.89 - - [06/Jun/2018:05:30:26 +0200] "GET /apple-touch-icon-precomposed.png HTTP/1.1" 200 1836 "-" "MobileSafari/604.1 CFNetwork/897.15 Darwin/17.5.0"
91.47.53.89 - - [06/Jun/2018:05:30:26 +0200] "GET /apple-touch-icon.png HTTP/1.1" 200 1836 "-" "MobileSafari/604.1 CFNetwork/897.15 Darwin/17.5.0"
91.47.53.89 - - [06/Jun/2018:05:30:26 +0200] "GET /favicon.ico HTTP/1.1" 200 1836 "-" "MobileSafari/604.1 CFNetwork/897.15 Darwin/17.5.0"
176.10.55.146 - - [06/Jun/2018:05:31:58 +0200] "GET /exportdokumente/wertgrenzen HTTP/1.1" 200 5667 "-" "Mozilla/5.0 (iPhone; CPU iPhone OS 11_3 like Mac OS X) AppleWebKit/605.1.15 (KHTML, like Gecko) Version/11.0 Mobile/15E148 Safari/604.1"
176.10.55.146 - - [06/Jun/2018:05:31:59 +0200] "GET /apple-touch-icon-120x120-precomposed.png HTTP/1.1" 200 1836 "-" "MobileSafari/604.1 CFNetwork/897.15 Darwin/17.5.0"
176.10.55.146 - - [06/Jun/2018:05:31:59 +0200] "GET /apple-touch-icon-120x120.png HTTP/1.1" 200 1836 "-" "MobileSafari/604.1 CFNetwork/897.15 Darwin/17.5.0"
176.10.55.146 - - [06/Jun/2018:05:31:59 +0200] "GET /apple-touch-icon-precomposed.png HTTP/1.1" 200 1836 "-" "MobileSafari/604.1 CFNetwork/897.15 Darwin/17.5.0"
176.10.55.146 - - [06/Jun/2018:05:32:00 +0200] "GET /apple-touch-icon.png HTTP/1.1" 200 1836 "-" "MobileSafari/604.1 CFNetwork/897.15 Darwin/17.5.0"
176.10.55.146 - - [06/Jun/2018:05:32:00 +0200] "GET /favicon.ico HTTP/1.1" 200 1836 "-" "MobileSafari/604.1 CFNetwork/897.15 Darwin/17.5.0"
176.10.55.146 - - [06/Jun/2018:05:32:00 +0200] "GET /apple-touch-icon-120x120-precomposed.png HTTP/1.1" 200 1836 "-" "MobileSafari/604.1 CFNetwork/897.15 Darwin/17.5.0"
176.10.55.146 - - [06/Jun/2018:05:32:00 +0200] "GET /apple-touch-icon-120x120.png HTTP/1.1" 200 1836 "-" "MobileSafari/604.1 CFNetwork/897.15 Darwin/17.5.0"
176.10.55.146 - - [06/Jun/2018:05:32:00 +0200] "GET /apple-touch-icon-precomposed.png HTTP/1.1" 200 1836 "-" "MobileSafari/604.1 CFNetwork/897.15 Darwin/17.5.0"
176.10.55.146 - - [06/Jun/2018:05:32:01 +0200] "GET /apple-touch-icon.png HTTP/1.1" 200 1836 "-" "MobileSafari/604.1 CFNetwork/897.15 Darwin/17.5.0"
176.10.55.146 - - [06/Jun/2018:05:32:01 +0200] "GET /favicon.ico HTTP/1.1" 200 1836 "-" "MobileSafari/604.1 CFNetwork/897.15 Darwin/17.5.0"
66.249.65.131 - - [06/Jun/2018:05:36:21 +0200] "GET /aktuelles HTTP/1.1" 200 8268 "-" "Mozilla/5.0 (Linux; Android 6.0.1; Nexus 5X Build/MMB29P) AppleWebKit/537.36 (KHTML, like Gecko) Chrome/41.0.2272.96 Mobile Safari/537.36 (compatible; Googlebot/2.1; +http://www.google.com/bot.html)"
66.249.65.133 - - [06/Jun/2018:05:43:00 +0200] "GET /img/geb%20(6).JPG HTTP/1.1" 304 - "-" "Googlebot-Image/1.0"
66.249.65.133 - - [06/Jun/2018:05:43:00 +0200] "GET /robots.txt HTTP/1.1" 200 1836 "-" "Mozilla/5.0 (compatible; Googlebot/2.1; +http://www.google.com/bot.html)"
66.249.65.135 - - [06/Jun/2018:05:48:27 +0200] "GET /unternehmen HTTP/1.1" 200 3062 "-" "Mozilla/5.0 (Linux; Android 6.0.1; Nexus 5X Build/MMB29P) AppleWebKit/537.36 (KHTML, like Gecko) Chrome/41.0.2272.96 Mobile Safari/537.36 (compatible; Googlebot/2.1; +http://www.google.com/bot.html)"
77.75.76.167 - - [06/Jun/2018:05:49:49 +0200] "GET /robots.txt HTTP/1.1" 200 1836 "-" "Mozilla/5.0 (compatible; SeznamBot/3.2; +http://napoveda.seznam.cz/en/seznambot-intro/)"
77.75.76.167 - - [06/Jun/2018:05:49:50 +0200] "GET /img/geb%20(8).JPG HTTP/1.1" 304 - "-" "Mozilla/5.0 (compatible; SeznamBot/3.2; +http://napoveda.seznam.cz/en/seznambot-intro/)"
66.249.65.135 - - [06/Jun/2018:05:59:53 +0200] "GET /informationen HTTP/1.1" 200 3912 "-" "Mozilla/5.0 (Linux; Android 6.0.1; Nexus 5X Build/MMB29P) AppleWebKit/537.36 (KHTML, like Gecko) Chrome/41.0.2272.96 Mobile Safari/537.36 (compatible; Googlebot/2.1; +http://www.google.com/bot.html)"
66.249.65.133 - - [06/Jun/2018:06:10:54 +0200] "GET /exportdokumente HTTP/1.1" 200 3515 "-" "Mozilla/5.0 (Linux; Android 6.0.1; Nexus 5X Build/MMB29P) AppleWebKit/537.36 (KHTML, like Gecko) Chrome/41.0.2272.96 Mobile Safari/537.36 (compatible; Googlebot/2.1; +http://www.google.com/bot.html)"
141.8.141.131 - - [06/Jun/2018:06:19:56 +0200] "GET /robots.txt HTTP/1.1" 200 1836 "-" "Mozilla/5.0 (compatible; YandexBot/3.0; +http://yandex.com/bots)"
141.8.141.131 - - [06/Jun/2018:06:19:59 +0200] "GET /unternehmen/sponsoring/ehc_eisbaeren_berlin HTTP/1.1" 200 3480 "-" "Mozilla/5.0 (compatible; YandexBot/3.0; +http://yandex.com/bots)"
66.249.65.131 - - [06/Jun/2018:06:21:27 +0200] "GET /geschaeftskunden HTTP/1.1" 200 4012 "-" "Mozilla/5.0 (Linux; Android 6.0.1; Nexus 5X Build/MMB29P) AppleWebKit/537.36 (KHTML, like Gecko) Chrome/41.0.2272.96 Mobile Safari/537.36 (compatible; Googlebot/2.1; +http://www.google.com/bot.html)"
40.77.188.139 - - [06/Jun/2018:06:25:00 +0200] "GET /img/hg_body.gif HTTP/1.1" 200 1754 "http://www.alle-ziele-spedition.de/unternehmen/sponsoring" "Mozilla/5.0 (Windows NT 6.1; WOW64) AppleWebKit/534+ (KHTML, like Gecko) BingPreview/1.0b"
40.77.188.139 - - [06/Jun/2018:06:25:00 +0200] "GET /img/7183587b.jpg HTTP/1.1" 200 12190 "http://www.alle-ziele-spedition.de/unternehmen/sponsoring" "Mozilla/5.0 (Windows NT 6.1; WOW64) AppleWebKit/534+ (KHTML, like Gecko) BingPreview/1.0b"
40.77.188.139 - - [06/Jun/2018:06:25:00 +0200] "GET /img/857034.jpg HTTP/1.1" 200 14613 "http://www.alle-ziele-spedition.de/unternehmen/sponsoring" "Mozilla/5.0 (Windows NT 6.1; WOW64) AppleWebKit/534+ (KHTML, like Gecko) BingPreview/1.0b"
40.77.188.139 - - [06/Jun/2018:06:25:00 +0200] "GET /img/head_hg.jpg HTTP/1.1" 200 18629 "http://www.alle-ziele-spedition.de/unternehmen/sponsoring" "Mozilla/5.0 (Windows NT 6.1; WOW64) AppleWebKit/534+ (KHTML, like Gecko) BingPreview/1.0b"
40.77.188.139 - - [06/Jun/2018:06:25:01 +0200] "GET /img/52814.jpg HTTP/1.1" 200 14378 "http://www.alle-ziele-spedition.de/unternehmen/sponsoring" "Mozilla/5.0 (Windows NT 6.1; WOW64) AppleWebKit/534+ (KHTML, like Gecko) BingPreview/1.0b"
40.77.188.139 - - [06/Jun/2018:06:25:01 +0200] "GET /img/9606427.jpg HTTP/1.1" 200 21711 "http://www.alle-ziele-spedition.de/unternehmen/sponsoring" "Mozilla/5.0 (Windows NT 6.1; WOW64) AppleWebKit/534+ (KHTML, like Gecko) BingPreview/1.0b"
40.77.188.139 - - [06/Jun/2018:06:25:02 +0200] "GET /img/14351312.jpg HTTP/1.1" 200 16335 "http://www.alle-ziele-spedition.de/unternehmen/sponsoring" "Mozilla/5.0 (Windows NT 6.1; WOW64) AppleWebKit/534+ (KHTML, like Gecko) BingPreview/1.0b"
141.8.141.131 - - [06/Jun/2018:06:28:49 +0200] "GET /unternehmen/sponsoring/worldvision HTTP/1.1" 200 5650 "-" "Mozilla/5.0 (compatible; YandexBot/3.0; +http://yandex.com/bots)"
66.249.65.135 - - [06/Jun/2018:06:32:27 +0200] "GET /informationen/faq HTTP/1.1" 200 7169 "-" "Mozilla/5.0 (Linux; Android 6.0.1; Nexus 5X Build/MMB29P) AppleWebKit/537.36 (KHTML, like Gecko) Chrome/41.0.2272.96 Mobile Safari/537.36 (compatible; Googlebot/2.1; +http://www.google.com/bot.html)"
66.249.65.131 - - [06/Jun/2018:06:46:17 +0200] "GET /informationen/sendung HTTP/1.1" 200 7063 "-" "Mozilla/5.0 (Linux; Android 6.0.1; Nexus 5X Build/MMB29P) AppleWebKit/537.36 (KHTML, like Gecko) Chrome/41.0.2272.96 Mobile Safari/537.36 (compatible; Googlebot/2.1; +http://www.google.com/bot.html)"
66.249.65.133 - - [06/Jun/2018:06:46:17 +0200] "GET /robots.txt HTTP/1.1" 200 1836 "-" "Mozilla/5.0 (compatible; Googlebot/2.1; +http://www.google.com/bot.html)"
66.249.65.131 - - [06/Jun/2018:06:59:43 +0200] "GET /unternehmen/sponsoring HTTP/1.1" 200 3821 "-" "Mozilla/5.0 (Linux; Android 6.0.1; Nexus 5X Build/MMB29P) AppleWebKit/537.36 (KHTML, like Gecko) Chrome/41.0.2272.96 Mobile Safari/537.36 (compatible; Googlebot/2.1; +http://www.google.com/bot.html)"
42.236.99.65 - - [06/Jun/2018:07:07:41 +0200] "GET / HTTP/1.1" 200 3250 "http://www.alle-ziele-spedition.de/" "Mozilla/5.0 (Windows NT 6.1; WOW64) AppleWebKit/537.36 (KHTML, like Gecko) Chrome/50.0.2661.102 Safari/537.36; 360Spider"
66.249.65.133 - - [06/Jun/2018:07:12:02 +0200] "GET /unternehmen/philosophie HTTP/1.1" 200 4633 "-" "Mozilla/5.0 (Linux; Android 6.0.1; Nexus 5X Build/MMB29P) AppleWebKit/537.36 (KHTML, like Gecko) Chrome/41.0.2272.96 Mobile Safari/537.36 (compatible; Googlebot/2.1; +http://www.google.com/bot.html)"
185.150.48.195 - - [06/Jun/2018:07:17:03 +0200] "GET /img/geb%20(5).JPG HTTP/1.1" 200 1274297 "https://www.google.de/" "Mozilla/5.0 (Windows NT 10.0; WOW64; rv:52.0) Gecko/20100101 Firefox/52.0"
66.249.65.133 - - [06/Jun/2018:07:24:16 +0200] "GET /geschaeftskunden/direkt HTTP/1.1" 200 4036 "-" "Mozilla/5.0 (Linux; Android 6.0.1; Nexus 5X Build/MMB29P) AppleWebKit/537.36 (KHTML, like Gecko) Chrome/41.0.2272.96 Mobile Safari/537.36 (compatible; Googlebot/2.1; +http://www.google.com/bot.html)"
195.68.198.11 - - [06/Jun/2018:07:24:17 +0200] "GET /pdf/Frachtrecht%20HGB.pdf HTTP/1.1" 304 - "https://www.google.com/" "Mozilla/5.0 (Windows NT 6.1; WOW64; rv:52.0) Gecko/20100101 Firefox/52.0"
195.68.198.11 - - [06/Jun/2018:07:24:18 +0200] "GET /favicon.ico HTTP/1.1" 200 1836 "-" "Mozilla/5.0 (Windows NT 6.1; WOW64; rv:52.0) Gecko/20100101 Firefox/52.0"
173.212.235.237 - - [06/Jun/2018:07:28:10 +0200] "GET /robots.txt HTTP/1.1" 200 1836 "-" "Mozilla/5.0 (X11; Ubuntu; Linux x86_64; rv:57.0) Gecko/20100101 Firefox/57.0"
173.212.235.237 - - [06/Jun/2018:07:28:10 +0200] "GET /downloads HTTP/1.1" 200 5200 "-" "Mozilla/5.0 (X11; Ubuntu; Linux x86_64; rv:57.0) Gecko/20100101 Firefox/57.0"
66.249.65.131 - - [06/Jun/2018:07:37:21 +0200] "GET /informationen/spediteur HTTP/1.1" 200 111858 "-" "Mozilla/5.0 (Linux; Android 6.0.1; Nexus 5X Build/MMB29P) AppleWebKit/537.36 (KHTML, like Gecko) Chrome/41.0.2272.96 Mobile Safari/537.36 (compatible; Googlebot/2.1; +http://www.google.com/bot.html)"
173.212.235.237 - - [06/Jun/2018:07:45:09 +0200] "GET /robots.txt HTTP/1.1" 200 1836 "-" "Mozilla/5.0 (X11; Ubuntu; Linux x86_64; rv:57.0) Gecko/20100101 Firefox/57.0"
173.212.235.237 - - [06/Jun/2018:07:45:09 +0200] "GET /exportdokumente HTTP/1.1" 200 3515 "-" "Mozilla/5.0 (X11; Ubuntu; Linux x86_64; rv:57.0) Gecko/20100101 Firefox/57.0"
80.246.250.142 - - [06/Jun/2018:07:45:32 +0200] "GET /img/Colt%2020.11.2011%20Hubi%204.JPG HTTP/1.0" 200 416132 "https://www.google.com/" "Mozilla/5.0 (Windows NT 10.0; Win64; x64; rv:60.0) Gecko/20100101 Firefox/60.0"
66.249.65.133 - - [06/Jun/2018:07:50:49 +0200] "GET /informationen/fotogalerie HTTP/1.1" 200 3345 "-" "Mozilla/5.0 (Linux; Android 6.0.1; Nexus 5X Build/MMB29P) AppleWebKit/537.36 (KHTML, like Gecko) Chrome/41.0.2272.96 Mobile Safari/537.36 (compatible; Googlebot/2.1; +http://www.google.com/bot.html)"
66.249.65.133 - - [06/Jun/2018:07:50:49 +0200] "GET /robots.txt HTTP/1.1" 200 1836 "-" "Mozilla/5.0 (compatible; Googlebot/2.1; +http://www.google.com/bot.html)"
144.76.132.77 - - [06/Jun/2018:07:58:06 +0200] "GET /pdf/Frachtrecht%20HGB.pdf HTTP/1.0" 200 19672 "http://www.alle-ziele-spedition.de/pdf/Frachtrecht%20HGB.pdf" "Mozilla/5.0 (Windows NT 6.0; Win64; rv:34.1) Gecko/20100101 Firefox/34.1"
144.76.132.77 - - [06/Jun/2018:07:58:06 +0200] "GET / HTTP/1.0" 200 3250 "http://www.alle-ziele-spedition.de/" "Mozilla/5.0 (Windows NT 6.0; Win64; rv:34.1) Gecko/20100101 Firefox/34.1"
80.147.82.60 - - [06/Jun/2018:07:59:51 +0200] "GET /exportdokumente/wertgrenzen HTTP/1.1" 200 5667 "-" "Mozilla/5.0 (Macintosh; Intel Mac OS X 10_11_6) AppleWebKit/605.1.15 (KHTML, like Gecko)"
80.147.82.60 - - [06/Jun/2018:07:59:52 +0200] "GET /apple-touch-icon-precomposed.png HTTP/1.1" 200 1836 "-" "Safari/11605.1.33.1.4 CFNetwork/760.9 Darwin/15.6.0 (x86_64)"
80.147.82.60 - - [06/Jun/2018:07:59:52 +0200] "GET /apple-touch-icon.png HTTP/1.1" 200 1836 "-" "Safari/11605.1.33.1.4 CFNetwork/760.9 Darwin/15.6.0 (x86_64)"
80.147.82.60 - - [06/Jun/2018:07:59:52 +0200] "GET /favicon.ico HTTP/1.1" 200 1836 "-" "Safari/11605.1.33.1.4 CFNetwork/760.9 Darwin/15.6.0 (x86_64)"
80.147.82.60 - - [06/Jun/2018:07:59:52 +0200] "GET /apple-touch-icon-precomposed.png HTTP/1.1" 200 1836 "-" "Safari/11605.1.33.1.4 CFNetwork/760.9 Darwin/15.6.0 (x86_64)"
80.147.82.60 - - [06/Jun/2018:07:59:53 +0200] "GET /apple-touch-icon.png HTTP/1.1" 200 1836 "-" "Safari/11605.1.33.1.4 CFNetwork/760.9 Darwin/15.6.0 (x86_64)"
80.147.82.60 - - [06/Jun/2018:07:59:53 +0200] "GET /favicon.ico HTTP/1.1" 200 1836 "-" "Safari/11605.1.33.1.4 CFNetwork/760.9 Darwin/15.6.0 (x86_64)"
80.147.82.60 - - [06/Jun/2018:07:59:53 +0200] "GET /exportdokumente/wertgrenzen HTTP/1.1" 200 5667 "-" "\"Mozilla/5.0 (iPhone; CPU iPhone OS 11_0 like Mac OS X) AppleWebKit/604.1.38 (KHTML, like Gecko) Version/11.0 Mobile/15A372 Safari/604.1\""
80.147.82.60 - - [06/Jun/2018:07:59:53 +0200] "GET /apple-touch-icon-precomposed.png HTTP/1.1" 200 1836 "-" "Safari/11605.1.33.1.4 CFNetwork/760.9 Darwin/15.6.0 (x86_64)"
80.147.82.60 - - [06/Jun/2018:07:59:54 +0200] "GET /apple-touch-icon.png HTTP/1.1" 200 1836 "-" "Safari/11605.1.33.1.4 CFNetwork/760.9 Darwin/15.6.0 (x86_64)"
80.147.82.60 - - [06/Jun/2018:07:59:54 +0200] "GET /favicon.ico HTTP/1.1" 200 1836 "-" "Safari/11605.1.33.1.4 CFNetwork/760.9 Darwin/15.6.0 (x86_64)"
80.147.82.60 - - [06/Jun/2018:07:59:54 +0200] "GET /apple-touch-icon-precomposed.png HTTP/1.1" 200 1836 "-" "Safari/11605.1.33.1.4 CFNetwork/760.9 Darwin/15.6.0 (x86_64)"
80.147.82.60 - - [06/Jun/2018:07:59:54 +0200] "GET /apple-touch-icon.png HTTP/1.1" 200 1836 "-" "Safari/11605.1.33.1.4 CFNetwork/760.9 Darwin/15.6.0 (x86_64)"
80.147.82.60 - - [06/Jun/2018:07:59:55 +0200] "GET /favicon.ico HTTP/1.1" 200 1836 "-" "Safari/11605.1.33.1.4 CFNetwork/760.9 Darwin/15.6.0 (x86_64)"
66.249.65.135 - - [06/Jun/2018:08:03:32 +0200] "GET /unternehmen/wir_ueber_uns HTTP/1.1" 200 4974 "-" "Mozilla/5.0 (Linux; Android 6.0.1; Nexus 5X Build/MMB29P) AppleWebKit/537.36 (KHTML, like Gecko) Chrome/41.0.2272.96 Mobile Safari/537.36 (compatible; Googlebot/2.1; +http://www.google.com/bot.html)"
66.249.65.131 - - [06/Jun/2018:08:17:47 +0200] "GET /pdf/Frachtrecht%20HGB.pdf HTTP/1.1" 200 19672 "-" "Mozilla/5.0 (Linux; Android 6.0.1; Nexus 5X Build/MMB29P) AppleWebKit/537.36 (KHTML, like Gecko) Chrome/41.0.2272.96 Mobile Safari/537.36 (compatible; Googlebot/2.1; +http://www.google.com/bot.html)"
173.212.235.237 - - [06/Jun/2018:08:24:41 +0200] "GET /robots.txt HTTP/1.1" 200 1836 "-" "Mozilla/5.0 (X11; Ubuntu; Linux x86_64; rv:57.0) Gecko/20100101 Firefox/57.0"
173.212.235.237 - - [06/Jun/2018:08:24:41 +0200] "GET /sitemap HTTP/1.1" 200 4893 "-" "Mozilla/5.0 (X11; Ubuntu; Linux x86_64; rv:57.0) Gecko/20100101 Firefox/57.0"
78.94.115.82 - - [06/Jun/2018:08:24:53 +0200] "GET /pdf/Frachtrecht%20HGB.pdf HTTP/1.1" 200 19672 "https://www.google.com/" "Mozilla/5.0 (iPad; CPU OS 11_3 like Mac OS X) AppleWebKit/605.1.15 (KHTML, like Gecko) Version/11.0 Mobile/15E148 Safari/604.1"
66.249.65.135 - - [06/Jun/2018:08:29:45 +0200] "GET /exportdokumente/wertgrenzen HTTP/1.1" 200 5667 "-" "Mozilla/5.0 (Linux; Android 6.0.1; Nexus 5X Build/MMB29P) AppleWebKit/537.36 (KHTML, like Gecko) Chrome/41.0.2272.96 Mobile Safari/537.36 (compatible; Googlebot/2.1; +http://www.google.com/bot.html)"
157.55.39.205 - - [06/Jun/2018:08:34:01 +0200] "GET /img/P050222-05.jpg HTTP/1.1" 200 302910 "-" "Mozilla/5.0 (compatible; bingbot/2.0; +http://www.bing.com/bingbot.htm)"
66.249.65.133 - - [06/Jun/2018:08:37:20 +0200] "GET / HTTP/1.1" 200 3250 "-" "Mozilla/5.0 (Linux; Android 6.0.1; Nexus 5X Build/MMB29P) AppleWebKit/537.36 (KHTML, like Gecko) Chrome/41.0.2272.96 Mobile Safari/537.36 (compatible; Googlebot/2.1; +http://www.google.com/bot.html)"
79.199.255.245 - - [06/Jun/2018:08:37:27 +0200] "GET /pdf/Frachtrecht%20HGB.pdf HTTP/1.1" 200 19672 "-" "Mozilla/5.0 (Macintosh; Intel Mac OS X 10_13_2) AppleWebKit/604.4.7 (KHTML, like Gecko)"
79.199.255.245 - - [06/Jun/2018:08:37:32 +0200] "GET /apple-touch-icon-precomposed.png HTTP/1.1" 200 1836 "-" "Safari/13604.4.7.1.3 CFNetwork/893.13.1 Darwin/17.3.0 (x86_64)"
79.199.255.245 - - [06/Jun/2018:08:37:35 +0200] "GET /apple-touch-icon.png HTTP/1.1" 200 1836 "-" "Safari/13604.4.7.1.3 CFNetwork/893.13.1 Darwin/17.3.0 (x86_64)"
79.199.255.245 - - [06/Jun/2018:08:37:36 +0200] "GET /favicon.ico HTTP/1.1" 200 1836 "-" "Safari/13604.4.7.1.3 CFNetwork/893.13.1 Darwin/17.3.0 (x86_64)"
79.199.255.245 - - [06/Jun/2018:08:37:36 +0200] "GET /apple-touch-icon-precomposed.png HTTP/1.1" 200 1836 "-" "Safari/13604.4.7.1.3 CFNetwork/893.13.1 Darwin/17.3.0 (x86_64)"
79.199.255.245 - - [06/Jun/2018:08:37:36 +0200] "GET /apple-touch-icon.png HTTP/1.1" 200 1836 "-" "Safari/13604.4.7.1.3 CFNetwork/893.13.1 Darwin/17.3.0 (x86_64)"
79.199.255.245 - - [06/Jun/2018:08:37:36 +0200] "GET /favicon.ico HTTP/1.1" 200 1836 "-" "Safari/13604.4.7.1.3 CFNetwork/893.13.1 Darwin/17.3.0 (x86_64)"
79.199.255.245 - - [06/Jun/2018:08:37:36 +0200] "GET /pdf/Frachtrecht%20HGB.pdf HTTP/1.1" 200 19672 "-" "\"Mozilla/5.0 (iPhone; CPU iPhone OS 11_0 like Mac OS X) AppleWebKit/604.1.38 (KHTML, like Gecko) Version/11.0 Mobile/15A372 Safari/604.1\""
79.199.255.245 - - [06/Jun/2018:08:37:36 +0200] "GET /apple-touch-icon-precomposed.png HTTP/1.1" 200 1836 "-" "Safari/13604.4.7.1.3 CFNetwork/893.13.1 Darwin/17.3.0 (x86_64)"
79.199.255.245 - - [06/Jun/2018:08:37:37 +0200] "GET /apple-touch-icon.png HTTP/1.1" 200 1836 "-" "Safari/13604.4.7.1.3 CFNetwork/893.13.1 Darwin/17.3.0 (x86_64)"
79.199.255.245 - - [06/Jun/2018:08:37:37 +0200] "GET /favicon.ico HTTP/1.1" 200 1836 "-" "Safari/13604.4.7.1.3 CFNetwork/893.13.1 Darwin/17.3.0 (x86_64)"
79.199.255.245 - - [06/Jun/2018:08:37:37 +0200] "GET /apple-touch-icon-precomposed.png HTTP/1.1" 200 1836 "-" "Safari/13604.4.7.1.3 CFNetwork/893.13.1 Darwin/17.3.0 (x86_64)"
79.199.255.245 - - [06/Jun/2018:08:37:37 +0200] "GET /apple-touch-icon.png HTTP/1.1" 200 1836 "-" "Safari/13604.4.7.1.3 CFNetwork/893.13.1 Darwin/17.3.0 (x86_64)"
79.199.255.245 - - [06/Jun/2018:08:37:37 +0200] "GET /favicon.ico HTTP/1.1" 200 1836 "-" "Safari/13604.4.7.1.3 CFNetwork/893.13.1 Darwin/17.3.0 (x86_64)"
66.249.65.131 - - [06/Jun/2018:08:40:57 +0200] "GET /geschaeftskunden/tkl_uebersee HTTP/1.1" 200 3793 "-" "Mozilla/5.0 (Linux; Android 6.0.1; Nexus 5X Build/MMB29P) AppleWebKit/537.36 (KHTML, like Gecko) Chrome/41.0.2272.96 Mobile Safari/537.36 (compatible; Googlebot/2.1; +http://www.google.com/bot.html)"
84.170.207.117 - - [06/Jun/2018:08:42:17 +0200] "GET /pdf/Frachtrecht%20HGB.pdf HTTP/1.1" 200 19672 "https://www.google.de/" "Mozilla/5.0 (Windows NT 6.1; Win64; x64; rv:60.0) Gecko/20100101 Firefox/60.0"
84.170.207.117 - - [06/Jun/2018:08:42:18 +0200] "GET /favicon.ico HTTP/1.1" 200 1836 "-" "Mozilla/5.0 (Windows NT 6.1; Win64; x64; rv:60.0) Gecko/20100101 Firefox/60.0"
84.170.207.117 - - [06/Jun/2018:08:42:18 +0200] "GET /pdf/Frachtrecht%20HGB.pdf HTTP/1.1" 206 19672 "https://www.google.de/" "Mozilla/5.0 (Windows NT 6.1; Win64; x64; rv:60.0) Gecko/20100101 Firefox/60.0"
84.170.207.117 - - [06/Jun/2018:08:42:18 +0200] "GET /favicon.ico HTTP/1.1" 200 1836 "-" "Mozilla/5.0 (Windows NT 6.1; Win64; x64; rv:60.0) Gecko/20100101 Firefox/60.0"
87.128.9.210 - - [06/Jun/2018:08:43:26 +0200] "GET /favicon.ico HTTP/1.1" 200 1836 "-" "Mozilla/5.0 (Windows NT 6.1; Win64; x64; rv:60.0) Gecko/20100101 Firefox/60.0"
159.203.91.198 - - [06/Jun/2018:08:48:08 +0200] "GET / HTTP/1.1" 200 3250 "http://www.alle-ziele-spedition.de" "Mozilla/5.0 (X11; Datanyze; Linux x86_64) AppleWebKit/537.36 (KHTML, like Gecko) Chrome/65.0.3325.181 Safari/537.36"
159.203.91.198 - - [06/Jun/2018:08:48:10 +0200] "GET /css/screen.css HTTP/1.1" 200 13636 "-" "Mozilla/5.0 (X11; Datanyze; Linux x86_64) AppleWebKit/537.36 (KHTML, like Gecko) Chrome/65.0.3325.181 Safari/537.36"
159.203.91.198 - - [06/Jun/2018:08:48:10 +0200] "GET /css/print.css HTTP/1.1" 200 830 "-" "Mozilla/5.0 (X11; Datanyze; Linux x86_64) AppleWebKit/537.36 (KHTML, like Gecko) Chrome/65.0.3325.181 Safari/537.36"
159.203.91.198 - - [06/Jun/2018:08:48:10 +0200] "GET /js/curvycorners.src.js HTTP/1.1" 200 60221 "-" "Mozilla/5.0 (X11; Datanyze; Linux x86_64) AppleWebKit/537.36 (KHTML, like Gecko) Chrome/65.0.3325.181 Safari/537.36"
159.203.91.198 - - [06/Jun/2018:08:48:28 +0200] "GET /robots.txt HTTP/1.1" 200 1836 "-" "Mozilla/5.0 (Windows NT 6.1; WOW64; rv:29.0) Gecko/20100101 Firefox/29.0"
159.203.91.198 - - [06/Jun/2018:08:48:56 +0200] "GET /geschaeftskunden HTTP/1.1" 200 4012 "http://www.alle-ziele-spedition.de" "Mozilla/5.0 (X11; Datanyze; Linux x86_64) AppleWebKit/537.36 (KHTML, like Gecko) Chrome/65.0.3325.181 Safari/537.36"
159.203.91.198 - - [06/Jun/2018:08:48:56 +0200] "GET /aktuelles HTTP/1.1" 200 8268 "http://www.alle-ziele-spedition.de" "Mozilla/5.0 (X11; Datanyze; Linux x86_64) AppleWebKit/537.36 (KHTML, like Gecko) Chrome/65.0.3325.181 Safari/537.36"
159.203.91.198 - - [06/Jun/2018:08:48:58 +0200] "GET /downloads HTTP/1.1" 200 5200 "http://www.alle-ziele-spedition.de" "Mozilla/5.0 (X11; Datanyze; Linux x86_64) AppleWebKit/537.36 (KHTML, like Gecko) Chrome/65.0.3325.181 Safari/537.36"
159.203.91.198 - - [06/Jun/2018:08:48:58 +0200] "GET /exportdokumente HTTP/1.1" 200 3515 "http://www.alle-ziele-spedition.de" "Mozilla/5.0 (X11; Datanyze; Linux x86_64) AppleWebKit/537.36 (KHTML, like Gecko) Chrome/65.0.3325.181 Safari/537.36"
159.203.91.198 - - [06/Jun/2018:08:48:58 +0200] "GET /unternehmen HTTP/1.1" 200 3062 "http://www.alle-ziele-spedition.de" "Mozilla/5.0 (X11; Datanyze; Linux x86_64) AppleWebKit/537.36 (KHTML, like Gecko) Chrome/65.0.3325.181 Safari/537.36"
159.203.91.198 - - [06/Jun/2018:08:48:58 +0200] "GET /informationen HTTP/1.1" 200 3912 "http://www.alle-ziele-spedition.de" "Mozilla/5.0 (X11; Datanyze; Linux x86_64) AppleWebKit/537.36 (KHTML, like Gecko) Chrome/65.0.3325.181 Safari/537.36"
159.203.91.198 - - [06/Jun/2018:08:48:58 +0200] "GET /sitemap HTTP/1.1" 200 4893 "http://www.alle-ziele-spedition.de" "Mozilla/5.0 (X11; Datanyze; Linux x86_64) AppleWebKit/537.36 (KHTML, like Gecko) Chrome/65.0.3325.181 Safari/537.36"
159.203.91.198 - - [06/Jun/2018:08:49:00 +0200] "GET /impressum HTTP/1.1" 200 5720 "http://www.alle-ziele-spedition.de" "Mozilla/5.0 (X11; Datanyze; Linux x86_64) AppleWebKit/537.36 (KHTML, like Gecko) Chrome/65.0.3325.181 Safari/537.36"
173.212.235.237 - - [06/Jun/2018:08:50:21 +0200] "GET /robots.txt HTTP/1.1" 200 1836 "-" "Mozilla/5.0 (X11; Ubuntu; Linux x86_64; rv:57.0) Gecko/20100101 Firefox/57.0"
173.212.235.237 - - [06/Jun/2018:08:50:22 +0200] "GET /downloads HTTP/1.1" 200 5200 "-" "Mozilla/5.0 (X11; Ubuntu; Linux x86_64; rv:57.0) Gecko/20100101 Firefox/57.0"
66.249.65.135 - - [06/Jun/2018:08:53:02 +0200] "GET /robots.txt HTTP/1.1" 200 1836 "-" "Mozilla/5.0 (compatible; Googlebot/2.1; +http://www.google.com/bot.html)"
66.249.65.135 - - [06/Jun/2018:08:53:02 +0200] "GET /pdf/DSLV-ADSp-2016_17Dez15.pdf HTTP/1.1" 200 1005622 "-" "Mozilla/5.0 (Linux; Android 6.0.1; Nexus 5X Build/MMB29P) AppleWebKit/537.36 (KHTML, like Gecko) Chrome/41.0.2272.96 Mobile Safari/537.36 (compatible; Googlebot/2.1; +http://www.google.com/bot.html)"
5.196.87.101 - - [06/Jun/2018:08:53:35 +0200] "GET /robots.txt HTTP/1.1" 200 1836 "-" "Mozilla/5.0 (compatible; AhrefsBot/5.2; +http://ahrefs.com/robot/)"
54.36.148.165 - - [06/Jun/2018:08:53:36 +0200] "GET /unternehmen/philosophie HTTP/1.1" 200 4633 "-" "Mozilla/5.0 (compatible; AhrefsBot/5.2; +http://ahrefs.com/robot/)"
141.8.141.131 - - [06/Jun/2018:08:54:18 +0200] "GET /robots.txt HTTP/1.1" 200 1836 "-" "Mozilla/5.0 (compatible; YandexBot/3.0; +http://yandex.com/bots)"
141.8.141.131 - - [06/Jun/2018:08:54:21 +0200] "GET /unternehmen/sponsoring/afc_berlin_adler HTTP/1.1" 200 3932 "-" "Mozilla/5.0 (compatible; YandexBot/3.0; +http://yandex.com/bots)"
185.46.212.145 - - [06/Jun/2018:08:58:30 +0200] "GET /doc/Frachtrecht%20HGB.doc HTTP/1.1" 200 29184 "https://www.google.de/" "Mozilla/5.0 (Windows NT 10.0; Win64; x64) AppleWebKit/537.36 (KHTML, like Gecko) Chrome/66.0.3359.181 Safari/537.36"
66.249.65.131 - - [06/Jun/2018:09:05:39 +0200] "GET /exportdokumente/drittlandexporte HTTP/1.1" 200 7414 "-" "Mozilla/5.0 (Linux; Android 6.0.1; Nexus 5X Build/MMB29P) AppleWebKit/537.36 (KHTML, like Gecko) Chrome/41.0.2272.96 Mobile Safari/537.36 (compatible; Googlebot/2.1; +http://www.google.com/bot.html)"
157.55.39.203 - - [06/Jun/2018:09:15:10 +0200] "GET /img/geb%20(2).JPG HTTP/1.1" 200 2207352 "-" "Mozilla/5.0 (compatible; bingbot/2.0; +http://www.bing.com/bingbot.htm)"
141.8.141.131 - - [06/Jun/2018:09:17:25 +0200] "GET /downloads HTTP/1.1" 200 5200 "-" "Mozilla/5.0 (compatible; YandexBot/3.0; +http://yandex.com/bots)"
66.249.65.135 - - [06/Jun/2018:09:17:59 +0200] "GET /geschaeftskunden/sondertransporte HTTP/1.1" 200 4998 "-" "Mozilla/5.0 (Linux; Android 6.0.1; Nexus 5X Build/MMB29P) AppleWebKit/537.36 (KHTML, like Gecko) Chrome/41.0.2272.96 Mobile Safari/537.36 (compatible; Googlebot/2.1; +http://www.google.com/bot.html)"
66.249.81.104 - - [06/Jun/2018:09:21:28 +0200] "GET /img/Multiwheels.jpg HTTP/1.1" 200 394656 "http://modnite.info/lkw-wartungsprotokollvorlage" "Mozilla/5.0 (Linux; Android 7.0; BLN-L21 Build/HONORBLN-L21) AppleWebKit/537.36 (KHTML, like Gecko) Chrome/66.0.3359.158 Mobile Safari/537.36"
141.8.141.131 - - [06/Jun/2018:09:25:24 +0200] "GET /kontakt HTTP/1.1" 200 1836 "-" "Mozilla/5.0 (compatible; YandexBot/3.0; +http://yandex.com/bots)"
141.8.141.131 - - [06/Jun/2018:09:26:11 +0200] "GET /unternehmen/sponsoring HTTP/1.1" 200 3821 "-" "Mozilla/5.0 (compatible; YandexBot/3.0; +http://yandex.com/bots)"
