192.99.149.88 - - [01/Oct/2014:00:27:38 +0200] "GET / HTTP/1.1" 302 - "-" "Mozilla/5.0 (Windows NT 6.1; WOW64; Trident/7.0; rv:11.0) like Gecko"
87.188.37.128 - - [01/Oct/2014:00:27:42 +0200] "GET / HTTP/1.1" 302 - "http://l.facebook.com/l.php?u=http%3A%2F%2Fwww.friedrich-list-berlin.de%2F&h=xAQGaKdUR&s=1" "Opera/9.80 (Windows NT 5.1) Presto/2.12.388 Version/12.12"
192.99.149.88 - - [01/Oct/2014:02:35:08 +0200] "GET / HTTP/1.1" 302 - "-" "Mozilla/5.0 (Windows NT 6.1; WOW64; Trident/7.0; rv:11.0) like Gecko"
66.249.78.11 - - [01/Oct/2014:04:15:44 +0200] "GET /robots.txt HTTP/1.1" 404 1256 "-" "Mozilla/5.0 (compatible; Googlebot/2.1; +http://www.google.com/bot.html)"
66.249.78.18 - - [01/Oct/2014:04:15:44 +0200] "GET /include.php?path=contentarchive&type=1&catid=1&letter=B&entries=0&searchtext=&order=titled&nid=13 HTTP/1.1" 404 1256 "-" "Mozilla/5.0 (compatible; Googlebot/2.1; +http://www.google.com/bot.html)"
66.249.78.18 - - [01/Oct/2014:04:16:28 +0200] "GET /include.php?path=contentarchive&type=4&letter=U&catid=0&themeid=0&searchtext=&entries=0&order=dated&nid=13 HTTP/1.1" 404 1256 "-" "Mozilla/5.0 (compatible; Googlebot/2.1; +http://www.google.com/bot.html)"
66.249.78.25 - - [01/Oct/2014:04:44:12 +0200] "GET /include.php?path=contentarchive&type=1&catid=1&letter=Q&entries=0&searchtext=&order=titled&nid=13 HTTP/1.1" 404 1256 "-" "Mozilla/5.0 (compatible; Googlebot/2.1; +http://www.google.com/bot.html)"
192.99.149.88 - - [01/Oct/2014:04:58:53 +0200] "GET / HTTP/1.1" 302 - "-" "Mozilla/5.0 (Windows NT 6.1; WOW64; Trident/7.0; rv:11.0) like Gecko"
66.249.78.25 - - [01/Oct/2014:05:26:15 +0200] "GET /include.php?path=contentarchive&type=1&letter=O&catid=1&themeid=0&searchtext=&entries=0&order=title HTTP/1.1" 404 1256 "-" "Mozilla/5.0 (compatible; Googlebot/2.1; +http://www.google.com/bot.html)"
192.99.39.79 - - [01/Oct/2014:06:51:36 +0200] "GET /robots.txt HTTP/1.1" 404 1256 "-" "Mozilla/5.0 (compatible; meanpathbot/1.0; +http://www.meanpath.com/meanpathbot.html)"
192.99.39.79 - - [01/Oct/2014:06:51:37 +0200] "GET / HTTP/1.1" 302 - "-" "Mozilla/5.0 (compatible; meanpathbot/1.0; +http://www.meanpath.com/meanpathbot.html)"
192.99.149.88 - - [01/Oct/2014:07:28:00 +0200] "GET / HTTP/1.1" 302 - "-" "Mozilla/5.0 (Windows NT 6.1; WOW64; Trident/7.0; rv:11.0) like Gecko"
66.249.78.18 - - [01/Oct/2014:08:40:34 +0200] "GET /content/download/Info%20CAREforVET+.pdf HTTP/1.1" 404 1256 "-" "Mozilla/5.0 (compatible; Googlebot/2.1; +http://www.google.com/bot.html)"
209.249.5.247 - - [01/Oct/2014:08:49:35 +0200] "GET /robots.txt HTTP/1.1" 404 1256 "-" "rogerbot/1.0 (http://moz.com/help/pro/what-is-rogerbot-, rogerbot-wherecat@moz.com)"
209.249.5.247 - - [01/Oct/2014:08:49:35 +0200] "GET / HTTP/1.1" 302 - "-" "rogerbot/1.0 (http://moz.com/help/pro/what-is-rogerbot-, rogerbot-wherecat@moz.com)"
66.249.78.11 - - [01/Oct/2014:09:24:38 +0200] "GET /?path=content&contentid=66 HTTP/1.1" 302 - "-" "Mozilla/5.0 (compatible; Googlebot/2.1; +http://www.google.com/bot.html)"
148.251.234.168 - - [01/Oct/2014:09:49:30 +0200] "GET /robots.txt HTTP/1.1" 404 1256 "-" "Mozilla/5.0 (X11; U; Linux x86_64; de-DE; rv:32.0) Gecko/20100101 Firefox/32.0"
148.251.234.168 - - [01/Oct/2014:09:49:30 +0200] "GET / HTTP/1.1" 302 - "-" "Mozilla/5.0 (X11; U; Linux x86_64; de-DE; rv:32.0) Gecko/20100101 Firefox/32.0"
192.99.149.88 - - [01/Oct/2014:10:01:54 +0200] "GET / HTTP/1.1" 302 - "-" "Mozilla/5.0 (Windows NT 6.1; WOW64; Trident/7.0; rv:11.0) like Gecko"
66.249.78.11 - - [01/Oct/2014:11:08:43 +0200] "GET /include.php?path=contentarchive&type=4&letter=Q&catid=0&themeid=0&searchtext=&entries=0&order=dated&nid=19 HTTP/1.1" 404 1256 "-" "Mozilla/5.0 (compatible; Googlebot/2.1; +http://www.google.com/bot.html)"
66.249.78.18 - - [01/Oct/2014:11:21:42 +0200] "GET /include.php?path=contentarchive&type=1&letter=D&catid=1&themeid=0&searchtext=&entries=0&order=title&nid=4 HTTP/1.1" 404 1256 "-" "Mozilla/5.0 (compatible; Googlebot/2.1; +http://www.google.com/bot.html)"
188.103.114.43 - - [01/Oct/2014:11:30:22 +0200] "GET / HTTP/1.1" 302 - "http://www.berlin.de/sen/bildung/schulverzeichnis_und_portraets/anwendung/Schulportrait.aspx?IDSchulzweig=13066" "Mozilla/5.0 (Windows NT 6.1; WOW64) AppleWebKit/537.36 (KHTML, like Gecko) Chrome/37.0.2062.122 Safari/537.36 OPR/24.0.1558.64"
66.249.78.11 - - [01/Oct/2014:11:43:40 +0200] "GET /include.php?path=contentarchive&type=1&letter=L&catid=1&themeid=0&searchtext=&entries=0&order=&nid=19 HTTP/1.1" 404 1256 "-" "Mozilla/5.0 (compatible; Googlebot/2.1; +http://www.google.com/bot.html)"
199.58.86.211 - - [01/Oct/2014:12:34:21 +0200] "GET /robots.txt HTTP/1.0" 404 1256 "-" "Mozilla/5.0 (compatible; MJ12bot/v1.4.5; http://www.majestic12.co.uk/bot.php?+)"
199.58.86.211 - - [01/Oct/2014:12:34:22 +0200] "GET / HTTP/1.0" 302 - "-" "Mozilla/5.0 (compatible; MJ12bot/v1.4.5; http://www.majestic12.co.uk/bot.php?+)"
84.135.116.102 - - [01/Oct/2014:12:35:50 +0200] "GET / HTTP/1.0" 302 - "http://www.google.de/url?sa=t&rct=j&q=&esrc=s&source=web&cd=1&ved=0CCEQFjAA&url=http%3A%2F%2Fwww.friedrich-list-berlin.de%2F&ei=5NgrVNrZD8XOygPap4DIAQ&usg=AFQjCNGsKs3TvBQ4z91zrYvo9_SfKi5nug&bvm=bv.76477589,d.bGQ" "Mozilla/5.0 (Windows NT 5.1; rv:24.0) Gecko/20100101 Firefox/24.0"
66.249.64.71 - - [01/Oct/2014:15:53:23 +0200] "GET /include.php?path=contentarchive&type=1&catid=1&letter=0-9&entries=0&searchtext=&order=title&nid=13 HTTP/1.1" 404 1256 "-" "Mozilla/5.0 (compatible; Googlebot/2.1; +http://www.google.com/bot.html)"
93.209.89.108 - - [01/Oct/2014:16:11:20 +0200] "GET / HTTP/1.1" 302 - "http://www.berlin.de/sen/bildung/schulverzeichnis_und_portraets/anwendung/Schulportrait.aspx?IDSchulzweig=13065" "Mozilla/5.0 (Macintosh; Intel Mac OS X 10_9_5) AppleWebKit/537.36 (KHTML, like Gecko) Chrome/37.0.2062.124 Safari/537.36"
192.99.39.79 - - [01/Oct/2014:16:13:03 +0200] "GET /robots.txt HTTP/1.1" 404 1256 "-" "Mozilla/5.0 (compatible; meanpathbot/1.0; +http://www.meanpath.com/meanpathbot.html)"
192.99.39.79 - - [01/Oct/2014:16:13:03 +0200] "GET / HTTP/1.1" 302 - "-" "Mozilla/5.0 (compatible; meanpathbot/1.0; +http://www.meanpath.com/meanpathbot.html)"
66.249.78.18 - - [01/Oct/2014:20:12:26 +0200] "GET /robots.txt HTTP/1.1" 404 1256 "-" "Mozilla/5.0 (compatible; Googlebot/2.1; +http://www.google.com/bot.html)"
66.249.78.25 - - [01/Oct/2014:20:12:27 +0200] "GET /include.php?path=contentarchive&type=1&letter=0-9&catid=1&themeid=0&searchtext=&entries=0&order=titled&nid=19 HTTP/1.1" 404 1256 "-" "Mozilla/5.0 (compatible; Googlebot/2.1; +http://www.google.com/bot.html)"
93.220.231.64 - - [01/Oct/2014:20:14:25 +0200] "GET / HTTP/1.1" 302 - "-" "Mozilla/5.0 (Windows; U; Windows NT 5.1; de; rv:1.9.0.10) Gecko/2009042316 Firefox/3.0.10 (.NET CLR 3.5.30729)"
66.249.64.71 - - [01/Oct/2014:20:33:04 +0200] "GET /include.php?path=contentarchive&type=1&letter=C&catid=1&themeid=0&searchtext=&entries=0&order=&nid=32 HTTP/1.1" 404 1256 "-" "Mozilla/5.0 (compatible; Googlebot/2.1; +http://www.google.com/bot.html)"
141.8.147.12 - - [01/Oct/2014:21:49:33 +0200] "GET /robots.txt HTTP/1.1" 404 1256 "-" "Mozilla/5.0 (compatible; YandexBot/3.0; +http://yandex.com/bots)"
141.8.147.12 - - [01/Oct/2014:21:49:35 +0200] "GET / HTTP/1.1" 302 - "-" "Mozilla/5.0 (compatible; YandexBot/3.0; +http://yandex.com/bots)"
5.9.112.68 - - [01/Oct/2014:23:09:05 +0200] "GET /robots.txt HTTP/1.1" 404 1256 "-" "Mozilla/5.0 (compatible; SISTRIX Crawler; http://crawler.sistrix.net/)"
5.9.112.68 - - [01/Oct/2014:23:09:06 +0200] "GET / HTTP/1.1" 302 - "-" "Mozilla/5.0 (compatible; SISTRIX Crawler; http://crawler.sistrix.net/)"
37.58.100.229 - - [02/Oct/2014:02:51:45 +0200] "GET /robots.txt HTTP/1.1" 404 1256 "-" "Mozilla/5.0 (compatible; AhrefsBot/5.0; +http://ahrefs.com/robot/)"
46.4.53.21 - - [02/Oct/2014:05:43:29 +0200] "GET / HTTP/1.1" 302 - "-" "-"
178.255.215.68 - - [02/Oct/2014:05:54:58 +0200] "GET /robots.txt HTTP/1.1" 404 1256 "-" "Mozilla/5.0 (compatible; Exabot/3.0; +http://www.exabot.com/go/robot)"
178.255.215.68 - - [02/Oct/2014:05:54:58 +0200] "GET / HTTP/1.1" 302 - "-" "Mozilla/5.0 (compatible; Exabot/3.0; +http://www.exabot.com/go/robot)"
62.212.73.211 - - [02/Oct/2014:09:57:22 +0200] "GET /robots.txt HTTP/1.0" 404 1256 "-" "Mozilla/5.0 (compatible; MJ12bot/v1.4.5; http://www.majestic12.co.uk/bot.php?+)"
62.212.73.211 - - [02/Oct/2014:09:57:24 +0200] "GET / HTTP/1.0" 302 - "-" "Mozilla/5.0 (compatible; MJ12bot/v1.4.5; http://www.majestic12.co.uk/bot.php?+)"
192.99.39.69 - - [02/Oct/2014:11:35:07 +0200] "GET /robots.txt HTTP/1.1" 404 1256 "-" "Mozilla/5.0 (compatible; meanpathbot/1.0; +http://www.meanpath.com/meanpathbot.html)"
192.99.39.69 - - [02/Oct/2014:11:35:07 +0200] "GET / HTTP/1.1" 302 - "-" "Mozilla/5.0 (compatible; meanpathbot/1.0; +http://www.meanpath.com/meanpathbot.html)"
64.74.215.113 - - [02/Oct/2014:12:57:10 +0200] "HEAD / HTTP/1.1" 302 - "-" "'Mozilla/5.0 (compatible; MSIE 9.0; Windows NT 6.1; Trident/5.0)'"
88.73.55.155 - - [02/Oct/2014:15:55:05 +0200] "GET / HTTP/1.1" 302 - "http://www.google.de/" "Mozilla/5.0 (Linux; U; Android 4.3; de-de; SAMSUNG GT-I9300/I9300XXUGNA5 Build/JSS15J) AppleWebKit/534.30 (KHTML, like Gecko) Version/4.0 Mobile Safari/534.30"
77.12.223.91 - - [02/Oct/2014:17:15:24 +0200] "GET / HTTP/1.1" 302 - "http://l.facebook.com/l.php?u=http%3A%2F%2Fwww.friedrich-list-berlin.de%2F&h=8AQE5hCyE&s=1" "Mozilla/5.0 (Macintosh; Intel Mac OS X 10_6_8) AppleWebKit/534.58.2 (KHTML, like Gecko) Version/5.0.5 Safari/533.21.1"
173.252.74.113 - - [02/Oct/2014:17:15:25 +0200] "GET / HTTP/1.1" 302 - "-" "facebookexternalhit/1.1 (+http://www.facebook.com/externalhit_uatext.php)"
192.99.107.136 - - [02/Oct/2014:18:31:03 +0200] "GET /robots.txt HTTP/1.1" 404 1256 "-" "Mozilla/5.0 (compatible; meanpathbot/1.0; +http://www.meanpath.com/meanpathbot.html)"
192.99.107.136 - - [02/Oct/2014:18:31:03 +0200] "GET / HTTP/1.1" 302 - "-" "Mozilla/5.0 (compatible; meanpathbot/1.0; +http://www.meanpath.com/meanpathbot.html)"
66.249.64.63 - - [02/Oct/2014:22:44:50 +0200] "GET /robots.txt HTTP/1.1" 404 1256 "-" "Mozilla/5.0 (compatible; Googlebot/2.1; +http://www.google.com/bot.html)"
66.249.78.25 - - [02/Oct/2014:22:44:51 +0200] "GET /content/images/FLS-International%20mit%20Sternchen.JPG HTTP/1.1" 404 1256 "-" "Googlebot-Image/1.0"
37.120.17.91 - - [02/Oct/2014:23:18:43 +0200] "GET / HTTP/1.1" 302 - "http://web2.cylex.de/reviews/viewcompanywebsite.aspx?firmaName=osz-wirtschaftssprachen-friedrich--list--schule-kompetenzzentrum-fuer-internationale-beziehungen&companyId=6274919" "Mozilla/5.0 (Windows NT 6.1; WOW64) AppleWebKit/537.36 (KHTML, like Gecko) Chrome/31.0.1650.63 Safari/537.36"
193.175.194.33 - - [03/Oct/2014:02:23:23 +0200] "GET / HTTP/1.1" 302 - "-" "Bildungsserver-Linkchecker DBS 0.9 (http://www.bildungsserver.de)"
93.186.202.253 - - [03/Oct/2014:05:47:49 +0200] "GET /include.php?path=comment&comcat=cont&subid=79 HTTP/1.1" 404 1256 "-" "Mozilla/5.0 (Windows NT 6.1; WOW64) AppleWebKit/537.31 (KHTML, like Gecko) Chrome/26.0.1410.64 Safari/537.31"
141.8.147.12 - - [03/Oct/2014:07:33:53 +0200] "GET /robots.txt HTTP/1.1" 404 1256 "-" "Mozilla/5.0 (compatible; YandexBot/3.0; +http://yandex.com/bots)"
141.8.147.12 - - [03/Oct/2014:07:33:55 +0200] "GET /fls_2_fremdsprachensekr.php HTTP/1.1" 404 1256 "-" "Mozilla/5.0 (compatible; YandexBot/3.0; +http://yandex.com/bots)"
141.8.147.12 - - [03/Oct/2014:07:33:57 +0200] "GET /fls_4_kontakt_anmeldung.php HTTP/1.1" 404 1256 "-" "Mozilla/5.0 (compatible; YandexBot/3.0; +http://yandex.com/bots)"
141.8.147.12 - - [03/Oct/2014:07:33:59 +0200] "GET /fls_1_aktuelles.php HTTP/1.1" 404 1256 "-" "Mozilla/5.0 (compatible; YandexBot/3.0; +http://yandex.com/bots)"
141.8.147.12 - - [03/Oct/2014:07:34:01 +0200] "GET /fls_2_berufsfachschule.php HTTP/1.1" 404 1256 "-" "Mozilla/5.0 (compatible; YandexBot/3.0; +http://yandex.com/bots)"
141.8.147.12 - - [03/Oct/2014:07:34:03 +0200] "GET /fls_2_kurs_ecbm_london.php HTTP/1.1" 404 1256 "-" "Mozilla/5.0 (compatible; YandexBot/3.0; +http://yandex.com/bots)"
141.8.147.12 - - [03/Oct/2014:07:34:05 +0200] "GET /index_fr.php HTTP/1.1" 404 1256 "-" "Mozilla/5.0 (compatible; YandexBot/3.0; +http://yandex.com/bots)"
141.8.147.12 - - [03/Oct/2014:07:34:07 +0200] "GET /fls_4_impressum.php HTTP/1.1" 404 1256 "-" "Mozilla/5.0 (compatible; YandexBot/3.0; +http://yandex.com/bots)"
141.8.147.12 - - [03/Oct/2014:07:34:09 +0200] "GET /fls_2_europakorr.php HTTP/1.1" 404 1256 "-" "Mozilla/5.0 (compatible; YandexBot/3.0; +http://yandex.com/bots)"
141.8.147.12 - - [03/Oct/2014:07:34:11 +0200] "GET /index_sp.php HTTP/1.1" 404 1256 "-" "Mozilla/5.0 (compatible; YandexBot/3.0; +http://yandex.com/bots)"
141.8.147.12 - - [03/Oct/2014:07:34:13 +0200] "GET /fls_2_fremdsprachenkorr.php HTTP/1.1" 404 1256 "-" "Mozilla/5.0 (compatible; YandexBot/3.0; +http://yandex.com/bots)"
141.8.147.12 - - [03/Oct/2014:07:34:15 +0200] "GET /index_en.php HTTP/1.1" 404 1256 "-" "Mozilla/5.0 (compatible; YandexBot/3.0; +http://yandex.com/bots)"
141.8.147.12 - - [03/Oct/2014:07:34:17 +0200] "GET /fls_1_aktuelles.php?artid=49 HTTP/1.1" 404 1256 "-" "Mozilla/5.0 (compatible; YandexBot/3.0; +http://yandex.com/bots)"
81.27.214.2 - - [03/Oct/2014:08:43:27 +0200] "GET / HTTP/1.1" 302 - "http://attp.euproject.org/services/Projects/project.cfm?ProjectID=247&GroupDesktop=0&from=not&Tab=Partners" "Mozilla/5.0 (Windows NT 6.1) AppleWebKit/537.36 (KHTML, like Gecko) Chrome/37.0.2062.124 Safari/537.36"
178.255.215.68 - - [03/Oct/2014:11:36:32 +0200] "GET /robots.txt HTTP/1.1" 404 1256 "-" "Mozilla/5.0 (compatible; Exabot/3.0; +http://www.exabot.com/go/robot)"
178.255.215.68 - - [03/Oct/2014:11:36:32 +0200] "GET / HTTP/1.1" 302 - "-" "Mozilla/5.0 (compatible; Exabot/3.0; +http://www.exabot.com/go/robot)"
66.249.78.77 - - [03/Oct/2014:12:17:35 +0200] "GET /robots.txt HTTP/1.1" 404 1256 "-" "Mozilla/5.0 (compatible; Googlebot/2.1; +http://www.google.com/bot.html)"
66.249.78.77 - - [03/Oct/2014:12:17:35 +0200] "GET / HTTP/1.1" 302 - "-" "Mozilla/5.0 (compatible; Googlebot/2.1; +http://www.google.com/bot.html)"
176.9.50.42 - - [03/Oct/2014:13:43:04 +0200] "GET /?path=contentarchive&type=2&letter=W&catid=0&themeid=0&searchtext=&entries=0&order=&nid=32 HTTP/1.1" 302 - "-" "Mozilla/4.0 (compatible; MSIE 6.0; Windows 98; Win 9x4.90)"
37.58.100.67 - - [03/Oct/2014:14:15:40 +0200] "GET /robots.txt HTTP/1.1" 404 1256 "-" "Mozilla/5.0 (compatible; AhrefsBot/5.0; +http://ahrefs.com/robot/)"
84.38.65.176 - - [03/Oct/2014:15:57:42 +0200] "GET / HTTP/1.1" 302 - "http://www.sumaja.de/" "T-Online Browser"
207.46.13.95 - - [03/Oct/2014:18:33:19 +0200] "GET /robots.txt HTTP/1.1" 404 1256 "-" "Mozilla/5.0 (compatible; bingbot/2.0; +http://www.bing.com/bingbot.htm)"
207.46.13.95 - - [03/Oct/2014:18:33:26 +0200] "GET /?&nid=4 HTTP/1.1" 302 - "-" "Mozilla/5.0 (compatible; bingbot/2.0; +http://www.bing.com/bingbot.htm)"
144.76.42.76 - - [03/Oct/2014:19:59:53 +0200] "GET / HTTP/1.1" 302 - "-" "Mozilla/5.0 (Macintosh; Intel Mac OS X 10_8_2) AppleWebKit/537.17 (KHTML, like Gecko) Chrome/24.0.1312.52 Safari/537.17"
144.76.42.76 - - [03/Oct/2014:19:59:53 +0200] "GET /index.php HTTP/1.1" 302 - "-" "Mozilla/5.0 (Macintosh; Intel Mac OS X 10_8_2) AppleWebKit/537.17 (KHTML, like Gecko) Chrome/24.0.1312.52 Safari/537.17"
144.76.42.76 - - [03/Oct/2014:19:59:53 +0200] "GET / HTTP/1.1" 302 - "-" "Mozilla/5.0 (Macintosh; Intel Mac OS X 10_8_2) AppleWebKit/537.17 (KHTML, like Gecko) Chrome/24.0.1312.52 Safari/537.17"
144.76.42.76 - - [03/Oct/2014:19:59:53 +0200] "GET /index.php HTTP/1.1" 302 - "-" "Mozilla/5.0 (Macintosh; Intel Mac OS X 10_8_2) AppleWebKit/537.17 (KHTML, like Gecko) Chrome/24.0.1312.52 Safari/537.17"
144.76.42.76 - - [03/Oct/2014:19:59:53 +0200] "GET /fls_4_kontakt_anmeldung.php HTTP/1.1" 404 1256 "-" "Mozilla/5.0 (Macintosh; Intel Mac OS X 10_8_2) AppleWebKit/537.17 (KHTML, like Gecko) Chrome/24.0.1312.52 Safari/537.17"
144.76.42.76 - - [03/Oct/2014:19:59:53 +0200] "GET /index_en.php HTTP/1.1" 404 1256 "-" "Mozilla/5.0 (Macintosh; Intel Mac OS X 10_8_2) AppleWebKit/537.17 (KHTML, like Gecko) Chrome/24.0.1312.52 Safari/537.17"
144.76.42.76 - - [03/Oct/2014:19:59:53 +0200] "GET /fls_1_aktuelles.php HTTP/1.1" 404 1256 "-" "Mozilla/5.0 (Macintosh; Intel Mac OS X 10_8_2) AppleWebKit/537.17 (KHTML, like Gecko) Chrome/24.0.1312.52 Safari/537.17"
144.76.42.76 - - [03/Oct/2014:19:59:53 +0200] "GET /index_sp.php HTTP/1.1" 404 1256 "-" "Mozilla/5.0 (Macintosh; Intel Mac OS X 10_8_2) AppleWebKit/537.17 (KHTML, like Gecko) Chrome/24.0.1312.52 Safari/537.17"
144.76.42.76 - - [03/Oct/2014:19:59:53 +0200] "GET /fls_2_fremdsprachensekr.php HTTP/1.1" 404 1256 "-" "Mozilla/5.0 (Macintosh; Intel Mac OS X 10_8_2) AppleWebKit/537.17 (KHTML, like Gecko) Chrome/24.0.1312.52 Safari/537.17"
144.76.42.76 - - [03/Oct/2014:19:59:54 +0200] "GET /index_fr.php HTTP/1.1" 404 1256 "-" "Mozilla/5.0 (Macintosh; Intel Mac OS X 10_8_2) AppleWebKit/537.17 (KHTML, like Gecko) Chrome/24.0.1312.52 Safari/537.17"
176.9.127.182 - - [03/Oct/2014:20:16:19 +0200] "GET /?path=contentarchive&type=2&letter=G&catid=0&themeid=0&searchtext=&entries=0&order=&nid=32 HTTP/1.1" 302 - "-" "Mozilla/4.0 (compatible; MSIE 6.0; Windows 98; Win 9x4.90)"
74.52.245.146 - - [03/Oct/2014:20:17:17 +0200] "GET / HTTP/1.0" 302 - "-" "Mozilla/5.0 (X11; U; Linux i686; en-US; rv:1.7.5) Gecko/20041107 Firefox/1.0"
84.191.25.114 - - [03/Oct/2014:21:44:53 +0200] "GET / HTTP/1.1" 302 - "http://regional.abi.de/details.jsp?roid=159&oid=100400200&tid=1&eid=3027" "Mozilla/5.0 (Windows NT 6.1; rv:32.0) Gecko/20100101 Firefox/32.0"
176.9.50.43 - - [04/Oct/2014:01:38:33 +0200] "GET /include.php?path=contentarchive&type=2&catid=0&letter=&entries=0&searchtext=&order=titled&nid=32 HTTP/1.1" 404 1256 "-" "Mozilla/4.0 (compatible; MSIE 6.0; Windows 98; Win 9x4.90)"
141.8.147.12 - - [04/Oct/2014:02:05:22 +0200] "GET /robots.txt HTTP/1.1" 404 1256 "-" "Mozilla/5.0 (compatible; YandexBot/3.0; +http://yandex.com/bots)"
141.8.147.12 - - [04/Oct/2014:02:05:24 +0200] "GET / HTTP/1.1" 302 - "-" "Mozilla/5.0 (compatible; YandexBot/3.0; +http://yandex.com/bots)"
208.115.111.69 - - [04/Oct/2014:02:43:24 +0200] "GET /robots.txt HTTP/1.1" 404 1256 "-" "Mozilla/5.0 (compatible; DotBot/1.1; http://www.opensiteexplorer.org/dotbot, help@moz.com)"
208.115.111.69 - - [04/Oct/2014:03:06:37 +0200] "GET / HTTP/1.1" 302 - "-" "Mozilla/5.0 (compatible; DotBot/1.1; http://www.opensiteexplorer.org/dotbot, help@moz.com)"
5.9.118.49 - - [04/Oct/2014:03:08:11 +0200] "GET / HTTP/1.1" 302 - "-" "Mozilla/5.0 (X11; U; Linux x86_64; de-DE; rv:32.0) Gecko/20100101 Firefox/32.0"
5.9.118.49 - - [04/Oct/2014:03:09:51 +0200] "GET / HTTP/1.1" 302 - "-" "Mozilla/5.0 (X11; U; Linux x86_64; de-DE; rv:32.0) Gecko/20100101 Firefox/32.0"
5.9.125.26 - - [04/Oct/2014:05:30:50 +0200] "GET /robots.txt HTTP/1.1" 404 1256 "-" "Mozilla/5.0 (compatible; SISTRIX Crawler; http://crawler.sistrix.net/)"
5.9.125.26 - - [04/Oct/2014:05:30:51 +0200] "GET / HTTP/1.1" 302 - "-" "Mozilla/5.0 (compatible; SISTRIX Crawler; http://crawler.sistrix.net/)"
46.165.197.142 - - [04/Oct/2014:07:57:34 +0200] "GET /robots.txt HTTP/1.0" 404 1256 "-" "Mozilla/5.0 (compatible; MJ12bot/v1.4.5; http://www.majestic12.co.uk/bot.php?+)"
46.165.197.142 - - [04/Oct/2014:07:57:35 +0200] "GET / HTTP/1.0" 302 - "-" "Mozilla/5.0 (compatible; MJ12bot/v1.4.5; http://www.majestic12.co.uk/bot.php?+)"
66.249.78.70 - - [04/Oct/2014:09:38:13 +0200] "GET /robots.txt HTTP/1.1" 404 1256 "-" "Mozilla/5.0 (compatible; Googlebot/2.1; +http://www.google.com/bot.html)"
148.251.234.168 - - [04/Oct/2014:10:18:54 +0200] "GET /robots.txt HTTP/1.1" 404 1256 "-" "Mozilla/5.0 (X11; U; Linux x86_64; de-DE; rv:32.0) Gecko/20100101 Firefox/32.0"
148.251.234.168 - - [04/Oct/2014:10:18:54 +0200] "GET / HTTP/1.1" 302 - "-" "Mozilla/5.0 (X11; U; Linux x86_64; de-DE; rv:32.0) Gecko/20100101 Firefox/32.0"
74.52.245.146 - - [04/Oct/2014:10:39:11 +0200] "GET / HTTP/1.0" 302 - "-" "Mozilla/5.0 (X11; U; Linux i686; en-US; rv:1.7.5) Gecko/20041107 Firefox/1.0"
79.226.49.88 - - [04/Oct/2014:18:20:56 +0200] "GET / HTTP/1.1" 302 - "-" "Mozilla/5.0 (Macintosh; Intel Mac OS X 10_7_5) AppleWebKit/534.57.7 (KHTML, like Gecko) Version/5.1.7 Safari/534.57.7"
66.249.69.131 - - [04/Oct/2014:20:46:03 +0200] "GET /robots.txt HTTP/1.1" 404 1256 "-" "Mozilla/5.0 (compatible; Googlebot/2.1; +http://www.google.com/bot.html)"
66.249.69.147 - - [04/Oct/2014:20:46:03 +0200] "GET / HTTP/1.1" 302 - "-" "Mozilla/5.0 (iPhone; CPU iPhone OS 6_0 like Mac OS X) AppleWebKit/536.26 (KHTML, like Gecko) Version/6.0 Mobile/10A5376e Safari/8536.25 (compatible; Googlebot/2.1; +http://www.google.com/bot.html)"
66.249.69.31 - - [04/Oct/2014:21:38:20 +0200] "GET /robots.txt HTTP/1.1" 404 1256 "-" "Mozilla/5.0 (compatible; Googlebot/2.1; +http://www.google.com/bot.html)"
66.249.69.47 - - [04/Oct/2014:21:38:20 +0200] "GET / HTTP/1.1" 302 - "-" "Mozilla/5.0 (iPhone; CPU iPhone OS 6_0 like Mac OS X) AppleWebKit/536.26 (KHTML, like Gecko) Version/6.0 Mobile/10A5376e Safari/8536.25 (compatible; Googlebot/2.1; +http://www.google.com/bot.html)"
188.138.41.173 - - [04/Oct/2014:23:35:15 +0200] "GET / HTTP/1.1" 302 - "-" "Mozilla/5.0 (Windows NT 6.1; rv:24.0) Gecko/20100101 Firefox/24.0"
188.138.41.173 - - [04/Oct/2014:23:35:27 +0200] "GET /robots.txt HTTP/1.1" 404 1256 "-" "Mozilla/5.0 (Windows NT 6.1; rv:24.0) Gecko/20100101 Firefox/24.0"
188.138.41.173 - - [04/Oct/2014:23:35:27 +0200] "GET / HTTP/1.1" 302 - "-" "Mozilla/5.0 (X11; U; Linux i686; de; rv:1.9.0.1; compatible; iCjobs Stellenangebote Jobs; http://www.icjobs.de) Gecko/20100401 iCjobs/3.2.3"
188.138.41.173 - - [04/Oct/2014:23:35:28 +0200] "GET / HTTP/1.1" 302 - "-" "Mozilla/5.0 (Windows NT 6.1; rv:24.0) Gecko/20100101 Firefox/24.0"
188.138.41.173 - - [04/Oct/2014:23:35:43 +0200] "GET /favicon.ico HTTP/1.1" 404 1256 "-" "Mozilla/5.0 (Windows NT 6.1; rv:24.0) Gecko/20100101 Firefox/24.0"
188.138.41.173 - - [04/Oct/2014:23:35:46 +0200] "GET / HTTP/1.1" 302 - "-" "Mozilla/5.0 (Windows NT 6.1; rv:24.0) Gecko/20100101 Firefox/24.0"
162.210.196.100 - - [05/Oct/2014:09:26:01 +0200] "GET /robots.txt HTTP/1.0" 404 1256 "-" "Mozilla/5.0 (compatible; MJ12bot/v1.4.5; http://www.majestic12.co.uk/bot.php?+)"
162.210.196.100 - - [05/Oct/2014:09:26:02 +0200] "GET / HTTP/1.0" 302 - "-" "Mozilla/5.0 (compatible; MJ12bot/v1.4.5; http://www.majestic12.co.uk/bot.php?+)"
216.145.11.94 - - [05/Oct/2014:10:05:33 +0200] "GET /robots.txt HTTP/1.0" 404 1256 "-" "Mozilla/5.0 (Windows; U; Windows NT 5.1; en; rv:1.9.0.13) Gecko/2009073022 Firefox/3.5.2 (.NET CLR 3.5.30729) SurveyBot/2.3 (DomainTools)"
216.145.11.94 - - [05/Oct/2014:10:05:33 +0200] "GET / HTTP/1.1" 302 - "http://whois.domaintools.com/fls-berlin.de" "Mozilla/5.0 (Windows; U; Windows NT 5.1; en; rv:1.9.0.13) Gecko/2009073022 Firefox/3.5.2 (.NET CLR 3.5.30729) SurveyBot/2.3 (DomainTools)"
141.8.147.12 - - [05/Oct/2014:10:09:29 +0200] "GET /robots.txt HTTP/1.1" 404 1256 "-" "Mozilla/5.0 (compatible; YandexBot/3.0; +http://yandex.com/bots)"
141.8.147.12 - - [05/Oct/2014:10:09:31 +0200] "GET / HTTP/1.1" 302 - "-" "Mozilla/5.0 (compatible; YandexBot/3.0; +http://yandex.com/bots)"
178.255.215.98 - - [05/Oct/2014:10:36:14 +0200] "GET / HTTP/1.1" 302 - "-" "Mozilla/5.0 (compatible; Konqueror/3.5; Linux) KHTML/3.5.5 (like Gecko) (Exabot-Thumbnails)"
208.115.111.69 - - [05/Oct/2014:10:42:09 +0200] "GET /robots.txt HTTP/1.1" 404 1256 "-" "Mozilla/5.0 (compatible; DotBot/1.1; http://www.opensiteexplorer.org/dotbot, help@moz.com)"
64.246.178.34 - - [05/Oct/2014:12:21:52 +0200] "GET /robots.txt HTTP/1.0" 404 1256 "-" "Mozilla/5.0 (Windows; U; Windows NT 5.1; en; rv:1.9.0.13) Gecko/2009073022 Firefox/3.5.2 (.NET CLR 3.5.30729) SurveyBot/2.3 (DomainTools)"
64.246.178.34 - - [05/Oct/2014:12:21:52 +0200] "GET / HTTP/1.1" 302 - "http://whois.domaintools.com/friedrich-list-berlin.de" "Mozilla/5.0 (Windows; U; Windows NT 5.1; en; rv:1.9.0.13) Gecko/2009073022 Firefox/3.5.2 (.NET CLR 3.5.30729) SurveyBot/2.3 (DomainTools)"
208.115.111.69 - - [05/Oct/2014:12:21:56 +0200] "GET /include.php?path=contentarchive&type=3&catid=0&letter=C&entries=0&searchtext=&order=date HTTP/1.1" 404 1256 "-" "Mozilla/5.0 (compatible; DotBot/1.1; http://www.opensiteexplorer.org/dotbot, help@moz.com)"
208.115.111.69 - - [05/Oct/2014:14:46:08 +0200] "GET /robots.txt HTTP/1.1" 404 1256 "-" "Mozilla/5.0 (compatible; DotBot/1.1; http://www.opensiteexplorer.org/dotbot, help@moz.com)"
87.160.176.234 - - [05/Oct/2014:16:24:11 +0200] "GET / HTTP/1.1" 302 - "http://www.friedrich-list-berlin.eu/fls_1_gaestebuch.php" "Mozilla/5.0 (Windows NT 6.1; rv:32.0) Gecko/20100101 Firefox/32.0"
208.115.111.69 - - [05/Oct/2014:16:29:27 +0200] "GET /include.php?path=contentarchive&type=2&catid=0&letter=W&entries=0&searchtext=&order=title HTTP/1.1" 404 1256 "-" "Mozilla/5.0 (compatible; DotBot/1.1; http://www.opensiteexplorer.org/dotbot, help@moz.com)"
176.9.50.43 - - [06/Oct/2014:06:00:40 +0200] "GET /?path=contentarchive&type=2&letter=K&catid=0&themeid=0&searchtext=&entries=0&order= HTTP/1.1" 302 - "-" "Mozilla/4.0 (compatible; MSIE 6.0; Windows 98; Win 9x4.90)"
192.99.9.164 - - [06/Oct/2014:06:30:55 +0200] "GET / HTTP/1.1" 302 - "-" "Mozilla/5.0 (Macintosh; Intel Mac OS X 10_8_4) AppleWebKit/537.36 (KHTML, like Gecko) Chrome/27.0.1453.110 Safari/537.36"
78.52.102.140 - - [06/Oct/2014:09:50:10 +0200] "GET / HTTP/1.1" 302 - "-" "Mozilla/5.0 (Windows NT 5.1; rv:32.0) Gecko/20100101 Firefox/32.0"
37.5.40.158 - - [06/Oct/2014:11:01:33 +0200] "GET / HTTP/1.1" 302 - "-" "Mozilla/5.0 (Windows NT 6.1; rv:32.0) Gecko/20100101 Firefox/32.0"
89.204.137.157 - - [06/Oct/2014:12:40:36 +0200] "GET / HTTP/1.1" 302 - "http://www.berlin.de/sen/bildung/schulverzeichnis_und_portraets/anwendung/Schulportrait.aspx?IDSchulzweig=13067" "Mozilla/5.0 (Windows NT 6.1; WOW64; rv:32.0) Gecko/20100101 Firefox/32.0"
37.5.40.158 - - [06/Oct/2014:13:46:18 +0200] "GET / HTTP/1.1" 302 - "-" "Mozilla/5.0 (Windows NT 6.1; rv:32.0) Gecko/20100101 Firefox/32.0"
141.8.147.12 - - [06/Oct/2014:13:57:13 +0200] "GET /robots.txt HTTP/1.1" 404 1256 "-" "Mozilla/5.0 (compatible; YandexBot/3.0; +http://yandex.com/bots)"
141.8.147.12 - - [06/Oct/2014:13:57:15 +0200] "GET / HTTP/1.1" 302 - "-" "Mozilla/5.0 (compatible; YandexBot/3.0; +http://yandex.com/bots)"
92.206.43.183 - - [06/Oct/2014:18:11:14 +0200] "GET / HTTP/1.1" 302 - "http://maps.google.de/local_url?dq=sprachschulen+berlin+sch%C3%B6neberg&q=http://www.friedrich-list-berlin.de/&oi=miw&sa=X&ct=miw_link&cd=1&cad=homepage,cid:15796106503487596536&ei=Vr4yVMTkOsa68QON-oH4CQ&s=ANYYN7nhjR8OY_D6pim-FuJAg030Rkutgg" "Mozilla/5.0 (masking-agent; rv:14.0) Gecko/20100101 Firefox/14.0.1"
157.55.39.75 - - [06/Oct/2014:18:18:05 +0200] "GET /robots.txt HTTP/1.1" 404 1256 "-" "Mozilla/5.0 (compatible; bingbot/2.0; +http://www.bing.com/bingbot.htm)"
87.139.234.89 - - [06/Oct/2014:21:35:57 +0200] "GET / HTTP/1.1" 302 - "https://www.google.co.il/" "Mozilla/5.0 (Windows NT 6.3; WOW64) AppleWebKit/537.36 (KHTML, like Gecko) Chrome/37.0.2062.124 Safari/537.36"
87.139.234.89 - - [06/Oct/2014:21:36:10 +0200] "GET / HTTP/1.1" 302 - "https://www.google.co.il/" "Mozilla/5.0 (Windows NT 6.3; WOW64) AppleWebKit/537.36 (KHTML, like Gecko) Chrome/37.0.2062.124 Safari/537.36"
91.32.122.166 - - [06/Oct/2014:21:46:58 +0200] "GET / HTTP/1.1" 302 - "https://www.facebook.com/" "Mozilla/5.0 (Macintosh; Intel Mac OS X 10_9_5) AppleWebKit/600.1.17 (KHTML, like Gecko) Version/7.1 Safari/537.85.10"
83.60.245.42 - - [06/Oct/2014:21:56:01 +0200] "GET / HTTP/1.1" 302 - "-" "Java/1.7.0_45"
83.60.245.42 - - [06/Oct/2014:21:56:04 +0200] "GET /fls_1_aktuelles.php HTTP/1.1" 404 1256 "-" "Java/1.7.0_45"
83.60.245.42 - - [06/Oct/2014:21:56:04 +0200] "GET /fls_2_fremdsprachensekr.php HTTP/1.1" 404 1256 "-" "Java/1.7.0_45"
83.60.245.42 - - [06/Oct/2014:21:56:05 +0200] "GET /fls_3_blog.php HTTP/1.1" 404 1256 "-" "Java/1.7.0_45"
83.60.245.42 - - [06/Oct/2014:21:56:05 +0200] "GET /fls_4_faq.php HTTP/1.1" 404 1256 "-" "Java/1.7.0_45"
83.60.245.42 - - [06/Oct/2014:21:56:06 +0200] "GET /fls_4_impressum.php HTTP/1.1" 404 1256 "-" "Java/1.7.0_45"
83.60.245.42 - - [06/Oct/2014:21:56:06 +0200] "GET /fls_4_kontakt_anmeldung.php HTTP/1.1" 404 1256 "-" "Java/1.7.0_45"
83.60.245.42 - - [06/Oct/2014:21:56:07 +0200] "GET /index.php HTTP/1.1" 302 - "-" "Java/1.7.0_45"
83.60.245.42 - - [06/Oct/2014:21:56:09 +0200] "GET /index_en.php HTTP/1.1" 404 1256 "-" "Java/1.7.0_45"
83.60.245.42 - - [06/Oct/2014:21:56:10 +0200] "GET /index_fr.php HTTP/1.1" 404 1256 "-" "Java/1.7.0_45"
83.60.245.42 - - [06/Oct/2014:21:56:10 +0200] "GET /index_sp.php HTTP/1.1" 404 1256 "-" "Java/1.7.0_45"
46.29.20.219 - - [06/Oct/2014:22:47:08 +0200] "HEAD / HTTP/1.1" 302 - "-" "Mozilla/4.0 (compatible; MSIE 5.01; Windows NT 5.0)"
5.135.199.7 - - [06/Oct/2014:23:02:04 +0200] "GET / HTTP/1.1" 302 - "-" "Java/1.4.1_04"
5.135.199.7 - - [06/Oct/2014:23:02:10 +0200] "GET /fls_1_aktuelles.php HTTP/1.1" 404 1256 "-" "Java/1.4.1_04"
5.135.199.7 - - [06/Oct/2014:23:02:10 +0200] "GET /fls_2_fremdsprachensekr.php HTTP/1.1" 404 1256 "-" "Java/1.4.1_04"
5.135.199.7 - - [06/Oct/2014:23:02:22 +0200] "GET /fls_3_blog.php HTTP/1.1" 404 1256 "-" "Java/1.4.1_04"
5.135.199.7 - - [06/Oct/2014:23:02:28 +0200] "GET /fls_4_faq.php HTTP/1.1" 404 1256 "-" "Java/1.4.1_04"
5.135.199.7 - - [06/Oct/2014:23:02:29 +0200] "GET /fls_4_impressum.php HTTP/1.1" 404 1256 "-" "Java/1.4.1_04"
5.135.199.7 - - [06/Oct/2014:23:02:29 +0200] "GET /fls_4_kontakt_anmeldung.php HTTP/1.1" 404 1256 "-" "Java/1.4.1_04"
5.135.199.7 - - [06/Oct/2014:23:02:29 +0200] "GET /index.php HTTP/1.1" 302 - "-" "Java/1.4.1_04"
5.135.199.7 - - [06/Oct/2014:23:02:29 +0200] "GET /index_en.php HTTP/1.1" 404 1256 "-" "Java/1.4.1_04"
5.135.199.7 - - [06/Oct/2014:23:02:29 +0200] "GET /index_fr.php HTTP/1.1" 404 1256 "-" "Java/1.4.1_04"
5.135.199.7 - - [06/Oct/2014:23:02:30 +0200] "GET /index_sp.php HTTP/1.1" 404 1256 "-" "Java/1.4.1_04"
5.135.199.7 - - [06/Oct/2014:23:02:40 +0200] "GET /& HTTP/1.1" 404 1256 "-" "Java/1.4.1_04"
5.135.199.7 - - [06/Oct/2014:23:02:49 +0200] "GET /& HTTP/1.1" 404 1256 "-" "Java/1.4.1_04"
5.135.199.7 - - [06/Oct/2014:23:02:49 +0200] "GET /& HTTP/1.1" 404 1256 "-" "Java/1.4.1_04"
5.135.199.7 - - [06/Oct/2014:23:02:50 +0200] "GET /& HTTP/1.1" 404 1256 "-" "Java/1.4.1_04"
5.135.199.7 - - [06/Oct/2014:23:02:51 +0200] "GET /& HTTP/1.1" 404 1256 "-" "Java/1.4.1_04"
5.135.199.7 - - [06/Oct/2014:23:02:52 +0200] "GET /& HTTP/1.1" 404 1256 "-" "Java/1.4.1_04"
5.135.199.7 - - [06/Oct/2014:23:02:53 +0200] "GET /& HTTP/1.1" 404 1256 "-" "Java/1.4.1_04"
5.135.199.7 - - [06/Oct/2014:23:02:57 +0200] "GET /& HTTP/1.1" 404 1256 "-" "Java/1.4.1_04"
5.135.199.7 - - [06/Oct/2014:23:03:00 +0200] "GET /& HTTP/1.1" 404 1256 "-" "Java/1.4.1_04"
5.135.199.7 - - [06/Oct/2014:23:03:02 +0200] "GET /& HTTP/1.1" 404 1256 "-" "Java/1.4.1_04"
5.135.199.7 - - [06/Oct/2014:23:03:07 +0200] "GET /& HTTP/1.1" 404 1256 "-" "Java/1.4.1_04"
5.135.199.7 - - [06/Oct/2014:23:03:08 +0200] "GET /& HTTP/1.1" 404 1256 "-" "Java/1.4.1_04"
5.135.199.7 - - [06/Oct/2014:23:03:15 +0200] "GET /& HTTP/1.1" 404 1256 "-" "Java/1.4.1_04"
5.135.199.7 - - [06/Oct/2014:23:03:21 +0200] "GET /& HTTP/1.1" 404 1256 "-" "Java/1.4.1_04"
5.135.199.7 - - [06/Oct/2014:23:03:25 +0200] "GET /& HTTP/1.1" 404 1256 "-" "Java/1.4.1_04"
5.135.199.7 - - [06/Oct/2014:23:03:25 +0200] "GET /& HTTP/1.1" 404 1256 "-" "Java/1.4.1_04"
5.135.199.7 - - [06/Oct/2014:23:03:28 +0200] "GET /& HTTP/1.1" 404 1256 "-" "Java/1.4.1_04"
5.135.199.7 - - [06/Oct/2014:23:03:31 +0200] "GET /& HTTP/1.1" 404 1256 "-" "Java/1.4.1_04"
5.135.199.7 - - [06/Oct/2014:23:03:34 +0200] "GET /& HTTP/1.1" 404 1256 "-" "Java/1.4.1_04"
5.135.199.7 - - [06/Oct/2014:23:03:45 +0200] "GET /& HTTP/1.1" 404 1256 "-" "Java/1.4.1_04"
87.139.234.89 - - [06/Oct/2014:23:05:55 +0200] "GET / HTTP/1.1" 302 - "https://www.google.co.il/" "Mozilla/5.0 (Windows NT 6.3; WOW64) AppleWebKit/537.36 (KHTML, like Gecko) Chrome/37.0.2062.124 Safari/537.36"
79.221.69.80 - - [06/Oct/2014:23:08:07 +0200] "GET / HTTP/1.1" 302 - "-" "Mozilla/5.0 (Windows NT 6.1; WOW64; rv:32.0) Gecko/20100101 Firefox/32.0"
157.55.39.127 - - [07/Oct/2014:02:30:11 +0200] "GET /robots.txt HTTP/1.1" 404 1256 "-" "Mozilla/5.0 (compatible; bingbot/2.0; +http://www.bing.com/bingbot.htm)"
148.251.234.168 - - [07/Oct/2014:04:26:11 +0200] "GET /robots.txt HTTP/1.1" 404 1256 "-" "Mozilla/5.0 (X11; U; Linux x86_64; de-DE; rv:32.0) Gecko/20100101 Firefox/32.0"
148.251.234.168 - - [07/Oct/2014:04:26:11 +0200] "GET / HTTP/1.1" 302 - "-" "Mozilla/5.0 (X11; U; Linux x86_64; de-DE; rv:32.0) Gecko/20100101 Firefox/32.0"
208.115.111.69 - - [07/Oct/2014:06:42:14 +0200] "GET /robots.txt HTTP/1.1" 404 1256 "-" "Mozilla/5.0 (compatible; DotBot/1.1; http://www.opensiteexplorer.org/dotbot, help@moz.com)"
37.58.100.70 - - [07/Oct/2014:07:50:14 +0200] "GET /robots.txt HTTP/1.1" 404 1256 "-" "Mozilla/5.0 (compatible; AhrefsBot/5.0; +http://ahrefs.com/robot/)"
208.115.111.69 - - [07/Oct/2014:08:26:42 +0200] "GET /include.php?path=contentarchive&type=3&catid=0&letter=C&entries=0&searchtext=&order=dated HTTP/1.1" 404 1256 "-" "Mozilla/5.0 (compatible; DotBot/1.1; http://www.opensiteexplorer.org/dotbot, help@moz.com)"
37.58.100.174 - - [07/Oct/2014:08:58:12 +0200] "GET / HTTP/1.1" 302 - "-" "Mozilla/5.0 (compatible; AhrefsBot/5.0; +http://ahrefs.com/robot/)"
117.78.13.57 - - [07/Oct/2014:08:59:52 +0200] "GET /robots.txt HTTP/1.0" 404 1256 "-" "nutch-1.4/Nutch-1.4"
117.78.13.57 - - [07/Oct/2014:08:59:57 +0200] "GET / HTTP/1.0" 302 - "-" "nutch-1.4/Nutch-1.4"
192.99.9.164 - - [07/Oct/2014:10:25:07 +0200] "GET / HTTP/1.1" 302 - "-" "Mozilla/5.0 (Macintosh; Intel Mac OS X 10_8_4) AppleWebKit/537.36 (KHTML, like Gecko) Chrome/27.0.1453.110 Safari/537.36"
192.99.107.154 - - [07/Oct/2014:10:44:48 +0200] "GET /robots.txt HTTP/1.1" 404 1256 "-" "Mozilla/5.0 (compatible; meanpathbot/1.0; +http://www.meanpath.com/meanpathbot.html)"
192.99.107.154 - - [07/Oct/2014:10:44:49 +0200] "GET / HTTP/1.1" 302 - "-" "Mozilla/5.0 (compatible; meanpathbot/1.0; +http://www.meanpath.com/meanpathbot.html)"
199.192.207.146 - - [07/Oct/2014:11:58:16 +0200] "GET /robots.txt HTTP/1.0" 404 1256 "-" "Mozilla/5.0 (compatible; MJ12bot/v1.4.5; http://www.majestic12.co.uk/bot.php?+)"
199.192.207.146 - - [07/Oct/2014:11:58:17 +0200] "GET / HTTP/1.0" 302 - "-" "Mozilla/5.0 (compatible; MJ12bot/v1.4.5; http://www.majestic12.co.uk/bot.php?+)"
87.160.137.76 - - [07/Oct/2014:13:03:02 +0200] "GET / HTTP/1.1" 302 - "http://www.berlin.de/sen/bildung/schulverzeichnis_und_portraets/anwendung/Schulportrait.aspx?IDSchulzweig=13065" "Mozilla/5.0 (Windows NT 6.1; WOW64; rv:32.0) Gecko/20100101 Firefox/32.0"
87.139.234.89 - - [07/Oct/2014:17:58:01 +0200] "GET / HTTP/1.1" 302 - "https://www.google.co.il/" "Mozilla/5.0 (Windows NT 6.3; WOW64) AppleWebKit/537.36 (KHTML, like Gecko) Chrome/37.0.2062.124 Safari/537.36"
87.139.234.89 - - [07/Oct/2014:17:58:26 +0200] "GET / HTTP/1.1" 302 - "https://www.google.co.il/" "Mozilla/5.0 (Windows NT 6.3; WOW64) AppleWebKit/537.36 (KHTML, like Gecko) Chrome/37.0.2062.124 Safari/537.36"
87.139.234.89 - - [07/Oct/2014:17:58:42 +0200] "GET / HTTP/1.1" 302 - "https://www.google.co.il/" "Mozilla/5.0 (Windows NT 6.3; WOW64) AppleWebKit/537.36 (KHTML, like Gecko) Chrome/37.0.2062.124 Safari/537.36"
173.252.112.116 - - [07/Oct/2014:19:26:45 +0200] "GET /?fb_locale=de_DE HTTP/1.1" 302 - "-" "facebookexternalhit/1.1 (+http://www.facebook.com/externalhit_uatext.php)"
173.252.112.112 - - [07/Oct/2014:19:26:45 +0200] "GET / HTTP/1.1" 302 - "-" "facebookexternalhit/1.1 (+http://www.facebook.com/externalhit_uatext.php)"
79.221.69.80 - - [07/Oct/2014:20:19:38 +0200] "GET / HTTP/1.1" 302 - "-" "Mozilla/5.0 (Windows NT 6.1; WOW64; rv:32.0) Gecko/20100101 Firefox/32.0"
95.91.211.39 - - [07/Oct/2014:20:30:14 +0200] "GET / HTTP/1.1" 302 - "http://www.google.de/" "Mozilla/5.0 (Linux; U; Android 4.1.2; de-de; SAMSUNG GT-I8190/I8190XXANR6 Build/JZO54K) AppleWebKit/534.30 (KHTML, like Gecko) Version/4.0 Mobile Safari/534.30"
141.8.147.12 - - [07/Oct/2014:20:56:34 +0200] "GET /robots.txt HTTP/1.1" 404 1256 "-" "Mozilla/5.0 (compatible; YandexBot/3.0; +http://yandex.com/bots)"
141.8.147.12 - - [07/Oct/2014:20:56:36 +0200] "GET / HTTP/1.1" 302 - "-" "Mozilla/5.0 (compatible; YandexBot/3.0; +http://yandex.com/bots)"
66.249.78.63 - - [07/Oct/2014:23:58:32 +0200] "GET /robots.txt HTTP/1.1" 404 1256 "-" "Mozilla/5.0 (compatible; Googlebot/2.1; +http://www.google.com/bot.html)"
66.249.78.70 - - [07/Oct/2014:23:58:32 +0200] "GET / HTTP/1.1" 302 - "-" "Mozilla/5.0 (compatible; Googlebot/2.1; +http://www.google.com/bot.html)"
192.99.107.226 - - [08/Oct/2014:05:00:02 +0200] "GET /robots.txt HTTP/1.1" 404 1256 "-" "Mozilla/5.0 (compatible; meanpathbot/1.0; +http://www.meanpath.com/meanpathbot.html)"
192.99.107.226 - - [08/Oct/2014:05:00:02 +0200] "GET / HTTP/1.1" 302 - "-" "Mozilla/5.0 (compatible; meanpathbot/1.0; +http://www.meanpath.com/meanpathbot.html)"
62.212.73.211 - - [08/Oct/2014:09:01:14 +0200] "GET /robots.txt HTTP/1.0" 404 1256 "-" "Mozilla/5.0 (compatible; MJ12bot/v1.4.5; http://www.majestic12.co.uk/bot.php?+)"
62.212.73.211 - - [08/Oct/2014:09:01:16 +0200] "GET / HTTP/1.0" 302 - "-" "Mozilla/5.0 (compatible; MJ12bot/v1.4.5; http://www.majestic12.co.uk/bot.php?+)"
141.8.147.12 - - [08/Oct/2014:10:03:17 +0200] "GET /robots.txt HTTP/1.1" 404 1256 "-" "Mozilla/5.0 (compatible; YandexBot/3.0; +http://yandex.com/bots)"
141.8.147.12 - - [08/Oct/2014:10:03:19 +0200] "GET /fls_1_aktuelles.php?artid=49 HTTP/1.1" 404 1256 "-" "Mozilla/5.0 (compatible; YandexBot/3.0; +http://yandex.com/bots)"
141.8.147.12 - - [08/Oct/2014:10:03:21 +0200] "GET /fls_2_fremdsprachensekr.php HTTP/1.1" 404 1256 "-" "Mozilla/5.0 (compatible; YandexBot/3.0; +http://yandex.com/bots)"
141.8.147.12 - - [08/Oct/2014:10:03:23 +0200] "GET /fls_1_aktuelles.php HTTP/1.1" 404 1256 "-" "Mozilla/5.0 (compatible; YandexBot/3.0; +http://yandex.com/bots)"
141.8.147.12 - - [08/Oct/2014:10:03:25 +0200] "GET /index_en.php HTTP/1.1" 404 1256 "-" "Mozilla/5.0 (compatible; YandexBot/3.0; +http://yandex.com/bots)"
141.8.147.12 - - [08/Oct/2014:10:03:28 +0200] "GET /fls_4_kontakt_anmeldung.php HTTP/1.1" 404 1256 "-" "Mozilla/5.0 (compatible; YandexBot/3.0; +http://yandex.com/bots)"
141.8.147.12 - - [08/Oct/2014:10:03:30 +0200] "GET /fls_2_kurs_ecbm_london.php HTTP/1.1" 404 1256 "-" "Mozilla/5.0 (compatible; YandexBot/3.0; +http://yandex.com/bots)"
141.8.147.12 - - [08/Oct/2014:10:03:32 +0200] "GET /fls_2_fremdsprachenkorr.php HTTP/1.1" 404 1256 "-" "Mozilla/5.0 (compatible; YandexBot/3.0; +http://yandex.com/bots)"
141.8.147.12 - - [08/Oct/2014:10:03:34 +0200] "GET /index_sp.php HTTP/1.1" 404 1256 "-" "Mozilla/5.0 (compatible; YandexBot/3.0; +http://yandex.com/bots)"
141.8.147.12 - - [08/Oct/2014:10:03:36 +0200] "GET /fls_2_berufsfachschule.php HTTP/1.1" 404 1256 "-" "Mozilla/5.0 (compatible; YandexBot/3.0; +http://yandex.com/bots)"
141.8.147.12 - - [08/Oct/2014:10:03:38 +0200] "GET /fls_2_europakorr.php HTTP/1.1" 404 1256 "-" "Mozilla/5.0 (compatible; YandexBot/3.0; +http://yandex.com/bots)"
141.8.147.12 - - [08/Oct/2014:10:03:40 +0200] "GET /fls_4_impressum.php HTTP/1.1" 404 1256 "-" "Mozilla/5.0 (compatible; YandexBot/3.0; +http://yandex.com/bots)"
141.8.147.12 - - [08/Oct/2014:10:03:42 +0200] "GET /index_fr.php HTTP/1.1" 404 1256 "-" "Mozilla/5.0 (compatible; YandexBot/3.0; +http://yandex.com/bots)"
217.86.215.56 - - [08/Oct/2014:12:44:04 +0200] "GET / HTTP/1.1" 302 - "https://www.google.de/" "Mozilla/5.0 (Windows NT 6.1) AppleWebKit/537.36 (KHTML, like Gecko) Chrome/38.0.2125.101 Safari/537.36"
144.76.16.210 - - [08/Oct/2014:14:28:42 +0200] "GET /robots.txt HTTP/1.0" 404 1256 "-" "Mozilla/5.0 (Windows NT 6.1; WOW64) AppleWebKit/537.36 (KHTML, like Gecko) Chrome/33.0.1750.146 Safari/537.36"
144.76.16.210 - - [08/Oct/2014:14:28:42 +0200] "GET / HTTP/1.0" 302 - "-" "Mozilla/5.0 (Windows NT 6.1; WOW64) AppleWebKit/537.36 (KHTML, like Gecko) Chrome/33.0.1750.146 Safari/537.36"
104.131.216.53 - - [08/Oct/2014:17:36:52 +0200] "GET / HTTP/1.0" 302 - "-" "Mozilla/5.0 (compatible; NetcraftSurveyAgent/1.0; +info@netcraft.com)"
178.8.196.62 - - [08/Oct/2014:21:04:48 +0200] "GET / HTTP/1.1" 302 - "https://www.google.de/" "Mozilla/5.0 (iPhone; CPU iPhone OS 8_0_2 like Mac OS X) AppleWebKit/600.1.4 (KHTML, like Gecko) Version/8.0 Mobile/12A405 Safari/600.1.4"
188.138.41.173 - - [09/Oct/2014:03:17:19 +0200] "GET / HTTP/1.1" 302 - "-" "Mozilla/5.0 (Windows NT 6.1; rv:24.0) Gecko/20100101 Firefox/24.0"
188.138.41.173 - - [09/Oct/2014:03:17:33 +0200] "GET /robots.txt HTTP/1.1" 404 1256 "-" "Mozilla/5.0 (Windows NT 6.1; rv:24.0) Gecko/20100101 Firefox/24.0"
188.138.41.173 - - [09/Oct/2014:03:17:33 +0200] "GET / HTTP/1.1" 302 - "-" "Mozilla/5.0 (X11; U; Linux i686; de; rv:1.9.0.1; compatible; iCjobs Stellenangebote Jobs; http://www.icjobs.de) Gecko/20100401 iCjobs/3.2.3"
188.138.41.173 - - [09/Oct/2014:03:17:37 +0200] "GET / HTTP/1.1" 302 - "-" "Mozilla/5.0 (Windows NT 6.1; rv:24.0) Gecko/20100101 Firefox/24.0"
188.138.41.173 - - [09/Oct/2014:03:17:53 +0200] "GET /favicon.ico HTTP/1.1" 404 1256 "-" "Mozilla/5.0 (Windows NT 6.1; rv:24.0) Gecko/20100101 Firefox/24.0"
188.138.41.173 - - [09/Oct/2014:03:17:58 +0200] "GET / HTTP/1.1" 302 - "-" "Mozilla/5.0 (Windows NT 6.1; rv:24.0) Gecko/20100101 Firefox/24.0"
192.99.107.64 - - [09/Oct/2014:03:30:05 +0200] "GET /robots.txt HTTP/1.1" 404 1256 "-" "Mozilla/5.0 (compatible; meanpathbot/1.0; +http://www.meanpath.com/meanpathbot.html)"
192.99.107.64 - - [09/Oct/2014:03:30:05 +0200] "GET / HTTP/1.1" 302 - "-" "Mozilla/5.0 (compatible; meanpathbot/1.0; +http://www.meanpath.com/meanpathbot.html)"
217.86.196.40 - - [09/Oct/2014:03:53:54 +0200] "HEAD / HTTP/1.0" 302 - "-" "finbot"
207.46.13.51 - - [09/Oct/2014:04:03:52 +0200] "GET /robots.txt HTTP/1.1" 404 1256 "-" "Mozilla/5.0 (compatible; bingbot/2.0; +http://www.bing.com/bingbot.htm)"
207.46.13.51 - - [09/Oct/2014:04:05:15 +0200] "GET /?&nid=32 HTTP/1.1" 302 - "-" "Mozilla/5.0 (compatible; bingbot/2.0; +http://www.bing.com/bingbot.htm)"
141.8.147.12 - - [09/Oct/2014:04:57:58 +0200] "GET /robots.txt HTTP/1.1" 404 1256 "-" "Mozilla/5.0 (compatible; YandexBot/3.0; +http://yandex.com/bots)"
157.55.39.231 - - [09/Oct/2014:08:06:26 +0200] "GET /?&nid=19 HTTP/1.1" 302 - "-" "Mozilla/5.0 (compatible; bingbot/2.0; +http://www.bing.com/bingbot.htm)"
141.8.147.12 - - [09/Oct/2014:10:02:01 +0200] "GET / HTTP/1.1" 302 - "-" "Mozilla/5.0 (compatible; YandexBot/3.0; +http://yandex.com/bots)"
79.221.69.80 - - [09/Oct/2014:10:09:21 +0200] "GET / HTTP/1.1" 302 - "-" "Mozilla/5.0 (Windows NT 6.1; WOW64; rv:32.0) Gecko/20100101 Firefox/32.0"
208.115.111.69 - - [09/Oct/2014:10:44:19 +0200] "GET /robots.txt HTTP/1.1" 404 1256 "-" "Mozilla/5.0 (compatible; DotBot/1.1; http://www.opensiteexplorer.org/dotbot, help@moz.com)"
208.115.111.69 - - [09/Oct/2014:11:06:54 +0200] "GET / HTTP/1.1" 302 - "-" "Mozilla/5.0 (compatible; DotBot/1.1; http://www.opensiteexplorer.org/dotbot, help@moz.com)"
37.5.40.158 - - [09/Oct/2014:11:16:19 +0200] "GET / HTTP/1.1" 302 - "-" "Mozilla/5.0 (Windows NT 6.1; rv:32.0) Gecko/20100101 Firefox/32.0"
46.189.17.54 - - [09/Oct/2014:11:19:22 +0200] "HEAD / HTTP/1.1" 302 - "-" "Xenu Link Sleuth/1.3.8"
128.131.102.100 - - [09/Oct/2014:11:34:01 +0200] "GET / HTTP/1.0" 302 - "-" "Mozilla/5.0 (KeepRight OpenStreetMap Checker; http://keepright.at) Gecko/20100101 Firefox/22.0"
192.99.107.172 - - [09/Oct/2014:12:33:48 +0200] "GET /robots.txt HTTP/1.1" 404 1256 "-" "Mozilla/5.0 (compatible; meanpathbot/1.0; +http://www.meanpath.com/meanpathbot.html)"
192.99.107.172 - - [09/Oct/2014:12:33:48 +0200] "GET / HTTP/1.1" 302 - "-" "Mozilla/5.0 (compatible; meanpathbot/1.0; +http://www.meanpath.com/meanpathbot.html)"
192.99.149.88 - - [09/Oct/2014:13:03:06 +0200] "GET /robots.txt HTTP/1.1" 404 1256 "-" "Mozilla/5.0 (Windows NT 6.1; WOW64; Trident/7.0; rv:11.0) like Gecko"
192.99.149.88 - - [09/Oct/2014:13:03:06 +0200] "GET / HTTP/1.1" 302 - "-" "Mozilla/5.0 (Windows NT 6.1; WOW64; Trident/7.0; rv:11.0) like Gecko"
64.74.215.113 - - [09/Oct/2014:13:13:49 +0200] "HEAD / HTTP/1.1" 302 - "-" "'Mozilla/5.0 (compatible; MSIE 9.0; Windows NT 6.1; Trident/5.0)'"
93.220.25.186 - - [09/Oct/2014:13:27:02 +0200] "GET / HTTP/1.1" 302 - "http://www.vlw-berlin.de/web/schulen.html" "Mozilla/5.0 (Windows NT 6.1; Trident/7.0; rv:11.0) like Gecko"
54.219.119.56 - - [09/Oct/2014:14:51:52 +0200] "GET / HTTP/1.1" 302 - "-" "Mozilla/5.0 (X11; Linux x86_64) AppleWebKit/537.36 (KHTML, like Gecko) Chrome/37.0.2062.120 Safari/537.36"
37.58.100.143 - - [09/Oct/2014:16:15:39 +0200] "GET /robots.txt HTTP/1.1" 404 1256 "-" "Mozilla/5.0 (compatible; AhrefsBot/5.0; +http://ahrefs.com/robot/)"
92.110.135.182 - - [09/Oct/2014:16:24:06 +0200] "GET / HTTP/1.1" 302 - "-" "Java/1.7.0_51"
92.110.135.182 - - [09/Oct/2014:16:24:07 +0200] "GET /fls_1_aktuelles.php HTTP/1.1" 404 1256 "-" "Java/1.7.0_51"
92.110.135.182 - - [09/Oct/2014:16:24:08 +0200] "GET /fls_2_fremdsprachensekr.php HTTP/1.1" 404 1256 "-" "Java/1.7.0_51"
92.110.135.182 - - [09/Oct/2014:16:24:08 +0200] "GET /fls_3_blog.php HTTP/1.1" 404 1256 "-" "Java/1.7.0_51"
92.110.135.182 - - [09/Oct/2014:16:24:09 +0200] "GET /fls_4_faq.php HTTP/1.1" 404 1256 "-" "Java/1.7.0_51"
92.110.135.182 - - [09/Oct/2014:16:24:09 +0200] "GET /fls_4_impressum.php HTTP/1.1" 404 1256 "-" "Java/1.7.0_51"
92.110.135.182 - - [09/Oct/2014:16:24:09 +0200] "GET /fls_4_kontakt_anmeldung.php HTTP/1.1" 404 1256 "-" "Java/1.7.0_51"
92.110.135.182 - - [09/Oct/2014:16:24:10 +0200] "GET /index.php HTTP/1.1" 302 - "-" "Java/1.7.0_51"
92.110.135.182 - - [09/Oct/2014:16:24:11 +0200] "GET /index_en.php HTTP/1.1" 404 1256 "-" "Java/1.7.0_51"
92.110.135.182 - - [09/Oct/2014:16:24:11 +0200] "GET /index_fr.php HTTP/1.1" 404 1256 "-" "Java/1.7.0_51"
92.110.135.182 - - [09/Oct/2014:16:24:11 +0200] "GET /index_sp.php HTTP/1.1" 404 1256 "-" "Java/1.7.0_51"
92.110.135.182 - - [09/Oct/2014:16:24:12 +0200] "GET /& HTTP/1.1" 404 1256 "-" "Java/1.7.0_51"
92.110.135.182 - - [09/Oct/2014:16:24:12 +0200] "GET /& HTTP/1.1" 404 1256 "-" "Java/1.7.0_51"
92.110.135.182 - - [09/Oct/2014:16:24:13 +0200] "GET /& HTTP/1.1" 404 1256 "-" "Java/1.7.0_51"
92.110.135.182 - - [09/Oct/2014:16:24:13 +0200] "GET /& HTTP/1.1" 404 1256 "-" "Java/1.7.0_51"
92.110.135.182 - - [09/Oct/2014:16:24:14 +0200] "GET /& HTTP/1.1" 404 1256 "-" "Java/1.7.0_51"
92.110.135.182 - - [09/Oct/2014:16:24:14 +0200] "GET /& HTTP/1.1" 404 1256 "-" "Java/1.7.0_51"
92.110.135.182 - - [09/Oct/2014:16:24:14 +0200] "GET /& HTTP/1.1" 404 1256 "-" "Java/1.7.0_51"
92.110.135.182 - - [09/Oct/2014:16:24:15 +0200] "GET /& HTTP/1.1" 404 1256 "-" "Java/1.7.0_51"
92.110.135.182 - - [09/Oct/2014:16:24:16 +0200] "GET /& HTTP/1.1" 404 1256 "-" "Java/1.7.0_51"
92.110.135.182 - - [09/Oct/2014:16:24:16 +0200] "GET /& HTTP/1.1" 404 1256 "-" "Java/1.7.0_51"
92.110.135.182 - - [09/Oct/2014:16:24:16 +0200] "GET /& HTTP/1.1" 404 1256 "-" "Java/1.7.0_51"
92.110.135.182 - - [09/Oct/2014:16:24:17 +0200] "GET /& HTTP/1.1" 404 1256 "-" "Java/1.7.0_51"
92.110.135.182 - - [09/Oct/2014:16:24:17 +0200] "GET /& HTTP/1.1" 404 1256 "-" "Java/1.7.0_51"
92.110.135.182 - - [09/Oct/2014:16:24:18 +0200] "GET /& HTTP/1.1" 404 1256 "-" "Java/1.7.0_51"
92.110.135.182 - - [09/Oct/2014:16:24:18 +0200] "GET /& HTTP/1.1" 404 1256 "-" "Java/1.7.0_51"
92.110.135.182 - - [09/Oct/2014:16:24:19 +0200] "GET /& HTTP/1.1" 404 1256 "-" "Java/1.7.0_51"
92.110.135.182 - - [09/Oct/2014:16:24:20 +0200] "GET /& HTTP/1.1" 404 1256 "-" "Java/1.7.0_51"
92.110.135.182 - - [09/Oct/2014:16:24:20 +0200] "GET /& HTTP/1.1" 404 1256 "-" "Java/1.7.0_51"
92.110.135.182 - - [09/Oct/2014:16:24:21 +0200] "GET /& HTTP/1.1" 404 1256 "-" "Java/1.7.0_51"
92.110.135.182 - - [09/Oct/2014:16:24:22 +0200] "GET /& HTTP/1.1" 404 1256 "-" "Java/1.7.0_51"
66.249.67.39 - - [09/Oct/2014:17:08:18 +0200] "GET /robots.txt HTTP/1.1" 404 1256 "-" "Mozilla/5.0 (compatible; Googlebot/2.1; +http://www.google.com/bot.html)"
66.249.67.39 - - [09/Oct/2014:17:08:18 +0200] "GET / HTTP/1.1" 302 - "-" "Mozilla/5.0 (compatible; Googlebot/2.1; +http://www.google.com/bot.html)"
79.221.69.80 - - [09/Oct/2014:17:36:37 +0200] "GET / HTTP/1.1" 302 - "-" "Mozilla/5.0 (Windows NT 6.1; WOW64; rv:32.0) Gecko/20100101 Firefox/32.0"
79.221.69.80 - - [09/Oct/2014:18:07:04 +0200] "GET / HTTP/1.1" 302 - "-" "Mozilla/5.0 (Windows NT 6.1; WOW64; rv:32.0) Gecko/20100101 Firefox/32.0"
208.115.111.69 - - [09/Oct/2014:22:42:42 +0200] "GET /robots.txt HTTP/1.1" 404 1256 "-" "Mozilla/5.0 (compatible; DotBot/1.1; http://www.opensiteexplorer.org/dotbot, help@moz.com)"
176.9.76.43 - - [09/Oct/2014:23:15:30 +0200] "GET /robots.txt HTTP/1.1" 404 1256 "-" "Mozilla/5.0 (X11; U; Linux x86_64; de-DE; rv:32.0) Gecko/20100101 Firefox/32.0"
176.9.76.43 - - [09/Oct/2014:23:15:30 +0200] "GET / HTTP/1.1" 302 - "-" "Mozilla/5.0 (X11; U; Linux x86_64; de-DE; rv:32.0) Gecko/20100101 Firefox/32.0"
208.115.111.69 - - [10/Oct/2014:00:24:38 +0200] "GET /include.php?path=contentarchive&type=3&catid=0&letter=&entries=0&searchtext=&order=title HTTP/1.1" 404 1256 "-" "Mozilla/5.0 (compatible; DotBot/1.1; http://www.opensiteexplorer.org/dotbot, help@moz.com)"
114.246.67.209 - - [10/Oct/2014:01:50:01 +0200] "GET / HTTP/1.1" 302 - "-" "WhatWeb/0.4.8-dev"
193.175.194.33 - - [10/Oct/2014:02:22:58 +0200] "GET / HTTP/1.1" 302 - "-" "Bildungsserver-Linkchecker DBS 0.9 (http://www.bildungsserver.de)"
83.149.126.98 - - [10/Oct/2014:07:15:16 +0200] "GET /robots.txt HTTP/1.0" 404 1256 "-" "Mozilla/5.0 (compatible; MJ12bot/v1.4.5; http://www.majestic12.co.uk/bot.php?+)"
83.149.126.98 - - [10/Oct/2014:07:15:18 +0200] "GET / HTTP/1.0" 302 - "-" "Mozilla/5.0 (compatible; MJ12bot/v1.4.5; http://www.majestic12.co.uk/bot.php?+)"
141.8.147.12 - - [10/Oct/2014:10:08:49 +0200] "GET /robots.txt HTTP/1.1" 404 1256 "-" "Mozilla/5.0 (compatible; YandexBot/3.0; +http://yandex.com/bots)"
141.8.147.12 - - [10/Oct/2014:10:08:51 +0200] "GET / HTTP/1.1" 302 - "-" "Mozilla/5.0 (compatible; YandexBot/3.0; +http://yandex.com/bots)"
