141.8.147.12 - - [10/Oct/2014:11:47:07 +0200] "GET /robots.txt HTTP/1.1" 404 1256 "-" "Mozilla/5.0 (compatible; YandexBot/3.0; +http://yandex.com/bots)"
141.8.147.12 - - [10/Oct/2014:11:47:09 +0200] "GET / HTTP/1.1" 302 - "-" "Mozilla/5.0 (compatible; YandexBot/3.0; +http://yandex.com/bots)"
37.120.46.28 - - [10/Oct/2014:13:52:25 +0200] "GET / HTTP/1.1" 302 - "https://www.google.de/" "Mozilla/5.0 (iPhone; CPU iPhone OS 7_1_2 like Mac OS X) AppleWebKit/537.51.2 (KHTML, like Gecko) Version/7.0 Mobile/11D257 Safari/9537.53"
91.13.31.222 - - [10/Oct/2014:15:31:16 +0200] "GET / HTTP/1.1" 302 - "-" "Mozilla/5.0 (Windows NT 6.1; WOW64) AppleWebKit/537.36 (KHTML, like Gecko) Chrome/36.0.1985.125 Safari/537.36"
91.13.31.222 - - [10/Oct/2014:15:34:36 +0200] "GET / HTTP/1.1" 302 - "-" "Mozilla/5.0 (Windows NT 6.1; WOW64) AppleWebKit/537.36 (KHTML, like Gecko) Chrome/36.0.1985.125 Safari/537.36"
91.22.161.29 - - [10/Oct/2014:16:33:00 +0200] "GET / HTTP/1.1" 302 - "http://www.google.de/url?sa=t&rct=j&q=&esrc=s&source=web&cd=1&ved=0CCMQFjAA&url=http%3A%2F%2Fwww.friedrich-list-berlin.de%2F&ei=2e03VLXELovmyQPr1IHoDQ&usg=AFQjCNGsKs3TvBQ4z91zrYvo9_SfKi5nug&bvm=bv.77161500,d.bGQ" "Mozilla/5.0 (Windows NT 6.1; WOW64; rv:32.0) Gecko/20100101 Firefox/32.0"
192.99.107.172 - - [10/Oct/2014:17:26:52 +0200] "GET /robots.txt HTTP/1.1" 404 1256 "-" "Mozilla/5.0 (compatible; meanpathbot/1.0; +http://www.meanpath.com/meanpathbot.html)"
192.99.107.172 - - [10/Oct/2014:17:26:52 +0200] "GET / HTTP/1.1" 302 - "-" "Mozilla/5.0 (compatible; meanpathbot/1.0; +http://www.meanpath.com/meanpathbot.html)"
95.18.241.193 - - [10/Oct/2014:18:48:56 +0200] "GET / HTTP/1.1" 302 - "-" "Mozilla/5.0 (Windows NT 6.1; WOW64) AppleWebKit/537.36 (KHTML, like Gecko) Chrome/38.0.2125.101 Safari/537.36"
93.220.229.19 - - [10/Oct/2014:19:35:33 +0200] "GET / HTTP/1.1" 302 - "-" "Mozilla/4.0 (compatible; MSIE 8.0; Windows NT 6.0; .NET CLR 1.1.4322)"
31.13.110.121 - - [10/Oct/2014:22:08:02 +0200] "GET / HTTP/1.1" 302 - "-" "facebookexternalhit/1.1 (+http://www.facebook.com/externalhit_uatext.php)"
31.13.110.119 - - [10/Oct/2014:22:08:02 +0200] "GET /?fb_locale=de_DE HTTP/1.1" 302 - "-" "facebookexternalhit/1.1 (+http://www.facebook.com/externalhit_uatext.php)"
192.99.107.28 - - [11/Oct/2014:01:29:28 +0200] "GET /robots.txt HTTP/1.1" 404 1256 "-" "Mozilla/5.0 (compatible; meanpathbot/1.0; +http://www.meanpath.com/meanpathbot.html)"
192.99.107.28 - - [11/Oct/2014:01:29:28 +0200] "GET / HTTP/1.1" 302 - "-" "Mozilla/5.0 (compatible; meanpathbot/1.0; +http://www.meanpath.com/meanpathbot.html)"
82.207.137.1 - - [11/Oct/2014:01:58:56 +0200] "GET / HTTP/1.1" 302 - "-" "WWW-Mechanize/1.73"
192.99.107.136 - - [11/Oct/2014:09:47:19 +0200] "GET /robots.txt HTTP/1.1" 404 1256 "-" "Mozilla/5.0 (compatible; meanpathbot/1.0; +http://www.meanpath.com/meanpathbot.html)"
192.99.107.136 - - [11/Oct/2014:09:47:19 +0200] "GET / HTTP/1.1" 302 - "-" "Mozilla/5.0 (compatible; meanpathbot/1.0; +http://www.meanpath.com/meanpathbot.html)"
199.58.86.211 - - [11/Oct/2014:10:03:15 +0200] "GET /robots.txt HTTP/1.0" 404 1256 "-" "Mozilla/5.0 (compatible; MJ12bot/v1.4.5; http://www.majestic12.co.uk/bot.php?+)"
199.58.86.211 - - [11/Oct/2014:10:03:17 +0200] "GET / HTTP/1.0" 302 - "-" "Mozilla/5.0 (compatible; MJ12bot/v1.4.5; http://www.majestic12.co.uk/bot.php?+)"
5.9.42.111 - - [11/Oct/2014:10:03:36 +0200] "GET / HTTP/1.1" 302 - "-" "Mozilla/5.0 (X11; U; Linux x86_64; de-DE; rv:32.0) Gecko/20100101 Firefox/32.0"
79.221.69.80 - - [11/Oct/2014:11:17:20 +0200] "GET / HTTP/1.1" 302 - "-" "Mozilla/5.0 (Windows NT 6.1; WOW64; rv:32.0) Gecko/20100101 Firefox/32.0"
78.53.77.83 - - [11/Oct/2014:12:02:46 +0200] "GET / HTTP/1.1" 302 - "https://www.google.de/" "Mozilla/5.0 (Linux; U; Android 4.1.1; de-de; HTC_Desire_X Build/JRO03C) AppleWebKit/534.30 (KHTML, like Gecko) Version/4.0 Mobile Safari/534.30"
87.160.154.216 - - [11/Oct/2014:16:24:13 +0200] "GET / HTTP/1.1" 302 - "http://l.facebook.com/l.php?u=http%3A%2F%2Fwww.friedrich-list-berlin.de%2F&h=DAQGlgBCc&s=1" "Mozilla/5.0 (Windows NT 6.1; rv:32.0) Gecko/20100101 Firefox/32.0"
176.9.50.43 - - [11/Oct/2014:16:34:31 +0200] "GET /?path=download HTTP/1.1" 302 - "-" "Mozilla/4.0 (compatible; MSIE 6.0; Windows 98; Win 9x4.90)"
82.165.172.75 - - [11/Oct/2014:19:11:23 +0200] "GET / HTTP/1.1" 302 - "http://www.stadtsurfer.de" "12"
82.165.172.75 - - [11/Oct/2014:19:11:23 +0200] "GET / HTTP/1.1" 302 - "-" "Mozilla/5.0 (Windows; U; Windows NT 5.1; de; rv:1.9.1.5) Gecko/20091102 Firefox/3.5.5 (.NET CLR 3.5.30729)"
37.58.100.151 - - [11/Oct/2014:19:23:30 +0200] "GET /robots.txt HTTP/1.1" 404 1256 "-" "Mozilla/5.0 (compatible; AhrefsBot/5.0; +http://ahrefs.com/robot/)"
208.43.245.104 - - [11/Oct/2014:19:38:29 +0200] "GET /robots.txt HTTP/1.1" 404 1256 "-" "Mozilla/5.0 (compatible; SiteExplorer/1.0b; +http://siteexplorer.info/)"
208.43.245.104 - - [11/Oct/2014:19:38:33 +0200] "GET / HTTP/1.1" 302 - "-" "Mozilla/5.0 (compatible; SiteExplorer/1.0b; +http://siteexplorer.info/)"
141.8.147.12 - - [11/Oct/2014:20:16:18 +0200] "GET /robots.txt HTTP/1.1" 404 1256 "-" "Mozilla/5.0 (compatible; YandexBot/3.0; +http://yandex.com/bots)"
141.8.147.12 - - [11/Oct/2014:20:16:20 +0200] "GET / HTTP/1.1" 302 - "-" "Mozilla/5.0 (compatible; YandexBot/3.0; +http://yandex.com/bots)"
141.8.189.110 - - [11/Oct/2014:23:09:17 +0200] "GET /robots.txt HTTP/1.1" 404 1256 "-" "Mozilla/5.0 (compatible; YandexBot/3.0; +http://yandex.com/bots)"
5.9.42.111 - - [12/Oct/2014:07:06:21 +0200] "GET / HTTP/1.1" 302 - "-" "Mozilla/5.0 (X11; U; Linux x86_64; de-DE; rv:32.0) Gecko/20100101 Firefox/32.0"
148.251.234.168 - - [12/Oct/2014:07:44:15 +0200] "GET /robots.txt HTTP/1.1" 404 1256 "-" "Mozilla/5.0 (X11; U; Linux x86_64; de-DE; rv:32.0) Gecko/20100101 Firefox/32.0"
148.251.234.168 - - [12/Oct/2014:07:44:15 +0200] "GET / HTTP/1.1" 302 - "-" "Mozilla/5.0 (X11; U; Linux x86_64; de-DE; rv:32.0) Gecko/20100101 Firefox/32.0"
78.53.79.28 - - [12/Oct/2014:07:55:17 +0200] "GET / HTTP/1.1" 302 - "https://www.google.de/" "Mozilla/5.0 (Linux; U; Android 4.1.1; de-de; HTC_Desire_X Build/JRO03C) AppleWebKit/534.30 (KHTML, like Gecko) Version/4.0 Mobile Safari/534.30"
198.12.107.233 - - [12/Oct/2014:08:59:54 +0200] "GET / HTTP/1.1" 302 - "-" "Java/1.4.1_04"
198.12.107.233 - - [12/Oct/2014:08:59:56 +0200] "GET /fls_1_aktuelles.php HTTP/1.1" 404 1256 "-" "Java/1.4.1_04"
198.12.107.233 - - [12/Oct/2014:08:59:56 +0200] "GET /fls_2_fremdsprachensekr.php HTTP/1.1" 404 1256 "-" "Java/1.4.1_04"
198.12.107.233 - - [12/Oct/2014:08:59:57 +0200] "GET /fls_3_blog.php HTTP/1.1" 404 1256 "-" "Java/1.4.1_04"
198.12.107.233 - - [12/Oct/2014:08:59:57 +0200] "GET /fls_4_faq.php HTTP/1.1" 404 1256 "-" "Java/1.4.1_04"
198.12.107.233 - - [12/Oct/2014:08:59:57 +0200] "GET /fls_4_impressum.php HTTP/1.1" 404 1256 "-" "Java/1.4.1_04"
198.12.107.233 - - [12/Oct/2014:08:59:58 +0200] "GET /fls_4_kontakt_anmeldung.php HTTP/1.1" 404 1256 "-" "Java/1.4.1_04"
198.12.107.233 - - [12/Oct/2014:08:59:58 +0200] "GET /index.php HTTP/1.1" 302 - "-" "Java/1.4.1_04"
198.12.107.233 - - [12/Oct/2014:08:59:59 +0200] "GET /index_en.php HTTP/1.1" 404 1256 "-" "Java/1.4.1_04"
198.12.107.233 - - [12/Oct/2014:08:59:59 +0200] "GET /index_fr.php HTTP/1.1" 404 1256 "-" "Java/1.4.1_04"
198.12.107.233 - - [12/Oct/2014:09:00:00 +0200] "GET /index_sp.php HTTP/1.1" 404 1256 "-" "Java/1.4.1_04"
198.12.107.233 - - [12/Oct/2014:09:00:00 +0200] "GET /& HTTP/1.1" 404 1256 "-" "Java/1.4.1_04"
198.12.107.233 - - [12/Oct/2014:09:00:00 +0200] "GET /& HTTP/1.1" 404 1256 "-" "Java/1.4.1_04"
198.12.107.233 - - [12/Oct/2014:09:00:01 +0200] "GET /& HTTP/1.1" 404 1256 "-" "Java/1.4.1_04"
198.12.107.233 - - [12/Oct/2014:09:00:01 +0200] "GET /& HTTP/1.1" 404 1256 "-" "Java/1.4.1_04"
198.12.107.233 - - [12/Oct/2014:09:00:02 +0200] "GET /& HTTP/1.1" 404 1256 "-" "Java/1.4.1_04"
198.12.107.233 - - [12/Oct/2014:09:00:02 +0200] "GET /& HTTP/1.1" 404 1256 "-" "Java/1.4.1_04"
198.12.107.233 - - [12/Oct/2014:09:00:02 +0200] "GET /& HTTP/1.1" 404 1256 "-" "Java/1.4.1_04"
198.12.107.233 - - [12/Oct/2014:09:00:03 +0200] "GET /& HTTP/1.1" 404 1256 "-" "Java/1.4.1_04"
198.12.107.233 - - [12/Oct/2014:09:00:03 +0200] "GET /& HTTP/1.1" 404 1256 "-" "Java/1.4.1_04"
198.12.107.233 - - [12/Oct/2014:09:00:04 +0200] "GET /& HTTP/1.1" 404 1256 "-" "Java/1.4.1_04"
198.12.107.233 - - [12/Oct/2014:09:00:05 +0200] "GET /& HTTP/1.1" 404 1256 "-" "Java/1.4.1_04"
198.12.107.233 - - [12/Oct/2014:09:00:05 +0200] "GET /& HTTP/1.1" 404 1256 "-" "Java/1.4.1_04"
198.12.107.233 - - [12/Oct/2014:09:00:05 +0200] "GET /& HTTP/1.1" 404 1256 "-" "Java/1.4.1_04"
198.12.107.233 - - [12/Oct/2014:09:00:06 +0200] "GET /& HTTP/1.1" 404 1256 "-" "Java/1.4.1_04"
198.12.107.233 - - [12/Oct/2014:09:00:06 +0200] "GET /& HTTP/1.1" 404 1256 "-" "Java/1.4.1_04"
198.12.107.233 - - [12/Oct/2014:09:00:06 +0200] "GET /& HTTP/1.1" 404 1256 "-" "Java/1.4.1_04"
198.12.107.233 - - [12/Oct/2014:09:00:06 +0200] "GET /& HTTP/1.1" 404 1256 "-" "Java/1.4.1_04"
198.12.107.233 - - [12/Oct/2014:09:00:07 +0200] "GET /& HTTP/1.1" 404 1256 "-" "Java/1.4.1_04"
198.12.107.233 - - [12/Oct/2014:09:00:07 +0200] "GET /& HTTP/1.1" 404 1256 "-" "Java/1.4.1_04"
198.12.107.233 - - [12/Oct/2014:09:00:07 +0200] "GET /& HTTP/1.1" 404 1256 "-" "Java/1.4.1_04"
68.180.228.245 - - [12/Oct/2014:09:30:45 +0200] "GET /robots.txt HTTP/1.1" 404 1256 "-" "Mozilla/5.0 (compatible; Yahoo! Slurp; http://help.yahoo.com/help/us/ysearch/slurp)"
68.180.228.245 - - [12/Oct/2014:09:30:45 +0200] "GET / HTTP/1.1" 302 - "-" "Mozilla/5.0 (compatible; Yahoo! Slurp; http://help.yahoo.com/help/us/ysearch/slurp)"
46.4.27.145 - - [12/Oct/2014:09:51:54 +0200] "GET / HTTP/1.1" 302 - "http://www.webwiki.de/friedrich-list-berlin.de" "Mozilla/5.0 (Windows NT 6.1; WOW64; rv:29.0) Gecko/20100101 Firefox/29.0"
79.221.69.80 - - [12/Oct/2014:13:51:24 +0200] "GET / HTTP/1.1" 302 - "-" "Mozilla/5.0 (Windows NT 6.1; WOW64; rv:32.0) Gecko/20100101 Firefox/32.0"
78.53.79.28 - - [12/Oct/2014:15:38:32 +0200] "GET / HTTP/1.1" 302 - "https://www.google.de/" "Mozilla/5.0 (Linux; U; Android 4.1.1; de-de; HTC_Desire_X Build/JRO03C) AppleWebKit/534.30 (KHTML, like Gecko) Version/4.0 Mobile Safari/534.30"
66.249.78.11 - - [12/Oct/2014:16:23:23 +0200] "GET /robots.txt HTTP/1.1" 404 1256 "-" "Mozilla/5.0 (compatible; Googlebot/2.1; +http://www.google.com/bot.html)"
66.249.78.25 - - [12/Oct/2014:16:23:24 +0200] "GET / HTTP/1.1" 302 - "-" "Mozilla/5.0 (iPhone; CPU iPhone OS 6_0 like Mac OS X) AppleWebKit/536.26 (KHTML, like Gecko) Version/6.0 Mobile/10A5376e Safari/8536.25 (compatible; Googlebot/2.1; +http://www.google.com/bot.html)"
66.249.78.70 - - [12/Oct/2014:16:36:46 +0200] "GET /robots.txt HTTP/1.1" 404 1256 "-" "Mozilla/5.0 (compatible; Googlebot/2.1; +http://www.google.com/bot.html)"
66.249.78.63 - - [12/Oct/2014:16:36:46 +0200] "GET / HTTP/1.1" 302 - "-" "Mozilla/5.0 (iPhone; CPU iPhone OS 6_0 like Mac OS X) AppleWebKit/536.26 (KHTML, like Gecko) Version/6.0 Mobile/10A5376e Safari/8536.25 (compatible; Googlebot/2.1; +http://www.google.com/bot.html)"
5.9.42.111 - - [12/Oct/2014:19:21:50 +0200] "GET / HTTP/1.1" 302 - "-" "Mozilla/5.0 (X11; U; Linux x86_64; de-DE; rv:32.0) Gecko/20100101 Firefox/32.0"
176.61.55.7 - - [12/Oct/2014:22:21:44 +0200] "GET / HTTP/1.1" 302 - "http://l.facebook.com/l.php?u=http%3A%2F%2Fwww.friedrich-list-berlin.de%2F&h=rAQEN3IB_&s=1" "Mozilla/5.0 (Windows NT 6.0; rv:32.0) Gecko/20100101 Firefox/32.0"
141.8.147.12 - - [13/Oct/2014:02:26:12 +0200] "GET /robots.txt HTTP/1.1" 404 1256 "-" "Mozilla/5.0 (compatible; YandexBot/3.0; +http://yandex.com/bots)"
5.9.42.111 - - [13/Oct/2014:05:08:56 +0200] "GET / HTTP/1.1" 302 - "-" "Mozilla/5.0 (X11; U; Linux x86_64; de-DE; rv:32.0) Gecko/20100101 Firefox/32.0"
93.220.78.241 - - [13/Oct/2014:07:05:56 +0200] "GET / HTTP/1.1" 302 - "-" "Mozilla/5.0 (Linux; U; Android 4.1.2; de-de; GT-I9100 Build/JZO54K) AppleWebKit/534.30 (KHTML, like Gecko) Version/4.0 Mobile Safari/534.30"
141.8.147.12 - - [13/Oct/2014:07:34:41 +0200] "GET / HTTP/1.1" 302 - "-" "Mozilla/5.0 (compatible; YandexBot/3.0; +http://yandex.com/bots)"
141.8.147.12 - - [13/Oct/2014:07:49:37 +0200] "GET /fls_2_fremdsprachensekr.php HTTP/1.1" 404 1256 "-" "Mozilla/5.0 (compatible; YandexBot/3.0; +http://yandex.com/bots)"
141.8.147.12 - - [13/Oct/2014:07:49:39 +0200] "GET /fls_1_aktuelles.php HTTP/1.1" 404 1256 "-" "Mozilla/5.0 (compatible; YandexBot/3.0; +http://yandex.com/bots)"
141.8.147.12 - - [13/Oct/2014:07:49:41 +0200] "GET /index_fr.php HTTP/1.1" 404 1256 "-" "Mozilla/5.0 (compatible; YandexBot/3.0; +http://yandex.com/bots)"
141.8.147.12 - - [13/Oct/2014:07:49:43 +0200] "GET /fls_4_impressum.php HTTP/1.1" 404 1256 "-" "Mozilla/5.0 (compatible; YandexBot/3.0; +http://yandex.com/bots)"
141.8.147.12 - - [13/Oct/2014:07:49:45 +0200] "GET /index_en.php HTTP/1.1" 404 1256 "-" "Mozilla/5.0 (compatible; YandexBot/3.0; +http://yandex.com/bots)"
141.8.147.12 - - [13/Oct/2014:07:49:47 +0200] "GET /fls_2_kurs_ecbm_london.php HTTP/1.1" 404 1256 "-" "Mozilla/5.0 (compatible; YandexBot/3.0; +http://yandex.com/bots)"
141.8.147.12 - - [13/Oct/2014:07:49:49 +0200] "GET /fls_2_berufsfachschule.php HTTP/1.1" 404 1256 "-" "Mozilla/5.0 (compatible; YandexBot/3.0; +http://yandex.com/bots)"
141.8.147.12 - - [13/Oct/2014:07:49:51 +0200] "GET /fls_4_kontakt_anmeldung.php HTTP/1.1" 404 1256 "-" "Mozilla/5.0 (compatible; YandexBot/3.0; +http://yandex.com/bots)"
141.8.147.12 - - [13/Oct/2014:07:49:53 +0200] "GET /fls_1_aktuelles.php?artid=50 HTTP/1.1" 404 1256 "-" "Mozilla/5.0 (compatible; YandexBot/3.0; +http://yandex.com/bots)"
141.8.147.12 - - [13/Oct/2014:07:49:55 +0200] "GET /fls_2_europakorr.php HTTP/1.1" 404 1256 "-" "Mozilla/5.0 (compatible; YandexBot/3.0; +http://yandex.com/bots)"
141.8.147.12 - - [13/Oct/2014:07:49:57 +0200] "GET /index_sp.php HTTP/1.1" 404 1256 "-" "Mozilla/5.0 (compatible; YandexBot/3.0; +http://yandex.com/bots)"
141.8.147.12 - - [13/Oct/2014:07:49:59 +0200] "GET /fls_2_fremdsprachenkorr.php HTTP/1.1" 404 1256 "-" "Mozilla/5.0 (compatible; YandexBot/3.0; +http://yandex.com/bots)"
37.58.100.166 - - [13/Oct/2014:08:19:46 +0200] "GET /robots.txt HTTP/1.1" 404 1256 "-" "Mozilla/5.0 (compatible; AhrefsBot/5.0; +http://ahrefs.com/robot/)"
79.221.69.80 - - [13/Oct/2014:09:51:58 +0200] "GET / HTTP/1.1" 302 - "-" "Mozilla/5.0 (Windows NT 6.1; WOW64; rv:32.0) Gecko/20100101 Firefox/32.0"
83.149.126.98 - - [13/Oct/2014:10:00:48 +0200] "GET /robots.txt HTTP/1.0" 404 1256 "-" "Mozilla/5.0 (compatible; MJ12bot/v1.4.5; http://www.majestic12.co.uk/bot.php?+)"
83.149.126.98 - - [13/Oct/2014:10:00:49 +0200] "GET / HTTP/1.0" 302 - "-" "Mozilla/5.0 (compatible; MJ12bot/v1.4.5; http://www.majestic12.co.uk/bot.php?+)"
208.115.111.69 - - [13/Oct/2014:10:42:26 +0200] "GET /robots.txt HTTP/1.1" 404 1256 "-" "Mozilla/5.0 (compatible; DotBot/1.1; http://www.opensiteexplorer.org/dotbot, help@moz.com)"
141.8.147.12 - - [13/Oct/2014:11:32:31 +0200] "GET /robots.txt HTTP/1.1" 404 1256 "-" "Mozilla/5.0 (compatible; YandexBot/3.0; +http://yandex.com/bots)"
199.21.99.194 - - [13/Oct/2014:11:32:33 +0200] "GET / HTTP/1.1" 302 - "-" "Mozilla/5.0 (compatible; YandexBot/3.0; +http://yandex.com/bots)"
176.9.207.93 - - [13/Oct/2014:12:04:55 +0200] "GET /include.php?path=contentarchive&type=2&letter=D&catid=0&themeid=0&searchtext=&entries=0&order=titled HTTP/1.1" 404 1256 "-" "Mozilla/4.0 (compatible; MSIE 6.0; Windows 98; Win 9x4.90)"
208.115.111.69 - - [13/Oct/2014:12:25:45 +0200] "GET /include.php?path=contentarchive&type=2&catid=0&letter=W&entries=0&searchtext=&order=dated&nid=21 HTTP/1.1" 404 1256 "-" "Mozilla/5.0 (compatible; DotBot/1.1; http://www.opensiteexplorer.org/dotbot, help@moz.com)"
5.9.42.111 - - [13/Oct/2014:13:20:35 +0200] "GET / HTTP/1.1" 302 - "-" "Mozilla/5.0 (X11; U; Linux x86_64; de-DE; rv:32.0) Gecko/20100101 Firefox/32.0"
188.138.41.141 - - [13/Oct/2014:15:47:39 +0200] "GET / HTTP/1.1" 302 - "-" "Mozilla/5.0 (Windows NT 6.1; rv:24.0) Gecko/20100101 Firefox/24.0"
188.138.41.141 - - [13/Oct/2014:15:47:55 +0200] "GET /robots.txt HTTP/1.1" 404 1256 "-" "Mozilla/5.0 (Windows NT 6.1; rv:24.0) Gecko/20100101 Firefox/24.0"
188.138.41.141 - - [13/Oct/2014:15:47:55 +0200] "GET / HTTP/1.1" 302 - "-" "Mozilla/5.0 (X11; U; Linux i686; de; rv:1.9.0.1; compatible; iCjobs Stellenangebote Jobs; http://www.icjobs.de) Gecko/20100401 iCjobs/3.2.3"
188.138.41.141 - - [13/Oct/2014:15:47:57 +0200] "GET / HTTP/1.1" 302 - "-" "Mozilla/5.0 (Windows NT 6.1; rv:24.0) Gecko/20100101 Firefox/24.0"
188.138.41.141 - - [13/Oct/2014:15:48:12 +0200] "GET /favicon.ico HTTP/1.1" 404 1256 "-" "Mozilla/5.0 (Windows NT 6.1; rv:24.0) Gecko/20100101 Firefox/24.0"
188.138.41.141 - - [13/Oct/2014:15:48:12 +0200] "GET / HTTP/1.1" 302 - "-" "Mozilla/5.0 (Windows NT 6.1; rv:24.0) Gecko/20100101 Firefox/24.0"
79.221.69.80 - - [13/Oct/2014:16:38:18 +0200] "GET / HTTP/1.1" 302 - "-" "Mozilla/5.0 (Windows NT 6.1; WOW64; rv:32.0) Gecko/20100101 Firefox/32.0"
141.8.147.12 - - [13/Oct/2014:17:49:21 +0200] "GET / HTTP/1.1" 302 - "-" "Mozilla/5.0 (compatible; YandexBot/3.0; +http://yandex.com/bots)"
85.178.133.92 - - [13/Oct/2014:18:15:04 +0200] "GET / HTTP/1.1" 302 - "https://www.google.de/" "Mozilla/5.0 (Linux; U; Android 4.1.1; de-de; HTC_Desire_X Build/JRO03C) AppleWebKit/534.30 (KHTML, like Gecko) Version/4.0 Mobile Safari/534.30"
192.99.107.136 - - [13/Oct/2014:18:21:43 +0200] "GET /robots.txt HTTP/1.1" 404 1256 "-" "Mozilla/5.0 (compatible; meanpathbot/1.0; +http://www.meanpath.com/meanpathbot.html)"
192.99.107.136 - - [13/Oct/2014:18:21:43 +0200] "GET / HTTP/1.1" 302 - "-" "Mozilla/5.0 (compatible; meanpathbot/1.0; +http://www.meanpath.com/meanpathbot.html)"
79.221.69.80 - - [13/Oct/2014:22:21:23 +0200] "GET / HTTP/1.1" 302 - "-" "Mozilla/5.0 (Windows NT 6.1; WOW64; rv:32.0) Gecko/20100101 Firefox/32.0"
27.159.227.15 - - [13/Oct/2014:23:47:50 +0200] "GET /fckeditor/editor/filemanager/browser/default/connectors/test.html HTTP/1.0" 404 1256 "http://www.fls-berlin.de/fckeditor/editor/filemanager/browser/default/connectors/test.html" "Mozilla/4.0 (compatible; MSIE 6.0; Windows NT 5.1; SV1; .NET CLR 2.0.50727)"
27.159.227.15 - - [13/Oct/2014:23:47:51 +0200] "GET /admin/fckeditor/editor/filemanager/browser/default/connectors/test.html HTTP/1.0" 404 1256 "http://www.fls-berlin.de/admin/fckeditor/editor/filemanager/browser/default/connectors/test.html" "Mozilla/4.0 (compatible; MSIE 6.0; Windows NT 5.1; SV1; .NET CLR 2.0.50727)"
27.159.227.15 - - [13/Oct/2014:23:47:53 +0200] "GET /editor/filemanager/browser/default/connectors/test.html HTTP/1.0" 404 1256 "http://www.fls-berlin.de/editor/filemanager/browser/default/connectors/test.html" "Mozilla/4.0 (compatible; MSIE 6.0; Windows NT 5.1; SV1; .NET CLR 2.0.50727)"
27.159.227.15 - - [13/Oct/2014:23:47:54 +0200] "GET /manage/fckeditor/editor/filemanager/browser/default/connectors/test.html HTTP/1.0" 404 1256 "http://www.fls-berlin.de/manage/fckeditor/editor/filemanager/browser/default/connectors/test.html" "Mozilla/4.0 (compatible; MSIE 6.0; Windows NT 5.1; SV1; .NET CLR 2.0.50727)"
27.159.227.15 - - [13/Oct/2014:23:47:55 +0200] "GET /system/fckeditor/editor/filemanager/browser/default/connectors/test.html HTTP/1.0" 404 1256 "http://www.fls-berlin.de/system/fckeditor/editor/filemanager/browser/default/connectors/test.html" "Mozilla/4.0 (compatible; MSIE 6.0; Windows NT 5.1; SV1; .NET CLR 2.0.50727)"
62.158.239.254 - - [14/Oct/2014:00:33:50 +0200] "GET / HTTP/1.1" 302 - "https://www.google.de/" "Mozilla/5.0 (iPhone; CPU iPhone OS 7_1_2 like Mac OS X) AppleWebKit/537.51.2 (KHTML, like Gecko) Version/7.0 Mobile/11D257 Safari/9537.53"
66.249.78.77 - - [14/Oct/2014:01:02:36 +0200] "GET /robots.txt HTTP/1.1" 404 1256 "-" "Mozilla/5.0 (compatible; Googlebot/2.1; +http://www.google.com/bot.html)"
66.249.78.70 - - [14/Oct/2014:01:02:36 +0200] "GET / HTTP/1.1" 302 - "-" "Mozilla/5.0 (compatible; Googlebot/2.1; +http://www.google.com/bot.html)"
88.198.241.59 - - [14/Oct/2014:06:03:30 +0200] "GET / HTTP/1.1" 302 - "-" "Python-urllib/2.7"
83.149.126.98 - - [14/Oct/2014:07:54:55 +0200] "GET /robots.txt HTTP/1.0" 404 1256 "-" "Mozilla/5.0 (compatible; MJ12bot/v1.4.5; http://www.majestic12.co.uk/bot.php?+)"
83.149.126.98 - - [14/Oct/2014:07:54:57 +0200] "GET / HTTP/1.0" 302 - "-" "Mozilla/5.0 (compatible; MJ12bot/v1.4.5; http://www.majestic12.co.uk/bot.php?+)"
37.5.40.158 - - [14/Oct/2014:09:44:03 +0200] "GET / HTTP/1.1" 302 - "http://www.google.de/url?sa=t&rct=j&q=&esrc=s&source=web&cd=1&ved=0CCEQFjAA&url=http%3A%2F%2Fwww.fls-berlin.de%2F&ei=OtQ8VK3yNqatygOEq4I4&usg=AFQjCNG4fgXtDKSWFE8hgLKnipf8LQYy-g&bvm=bv.77412846,d.bGQ" "Mozilla/5.0 (Windows NT 6.1; rv:32.0) Gecko/20100101 Firefox/32.0"
91.66.9.122 - - [14/Oct/2014:09:52:26 +0200] "GET / HTTP/1.1" 302 - "http://www.berlin.de/sen/bildung/schulverzeichnis_und_portraets/anwendung/Schulportrait.aspx?IDSchulzweig=13066" "Mozilla/4.0 (compatible; MSIE 8.0; Windows NT 6.1; Trident/4.0; SLCC2; .NET CLR 2.0.50727; .NET CLR 3.5.30729; .NET CLR 3.0.30729; Media Center PC 6.0; .NET4.0C; LEN2)"
192.99.149.88 - - [14/Oct/2014:11:05:02 +0200] "GET /robots.txt HTTP/1.1" 404 1256 "-" "Mozilla/5.0 (Windows NT 6.1; WOW64; Trident/7.0; rv:11.0) like Gecko"
192.99.149.88 - - [14/Oct/2014:11:05:02 +0200] "GET / HTTP/1.1" 302 - "-" "Mozilla/5.0 (Windows NT 6.1; WOW64; Trident/7.0; rv:11.0) like Gecko"
93.219.49.71 - - [14/Oct/2014:11:21:07 +0200] "GET /de/index.htm HTTP/1.1" 404 1256 "-" "Mozilla/5.0 (Windows NT 6.1; WOW64; rv:32.0) Gecko/20100101 Firefox/32.0"
93.219.49.71 - - [14/Oct/2014:11:21:08 +0200] "GET /favicon.ico HTTP/1.1" 404 1256 "-" "Mozilla/5.0 (Windows NT 6.1; WOW64; rv:32.0) Gecko/20100101 Firefox/32.0"
93.219.49.71 - - [14/Oct/2014:11:21:08 +0200] "GET /favicon.ico HTTP/1.1" 404 1256 "-" "Mozilla/5.0 (Windows NT 6.1; WOW64; rv:32.0) Gecko/20100101 Firefox/32.0"
46.4.27.145 - - [14/Oct/2014:11:50:50 +0200] "GET / HTTP/1.1" 302 - "http://www.webwiki.de/friedrich-list-berlin.de" "Mozilla/5.0 (Windows NT 6.1; WOW64; rv:29.0) Gecko/20100101 Firefox/29.0"
37.5.40.158 - - [14/Oct/2014:13:11:44 +0200] "GET / HTTP/1.1" 302 - "-" "Mozilla/5.0 (Windows NT 6.1; Trident/7.0; rv:11.0) like Gecko"
80.187.96.223 - - [14/Oct/2014:13:13:02 +0200] "GET / HTTP/1.1" 302 - "-" "Mozilla/5.0 (iPad; CPU OS 8_0_2 like Mac OS X) AppleWebKit/600.1.4 (KHTML, like Gecko) Version/8.0 Mobile/12A405 Safari/600.1.4"
37.5.40.158 - - [14/Oct/2014:13:15:16 +0200] "GET / HTTP/1.1" 302 - "-" "Mozilla/5.0 (Windows NT 6.1; Trident/7.0; rv:11.0) like Gecko"
37.5.40.158 - - [14/Oct/2014:13:17:10 +0200] "GET / HTTP/1.1" 302 - "-" "Mozilla/5.0 (Windows NT 6.1; Trident/7.0; rv:11.0) like Gecko"
188.111.122.170 - - [14/Oct/2014:14:25:24 +0200] "GET / HTTP/1.1" 302 - "http://schulweb.de/de/schulsuche/liste.html?trefferzahlauswahl=alle&x=14&y=7&kategorie=®ion=de&auswahl_1=5&auswahl_2=5&auswahl_3=0&suchtext=" "Mozilla/5.0 (Windows NT 6.0; WOW64; rv:32.0) Gecko/20100101 Firefox/32.0"
46.29.20.219 - - [14/Oct/2014:14:39:43 +0200] "HEAD / HTTP/1.1" 302 - "-" "Mozilla/4.0 (compatible; MSIE 5.01; Windows NT 5.0)"
188.111.122.170 - - [14/Oct/2014:15:50:44 +0200] "GET / HTTP/1.1" 302 - "http://schulweb.de/de/schulsuche/liste.html?trefferzahlauswahl=alle&x=15&y=3&kategorie=®ion=de&auswahl_1=5&auswahl_2=5&auswahl_3=0&suchtext=" "Mozilla/5.0 (Windows NT 6.0; WOW64; rv:32.0) Gecko/20100101 Firefox/32.0"
85.178.130.48 - - [14/Oct/2014:20:42:47 +0200] "GET / HTTP/1.1" 302 - "https://www.google.de/" "Mozilla/5.0 (Linux; U; Android 4.1.1; de-de; HTC_Desire_X Build/JRO03C) AppleWebKit/534.30 (KHTML, like Gecko) Version/4.0 Mobile Safari/534.30"
88.198.241.59 - - [14/Oct/2014:21:04:27 +0200] "GET / HTTP/1.1" 302 - "-" "Python-urllib/2.7"
176.9.76.43 - - [15/Oct/2014:01:53:37 +0200] "GET /robots.txt HTTP/1.1" 404 1256 "-" "Mozilla/5.0 (X11; U; Linux x86_64; de-DE; rv:32.0) Gecko/20100101 Firefox/32.0"
176.9.76.43 - - [15/Oct/2014:01:53:37 +0200] "GET / HTTP/1.1" 302 - "-" "Mozilla/5.0 (X11; U; Linux x86_64; de-DE; rv:32.0) Gecko/20100101 Firefox/32.0"
192.99.149.88 - - [15/Oct/2014:02:45:52 +0200] "GET /robots.txt HTTP/1.1" 404 1256 "-" "Mozilla/5.0 (Windows NT 6.1; WOW64; Trident/7.0; rv:11.0) like Gecko"
192.99.149.88 - - [15/Oct/2014:02:45:52 +0200] "GET / HTTP/1.1" 302 - "-" "Mozilla/5.0 (Windows NT 6.1; WOW64; Trident/7.0; rv:11.0) like Gecko"
37.58.100.142 - - [15/Oct/2014:05:29:14 +0200] "GET /robots.txt HTTP/1.1" 404 1256 "-" "Mozilla/5.0 (compatible; AhrefsBot/5.0; +http://ahrefs.com/robot/)"
46.29.20.219 - - [15/Oct/2014:08:32:17 +0200] "HEAD / HTTP/1.1" 302 - "-" "Mozilla/4.0 (compatible; MSIE 5.01; Windows NT 5.0)"
67.169.150.223 - - [15/Oct/2014:09:28:48 +0200] "GET / HTTP/1.1" 302 - "https://m.facebook.com" "Mozilla/5.0 (iPad; CPU OS 8_0_2 like Mac OS X) AppleWebKit/600.1.4 (KHTML, like Gecko) Mobile/12A405 [FBAN/FBIOS;FBAV/15.0.0.16.28;FBBV/4463064;FBDV/iPad3,6;FBMD/iPad;FBSN/iPhone OS;FBSV/8.0.2;FBSS/2; FBCR/Verizon;FBID/tablet;FBLC/en_GB;FBOP/1]"
67.169.150.223 - - [15/Oct/2014:09:32:32 +0200] "GET / HTTP/1.1" 302 - "https://m.facebook.com" "Mozilla/5.0 (iPad; CPU OS 8_0_2 like Mac OS X) AppleWebKit/600.1.4 (KHTML, like Gecko) Mobile/12A405 [FBAN/FBIOS;FBAV/15.0.0.16.28;FBBV/4463064;FBDV/iPad3,6;FBMD/iPad;FBSN/iPhone OS;FBSV/8.0.2;FBSS/2; FBCR/Verizon;FBID/tablet;FBLC/en_GB;FBOP/1]"
157.55.39.26 - - [15/Oct/2014:09:41:55 +0200] "GET /robots.txt HTTP/1.1" 404 1256 "-" "Mozilla/5.0 (compatible; bingbot/2.0; +http://www.bing.com/bingbot.htm)"
157.55.39.26 - - [15/Oct/2014:09:42:09 +0200] "GET /?path=faq HTTP/1.1" 302 - "-" "Mozilla/5.0 (compatible; bingbot/2.0; +http://www.bing.com/bingbot.htm)"
141.15.28.240 - - [15/Oct/2014:10:35:13 +0200] "GET / HTTP/1.1" 302 - "http://www.berlin.de/sen/bildung/schulverzeichnis_und_portraets/anwendung/Schulportrait.aspx" "Mozilla/5.0 (compatible; MSIE 10.0; Windows NT 6.1; Trident/6.0)"
153.3.45.93 - - [15/Oct/2014:11:14:40 +0200] "GET / HTTP/1.0" 302 - "http://www.friedrich-list-berlin.de" "Mozilla/4.0 (compatible; MSIE 6.0; Windows NT 5.1; SV1; .NET CLR 2.0.50727)"
178.255.215.68 - - [15/Oct/2014:11:45:44 +0200] "GET /robots.txt HTTP/1.1" 404 1256 "-" "Mozilla/5.0 (compatible; Exabot/3.0; +http://www.exabot.com/go/robot)"
178.255.215.68 - - [15/Oct/2014:11:45:44 +0200] "GET / HTTP/1.1" 302 - "-" "Mozilla/5.0 (compatible; Exabot/3.0; +http://www.exabot.com/go/robot)"
180.153.236.16 - - [15/Oct/2014:11:54:53 +0200] "GET / HTTP/1.1" 302 - "http://www.fls-berlin.de/" "Mozilla/5.0 (compatible; MSIE 9.0; Windows NT 6.1; Trident/5.0); 360Spider"
89.204.137.227 - - [15/Oct/2014:12:16:08 +0200] "GET / HTTP/1.1" 302 - "https://www.google.de/" "Mozilla/5.0 (iPhone; CPU iPhone OS 7_1_2 like Mac OS X) AppleWebKit/537.51.2 (KHTML, like Gecko) Version/7.0 Mobile/11D257 Safari/9537.53"
192.99.149.88 - - [15/Oct/2014:12:34:34 +0200] "GET /robots.txt HTTP/1.1" 404 1256 "-" "Mozilla/5.0 (Windows NT 6.1; WOW64; Trident/7.0; rv:11.0) like Gecko"
192.99.149.88 - - [15/Oct/2014:12:34:34 +0200] "GET / HTTP/1.1" 302 - "-" "Mozilla/5.0 (Windows NT 6.1; WOW64; Trident/7.0; rv:11.0) like Gecko"
88.10.65.16 - - [15/Oct/2014:12:47:25 +0200] "GET / HTTP/1.1" 302 - "http://domino2.berufsschulen.de/db/berufsschulen.nsf/Berlin?OpenView" "Mozilla/5.0 (Windows NT 6.1) AppleWebKit/537.36 (KHTML, like Gecko) Chrome/37.0.2062.124 Safari/537.36"
88.198.241.59 - - [15/Oct/2014:18:51:39 +0200] "GET / HTTP/1.1" 302 - "-" "Python-urllib/2.7"
141.8.147.12 - - [15/Oct/2014:21:19:33 +0200] "GET /robots.txt HTTP/1.1" 404 1256 "-" "Mozilla/5.0 (compatible; YandexBot/3.0; +http://yandex.com/bots)"
141.8.147.12 - - [15/Oct/2014:21:19:36 +0200] "GET / HTTP/1.1" 302 - "-" "Mozilla/5.0 (compatible; YandexBot/3.0; +http://yandex.com/bots)"
46.244.172.85 - - [15/Oct/2014:22:13:56 +0200] "GET / HTTP/1.1" 302 - "-" "Mozilla/5.0 (Windows NT 6.1; WOW64) AppleWebKit/537.36 (KHTML, like Gecko) Chrome/37.0.2062.124 Safari/537.36"
5.9.42.111 - - [15/Oct/2014:22:28:03 +0200] "GET / HTTP/1.1" 302 - "-" "Mozilla/5.0 (X11; U; Linux x86_64; de-DE; rv:32.0) Gecko/20100101 Firefox/32.0"
141.8.147.12 - - [16/Oct/2014:05:53:58 +0200] "GET /robots.txt HTTP/1.1" 404 1256 "-" "Mozilla/5.0 (compatible; YandexBot/3.0; +http://yandex.com/bots)"
141.8.147.12 - - [16/Oct/2014:05:54:00 +0200] "GET / HTTP/1.1" 302 - "-" "Mozilla/5.0 (compatible; YandexBot/3.0; +http://yandex.com/bots)"
128.131.102.100 - - [16/Oct/2014:06:53:03 +0200] "GET / HTTP/1.0" 302 - "-" "Mozilla/5.0 (KeepRight OpenStreetMap Checker; http://keepright.at) Gecko/20100101 Firefox/22.0"
31.13.102.117 - - [16/Oct/2014:08:58:09 +0200] "GET /?fb_locale=de_DE HTTP/1.1" 302 - "-" "facebookexternalhit/1.1 (+http://www.facebook.com/externalhit_uatext.php)"
31.13.102.118 - - [16/Oct/2014:08:58:09 +0200] "GET / HTTP/1.1" 302 - "-" "facebookexternalhit/1.1 (+http://www.facebook.com/externalhit_uatext.php)"
88.198.241.59 - - [16/Oct/2014:11:06:05 +0200] "GET / HTTP/1.1" 302 - "-" "Python-urllib/2.7"
199.58.86.206 - - [16/Oct/2014:11:19:01 +0200] "GET /robots.txt HTTP/1.0" 404 1256 "-" "Mozilla/5.0 (compatible; MJ12bot/v1.4.5; http://www.majestic12.co.uk/bot.php?+)"
199.58.86.206 - - [16/Oct/2014:11:19:03 +0200] "GET / HTTP/1.0" 302 - "-" "Mozilla/5.0 (compatible; MJ12bot/v1.4.5; http://www.majestic12.co.uk/bot.php?+)"
37.5.40.158 - - [16/Oct/2014:11:55:49 +0200] "GET / HTTP/1.1" 302 - "-" "Mozilla/5.0 (Windows NT 6.1; rv:32.0) Gecko/20100101 Firefox/32.0"
80.187.96.223 - - [16/Oct/2014:12:35:25 +0200] "GET / HTTP/1.1" 302 - "-" "Mozilla/5.0 (iPad; CPU OS 8_0_2 like Mac OS X) AppleWebKit/600.1.4 (KHTML, like Gecko) Version/8.0 Mobile/12A405 Safari/600.1.4"
217.89.118.186 - - [16/Oct/2014:13:04:19 +0200] "GET / HTTP/1.1" 302 - "http://crm.stueber.de/index.php?module=Accounts&offset=1&stamp=1413456593059299900&return_module=Accounts&action=DetailView&record=86bb87c2-2b5c-4ef9-9865-ca5ed2537844" "Mozilla/5.0 (Windows NT 6.3; WOW64; rv:32.0) Gecko/20100101 Firefox/32.0"
64.74.215.113 - - [16/Oct/2014:13:28:12 +0200] "HEAD / HTTP/1.1" 302 - "-" "'Mozilla/5.0 (compatible; MSIE 9.0; Windows NT 6.1; Trident/5.0)'"
85.179.0.235 - - [16/Oct/2014:14:36:54 +0200] "GET / HTTP/1.1" 302 - "https://www.google.de/" "Mozilla/5.0 (iPhone; CPU iPhone OS 7_0_4 like Mac OS X) AppleWebKit/537.51.1 (KHTML, like Gecko) Version/7.0 Mobile/11B554a Safari/9537.53"
176.9.207.93 - - [16/Oct/2014:16:59:49 +0200] "GET /include.php?path=contentarchive&type=2&letter=Y&catid=0&themeid=0&searchtext=&entries=0&order=titled HTTP/1.1" 404 1256 "-" "Mozilla/4.0 (compatible; MSIE 6.0; Windows 98; Win 9x4.90)"
87.162.79.162 - - [16/Oct/2014:18:43:58 +0200] "GET / HTTP/1.1" 302 - "-" "Mozilla/5.0 (Windows NT 6.1; WOW64; rv:32.0) Gecko/20100101 Firefox/32.0"
88.198.241.59 - - [16/Oct/2014:19:10:48 +0200] "GET / HTTP/1.1" 302 - "-" "Python-urllib/2.7"
207.46.13.70 - - [17/Oct/2014:00:43:12 +0200] "GET /robots.txt HTTP/1.1" 404 1256 "-" "Mozilla/5.0 (compatible; bingbot/2.0; +http://www.bing.com/bingbot.htm)"
207.46.13.70 - - [17/Oct/2014:00:59:16 +0200] "GET / HTTP/1.1" 302 - "-" "Mozilla/5.0 (compatible; bingbot/2.0; +http://www.bing.com/bingbot.htm)"
178.255.215.68 - - [17/Oct/2014:01:17:35 +0200] "GET /robots.txt HTTP/1.1" 404 1256 "-" "Mozilla/5.0 (compatible; Exabot/3.0; +http://www.exabot.com/go/robot)"
178.255.215.68 - - [17/Oct/2014:01:17:35 +0200] "GET / HTTP/1.1" 302 - "-" "Mozilla/5.0 (compatible; Exabot/3.0; +http://www.exabot.com/go/robot)"
88.198.241.59 - - [17/Oct/2014:01:50:19 +0200] "GET / HTTP/1.1" 302 - "-" "Python-urllib/2.7"
193.175.194.33 - - [17/Oct/2014:02:23:18 +0200] "GET / HTTP/1.1" 302 - "-" "Bildungsserver-Linkchecker DBS 0.9 (http://www.bildungsserver.de)"
192.99.149.88 - - [17/Oct/2014:05:29:47 +0200] "GET /robots.txt HTTP/1.1" 404 1256 "-" "Mozilla/5.0 (Windows NT 6.1; WOW64; Trident/7.0; rv:11.0) like Gecko"
192.99.149.88 - - [17/Oct/2014:05:29:47 +0200] "GET / HTTP/1.1" 302 - "-" "Mozilla/5.0 (Windows NT 6.1; WOW64; Trident/7.0; rv:11.0) like Gecko"
85.179.65.20 - - [17/Oct/2014:09:26:07 +0200] "GET / HTTP/1.1" 302 - "https://www.google.de/" "Mozilla/5.0 (Windows NT 6.1; WOW64) AppleWebKit/537.36 (KHTML, like Gecko) Chrome/37.0.2062.124 Safari/537.36"
77.228.222.105 - - [17/Oct/2014:09:42:50 +0200] "GET / HTTP/1.1" 302 - "http://www.animafestexperience.com/control/cp_escoles.php" "Mozilla/5.0 (Windows NT 6.1; WOW64) AppleWebKit/537.36 (KHTML, like Gecko) Chrome/38.0.2125.104 Safari/537.36"
37.5.40.158 - - [17/Oct/2014:10:11:30 +0200] "GET / HTTP/1.1" 302 - "-" "Mozilla/5.0 (Windows NT 6.1; rv:32.0) Gecko/20100101 Firefox/32.0"
162.210.196.97 - - [17/Oct/2014:10:15:47 +0200] "GET /robots.txt HTTP/1.0" 404 1256 "-" "Mozilla/5.0 (compatible; MJ12bot/v1.4.5; http://www.majestic12.co.uk/bot.php?+)"
162.210.196.97 - - [17/Oct/2014:10:15:49 +0200] "GET / HTTP/1.0" 302 - "-" "Mozilla/5.0 (compatible; MJ12bot/v1.4.5; http://www.majestic12.co.uk/bot.php?+)"
141.8.147.12 - - [17/Oct/2014:10:29:22 +0200] "GET /robots.txt HTTP/1.1" 404 1256 "-" "Mozilla/5.0 (compatible; YandexBot/3.0; +http://yandex.com/bots)"
64.246.161.190 - - [17/Oct/2014:12:34:26 +0200] "GET /robots.txt HTTP/1.0" 404 1256 "-" "Mozilla/5.0 (Windows; U; Windows NT 5.1; en; rv:1.9.0.13) Gecko/2009073022 Firefox/3.5.2 (.NET CLR 3.5.30729) SurveyBot/2.3 (DomainTools)"
64.246.161.190 - - [17/Oct/2014:12:34:26 +0200] "GET / HTTP/1.1" 302 - "http://whois.domaintools.com/fls-berlin.de" "Mozilla/5.0 (Windows; U; Windows NT 5.1; en; rv:1.9.0.13) Gecko/2009073022 Firefox/3.5.2 (.NET CLR 3.5.30729) SurveyBot/2.3 (DomainTools)"
141.8.147.12 - - [17/Oct/2014:12:46:14 +0200] "GET / HTTP/1.1" 302 - "-" "Mozilla/5.0 (compatible; YandexBot/3.0; +http://yandex.com/bots)"
216.145.17.190 - - [17/Oct/2014:14:44:35 +0200] "GET /robots.txt HTTP/1.0" 404 1256 "-" "Mozilla/5.0 (Windows; U; Windows NT 5.1; en; rv:1.9.0.13) Gecko/2009073022 Firefox/3.5.2 (.NET CLR 3.5.30729) SurveyBot/2.3 (DomainTools)"
216.145.17.190 - - [17/Oct/2014:14:44:35 +0200] "GET / HTTP/1.1" 302 - "http://whois.domaintools.com/friedrich-list-berlin.de" "Mozilla/5.0 (Windows; U; Windows NT 5.1; en; rv:1.9.0.13) Gecko/2009073022 Firefox/3.5.2 (.NET CLR 3.5.30729) SurveyBot/2.3 (DomainTools)"
41.207.17.156 - - [17/Oct/2014:14:49:46 +0200] "GET / HTTP/1.1" 302 - "http://www.friedrich-list-berlin.de/" "Opera/9.80 (Windows NT 6.2; Win64; x64) Presto/2.12.388 Version/12.16"
77.248.237.32 - - [17/Oct/2014:14:59:10 +0200] "GET / HTTP/1.1" 302 - "-" "Java/1.4.1_04"
77.248.237.32 - - [17/Oct/2014:14:59:12 +0200] "GET /fls_1_aktuelles.php HTTP/1.1" 404 1256 "-" "Java/1.4.1_04"
77.248.237.32 - - [17/Oct/2014:14:59:12 +0200] "GET /fls_2_fremdsprachensekr.php HTTP/1.1" 404 1256 "-" "Java/1.4.1_04"
77.248.237.32 - - [17/Oct/2014:14:59:12 +0200] "GET /fls_3_blog.php HTTP/1.1" 404 1256 "-" "Java/1.4.1_04"
77.248.237.32 - - [17/Oct/2014:14:59:12 +0200] "GET /fls_4_faq.php HTTP/1.1" 404 1256 "-" "Java/1.4.1_04"
77.248.237.32 - - [17/Oct/2014:14:59:12 +0200] "GET /fls_4_impressum.php HTTP/1.1" 404 1256 "-" "Java/1.4.1_04"
77.248.237.32 - - [17/Oct/2014:14:59:12 +0200] "GET /fls_4_kontakt_anmeldung.php HTTP/1.1" 404 1256 "-" "Java/1.4.1_04"
77.248.237.32 - - [17/Oct/2014:14:59:13 +0200] "GET /index.php HTTP/1.1" 302 - "-" "Java/1.4.1_04"
77.248.237.32 - - [17/Oct/2014:14:59:14 +0200] "GET /index_en.php HTTP/1.1" 404 1256 "-" "Java/1.4.1_04"
77.248.237.32 - - [17/Oct/2014:14:59:14 +0200] "GET /index_fr.php HTTP/1.1" 404 1256 "-" "Java/1.4.1_04"
77.248.237.32 - - [17/Oct/2014:14:59:14 +0200] "GET /index_sp.php HTTP/1.1" 404 1256 "-" "Java/1.4.1_04"
77.248.237.32 - - [17/Oct/2014:14:59:14 +0200] "GET /& HTTP/1.1" 404 1256 "-" "Java/1.4.1_04"
77.248.237.32 - - [17/Oct/2014:14:59:14 +0200] "GET /& HTTP/1.1" 404 1256 "-" "Java/1.4.1_04"
77.248.237.32 - - [17/Oct/2014:14:59:14 +0200] "GET /& HTTP/1.1" 404 1256 "-" "Java/1.4.1_04"
77.248.237.32 - - [17/Oct/2014:14:59:14 +0200] "GET /& HTTP/1.1" 404 1256 "-" "Java/1.4.1_04"
77.248.237.32 - - [17/Oct/2014:14:59:14 +0200] "GET /& HTTP/1.1" 404 1256 "-" "Java/1.4.1_04"
77.248.237.32 - - [17/Oct/2014:14:59:14 +0200] "GET /& HTTP/1.1" 404 1256 "-" "Java/1.4.1_04"
77.248.237.32 - - [17/Oct/2014:14:59:14 +0200] "GET /& HTTP/1.1" 404 1256 "-" "Java/1.4.1_04"
77.248.237.32 - - [17/Oct/2014:14:59:15 +0200] "GET /& HTTP/1.1" 404 1256 "-" "Java/1.4.1_04"
77.248.237.32 - - [17/Oct/2014:14:59:15 +0200] "GET /& HTTP/1.1" 404 1256 "-" "Java/1.4.1_04"
77.248.237.32 - - [17/Oct/2014:14:59:15 +0200] "GET /& HTTP/1.1" 404 1256 "-" "Java/1.4.1_04"
77.248.237.32 - - [17/Oct/2014:14:59:15 +0200] "GET /& HTTP/1.1" 404 1256 "-" "Java/1.4.1_04"
77.248.237.32 - - [17/Oct/2014:14:59:15 +0200] "GET /& HTTP/1.1" 404 1256 "-" "Java/1.4.1_04"
77.248.237.32 - - [17/Oct/2014:14:59:15 +0200] "GET /& HTTP/1.1" 404 1256 "-" "Java/1.4.1_04"
77.248.237.32 - - [17/Oct/2014:14:59:15 +0200] "GET /& HTTP/1.1" 404 1256 "-" "Java/1.4.1_04"
77.248.237.32 - - [17/Oct/2014:14:59:15 +0200] "GET /& HTTP/1.1" 404 1256 "-" "Java/1.4.1_04"
77.248.237.32 - - [17/Oct/2014:14:59:15 +0200] "GET /& HTTP/1.1" 404 1256 "-" "Java/1.4.1_04"
77.248.237.32 - - [17/Oct/2014:14:59:15 +0200] "GET /& HTTP/1.1" 404 1256 "-" "Java/1.4.1_04"
77.248.237.32 - - [17/Oct/2014:14:59:15 +0200] "GET /& HTTP/1.1" 404 1256 "-" "Java/1.4.1_04"
77.248.237.32 - - [17/Oct/2014:14:59:15 +0200] "GET /& HTTP/1.1" 404 1256 "-" "Java/1.4.1_04"
77.248.237.32 - - [17/Oct/2014:14:59:15 +0200] "GET /& HTTP/1.1" 404 1256 "-" "Java/1.4.1_04"
68.180.228.168 - - [17/Oct/2014:16:25:48 +0200] "GET /robots.txt HTTP/1.1" 404 1256 "-" "Mozilla/5.0 (compatible; Yahoo! Slurp; http://help.yahoo.com/help/us/ysearch/slurp)"
68.180.228.168 - - [17/Oct/2014:16:25:48 +0200] "GET / HTTP/1.1" 302 - "-" "Mozilla/5.0 (compatible; Yahoo! Slurp; http://help.yahoo.com/help/us/ysearch/slurp)"
87.162.79.162 - - [17/Oct/2014:17:59:45 +0200] "GET / HTTP/1.1" 302 - "-" "Mozilla/5.0 (Windows NT 6.1; WOW64; rv:32.0) Gecko/20100101 Firefox/32.0"
178.255.215.70 - - [17/Oct/2014:19:41:13 +0200] "GET /robots.txt HTTP/1.1" 404 1256 "-" "Mozilla/5.0 (compatible; Exabot/3.0; +http://www.exabot.com/go/robot)"
178.255.215.70 - - [17/Oct/2014:19:41:13 +0200] "GET / HTTP/1.1" 302 - "-" "Mozilla/5.0 (compatible; Exabot/3.0; +http://www.exabot.com/go/robot)"
176.9.50.42 - - [17/Oct/2014:19:52:18 +0200] "GET /include.php?path=contentarchive&type=2&letter=A&catid=0&themeid=0&searchtext=&entries=0&order=titled HTTP/1.1" 404 1256 "-" "Mozilla/4.0 (compatible; MSIE 6.0; Windows 98; Win 9x4.90)"
192.99.149.88 - - [17/Oct/2014:20:44:54 +0200] "GET /robots.txt HTTP/1.1" 404 1256 "-" "Mozilla/5.0 (Windows NT 6.1; WOW64; Trident/7.0; rv:11.0) like Gecko"
192.99.149.88 - - [17/Oct/2014:20:44:54 +0200] "GET / HTTP/1.1" 302 - "-" "Mozilla/5.0 (Windows NT 6.1; WOW64; Trident/7.0; rv:11.0) like Gecko"
141.8.147.12 - - [17/Oct/2014:21:17:47 +0200] "GET /robots.txt HTTP/1.1" 404 1256 "-" "Mozilla/5.0 (compatible; YandexBot/3.0; +http://yandex.com/bots)"
141.8.147.12 - - [17/Oct/2014:21:17:49 +0200] "GET / HTTP/1.1" 302 - "-" "Mozilla/5.0 (compatible; YandexBot/3.0; +http://yandex.com/bots)"
148.251.234.168 - - [17/Oct/2014:22:27:47 +0200] "GET /robots.txt HTTP/1.1" 404 1256 "-" "Mozilla/5.0 (X11; U; Linux x86_64; de-DE; rv:32.0) Gecko/20100101 Firefox/32.0"
148.251.234.168 - - [17/Oct/2014:22:27:47 +0200] "GET / HTTP/1.1" 302 - "-" "Mozilla/5.0 (X11; U; Linux x86_64; de-DE; rv:32.0) Gecko/20100101 Firefox/32.0"
69.58.178.57 - - [17/Oct/2014:22:48:22 +0200] "GET /robots.txt HTTP/1.1" 404 1256 "-" "Mozilla/5.0 (X11; Ubuntu; Linux i686; rv:14.0; ips-agent) Gecko/20100101 Firefox/14.0.1"
69.58.178.57 - - [17/Oct/2014:22:48:23 +0200] "GET / HTTP/1.1" 302 - "-" "Mozilla/5.0 (X11; Ubuntu; Linux i686; rv:14.0; ips-agent) Gecko/20100101 Firefox/14.0.1"
66.249.78.70 - - [18/Oct/2014:04:13:02 +0200] "GET /robots.txt HTTP/1.1" 404 1256 "-" "Mozilla/5.0 (compatible; Googlebot/2.1; +http://www.google.com/bot.html)"
66.249.78.70 - - [18/Oct/2014:04:13:02 +0200] "GET / HTTP/1.1" 302 - "-" "Mozilla/5.0 (compatible; Googlebot/2.1; +http://www.google.com/bot.html)"
188.138.41.141 - - [18/Oct/2014:05:24:28 +0200] "GET / HTTP/1.1" 302 - "-" "Mozilla/5.0 (Windows NT 6.1; rv:24.0) Gecko/20100101 Firefox/24.0"
188.138.41.141 - - [18/Oct/2014:05:24:47 +0200] "GET /robots.txt HTTP/1.1" 404 1256 "-" "Mozilla/5.0 (Windows NT 6.1; rv:24.0) Gecko/20100101 Firefox/24.0"
188.138.41.141 - - [18/Oct/2014:05:24:50 +0200] "GET / HTTP/1.1" 302 - "-" "Mozilla/5.0 (X11; U; Linux i686; de; rv:1.9.0.1; compatible; iCjobs Stellenangebote Jobs; http://www.icjobs.de) Gecko/20100401 iCjobs/3.2.3"
188.138.41.141 - - [18/Oct/2014:05:24:59 +0200] "GET / HTTP/1.1" 302 - "-" "Mozilla/5.0 (Windows NT 6.1; rv:24.0) Gecko/20100101 Firefox/24.0"
188.138.41.141 - - [18/Oct/2014:05:25:14 +0200] "GET /favicon.ico HTTP/1.1" 404 1256 "-" "Mozilla/5.0 (Windows NT 6.1; rv:24.0) Gecko/20100101 Firefox/24.0"
188.138.41.141 - - [18/Oct/2014:05:25:15 +0200] "GET / HTTP/1.1" 302 - "-" "Mozilla/5.0 (Windows NT 6.1; rv:24.0) Gecko/20100101 Firefox/24.0"
192.99.149.88 - - [18/Oct/2014:07:10:31 +0200] "GET / HTTP/1.1" 302 - "-" "Mozilla/5.0 (Windows NT 6.1; WOW64; Trident/7.0; rv:11.0) like Gecko"
176.9.207.94 - - [18/Oct/2014:10:23:30 +0200] "GET /include.php?path=contentarchive&type=2&catid=0&letter=&entries=0&searchtext=&order=date HTTP/1.1" 404 1256 "-" "Mozilla/4.0 (compatible; MSIE 6.0; Windows 98; Win 9x4.90)"
192.99.9.164 - - [18/Oct/2014:10:48:49 +0200] "GET / HTTP/1.1" 302 - "-" "Mozilla/5.0 (Macintosh; Intel Mac OS X 10_8_4) AppleWebKit/537.36 (KHTML, like Gecko) Chrome/27.0.1453.110 Safari/537.36"
141.8.147.12 - - [18/Oct/2014:11:04:21 +0200] "GET /robots.txt HTTP/1.1" 404 1256 "-" "Mozilla/5.0 (compatible; YandexBot/3.0; +http://yandex.com/bots)"
141.8.147.12 - - [18/Oct/2014:11:04:23 +0200] "GET /fls_1_aktuelles.php HTTP/1.1" 404 1256 "-" "Mozilla/5.0 (compatible; YandexBot/3.0; +http://yandex.com/bots)"
141.8.147.12 - - [18/Oct/2014:11:04:25 +0200] "GET /fls_2_fremdsprachensekr.php HTTP/1.1" 404 1256 "-" "Mozilla/5.0 (compatible; YandexBot/3.0; +http://yandex.com/bots)"
141.8.147.12 - - [18/Oct/2014:11:04:27 +0200] "GET /fls_1_aktuelles.php?artid=50 HTTP/1.1" 404 1256 "-" "Mozilla/5.0 (compatible; YandexBot/3.0; +http://yandex.com/bots)"
141.8.147.12 - - [18/Oct/2014:11:04:29 +0200] "GET /index_fr.php HTTP/1.1" 404 1256 "-" "Mozilla/5.0 (compatible; YandexBot/3.0; +http://yandex.com/bots)"
141.8.147.12 - - [18/Oct/2014:11:04:32 +0200] "GET /fls_4_kontakt_anmeldung.php HTTP/1.1" 404 1256 "-" "Mozilla/5.0 (compatible; YandexBot/3.0; +http://yandex.com/bots)"
141.8.147.12 - - [18/Oct/2014:11:04:34 +0200] "GET /fls_2_berufsfachschule.php HTTP/1.1" 404 1256 "-" "Mozilla/5.0 (compatible; YandexBot/3.0; +http://yandex.com/bots)"
141.8.147.12 - - [18/Oct/2014:11:04:36 +0200] "GET /fls_4_impressum.php HTTP/1.1" 404 1256 "-" "Mozilla/5.0 (compatible; YandexBot/3.0; +http://yandex.com/bots)"
141.8.147.12 - - [18/Oct/2014:11:04:38 +0200] "GET /index_en.php HTTP/1.1" 404 1256 "-" "Mozilla/5.0 (compatible; YandexBot/3.0; +http://yandex.com/bots)"
141.8.147.12 - - [18/Oct/2014:11:04:40 +0200] "GET /index_sp.php HTTP/1.1" 404 1256 "-" "Mozilla/5.0 (compatible; YandexBot/3.0; +http://yandex.com/bots)"
141.8.147.12 - - [18/Oct/2014:11:04:42 +0200] "GET /fls_2_fremdsprachenkorr.php HTTP/1.1" 404 1256 "-" "Mozilla/5.0 (compatible; YandexBot/3.0; +http://yandex.com/bots)"
141.8.147.12 - - [18/Oct/2014:11:04:44 +0200] "GET /fls_2_europakorr.php HTTP/1.1" 404 1256 "-" "Mozilla/5.0 (compatible; YandexBot/3.0; +http://yandex.com/bots)"
141.8.147.12 - - [18/Oct/2014:11:04:46 +0200] "GET /fls_2_kurs_ecbm_london.php HTTP/1.1" 404 1256 "-" "Mozilla/5.0 (compatible; YandexBot/3.0; +http://yandex.com/bots)"
92.224.235.28 - - [18/Oct/2014:12:50:18 +0200] "GET / HTTP/1.1" 302 - "-" "Mozilla/5.0 (Linux; Android 4.2.2; de-de; SAMSUNG GT-I9195 Build/JDQ39) AppleWebKit/535.19 (KHTML, like Gecko) Version/1.0 Chrome/18.0.1025.308 Mobile Safari/535.19"
85.178.128.1 - - [18/Oct/2014:14:20:08 +0200] "GET / HTTP/1.1" 302 - "https://www.google.de/" "Mozilla/5.0 (Linux; U; Android 4.1.1; de-de; HTC_Desire_X Build/JRO03C) AppleWebKit/534.30 (KHTML, like Gecko) Version/4.0 Mobile Safari/534.30"
92.224.235.28 - - [18/Oct/2014:16:18:44 +0200] "GET / HTTP/1.1" 302 - "-" "Mozilla/5.0 (iPad; CPU OS 7_1_1 like Mac OS X) AppleWebKit/537.51.2 (KHTML, like Gecko) Version/7.0 Mobile/11D201 Safari/9537.53"
66.249.78.77 - - [18/Oct/2014:18:02:43 +0200] "GET /robots.txt HTTP/1.1" 404 1256 "-" "Mozilla/5.0 (compatible; Googlebot/2.1; +http://www.google.com/bot.html)"
85.178.128.1 - - [18/Oct/2014:20:29:45 +0200] "GET / HTTP/1.1" 302 - "https://www.google.de/" "Mozilla/5.0 (Linux; U; Android 4.1.1; de-de; HTC_Desire_X Build/JRO03C) AppleWebKit/534.30 (KHTML, like Gecko) Version/4.0 Mobile Safari/534.30"
92.225.5.195 - - [18/Oct/2014:21:22:09 +0200] "GET / HTTP/1.1" 302 - "https://www.google.de/" "Mozilla/5.0 (Linux; Android 4.4.3; HTC One Build/KTU84L) AppleWebKit/537.36 (KHTML, like Gecko) Chrome/37.0.2062.117 Mobile Safari/537.36"
78.53.194.147 - - [18/Oct/2014:22:08:01 +0200] "GET / HTTP/1.1" 302 - "-" "Mozilla/5.0 (iPad; CPU OS 7_1_1 like Mac OS X) AppleWebKit/537.51.2 (KHTML, like Gecko) Version/7.0 Mobile/11D201 Safari/9537.53"
87.160.160.19 - - [18/Oct/2014:22:58:47 +0200] "GET / HTTP/1.1" 302 - "http://de.linkedin.com/lite/external-redirect?url=http%3A%2F%2Fwww%2Efriedrich-list-berlin%2Ede&urlHash=KTS0" "Mozilla/5.0 (Windows NT 6.1; rv:33.0) Gecko/20100101 Firefox/33.0"
192.99.149.88 - - [19/Oct/2014:06:36:03 +0200] "GET /robots.txt HTTP/1.1" 404 1256 "-" "Mozilla/5.0 (Windows NT 6.1; WOW64; Trident/7.0; rv:11.0) like Gecko"
192.99.149.88 - - [19/Oct/2014:06:36:03 +0200] "GET / HTTP/1.1" 302 - "-" "Mozilla/5.0 (Windows NT 6.1; WOW64; Trident/7.0; rv:11.0) like Gecko"
192.99.149.88 - - [19/Oct/2014:06:38:28 +0200] "GET /robots.txt HTTP/1.1" 404 1256 "-" "Mozilla/5.0 (Windows NT 6.1; WOW64; Trident/7.0; rv:11.0) like Gecko"
192.99.149.88 - - [19/Oct/2014:06:38:28 +0200] "GET / HTTP/1.1" 302 - "-" "Mozilla/5.0 (Windows NT 6.1; WOW64; Trident/7.0; rv:11.0) like Gecko"
85.178.131.159 - - [19/Oct/2014:07:59:10 +0200] "GET / HTTP/1.1" 302 - "https://www.google.de/" "Mozilla/5.0 (Linux; U; Android 4.1.1; de-de; HTC_Desire_X Build/JRO03C) AppleWebKit/534.30 (KHTML, like Gecko) Version/4.0 Mobile Safari/534.30"
46.165.167.194 - - [19/Oct/2014:08:09:30 +0200] "GET / HTTP/1.1" 302 - "-" "Mozilla/5.0 (Windows NT 6.1; Win64; x64; Trident/7.0; rv:11.0) like Gecko"
46.165.167.194 - - [19/Oct/2014:08:09:30 +0200] "GET / HTTP/1.1" 302 - "-" "Mozilla/5.0 (Windows NT 6.1; Win64; x64; Trident/7.0; rv:11.0) like Gecko"
150.70.173.50 - - [19/Oct/2014:08:10:11 +0200] "GET / HTTP/1.1" 302 - "-" "Mozilla/4.0 (compatible; MSIE 8.0; Windows NT 5.1; Trident/4.0)"
85.178.131.159 - - [19/Oct/2014:08:14:34 +0200] "GET / HTTP/1.1" 302 - "https://www.google.de/" "Mozilla/5.0 (Linux; U; Android 4.1.1; de-de; HTC_Desire_X Build/JRO03C) AppleWebKit/534.30 (KHTML, like Gecko) Version/4.0 Mobile Safari/534.30"
178.27.216.147 - - [19/Oct/2014:09:20:58 +0200] "GET / HTTP/1.1" 302 - "http://l.facebook.com/l.php?u=http%3A%2F%2Fwww.friedrich-list-berlin.de%2F&h=CAQG3R4x3&s=1" "Mozilla/5.0 (Macintosh; Intel Mac OS X 10.9; rv:33.0) Gecko/20100101 Firefox/33.0"
173.252.101.113 - - [19/Oct/2014:09:20:59 +0200] "GET / HTTP/1.1" 302 - "-" "facebookexternalhit/1.1 (+http://www.facebook.com/externalhit_uatext.php)"
108.59.8.80 - - [19/Oct/2014:09:32:15 +0200] "GET /robots.txt HTTP/1.0" 404 1256 "-" "Mozilla/5.0 (compatible; MJ12bot/v1.4.5; http://www.majestic12.co.uk/bot.php?+)"
108.59.8.80 - - [19/Oct/2014:09:32:17 +0200] "GET / HTTP/1.0" 302 - "-" "Mozilla/5.0 (compatible; MJ12bot/v1.4.5; http://www.majestic12.co.uk/bot.php?+)"
208.115.111.69 - - [19/Oct/2014:10:45:48 +0200] "GET /robots.txt HTTP/1.1" 404 1256 "-" "Mozilla/5.0 (compatible; DotBot/1.1; http://www.opensiteexplorer.org/dotbot, help@moz.com)"
208.115.111.69 - - [19/Oct/2014:11:08:49 +0200] "GET / HTTP/1.1" 302 - "-" "Mozilla/5.0 (compatible; DotBot/1.1; http://www.opensiteexplorer.org/dotbot, help@moz.com)"
141.8.189.110 - - [19/Oct/2014:11:26:29 +0200] "GET /robots.txt HTTP/1.1" 404 1256 "-" "Mozilla/5.0 (compatible; YandexBot/3.0; +http://yandex.com/bots)"
85.178.131.159 - - [19/Oct/2014:11:27:15 +0200] "GET / HTTP/1.1" 302 - "https://www.google.de/" "Mozilla/5.0 (Linux; U; Android 4.1.1; de-de; HTC_Desire_X Build/JRO03C) AppleWebKit/534.30 (KHTML, like Gecko) Version/4.0 Mobile Safari/534.30"
123.118.169.140 - - [19/Oct/2014:11:36:19 +0200] "GET / HTTP/1.1" 302 - "-" "WhatWeb/0.4.8-dev"
85.178.131.159 - - [19/Oct/2014:15:44:51 +0200] "GET / HTTP/1.1" 302 - "https://www.google.de/" "Mozilla/5.0 (Linux; U; Android 4.1.1; de-de; HTC_Desire_X Build/JRO03C) AppleWebKit/534.30 (KHTML, like Gecko) Version/4.0 Mobile Safari/534.30"
141.8.147.12 - - [19/Oct/2014:19:04:09 +0200] "GET /robots.txt HTTP/1.1" 404 1256 "-" "Mozilla/5.0 (compatible; YandexBot/3.0; +http://yandex.com/bots)"
141.8.147.12 - - [19/Oct/2014:19:04:12 +0200] "GET / HTTP/1.1" 302 - "-" "Mozilla/5.0 (compatible; YandexBot/3.0; +http://yandex.com/bots)"
107.170.128.158 - - [19/Oct/2014:21:30:18 +0200] "GET /robots.txt HTTP/1.1" 404 1256 "-" "Mozilla/5.0 (compatible; spbot/4.3.0; +http://OpenLinkProfiler.org/bot )"
107.170.128.158 - - [19/Oct/2014:21:30:22 +0200] "GET / HTTP/1.1" 302 - "-" "Mozilla/5.0 (compatible; spbot/4.3.0; +http://OpenLinkProfiler.org/bot )"
178.255.215.68 - - [19/Oct/2014:21:43:08 +0200] "GET /robots.txt HTTP/1.1" 404 1256 "-" "Mozilla/5.0 (compatible; Exabot/3.0; +http://www.exabot.com/go/robot)"
178.255.215.68 - - [19/Oct/2014:21:43:08 +0200] "GET / HTTP/1.1" 302 - "-" "Mozilla/5.0 (compatible; Exabot/3.0; +http://www.exabot.com/go/robot)"
92.229.42.217 - - [19/Oct/2014:21:44:28 +0200] "GET / HTTP/1.1" 302 - "-" "Mozilla/5.0 (Linux; Android 4.4.2; de-de; SAMSUNG GT-I9515 Build/KOT49H) AppleWebKit/537.36 (KHTML, like Gecko) Version/1.5 Chrome/28.0.1500.94 Mobile Safari/537.36"
192.99.149.88 - - [19/Oct/2014:23:24:38 +0200] "GET /robots.txt HTTP/1.1" 404 1256 "-" "Mozilla/5.0 (Windows NT 6.1; WOW64; Trident/7.0; rv:11.0) like Gecko"
