208.115.111.69 - - [07/Apr/2014:06:40:33 +0200] "GET /robots.txt HTTP/1.1" 404 1256 "-" "Mozilla/5.0 (compatible; Ezooms/1.0; help@moz.com)"
188.106.102.212 - - [07/Apr/2014:08:10:33 +0200] "GET / HTTP/1.1" 302 - "-" "Mozilla/5.0 (Windows NT 6.1; rv:28.0) Gecko/20100101 Firefox/28.0"
208.115.111.69 - - [07/Apr/2014:08:37:59 +0200] "GET /include.php?path=contentarchive&type=2&letter=L&catid=0&themeid=0&searchtext=&entries=0&order=title HTTP/1.1" 404 1256 "-" "Mozilla/5.0 (compatible; Ezooms/1.0; help@moz.com)"
208.115.111.69 - - [07/Apr/2014:08:38:02 +0200] "GET /include.php?path=contentarchive&type=3&letter=0-9&catid=0&themeid=0&searchtext=&entries=0&order= HTTP/1.1" 404 1256 "-" "Mozilla/5.0 (compatible; Ezooms/1.0; help@moz.com)"
5.9.20.44 - - [07/Apr/2014:09:06:23 +0200] "GET / HTTP/1.1" 302 - "-" "Mozilla/5.0 (X11; Ubuntu; Linux x86_64; rv:27.0) Gecko/20100101 Firefox/27.0"
79.195.178.196 - - [07/Apr/2014:09:33:46 +0200] "GET / HTTP/1.1" 302 - "http://www.google.de/url?sa=t&rct=j&q=&esrc=s&source=web&cd=4&cad=rja&uact=8&ved=0CFgQoAIwAw&url=http%3A%2F%2Fwww.friedrich-list-berlin.de%2F&ei=U1RCU6MdhI-zBrDTgbAO&usg=AFQjCNGsKs3TvBQ4z91zrYvo9_SfKi5nug&bvm=bv.64367178,d.Yms" "Mozilla/5.0 (Windows NT 6.1; WOW64; rv:28.0) Gecko/20100101 Firefox/28.0"
92.225.16.19 - - [07/Apr/2014:10:13:38 +0200] "GET / HTTP/1.1" 302 - "-" "Mozilla/5.0 (Macintosh; Intel Mac OS X 10.9; rv:27.0) Gecko/20100101 Firefox/27.0"
208.115.111.69 - - [07/Apr/2014:10:33:55 +0200] "GET /robots.txt HTTP/1.1" 404 1256 "-" "Mozilla/5.0 (compatible; Ezooms/1.0; help@moz.com)"
24.103.70.234 - - [07/Apr/2014:11:20:57 +0200] "GET / HTTP/1.1" 302 - "-" "Java/1.6.0_04"
24.103.70.234 - - [07/Apr/2014:11:20:58 +0200] "GET /fls_1_aktuelles.php HTTP/1.1" 404 1256 "-" "Java/1.6.0_04"
24.103.70.234 - - [07/Apr/2014:11:20:58 +0200] "GET /fls_2_fremdsprachensekr.php HTTP/1.1" 404 1256 "-" "Java/1.6.0_04"
24.103.70.234 - - [07/Apr/2014:11:20:59 +0200] "GET /fls_3_fls_international.php HTTP/1.1" 404 1256 "-" "Java/1.6.0_04"
24.103.70.234 - - [07/Apr/2014:11:20:59 +0200] "GET /fls_4_faq.php HTTP/1.1" 404 1256 "-" "Java/1.6.0_04"
24.103.70.234 - - [07/Apr/2014:11:20:59 +0200] "GET /fls_4_impressum.php HTTP/1.1" 404 1256 "-" "Java/1.6.0_04"
24.103.70.234 - - [07/Apr/2014:11:20:59 +0200] "GET /fls_4_kontakt_anmeldung.php HTTP/1.1" 404 1256 "-" "Java/1.6.0_04"
24.103.70.234 - - [07/Apr/2014:11:20:59 +0200] "GET /index.php HTTP/1.1" 302 - "-" "Java/1.6.0_04"
24.103.70.234 - - [07/Apr/2014:11:21:00 +0200] "GET /index_en.php HTTP/1.1" 404 1256 "-" "Java/1.6.0_04"
24.103.70.234 - - [07/Apr/2014:11:21:00 +0200] "GET /index_fr.php HTTP/1.1" 404 1256 "-" "Java/1.6.0_04"
24.103.70.234 - - [07/Apr/2014:11:21:00 +0200] "GET /index_sp.php HTTP/1.1" 404 1256 "-" "Java/1.6.0_04"
24.103.70.234 - - [07/Apr/2014:11:21:01 +0200] "GET /& HTTP/1.1" 404 1256 "-" "Java/1.6.0_04"
24.103.70.234 - - [07/Apr/2014:11:21:01 +0200] "GET /& HTTP/1.1" 404 1256 "-" "Java/1.6.0_04"
24.103.70.234 - - [07/Apr/2014:11:21:01 +0200] "GET /& HTTP/1.1" 404 1256 "-" "Java/1.6.0_04"
24.103.70.234 - - [07/Apr/2014:11:21:01 +0200] "GET /& HTTP/1.1" 404 1256 "-" "Java/1.6.0_04"
24.103.70.234 - - [07/Apr/2014:11:21:01 +0200] "GET /& HTTP/1.1" 404 1256 "-" "Java/1.6.0_04"
24.103.70.234 - - [07/Apr/2014:11:21:02 +0200] "GET /& HTTP/1.1" 404 1256 "-" "Java/1.6.0_04"
24.103.70.234 - - [07/Apr/2014:11:21:02 +0200] "GET /& HTTP/1.1" 404 1256 "-" "Java/1.6.0_04"
24.103.70.234 - - [07/Apr/2014:11:21:02 +0200] "GET /& HTTP/1.1" 404 1256 "-" "Java/1.6.0_04"
24.103.70.234 - - [07/Apr/2014:11:21:02 +0200] "GET /& HTTP/1.1" 404 1256 "-" "Java/1.6.0_04"
24.103.70.234 - - [07/Apr/2014:11:21:03 +0200] "GET /& HTTP/1.1" 404 1256 "-" "Java/1.6.0_04"
24.103.70.234 - - [07/Apr/2014:11:21:03 +0200] "GET /& HTTP/1.1" 404 1256 "-" "Java/1.6.0_04"
24.103.70.234 - - [07/Apr/2014:11:21:03 +0200] "GET /& HTTP/1.1" 404 1256 "-" "Java/1.6.0_04"
24.103.70.234 - - [07/Apr/2014:11:21:03 +0200] "GET /& HTTP/1.1" 404 1256 "-" "Java/1.6.0_04"
24.103.70.234 - - [07/Apr/2014:11:21:03 +0200] "GET /& HTTP/1.1" 404 1256 "-" "Java/1.6.0_04"
24.103.70.234 - - [07/Apr/2014:11:21:04 +0200] "GET /& HTTP/1.1" 404 1256 "-" "Java/1.6.0_04"
24.103.70.234 - - [07/Apr/2014:11:21:04 +0200] "GET /& HTTP/1.1" 404 1256 "-" "Java/1.6.0_04"
24.103.70.234 - - [07/Apr/2014:11:21:04 +0200] "GET /& HTTP/1.1" 404 1256 "-" "Java/1.6.0_04"
24.103.70.234 - - [07/Apr/2014:11:21:04 +0200] "GET /& HTTP/1.1" 404 1256 "-" "Java/1.6.0_04"
24.103.70.234 - - [07/Apr/2014:11:21:04 +0200] "GET /& HTTP/1.1" 404 1256 "-" "Java/1.6.0_04"
24.103.70.234 - - [07/Apr/2014:11:21:05 +0200] "GET /& HTTP/1.1" 404 1256 "-" "Java/1.6.0_04"
208.115.111.69 - - [07/Apr/2014:12:24:54 +0200] "GET /include.php?path=content&contentid=76&nid=27 HTTP/1.1" 404 1256 "-" "Mozilla/5.0 (compatible; Ezooms/1.0; help@moz.com)"
208.115.113.85 - - [07/Apr/2014:12:34:08 +0200] "GET /robots.txt HTTP/1.1" 404 1256 "-" "Mozilla/5.0 (compatible; Ezooms/1.0; help@moz.com)"
37.5.42.107 - - [07/Apr/2014:12:57:25 +0200] "GET / HTTP/1.1" 302 - "-" "Mozilla/5.0 (Windows NT 5.1; rv:8.0.1) Gecko/20100101 Firefox/8.0.1"
37.5.42.107 - - [07/Apr/2014:13:01:50 +0200] "GET / HTTP/1.1" 302 - "-" "Mozilla/5.0 (Windows NT 5.1; rv:8.0.1) Gecko/20100101 Firefox/8.0.1"
208.115.113.85 - - [07/Apr/2014:14:39:45 +0200] "GET /include.php?path=contentarchive&type=2&letter=W&catid=0&themeid=0&searchtext=&entries=0&order= HTTP/1.1" 404 1256 "-" "Mozilla/5.0 (compatible; Ezooms/1.0; help@moz.com)"
208.115.113.85 - - [07/Apr/2014:16:38:53 +0200] "GET /robots.txt HTTP/1.1" 404 1256 "-" "Mozilla/5.0 (compatible; Ezooms/1.0; help@moz.com)"
83.233.207.74 - - [07/Apr/2014:16:39:46 +0200] "GET / HTTP/1.1" 302 - "-" "Mozilla/4.0 (CMS Crawler: http://www.cmscrawler.com)"
188.165.195.156 - - [07/Apr/2014:16:42:39 +0200] "HEAD / HTTP/1.1" 302 - "-" "Mozilla/4.0 (compatible; MSIE 5.01; Windows NT 5.0)"
208.115.111.69 - - [07/Apr/2014:18:35:00 +0200] "GET /robots.txt HTTP/1.1" 404 1256 "-" "Mozilla/5.0 (compatible; Ezooms/1.0; help@moz.com)"
77.21.138.229 - - [07/Apr/2014:18:35:18 +0200] "GET / HTTP/1.1" 302 - "http://l.facebook.com/l.php?u=http%3A%2F%2Fwww.friedrich-list-berlin.de%2F&h=kAQFdB0H4&enc=AZNcpIxerjzP_au1sEBQdVTLiNWwjiAt3zO_ADEhLtLP4MTxitzJ80QGWBsWtxpTeKuopoTPcqx_2R7lsDl5hp8Z2VI25eNtissWmiVSD2sR3w&s=1" "Mozilla/5.0 (Windows NT 6.1; rv:28.0) Gecko/20100101 Firefox/28.0"
208.115.113.85 - - [07/Apr/2014:18:41:20 +0200] "GET /include.php?path=contentarchive&type=2&letter=J&catid=0&themeid=0&searchtext=&entries=0&order= HTTP/1.1" 404 1256 "-" "Mozilla/5.0 (compatible; Ezooms/1.0; help@moz.com)"
108.59.8.80 - - [07/Apr/2014:19:13:26 +0200] "GET /robots.txt HTTP/1.0" 404 1256 "-" "Mozilla/5.0 (compatible; MJ12bot/v1.4.4; http://www.majestic12.co.uk/bot.php?+)"
108.59.8.80 - - [07/Apr/2014:19:13:28 +0200] "GET / HTTP/1.0" 302 - "-" "Mozilla/5.0 (compatible; MJ12bot/v1.4.4; http://www.majestic12.co.uk/bot.php?+)"
141.8.147.12 - - [07/Apr/2014:19:36:17 +0200] "GET /robots.txt HTTP/1.1" 404 1256 "-" "Mozilla/5.0 (compatible; YandexBot/3.0; +http://yandex.com/bots)"
141.8.147.12 - - [07/Apr/2014:19:36:19 +0200] "GET / HTTP/1.1" 302 - "-" "Mozilla/5.0 (compatible; YandexBot/3.0; +http://yandex.com/bots)"
208.115.111.69 - - [07/Apr/2014:20:23:35 +0200] "GET /include.php?path=contentarchive&type=2&letter=F&catid=0&themeid=0&searchtext=&entries=0&order= HTTP/1.1" 404 1256 "-" "Mozilla/5.0 (compatible; Ezooms/1.0; help@moz.com)"
208.90.57.196 - - [07/Apr/2014:21:03:47 +0200] "GET / HTTP/1.1" 302 - "-" "Mozilla/5.0 (Macintosh; Intel Mac OS X 10.6; rv:2.0.1) Gecko/20100101 Firefox/4.0.1"
178.255.215.70 - - [07/Apr/2014:21:59:50 +0200] "GET /robots.txt HTTP/1.1" 404 1256 "-" "Mozilla/5.0 (compatible; Exabot/3.0; +http://www.exabot.com/go/robot)"
178.255.215.70 - - [07/Apr/2014:21:59:50 +0200] "GET /?path=content&contentid=8 HTTP/1.1" 302 - "-" "Mozilla/5.0 (compatible; Exabot/3.0; +http://www.exabot.com/go/robot)"
109.45.2.151 - - [07/Apr/2014:23:28:57 +0200] "GET / HTTP/1.1" 302 - "http://www.yelp.com/biz_redir?url=http%3A%2F%2Fwww.friedrich-list-berlin.de&src_bizid=fSHiYxGQm1Z5g7TwC8oc_A&cachebuster=1396905993&s=5dcc8905848bab31b91b4c71f9785124fab1c11c074014f7bd7eef87d7d5b88d" "Mozilla/5.0 (Windows NT 6.3; WOW64) AppleWebKit/537.36 (KHTML, like Gecko) Chrome/33.0.1750.154 Safari/537.36"
109.45.2.151 - - [07/Apr/2014:23:33:15 +0200] "GET / HTTP/1.1" 302 - "http://www.yelp.com/biz_redir?url=http%3A%2F%2Fwww.friedrich-list-berlin.de&src_bizid=fSHiYxGQm1Z5g7TwC8oc_A&cachebuster=1396905993&s=5dcc8905848bab31b91b4c71f9785124fab1c11c074014f7bd7eef87d7d5b88d" "Mozilla/5.0 (Windows NT 6.3; WOW64) AppleWebKit/537.36 (KHTML, like Gecko) Chrome/33.0.1750.154 Safari/537.36"
178.255.215.70 - - [07/Apr/2014:23:56:45 +0200] "GET /include.php?path=start HTTP/1.1" 404 1256 "-" "Mozilla/5.0 (compatible; Exabot/3.0; +http://www.exabot.com/go/robot)"
176.9.48.201 - - [08/Apr/2014:00:08:26 +0200] "GET /robots.txt HTTP/1.1" 404 1256 "-" "Mozilla/5.0 (X11; Ubuntu; Linux x86_64; rv:27.0) Gecko/20100101 Firefox/27.0"
176.9.48.201 - - [08/Apr/2014:00:08:26 +0200] "GET / HTTP/1.1" 302 - "-" "Mozilla/5.0 (X11; Ubuntu; Linux x86_64; rv:27.0) Gecko/20100101 Firefox/27.0"
208.115.113.85 - - [08/Apr/2014:01:03:22 +0200] "GET /robots.txt HTTP/1.1" 404 1256 "-" "Mozilla/5.0 (compatible; Ezooms/1.0; help@moz.com)"
188.138.41.108 - - [08/Apr/2014:02:50:57 +0200] "GET /robots.txt HTTP/1.1" 404 1256 "-" "Mozilla/5.0 (X11; U; Linux i686; de; rv:1.9.0.1; compatible; iCjobs Stellenangebote Jobs; http://www.icjobs.de) Gecko/20100401 iCjobs/3.2.3"
188.138.41.108 - - [08/Apr/2014:02:50:57 +0200] "GET / HTTP/1.1" 302 - "-" "Mozilla/5.0 (X11; U; Linux i686; de; rv:1.9.0.1; compatible; iCjobs Stellenangebote Jobs; http://www.icjobs.de) Gecko/20100401 iCjobs/3.2.3"
188.138.41.108 - - [08/Apr/2014:02:50:57 +0200] "GET / HTTP/1.1" 302 - "-" "Mozilla/5.0 (X11; U; Linux i686; de; rv:1.9.0.1; compatible; iCjobs Stellenangebote Jobs; http://www.icjobs.de) Gecko/20100401 iCjobs/3.2.3"
208.115.113.85 - - [08/Apr/2014:03:08:58 +0200] "GET /?path=contentarchive&type=2&letter=alle&catid=0&themeid=0&searchtext=&entries=0&order= HTTP/1.1" 302 - "-" "Mozilla/5.0 (compatible; Ezooms/1.0; help@moz.com)"
208.115.113.85 - - [08/Apr/2014:03:09:00 +0200] "GET /include.php?path=contentarchive&type=2&letter=Y&catid=0&themeid=0&searchtext=&entries=0&order= HTTP/1.1" 404 1256 "-" "Mozilla/5.0 (compatible; Ezooms/1.0; help@moz.com)"
208.115.113.85 - - [08/Apr/2014:03:09:02 +0200] "GET /include.php?path=contentarchive&type=3&letter=alle&catid=0&themeid=0&searchtext=&entries=0&order= HTTP/1.1" 404 1256 "-" "Mozilla/5.0 (compatible; Ezooms/1.0; help@moz.com)"
182.118.25.231 - - [08/Apr/2014:03:39:20 +0200] "GET /robots.txt HTTP/1.1" 404 1256 "http://www.friedrich-list-berlin.de/robots.txt" "Mozilla/5.0 (compatible; MSIE 9.0; Windows NT 6.1; Trident/5.0); 360Spider"
208.115.111.69 - - [08/Apr/2014:06:31:54 +0200] "GET /robots.txt HTTP/1.1" 404 1256 "-" "Mozilla/5.0 (compatible; Ezooms/1.0; help@moz.com)"
208.115.111.69 - - [08/Apr/2014:08:21:49 +0200] "GET /?path=contentarchive&type=2&letter=G&catid=0&themeid=0&searchtext=&entries=0&order= HTTP/1.1" 302 - "-" "Mozilla/5.0 (compatible; Ezooms/1.0; help@moz.com)"
208.115.111.69 - - [08/Apr/2014:08:21:52 +0200] "GET /include.php?path=contentarchive&type=2&letter=T&catid=0&themeid=0&searchtext=&entries=0&order= HTTP/1.1" 404 1256 "-" "Mozilla/5.0 (compatible; Ezooms/1.0; help@moz.com)"
208.115.113.85 - - [08/Apr/2014:08:31:29 +0200] "GET /robots.txt HTTP/1.1" 404 1256 "-" "Mozilla/5.0 (compatible; Ezooms/1.0; help@moz.com)"
37.5.42.107 - - [08/Apr/2014:08:32:19 +0200] "GET / HTTP/1.1" 302 - "-" "Mozilla/5.0 (Windows NT 6.1; WOW64; rv:28.0) Gecko/20100101 Firefox/28.0"
188.102.77.156 - - [08/Apr/2014:10:25:44 +0200] "GET / HTTP/1.1" 302 - "https://www.google.de/" "Mozilla/5.0 (Linux; Android 4.1.1; C1505 Build/11.3.A.2.23) AppleWebKit/537.36 (KHTML, like Gecko) Chrome/32.0.1700.99 Mobile Safari/537.36"
208.115.111.69 - - [08/Apr/2014:10:36:55 +0200] "GET /robots.txt HTTP/1.1" 404 1256 "-" "Mozilla/5.0 (compatible; Ezooms/1.0; help@moz.com)"
208.115.113.85 - - [08/Apr/2014:10:41:01 +0200] "GET /include.php?path=contentarchive&type=2&letter=I&catid=0&themeid=0&searchtext=&entries=0&order=title HTTP/1.1" 404 1256 "-" "Mozilla/5.0 (compatible; Ezooms/1.0; help@moz.com)"
208.115.113.85 - - [08/Apr/2014:10:41:04 +0200] "GET /include.php?path=contentarchive&type=2&nid=30 HTTP/1.1" 404 1256 "-" "Mozilla/5.0 (compatible; Ezooms/1.0; help@moz.com)"
208.115.111.69 - - [08/Apr/2014:12:30:19 +0200] "GET /?path=contentarchive&type=2 HTTP/1.1" 302 - "-" "Mozilla/5.0 (compatible; Ezooms/1.0; help@moz.com)"
208.115.113.85 - - [08/Apr/2014:12:40:11 +0200] "GET /robots.txt HTTP/1.1" 404 1256 "-" "Mozilla/5.0 (compatible; Ezooms/1.0; help@moz.com)"
5.10.83.22 - - [08/Apr/2014:13:28:41 +0200] "GET / HTTP/1.1" 302 - "-" "Mozilla/5.0 (compatible; AhrefsBot/5.0; +http://ahrefs.com/robot/)"
178.255.215.70 - - [08/Apr/2014:13:35:51 +0200] "GET / HTTP/1.1" 302 - "-" "Mozilla/5.0 (compatible; Exabot/3.0; +http://www.exabot.com/go/robot)"
208.115.113.85 - - [08/Apr/2014:14:43:57 +0200] "GET /?path=start HTTP/1.1" 302 - "-" "Mozilla/5.0 (compatible; Ezooms/1.0; help@moz.com)"
208.115.113.85 - - [08/Apr/2014:14:44:24 +0200] "GET /include.php?path=content&contentid=35 HTTP/1.1" 404 1256 "-" "Mozilla/5.0 (compatible; Ezooms/1.0; help@moz.com)"
37.5.42.107 - - [08/Apr/2014:15:08:53 +0200] "GET / HTTP/1.1" 302 - "http://www.google.de/url?sa=t&rct=j&q=&esrc=s&source=web&cd=1&ved=0CDIQFjAA&url=http%3A%2F%2Fwww.fls-berlin.de%2F&ei=2_RDU43SOoKItQaKyIDQAw&usg=AFQjCNG4fgXtDKSWFE8hgLKnipf8LQYy-g&bvm=bv.64367178,d.Yms" "Mozilla/5.0 (Windows NT 6.1; WOW64; rv:28.0) Gecko/20100101 Firefox/28.0"
208.115.113.85 - - [08/Apr/2014:16:35:34 +0200] "GET /robots.txt HTTP/1.1" 404 1256 "-" "Mozilla/5.0 (compatible; Ezooms/1.0; help@moz.com)"
77.236.192.200 - - [08/Apr/2014:17:27:12 +0200] "GET / HTTP/1.0" 302 - "-" "-"
66.249.74.6 - - [08/Apr/2014:17:34:46 +0200] "GET /robots.txt HTTP/1.1" 404 1256 "-" "Mozilla/5.0 (compatible; Googlebot/2.1; +http://www.google.com/bot.html)"
66.249.74.252 - - [08/Apr/2014:17:34:46 +0200] "GET / HTTP/1.1" 302 - "-" "SAMSUNG-SGH-E250/1.0 Profile/MIDP-2.0 Configuration/CLDC-1.1 UP.Browser/6.2.3.3.c.1.101 (GUI) MMP/2.0 (compatible; Googlebot-Mobile/2.1; +http://www.google.com/bot.html)"
87.162.80.38 - - [08/Apr/2014:17:51:46 +0200] "GET / HTTP/1.1" 302 - "-" "Mozilla/5.0 (iPad; CPU OS 7_1 like Mac OS X) AppleWebKit/537.51.2 (KHTML, like Gecko) Version/7.0 Mobile/11D167 Safari/9537.53"
208.115.113.85 - - [08/Apr/2014:18:37:49 +0200] "GET /?path=contentarchive&type=2&letter=J&catid=0&themeid=0&searchtext=&entries=0&order= HTTP/1.1" 302 - "-" "Mozilla/5.0 (compatible; Ezooms/1.0; help@moz.com)"
93.89.159.6 - - [08/Apr/2014:19:06:03 +0200] "GET / HTTP/1.0" 302 - "-" "-"
213.144.5.151 - - [08/Apr/2014:19:40:19 +0200] "GET / HTTP/1.1" 302 - "-" "-"
188.106.101.195 - - [08/Apr/2014:20:09:52 +0200] "GET / HTTP/1.1" 302 - "http://www.google.com/url?sa=D&q=http://www.fls-berlin.de/&usg=AFQjCNGbvxSQ96H6RXgyWoxkMrtTJ-p5NQ" "Mozilla/5.0 (Windows NT 6.1; WOW64) AppleWebKit/537.36 (KHTML, like Gecko) Chrome/33.0.1750.154 Safari/537.36"
141.8.147.12 - - [08/Apr/2014:22:25:29 +0200] "GET /robots.txt HTTP/1.1" 404 1256 "-" "Mozilla/5.0 (compatible; YandexBot/3.0; +http://yandex.com/bots)"
100.43.83.153 - - [08/Apr/2014:22:25:31 +0200] "GET / HTTP/1.1" 302 - "-" "Mozilla/5.0 (compatible; YandexBot/3.0; +http://yandex.com/bots)"
208.115.111.69 - - [08/Apr/2014:22:32:57 +0200] "GET /robots.txt HTTP/1.1" 404 1256 "-" "Mozilla/5.0 (compatible; Ezooms/1.0; help@moz.com)"
93.219.207.62 - - [09/Apr/2014:00:17:18 +0200] "GET / HTTP/1.1" 302 - "-" "Mozilla/5.0 (iPad; CPU OS 7_1 like Mac OS X) AppleWebKit/537.51.2 (KHTML, like Gecko) Version/7.0 Mobile/11D167 Safari/9537.53"
208.115.111.69 - - [09/Apr/2014:00:24:04 +0200] "GET /include.php?path=contentarchive&type=3&letter=B&catid=0&themeid=0&searchtext=&entries=0&order= HTTP/1.1" 404 1256 "-" "Mozilla/5.0 (compatible; Ezooms/1.0; help@moz.com)"
66.249.65.36 - - [09/Apr/2014:01:23:55 +0200] "GET /robots.txt HTTP/1.1" 404 1256 "-" "Mozilla/5.0 (compatible; Googlebot/2.1; +http://www.google.com/bot.html)"
66.249.65.4 - - [09/Apr/2014:01:23:55 +0200] "GET / HTTP/1.1" 302 - "-" "SAMSUNG-SGH-E250/1.0 Profile/MIDP-2.0 Configuration/CLDC-1.1 UP.Browser/6.2.3.3.c.1.101 (GUI) MMP/2.0 (compatible; Googlebot-Mobile/2.1; +http://www.google.com/bot.html)"
208.115.111.69 - - [09/Apr/2014:02:31:52 +0200] "GET /robots.txt HTTP/1.1" 404 1256 "-" "Mozilla/5.0 (compatible; Ezooms/1.0; help@moz.com)"
208.115.111.69 - - [09/Apr/2014:02:31:53 +0200] "GET /robots.txt HTTP/1.1" 404 1256 "-" "Mozilla/5.0 (compatible; Ezooms/1.0; help@moz.com)"
66.249.73.188 - - [09/Apr/2014:02:43:01 +0200] "GET / HTTP/1.1" 302 - "-" "DoCoMo/2.0 N905i(c100;TB;W24H16) (compatible; Googlebot-Mobile/2.1; +http://www.google.com/bot.html)"
208.115.111.69 - - [09/Apr/2014:02:56:53 +0200] "GET / HTTP/1.1" 302 - "-" "Mozilla/5.0 (compatible; Ezooms/1.0; help@moz.com)"
178.255.215.68 - - [09/Apr/2014:03:23:03 +0200] "GET /robots.txt HTTP/1.1" 404 1256 "-" "Mozilla/5.0 (compatible; Exabot/3.0; +http://www.exabot.com/go/robot)"
178.255.215.68 - - [09/Apr/2014:03:23:03 +0200] "GET / HTTP/1.1" 302 - "-" "Mozilla/5.0 (compatible; Exabot/3.0; +http://www.exabot.com/go/robot)"
182.118.20.203 - - [09/Apr/2014:04:10:21 +0200] "GET /robots.txt HTTP/1.1" 404 1256 "http://www.friedrich-list-berlin.de/robots.txt" "Mozilla/5.0 (compatible; MSIE 9.0; Windows NT 6.1; Trident/5.0); 360Spider"
208.115.111.69 - - [09/Apr/2014:04:33:44 +0200] "GET /include.php?path=contentarchive&type=2&letter=T&catid=0&themeid=0&searchtext=&entries=0&order=title HTTP/1.1" 404 1256 "-" "Mozilla/5.0 (compatible; Ezooms/1.0; help@moz.com)"
208.115.111.69 - - [09/Apr/2014:04:33:46 +0200] "GET /include.php?path=contentarchive&type=3&letter=H&catid=0&themeid=0&searchtext=&entries=0&order= HTTP/1.1" 404 1256 "-" "Mozilla/5.0 (compatible; Ezooms/1.0; help@moz.com)"
66.249.65.96 - - [09/Apr/2014:04:52:32 +0200] "GET /robots.txt HTTP/1.1" 404 1256 "-" "Mozilla/5.0 (compatible; Googlebot/2.1; +http://www.google.com/bot.html)"
66.249.73.197 - - [09/Apr/2014:04:52:33 +0200] "GET / HTTP/1.1" 302 - "-" "DoCoMo/2.0 N905i(c100;TB;W24H16) (compatible; Googlebot-Mobile/2.1; +http://www.google.com/bot.html)"
141.15.33.1 - - [09/Apr/2014:06:58:00 +0200] "GET / HTTP/1.1" 302 - "-" "Mozilla/4.0 (compatible; MSIE 8.0; Windows NT 6.1; Trident/4.0; SLCC2; .NET CLR 2.0.50727; .NET CLR 3.5.30729; .NET CLR 3.0.30729; Media Center PC 6.0; .NET4.0C; .NET4.0E; InfoPath.3)"
66.249.65.36 - - [09/Apr/2014:07:48:13 +0200] "GET / HTTP/1.1" 302 - "-" "Mozilla/5.0 (iPhone; CPU iPhone OS 6_0 like Mac OS X) AppleWebKit/536.26 (KHTML, like Gecko) Version/6.0 Mobile/10A5376e Safari/8536.25 (compatible; Googlebot/2.1; +http://www.google.com/bot.html)"
208.115.113.85 - - [09/Apr/2014:08:36:58 +0200] "GET /robots.txt HTTP/1.1" 404 1256 "-" "Mozilla/5.0 (compatible; Ezooms/1.0; help@moz.com)"
85.25.5.18 - - [09/Apr/2014:10:27:39 +0200] "GET / HTTP/1.0" 302 - "-" "Mozilla"
85.25.5.18 - - [09/Apr/2014:10:27:40 +0200] "GET /index.php HTTP/1.0" 302 - "-" "Mozilla"
85.25.5.18 - - [09/Apr/2014:10:27:40 +0200] "GET /index_en.php HTTP/1.0" 404 1256 "-" "Mozilla"
85.25.5.18 - - [09/Apr/2014:10:27:40 +0200] "GET /index_fr.php HTTP/1.0" 404 1256 "-" "Mozilla"
85.25.5.18 - - [09/Apr/2014:10:27:40 +0200] "GET /index_sp.php HTTP/1.0" 404 1256 "-" "Mozilla"
85.25.5.18 - - [09/Apr/2014:10:27:40 +0200] "GET /index.php HTTP/1.0" 302 - "-" "Mozilla"
85.25.5.18 - - [09/Apr/2014:10:27:40 +0200] "GET /fls_1_aktuelles.php HTTP/1.0" 404 1256 "-" "Mozilla"
85.25.5.18 - - [09/Apr/2014:10:27:40 +0200] "GET /fls_2_fremdsprachensekr.php HTTP/1.0" 404 1256 "-" "Mozilla"
85.25.5.18 - - [09/Apr/2014:10:27:40 +0200] "GET /fls_3_fls_international.php HTTP/1.0" 404 1256 "-" "Mozilla"
85.25.5.18 - - [09/Apr/2014:10:27:40 +0200] "GET /fls_4_kontakt_anmeldung.php HTTP/1.0" 404 1256 "-" "Mozilla"
85.25.5.18 - - [09/Apr/2014:10:27:40 +0200] "GET /fls_1_aktuelles.php?artid=43 HTTP/1.0" 404 1256 "-" "Mozilla"
85.25.5.18 - - [09/Apr/2014:10:27:40 +0200] "GET /fls_1_aktuelles.php?artid=43 HTTP/1.0" 404 1256 "-" "Mozilla"
85.25.5.18 - - [09/Apr/2014:10:27:40 +0200] "GET /& HTTP/1.0" 404 1256 "-" "Mozilla"
85.25.5.18 - - [09/Apr/2014:10:27:40 +0200] "GET /fls_2_fremdsprachensekr.php HTTP/1.0" 404 1256 "-" "Mozilla"
85.25.5.18 - - [09/Apr/2014:10:27:40 +0200] "GET /fls_2_fremdsprachensekr.php HTTP/1.0" 404 1256 "-" "Mozilla"
85.25.5.18 - - [09/Apr/2014:10:27:41 +0200] "GET /fls_2_fremdsprachensekr.php HTTP/1.0" 404 1256 "-" "Mozilla"
85.25.5.18 - - [09/Apr/2014:10:27:41 +0200] "GET /fls_2_fremdsprachenkorr.php HTTP/1.0" 404 1256 "-" "Mozilla"
85.25.5.18 - - [09/Apr/2014:10:27:41 +0200] "GET /fls_2_europakorr.php HTTP/1.0" 404 1256 "-" "Mozilla"
85.25.5.18 - - [09/Apr/2014:10:27:41 +0200] "GET /fls_2_europakorr.php HTTP/1.0" 404 1256 "-" "Mozilla"
85.25.5.18 - - [09/Apr/2014:10:27:41 +0200] "GET /fls_2_fremdsprachenkorr.php HTTP/1.0" 404 1256 "-" "Mozilla"
85.25.5.18 - - [09/Apr/2014:10:27:41 +0200] "GET /fls_2_fremdsprachensekr.php HTTP/1.0" 404 1256 "-" "Mozilla"
85.25.5.18 - - [09/Apr/2014:10:27:41 +0200] "GET /fls_1_aktuelles.php HTTP/1.0" 404 1256 "-" "Mozilla"
85.25.5.18 - - [09/Apr/2014:10:27:41 +0200] "GET /fls_2_berufsfachschule.php HTTP/1.0" 404 1256 "-" "Mozilla"
85.25.5.18 - - [09/Apr/2014:10:27:41 +0200] "GET /fls_2_fremdsprachenkorr.php HTTP/1.0" 404 1256 "-" "Mozilla"
85.25.5.18 - - [09/Apr/2014:10:27:41 +0200] "GET /fls_2_kurs_ecbm_london.php HTTP/1.0" 404 1256 "-" "Mozilla"
85.25.5.18 - - [09/Apr/2014:10:27:41 +0200] "GET /fls_2_termine_pruefungen.php HTTP/1.0" 404 1256 "-" "Mozilla"
85.25.5.18 - - [09/Apr/2014:10:27:41 +0200] "GET /fls_2_fremdsprachensekr.php HTTP/1.0" 404 1256 "-" "Mozilla"
85.25.5.18 - - [09/Apr/2014:10:27:41 +0200] "GET /fls_2_fremdsprachenkorr.php HTTP/1.0" 404 1256 "-" "Mozilla"
85.25.5.18 - - [09/Apr/2014:10:27:41 +0200] "GET /fls_2_europakorr.php HTTP/1.0" 404 1256 "-" "Mozilla"
85.25.5.18 - - [09/Apr/2014:10:27:41 +0200] "GET /fls_2_fremdsprachenkorr.php HTTP/1.0" 404 1256 "-" "Mozilla"
85.25.5.18 - - [09/Apr/2014:10:27:41 +0200] "GET /fls_2_fremdsprachensekr.php HTTP/1.0" 404 1256 "-" "Mozilla"
85.25.5.18 - - [09/Apr/2014:10:27:41 +0200] "GET /fls_2_fremdsprachenkorr.php HTTP/1.0" 404 1256 "-" "Mozilla"
85.25.5.18 - - [09/Apr/2014:10:27:41 +0200] "GET /fls_2_fremdsprachenkorr.php HTTP/1.0" 404 1256 "-" "Mozilla"
85.25.5.18 - - [09/Apr/2014:10:27:41 +0200] "GET /fls_2_fremdsprachensekr.php HTTP/1.0" 404 1256 "-" "Mozilla"
85.25.5.18 - - [09/Apr/2014:10:27:41 +0200] "GET /fls_2_fremdsprachenkorr.php HTTP/1.0" 404 1256 "-" "Mozilla"
85.25.5.18 - - [09/Apr/2014:10:27:41 +0200] "GET /fls_4_faq.php HTTP/1.0" 404 1256 "-" "Mozilla"
85.25.5.18 - - [09/Apr/2014:10:27:41 +0200] "GET /fls_4_kontakt_anmeldung.php HTTP/1.0" 404 1256 "-" "Mozilla"
85.25.5.18 - - [09/Apr/2014:10:27:42 +0200] "GET /fls_4_impressum.php HTTP/1.0" 404 1256 "-" "Mozilla"
208.115.113.85 - - [09/Apr/2014:10:38:55 +0200] "GET /include.php?path=contentarchive&type=2&letter=H&catid=0&themeid=0&searchtext=&entries=0&order=title HTTP/1.1" 404 1256 "-" "Mozilla/5.0 (compatible; Ezooms/1.0; help@moz.com)"
62.220.15.90 - - [09/Apr/2014:11:10:24 +0200] "GET / HTTP/1.1" 302 - "http://maps.google.de/local_url?dq=Friedrich-List-Schule&q=http://www.friedrich-list-berlin.de/&oi=miw&sa=X&ct=miw_link&cd=1&cad=homepage,cid:15796106503487596536&ei=-A1FU6CjJ8W8iwbCpoDgDQ&s=ANYYN7mPSugwDI-vWNc3WxS4Ne1QDMm9JA" "Mozilla/5.0 (Macintosh; Intel Mac OS X 10_6_8) AppleWebKit/534.57.2 (KHTML, like Gecko) Version/5.1.7 Safari/534.57.2"
91.64.37.119 - - [09/Apr/2014:11:47:07 +0200] "GET / HTTP/1.1" 302 - "http://www.google.de/url?sa=t&rct=j&q=&esrc=s&source=web&cd=10&ved=0CIYBEKACMAk&url=http%3A%2F%2Fwww.friedrich-list-berlin.de%2F&ei=6BZFU4emIsejtAbH74GgBw&usg=AFQjCNGsKs3TvBQ4z91zrYvo9_SfKi5nug&bvm=bv.64507335,d.Yms" "Mozilla/5.0 (Windows NT 6.1; WOW64; rv:28.0) Gecko/20100101 Firefox/28.0"
208.115.113.85 - - [09/Apr/2014:12:41:02 +0200] "GET /robots.txt HTTP/1.1" 404 1256 "-" "Mozilla/5.0 (compatible; Ezooms/1.0; help@moz.com)"
208.115.113.85 - - [09/Apr/2014:14:47:26 +0200] "GET /include.php?path=contentarchive&type=2&letter=M&catid=0&themeid=0&searchtext=&entries=0&order= HTTP/1.1" 404 1256 "-" "Mozilla/5.0 (compatible; Ezooms/1.0; help@moz.com)"
208.115.113.85 - - [09/Apr/2014:14:47:28 +0200] "GET /include.php?path=contentarchive&type=2&letter=P&catid=0&themeid=0&searchtext=&entries=0&order= HTTP/1.1" 404 1256 "-" "Mozilla/5.0 (compatible; Ezooms/1.0; help@moz.com)"
141.8.147.12 - - [09/Apr/2014:15:49:58 +0200] "GET /robots.txt HTTP/1.1" 404 1256 "-" "Mozilla/5.0 (compatible; YandexBot/3.0; +http://yandex.com/bots)"
141.8.147.12 - - [09/Apr/2014:15:50:00 +0200] "GET / HTTP/1.1" 302 - "-" "Mozilla/5.0 (compatible; YandexBot/3.0; +http://yandex.com/bots)"
66.249.79.232 - - [09/Apr/2014:16:42:23 +0200] "GET /robots.txt HTTP/1.1" 404 1256 "-" "Mozilla/5.0 (compatible; Googlebot/2.1; +http://www.google.com/bot.html)"
66.249.79.4 - - [09/Apr/2014:16:42:23 +0200] "GET / HTTP/1.1" 302 - "-" "Mozilla/5.0 (iPhone; CPU iPhone OS 6_0 like Mac OS X) AppleWebKit/536.26 (KHTML, like Gecko) Version/6.0 Mobile/10A5376e Safari/8536.25 (compatible; Googlebot/2.1; +http://www.google.com/bot.html)"
91.64.184.237 - - [09/Apr/2014:16:44:13 +0200] "GET / HTTP/1.1" 302 - "-" "Mozilla/5.0 (Macintosh; Intel Mac OS X 10_7_5) AppleWebKit/537.74.9 (KHTML, like Gecko) Version/6.1.2 Safari/537.74.9"
178.0.115.99 - - [09/Apr/2014:17:24:42 +0200] "GET / HTTP/1.1" 302 - "http://www.google.com/url?sa=D&q=http://www.fls-berlin.de/&usg=AFQjCNGbvxSQ96H6RXgyWoxkMrtTJ-p5NQ" "Mozilla/5.0 (Windows NT 6.1; WOW64) AppleWebKit/537.36 (KHTML, like Gecko) Chrome/33.0.1750.154 Safari/537.36"
178.0.115.99 - - [09/Apr/2014:17:26:40 +0200] "GET / HTTP/1.1" 302 - "http://www.google.com/url?sa=D&q=http://www.fls-berlin.de/&usg=AFQjCNGbvxSQ96H6RXgyWoxkMrtTJ-p5NQ" "Mozilla/5.0 (Windows NT 6.1; WOW64) AppleWebKit/537.36 (KHTML, like Gecko) Chrome/33.0.1750.154 Safari/537.36"
178.0.115.99 - - [09/Apr/2014:17:44:53 +0200] "GET / HTTP/1.1" 302 - "-" "Mozilla/5.0 (Windows NT 6.1; WOW64) AppleWebKit/537.36 (KHTML, like Gecko) Chrome/33.0.1750.154 Safari/537.36"
141.8.147.12 - - [09/Apr/2014:17:46:06 +0200] "GET /robots.txt HTTP/1.1" 404 1256 "-" "Mozilla/5.0 (compatible; YandexBot/3.0; +http://yandex.com/bots)"
141.8.147.12 - - [09/Apr/2014:17:46:08 +0200] "GET / HTTP/1.1" 302 - "-" "Mozilla/5.0 (compatible; YandexBot/3.0; +http://yandex.com/bots)"
87.162.80.38 - - [09/Apr/2014:17:58:55 +0200] "GET / HTTP/1.1" 302 - "-" "Mozilla/5.0 (iPad; CPU OS 7_1 like Mac OS X) AppleWebKit/537.51.2 (KHTML, like Gecko) Version/7.0 Mobile/11D167 Safari/9537.53"
37.24.145.114 - - [09/Apr/2014:18:06:07 +0200] "GET / HTTP/1.1" 302 - "http://www.schulweb.de/de/schulsuche/liste.html?kategorie=&sprache=®ion=de&list_anfang=144&trefferzahlauswahl=8&auswahl_1=5&auswahl_2=&auswahl_3=&suchtext=&zeigen2=&sort=" "Mozilla/5.0 (compatible; MSIE 10.0; Windows NT 6.2; WOW64; Trident/6.0; MASEJS)"
91.64.184.237 - - [09/Apr/2014:18:17:41 +0200] "GET / HTTP/1.1" 302 - "-" "Mozilla/5.0 (Macintosh; Intel Mac OS X 10_7_5) AppleWebKit/537.74.9 (KHTML, like Gecko) Version/6.1.2 Safari/537.74.9"
208.115.111.69 - - [09/Apr/2014:18:56:07 +0200] "GET /robots.txt HTTP/1.1" 404 1256 "-" "Mozilla/5.0 (compatible; Ezooms/1.0; help@moz.com)"
208.115.111.69 - - [09/Apr/2014:18:56:08 +0200] "GET /robots.txt HTTP/1.1" 404 1256 "-" "Mozilla/5.0 (compatible; Ezooms/1.0; help@moz.com)"
208.115.111.69 - - [09/Apr/2014:19:18:41 +0200] "GET / HTTP/1.1" 302 - "-" "Mozilla/5.0 (compatible; Ezooms/1.0; help@moz.com)"
117.78.13.18 - - [09/Apr/2014:20:11:58 +0200] "GET /robots.txt HTTP/1.0" 404 1256 "-" "nutch-1.4/Nutch-1.4"
117.78.13.18 - - [09/Apr/2014:20:12:01 +0200] "GET / HTTP/1.0" 302 - "-" "nutch-1.4/Nutch-1.4"
208.115.111.69 - - [09/Apr/2014:20:43:27 +0200] "GET /include.php?path=contentarchive&type=2&letter=T&catid=0&themeid=0&searchtext=&entries=0&order=title HTTP/1.1" 404 1256 "-" "Mozilla/5.0 (compatible; Ezooms/1.0; help@moz.com)"
208.115.111.69 - - [09/Apr/2014:20:43:31 +0200] "GET /include.php?path=contentarchive&type=3&letter=H&catid=0&themeid=0&searchtext=&entries=0&order= HTTP/1.1" 404 1256 "-" "Mozilla/5.0 (compatible; Ezooms/1.0; help@moz.com)"
208.115.113.85 - - [10/Apr/2014:00:36:12 +0200] "GET /robots.txt HTTP/1.1" 404 1256 "-" "Mozilla/5.0 (compatible; Ezooms/1.0; help@moz.com)"
178.77.126.55 - - [10/Apr/2014:01:34:37 +0200] "GET /robots.txt HTTP/1.1" 404 1256 "-" "Mozilla/5.0 (compatible; CareerBot/1.1; +http://www.career-x.de/bot.html)"
178.77.126.55 - - [10/Apr/2014:01:34:37 +0200] "GET / HTTP/1.1" 302 - "-" "Mozilla/5.0 (compatible; CareerBot/1.1; +http://www.career-x.de/bot.html)"
208.115.113.85 - - [10/Apr/2014:02:29:19 +0200] "GET /robots.txt HTTP/1.1" 404 1256 "-" "Mozilla/5.0 (compatible; Ezooms/1.0; help@moz.com)"
66.249.79.32 - - [10/Apr/2014:05:32:15 +0200] "GET /robots.txt HTTP/1.1" 404 1256 "-" "Mozilla/5.0 (compatible; Googlebot/2.1; +http://www.google.com/bot.html)"
66.249.79.64 - - [10/Apr/2014:05:32:15 +0200] "GET / HTTP/1.1" 302 - "-" "Mozilla/5.0 (compatible; Googlebot/2.1; +http://www.google.com/bot.html)"
188.138.41.109 - - [10/Apr/2014:05:41:02 +0200] "GET /robots.txt HTTP/1.1" 404 1256 "-" "Mozilla/5.0 (X11; U; Linux i686; de; rv:1.9.0.1; compatible; iCjobs Stellenangebote Jobs; http://www.icjobs.de) Gecko/20100401 iCjobs/3.2.3"
188.138.41.109 - - [10/Apr/2014:05:41:03 +0200] "GET / HTTP/1.1" 302 - "-" "Mozilla/5.0 (X11; U; Linux i686; de; rv:1.9.0.1; compatible; iCjobs Stellenangebote Jobs; http://www.icjobs.de) Gecko/20100401 iCjobs/3.2.3"
188.138.41.109 - - [10/Apr/2014:05:41:03 +0200] "GET / HTTP/1.1" 302 - "-" "Mozilla/5.0 (X11; U; Linux i686; de; rv:1.9.0.1; compatible; iCjobs Stellenangebote Jobs; http://www.icjobs.de) Gecko/20100401 iCjobs/3.2.3"
208.115.113.85 - - [10/Apr/2014:05:56:54 +0200] "GET /include.php?path=contentarchive&type=2&letter=W&catid=0&themeid=0&searchtext=&entries=0&order=title HTTP/1.1" 404 1256 "-" "Mozilla/5.0 (compatible; Ezooms/1.0; help@moz.com)"
141.15.33.1 - - [10/Apr/2014:08:51:04 +0200] "GET / HTTP/1.1" 302 - "http://www.berlin.de/sen/bildung/schulverzeichnis_und_portraets/anwendung/(S(xcjg52uxeyhh5b55tygexz45))/Schulportrait.aspx?IDSchulzweig=11651" "Mozilla/5.0 (compatible; MSIE 10.0; Windows NT 6.1; Trident/6.0)"
87.123.100.61 - - [10/Apr/2014:09:30:24 +0200] "GET / HTTP/1.1" 302 - "http://www.berlin.de/sen/bildung/schulverzeichnis_und_portraets/anwendung/Schulportrait.aspx?IDSchulzweig=11652" "Mozilla/5.0 (Macintosh; Intel Mac OS X 10_9_2) AppleWebKit/537.75.14 (KHTML, like Gecko) Version/7.0.3 Safari/537.75.14"
87.169.127.88 - - [10/Apr/2014:10:06:58 +0200] "GET / HTTP/1.1" 302 - "-" "Mozilla/5.0 (Macintosh; Intel Mac OS X 10_9_2) AppleWebKit/537.75.14 (KHTML, like Gecko) Version/7.0.3 Safari/537.75.14"
37.5.42.107 - - [10/Apr/2014:12:36:21 +0200] "GET / HTTP/1.1" 302 - "http://www.google.de/url?sa=t&rct=j&q=&esrc=s&source=web&cd=1&ved=0CDIQFjAA&url=http%3A%2F%2Fwww.fls-berlin.de%2F&ei=_XNGU-WCENCp7Ab45ICABg&usg=AFQjCNG4fgXtDKSWFE8hgLKnipf8LQYy-g&bvm=bv.64507335,d.ZGU" "Mozilla/5.0 (Windows NT 6.1; WOW64; rv:28.0) Gecko/20100101 Firefox/28.0"
80.187.107.178 - - [10/Apr/2014:12:51:53 +0200] "GET / HTTP/1.1" 302 - "-" "Mozilla/5.0 (iPad; CPU OS 7_1 like Mac OS X) AppleWebKit/537.51.2 (KHTML, like Gecko) Version/7.0 Mobile/11D167 Safari/9537.53"
93.220.254.157 - - [10/Apr/2014:14:04:14 +0200] "GET / HTTP/1.1" 302 - "-" "Mozilla/4.0 (compatible; MSIE 8.0; Windows NT 6.0; .NET CLR 1.1.4322; .NET CLR 2.0.50727; .NET CLR 3.0.04506.30)"
85.176.132.234 - - [10/Apr/2014:14:05:37 +0200] "GET / HTTP/1.1" 302 - "http://domino2.berufsschulen.de/db/berufsschulen.nsf/Berlin?OpenView" "Mozilla/5.0 (Windows NT 6.2; WOW64; rv:28.0) Gecko/20100101 Firefox/28.0"
141.8.147.12 - - [10/Apr/2014:14:28:31 +0200] "GET /robots.txt HTTP/1.1" 404 1256 "-" "Mozilla/5.0 (compatible; YandexBot/3.0; +http://yandex.com/bots)"
141.8.147.12 - - [10/Apr/2014:14:28:33 +0200] "GET / HTTP/1.1" 302 - "-" "Mozilla/5.0 (compatible; YandexBot/3.0; +http://yandex.com/bots)"
208.115.111.69 - - [10/Apr/2014:14:36:50 +0200] "GET /robots.txt HTTP/1.1" 404 1256 "-" "Mozilla/5.0 (compatible; Ezooms/1.0; help@moz.com)"
108.59.8.70 - - [10/Apr/2014:16:11:35 +0200] "GET /robots.txt HTTP/1.0" 404 1256 "-" "Mozilla/5.0 (compatible; MJ12bot/v1.4.4; http://www.majestic12.co.uk/bot.php?+)"
108.59.8.70 - - [10/Apr/2014:16:11:36 +0200] "GET / HTTP/1.0" 302 - "-" "Mozilla/5.0 (compatible; MJ12bot/v1.4.4; http://www.majestic12.co.uk/bot.php?+)"
208.115.111.69 - - [10/Apr/2014:16:24:52 +0200] "GET /include.php?path=contentarchive&type=3&letter=I&catid=0&themeid=0&searchtext=&entries=0&order= HTTP/1.1" 404 1256 "-" "Mozilla/5.0 (compatible; Ezooms/1.0; help@moz.com)"
84.165.172.76 - - [10/Apr/2014:16:32:30 +0200] "GET / HTTP/1.1" 302 - "http://www.google.de/url?sa=t&rct=j&q=&esrc=s&source=web&cd=9&cad=rja&uact=8&ved=0CG4QoAIwCA&url=http%3A%2F%2Fwww.friedrich-list-berlin.de%2F&ei=F6tGU7bdHYLVtAa5v4HAAQ&usg=AFQjCNGsKs3TvBQ4z91zrYvo9_SfKi5nug&bvm=bv.64507335,d.Yms" "Mozilla/5.0 (Windows NT 6.1; rv:28.0) Gecko/20100101 Firefox/28.0"
208.115.113.85 - - [10/Apr/2014:16:37:26 +0200] "GET /robots.txt HTTP/1.1" 404 1256 "-" "Mozilla/5.0 (compatible; Ezooms/1.0; help@moz.com)"
87.162.80.38 - - [10/Apr/2014:17:05:48 +0200] "GET / HTTP/1.1" 302 - "-" "Mozilla/5.0 (iPad; CPU OS 7_1 like Mac OS X) AppleWebKit/537.51.2 (KHTML, like Gecko) Version/7.0 Mobile/11D167 Safari/9537.53"
78.53.9.102 - - [10/Apr/2014:17:41:35 +0200] "GET / HTTP/1.1" 302 - "http://www.google.com/url?sa=D&q=http://www.fls-berlin.de/&usg=AFQjCNGbvxSQ96H6RXgyWoxkMrtTJ-p5NQ" "Mozilla/5.0 (Windows NT 6.3; WOW64) AppleWebKit/537.36 (KHTML, like Gecko) Chrome/33.0.1750.154 Safari/537.36"
208.115.113.85 - - [10/Apr/2014:18:40:21 +0200] "GET /?path=contentarchive&type=2&letter=L&catid=0&themeid=0&searchtext=&entries=0&order= HTTP/1.1" 302 - "-" "Mozilla/5.0 (compatible; Ezooms/1.0; help@moz.com)"
176.9.48.201 - - [10/Apr/2014:19:25:19 +0200] "GET /robots.txt HTTP/1.1" 404 1256 "-" "Mozilla/5.0 (X11; Ubuntu; Linux x86_64; rv:27.0) Gecko/20100101 Firefox/27.0"
176.9.48.201 - - [10/Apr/2014:19:25:19 +0200] "GET / HTTP/1.1" 302 - "-" "Mozilla/5.0 (X11; Ubuntu; Linux x86_64; rv:27.0) Gecko/20100101 Firefox/27.0"
208.115.113.85 - - [10/Apr/2014:20:31:21 +0200] "GET /robots.txt HTTP/1.1" 404 1256 "-" "Mozilla/5.0 (compatible; Ezooms/1.0; help@moz.com)"
208.115.113.85 - - [10/Apr/2014:22:29:25 +0200] "GET /include.php?path=contentarchive&type=2&letter=D&catid=0&themeid=0&searchtext=&entries=0&order= HTTP/1.1" 404 1256 "-" "Mozilla/5.0 (compatible; Ezooms/1.0; help@moz.com)"
66.249.78.236 - - [10/Apr/2014:23:44:05 +0200] "GET /robots.txt HTTP/1.1" 404 1256 "-" "Mozilla/5.0 (compatible; Googlebot/2.1; +http://www.google.com/bot.html)"
66.249.78.236 - - [10/Apr/2014:23:44:05 +0200] "GET /include.php?path=content&contentid=44&nid=33 HTTP/1.1" 404 1256 "-" "Mozilla/5.0 (compatible; Googlebot/2.1; +http://www.google.com/bot.html)"
46.165.197.142 - - [10/Apr/2014:23:52:56 +0200] "GET /robots.txt HTTP/1.0" 404 1256 "-" "Mozilla/5.0 (compatible; MJ12bot/v1.4.4; http://www.majestic12.co.uk/bot.php?+)"
46.165.197.142 - - [10/Apr/2014:23:52:58 +0200] "GET / HTTP/1.0" 302 - "-" "Mozilla/5.0 (compatible; MJ12bot/v1.4.4; http://www.majestic12.co.uk/bot.php?+)"
66.249.78.236 - - [11/Apr/2014:00:48:22 +0200] "GET /include.php?path=contentarchive&type=2&letter=Q&catid=11&themeid=0&searchtext=&entries=0&order=&nid=19 HTTP/1.1" 404 1256 "-" "Mozilla/5.0 (compatible; Googlebot/2.1; +http://www.google.com/bot.html)"
87.156.211.142 - - [11/Apr/2014:00:52:20 +0200] "GET / HTTP/1.1" 302 - "http://abcd4.de" "Mozilla/5.0 (X11; debian; Linux x86_64; rv:15.0) Gecko/20100101 Iceweasel/15.0"
157.55.35.104 - - [11/Apr/2014:01:17:12 +0200] "GET /robots.txt HTTP/1.1" 404 1256 "-" "Mozilla/5.0 (compatible; bingbot/2.0; +http://www.bing.com/bingbot.htm)"
157.55.35.104 - - [11/Apr/2014:01:28:35 +0200] "GET /?path=content&contentid=36 HTTP/1.1" 302 - "-" "Mozilla/5.0 (compatible; bingbot/2.0; +http://www.bing.com/bingbot.htm)"
208.90.57.196 - - [11/Apr/2014:02:16:58 +0200] "GET / HTTP/1.1" 302 - "-" "Mozilla/5.0 (Macintosh; Intel Mac OS X 10.6; rv:2.0.1) Gecko/20100101 Firefox/4.0.1"
193.175.194.33 - - [11/Apr/2014:02:23:08 +0200] "GET / HTTP/1.1" 302 - "-" "Bildungsserver-Linkchecker DBS 0.9 (http://www.bildungsserver.de)"
144.76.69.142 - - [11/Apr/2014:03:56:57 +0200] "GET /robots.txt HTTP/1.1" 404 1256 "-" "Mozilla/5.0 (compatible; SISTRIX Crawler; http://crawler.sistrix.net/)"
144.76.69.142 - - [11/Apr/2014:03:56:57 +0200] "GET /robots.txt HTTP/1.1" 404 1256 "-" "Mozilla/5.0 (compatible; SISTRIX Crawler; http://crawler.sistrix.net/)"
144.76.69.142 - - [11/Apr/2014:03:56:57 +0200] "GET / HTTP/1.1" 302 - "-" "Mozilla/5.0 (compatible; SISTRIX Crawler; http://crawler.sistrix.net/)"
144.76.69.142 - - [11/Apr/2014:03:56:57 +0200] "GET / HTTP/1.1" 302 - "-" "Mozilla/5.0 (compatible; SISTRIX Crawler; http://crawler.sistrix.net/)"
5.10.83.89 - - [11/Apr/2014:05:00:26 +0200] "GET / HTTP/1.1" 302 - "-" "Mozilla/5.0 (compatible; AhrefsBot/5.0; +http://ahrefs.com/robot/)"
5.10.83.78 - - [11/Apr/2014:05:45:00 +0200] "GET /robots.txt HTTP/1.1" 404 1256 "-" "Mozilla/5.0 (compatible; AhrefsBot/5.0; +http://ahrefs.com/robot/)"
141.8.147.12 - - [11/Apr/2014:05:46:03 +0200] "GET /robots.txt HTTP/1.1" 404 1256 "-" "Mozilla/5.0 (compatible; YandexBot/3.0; +http://yandex.com/bots)"
141.8.147.12 - - [11/Apr/2014:05:57:50 +0200] "GET / HTTP/1.1" 302 - "-" "Mozilla/5.0 (compatible; YandexBot/3.0; +http://yandex.com/bots)"
178.255.215.70 - - [11/Apr/2014:06:33:41 +0200] "GET /robots.txt HTTP/1.1" 404 1256 "-" "Mozilla/5.0 (compatible; Exabot/3.0; +http://www.exabot.com/go/robot)"
178.255.215.70 - - [11/Apr/2014:06:33:41 +0200] "GET / HTTP/1.1" 302 - "-" "Mozilla/5.0 (compatible; Exabot/3.0; +http://www.exabot.com/go/robot)"
208.115.113.85 - - [11/Apr/2014:08:36:06 +0200] "GET /robots.txt HTTP/1.1" 404 1256 "-" "Mozilla/5.0 (compatible; Ezooms/1.0; help@moz.com)"
217.231.167.125 - - [11/Apr/2014:09:29:08 +0200] "GET / HTTP/1.1" 302 - "http://www.stayfriends.de/j/ViewController?action=spInfoView&scid=106649&scartid=30&affiliationid=4398610" "Mozilla/5.0 (Windows NT 6.3; WOW64; rv:28.0) Gecko/20100101 Firefox/28.0"
217.231.167.125 - - [11/Apr/2014:10:33:53 +0200] "GET / HTTP/1.1" 302 - "http://www.stayfriends.de/j/ViewController?action=spInfoView&scid=106649&scartid=30&affiliationid=4398610" "Mozilla/5.0 (Windows NT 6.3; WOW64; rv:28.0) Gecko/20100101 Firefox/28.0"
208.115.113.85 - - [11/Apr/2014:10:34:39 +0200] "GET /include.php?path=contentarchive&type=2&letter=V&catid=0&themeid=0&searchtext=&entries=0&order= HTTP/1.1" 404 1256 "-" "Mozilla/5.0 (compatible; Ezooms/1.0; help@moz.com)"
208.115.111.69 - - [11/Apr/2014:10:38:51 +0200] "GET /robots.txt HTTP/1.1" 404 1256 "-" "Mozilla/5.0 (compatible; Ezooms/1.0; help@moz.com)"
37.5.42.107 - - [11/Apr/2014:11:33:39 +0200] "GET / HTTP/1.1" 302 - "-" "Mozilla/5.0 (Windows NT 6.1; WOW64; rv:28.0) Gecko/20100101 Firefox/28.0"
84.189.141.219 - - [11/Apr/2014:12:00:42 +0200] "GET / HTTP/1.1" 302 - "-" "Mozilla/5.0 (Windows NT 6.1; WOW64; rv:28.0) Gecko/20100101 Firefox/28.0"
208.115.111.69 - - [11/Apr/2014:12:28:16 +0200] "GET /?path=content&contentid=47&nid=17 HTTP/1.1" 302 - "-" "Mozilla/5.0 (compatible; Ezooms/1.0; help@moz.com)"
5.9.112.66 - - [11/Apr/2014:12:31:54 +0200] "GET /robots.txt HTTP/1.1" 404 1256 "-" "Mozilla/5.0 (compatible; SISTRIX Crawler; http://crawler.sistrix.net/)"
5.9.112.66 - - [11/Apr/2014:12:31:54 +0200] "GET / HTTP/1.1" 302 - "-" "Mozilla/5.0 (compatible; SISTRIX Crawler; http://crawler.sistrix.net/)"
217.227.62.146 - - [11/Apr/2014:13:19:56 +0200] "GET / HTTP/1.1" 302 - "http://www.bing.com/entities/search?q=Friedrich-List-Schule&filters=segment%3a%22local%22&FORM=LARE" "Mozilla/4.0 (compatible; MSIE 8.0; Windows NT 5.1; Trident/4.0; .NET CLR 2.0.50727; .NET CLR 3.0.04506.30; .NET CLR 3.0.4506.2152; .NET CLR 3.5.30729; InfoPath.1)"
208.115.111.69 - - [11/Apr/2014:14:37:25 +0200] "GET /robots.txt HTTP/1.1" 404 1256 "-" "Mozilla/5.0 (compatible; Ezooms/1.0; help@moz.com)"
208.115.113.93 - - [11/Apr/2014:14:39:03 +0200] "GET /robots.txt HTTP/1.1" 404 1256 "-" "Mozilla/5.0 (compatible; Ezooms/1.0; help@moz.com)"
208.115.111.69 - - [11/Apr/2014:16:25:26 +0200] "GET /include.php?path=contentarchive&type=2&letter=U&catid=0&themeid=0&searchtext=&entries=0&order=title HTTP/1.1" 404 1256 "-" "Mozilla/5.0 (compatible; Ezooms/1.0; help@moz.com)"
87.160.177.122 - - [11/Apr/2014:16:27:51 +0200] "GET / HTTP/1.1" 302 - "-" "Mozilla/5.0 (Windows NT 6.1; rv:28.0) Gecko/20100101 Firefox/28.0"
208.115.113.85 - - [11/Apr/2014:16:36:51 +0200] "GET /robots.txt HTTP/1.1" 404 1256 "-" "Mozilla/5.0 (compatible; Ezooms/1.0; help@moz.com)"
208.115.113.93 - - [11/Apr/2014:16:40:15 +0200] "GET /include.php?path=contentarchive&type=2&letter=U&catid=0&themeid=0&searchtext=&entries=0&order=title HTTP/1.1" 404 1256 "-" "Mozilla/5.0 (compatible; Ezooms/1.0; help@moz.com)"
141.8.147.12 - - [11/Apr/2014:16:49:05 +0200] "GET /robots.txt HTTP/1.1" 404 1256 "-" "Mozilla/5.0 (compatible; YandexBot/3.0; +http://yandex.com/bots)"
141.8.147.12 - - [11/Apr/2014:16:49:07 +0200] "GET / HTTP/1.1" 302 - "-" "Mozilla/5.0 (compatible; YandexBot/3.0; +http://yandex.com/bots)"
208.115.113.93 - - [11/Apr/2014:18:37:36 +0200] "GET /robots.txt HTTP/1.1" 404 1256 "-" "Mozilla/5.0 (compatible; Ezooms/1.0; help@moz.com)"
208.115.111.69 - - [11/Apr/2014:18:37:41 +0200] "GET /robots.txt HTTP/1.1" 404 1256 "-" "Mozilla/5.0 (compatible; Ezooms/1.0; help@moz.com)"
208.115.113.85 - - [11/Apr/2014:18:38:24 +0200] "GET /?path=contentarchive&type=2&letter=B&catid=0&themeid=0&searchtext=&entries=0&order= HTTP/1.1" 302 - "-" "Mozilla/5.0 (compatible; Ezooms/1.0; help@moz.com)"
157.55.35.35 - - [11/Apr/2014:19:10:32 +0200] "GET /robots.txt HTTP/1.1" 404 1256 "-" "Mozilla/5.0 (compatible; bingbot/2.0; +http://www.bing.com/bingbot.htm)"
157.55.35.35 - - [11/Apr/2014:19:14:25 +0200] "GET /?path=content&contentid=35 HTTP/1.1" 302 - "-" "Mozilla/5.0 (compatible; bingbot/2.0; +http://www.bing.com/bingbot.htm)"
5.10.83.69 - - [11/Apr/2014:19:43:12 +0200] "GET /robots.txt HTTP/1.1" 404 1256 "-" "Mozilla/5.0 (compatible; AhrefsBot/5.0; +http://ahrefs.com/robot/)"
208.115.111.69 - - [11/Apr/2014:20:17:38 +0200] "GET /?path=contentarchive&type=2&letter=F&catid=0&themeid=0&searchtext=&entries=0&order= HTTP/1.1" 302 - "-" "Mozilla/5.0 (compatible; Ezooms/1.0; help@moz.com)"
208.115.113.93 - - [11/Apr/2014:20:32:23 +0200] "GET /?path=contentarchive&type=2&letter=F&catid=0&themeid=0&searchtext=&entries=0&order= HTTP/1.1" 302 - "-" "Mozilla/5.0 (compatible; Ezooms/1.0; help@moz.com)"
162.243.192.116 - - [11/Apr/2014:20:42:39 +0200] "GET / HTTP/1.0" 302 - "-" "Mozilla/5.0 (compatible; NetcraftSurveyAgent/1.0; +info@netcraft.com)"
87.169.115.207 - - [11/Apr/2014:21:15:50 +0200] "GET / HTTP/1.1" 302 - "-" "Mozilla/5.0 (Windows NT 5.1; rv:28.0) Gecko/20100101 Firefox/28.0"
192.241.165.144 - - [11/Apr/2014:21:35:08 +0200] "GET / HTTP/1.0" 302 - "-" "Mozilla/5.0 (compatible; NetcraftSurveyAgent/1.0; +info@netcraft.com)"
208.115.113.93 - - [11/Apr/2014:22:31:08 +0200] "GET /robots.txt HTTP/1.1" 404 1256 "-" "Mozilla/5.0 (compatible; Ezooms/1.0; help@moz.com)"
208.115.113.93 - - [12/Apr/2014:00:27:57 +0200] "GET /include.php?path=contentarchive&type=2&letter=alle&catid=0&themeid=0&searchtext=&entries=0&order= HTTP/1.1" 404 1256 "-" "Mozilla/5.0 (compatible; Ezooms/1.0; help@moz.com)"
208.43.245.244 - - [12/Apr/2014:01:00:33 +0200] "GET /robots.txt HTTP/1.1" 404 1256 "-" "Mozilla/5.0 (compatible; MSIE 9.0; Windows NT 6.1; WOW64; Trident/5.0; chromeframe/19.0.1084.52)"
208.43.245.244 - - [12/Apr/2014:01:00:37 +0200] "GET / HTTP/1.1" 302 - "-" "Mozilla/5.0 (compatible; MSIE 9.0; Windows NT 6.1; WOW64; Trident/5.0; chromeframe/19.0.1084.52)"
188.138.41.108 - - [12/Apr/2014:01:56:39 +0200] "GET /robots.txt HTTP/1.1" 404 1256 "-" "Mozilla/5.0 (X11; U; Linux i686; de; rv:1.9.0.1; compatible; iCjobs Stellenangebote Jobs; http://www.icjobs.de) Gecko/20100401 iCjobs/3.2.3"
188.138.41.108 - - [12/Apr/2014:01:56:39 +0200] "GET / HTTP/1.1" 302 - "-" "Mozilla/5.0 (X11; U; Linux i686; de; rv:1.9.0.1; compatible; iCjobs Stellenangebote Jobs; http://www.icjobs.de) Gecko/20100401 iCjobs/3.2.3"
188.138.41.108 - - [12/Apr/2014:01:56:40 +0200] "GET / HTTP/1.1" 302 - "-" "Mozilla/5.0 (X11; U; Linux i686; de; rv:1.9.0.1; compatible; iCjobs Stellenangebote Jobs; http://www.icjobs.de) Gecko/20100401 iCjobs/3.2.3"
208.115.113.93 - - [12/Apr/2014:02:39:00 +0200] "GET /robots.txt HTTP/1.1" 404 1256 "-" "Mozilla/5.0 (compatible; Ezooms/1.0; help@moz.com)"
84.135.250.188 - - [12/Apr/2014:03:21:22 +0200] "GET / HTTP/1.1" 302 - "http://abcd4.de" "Mozilla/5.0 (compatible; MSIE 9.0; Windows NT 6.1; WOW64; Trident/5.0; .NET CLR 3.5.30729; .NET CLR 3.0.30729; .NET CLR 2.0.50727; Media Center PC 6.0)"
5.9.20.44 - - [12/Apr/2014:04:16:11 +0200] "GET / HTTP/1.1" 302 - "-" "Mozilla/5.0 (X11; Ubuntu; Linux x86_64; rv:27.0) Gecko/20100101 Firefox/27.0"
208.115.113.93 - - [12/Apr/2014:04:43:24 +0200] "GET /include.php?path=content&contentid=81&nid=2 HTTP/1.1" 404 1256 "-" "Mozilla/5.0 (compatible; Ezooms/1.0; help@moz.com)"
208.115.113.93 - - [12/Apr/2014:04:43:29 +0200] "GET /include.php?path=contentarchive&type=2&letter=P&catid=0&themeid=0&searchtext=&entries=0&order=&nid=32 HTTP/1.1" 404 1256 "-" "Mozilla/5.0 (compatible; Ezooms/1.0; help@moz.com)"
208.115.111.69 - - [12/Apr/2014:05:29:09 +0200] "GET /robots.txt HTTP/1.1" 404 1256 "-" "Mozilla/5.0 (compatible; Ezooms/1.0; help@moz.com)"
208.115.113.93 - - [12/Apr/2014:06:35:35 +0200] "GET /robots.txt HTTP/1.1" 404 1256 "-" "Mozilla/5.0 (compatible; Ezooms/1.0; help@moz.com)"
178.255.215.68 - - [12/Apr/2014:07:56:25 +0200] "GET /robots.txt HTTP/1.1" 404 1256 "-" "Mozilla/5.0 (compatible; Exabot/3.0; +http://www.exabot.com/go/robot)"
178.255.215.68 - - [12/Apr/2014:07:56:25 +0200] "GET / HTTP/1.1" 302 - "-" "Mozilla/5.0 (compatible; Exabot/3.0; +http://www.exabot.com/go/robot)"
208.115.111.69 - - [12/Apr/2014:08:15:01 +0200] "GET /include.php?path=content&contentid=81&nid=2 HTTP/1.1" 404 1256 "-" "Mozilla/5.0 (compatible; Ezooms/1.0; help@moz.com)"
208.115.111.69 - - [12/Apr/2014:08:15:03 +0200] "GET /include.php?path=contentarchive&type=2&letter=P&catid=0&themeid=0&searchtext=&entries=0&order=&nid=32 HTTP/1.1" 404 1256 "-" "Mozilla/5.0 (compatible; Ezooms/1.0; help@moz.com)"
208.115.113.93 - - [12/Apr/2014:08:24:27 +0200] "GET /include.php?path=contentarchive&type=3&letter=K&catid=0&themeid=0&searchtext=&entries=0&order= HTTP/1.1" 404 1256 "-" "Mozilla/5.0 (compatible; Ezooms/1.0; help@moz.com)"
208.115.113.93 - - [12/Apr/2014:08:24:30 +0200] "GET /include.php?path=contentarchive&type=3&letter=N&catid=0&themeid=0&searchtext=&entries=0&order= HTTP/1.1" 404 1256 "-" "Mozilla/5.0 (compatible; Ezooms/1.0; help@moz.com)"
208.115.113.85 - - [12/Apr/2014:08:35:17 +0200] "GET /robots.txt HTTP/1.1" 404 1256 "-" "Mozilla/5.0 (compatible; Ezooms/1.0; help@moz.com)"
208.115.113.85 - - [12/Apr/2014:10:31:53 +0200] "GET /include.php?path=contentarchive&type=3&letter=R&catid=0&themeid=0&searchtext=&entries=0&order= HTTP/1.1" 404 1256 "-" "Mozilla/5.0 (compatible; Ezooms/1.0; help@moz.com)"
208.115.111.69 - - [12/Apr/2014:10:36:22 +0200] "GET /robots.txt HTTP/1.1" 404 1256 "-" "Mozilla/5.0 (compatible; Ezooms/1.0; help@moz.com)"
208.115.111.69 - - [12/Apr/2014:12:17:43 +0200] "GET /include.php?path=contentarchive&type=3&letter=K&catid=0&themeid=0&searchtext=&entries=0&order= HTTP/1.1" 404 1256 "-" "Mozilla/5.0 (compatible; Ezooms/1.0; help@moz.com)"
208.115.111.69 - - [12/Apr/2014:12:17:45 +0200] "GET /include.php?path=contentarchive&type=3&letter=N&catid=0&themeid=0&searchtext=&entries=0&order= HTTP/1.1" 404 1256 "-" "Mozilla/5.0 (compatible; Ezooms/1.0; help@moz.com)"
85.186.103.66 - - [12/Apr/2014:12:19:40 +0200] "GET / HTTP/1.1" 302 - "-" "Mozilla/5.0 (Windows NT 6.1; WOW64) AppleWebKit/537.36 (KHTML, like Gecko) Chrome/30.0.1599.69 Safari/537.36 OPR/17.0.1241.45"
208.115.113.85 - - [12/Apr/2014:12:34:31 +0200] "GET /robots.txt HTTP/1.1" 404 1256 "-" "Mozilla/5.0 (compatible; Ezooms/1.0; help@moz.com)"
66.249.78.236 - - [12/Apr/2014:13:37:38 +0200] "GET /robots.txt HTTP/1.1" 404 1256 "-" "Mozilla/5.0 (compatible; Googlebot/2.1; +http://www.google.com/bot.html)"
66.249.78.236 - - [12/Apr/2014:13:37:38 +0200] "GET /?path=content&contentid=44&nid=33 HTTP/1.1" 302 - "-" "Mozilla/5.0 (compatible; Googlebot/2.1; +http://www.google.com/bot.html)"
141.8.147.12 - - [12/Apr/2014:13:47:41 +0200] "GET /robots.txt HTTP/1.1" 404 1256 "-" "Mozilla/5.0 (compatible; YandexBot/3.0; +http://yandex.com/bots)"
141.8.147.12 - - [12/Apr/2014:13:47:43 +0200] "GET /fls_1_aktuelles.php?artid=43 HTTP/1.1" 404 1256 "-" "Mozilla/5.0 (compatible; YandexBot/3.0; +http://yandex.com/bots)"
141.8.147.12 - - [12/Apr/2014:13:47:45 +0200] "GET /fls_2_fremdsprachensekr.php HTTP/1.1" 404 1256 "-" "Mozilla/5.0 (compatible; YandexBot/3.0; +http://yandex.com/bots)"
141.8.147.12 - - [12/Apr/2014:13:47:47 +0200] "GET /index_fr.php HTTP/1.1" 404 1256 "-" "Mozilla/5.0 (compatible; YandexBot/3.0; +http://yandex.com/bots)"
141.8.147.12 - - [12/Apr/2014:13:47:49 +0200] "GET /fls_4_kontakt_anmeldung.php HTTP/1.1" 404 1256 "-" "Mozilla/5.0 (compatible; YandexBot/3.0; +http://yandex.com/bots)"
141.8.147.12 - - [12/Apr/2014:13:47:51 +0200] "GET /fls_1_aktuelles.php HTTP/1.1" 404 1256 "-" "Mozilla/5.0 (compatible; YandexBot/3.0; +http://yandex.com/bots)"
141.8.147.12 - - [12/Apr/2014:13:47:53 +0200] "GET /fls_2_kurs_ecbm_london.php HTTP/1.1" 404 1256 "-" "Mozilla/5.0 (compatible; YandexBot/3.0; +http://yandex.com/bots)"
