66.249.78.236 - - [18/Apr/2014:00:48:20 +0200] "GET /include.php?path=contentarchive&type=2&letter=Q&catid=0&themeid=0&searchtext=&entries=0&order=&nid=21 HTTP/1.1" 404 1256 "-" "Mozilla/5.0 (compatible; Googlebot/2.1; +http://www.google.com/bot.html)"
66.249.78.236 - - [18/Apr/2014:00:50:59 +0200] "GET /include.php?path=contentarchive&type=3&catid=0&letter=F&entries=0&searchtext=&order=date&nid=19 HTTP/1.1" 404 1256 "-" "Mozilla/5.0 (compatible; Googlebot/2.1; +http://www.google.com/bot.html)"
66.249.78.236 - - [18/Apr/2014:00:55:35 +0200] "GET /include.php?path=contentarchive&type=4&catid=12&letter=&entries=0&searchtext=&order=dated&nid=21 HTTP/1.1" 404 1256 "-" "Mozilla/5.0 (compatible; Googlebot/2.1; +http://www.google.com/bot.html)"
66.249.78.236 - - [18/Apr/2014:01:11:28 +0200] "GET /include.php?path=contentarchive&type=3&letter=M&catid=0&themeid=0&searchtext=&entries=0&order=title&nid=4 HTTP/1.1" 404 1256 "-" "Mozilla/5.0 (compatible; Googlebot/2.1; +http://www.google.com/bot.html)"
66.249.78.236 - - [18/Apr/2014:01:16:46 +0200] "GET /include.php?path=contentarchive&type=4&letter=T&catid=0&themeid=0&searchtext=&entries=0&order=titled&nid=32 HTTP/1.1" 404 1256 "-" "Mozilla/5.0 (compatible; Googlebot/2.1; +http://www.google.com/bot.html)"
66.249.78.236 - - [18/Apr/2014:01:22:04 +0200] "GET /include.php?path=contentarchive&type=3&letter=T&catid=1&themeid=0&searchtext=&entries=0&order=dated&nid=4 HTTP/1.1" 404 1256 "-" "Mozilla/5.0 (compatible; Googlebot/2.1; +http://www.google.com/bot.html)"
66.249.78.236 - - [18/Apr/2014:01:27:21 +0200] "GET /include.php?path=contentarchive&type=1&catid=0&letter=E&entries=0&searchtext=&order=titled&nid=13 HTTP/1.1" 404 1256 "-" "Mozilla/5.0 (compatible; Googlebot/2.1; +http://www.google.com/bot.html)"
66.249.78.236 - - [18/Apr/2014:01:32:39 +0200] "GET /include.php?path=contentarchive&type=4&letter=Y&catid=0&themeid=0&searchtext=&entries=0&order=titled HTTP/1.1" 404 1256 "-" "Mozilla/5.0 (compatible; Googlebot/2.1; +http://www.google.com/bot.html)"
66.249.78.236 - - [18/Apr/2014:01:37:57 +0200] "GET /include.php?path=contentarchive&type=1&catid=1&letter=O&entries=0&searchtext=&order=date&nid=32 HTTP/1.1" 404 1256 "-" "Mozilla/5.0 (compatible; Googlebot/2.1; +http://www.google.com/bot.html)"
66.249.78.236 - - [18/Apr/2014:01:43:14 +0200] "GET /include.php?path=contentarchive&type=1&catid=1&letter=I&entries=0&searchtext=&order=dated&nid=13 HTTP/1.1" 404 1256 "-" "Mozilla/5.0 (compatible; Googlebot/2.1; +http://www.google.com/bot.html)"
66.249.78.236 - - [18/Apr/2014:01:48:32 +0200] "GET /include.php?path=contentarchive&type=1&catid=9&letter=K&entries=0&searchtext=&order=dated&nid=13 HTTP/1.1" 404 1256 "-" "Mozilla/5.0 (compatible; Googlebot/2.1; +http://www.google.com/bot.html)"
66.249.78.236 - - [18/Apr/2014:01:53:50 +0200] "GET /include.php?path=contentarchive&type=2&letter=G&catid=1&themeid=0&searchtext=&entries=0&order=title&nid=19 HTTP/1.1" 404 1256 "-" "Mozilla/5.0 (compatible; Googlebot/2.1; +http://www.google.com/bot.html)"
66.249.78.236 - - [18/Apr/2014:01:59:08 +0200] "GET /include.php?path=content&mode=vote&contentid=77&type=1&content_vote=4&action=Go&nid=32 HTTP/1.1" 404 1256 "-" "Mozilla/5.0 (compatible; Googlebot/2.1; +http://www.google.com/bot.html)"
66.249.78.236 - - [18/Apr/2014:02:04:25 +0200] "GET /include.php?path=content&contentid=14&nid=19 HTTP/1.1" 404 1256 "-" "Mozilla/5.0 (compatible; Googlebot/2.1; +http://www.google.com/bot.html)"
66.249.78.236 - - [18/Apr/2014:02:09:43 +0200] "GET /include.php?path=contentarchive&type=4&letter=G&catid=7&themeid=0&searchtext=&entries=0&order=titled&nid=21 HTTP/1.1" 404 1256 "-" "Mozilla/5.0 (compatible; Googlebot/2.1; +http://www.google.com/bot.html)"
66.249.78.236 - - [18/Apr/2014:02:15:01 +0200] "GET /include.php?path=contentarchive&type=2&catid=11&letter=T&entries=0&searchtext=&order=title&nid=19 HTTP/1.1" 404 1256 "-" "Mozilla/5.0 (compatible; Googlebot/2.1; +http://www.google.com/bot.html)"
193.175.194.33 - - [18/Apr/2014:02:23:04 +0200] "GET / HTTP/1.1" 302 - "-" "Bildungsserver-Linkchecker DBS 0.9 (http://www.bildungsserver.de)"
66.249.78.236 - - [18/Apr/2014:02:25:36 +0200] "GET /include.php?path=contentarchive&type=4&catid=7&letter=M&entries=0&searchtext=&order=titled&nid=32 HTTP/1.1" 404 1256 "-" "Mozilla/5.0 (compatible; Googlebot/2.1; +http://www.google.com/bot.html)"
66.249.78.236 - - [18/Apr/2014:02:36:11 +0200] "GET /include.php?path=contentarchive&type=1&letter=T&catid=0&themeid=0&searchtext=&entries=0&order=&nid=21 HTTP/1.1" 404 1256 "-" "Mozilla/5.0 (compatible; Googlebot/2.1; +http://www.google.com/bot.html)"
208.115.113.85 - - [18/Apr/2014:02:40:43 +0200] "GET /?path=contentarchive&type=2&letter=I&catid=0&themeid=0&searchtext=&entries=0&order= HTTP/1.1" 302 - "-" "Mozilla/5.0 (compatible; DotBot/1.1; http://www.opensiteexplorer.org/dotbot, help@moz.com)"
66.249.78.236 - - [18/Apr/2014:02:41:29 +0200] "GET /include.php?path=contentarchive&type=2&letter=I&catid=9&themeid=0&searchtext=&entries=0&order=&nid=21 HTTP/1.1" 404 1256 "-" "Mozilla/5.0 (compatible; Googlebot/2.1; +http://www.google.com/bot.html)"
66.249.78.236 - - [18/Apr/2014:02:46:47 +0200] "GET /include.php?path=contentarchive&type=2&catid=1&letter=E&entries=0&searchtext=&order=date&nid=32 HTTP/1.1" 404 1256 "-" "Mozilla/5.0 (compatible; Googlebot/2.1; +http://www.google.com/bot.html)"
66.249.78.236 - - [18/Apr/2014:02:52:05 +0200] "GET /include.php?path=contentarchive&type=1&catid=1&letter=N&entries=0&searchtext=&order=date&nid=21 HTTP/1.1" 404 1256 "-" "Mozilla/5.0 (compatible; Googlebot/2.1; +http://www.google.com/bot.html)"
66.249.78.236 - - [18/Apr/2014:02:57:22 +0200] "GET /include.php?path=contentarchive&type=4&catid=0&letter=D&entries=0&searchtext=&order=title&nid=13 HTTP/1.1" 404 1256 "-" "Mozilla/5.0 (compatible; Googlebot/2.1; +http://www.google.com/bot.html)"
66.249.78.236 - - [18/Apr/2014:03:02:40 +0200] "GET /include.php?path=contentarchive&type=2&catid=1&letter=K&entries=0&searchtext=&order=dated&nid=4 HTTP/1.1" 404 1256 "-" "Mozilla/5.0 (compatible; Googlebot/2.1; +http://www.google.com/bot.html)"
66.249.78.236 - - [18/Apr/2014:03:07:58 +0200] "GET /include.php?path=contentarchive&type=4&catid=7&letter=M&entries=0&searchtext=&order=title&nid=4 HTTP/1.1" 404 1256 "-" "Mozilla/5.0 (compatible; Googlebot/2.1; +http://www.google.com/bot.html)"
66.249.78.236 - - [18/Apr/2014:03:13:15 +0200] "GET /include.php?path=download&contentid=28&catid=6&themeid=0&nid=13 HTTP/1.1" 404 1256 "-" "Mozilla/5.0 (compatible; Googlebot/2.1; +http://www.google.com/bot.html)"
66.249.78.236 - - [18/Apr/2014:03:18:33 +0200] "GET /include.php?path=contentarchive&type=2&catid=9&letter=W&entries=0&searchtext=&order=dated&nid=19 HTTP/1.1" 404 1256 "-" "Mozilla/5.0 (compatible; Googlebot/2.1; +http://www.google.com/bot.html)"
66.249.78.236 - - [18/Apr/2014:03:23:51 +0200] "GET /include.php?path=contentarchive&type=3&letter=X&catid=0&themeid=0&searchtext=&entries=0&order= HTTP/1.1" 404 1256 "-" "Mozilla/5.0 (compatible; Googlebot/2.1; +http://www.google.com/bot.html)"
66.249.78.236 - - [18/Apr/2014:03:29:09 +0200] "GET /include.php?path=contentarchive&type=4&catid=6&letter=R&entries=0&searchtext=&order=titled&nid=21 HTTP/1.1" 404 1256 "-" "Mozilla/5.0 (compatible; Googlebot/2.1; +http://www.google.com/bot.html)"
66.249.78.236 - - [18/Apr/2014:03:34:26 +0200] "GET /include.php?path=contentarchive&type=2&letter=F&catid=8&themeid=0&searchtext=&entries=0&order=title HTTP/1.1" 404 1256 "-" "Mozilla/5.0 (compatible; Googlebot/2.1; +http://www.google.com/bot.html)"
66.249.78.236 - - [18/Apr/2014:03:39:44 +0200] "GET /include.php?path=contentarchive&type=2&catid=1&letter=Z&entries=0&searchtext=&order=titled&nid=13 HTTP/1.1" 404 1256 "-" "Mozilla/5.0 (compatible; Googlebot/2.1; +http://www.google.com/bot.html)"
66.249.78.236 - - [18/Apr/2014:03:45:02 +0200] "GET /include.php?path=contentarchive&type=2&letter=Q&catid=0&themeid=0&searchtext=&entries=8&order=titled&nid=21 HTTP/1.1" 404 1256 "-" "Mozilla/5.0 (compatible; Googlebot/2.1; +http://www.google.com/bot.html)"
66.249.78.236 - - [18/Apr/2014:03:50:19 +0200] "GET /include.php?path=contentarchive&type=2&letter=X&catid=0&themeid=0&searchtext=&entries=0&order=dated HTTP/1.1" 404 1256 "-" "Mozilla/5.0 (compatible; Googlebot/2.1; +http://www.google.com/bot.html)"
66.249.78.236 - - [18/Apr/2014:03:55:37 +0200] "GET /include.php?path=contentarchive&type=1&letter=E&catid=0&themeid=0&searchtext=&entries=5&order=title&nid=32 HTTP/1.1" 404 1256 "-" "Mozilla/5.0 (compatible; Googlebot/2.1; +http://www.google.com/bot.html)"
66.249.78.236 - - [18/Apr/2014:04:06:12 +0200] "GET /include.php?path=contentarchive&type=2&catid=1&letter=C&entries=0&searchtext=&order=date&nid=19 HTTP/1.1" 404 1256 "-" "Mozilla/5.0 (compatible; Googlebot/2.1; +http://www.google.com/bot.html)"
66.249.78.236 - - [18/Apr/2014:04:11:30 +0200] "GET /include.php?path=contentarchive&type=4&catid=8&letter=W&entries=0&searchtext=&order=titled&nid=4 HTTP/1.1" 404 1256 "-" "Mozilla/5.0 (compatible; Googlebot/2.1; +http://www.google.com/bot.html)"
66.249.78.236 - - [18/Apr/2014:04:37:59 +0200] "GET /include.php?path=contentarchive&type=2&letter=D&catid=1&themeid=0&searchtext=&entries=0&order=&nid=21 HTTP/1.1" 404 1256 "-" "Mozilla/5.0 (compatible; Googlebot/2.1; +http://www.google.com/bot.html)"
66.249.78.236 - - [18/Apr/2014:04:48:34 +0200] "GET /include.php?path=contentarchive&type=4&letter=Y&catid=7&themeid=0&searchtext=&entries=0&order=title&nid=32 HTTP/1.1" 404 1256 "-" "Mozilla/5.0 (compatible; Googlebot/2.1; +http://www.google.com/bot.html)"
66.249.78.236 - - [18/Apr/2014:04:59:09 +0200] "GET /include.php?path=news&contentid=119&nid=19 HTTP/1.1" 404 1256 "-" "Mozilla/5.0 (compatible; Googlebot/2.1; +http://www.google.com/bot.html)"
66.249.78.236 - - [18/Apr/2014:05:04:27 +0200] "GET /include.php?path=contentarchive&type=2&catid=8&letter=H&entries=0&searchtext=&order=date HTTP/1.1" 404 1256 "-" "Mozilla/5.0 (compatible; Googlebot/2.1; +http://www.google.com/bot.html)"
66.249.78.236 - - [18/Apr/2014:05:09:45 +0200] "GET /include.php?path=contentarchive&type=2&letter=Q&catid=8&themeid=0&searchtext=&entries=0&order=titled&nid=21 HTTP/1.1" 404 1256 "-" "Mozilla/5.0 (compatible; Googlebot/2.1; +http://www.google.com/bot.html)"
66.249.78.236 - - [18/Apr/2014:05:15:03 +0200] "GET /include.php?path=contentarchive&type=4&letter=0-9&catid=8&themeid=0&searchtext=&entries=0&order=dated&nid=19 HTTP/1.1" 404 1256 "-" "Mozilla/5.0 (compatible; Googlebot/2.1; +http://www.google.com/bot.html)"
162.243.242.51 - - [18/Apr/2014:05:16:21 +0200] "GET /robots.txt HTTP/1.1" 404 1256 "-" "Mozilla/5.0 (compatible; spbot/4.0.9; +http://OpenLinkProfiler.org/bot )"
162.243.242.51 - - [18/Apr/2014:05:16:25 +0200] "GET / HTTP/1.1" 302 - "-" "Mozilla/5.0 (compatible; spbot/4.0.9; +http://OpenLinkProfiler.org/bot )"
66.249.78.236 - - [18/Apr/2014:05:20:20 +0200] "GET /include.php?path=contentarchive&type=1&catid=9&letter=S&entries=0&searchtext=&order=date&nid=13 HTTP/1.1" 404 1256 "-" "Mozilla/5.0 (compatible; Googlebot/2.1; +http://www.google.com/bot.html)"
66.249.78.236 - - [18/Apr/2014:05:25:38 +0200] "GET /include.php?path=contentarchive&type=2&letter=O&catid=8&themeid=0&searchtext=&entries=0&order=title&nid=4 HTTP/1.1" 404 1256 "-" "Mozilla/5.0 (compatible; Googlebot/2.1; +http://www.google.com/bot.html)"
66.249.78.236 - - [18/Apr/2014:05:41:31 +0200] "GET /include.php?path=contentarchive&type=2&letter=P&catid=9&themeid=0&searchtext=&entries=0&order=titled&nid=4 HTTP/1.1" 404 1256 "-" "Mozilla/5.0 (compatible; Googlebot/2.1; +http://www.google.com/bot.html)"
66.249.78.236 - - [18/Apr/2014:05:46:49 +0200] "GET /include.php?path=contentarchive&type=1&catid=10&letter=Y&entries=0&searchtext=&order=dated&nid=4 HTTP/1.1" 404 1256 "-" "Mozilla/5.0 (compatible; Googlebot/2.1; +http://www.google.com/bot.html)"
66.249.78.236 - - [18/Apr/2014:05:52:06 +0200] "GET /include.php?path=contentarchive&type=4&catid=6&letter=G&entries=0&searchtext=&order=titled&nid=19 HTTP/1.1" 404 1256 "-" "Mozilla/5.0 (compatible; Googlebot/2.1; +http://www.google.com/bot.html)"
66.249.78.236 - - [18/Apr/2014:05:57:24 +0200] "GET /include.php?path=contentarchive&type=2&catid=8&letter=Q&entries=0&searchtext=&order=titled&nid=4 HTTP/1.1" 404 1256 "-" "Mozilla/5.0 (compatible; Googlebot/2.1; +http://www.google.com/bot.html)"
66.249.78.236 - - [18/Apr/2014:06:02:42 +0200] "GET /include.php?path=contentarchive&type=1&letter=Y&catid=10&themeid=0&searchtext=&entries=0&order=titled&nid=32 HTTP/1.1" 404 1256 "-" "Mozilla/5.0 (compatible; Googlebot/2.1; +http://www.google.com/bot.html)"
66.249.78.236 - - [18/Apr/2014:06:08:00 +0200] "GET /include.php?path=contentarchive&type=2&letter=A&catid=9&themeid=0&searchtext=&entries=0&order=titled&nid=4 HTTP/1.1" 404 1256 "-" "Mozilla/5.0 (compatible; Googlebot/2.1; +http://www.google.com/bot.html)"
66.249.78.236 - - [18/Apr/2014:06:13:17 +0200] "GET /include.php?path=contentarchive&type=4&letter=D&catid=0&themeid=0&searchtext=&entries=0&order=title HTTP/1.1" 404 1256 "-" "Mozilla/5.0 (compatible; Googlebot/2.1; +http://www.google.com/bot.html)"
66.249.78.236 - - [18/Apr/2014:06:18:35 +0200] "GET /include.php?path=contentarchive&type=3&catid=1&letter=U&entries=0&searchtext=&order=date&nid=21 HTTP/1.1" 404 1256 "-" "Mozilla/5.0 (compatible; Googlebot/2.1; +http://www.google.com/bot.html)"
66.249.78.236 - - [18/Apr/2014:06:23:53 +0200] "GET /include.php?path=contentarchive&type=1&letter=O&catid=1&themeid=0&searchtext=&entries=0&order=&nid=19 HTTP/1.1" 404 1256 "-" "Mozilla/5.0 (compatible; Googlebot/2.1; +http://www.google.com/bot.html)"
66.249.78.236 - - [18/Apr/2014:06:29:10 +0200] "GET /include.php?path=contentarchive&type=1&catid=1&letter=Q&entries=0&searchtext=&order=dated&nid=4 HTTP/1.1" 404 1256 "-" "Mozilla/5.0 (compatible; Googlebot/2.1; +http://www.google.com/bot.html)"
66.249.78.236 - - [18/Apr/2014:06:45:03 +0200] "GET /include.php?path=faq&faqid=showcat&catid=0&nid=4 HTTP/1.1" 404 1256 "-" "Mozilla/5.0 (compatible; Googlebot/2.1; +http://www.google.com/bot.html)"
66.249.78.236 - - [18/Apr/2014:06:50:21 +0200] "GET /include.php?path=contentarchive&type=2&catid=9&letter=M&entries=0&searchtext=&order=titled&nid=13 HTTP/1.1" 404 1256 "-" "Mozilla/5.0 (compatible; Googlebot/2.1; +http://www.google.com/bot.html)"
66.249.78.236 - - [18/Apr/2014:06:55:39 +0200] "GET /include.php?path=contentarchive&type=2&letter=G&catid=0&themeid=0&searchtext=&entries=8&order=title&nid=19 HTTP/1.1" 404 1256 "-" "Mozilla/5.0 (compatible; Googlebot/2.1; +http://www.google.com/bot.html)"
141.8.147.12 - - [18/Apr/2014:06:56:08 +0200] "GET /robots.txt HTTP/1.1" 404 1256 "-" "Mozilla/5.0 (compatible; YandexBot/3.0; +http://yandex.com/bots)"
141.8.147.12 - - [18/Apr/2014:06:56:10 +0200] "GET / HTTP/1.1" 302 - "-" "Mozilla/5.0 (compatible; YandexBot/3.0; +http://yandex.com/bots)"
66.249.78.236 - - [18/Apr/2014:07:00:57 +0200] "GET /include.php?path=contentarchive&type=4&letter=U&catid=7&themeid=0&searchtext=&entries=0&order=titled HTTP/1.1" 404 1256 "-" "Mozilla/5.0 (compatible; Googlebot/2.1; +http://www.google.com/bot.html)"
66.249.78.236 - - [18/Apr/2014:07:06:14 +0200] "GET /include.php?path=contentarchive&type=1&letter=Y&catid=0&themeid=0&searchtext=&entries=0&order=&nid=21 HTTP/1.1" 404 1256 "-" "Mozilla/5.0 (compatible; Googlebot/2.1; +http://www.google.com/bot.html)"
66.249.78.236 - - [18/Apr/2014:07:11:32 +0200] "GET /include.php?path=contentarchive&type=1&letter=D&catid=1&themeid=0&searchtext=&entries=5&order=dated&nid=4 HTTP/1.1" 404 1256 "-" "Mozilla/5.0 (compatible; Googlebot/2.1; +http://www.google.com/bot.html)"
66.249.78.236 - - [18/Apr/2014:07:16:50 +0200] "GET /include.php?path=contentarchive&type=1&letter=O&catid=0&themeid=0&searchtext=&entries=5&order=&nid=4 HTTP/1.1" 404 1256 "-" "Mozilla/5.0 (compatible; Googlebot/2.1; +http://www.google.com/bot.html)"
66.249.78.236 - - [18/Apr/2014:07:22:07 +0200] "GET /include.php?path=contentarchive&type=1&letter=T&catid=0&themeid=0&searchtext=&entries=0&order=titled&nid=4 HTTP/1.1" 404 1256 "-" "Mozilla/5.0 (compatible; Googlebot/2.1; +http://www.google.com/bot.html)"
66.249.78.236 - - [18/Apr/2014:07:32:43 +0200] "GET /include.php?path=contentarchive&type=4&catid=7&letter=0-9&entries=0&searchtext=&order=date&nid=19 HTTP/1.1" 404 1256 "-" "Mozilla/5.0 (compatible; Googlebot/2.1; +http://www.google.com/bot.html)"
66.249.78.236 - - [18/Apr/2014:08:04:29 +0200] "GET /include.php?path=contentarchive&type=1&letter=T&catid=0&themeid=0&searchtext=&entries=5&order= HTTP/1.1" 404 1256 "-" "Mozilla/5.0 (compatible; Googlebot/2.1; +http://www.google.com/bot.html)"
66.249.78.236 - - [18/Apr/2014:08:36:15 +0200] "GET /include.php?path=contentarchive&type=4&catid=6&letter=J&entries=0&searchtext=&order=date HTTP/1.1" 404 1256 "-" "Mozilla/5.0 (compatible; Googlebot/2.1; +http://www.google.com/bot.html)"
66.249.78.236 - - [18/Apr/2014:09:13:19 +0200] "GET /include.php?path=contentarchive&type=1&letter=Q&catid=1&themeid=0&searchtext=&entries=0&order=title&nid=32 HTTP/1.1" 404 1256 "-" "Mozilla/5.0 (compatible; Googlebot/2.1; +http://www.google.com/bot.html)"
208.115.113.93 - - [18/Apr/2014:09:24:42 +0200] "GET /robots.txt HTTP/1.1" 404 1256 "-" "Mozilla/5.0 (compatible; DotBot/1.1; http://www.opensiteexplorer.org/dotbot, help@moz.com)"
141.8.147.12 - - [18/Apr/2014:09:32:05 +0200] "GET /robots.txt HTTP/1.1" 404 1256 "-" "Mozilla/5.0 (compatible; YandexBot/3.0; +http://yandex.com/bots)"
141.8.147.12 - - [18/Apr/2014:09:32:07 +0200] "GET /fls_1_aktuelles.php?artid=44 HTTP/1.1" 404 1256 "-" "Mozilla/5.0 (compatible; YandexBot/3.0; +http://yandex.com/bots)"
141.8.147.12 - - [18/Apr/2014:09:32:09 +0200] "GET /fls_2_fremdsprachensekr.php HTTP/1.1" 404 1256 "-" "Mozilla/5.0 (compatible; YandexBot/3.0; +http://yandex.com/bots)"
141.8.147.12 - - [18/Apr/2014:09:32:11 +0200] "GET /fls_1_aktuelles.php HTTP/1.1" 404 1256 "-" "Mozilla/5.0 (compatible; YandexBot/3.0; +http://yandex.com/bots)"
141.8.147.12 - - [18/Apr/2014:09:32:13 +0200] "GET /index_fr.php HTTP/1.1" 404 1256 "-" "Mozilla/5.0 (compatible; YandexBot/3.0; +http://yandex.com/bots)"
141.8.147.12 - - [18/Apr/2014:09:32:15 +0200] "GET /fls_2_europakorr.php HTTP/1.1" 404 1256 "-" "Mozilla/5.0 (compatible; YandexBot/3.0; +http://yandex.com/bots)"
141.8.147.12 - - [18/Apr/2014:09:32:17 +0200] "GET /fls_2_kurs_ecbm_london.php HTTP/1.1" 404 1256 "-" "Mozilla/5.0 (compatible; YandexBot/3.0; +http://yandex.com/bots)"
141.8.147.12 - - [18/Apr/2014:09:32:19 +0200] "GET /index_en.php HTTP/1.1" 404 1256 "-" "Mozilla/5.0 (compatible; YandexBot/3.0; +http://yandex.com/bots)"
141.8.147.12 - - [18/Apr/2014:09:32:21 +0200] "GET /fls_2_fremdsprachenkorr.php HTTP/1.1" 404 1256 "-" "Mozilla/5.0 (compatible; YandexBot/3.0; +http://yandex.com/bots)"
141.8.147.12 - - [18/Apr/2014:09:32:23 +0200] "GET /fls_4_kontakt_anmeldung.php HTTP/1.1" 404 1256 "-" "Mozilla/5.0 (compatible; YandexBot/3.0; +http://yandex.com/bots)"
141.8.147.12 - - [18/Apr/2014:09:32:25 +0200] "GET /fls_4_impressum.php HTTP/1.1" 404 1256 "-" "Mozilla/5.0 (compatible; YandexBot/3.0; +http://yandex.com/bots)"
141.8.147.12 - - [18/Apr/2014:09:32:27 +0200] "GET /fls_2_berufsfachschule.php HTTP/1.1" 404 1256 "-" "Mozilla/5.0 (compatible; YandexBot/3.0; +http://yandex.com/bots)"
141.8.147.12 - - [18/Apr/2014:09:32:29 +0200] "GET /fls_3_fls_international.php HTTP/1.1" 404 1256 "-" "Mozilla/5.0 (compatible; YandexBot/3.0; +http://yandex.com/bots)"
66.249.78.236 - - [18/Apr/2014:09:55:41 +0200] "GET /include.php?path=contentarchive&type=2&catid=1&letter=A&entries=0&searchtext=&order=dated&nid=13 HTTP/1.1" 404 1256 "-" "Mozilla/5.0 (compatible; Googlebot/2.1; +http://www.google.com/bot.html)"
66.249.78.236 - - [18/Apr/2014:10:38:02 +0200] "GET /include.php?path=content&mode=vote&contentid=74&type=1&content_vote=1&action=Go&nid=13 HTTP/1.1" 404 1256 "-" "Mozilla/5.0 (compatible; Googlebot/2.1; +http://www.google.com/bot.html)"
66.249.78.236 - - [18/Apr/2014:11:30:45 +0200] "GET /include.php?path=contentarchive&type=1&letter=alle&catid=0&themeid=0&searchtext=&entries=5&order=dated&nid=19 HTTP/1.1" 404 1256 "-" "Mozilla/5.0 (compatible; Googlebot/2.1; +http://www.google.com/bot.html)"
66.249.78.236 - - [18/Apr/2014:11:34:33 +0200] "GET /include.php?path=contentarchive&type=4&catid=6&letter=N&entries=0&searchtext=&order=titled&nid=13 HTTP/1.1" 404 1256 "-" "Mozilla/5.0 (compatible; Googlebot/2.1; +http://www.google.com/bot.html)"
208.115.113.93 - - [18/Apr/2014:11:54:23 +0200] "GET /include.php?path=contentarchive&type=2&nid=4 HTTP/1.1" 404 1256 "-" "Mozilla/5.0 (compatible; DotBot/1.1; http://www.opensiteexplorer.org/dotbot, help@moz.com)"
208.115.113.93 - - [18/Apr/2014:11:54:26 +0200] "GET /include.php?path=contentarchive&type=3&letter=E&catid=0&themeid=0&searchtext=&entries=0&order= HTTP/1.1" 404 1256 "-" "Mozilla/5.0 (compatible; DotBot/1.1; http://www.opensiteexplorer.org/dotbot, help@moz.com)"
64.246.165.10 - - [18/Apr/2014:13:03:47 +0200] "GET /robots.txt HTTP/1.0" 404 1256 "-" "Mozilla/5.0 (Windows; U; Windows NT 5.1; en; rv:1.9.0.13) Gecko/2009073022 Firefox/3.5.2 (.NET CLR 3.5.30729) SurveyBot/2.3 (DomainTools)"
64.246.165.10 - - [18/Apr/2014:13:03:48 +0200] "GET / HTTP/1.1" 302 - "http://whois.domaintools.com/fls-berlin.de" "Mozilla/5.0 (Windows; U; Windows NT 5.1; en; rv:1.9.0.13) Gecko/2009073022 Firefox/3.5.2 (.NET CLR 3.5.30729) SurveyBot/2.3 (DomainTools)"
216.145.5.42 - - [18/Apr/2014:15:01:17 +0200] "GET /robots.txt HTTP/1.0" 404 1256 "-" "Mozilla/5.0 (Windows; U; Windows NT 5.1; en; rv:1.9.0.13) Gecko/2009073022 Firefox/3.5.2 (.NET CLR 3.5.30729) SurveyBot/2.3 (DomainTools)"
216.145.5.42 - - [18/Apr/2014:15:01:17 +0200] "GET / HTTP/1.1" 302 - "http://whois.domaintools.com/friedrich-list-berlin.de" "Mozilla/5.0 (Windows; U; Windows NT 5.1; en; rv:1.9.0.13) Gecko/2009073022 Firefox/3.5.2 (.NET CLR 3.5.30729) SurveyBot/2.3 (DomainTools)"
217.114.217.235 - - [18/Apr/2014:20:14:20 +0200] "HEAD /feed/ HTTP/1.1" 404 - "-" "Ruby"
217.114.217.235 - - [18/Apr/2014:20:14:20 +0200] "GET / HTTP/1.1" 302 - "-" "\"manhattan-tool\""
208.115.111.69 - - [18/Apr/2014:20:39:08 +0200] "GET /robots.txt HTTP/1.1" 404 1256 "-" "Mozilla/5.0 (compatible; DotBot/1.1; http://www.opensiteexplorer.org/dotbot, help@moz.com)"
208.115.113.85 - - [18/Apr/2014:20:51:45 +0200] "GET /robots.txt HTTP/1.1" 404 1256 "-" "Mozilla/5.0 (compatible; DotBot/1.1; http://www.opensiteexplorer.org/dotbot, help@moz.com)"
208.115.113.93 - - [18/Apr/2014:20:54:05 +0200] "GET /robots.txt HTTP/1.1" 404 1256 "-" "Mozilla/5.0 (compatible; DotBot/1.1; http://www.opensiteexplorer.org/dotbot, help@moz.com)"
188.138.41.109 - - [18/Apr/2014:21:45:50 +0200] "GET /robots.txt HTTP/1.1" 404 1256 "-" "Mozilla/5.0 (X11; U; Linux i686; de; rv:1.9.0.1; compatible; iCjobs Stellenangebote Jobs; http://www.icjobs.de) Gecko/20100401 iCjobs/3.2.3"
188.138.41.109 - - [18/Apr/2014:21:45:50 +0200] "GET / HTTP/1.1" 302 - "-" "Mozilla/5.0 (X11; U; Linux i686; de; rv:1.9.0.1; compatible; iCjobs Stellenangebote Jobs; http://www.icjobs.de) Gecko/20100401 iCjobs/3.2.3"
188.138.41.109 - - [18/Apr/2014:21:45:50 +0200] "GET / HTTP/1.1" 302 - "-" "Mozilla/5.0 (X11; U; Linux i686; de; rv:1.9.0.1; compatible; iCjobs Stellenangebote Jobs; http://www.icjobs.de) Gecko/20100401 iCjobs/3.2.3"
37.5.66.111 - - [18/Apr/2014:22:28:46 +0200] "GET / HTTP/1.1" 302 - "http://www.yelp.com/biz_redir?url=http%3A%2F%2Fwww.friedrich-list-berlin.de&src_bizid=fSHiYxGQm1Z5g7TwC8oc_A&cachebuster=1397852859&s=4d891d4b6b4ba5a1730bc1568737767c07b79c1b6b8652a2384da2da20ae6157" "Mozilla/5.0 (Macintosh; Intel Mac OS X 10_9_2) AppleWebKit/537.36 (KHTML, like Gecko) Chrome/34.0.1847.116 Safari/537.36"
208.115.113.85 - - [18/Apr/2014:22:55:17 +0200] "GET /?path=contentarchive&type=2&letter=I&catid=0&themeid=0&searchtext=&entries=0&order= HTTP/1.1" 302 - "-" "Mozilla/5.0 (compatible; DotBot/1.1; http://www.opensiteexplorer.org/dotbot, help@moz.com)"
208.115.111.69 - - [19/Apr/2014:00:14:16 +0200] "GET /include.php?path=contentarchive&type=2&nid=4 HTTP/1.1" 404 1256 "-" "Mozilla/5.0 (compatible; DotBot/1.1; http://www.opensiteexplorer.org/dotbot, help@moz.com)"
208.115.111.69 - - [19/Apr/2014:00:14:19 +0200] "GET /include.php?path=contentarchive&type=3&letter=E&catid=0&themeid=0&searchtext=&entries=0&order= HTTP/1.1" 404 1256 "-" "Mozilla/5.0 (compatible; DotBot/1.1; http://www.opensiteexplorer.org/dotbot, help@moz.com)"
208.115.113.93 - - [19/Apr/2014:00:26:20 +0200] "GET /include.php?path=contentarchive&type=2&nid=4 HTTP/1.1" 404 1256 "-" "Mozilla/5.0 (compatible; DotBot/1.1; http://www.opensiteexplorer.org/dotbot, help@moz.com)"
208.115.113.93 - - [19/Apr/2014:00:26:23 +0200] "GET /include.php?path=contentarchive&type=3&letter=E&catid=0&themeid=0&searchtext=&entries=0&order= HTTP/1.1" 404 1256 "-" "Mozilla/5.0 (compatible; DotBot/1.1; http://www.opensiteexplorer.org/dotbot, help@moz.com)"
208.115.113.85 - - [19/Apr/2014:00:38:23 +0200] "GET /robots.txt HTTP/1.1" 404 1256 "-" "Mozilla/5.0 (compatible; DotBot/1.1; http://www.opensiteexplorer.org/dotbot, help@moz.com)"
66.249.67.36 - - [19/Apr/2014:01:12:59 +0200] "GET /robots.txt HTTP/1.1" 404 1256 "-" "Mozilla/5.0 (compatible; Googlebot/2.1; +http://www.google.com/bot.html)"
66.249.67.36 - - [19/Apr/2014:01:12:59 +0200] "GET /?path=content&contentid=44&nid=33 HTTP/1.1" 302 - "-" "Mozilla/5.0 (compatible; Googlebot/2.1; +http://www.google.com/bot.html)"
178.77.126.55 - - [19/Apr/2014:01:52:03 +0200] "GET /robots.txt HTTP/1.1" 404 1256 "-" "Mozilla/5.0 (compatible; CareerBot/1.1; +http://www.career-x.de/bot.html)"
178.77.126.55 - - [19/Apr/2014:01:52:03 +0200] "GET / HTTP/1.1" 302 - "-" "Mozilla/5.0 (compatible; CareerBot/1.1; +http://www.career-x.de/bot.html)"
208.115.113.85 - - [19/Apr/2014:02:32:18 +0200] "GET /include.php?path=contentarchive&type=3&letter=O&catid=0&themeid=0&searchtext=&entries=0&order= HTTP/1.1" 404 1256 "-" "Mozilla/5.0 (compatible; DotBot/1.1; http://www.opensiteexplorer.org/dotbot, help@moz.com)"
66.249.67.232 - - [19/Apr/2014:04:20:56 +0200] "GET / HTTP/1.1" 302 - "-" "SAMSUNG-SGH-E250/1.0 Profile/MIDP-2.0 Configuration/CLDC-1.1 UP.Browser/6.2.3.3.c.1.101 (GUI) MMP/2.0 (compatible; Googlebot-Mobile/2.1; +http://www.google.com/bot.html)"
217.230.157.246 - - [19/Apr/2014:04:45:03 +0200] "GET / HTTP/1.1" 302 - "http://www.bigfinder.de/?c=ws&q=online&v=1" "T-Online Browser"
94.242.222.13 - - [19/Apr/2014:04:51:26 +0200] "GET / HTTP/1.1" 302 - "-" "Mozilla/4.0 (compatible; MSIE 8.0; Windows NT 6.1; Trident/4.0)"
208.115.113.85 - - [19/Apr/2014:05:21:04 +0200] "GET /robots.txt HTTP/1.1" 404 1256 "-" "Mozilla/5.0 (compatible; DotBot/1.1; http://www.opensiteexplorer.org/dotbot, help@moz.com)"
66.249.67.96 - - [19/Apr/2014:06:29:48 +0200] "GET /robots.txt HTTP/1.1" 404 1256 "-" "Mozilla/5.0 (compatible; Googlebot/2.1; +http://www.google.com/bot.html)"
66.249.66.23 - - [19/Apr/2014:06:29:48 +0200] "GET / HTTP/1.1" 302 - "-" "SAMSUNG-SGH-E250/1.0 Profile/MIDP-2.0 Configuration/CLDC-1.1 UP.Browser/6.2.3.3.c.1.101 (GUI) MMP/2.0 (compatible; Googlebot-Mobile/2.1; +http://www.google.com/bot.html)"
5.10.83.89 - - [19/Apr/2014:07:12:46 +0200] "GET /robots.txt HTTP/1.1" 404 1256 "-" "Mozilla/5.0 (compatible; AhrefsBot/5.0; +http://ahrefs.com/robot/)"
208.115.113.85 - - [19/Apr/2014:07:17:28 +0200] "GET /include.php?path=contentarchive&type=2&letter=Z&catid=0&themeid=0&searchtext=&entries=0&order=title HTTP/1.1" 404 1256 "-" "Mozilla/5.0 (compatible; DotBot/1.1; http://www.opensiteexplorer.org/dotbot, help@moz.com)"
208.115.113.85 - - [19/Apr/2014:07:17:31 +0200] "GET /include.php?path=contentarchive&type=3&letter=G&catid=0&themeid=0&searchtext=&entries=0&order= HTTP/1.1" 404 1256 "-" "Mozilla/5.0 (compatible; DotBot/1.1; http://www.opensiteexplorer.org/dotbot, help@moz.com)"
162.210.196.97 - - [19/Apr/2014:10:18:39 +0200] "GET /robots.txt HTTP/1.0" 404 1256 "-" "Mozilla/5.0 (compatible; MJ12bot/v1.4.4; http://www.majestic12.co.uk/bot.php?+)"
162.210.196.97 - - [19/Apr/2014:10:18:41 +0200] "GET / HTTP/1.0" 302 - "-" "Mozilla/5.0 (compatible; MJ12bot/v1.4.4; http://www.majestic12.co.uk/bot.php?+)"
208.115.111.69 - - [19/Apr/2014:10:43:49 +0200] "GET /robots.txt HTTP/1.1" 404 1256 "-" "Mozilla/5.0 (compatible; DotBot/1.1; http://www.opensiteexplorer.org/dotbot, help@moz.com)"
208.115.113.93 - - [19/Apr/2014:10:43:51 +0200] "GET /robots.txt HTTP/1.1" 404 1256 "-" "Mozilla/5.0 (compatible; DotBot/1.1; http://www.opensiteexplorer.org/dotbot, help@moz.com)"
37.46.83.79 - - [19/Apr/2014:10:44:02 +0200] "GET / HTTP/1.1" 302 - "-" "Java/1.4.1_04"
37.46.83.79 - - [19/Apr/2014:10:44:05 +0200] "GET /fls_1_aktuelles.php HTTP/1.1" 404 1256 "-" "Java/1.4.1_04"
37.46.83.79 - - [19/Apr/2014:10:44:06 +0200] "GET /fls_2_fremdsprachensekr.php HTTP/1.1" 404 1256 "-" "Java/1.4.1_04"
37.46.83.79 - - [19/Apr/2014:10:44:07 +0200] "GET /fls_3_fls_international.php HTTP/1.1" 404 1256 "-" "Java/1.4.1_04"
37.46.83.79 - - [19/Apr/2014:10:44:07 +0200] "GET /fls_4_faq.php HTTP/1.1" 404 1256 "-" "Java/1.4.1_04"
37.46.83.79 - - [19/Apr/2014:10:44:07 +0200] "GET /fls_4_impressum.php HTTP/1.1" 404 1256 "-" "Java/1.4.1_04"
37.46.83.79 - - [19/Apr/2014:10:44:07 +0200] "GET /fls_4_kontakt_anmeldung.php HTTP/1.1" 404 1256 "-" "Java/1.4.1_04"
37.46.83.79 - - [19/Apr/2014:10:44:07 +0200] "GET /index.php HTTP/1.1" 302 - "-" "Java/1.4.1_04"
37.46.83.79 - - [19/Apr/2014:10:44:09 +0200] "GET /index_en.php HTTP/1.1" 404 1256 "-" "Java/1.4.1_04"
37.46.83.79 - - [19/Apr/2014:10:44:10 +0200] "GET /index_fr.php HTTP/1.1" 404 1256 "-" "Java/1.4.1_04"
37.46.83.79 - - [19/Apr/2014:10:44:10 +0200] "GET /index_sp.php HTTP/1.1" 404 1256 "-" "Java/1.4.1_04"
37.46.83.79 - - [19/Apr/2014:10:44:10 +0200] "GET /& HTTP/1.1" 404 1256 "-" "Java/1.4.1_04"
37.46.83.79 - - [19/Apr/2014:10:44:11 +0200] "GET /& HTTP/1.1" 404 1256 "-" "Java/1.4.1_04"
37.46.83.79 - - [19/Apr/2014:10:44:11 +0200] "GET /& HTTP/1.1" 404 1256 "-" "Java/1.4.1_04"
37.46.83.79 - - [19/Apr/2014:10:44:12 +0200] "GET /& HTTP/1.1" 404 1256 "-" "Java/1.4.1_04"
37.46.83.79 - - [19/Apr/2014:10:44:12 +0200] "GET /& HTTP/1.1" 404 1256 "-" "Java/1.4.1_04"
37.46.83.79 - - [19/Apr/2014:10:44:12 +0200] "GET /& HTTP/1.1" 404 1256 "-" "Java/1.4.1_04"
37.46.83.79 - - [19/Apr/2014:10:44:12 +0200] "GET /& HTTP/1.1" 404 1256 "-" "Java/1.4.1_04"
37.46.83.79 - - [19/Apr/2014:10:44:13 +0200] "GET /& HTTP/1.1" 404 1256 "-" "Java/1.4.1_04"
37.46.83.79 - - [19/Apr/2014:10:44:13 +0200] "GET /& HTTP/1.1" 404 1256 "-" "Java/1.4.1_04"
37.46.83.79 - - [19/Apr/2014:10:44:14 +0200] "GET /& HTTP/1.1" 404 1256 "-" "Java/1.4.1_04"
37.46.83.79 - - [19/Apr/2014:10:44:14 +0200] "GET /& HTTP/1.1" 404 1256 "-" "Java/1.4.1_04"
37.46.83.79 - - [19/Apr/2014:10:44:15 +0200] "GET /& HTTP/1.1" 404 1256 "-" "Java/1.4.1_04"
37.46.83.79 - - [19/Apr/2014:10:44:15 +0200] "GET /& HTTP/1.1" 404 1256 "-" "Java/1.4.1_04"
37.46.83.79 - - [19/Apr/2014:10:44:15 +0200] "GET /& HTTP/1.1" 404 1256 "-" "Java/1.4.1_04"
37.46.83.79 - - [19/Apr/2014:10:44:16 +0200] "GET /& HTTP/1.1" 404 1256 "-" "Java/1.4.1_04"
37.46.83.79 - - [19/Apr/2014:10:44:17 +0200] "GET /& HTTP/1.1" 404 1256 "-" "Java/1.4.1_04"
37.46.83.79 - - [19/Apr/2014:10:44:18 +0200] "GET /& HTTP/1.1" 404 1256 "-" "Java/1.4.1_04"
37.46.83.79 - - [19/Apr/2014:10:44:19 +0200] "GET /& HTTP/1.1" 404 1256 "-" "Java/1.4.1_04"
37.46.83.79 - - [19/Apr/2014:10:44:19 +0200] "GET /& HTTP/1.1" 404 1256 "-" "Java/1.4.1_04"
37.46.83.79 - - [19/Apr/2014:10:44:20 +0200] "GET /& HTTP/1.1" 404 1256 "-" "Java/1.4.1_04"
208.115.111.69 - - [19/Apr/2014:12:28:23 +0200] "GET /?path=contentarchive&type=2&letter=Z&catid=0&themeid=0&searchtext=&entries=0&order= HTTP/1.1" 302 - "-" "Mozilla/5.0 (compatible; DotBot/1.1; http://www.opensiteexplorer.org/dotbot, help@moz.com)"
208.115.111.69 - - [19/Apr/2014:12:28:25 +0200] "GET /include.php?path=contentarchive&type=2&letter=H&catid=0&themeid=0&searchtext=&entries=0&order= HTTP/1.1" 404 1256 "-" "Mozilla/5.0 (compatible; DotBot/1.1; http://www.opensiteexplorer.org/dotbot, help@moz.com)"
208.115.113.93 - - [19/Apr/2014:12:48:42 +0200] "GET /?path=contentarchive&type=2&letter=Z&catid=0&themeid=0&searchtext=&entries=0&order= HTTP/1.1" 302 - "-" "Mozilla/5.0 (compatible; DotBot/1.1; http://www.opensiteexplorer.org/dotbot, help@moz.com)"
208.115.113.93 - - [19/Apr/2014:12:48:49 +0200] "GET /include.php?path=contentarchive&type=2&letter=H&catid=0&themeid=0&searchtext=&entries=0&order= HTTP/1.1" 404 1256 "-" "Mozilla/5.0 (compatible; DotBot/1.1; http://www.opensiteexplorer.org/dotbot, help@moz.com)"
176.9.76.43 - - [19/Apr/2014:13:32:17 +0200] "GET /robots.txt HTTP/1.1" 404 1256 "-" "Mozilla/5.0 (X11; Ubuntu; Linux x86_64; rv:27.0) Gecko/20100101 Firefox/27.0"
176.9.76.43 - - [19/Apr/2014:13:32:17 +0200] "GET / HTTP/1.1" 302 - "-" "Mozilla/5.0 (X11; Ubuntu; Linux x86_64; rv:27.0) Gecko/20100101 Firefox/27.0"
208.115.113.93 - - [19/Apr/2014:14:47:24 +0200] "GET /robots.txt HTTP/1.1" 404 1256 "-" "Mozilla/5.0 (compatible; DotBot/1.1; http://www.opensiteexplorer.org/dotbot, help@moz.com)"
208.115.111.69 - - [19/Apr/2014:14:47:41 +0200] "GET /robots.txt HTTP/1.1" 404 1256 "-" "Mozilla/5.0 (compatible; DotBot/1.1; http://www.opensiteexplorer.org/dotbot, help@moz.com)"
46.165.197.142 - - [19/Apr/2014:16:30:10 +0200] "GET /robots.txt HTTP/1.0" 404 1256 "-" "Mozilla/5.0 (compatible; MJ12bot/v1.4.4; http://www.majestic12.co.uk/bot.php?+)"
46.165.197.142 - - [19/Apr/2014:16:30:12 +0200] "GET / HTTP/1.0" 302 - "-" "Mozilla/5.0 (compatible; MJ12bot/v1.4.4; http://www.majestic12.co.uk/bot.php?+)"
208.115.111.69 - - [19/Apr/2014:16:35:35 +0200] "GET /include.php?path=contentarchive&type=3&letter=W&catid=0&themeid=0&searchtext=&entries=0&order= HTTP/1.1" 404 1256 "-" "Mozilla/5.0 (compatible; DotBot/1.1; http://www.opensiteexplorer.org/dotbot, help@moz.com)"
208.115.113.85 - - [19/Apr/2014:16:43:39 +0200] "GET /robots.txt HTTP/1.1" 404 1256 "-" "Mozilla/5.0 (compatible; DotBot/1.1; http://www.opensiteexplorer.org/dotbot, help@moz.com)"
94.242.222.13 - - [19/Apr/2014:16:46:14 +0200] "GET /fls_4_impressum.php HTTP/1.1" 404 1256 "-" "Mozilla/4.0 (compatible; MSIE 8.0; Windows NT 6.1; Trident/4.0)"
208.115.113.93 - - [19/Apr/2014:16:49:40 +0200] "GET /include.php?path=contentarchive&type=3&letter=W&catid=0&themeid=0&searchtext=&entries=0&order= HTTP/1.1" 404 1256 "-" "Mozilla/5.0 (compatible; DotBot/1.1; http://www.opensiteexplorer.org/dotbot, help@moz.com)"
58.61.205.196 - - [19/Apr/2014:18:15:21 +0200] "GET / HTTP/1.1" 302 - "https://www.google.de/" "Mozilla/5.0 (Windows NT 6.1; WOW64) AppleWebKit/537.36 (KHTML, like Gecko) Chrome/30.0.1599.101 Safari/537.36"
208.115.113.85 - - [19/Apr/2014:18:40:18 +0200] "GET /include.php?path=contentarchive&type=2&letter=K&catid=0&themeid=0&searchtext=&entries=0&order= HTTP/1.1" 404 1256 "-" "Mozilla/5.0 (compatible; DotBot/1.1; http://www.opensiteexplorer.org/dotbot, help@moz.com)"
208.115.111.69 - - [19/Apr/2014:21:31:21 +0200] "GET /robots.txt HTTP/1.1" 404 1256 "-" "Mozilla/5.0 (compatible; DotBot/1.1; http://www.opensiteexplorer.org/dotbot, help@moz.com)"
178.255.215.70 - - [19/Apr/2014:22:09:02 +0200] "GET /robots.txt HTTP/1.1" 404 1256 "-" "Mozilla/5.0 (compatible; Exabot/3.0; +http://www.exabot.com/go/robot)"
178.255.215.70 - - [19/Apr/2014:22:09:02 +0200] "GET /?path=content&contentid=13 HTTP/1.1" 302 - "-" "Mozilla/5.0 (compatible; Exabot/3.0; +http://www.exabot.com/go/robot)"
208.115.113.93 - - [19/Apr/2014:23:56:49 +0200] "GET /robots.txt HTTP/1.1" 404 1256 "-" "Mozilla/5.0 (compatible; DotBot/1.1; http://www.opensiteexplorer.org/dotbot, help@moz.com)"
208.115.111.69 - - [20/Apr/2014:00:12:43 +0200] "GET /include.php?path=comment&comcat=cont&subid=34 HTTP/1.1" 404 1256 "-" "Mozilla/5.0 (compatible; DotBot/1.1; http://www.opensiteexplorer.org/dotbot, help@moz.com)"
66.249.78.236 - - [20/Apr/2014:01:58:13 +0200] "GET /robots.txt HTTP/1.1" 404 1256 "-" "Mozilla/5.0 (compatible; Googlebot/2.1; +http://www.google.com/bot.html)"
66.249.76.188 - - [20/Apr/2014:01:58:13 +0200] "GET / HTTP/1.1" 302 - "-" "DoCoMo/2.0 N905i(c100;TB;W24H16) (compatible; Googlebot-Mobile/2.1; +http://www.google.com/bot.html)"
208.115.111.69 - - [20/Apr/2014:06:39:38 +0200] "GET /robots.txt HTTP/1.1" 404 1256 "-" "Mozilla/5.0 (compatible; DotBot/1.1; http://www.opensiteexplorer.org/dotbot, help@moz.com)"
208.115.113.93 - - [20/Apr/2014:06:40:05 +0200] "GET /robots.txt HTTP/1.1" 404 1256 "-" "Mozilla/5.0 (compatible; DotBot/1.1; http://www.opensiteexplorer.org/dotbot, help@moz.com)"
208.115.113.93 - - [20/Apr/2014:08:02:43 +0200] "GET /include.php?path=contentarchive&type=2&letter=A&catid=0&themeid=0&searchtext=&entries=0&order= HTTP/1.1" 404 1256 "-" "Mozilla/5.0 (compatible; DotBot/1.1; http://www.opensiteexplorer.org/dotbot, help@moz.com)"
199.217.116.214 - - [20/Apr/2014:08:09:34 +0200] "GET / HTTP/1.1" 302 - "-" "Mozilla/5.0 (compatible; MSIE 9.0; Windows NT 6.1; Trident/5.0; SLCC2; .NET CLR 2.0.50727; .NET CLR 3.5.30729; .NET CLR 3.0.30729; Media Center PC 6.0; Tablet PC 2.0; .NET4.0E; .NET4.0C)"
199.217.116.214 - - [20/Apr/2014:08:09:35 +0200] "GET / HTTP/1.1" 302 - "-" "Mozilla/5.0 (compatible; MSIE 9.0; Windows NT 6.1; Trident/5.0; SLCC2; .NET CLR 2.0.50727; .NET CLR 3.5.30729; .NET CLR 3.0.30729; Media Center PC 6.0; Tablet PC 2.0; .NET4.0E; .NET4.0C)"
199.217.116.214 - - [20/Apr/2014:08:09:37 +0200] "GET /robots.txt HTTP/1.1" 404 1256 "-" "Java/1.7.0_51"
208.115.111.69 - - [20/Apr/2014:08:18:49 +0200] "GET /include.php?path=contentarchive&type=2&letter=A&catid=0&themeid=0&searchtext=&entries=0&order= HTTP/1.1" 404 1256 "-" "Mozilla/5.0 (compatible; DotBot/1.1; http://www.opensiteexplorer.org/dotbot, help@moz.com)"
178.255.215.68 - - [20/Apr/2014:09:09:50 +0200] "GET /robots.txt HTTP/1.1" 404 1256 "-" "Mozilla/5.0 (compatible; Exabot/3.0; +http://www.exabot.com/go/robot)"
178.255.215.68 - - [20/Apr/2014:09:09:50 +0200] "GET / HTTP/1.1" 302 - "-" "Mozilla/5.0 (compatible; Exabot/3.0; +http://www.exabot.com/go/robot)"
141.8.147.12 - - [20/Apr/2014:10:34:01 +0200] "GET /robots.txt HTTP/1.1" 404 1256 "-" "Mozilla/5.0 (compatible; YandexBot/3.0; +http://yandex.com/bots)"
141.8.147.12 - - [20/Apr/2014:10:34:03 +0200] "GET / HTTP/1.1" 302 - "-" "Mozilla/5.0 (compatible; YandexBot/3.0; +http://yandex.com/bots)"
208.115.111.69 - - [20/Apr/2014:10:43:04 +0200] "GET /robots.txt HTTP/1.1" 404 1256 "-" "Mozilla/5.0 (compatible; DotBot/1.1; http://www.opensiteexplorer.org/dotbot, help@moz.com)"
208.115.113.93 - - [20/Apr/2014:10:43:34 +0200] "GET /robots.txt HTTP/1.1" 404 1256 "-" "Mozilla/5.0 (compatible; DotBot/1.1; http://www.opensiteexplorer.org/dotbot, help@moz.com)"
188.102.149.180 - - [20/Apr/2014:12:17:57 +0200] "GET / HTTP/1.1" 302 - "-" "Mozilla/5.0 (Windows NT 6.1; WOW64; rv:28.0) Gecko/20100101 Firefox/28.0"
208.115.111.69 - - [20/Apr/2014:12:29:11 +0200] "GET /?path=contentarchive&type=2&letter=H&catid=0&themeid=0&searchtext=&entries=0&order= HTTP/1.1" 302 - "-" "Mozilla/5.0 (compatible; DotBot/1.1; http://www.opensiteexplorer.org/dotbot, help@moz.com)"
208.115.111.69 - - [20/Apr/2014:12:29:14 +0200] "GET /include.php?path=contentarchive&type=2&letter=M&catid=0&themeid=0&searchtext=&entries=0&order=title HTTP/1.1" 404 1256 "-" "Mozilla/5.0 (compatible; DotBot/1.1; http://www.opensiteexplorer.org/dotbot, help@moz.com)"
208.115.113.93 - - [20/Apr/2014:12:40:55 +0200] "GET /?path=contentarchive&type=2&letter=H&catid=0&themeid=0&searchtext=&entries=0&order= HTTP/1.1" 302 - "-" "Mozilla/5.0 (compatible; DotBot/1.1; http://www.opensiteexplorer.org/dotbot, help@moz.com)"
208.115.113.93 - - [20/Apr/2014:12:40:58 +0200] "GET /include.php?path=contentarchive&type=2&letter=M&catid=0&themeid=0&searchtext=&entries=0&order=title HTTP/1.1" 404 1256 "-" "Mozilla/5.0 (compatible; DotBot/1.1; http://www.opensiteexplorer.org/dotbot, help@moz.com)"
208.115.113.85 - - [20/Apr/2014:13:02:38 +0200] "GET /robots.txt HTTP/1.1" 404 1256 "-" "Mozilla/5.0 (compatible; DotBot/1.1; http://www.opensiteexplorer.org/dotbot, help@moz.com)"
207.241.226.230 - - [20/Apr/2014:13:56:04 +0200] "GET /robots.txt HTTP/1.1" 404 1256 "-" "Mozilla/5.0 (compatible; archive.org_bot; Wayback Machine Live Record; +http://archive.org/details/archive.org_bot)"
208.115.113.93 - - [20/Apr/2014:14:47:56 +0200] "GET /robots.txt HTTP/1.1" 404 1256 "-" "Mozilla/5.0 (compatible; DotBot/1.1; http://www.opensiteexplorer.org/dotbot, help@moz.com)"
208.115.113.85 - - [20/Apr/2014:14:59:02 +0200] "GET /include.php?path=contentarchive&type=3&letter=U&catid=0&themeid=0&searchtext=&entries=0&order= HTTP/1.1" 404 1256 "-" "Mozilla/5.0 (compatible; DotBot/1.1; http://www.opensiteexplorer.org/dotbot, help@moz.com)"
91.236.74.248 - - [20/Apr/2014:15:48:10 +0200] "GET /include.php?path=content&contentid=13 HTTP/1.0" 404 1256 "http://www.fls-berlin.de/include.php?path=content&contentid=13" "Mozilla/5.0 (Windows NT 5.1; rv:27.0) Gecko/20100101 Firefox/27.0"
91.236.74.248 - - [20/Apr/2014:15:48:10 +0200] "GET / HTTP/1.0" 302 - "http://www.fls-berlin.de/" "Mozilla/5.0 (Windows NT 5.1; rv:27.0) Gecko/20100101 Firefox/27.0"
208.115.113.85 - - [20/Apr/2014:16:42:09 +0200] "GET /robots.txt HTTP/1.1" 404 1256 "-" "Mozilla/5.0 (compatible; DotBot/1.1; http://www.opensiteexplorer.org/dotbot, help@moz.com)"
208.115.113.93 - - [20/Apr/2014:16:42:31 +0200] "GET /?path=contentarchive&type=2&letter=T&catid=0&themeid=0&searchtext=&entries=0&order= HTTP/1.1" 302 - "-" "Mozilla/5.0 (compatible; DotBot/1.1; http://www.opensiteexplorer.org/dotbot, help@moz.com)"
88.75.118.108 - - [20/Apr/2014:16:47:56 +0200] "GET / HTTP/1.1" 302 - "http://www.vlw-berlin.de/web/schulen.html" "Mozilla/5.0 (Windows NT 6.2; WOW64) AppleWebKit/537.36 (KHTML, like Gecko) Chrome/34.0.1847.116 Safari/537.36"
208.115.111.69 - - [20/Apr/2014:17:00:50 +0200] "GET /robots.txt HTTP/1.1" 404 1256 "-" "Mozilla/5.0 (compatible; DotBot/1.1; http://www.opensiteexplorer.org/dotbot, help@moz.com)"
66.249.65.32 - - [20/Apr/2014:18:33:17 +0200] "GET /robots.txt HTTP/1.1" 404 1256 "-" "Mozilla/5.0 (compatible; Googlebot/2.1; +http://www.google.com/bot.html)"
66.249.73.197 - - [20/Apr/2014:18:33:17 +0200] "GET / HTTP/1.1" 302 - "-" "DoCoMo/2.0 N905i(c100;TB;W24H16) (compatible; Googlebot-Mobile/2.1; +http://www.google.com/bot.html)"
208.115.113.85 - - [20/Apr/2014:18:39:36 +0200] "GET /?path=contentarchive&type=2&letter=X&catid=0&themeid=0&searchtext=&entries=0&order= HTTP/1.1" 302 - "-" "Mozilla/5.0 (compatible; DotBot/1.1; http://www.opensiteexplorer.org/dotbot, help@moz.com)"
208.115.113.93 - - [20/Apr/2014:18:43:14 +0200] "GET /robots.txt HTTP/1.1" 404 1256 "-" "Mozilla/5.0 (compatible; DotBot/1.1; http://www.opensiteexplorer.org/dotbot, help@moz.com)"
208.115.111.69 - - [20/Apr/2014:20:12:22 +0200] "GET /?path=contentarchive&type=2&letter=T&catid=0&themeid=0&searchtext=&entries=0&order= HTTP/1.1" 302 - "-" "Mozilla/5.0 (compatible; DotBot/1.1; http://www.opensiteexplorer.org/dotbot, help@moz.com)"
208.115.113.93 - - [20/Apr/2014:20:40:54 +0200] "GET /?path=contentarchive&type=2&letter=S&catid=0&themeid=0&searchtext=&entries=0&order= HTTP/1.1" 302 - "-" "Mozilla/5.0 (compatible; DotBot/1.1; http://www.opensiteexplorer.org/dotbot, help@moz.com)"
178.255.215.70 - - [20/Apr/2014:20:57:00 +0200] "GET / HTTP/1.1" 302 - "-" "Mozilla/5.0 (compatible; Exabot/3.0; +http://www.exabot.com/go/robot)"
188.138.41.108 - - [20/Apr/2014:22:12:05 +0200] "GET /robots.txt HTTP/1.1" 404 1256 "-" "Mozilla/5.0 (X11; U; Linux i686; de; rv:1.9.0.1; compatible; iCjobs Stellenangebote Jobs; http://www.icjobs.de) Gecko/20100401 iCjobs/3.2.3"
188.138.41.108 - - [20/Apr/2014:22:12:05 +0200] "GET / HTTP/1.1" 302 - "-" "Mozilla/5.0 (X11; U; Linux i686; de; rv:1.9.0.1; compatible; iCjobs Stellenangebote Jobs; http://www.icjobs.de) Gecko/20100401 iCjobs/3.2.3"
188.138.41.108 - - [20/Apr/2014:22:12:05 +0200] "GET / HTTP/1.1" 302 - "-" "Mozilla/5.0 (X11; U; Linux i686; de; rv:1.9.0.1; compatible; iCjobs Stellenangebote Jobs; http://www.icjobs.de) Gecko/20100401 iCjobs/3.2.3"
46.229.170.197 - - [20/Apr/2014:22:35:16 +0200] "GET / HTTP/1.1" 302 - "-" "Mozilla/5.0 (Windows NT 6.1; Win64; x64; rv:2.0b9pre) Gecko/20101228 Firefox/4.0b9pre"
208.115.113.93 - - [20/Apr/2014:22:44:03 +0200] "GET /robots.txt HTTP/1.1" 404 1256 "-" "Mozilla/5.0 (compatible; DotBot/1.1; http://www.opensiteexplorer.org/dotbot, help@moz.com)"
208.115.111.69 - - [20/Apr/2014:22:44:07 +0200] "GET /robots.txt HTTP/1.1" 404 1256 "-" "Mozilla/5.0 (compatible; DotBot/1.1; http://www.opensiteexplorer.org/dotbot, help@moz.com)"
62.220.2.202 - - [20/Apr/2014:23:06:16 +0200] "GET / HTTP/1.1" 302 - "https://www.google.de/" "Mozilla/5.0 (iPhone; CPU iPhone OS 7_1 like Mac OS X) AppleWebKit/537.51.2 (KHTML, like Gecko) Version/7.0 Mobile/11D167 Safari/9537.53"
5.10.83.64 - - [20/Apr/2014:23:54:57 +0200] "GET / HTTP/1.1" 302 - "-" "Mozilla/5.0 (compatible; AhrefsBot/5.0; +http://ahrefs.com/robot/)"
208.115.111.69 - - [21/Apr/2014:00:23:17 +0200] "GET /?path=content&contentid=81&nid=2 HTTP/1.1" 302 - "-" "Mozilla/5.0 (compatible; DotBot/1.1; http://www.opensiteexplorer.org/dotbot, help@moz.com)"
208.115.113.93 - - [21/Apr/2014:00:44:57 +0200] "GET /?path=content&contentid=81&nid=2 HTTP/1.1" 302 - "-" "Mozilla/5.0 (compatible; DotBot/1.1; http://www.opensiteexplorer.org/dotbot, help@moz.com)"
5.10.83.13 - - [21/Apr/2014:01:42:36 +0200] "GET / HTTP/1.1" 302 - "-" "Mozilla/5.0 (compatible; AhrefsBot/5.0; +http://ahrefs.com/robot/)"
208.115.113.93 - - [21/Apr/2014:02:49:10 +0200] "GET /robots.txt HTTP/1.1" 404 1256 "-" "Mozilla/5.0 (compatible; DotBot/1.1; http://www.opensiteexplorer.org/dotbot, help@moz.com)"
208.115.111.69 - - [21/Apr/2014:02:52:53 +0200] "GET /robots.txt HTTP/1.1" 404 1256 "-" "Mozilla/5.0 (compatible; DotBot/1.1; http://www.opensiteexplorer.org/dotbot, help@moz.com)"
208.115.113.93 - - [21/Apr/2014:03:22:29 +0200] "GET / HTTP/1.1" 302 - "-" "Mozilla/5.0 (compatible; DotBot/1.1; http://www.opensiteexplorer.org/dotbot, help@moz.com)"
208.115.111.69 - - [21/Apr/2014:03:28:08 +0200] "GET / HTTP/1.1" 302 - "-" "Mozilla/5.0 (compatible; DotBot/1.1; http://www.opensiteexplorer.org/dotbot, help@moz.com)"
66.249.65.96 - - [21/Apr/2014:04:51:27 +0200] "GET / HTTP/1.1" 302 - "-" "Mozilla/5.0 (compatible; Googlebot/2.1; +http://www.google.com/bot.html)"
66.249.65.32 - - [21/Apr/2014:07:26:29 +0200] "GET /robots.txt HTTP/1.1" 404 1256 "-" "Mozilla/5.0 (compatible; Googlebot/2.1; +http://www.google.com/bot.html)"
208.115.113.85 - - [21/Apr/2014:08:34:44 +0200] "GET /robots.txt HTTP/1.1" 404 1256 "-" "Mozilla/5.0 (compatible; DotBot/1.1; http://www.opensiteexplorer.org/dotbot, help@moz.com)"
93.186.202.198 - - [21/Apr/2014:09:59:43 +0200] "GET /include.php?path=comment&comcat=cont&subid=73&nid=19 HTTP/1.1" 404 1256 "-" "Mozilla/5.0 (X11; Linux i686; rv:6.0) Gecko/20100101 Firefox/6.0"
193.111.141.44 - - [21/Apr/2014:09:59:43 +0200] "GET /include.php?path=content&mode=print&contentid=25 HTTP/1.1" 404 1256 "-" "Mozilla/5.0 (X11; Linux i686; rv:6.0) Gecko/20100101 Firefox/6.0"
208.115.113.85 - - [21/Apr/2014:10:27:46 +0200] "GET /include.php?path=userinfo&id=1 HTTP/1.1" 404 1256 "-" "Mozilla/5.0 (compatible; DotBot/1.1; http://www.opensiteexplorer.org/dotbot, help@moz.com)"
208.115.113.93 - - [21/Apr/2014:10:42:06 +0200] "GET /robots.txt HTTP/1.1" 404 1256 "-" "Mozilla/5.0 (compatible; DotBot/1.1; http://www.opensiteexplorer.org/dotbot, help@moz.com)"
208.115.113.93 - - [21/Apr/2014:12:44:43 +0200] "GET /?path=content&contentid=35 HTTP/1.1" 302 - "-" "Mozilla/5.0 (compatible; DotBot/1.1; http://www.opensiteexplorer.org/dotbot, help@moz.com)"
208.115.113.93 - - [21/Apr/2014:12:44:46 +0200] "GET /include.php?path=contentarchive&type=2&letter=G&catid=0&themeid=0&searchtext=&entries=0&order= HTTP/1.1" 404 1256 "-" "Mozilla/5.0 (compatible; DotBot/1.1; http://www.opensiteexplorer.org/dotbot, help@moz.com)"
208.115.113.93 - - [21/Apr/2014:12:44:48 +0200] "GET /include.php?path=contentarchive&type=2&letter=X&catid=0&themeid=0&searchtext=&entries=0&order=title HTTP/1.1" 404 1256 "-" "Mozilla/5.0 (compatible; DotBot/1.1; http://www.opensiteexplorer.org/dotbot, help@moz.com)"
208.115.113.93 - - [21/Apr/2014:12:44:50 +0200] "GET /include.php?path=contentarchive&type=2&letter=alle&catid=0&themeid=0&searchtext=&entries=0&order=title HTTP/1.1" 404 1256 "-" "Mozilla/5.0 (compatible; DotBot/1.1; http://www.opensiteexplorer.org/dotbot, help@moz.com)"
46.79.156.151 - - [21/Apr/2014:12:52:25 +0200] "GET / HTTP/1.1" 302 - "http://www.google.de/url?sa=t&rct=j&q=&esrc=s&source=web&cd=9&ved=0CHAQoAIwCA&url=http%3A%2F%2Fwww.friedrich-list-berlin.de%2F&ei=2PdUU4nhIMvXPIr6gfAP&usg=AFQjCNGsKs3TvBQ4z91zrYvo9_SfKi5nug&bvm=bv.65058239,d.ZWU" "Mozilla/5.0 (Macintosh; Intel Mac OS X 10.8; rv:28.0) Gecko/20100101 Firefox/28.0"
208.115.113.93 - - [21/Apr/2014:14:41:35 +0200] "GET /robots.txt HTTP/1.1" 404 1256 "-" "Mozilla/5.0 (compatible; DotBot/1.1; http://www.opensiteexplorer.org/dotbot, help@moz.com)"
208.115.113.93 - - [21/Apr/2014:16:40:55 +0200] "GET /?path=contentarchive&type=2&letter=R&catid=0&themeid=0&searchtext=&entries=0&order= HTTP/1.1" 302 - "-" "Mozilla/5.0 (compatible; DotBot/1.1; http://www.opensiteexplorer.org/dotbot, help@moz.com)"
208.115.113.93 - - [21/Apr/2014:16:40:59 +0200] "GET /include.php?path=contentarchive&type=2&letter=U&catid=0&themeid=0&searchtext=&entries=0&order= HTTP/1.1" 404 1256 "-" "Mozilla/5.0 (compatible; DotBot/1.1; http://www.opensiteexplorer.org/dotbot, help@moz.com)"
88.171.127.160 - - [21/Apr/2014:17:04:30 +0200] "GET / HTTP/1.1" 302 - "-" "Mozilla/5.0 (Linux; U; Android 4.2.2; de-de; HTC_OneXplus Build/JDQ39) AppleWebKit/534.30 (KHTML, like Gecko) Version/4.0 Mobile Safari/534.30"
141.8.147.12 - - [21/Apr/2014:17:11:13 +0200] "GET /robots.txt HTTP/1.1" 404 1256 "-" "Mozilla/5.0 (compatible; YandexBot/3.0; +http://yandex.com/bots)"
141.8.147.12 - - [21/Apr/2014:17:11:15 +0200] "GET / HTTP/1.1" 302 - "-" "Mozilla/5.0 (compatible; YandexBot/3.0; +http://yandex.com/bots)"
