80.171.220.106 - - [26/Apr/2014:23:06:59 +0200] "GET / HTTP/1.1" 302 - "http://www.google.com/url?sa=t&rct=j&q=&esrc=s&source=web&cd=2&ved=0CC8QFjAB&url=http%3A%2F%2Fwww.friedrich-list-berlin.de%2F&ei=Zx9cU8a-MMLStAa-2oGwBA&usg=AFQjCNGsKs3TvBQ4z91zrYvo9_SfKi5nug&bvm=bv.65397613,d.Yms" "Mozilla/5.0 (Windows NT 6.3; WOW64; rv:28.0) Gecko/20100101 Firefox/28.0"
208.115.113.85 - - [27/Apr/2014:00:36:40 +0200] "GET /robots.txt HTTP/1.1" 404 1256 "-" "Mozilla/5.0 (compatible; DotBot/1.1; http://www.opensiteexplorer.org/dotbot, help@moz.com)"
208.115.113.85 - - [27/Apr/2014:02:30:37 +0200] "GET /?path=contentarchive&type=2&letter=L&catid=0&themeid=0&searchtext=&entries=0&order= HTTP/1.1" 302 - "-" "Mozilla/5.0 (compatible; DotBot/1.1; http://www.opensiteexplorer.org/dotbot, help@moz.com)"
208.115.111.69 - - [27/Apr/2014:02:36:54 +0200] "GET /robots.txt HTTP/1.1" 404 1256 "-" "Mozilla/5.0 (compatible; DotBot/1.1; http://www.opensiteexplorer.org/dotbot, help@moz.com)"
31.19.103.116 - - [27/Apr/2014:02:48:02 +0200] "GET / HTTP/1.1" 302 - "http://www.regional.planet-beruf.de/details.jsp?roid=157&oid=100400200&tid=1&eid=3026" "Opera/9.80 (Windows NT 6.1) Presto/2.12.388 Version/12.15"
144.76.167.214 - - [27/Apr/2014:02:52:23 +0200] "GET /robots.txt HTTP/1.1" 404 1256 "-" "Mozilla/5.0 (compatible; SISTRIX Crawler; http://crawler.sistrix.net/)"
144.76.167.214 - - [27/Apr/2014:02:52:25 +0200] "GET / HTTP/1.1" 302 - "-" "Mozilla/5.0 (compatible; SISTRIX Crawler; http://crawler.sistrix.net/)"
128.131.102.100 - - [27/Apr/2014:03:08:48 +0200] "GET / HTTP/1.0" 302 - "-" "Mozilla/5.0 (KeepRight OpenStreetMap Checker; http://keepright.at) Gecko/20100101 Firefox/22.0"
208.115.111.69 - - [27/Apr/2014:04:19:52 +0200] "GET /include.php?path=contentarchive&type=3&letter=B&catid=0&themeid=0&searchtext=&entries=0&order= HTTP/1.1" 404 1256 "-" "Mozilla/5.0 (compatible; DotBot/1.1; http://www.opensiteexplorer.org/dotbot, help@moz.com)"
208.115.113.85 - - [27/Apr/2014:04:33:56 +0200] "GET /robots.txt HTTP/1.1" 404 1256 "-" "Mozilla/5.0 (compatible; DotBot/1.1; http://www.opensiteexplorer.org/dotbot, help@moz.com)"
208.115.113.85 - - [27/Apr/2014:06:35:57 +0200] "GET /include.php?path=contentarchive&type=2&letter=D&catid=0&themeid=0&searchtext=&entries=0&order= HTTP/1.1" 404 1256 "-" "Mozilla/5.0 (compatible; DotBot/1.1; http://www.opensiteexplorer.org/dotbot, help@moz.com)"
208.115.111.69 - - [27/Apr/2014:06:40:43 +0200] "GET /robots.txt HTTP/1.1" 404 1256 "-" "Mozilla/5.0 (compatible; DotBot/1.1; http://www.opensiteexplorer.org/dotbot, help@moz.com)"
208.115.111.69 - - [27/Apr/2014:06:40:45 +0200] "GET /robots.txt HTTP/1.1" 404 1256 "-" "Mozilla/5.0 (compatible; DotBot/1.1; http://www.opensiteexplorer.org/dotbot, help@moz.com)"
208.115.111.69 - - [27/Apr/2014:07:01:09 +0200] "GET / HTTP/1.1" 302 - "-" "Mozilla/5.0 (compatible; DotBot/1.1; http://www.opensiteexplorer.org/dotbot, help@moz.com)"
208.115.111.69 - - [27/Apr/2014:08:28:06 +0200] "GET /include.php?path=contentarchive&type=2&letter=T&catid=0&themeid=0&searchtext=&entries=0&order=title HTTP/1.1" 404 1256 "-" "Mozilla/5.0 (compatible; DotBot/1.1; http://www.opensiteexplorer.org/dotbot, help@moz.com)"
208.115.111.69 - - [27/Apr/2014:08:28:10 +0200] "GET /include.php?path=contentarchive&type=3&letter=H&catid=0&themeid=0&searchtext=&entries=0&order= HTTP/1.1" 404 1256 "-" "Mozilla/5.0 (compatible; DotBot/1.1; http://www.opensiteexplorer.org/dotbot, help@moz.com)"
208.115.113.85 - - [27/Apr/2014:16:38:44 +0200] "GET /robots.txt HTTP/1.1" 404 1256 "-" "Mozilla/5.0 (compatible; DotBot/1.1; http://www.opensiteexplorer.org/dotbot, help@moz.com)"
91.66.1.16 - - [27/Apr/2014:17:07:21 +0200] "GET / HTTP/1.1" 302 - "http://web2.cylex.de/reviews/viewcompanywebsite.aspx?firmaName=osz-wirtschaftssprachen-friedrich--list--schule-kompetenzzentrum-fuer-internationale-beziehungen&companyId=6274919" "Mozilla/5.0 (Windows NT 6.1) AppleWebKit/537.36 (KHTML, like Gecko) Chrome/34.0.1847.116 Safari/537.36"
66.249.78.115 - - [27/Apr/2014:17:26:13 +0200] "GET /robots.txt HTTP/1.1" 404 1256 "-" "Mozilla/5.0 (compatible; Googlebot/2.1; +http://www.google.com/bot.html)"
66.249.78.115 - - [27/Apr/2014:17:26:13 +0200] "GET / HTTP/1.1" 302 - "-" "Mozilla/5.0 (compatible; Googlebot/2.1; +http://www.google.com/bot.html)"
23.23.222.104 - - [27/Apr/2014:17:37:18 +0200] "GET / HTTP/1.1" 302 - "-" "Mozilla/5.0 (Windows NT 6.1; WOW64; rv:28.0) Gecko/20100101 Firefox/28.0"
208.115.113.85 - - [27/Apr/2014:18:36:20 +0200] "GET /include.php?path=contentarchive&type=2&letter=V&catid=0&themeid=0&searchtext=&entries=0&order= HTTP/1.1" 404 1256 "-" "Mozilla/5.0 (compatible; DotBot/1.1; http://www.opensiteexplorer.org/dotbot, help@moz.com)"
208.115.113.85 - - [27/Apr/2014:18:36:28 +0200] "GET /include.php?path=contentarchive&type=2&letter=V&catid=0&themeid=0&searchtext=&entries=0&order=title HTTP/1.1" 404 1256 "-" "Mozilla/5.0 (compatible; DotBot/1.1; http://www.opensiteexplorer.org/dotbot, help@moz.com)"
208.115.111.69 - - [27/Apr/2014:22:39:19 +0200] "GET /robots.txt HTTP/1.1" 404 1256 "-" "Mozilla/5.0 (compatible; DotBot/1.1; http://www.opensiteexplorer.org/dotbot, help@moz.com)"
66.249.78.236 - - [27/Apr/2014:22:49:20 +0200] "GET /robots.txt HTTP/1.1" 404 1256 "-" "Mozilla/5.0 (compatible; Googlebot/2.1; +http://www.google.com/bot.html)"
66.249.78.236 - - [27/Apr/2014:22:49:20 +0200] "GET /include.php?path=contentarchive&type=2&catid=0&letter=0-9&entries=0&searchtext=&order=date&nid=4 HTTP/1.1" 404 1256 "-" "Mozilla/5.0 (compatible; Googlebot/2.1; +http://www.google.com/bot.html)"
66.249.78.236 - - [27/Apr/2014:23:40:51 +0200] "GET /include.php?path=contentarchive&type=1&letter=P&catid=0&themeid=0&searchtext=&entries=0&order=titled HTTP/1.1" 404 1256 "-" "Mozilla/5.0 (compatible; Googlebot/2.1; +http://www.google.com/bot.html)"
178.255.215.70 - - [27/Apr/2014:23:48:00 +0200] "GET /robots.txt HTTP/1.1" 404 1256 "-" "Mozilla/5.0 (compatible; Exabot/3.0; +http://www.exabot.com/go/robot)"
178.255.215.70 - - [27/Apr/2014:23:48:00 +0200] "GET / HTTP/1.1" 302 - "-" "Mozilla/5.0 (compatible; Exabot/3.0; +http://www.exabot.com/go/robot)"
208.115.111.69 - - [28/Apr/2014:00:18:12 +0200] "GET /include.php?path=contentarchive&type=3&letter=I&catid=0&themeid=0&searchtext=&entries=0&order= HTTP/1.1" 404 1256 "-" "Mozilla/5.0 (compatible; DotBot/1.1; http://www.opensiteexplorer.org/dotbot, help@moz.com)"
66.249.78.236 - - [28/Apr/2014:00:29:17 +0200] "GET /include.php?path=contentarchive&type=4&letter=L&catid=1&themeid=0&searchtext=&entries=0&order=titled HTTP/1.1" 404 1256 "-" "Mozilla/5.0 (compatible; Googlebot/2.1; +http://www.google.com/bot.html)"
208.115.113.85 - - [28/Apr/2014:00:38:37 +0200] "GET /robots.txt HTTP/1.1" 404 1256 "-" "Mozilla/5.0 (compatible; DotBot/1.1; http://www.opensiteexplorer.org/dotbot, help@moz.com)"
66.249.78.236 - - [28/Apr/2014:02:01:42 +0200] "GET /include.php?path=contentarchive&type=1&catid=0&letter=Z&entries=0&searchtext=&order=titled&nid=32 HTTP/1.1" 404 1256 "-" "Mozilla/5.0 (compatible; Googlebot/2.1; +http://www.google.com/bot.html)"
66.249.78.236 - - [28/Apr/2014:02:27:13 +0200] "GET /include.php?path=contentarchive&type=3&letter=K&catid=1&themeid=0&searchtext=&entries=0&order=&nid=13 HTTP/1.1" 404 1256 "-" "Mozilla/5.0 (compatible; Googlebot/2.1; +http://www.google.com/bot.html)"
208.115.113.85 - - [28/Apr/2014:02:31:00 +0200] "GET /?path=contentarchive&type=2&letter=B&catid=0&themeid=0&searchtext=&entries=0&order= HTTP/1.1" 302 - "-" "Mozilla/5.0 (compatible; DotBot/1.1; http://www.opensiteexplorer.org/dotbot, help@moz.com)"
66.249.78.236 - - [28/Apr/2014:03:36:45 +0200] "GET /include.php?path=contentarchive&letter=&catid=1&themeid=0&type=1&order=title&entries=5&nid=21 HTTP/1.1" 404 1256 "-" "Mozilla/5.0 (compatible; Googlebot/2.1; +http://www.google.com/bot.html)"
66.249.78.236 - - [28/Apr/2014:04:25:03 +0200] "GET /include.php?path=contentarchive&type=4&catid=7&letter=N&entries=0&searchtext=&order=date&nid=32 HTTP/1.1" 404 1256 "-" "Mozilla/5.0 (compatible; Googlebot/2.1; +http://www.google.com/bot.html)"
37.58.100.140 - - [28/Apr/2014:04:34:56 +0200] "GET / HTTP/1.1" 302 - "-" "Mozilla/5.0 (compatible; AhrefsBot/5.0; +http://ahrefs.com/robot/)"
66.249.78.236 - - [28/Apr/2014:05:51:46 +0200] "GET /include.php?path=contentarchive&letter=&catid=0&themeid=0&type=1&order=dated&entries=5&nid=32 HTTP/1.1" 404 1256 "-" "Mozilla/5.0 (compatible; Googlebot/2.1; +http://www.google.com/bot.html)"
157.55.32.55 - - [28/Apr/2014:06:13:01 +0200] "GET /robots.txt HTTP/1.1" 404 1256 "-" "Mozilla/5.0 (compatible; bingbot/2.0; +http://www.bing.com/bingbot.htm)"
157.55.32.55 - - [28/Apr/2014:06:36:43 +0200] "GET /?path=content&contentid=36 HTTP/1.1" 302 - "-" "Mozilla/5.0 (compatible; bingbot/2.0; +http://www.bing.com/bingbot.htm)"
66.249.78.236 - - [28/Apr/2014:06:36:46 +0200] "GET /include.php?path=contentarchive&type=2&letter=W&catid=9&themeid=0&searchtext=&entries=0&order= HTTP/1.1" 404 1256 "-" "Mozilla/5.0 (compatible; Googlebot/2.1; +http://www.google.com/bot.html)"
66.249.78.236 - - [28/Apr/2014:07:17:06 +0200] "GET /include.php?path=contentarchive&type=2&letter=F&catid=8&themeid=0&searchtext=&entries=0&order=title&nid=21 HTTP/1.1" 404 1256 "-" "Mozilla/5.0 (compatible; Googlebot/2.1; +http://www.google.com/bot.html)"
157.55.36.49 - - [28/Apr/2014:07:29:32 +0200] "GET /?path=content&contentid=36 HTTP/1.1" 302 - "-" "Mozilla/5.0 (compatible; bingbot/2.0; +http://www.bing.com/bingbot.htm)"
66.249.78.236 - - [28/Apr/2014:08:18:29 +0200] "GET /include.php?path=contentarchive&type=1&letter=K&catid=1&themeid=0&searchtext=&entries=0&order=&nid=21 HTTP/1.1" 404 1256 "-" "Mozilla/5.0 (compatible; Googlebot/2.1; +http://www.google.com/bot.html)"
66.249.78.236 - - [28/Apr/2014:10:31:48 +0200] "GET /include.php?path=contentarchive&type=1&letter=J&catid=1&themeid=0&searchtext=&entries=0&order=title&nid=21 HTTP/1.1" 404 1256 "-" "Mozilla/5.0 (compatible; Googlebot/2.1; +http://www.google.com/bot.html)"
208.115.111.69 - - [28/Apr/2014:10:39:14 +0200] "GET /robots.txt HTTP/1.1" 404 1256 "-" "Mozilla/5.0 (compatible; DotBot/1.1; http://www.opensiteexplorer.org/dotbot, help@moz.com)"
66.249.78.236 - - [28/Apr/2014:11:01:48 +0200] "GET /robots.txt HTTP/1.1" 404 1256 "-" "Mozilla/5.0 (compatible; Googlebot/2.1; +http://www.google.com/bot.html)"
66.249.78.236 - - [28/Apr/2014:11:02:00 +0200] "GET /include.php?path=contentarchive&type=1&letter=R&catid=1&themeid=0&searchtext=&entries=0&order=titled&nid=32 HTTP/1.1" 404 1256 "-" "Mozilla/5.0 (compatible; Googlebot/2.1; +http://www.google.com/bot.html)"
66.249.78.236 - - [28/Apr/2014:11:21:49 +0200] "GET /include.php?path=contentarchive&type=1&catid=10&letter=N&entries=0&searchtext=&order=title&nid=21 HTTP/1.1" 404 1256 "-" "Mozilla/5.0 (compatible; Googlebot/2.1; +http://www.google.com/bot.html)"
193.104.174.13 - - [28/Apr/2014:11:52:16 +0200] "GET / HTTP/1.1" 302 - "http://maps.google.de/local_url?dq=osz+berlin&q=http://www.friedrich-list-berlin.de/&oi=miw&sa=X&ct=miw_link&cd=1&cad=homepage,cid:15796106503487596536&ei=NyReU5XEKYfQiQaz84DABg&s=ANYYN7lSzo0pX2E6P1afiFjj2mpO54Jvjg" "Mozilla/5.0 (Windows NT 6.0; rv:28.0) Gecko/20100101 Firefox/28.0"
66.249.64.163 - - [28/Apr/2014:12:09:51 +0200] "GET /robots.txt HTTP/1.1" 404 1256 "-" "Mozilla/5.0 (compatible; Googlebot/2.1; +http://www.google.com/bot.html)"
66.249.64.168 - - [28/Apr/2014:12:09:51 +0200] "GET / HTTP/1.1" 302 - "-" "Mozilla/5.0 (compatible; Googlebot/2.1; +http://www.google.com/bot.html)"
208.115.111.69 - - [28/Apr/2014:12:24:37 +0200] "GET /?path=content&contentid=47&nid=17 HTTP/1.1" 302 - "-" "Mozilla/5.0 (compatible; DotBot/1.1; http://www.opensiteexplorer.org/dotbot, help@moz.com)"
188.138.41.109 - - [28/Apr/2014:13:08:02 +0200] "GET /robots.txt HTTP/1.1" 404 1256 "-" "Mozilla/5.0 (X11; U; Linux i686; de; rv:1.9.0.1; compatible; iCjobs Stellenangebote Jobs; http://www.icjobs.de) Gecko/20100401 iCjobs/3.2.3"
188.138.41.109 - - [28/Apr/2014:13:08:02 +0200] "GET / HTTP/1.1" 302 - "-" "Mozilla/5.0 (X11; U; Linux i686; de; rv:1.9.0.1; compatible; iCjobs Stellenangebote Jobs; http://www.icjobs.de) Gecko/20100401 iCjobs/3.2.3"
188.138.41.109 - - [28/Apr/2014:13:08:03 +0200] "GET / HTTP/1.1" 302 - "-" "Mozilla/5.0 (X11; U; Linux i686; de; rv:1.9.0.1; compatible; iCjobs Stellenangebote Jobs; http://www.icjobs.de) Gecko/20100401 iCjobs/3.2.3"
178.77.126.55 - - [28/Apr/2014:15:15:44 +0200] "GET /robots.txt HTTP/1.1" 404 1256 "-" "Mozilla/5.0 (compatible; CareerBot/1.1; +http://www.career-x.de/bot.html)"
178.77.126.55 - - [28/Apr/2014:15:15:44 +0200] "GET / HTTP/1.1" 302 - "-" "Mozilla/5.0 (compatible; CareerBot/1.1; +http://www.career-x.de/bot.html)"
54.87.57.97 - - [28/Apr/2014:15:50:33 +0200] "GET /robots.txt HTTP/1.0" 404 1256 "http://www.friedrich-list-berlin.de/" "Mozilla/5.0 (compatible;picmole/1.0 +http://www.picmole.com)"
54.87.57.97 - - [28/Apr/2014:15:50:35 +0200] "GET / HTTP/1.0" 302 - "http://www.schulweb.de/schule.html?id=1082300" "Mozilla/5.0 (compatible;picmole/1.0 +http://www.picmole.com)"
208.115.113.85 - - [28/Apr/2014:16:32:04 +0200] "GET /robots.txt HTTP/1.1" 404 1256 "-" "Mozilla/5.0 (compatible; DotBot/1.1; http://www.opensiteexplorer.org/dotbot, help@moz.com)"
173.252.73.114 - - [28/Apr/2014:16:36:10 +0200] "GET / HTTP/1.1" 302 - "-" "facebookexternalhit/1.1 (+http://www.facebook.com/externalhit_uatext.php)"
141.8.147.12 - - [28/Apr/2014:18:22:28 +0200] "GET /robots.txt HTTP/1.1" 404 1256 "-" "Mozilla/5.0 (compatible; YandexBot/3.0; +http://yandex.com/bots)"
141.8.147.12 - - [28/Apr/2014:18:22:30 +0200] "GET /fls_1_aktuelles.php?artid=44 HTTP/1.1" 404 1256 "-" "Mozilla/5.0 (compatible; YandexBot/3.0; +http://yandex.com/bots)"
141.8.147.12 - - [28/Apr/2014:18:22:32 +0200] "GET /fls_1_aktuelles.php HTTP/1.1" 404 1256 "-" "Mozilla/5.0 (compatible; YandexBot/3.0; +http://yandex.com/bots)"
141.8.147.12 - - [28/Apr/2014:18:22:34 +0200] "GET /index_fr.php HTTP/1.1" 404 1256 "-" "Mozilla/5.0 (compatible; YandexBot/3.0; +http://yandex.com/bots)"
141.8.147.12 - - [28/Apr/2014:18:22:36 +0200] "GET /fls_2_europakorr.php HTTP/1.1" 404 1256 "-" "Mozilla/5.0 (compatible; YandexBot/3.0; +http://yandex.com/bots)"
141.8.147.12 - - [28/Apr/2014:18:22:39 +0200] "GET /fls_2_fremdsprachensekr.php HTTP/1.1" 404 1256 "-" "Mozilla/5.0 (compatible; YandexBot/3.0; +http://yandex.com/bots)"
141.8.147.12 - - [28/Apr/2014:18:22:41 +0200] "GET /fls_4_kontakt_anmeldung.php HTTP/1.1" 404 1256 "-" "Mozilla/5.0 (compatible; YandexBot/3.0; +http://yandex.com/bots)"
141.8.147.12 - - [28/Apr/2014:18:22:43 +0200] "GET /fls_2_kurs_ecbm_london.php HTTP/1.1" 404 1256 "-" "Mozilla/5.0 (compatible; YandexBot/3.0; +http://yandex.com/bots)"
141.8.147.12 - - [28/Apr/2014:18:22:45 +0200] "GET /fls_2_berufsfachschule.php HTTP/1.1" 404 1256 "-" "Mozilla/5.0 (compatible; YandexBot/3.0; +http://yandex.com/bots)"
141.8.147.12 - - [28/Apr/2014:18:22:47 +0200] "GET /fls_3_fls_international.php HTTP/1.1" 404 1256 "-" "Mozilla/5.0 (compatible; YandexBot/3.0; +http://yandex.com/bots)"
141.8.147.12 - - [28/Apr/2014:18:22:49 +0200] "GET /fls_2_fremdsprachenkorr.php HTTP/1.1" 404 1256 "-" "Mozilla/5.0 (compatible; YandexBot/3.0; +http://yandex.com/bots)"
141.8.147.12 - - [28/Apr/2014:18:22:51 +0200] "GET /fls_4_impressum.php HTTP/1.1" 404 1256 "-" "Mozilla/5.0 (compatible; YandexBot/3.0; +http://yandex.com/bots)"
141.8.147.12 - - [28/Apr/2014:18:22:53 +0200] "GET /index_en.php HTTP/1.1" 404 1256 "-" "Mozilla/5.0 (compatible; YandexBot/3.0; +http://yandex.com/bots)"
208.115.113.85 - - [28/Apr/2014:18:31:58 +0200] "GET /include.php?path=contentarchive&type=3&letter=R&catid=0&themeid=0&searchtext=&entries=0&order= HTTP/1.1" 404 1256 "-" "Mozilla/5.0 (compatible; DotBot/1.1; http://www.opensiteexplorer.org/dotbot, help@moz.com)"
88.198.241.59 - - [28/Apr/2014:18:35:24 +0200] "GET / HTTP/1.1" 302 - "-" "Python-urllib/2.7"
84.184.57.182 - - [28/Apr/2014:19:29:02 +0200] "GET / HTTP/1.1" 302 - "http://www.stayfriends.de/j/ViewController?action=classlist&scid=106649&type=30&year=1992" "Mozilla/5.0 (Windows NT 6.1; WOW64) AppleWebKit/537.36 (KHTML, like Gecko) Chrome/34.0.1847.116 Safari/537.36"
208.115.113.85 - - [28/Apr/2014:20:36:17 +0200] "GET /robots.txt HTTP/1.1" 404 1256 "-" "Mozilla/5.0 (compatible; DotBot/1.1; http://www.opensiteexplorer.org/dotbot, help@moz.com)"
208.115.113.85 - - [28/Apr/2014:22:28:10 +0200] "GET /include.php?path=contentarchive&type=2&letter=Q&catid=0&themeid=0&searchtext=&entries=0&order=title HTTP/1.1" 404 1256 "-" "Mozilla/5.0 (compatible; DotBot/1.1; http://www.opensiteexplorer.org/dotbot, help@moz.com)"
208.115.113.85 - - [28/Apr/2014:22:28:13 +0200] "GET /include.php?path=contentarchive&type=2&letter=X&catid=0&themeid=0&searchtext=&entries=0&order= HTTP/1.1" 404 1256 "-" "Mozilla/5.0 (compatible; DotBot/1.1; http://www.opensiteexplorer.org/dotbot, help@moz.com)"
208.115.111.69 - - [28/Apr/2014:22:40:09 +0200] "GET /robots.txt HTTP/1.1" 404 1256 "-" "Mozilla/5.0 (compatible; DotBot/1.1; http://www.opensiteexplorer.org/dotbot, help@moz.com)"
37.58.100.151 - - [28/Apr/2014:22:59:26 +0200] "GET /robots.txt HTTP/1.1" 404 1256 "-" "Mozilla/5.0 (compatible; AhrefsBot/5.0; +http://ahrefs.com/robot/)"
208.115.111.69 - - [29/Apr/2014:00:19:05 +0200] "GET /?path=contentarchive&type=2&letter=F&catid=0&themeid=0&searchtext=&entries=0&order= HTTP/1.1" 302 - "-" "Mozilla/5.0 (compatible; DotBot/1.1; http://www.opensiteexplorer.org/dotbot, help@moz.com)"
66.249.64.124 - - [29/Apr/2014:00:47:23 +0200] "GET /robots.txt HTTP/1.1" 404 1256 "-" "Mozilla/5.0 (compatible; Googlebot/2.1; +http://www.google.com/bot.html)"
66.249.64.119 - - [29/Apr/2014:00:47:23 +0200] "GET /include.php?path=contentarchive&type=2&letter=C&catid=1&themeid=0&searchtext=&entries=0&order=&nid=21 HTTP/1.1" 404 1256 "-" "Mozilla/5.0 (compatible; Googlebot/2.1; +http://www.google.com/bot.html)"
66.249.64.114 - - [29/Apr/2014:02:15:59 +0200] "GET /include.php?path=contentarchive&type=2&catid=8&letter=D&entries=0&searchtext=&order=titled&nid=19 HTTP/1.1" 404 1256 "-" "Mozilla/5.0 (compatible; Googlebot/2.1; +http://www.google.com/bot.html)"
66.249.64.114 - - [29/Apr/2014:02:17:00 +0200] "GET /include.php?path=contentarchive&type=4&catid=0&letter=U&entries=0&searchtext=&order=dated&nid=13 HTTP/1.1" 404 1256 "-" "Mozilla/5.0 (compatible; Googlebot/2.1; +http://www.google.com/bot.html)"
208.115.113.93 - - [29/Apr/2014:02:52:53 +0200] "GET /robots.txt HTTP/1.1" 404 1256 "-" "Mozilla/5.0 (compatible; DotBot/1.1; http://www.opensiteexplorer.org/dotbot, help@moz.com)"
66.249.64.114 - - [29/Apr/2014:02:54:15 +0200] "GET /include.php?path=contentarchive&type=2&letter=K&catid=9&themeid=0&searchtext=&entries=0&order=dated&nid=13 HTTP/1.1" 404 1256 "-" "Mozilla/5.0 (compatible; Googlebot/2.1; +http://www.google.com/bot.html)"
66.249.64.124 - - [29/Apr/2014:02:57:01 +0200] "GET /include.php?contentid=aamstocwotamqw&nid=19 HTTP/1.1" 404 1256 "-" "Mozilla/5.0 (compatible; Googlebot/2.1; +http://www.google.com/bot.html)"
66.249.64.124 - - [29/Apr/2014:03:12:01 +0200] "GET /include.php?path=contentarchive&type=3&letter=T&catid=0&themeid=0&searchtext=&entries=0&order=&nid=21 HTTP/1.1" 404 1256 "-" "Mozilla/5.0 (compatible; Googlebot/2.1; +http://www.google.com/bot.html)"
208.115.111.69 - - [29/Apr/2014:03:17:14 +0200] "GET /robots.txt HTTP/1.1" 404 1256 "-" "Mozilla/5.0 (compatible; DotBot/1.1; http://www.opensiteexplorer.org/dotbot, help@moz.com)"
66.249.64.124 - - [29/Apr/2014:03:57:15 +0200] "GET /include.php?path=contentarchive&type=4&letter=0-9&catid=7&themeid=0&searchtext=&entries=0&order=&nid=21 HTTP/1.1" 404 1256 "-" "Mozilla/5.0 (compatible; Googlebot/2.1; +http://www.google.com/bot.html)"
208.115.113.85 - - [29/Apr/2014:04:47:19 +0200] "GET /robots.txt HTTP/1.1" 404 1256 "-" "Mozilla/5.0 (compatible; DotBot/1.1; http://www.opensiteexplorer.org/dotbot, help@moz.com)"
208.115.113.93 - - [29/Apr/2014:04:54:03 +0200] "GET /?path=contentarchive&type=2&letter=F&catid=0&themeid=0&searchtext=&entries=0&order= HTTP/1.1" 302 - "-" "Mozilla/5.0 (compatible; DotBot/1.1; http://www.opensiteexplorer.org/dotbot, help@moz.com)"
66.249.76.216 - - [29/Apr/2014:04:59:55 +0200] "GET /include.php?path=download&contentid=117&nid=32 HTTP/1.1" 404 1256 "-" "Mozilla/5.0 (compatible; Googlebot/2.1; +http://www.google.com/bot.html)"
208.115.111.69 - - [29/Apr/2014:05:02:06 +0200] "GET /include.php?path=contentarchive&type=2&letter=alle&catid=0&themeid=0&searchtext=&entries=0&order= HTTP/1.1" 404 1256 "-" "Mozilla/5.0 (compatible; DotBot/1.1; http://www.opensiteexplorer.org/dotbot, help@moz.com)"
66.249.64.119 - - [29/Apr/2014:05:04:54 +0200] "GET /include.php?path=contentarchive&type=1&catid=0&letter=&entries=0&searchtext=&order=title HTTP/1.1" 404 1256 "-" "Mozilla/5.0 (compatible; Googlebot/2.1; +http://www.google.com/bot.html)"
66.249.64.114 - - [29/Apr/2014:05:09:55 +0200] "GET /include.php?path=contentarchive&type=2&catid=8&letter=P&entries=0&searchtext=&order=date&nid=21 HTTP/1.1" 404 1256 "-" "Mozilla/5.0 (compatible; Googlebot/2.1; +http://www.google.com/bot.html)"
66.249.64.124 - - [29/Apr/2014:06:14:54 +0200] "GET /include.php?path=contentarchive&type=1&catid=10&letter=Z&entries=0&searchtext=&order=date&nid=19 HTTP/1.1" 404 1256 "-" "Mozilla/5.0 (compatible; Googlebot/2.1; +http://www.google.com/bot.html)"
208.115.113.93 - - [29/Apr/2014:06:35:59 +0200] "GET /robots.txt HTTP/1.1" 404 1256 "-" "Mozilla/5.0 (compatible; DotBot/1.1; http://www.opensiteexplorer.org/dotbot, help@moz.com)"
208.115.111.69 - - [29/Apr/2014:06:37:08 +0200] "GET /robots.txt HTTP/1.1" 404 1256 "-" "Mozilla/5.0 (compatible; DotBot/1.1; http://www.opensiteexplorer.org/dotbot, help@moz.com)"
208.115.113.85 - - [29/Apr/2014:06:42:11 +0200] "GET /?path=contentarchive&type=2&letter=V&catid=0&themeid=0&searchtext=&entries=0&order= HTTP/1.1" 302 - "-" "Mozilla/5.0 (compatible; DotBot/1.1; http://www.opensiteexplorer.org/dotbot, help@moz.com)"
208.115.113.85 - - [29/Apr/2014:06:42:13 +0200] "GET /include.php?path=contentarchive&type=2&letter=0-9&catid=0&themeid=0&searchtext=&entries=0&order=title HTTP/1.1" 404 1256 "-" "Mozilla/5.0 (compatible; DotBot/1.1; http://www.opensiteexplorer.org/dotbot, help@moz.com)"
66.249.64.119 - - [29/Apr/2014:06:49:56 +0200] "GET /include.php?path=contentarchive&type=2&catid=1&letter=Y&entries=0&searchtext=&order=dated&nid=13 HTTP/1.1" 404 1256 "-" "Mozilla/5.0 (compatible; Googlebot/2.1; +http://www.google.com/bot.html)"
66.249.64.119 - - [29/Apr/2014:08:02:23 +0200] "GET /include.php?path=contentarchive&type=4&catid=1&letter=U&entries=0&searchtext=&order=dated&nid=4 HTTP/1.1" 404 1256 "-" "Mozilla/5.0 (compatible; Googlebot/2.1; +http://www.google.com/bot.html)"
208.115.111.69 - - [29/Apr/2014:08:19:06 +0200] "GET /include.php?path=content&contentid=81&nid=2 HTTP/1.1" 404 1256 "-" "Mozilla/5.0 (compatible; DotBot/1.1; http://www.opensiteexplorer.org/dotbot, help@moz.com)"
208.115.111.69 - - [29/Apr/2014:08:19:09 +0200] "GET /include.php?path=contentarchive&type=2&letter=P&catid=0&themeid=0&searchtext=&entries=0&order=&nid=32 HTTP/1.1" 404 1256 "-" "Mozilla/5.0 (compatible; DotBot/1.1; http://www.opensiteexplorer.org/dotbot, help@moz.com)"
208.115.113.93 - - [29/Apr/2014:08:33:13 +0200] "GET /include.php?path=contentarchive&type=2&letter=alle&catid=0&themeid=0&searchtext=&entries=0&order= HTTP/1.1" 404 1256 "-" "Mozilla/5.0 (compatible; DotBot/1.1; http://www.opensiteexplorer.org/dotbot, help@moz.com)"
66.249.64.124 - - [29/Apr/2014:08:50:08 +0200] "GET /include.php?path=contentarchive&type=2&letter=M&catid=0&themeid=0&searchtext=&entries=0&order=&nid=19 HTTP/1.1" 404 1256 "-" "Mozilla/5.0 (compatible; Googlebot/2.1; +http://www.google.com/bot.html)"
66.249.64.114 - - [29/Apr/2014:08:54:55 +0200] "GET /include.php?path=contentarchive&type=2&letter=P&catid=0&themeid=0&searchtext=&entries=8&order=&nid=32 HTTP/1.1" 404 1256 "-" "Mozilla/5.0 (compatible; Googlebot/2.1; +http://www.google.com/bot.html)"
162.210.196.98 - - [29/Apr/2014:09:16:36 +0200] "GET /robots.txt HTTP/1.0" 404 1256 "-" "Mozilla/5.0 (compatible; MJ12bot/v1.4.5; http://www.majestic12.co.uk/bot.php?+)"
162.210.196.98 - - [29/Apr/2014:09:16:38 +0200] "GET / HTTP/1.0" 302 - "-" "Mozilla/5.0 (compatible; MJ12bot/v1.4.5; http://www.majestic12.co.uk/bot.php?+)"
66.249.76.217 - - [29/Apr/2014:10:39:08 +0200] "GET /include.php?path=contentarchive&type=2&letter=U&catid=9&themeid=0&searchtext=&entries=0&order=&nid=4 HTTP/1.1" 404 1256 "-" "Mozilla/5.0 (compatible; Googlebot/2.1; +http://www.google.com/bot.html)"
66.249.64.114 - - [29/Apr/2014:11:14:55 +0200] "GET /include.php?path=contentarchive&type=4&catid=0&letter=T&entries=0&searchtext=&order=titled HTTP/1.1" 404 1256 "-" "Mozilla/5.0 (compatible; Googlebot/2.1; +http://www.google.com/bot.html)"
66.249.64.114 - - [29/Apr/2014:11:19:55 +0200] "GET /include.php?path=contentarchive&type=1&letter=R&catid=1&themeid=0&searchtext=&entries=0&order=dated&nid=32 HTTP/1.1" 404 1256 "-" "Mozilla/5.0 (compatible; Googlebot/2.1; +http://www.google.com/bot.html)"
87.123.113.192 - - [29/Apr/2014:11:29:07 +0200] "GET / HTTP/1.1" 302 - "https://www.google.com/" "Mozilla/5.0 (Windows NT 6.1; WOW64) AppleWebKit/537.36 (KHTML, like Gecko) Chrome/34.0.1847.116 Safari/537.36"
217.73.208.27 - - [29/Apr/2014:12:51:07 +0200] "GET / HTTP/1.1" 302 - "-" "Mozilla/5.0 (X11; Linux i686; rv:13.0) Gecko/20100101 Firefox/13.0.1"
66.249.78.115 - - [29/Apr/2014:13:10:03 +0200] "GET /robots.txt HTTP/1.1" 404 1256 "-" "Mozilla/5.0 (compatible; Googlebot/2.1; +http://www.google.com/bot.html)"
66.249.78.115 - - [29/Apr/2014:13:10:04 +0200] "GET / HTTP/1.1" 302 - "-" "Mozilla/5.0 (compatible; Googlebot/2.1; +http://www.google.com/bot.html)"
141.8.147.12 - - [29/Apr/2014:14:00:14 +0200] "GET /robots.txt HTTP/1.1" 404 1256 "-" "Mozilla/5.0 (compatible; YandexBot/3.0; +http://yandex.com/bots)"
141.8.147.12 - - [29/Apr/2014:14:00:16 +0200] "GET / HTTP/1.1" 302 - "-" "Mozilla/5.0 (compatible; YandexBot/3.0; +http://yandex.com/bots)"
5.9.20.44 - - [29/Apr/2014:15:41:27 +0200] "GET /robots.txt HTTP/1.1" 404 1256 "-" "Mozilla/5.0 (X11; Ubuntu; Linux x86_64; rv:27.0) Gecko/20100101 Firefox/27.0"
5.9.20.44 - - [29/Apr/2014:15:41:27 +0200] "GET / HTTP/1.1" 302 - "-" "Mozilla/5.0 (X11; Ubuntu; Linux x86_64; rv:27.0) Gecko/20100101 Firefox/27.0"
92.251.0.246 - - [29/Apr/2014:17:26:47 +0200] "GET / HTTP/1.1" 302 - "-" "Mozilla/4.0 (compatible; MSIE 7.0; Windows NT 5.1; Trident/4.0; InfoPath.2)"
66.249.78.236 - - [29/Apr/2014:23:36:59 +0200] "GET /robots.txt HTTP/1.1" 404 1256 "-" "Mozilla/5.0 (compatible; Googlebot/2.1; +http://www.google.com/bot.html)"
66.249.78.236 - - [29/Apr/2014:23:36:59 +0200] "GET /include.php?path=contentarchive&type=1&catid=10&letter=0-9&entries=0&searchtext=&order=title HTTP/1.1" 404 1256 "-" "Mozilla/5.0 (compatible; Googlebot/2.1; +http://www.google.com/bot.html)"
66.249.78.236 - - [30/Apr/2014:00:16:55 +0200] "GET /include.php?path=contentarchive&type=4&letter=P&catid=0&themeid=0&searchtext=&entries=0&order=title&nid=19 HTTP/1.1" 404 1256 "-" "Mozilla/5.0 (compatible; Googlebot/2.1; +http://www.google.com/bot.html)"
66.249.78.236 - - [30/Apr/2014:01:15:18 +0200] "GET /include.php?path=contentarchive&type=4&catid=0&letter=C&entries=0&searchtext=&order=titled&nid=13 HTTP/1.1" 404 1256 "-" "Mozilla/5.0 (compatible; Googlebot/2.1; +http://www.google.com/bot.html)"
66.249.78.236 - - [30/Apr/2014:02:26:38 +0200] "GET /include.php?path=contentarchive&type=1&catid=1&letter=M&entries=0&searchtext=&order=date&nid=13 HTTP/1.1" 404 1256 "-" "Mozilla/5.0 (compatible; Googlebot/2.1; +http://www.google.com/bot.html)"
66.249.78.236 - - [30/Apr/2014:03:51:45 +0200] "GET /include.php?path=contentarchive&type=1&letter=H&catid=1&themeid=0&searchtext=&entries=5&order=title&nid=13 HTTP/1.1" 404 1256 "-" "Mozilla/5.0 (compatible; Googlebot/2.1; +http://www.google.com/bot.html)"
141.8.147.12 - - [30/Apr/2014:03:53:20 +0200] "GET /robots.txt HTTP/1.1" 404 1256 "-" "Mozilla/5.0 (compatible; YandexBot/3.0; +http://yandex.com/bots)"
141.8.147.12 - - [30/Apr/2014:03:53:22 +0200] "GET / HTTP/1.1" 302 - "-" "Mozilla/5.0 (compatible; YandexBot/3.0; +http://yandex.com/bots)"
94.23.89.162 - - [30/Apr/2014:04:41:48 +0200] "GET / HTTP/1.1" 302 - "-" "Mozilla/5.0 (compatible; WebThumbnail/3.x; Website Thumbnail Generator; +http://webthumbnail.org)"
94.23.89.162 - - [30/Apr/2014:04:41:49 +0200] "GET / HTTP/1.1" 302 - "-" "Mozilla/5.0 (compatible; WebThumbnail/3.x; Website Thumbnail Generator; +http://webthumbnail.org)"
87.230.17.72 - - [30/Apr/2014:04:58:25 +0200] "GET / HTTP/1.1" 302 - "-" "ImplisenseBot 1.0"
66.249.78.236 - - [30/Apr/2014:04:58:25 +0200] "GET /include.php?path=contentarchive&type=4&letter=U&catid=8&themeid=0&searchtext=&entries=0&order=title&nid=21 HTTP/1.1" 404 1256 "-" "Mozilla/5.0 (compatible; Googlebot/2.1; +http://www.google.com/bot.html)"
87.230.17.72 - - [30/Apr/2014:04:58:26 +0200] "GET / HTTP/1.1" 302 - "-" "ImplisenseBot 1.0"
87.230.17.72 - - [30/Apr/2014:04:58:38 +0200] "GET /robots.txt HTTP/1.1" 404 1256 "-" "ImplisenseBot 1.0"
66.249.78.236 - - [30/Apr/2014:05:47:32 +0200] "GET / HTTP/1.1" 302 - "-" "SAMSUNG-SGH-E250/1.0 Profile/MIDP-2.0 Configuration/CLDC-1.1 UP.Browser/6.2.3.3.c.1.101 (GUI) MMP/2.0 (compatible; Googlebot-Mobile/2.1; +http://www.google.com/bot.html)"
66.249.78.236 - - [30/Apr/2014:06:58:25 +0200] "GET /include.php?path=contentarchive&type=1&letter=D&catid=1&themeid=0&searchtext=&entries=0&order=&nid=13 HTTP/1.1" 404 1256 "-" "Mozilla/5.0 (compatible; Googlebot/2.1; +http://www.google.com/bot.html)"
66.249.78.236 - - [30/Apr/2014:07:46:20 +0200] "GET /include.php?path=contentarchive&type=4&letter=N&catid=1&themeid=0&searchtext=&entries=0&order=titled&nid=4 HTTP/1.1" 404 1256 "-" "Mozilla/5.0 (compatible; Googlebot/2.1; +http://www.google.com/bot.html)"
37.5.42.29 - - [30/Apr/2014:09:20:08 +0200] "GET / HTTP/1.1" 302 - "-" "Mozilla/5.0 (Windows NT 6.1; WOW64; rv:28.0) Gecko/20100101 Firefox/28.0"
66.249.78.236 - - [30/Apr/2014:09:51:45 +0200] "GET /include.php?path=contentarchive&type=2&letter=W&catid=0&themeid=0&searchtext=&entries=0&order=titled HTTP/1.1" 404 1256 "-" "Mozilla/5.0 (compatible; Googlebot/2.1; +http://www.google.com/bot.html)"
66.249.78.236 - - [30/Apr/2014:10:31:45 +0200] "GET /include.php?path=contentarchive&type=3&letter=A&catid=0&themeid=0&searchtext=&entries=0&order=&nid=13 HTTP/1.1" 404 1256 "-" "Mozilla/5.0 (compatible; Googlebot/2.1; +http://www.google.com/bot.html)"
208.115.111.69 - - [30/Apr/2014:10:53:46 +0200] "GET /robots.txt HTTP/1.1" 404 1256 "-" "Mozilla/5.0 (compatible; DotBot/1.1; http://www.opensiteexplorer.org/dotbot, help@moz.com)"
66.249.78.236 - - [30/Apr/2014:11:20:40 +0200] "GET /include.php?path=contentarchive&type=2&letter=Q&catid=10&themeid=0&searchtext=&entries=0&order=&nid=19 HTTP/1.1" 404 1256 "-" "Mozilla/5.0 (compatible; Googlebot/2.1; +http://www.google.com/bot.html)"
66.249.78.236 - - [30/Apr/2014:11:24:54 +0200] "GET /include.php?path=contentarchive&type=4&catid=6&letter=E&entries=0&searchtext=&order=dated&nid=4 HTTP/1.1" 404 1256 "-" "Mozilla/5.0 (compatible; Googlebot/2.1; +http://www.google.com/bot.html)"
66.249.78.236 - - [30/Apr/2014:11:25:05 +0200] "GET /include.php?path=contentarchive&type=2&letter=Q&catid=1&themeid=0&searchtext=&entries=0&order=title&nid=32 HTTP/1.1" 404 1256 "-" "Mozilla/5.0 (compatible; Googlebot/2.1; +http://www.google.com/bot.html)"
66.249.78.115 - - [30/Apr/2014:12:28:35 +0200] "GET /robots.txt HTTP/1.1" 404 1256 "-" "Mozilla/5.0 (compatible; Googlebot/2.1; +http://www.google.com/bot.html)"
66.249.78.115 - - [30/Apr/2014:12:28:35 +0200] "GET / HTTP/1.1" 302 - "-" "SAMSUNG-SGH-E250/1.0 Profile/MIDP-2.0 Configuration/CLDC-1.1 UP.Browser/6.2.3.3.c.1.101 (GUI) MMP/2.0 (compatible; Googlebot-Mobile/2.1; +http://www.google.com/bot.html)"
208.115.111.69 - - [30/Apr/2014:12:34:33 +0200] "GET /?path=contentarchive&type=2&letter=0-9&catid=0&themeid=0&searchtext=&entries=0&order=&nid=21 HTTP/1.1" 302 - "-" "Mozilla/5.0 (compatible; DotBot/1.1; http://www.opensiteexplorer.org/dotbot, help@moz.com)"
66.249.78.236 - - [30/Apr/2014:12:45:05 +0200] "GET /robots.txt HTTP/1.1" 404 1256 "-" "Mozilla/5.0 (compatible; Googlebot/2.1; +http://www.google.com/bot.html)"
66.249.78.236 - - [30/Apr/2014:12:45:06 +0200] "GET / HTTP/1.1" 302 - "-" "Mozilla/5.0 (compatible; Googlebot/2.1; +http://www.google.com/bot.html)"
178.63.62.19 - - [30/Apr/2014:13:33:43 +0200] "GET /robots.txt HTTP/1.1" 404 1256 "-" "Mozilla/4.0 (compatible; MSIE 6.0; Windows NT 5.1; SV1; .NET CLR 1.1.4322)"
178.63.62.19 - - [30/Apr/2014:13:33:43 +0200] "GET / HTTP/1.1" 302 - "-" "Mozilla/4.0 (compatible; MSIE 6.0; Windows NT 5.1; SV1; .NET CLR 1.1.4322)"
80.153.77.216 - - [30/Apr/2014:14:28:27 +0200] "GET / HTTP/1.1" 302 - "http://www.friedrich-list-berlin.eu/fls_4_impressum.php" "Mozilla/5.0 (Windows NT 6.1; WOW64) AppleWebKit/537.36 (KHTML, like Gecko) Chrome/34.0.1847.116 Safari/537.36"
66.249.78.236 - - [30/Apr/2014:15:11:46 +0200] "GET /robots.txt HTTP/1.1" 404 1256 "-" "Mozilla/5.0 (compatible; Googlebot/2.1; +http://www.google.com/bot.html)"
66.249.78.236 - - [30/Apr/2014:15:11:46 +0200] "GET /include.php?path=contentarchive&type=2&catid=1&letter=K&entries=0&searchtext=&order=date&nid=21 HTTP/1.1" 404 1256 "-" "Mozilla/5.0 (compatible; Googlebot/2.1; +http://www.google.com/bot.html)"
66.249.78.236 - - [30/Apr/2014:16:18:25 +0200] "GET /include.php?path=contentarchive&type=2&catid=11&letter=Z&entries=0&searchtext=&order=dated&nid=21 HTTP/1.1" 404 1256 "-" "Mozilla/5.0 (compatible; Googlebot/2.1; +http://www.google.com/bot.html)"
173.252.73.114 - - [30/Apr/2014:17:37:09 +0200] "GET / HTTP/1.1" 302 - "-" "facebookexternalhit/1.1 (+http://www.facebook.com/externalhit_uatext.php)"
95.91.241.35 - - [30/Apr/2014:19:25:24 +0200] "GET / HTTP/1.1" 302 - "http://www.google.de/url?sa=t&rct=j&q=&esrc=s&source=web&cd=1&ved=0CC4QFjAA&url=http%3A%2F%2Fwww.friedrich-list-berlin.de%2F&ei=-TFhU5W-IYzBygOXmoGQCw&usg=AFQjCNGsKs3TvBQ4z91zrYvo9_SfKi5nug&bvm=bv.65636070,d.bGQ" "Mozilla/5.0 (X11; Ubuntu; Linux x86_64; rv:28.0) Gecko/20100101 Firefox/28.0"
37.120.59.231 - - [30/Apr/2014:19:49:28 +0200] "GET / HTTP/1.1" 302 - "https://www.facebook.com/" "Mozilla/5.0 (Macintosh; Intel Mac OS X 10_7_5) AppleWebKit/537.75.14 (KHTML, like Gecko) Version/6.1.3 Safari/537.75.14"
148.251.69.136 - - [30/Apr/2014:21:53:11 +0200] "GET /include.php?path=comment&comcat=cont&subid=79 HTTP/1.1" 404 1256 "-" "Mozilla/5.0 (compatible; MSIE 10.0; Windows NT 6.1; Trident/5.0)"
193.111.141.54 - - [30/Apr/2014:21:53:26 +0200] "GET /include.php?path=comment&comcat=cont&subid=79 HTTP/1.1" 404 1256 "-" "Mozilla/5.0 (Windows NT 6.1; rv:12.0) Gecko/20120403211507 Firefox/12.0"
93.186.202.244 - - [30/Apr/2014:21:53:38 +0200] "GET /include.php?path=comment&comcat=cont&subid=79 HTTP/1.1" 404 1256 "-" "Mozilla/5.0 (Windows NT 6.1; rv:21.0) Gecko/20130328 Firefox/21.0"