66.249.78.236 - - [15/Apr/2014:17:31:21 +0200] "GET /include.php?path=contentarchive&type=1&letter=F&catid=0&themeid=0&searchtext=&entries=0&order=dated&nid=21 HTTP/1.1" 404 1256 "-" "Mozilla/5.0 (compatible; Googlebot/2.1; +http://www.google.com/bot.html)"
66.249.78.236 - - [15/Apr/2014:17:34:56 +0200] "GET /include.php?path=contentarchive&type=2&catid=11&letter=U&entries=0&searchtext=&order=dated&nid=21 HTTP/1.1" 404 1256 "-" "Mozilla/5.0 (compatible; Googlebot/2.1; +http://www.google.com/bot.html)"
66.249.78.236 - - [15/Apr/2014:17:38:28 +0200] "GET /include.php?path=contentarchive&type=2&catid=10&letter=R&entries=0&searchtext=&order=title&nid=4 HTTP/1.1" 404 1256 "-" "Mozilla/5.0 (compatible; Googlebot/2.1; +http://www.google.com/bot.html)"
66.249.78.236 - - [15/Apr/2014:17:42:05 +0200] "GET /include.php?path=contentarchive&type=4&letter=Z&catid=0&themeid=0&searchtext=&entries=0&order=dated&nid=21 HTTP/1.1" 404 1256 "-" "Mozilla/5.0 (compatible; Googlebot/2.1; +http://www.google.com/bot.html)"
66.249.78.236 - - [15/Apr/2014:17:45:41 +0200] "GET /include.php?path=contentarchive&type=4&letter=R&catid=0&themeid=0&searchtext=&entries=0&order=title HTTP/1.1" 404 1256 "-" "Mozilla/5.0 (compatible; Googlebot/2.1; +http://www.google.com/bot.html)"
66.249.78.236 - - [15/Apr/2014:17:49:17 +0200] "GET /include.php?path=contentarchive&type=3&catid=0&letter=Q&entries=0&searchtext=&order=title&nid=13 HTTP/1.1" 404 1256 "-" "Mozilla/5.0 (compatible; Googlebot/2.1; +http://www.google.com/bot.html)"
66.249.78.236 - - [15/Apr/2014:17:52:57 +0200] "GET /include.php?path=contentarchive&type=4&letter=S&catid=6&themeid=0&searchtext=&entries=0&order=dated&nid=32 HTTP/1.1" 404 1256 "-" "Mozilla/5.0 (compatible; Googlebot/2.1; +http://www.google.com/bot.html)"
66.249.78.236 - - [15/Apr/2014:17:56:35 +0200] "GET /include.php?path=contentarchive&type=2&catid=0&letter=Z&entries=0&searchtext=&order=titled&nid=19 HTTP/1.1" 404 1256 "-" "Mozilla/5.0 (compatible; Googlebot/2.1; +http://www.google.com/bot.html)"
66.249.78.236 - - [15/Apr/2014:18:00:12 +0200] "GET /include.php?path=contentarchive&type=4&letter=0-9&catid=0&themeid=0&searchtext=&entries=0&order=dated&nid=2 HTTP/1.1" 404 1256 "-" "Mozilla/5.0 (compatible; Googlebot/2.1; +http://www.google.com/bot.html)"
66.249.78.236 - - [15/Apr/2014:18:03:49 +0200] "GET /include.php?path=contact&mode=suggest&suggest_path=path%3Darticle%26contentid%3D82%26page%3D&nid=32 HTTP/1.1" 404 1256 "-" "Mozilla/5.0 (compatible; Googlebot/2.1; +http://www.google.com/bot.html)"
66.249.78.236 - - [15/Apr/2014:18:07:31 +0200] "GET /include.php?path=contentarchive&type=1&catid=10&letter=F&entries=0&searchtext=&order=title&nid=19 HTTP/1.1" 404 1256 "-" "Mozilla/5.0 (compatible; Googlebot/2.1; +http://www.google.com/bot.html)"
66.249.78.236 - - [15/Apr/2014:18:11:12 +0200] "GET /include.php?path=contentarchive&type=2&letter=W&catid=0&themeid=0&searchtext=&entries=8&order=title&nid=19 HTTP/1.1" 404 1256 "-" "Mozilla/5.0 (compatible; Googlebot/2.1; +http://www.google.com/bot.html)"
66.249.78.236 - - [15/Apr/2014:18:14:52 +0200] "GET /include.php?path=contentarchive&type=1&catid=10&letter=X&entries=0&searchtext=&order=dated HTTP/1.1" 404 1256 "-" "Mozilla/5.0 (compatible; Googlebot/2.1; +http://www.google.com/bot.html)"
66.249.78.236 - - [15/Apr/2014:18:18:29 +0200] "GET /include.php?path=contentarchive&type=1&letter=K&catid=10&themeid=0&searchtext=&entries=0&order=title&nid=4 HTTP/1.1" 404 1256 "-" "Mozilla/5.0 (compatible; Googlebot/2.1; +http://www.google.com/bot.html)"
66.249.78.236 - - [15/Apr/2014:18:22:15 +0200] "GET /include.php?path=content&contentid=13&nid=33 HTTP/1.1" 404 1256 "-" "Mozilla/5.0 (compatible; Googlebot/2.1; +http://www.google.com/bot.html)"
66.249.78.236 - - [15/Apr/2014:18:25:59 +0200] "GET /include.php?path=contentarchive&type=2&letter=E&catid=8&themeid=0&searchtext=&entries=0&order=dated&nid=32 HTTP/1.1" 404 1256 "-" "Mozilla/5.0 (compatible; Googlebot/2.1; +http://www.google.com/bot.html)"
66.249.78.236 - - [15/Apr/2014:18:29:43 +0200] "GET /include.php?path=contentarchive&type=4&catid=6&letter=Y&entries=0&searchtext=&order=title&nid=32 HTTP/1.1" 404 1256 "-" "Mozilla/5.0 (compatible; Googlebot/2.1; +http://www.google.com/bot.html)"
66.249.78.236 - - [15/Apr/2014:18:29:56 +0200] "GET /include.php?path=content&mode=vote&contentid=77&type=1&content_vote=-1&action=Go&nid=4 HTTP/1.1" 404 1256 "-" "Mozilla/5.0 (compatible; Googlebot/2.1; +http://www.google.com/bot.html)"
66.249.78.236 - - [15/Apr/2014:18:33:24 +0200] "GET /include.php?path=contentarchive&type=4&catid=1&letter=W&entries=0&searchtext=&order=date&nid=2 HTTP/1.1" 404 1256 "-" "Mozilla/5.0 (compatible; Googlebot/2.1; +http://www.google.com/bot.html)"
66.249.78.236 - - [15/Apr/2014:18:37:16 +0200] "GET /include.php?path=contentarchive&type=1&letter=D&catid=0&themeid=0&searchtext=&entries=5&order=title&nid=4 HTTP/1.1" 404 1256 "-" "Mozilla/5.0 (compatible; Googlebot/2.1; +http://www.google.com/bot.html)"
208.115.113.85 - - [15/Apr/2014:18:39:05 +0200] "GET /include.php?path=contentarchive&type=3&letter=P&catid=0&themeid=0&searchtext=&entries=0&order= HTTP/1.1" 404 1256 "-" "Mozilla/5.0 (compatible; DotBot/1.1; http://www.opensiteexplorer.org/dotbot, help@moz.com)"
66.249.78.236 - - [15/Apr/2014:18:41:07 +0200] "GET /include.php?path=contentarchive&type=2&catid=8&letter=F&entries=0&searchtext=&order=dated&nid=19 HTTP/1.1" 404 1256 "-" "Mozilla/5.0 (compatible; Googlebot/2.1; +http://www.google.com/bot.html)"
66.249.78.236 - - [15/Apr/2014:18:41:08 +0200] "GET /include.php?path=contentarchive&type=1&catid=0&letter=0-9&entries=0&searchtext=&order=dated&nid=21 HTTP/1.1" 404 1256 "-" "Mozilla/5.0 (compatible; Googlebot/2.1; +http://www.google.com/bot.html)"
148.251.75.46 - - [15/Apr/2014:18:43:01 +0200] "GET /include.php?path=content&contentid=4&nid=21 HTTP/1.1" 404 1256 "-" "Mozilla/5.0 (X11; Linux i686; rv:6.0) Gecko/20100101 Firefox/6.0"
148.251.75.46 - - [15/Apr/2014:18:43:01 +0200] "GET /include.php?path=content&contentid=4&nid=19 HTTP/1.1" 404 1256 "-" "Mozilla/5.0 (X11; Linux i686; rv:6.0) Gecko/20100101 Firefox/6.0"
66.249.78.236 - - [15/Apr/2014:18:44:57 +0200] "GET /include.php?path=contentarchive&type=1&catid=0&letter=D&entries=0&searchtext=&order=date&nid=32 HTTP/1.1" 404 1256 "-" "Mozilla/5.0 (compatible; Googlebot/2.1; +http://www.google.com/bot.html)"
66.249.78.236 - - [15/Apr/2014:18:47:29 +0200] "GET /include.php?path=contentarchive&type=1&letter=S&catid=0&themeid=0&searchtext=&entries=0&order=title&nid=4 HTTP/1.1" 404 1256 "-" "Mozilla/5.0 (compatible; Googlebot/2.1; +http://www.google.com/bot.html)"
66.249.78.236 - - [15/Apr/2014:18:48:46 +0200] "GET /include.php?path=contentarchive&type=4&catid=0&letter=C&entries=0&searchtext=&order=date&nid=21 HTTP/1.1" 404 1256 "-" "Mozilla/5.0 (compatible; Googlebot/2.1; +http://www.google.com/bot.html)"
66.249.78.236 - - [15/Apr/2014:19:05:05 +0200] "GET /include.php?path=contentarchive&type=4&catid=8&letter=0-9&entries=0&searchtext=&order=titled&nid=4 HTTP/1.1" 404 1256 "-" "Mozilla/5.0 (compatible; Googlebot/2.1; +http://www.google.com/bot.html)"
66.249.78.236 - - [15/Apr/2014:19:09:11 +0200] "GET /include.php?path=contentarchive&type=4&catid=0&letter=K&entries=0&searchtext=&order=titled&nid=4 HTTP/1.1" 404 1256 "-" "Mozilla/5.0 (compatible; Googlebot/2.1; +http://www.google.com/bot.html)"
66.249.78.236 - - [15/Apr/2014:19:10:51 +0200] "GET /include.php?path=contentarchive&type=1&catid=0&letter=Z&entries=0&searchtext=&order=date&nid=19 HTTP/1.1" 404 1256 "-" "Mozilla/5.0 (compatible; Googlebot/2.1; +http://www.google.com/bot.html)"
66.249.78.236 - - [15/Apr/2014:19:13:48 +0200] "GET /include.php?path=contentarchive&type=1&catid=9&letter=W&entries=0&searchtext=&order=title&nid=21 HTTP/1.1" 404 1256 "-" "Mozilla/5.0 (compatible; Googlebot/2.1; +http://www.google.com/bot.html)"
66.249.78.236 - - [15/Apr/2014:19:18:36 +0200] "GET /include.php?path=contentarchive&type=1&letter=A&catid=1&themeid=0&searchtext=&entries=0&order=titled&nid=4 HTTP/1.1" 404 1256 "-" "Mozilla/5.0 (compatible; Googlebot/2.1; +http://www.google.com/bot.html)"
66.249.78.236 - - [15/Apr/2014:19:23:41 +0200] "GET /include.php?path=contentarchive&type=1&letter=alle&catid=0&themeid=0&searchtext=&entries=0&order=titled&nid=21 HTTP/1.1" 404 1256 "-" "Mozilla/5.0 (compatible; Googlebot/2.1; +http://www.google.com/bot.html)"
66.249.78.236 - - [15/Apr/2014:21:00:36 +0200] "GET /include.php?path=contentarchive&type=2&catid=8&letter=B&entries=0&searchtext=&order=date&nid=21 HTTP/1.1" 404 1256 "-" "Mozilla/5.0 (compatible; Googlebot/2.1; +http://www.google.com/bot.html)"
66.249.78.236 - - [15/Apr/2014:21:11:11 +0200] "GET /include.php?path=contentarchive&type=2&catid=1&letter=Z&entries=0&searchtext=&order=title&nid=19 HTTP/1.1" 404 1256 "-" "Mozilla/5.0 (compatible; Googlebot/2.1; +http://www.google.com/bot.html)"
208.115.113.85 - - [15/Apr/2014:21:16:37 +0200] "GET /robots.txt HTTP/1.1" 404 1256 "-" "Mozilla/5.0 (compatible; DotBot/1.1; http://www.opensiteexplorer.org/dotbot, help@moz.com)"
66.249.78.236 - - [15/Apr/2014:21:21:46 +0200] "GET /include.php?path=contentarchive&type=4&catid=1&letter=O&entries=0&searchtext=&order=titled&nid=13 HTTP/1.1" 404 1256 "-" "Mozilla/5.0 (compatible; Googlebot/2.1; +http://www.google.com/bot.html)"
66.249.78.236 - - [15/Apr/2014:21:32:22 +0200] "GET /include.php?path=contentarchive&type=4&catid=0&letter=D&entries=0&searchtext=&order=dated&nid=21 HTTP/1.1" 404 1256 "-" "Mozilla/5.0 (compatible; Googlebot/2.1; +http://www.google.com/bot.html)"
66.249.78.236 - - [15/Apr/2014:21:42:57 +0200] "GET /include.php?path=contentarchive&type=2&letter=V&catid=0&themeid=0&searchtext=&entries=0&order=titled&nid=4 HTTP/1.1" 404 1256 "-" "Mozilla/5.0 (compatible; Googlebot/2.1; +http://www.google.com/bot.html)"
66.249.78.236 - - [15/Apr/2014:21:53:33 +0200] "GET /include.php?path=contentarchive&type=2&letter=0-9&catid=0&themeid=0&searchtext=&entries=8&order=title&nid=32 HTTP/1.1" 404 1256 "-" "Mozilla/5.0 (compatible; Googlebot/2.1; +http://www.google.com/bot.html)"
66.249.78.236 - - [15/Apr/2014:22:03:58 +0200] "GET /include.php?path=contentarchive&type=1&catid=9&letter=O&entries=0&searchtext=&order=title HTTP/1.1" 404 1256 "-" "Mozilla/5.0 (compatible; Googlebot/2.1; +http://www.google.com/bot.html)"
178.77.126.55 - - [15/Apr/2014:22:23:07 +0200] "GET /robots.txt HTTP/1.1" 404 1256 "-" "Mozilla/5.0 (compatible; CareerBot/1.1; +http://www.career-x.de/bot.html)"
178.77.126.55 - - [15/Apr/2014:22:23:07 +0200] "GET / HTTP/1.1" 302 - "-" "Mozilla/5.0 (compatible; CareerBot/1.1; +http://www.career-x.de/bot.html)"
208.115.113.93 - - [15/Apr/2014:22:38:41 +0200] "GET /robots.txt HTTP/1.1" 404 1256 "-" "Mozilla/5.0 (compatible; DotBot/1.1; http://www.opensiteexplorer.org/dotbot, help@moz.com)"
66.249.78.236 - - [15/Apr/2014:22:40:16 +0200] "GET /include.php?path=contentarchive&type=4&letter=A&catid=0&themeid=0&searchtext=&entries=0&order=dated&nid=19 HTTP/1.1" 404 1256 "-" "Mozilla/5.0 (compatible; Googlebot/2.1; +http://www.google.com/bot.html)"
208.115.113.85 - - [15/Apr/2014:23:11:35 +0200] "GET /include.php?path=contentarchive&type=2&letter=E&catid=0&themeid=0&searchtext=&entries=0&order=title HTTP/1.1" 404 1256 "-" "Mozilla/5.0 (compatible; DotBot/1.1; http://www.opensiteexplorer.org/dotbot, help@moz.com)"
66.249.78.236 - - [15/Apr/2014:23:18:05 +0200] "GET /include.php?path=contentarchive&type=2&letter=O&catid=9&themeid=0&searchtext=&entries=0&order=&nid=13 HTTP/1.1" 404 1256 "-" "Mozilla/5.0 (compatible; Googlebot/2.1; +http://www.google.com/bot.html)"
66.249.78.236 - - [15/Apr/2014:23:28:41 +0200] "GET /include.php?path=contentarchive&type=1&letter=F&catid=0&themeid=0&searchtext=&entries=5&order=title&nid=13 HTTP/1.1" 404 1256 "-" "Mozilla/5.0 (compatible; Googlebot/2.1; +http://www.google.com/bot.html)"
66.249.78.236 - - [15/Apr/2014:23:39:16 +0200] "GET /include.php?path=content&mode=vote&contentid=117&type=4&content_vote=5&action=Go HTTP/1.1" 404 1256 "-" "Mozilla/5.0 (compatible; Googlebot/2.1; +http://www.google.com/bot.html)"
91.64.51.201 - - [15/Apr/2014:23:48:12 +0200] "GET / HTTP/1.1" 302 - "http://maps.google.com/local_url?dq=sprachkurse+berlin+sch%C3%B6neberg&q=http://www.friedrich-list-berlin.de/&oi=miw&sa=X&ct=miw_link&cd=1&cad=homepage,cid:15796106503487596536&ei=5KVNU4jgONKk8gOCwoCQDQ&s=ANYYN7mTD-IKAacS2Ao2jeE-93q65gEMJQ" "Mozilla/5.0 (Windows NT 6.3; WOW64) AppleWebKit/537.36 (KHTML, like Gecko) Maxthon/4.3.1.1000 Chrome/30.0.1599.101 Safari/537.36"
208.115.113.85 - - [16/Apr/2014:00:32:44 +0200] "GET /robots.txt HTTP/1.1" 404 1256 "-" "Mozilla/5.0 (compatible; DotBot/1.1; http://www.opensiteexplorer.org/dotbot, help@moz.com)"
208.115.113.93 - - [16/Apr/2014:00:43:15 +0200] "GET /?path=contentarchive&type=2&letter=M&catid=0&themeid=0&searchtext=&entries=0&order= HTTP/1.1" 302 - "-" "Mozilla/5.0 (compatible; DotBot/1.1; http://www.opensiteexplorer.org/dotbot, help@moz.com)"
176.9.48.201 - - [16/Apr/2014:01:48:44 +0200] "GET /robots.txt HTTP/1.1" 404 1256 "-" "Mozilla/5.0 (X11; Ubuntu; Linux x86_64; rv:27.0) Gecko/20100101 Firefox/27.0"
176.9.48.201 - - [16/Apr/2014:01:48:44 +0200] "GET / HTTP/1.1" 302 - "-" "Mozilla/5.0 (X11; Ubuntu; Linux x86_64; rv:27.0) Gecko/20100101 Firefox/27.0"
208.115.113.85 - - [16/Apr/2014:02:28:54 +0200] "GET /include.php?path=contentarchive&type=2&letter=C&catid=0&themeid=0&searchtext=&entries=0&order=title HTTP/1.1" 404 1256 "-" "Mozilla/5.0 (compatible; DotBot/1.1; http://www.opensiteexplorer.org/dotbot, help@moz.com)"
208.115.113.85 - - [16/Apr/2014:02:28:58 +0200] "GET /include.php?path=contentarchive&type=3&letter=L&catid=0&themeid=0&searchtext=&entries=0&order= HTTP/1.1" 404 1256 "-" "Mozilla/5.0 (compatible; DotBot/1.1; http://www.opensiteexplorer.org/dotbot, help@moz.com)"
217.86.196.40 - - [16/Apr/2014:02:37:29 +0200] "GET / HTTP/1.1" 302 - "-" "-"
208.115.111.69 - - [16/Apr/2014:03:01:43 +0200] "GET /robots.txt HTTP/1.1" 404 1256 "-" "Mozilla/5.0 (compatible; DotBot/1.1; http://www.opensiteexplorer.org/dotbot, help@moz.com)"
157.55.33.101 - - [16/Apr/2014:03:14:16 +0200] "GET /robots.txt HTTP/1.1" 404 1256 "-" "Mozilla/5.0 (compatible; bingbot/2.0; +http://www.bing.com/bingbot.htm)"
208.115.113.93 - - [16/Apr/2014:03:34:12 +0200] "GET /robots.txt HTTP/1.1" 404 1256 "-" "Mozilla/5.0 (compatible; DotBot/1.1; http://www.opensiteexplorer.org/dotbot, help@moz.com)"
178.77.126.55 - - [16/Apr/2014:03:38:45 +0200] "GET /robots.txt HTTP/1.1" 404 1256 "-" "Mozilla/5.0 (compatible; CareerBot/1.1; +http://www.career-x.de/bot.html)"
178.77.126.55 - - [16/Apr/2014:03:38:45 +0200] "GET / HTTP/1.1" 302 - "-" "Mozilla/5.0 (compatible; CareerBot/1.1; +http://www.career-x.de/bot.html)"
217.86.196.40 - - [16/Apr/2014:04:01:16 +0200] "GET / HTTP/1.1" 302 - "http://www.google.de/" "finbot"
217.86.196.40 - - [16/Apr/2014:04:01:16 +0200] "GET /robots.txt HTTP/1.1" 404 1256 "http://www.google.de/" "finbot"
157.55.33.101 - - [16/Apr/2014:04:20:24 +0200] "GET /?&nid=21 HTTP/1.1" 302 - "-" "Mozilla/5.0 (compatible; bingbot/2.0; +http://www.bing.com/bingbot.htm)"
208.115.111.69 - - [16/Apr/2014:04:57:45 +0200] "GET /?path=contentarchive&type=2&letter=M&catid=0&themeid=0&searchtext=&entries=0&order= HTTP/1.1" 302 - "-" "Mozilla/5.0 (compatible; DotBot/1.1; http://www.opensiteexplorer.org/dotbot, help@moz.com)"
77.0.194.169 - - [16/Apr/2014:05:02:22 +0200] "GET / HTTP/1.1" 302 - "-" "Apache-HttpClient/4.3.1 (java 1.5)"
208.115.113.93 - - [16/Apr/2014:05:09:13 +0200] "GET /?path=contentarchive&type=2&letter=Q&catid=0&themeid=0&searchtext=&entries=0&order= HTTP/1.1" 302 - "-" "Mozilla/5.0 (compatible; DotBot/1.1; http://www.opensiteexplorer.org/dotbot, help@moz.com)"
208.115.113.93 - - [16/Apr/2014:05:09:16 +0200] "GET /include.php?path=contentarchive&type=2&letter=B&catid=0&themeid=0&searchtext=&entries=0&order=title HTTP/1.1" 404 1256 "-" "Mozilla/5.0 (compatible; DotBot/1.1; http://www.opensiteexplorer.org/dotbot, help@moz.com)"
141.8.147.12 - - [16/Apr/2014:05:09:28 +0200] "GET /robots.txt HTTP/1.1" 404 1256 "-" "Mozilla/5.0 (compatible; YandexBot/3.0; +http://yandex.com/bots)"
141.8.147.12 - - [16/Apr/2014:05:09:30 +0200] "GET / HTTP/1.1" 302 - "-" "Mozilla/5.0 (compatible; YandexBot/3.0; +http://yandex.com/bots)"
208.115.113.93 - - [16/Apr/2014:06:31:35 +0200] "GET /robots.txt HTTP/1.1" 404 1256 "-" "Mozilla/5.0 (compatible; DotBot/1.1; http://www.opensiteexplorer.org/dotbot, help@moz.com)"
208.115.111.69 - - [16/Apr/2014:06:36:04 +0200] "GET /robots.txt HTTP/1.1" 404 1256 "-" "Mozilla/5.0 (compatible; DotBot/1.1; http://www.opensiteexplorer.org/dotbot, help@moz.com)"
208.115.111.69 - - [16/Apr/2014:08:20:46 +0200] "GET /include.php?path=contentarchive&type=2&letter=S&catid=0&themeid=0&searchtext=&entries=0&order= HTTP/1.1" 404 1256 "-" "Mozilla/5.0 (compatible; DotBot/1.1; http://www.opensiteexplorer.org/dotbot, help@moz.com)"
208.115.111.69 - - [16/Apr/2014:08:20:49 +0200] "GET /include.php?path=contentarchive&type=2&letter=Y&catid=0&themeid=0&searchtext=&entries=0&order=title HTTP/1.1" 404 1256 "-" "Mozilla/5.0 (compatible; DotBot/1.1; http://www.opensiteexplorer.org/dotbot, help@moz.com)"
208.115.113.93 - - [16/Apr/2014:08:28:51 +0200] "GET /include.php?path=contentarchive&type=2&letter=S&catid=0&themeid=0&searchtext=&entries=0&order= HTTP/1.1" 404 1256 "-" "Mozilla/5.0 (compatible; DotBot/1.1; http://www.opensiteexplorer.org/dotbot, help@moz.com)"
208.115.113.93 - - [16/Apr/2014:08:28:56 +0200] "GET /include.php?path=contentarchive&type=2&letter=Y&catid=0&themeid=0&searchtext=&entries=0&order=title HTTP/1.1" 404 1256 "-" "Mozilla/5.0 (compatible; DotBot/1.1; http://www.opensiteexplorer.org/dotbot, help@moz.com)"
208.115.113.85 - - [16/Apr/2014:08:39:52 +0200] "GET /robots.txt HTTP/1.1" 404 1256 "-" "Mozilla/5.0 (compatible; DotBot/1.1; http://www.opensiteexplorer.org/dotbot, help@moz.com)"
208.115.113.85 - - [16/Apr/2014:10:39:57 +0200] "GET /include.php?path=contentarchive&type=2&letter=C&catid=0&themeid=0&searchtext=&entries=0&order= HTTP/1.1" 404 1256 "-" "Mozilla/5.0 (compatible; DotBot/1.1; http://www.opensiteexplorer.org/dotbot, help@moz.com)"
188.138.41.108 - - [16/Apr/2014:11:06:18 +0200] "GET /robots.txt HTTP/1.1" 404 1256 "-" "Mozilla/5.0 (X11; U; Linux i686; de; rv:1.9.0.1; compatible; iCjobs Stellenangebote Jobs; http://www.icjobs.de) Gecko/20100401 iCjobs/3.2.3"
188.138.41.108 - - [16/Apr/2014:11:06:18 +0200] "GET / HTTP/1.1" 302 - "-" "Mozilla/5.0 (X11; U; Linux i686; de; rv:1.9.0.1; compatible; iCjobs Stellenangebote Jobs; http://www.icjobs.de) Gecko/20100401 iCjobs/3.2.3"
188.138.41.108 - - [16/Apr/2014:11:06:18 +0200] "GET / HTTP/1.1" 302 - "-" "Mozilla/5.0 (X11; U; Linux i686; de; rv:1.9.0.1; compatible; iCjobs Stellenangebote Jobs; http://www.icjobs.de) Gecko/20100401 iCjobs/3.2.3"
208.115.113.85 - - [16/Apr/2014:12:45:38 +0200] "GET /robots.txt HTTP/1.1" 404 1256 "-" "Mozilla/5.0 (compatible; DotBot/1.1; http://www.opensiteexplorer.org/dotbot, help@moz.com)"
46.4.106.211 - - [16/Apr/2014:13:06:14 +0200] "GET / HTTP/1.1" 302 - "-" "Java/1.7.0_40"
46.4.106.211 - - [16/Apr/2014:13:06:14 +0200] "GET /fls_1_aktuelles.php HTTP/1.1" 404 1256 "-" "Java/1.7.0_40"
46.4.106.211 - - [16/Apr/2014:13:06:14 +0200] "GET /fls_2_fremdsprachensekr.php HTTP/1.1" 404 1256 "-" "Java/1.7.0_40"
46.4.106.211 - - [16/Apr/2014:13:06:18 +0200] "GET /fls_3_fls_international.php HTTP/1.1" 404 1256 "-" "Java/1.7.0_40"
46.4.106.211 - - [16/Apr/2014:13:06:18 +0200] "GET /fls_4_faq.php HTTP/1.1" 404 1256 "-" "Java/1.7.0_40"
46.4.106.211 - - [16/Apr/2014:13:06:18 +0200] "GET /fls_4_impressum.php HTTP/1.1" 404 1256 "-" "Java/1.7.0_40"
46.4.106.211 - - [16/Apr/2014:13:06:18 +0200] "GET /fls_4_kontakt_anmeldung.php HTTP/1.1" 404 1256 "-" "Java/1.7.0_40"
46.4.106.211 - - [16/Apr/2014:13:06:18 +0200] "GET /index.php HTTP/1.1" 302 - "-" "Java/1.7.0_40"
46.4.106.211 - - [16/Apr/2014:13:06:19 +0200] "GET /index_en.php HTTP/1.1" 404 1256 "-" "Java/1.7.0_40"
46.4.106.211 - - [16/Apr/2014:13:06:19 +0200] "GET /index_fr.php HTTP/1.1" 404 1256 "-" "Java/1.7.0_40"
46.4.106.211 - - [16/Apr/2014:13:06:19 +0200] "GET /index_sp.php HTTP/1.1" 404 1256 "-" "Java/1.7.0_40"
46.4.106.211 - - [16/Apr/2014:13:06:19 +0200] "GET /& HTTP/1.1" 404 1256 "-" "Java/1.7.0_40"
46.4.106.211 - - [16/Apr/2014:13:06:20 +0200] "GET /& HTTP/1.1" 404 1256 "-" "Java/1.7.0_40"
46.4.106.211 - - [16/Apr/2014:13:06:20 +0200] "GET /& HTTP/1.1" 404 1256 "-" "Java/1.7.0_40"
46.4.106.211 - - [16/Apr/2014:13:06:20 +0200] "GET /& HTTP/1.1" 404 1256 "-" "Java/1.7.0_40"
46.4.106.211 - - [16/Apr/2014:13:06:20 +0200] "GET /& HTTP/1.1" 404 1256 "-" "Java/1.7.0_40"
46.4.106.211 - - [16/Apr/2014:13:06:20 +0200] "GET /& HTTP/1.1" 404 1256 "-" "Java/1.7.0_40"
46.4.106.211 - - [16/Apr/2014:13:06:20 +0200] "GET /& HTTP/1.1" 404 1256 "-" "Java/1.7.0_40"
46.4.106.211 - - [16/Apr/2014:13:06:20 +0200] "GET /& HTTP/1.1" 404 1256 "-" "Java/1.7.0_40"
46.4.106.211 - - [16/Apr/2014:13:06:21 +0200] "GET /& HTTP/1.1" 404 1256 "-" "Java/1.7.0_40"
46.4.106.211 - - [16/Apr/2014:13:06:21 +0200] "GET /& HTTP/1.1" 404 1256 "-" "Java/1.7.0_40"
46.4.106.211 - - [16/Apr/2014:13:06:21 +0200] "GET /& HTTP/1.1" 404 1256 "-" "Java/1.7.0_40"
46.4.106.211 - - [16/Apr/2014:13:06:21 +0200] "GET /& HTTP/1.1" 404 1256 "-" "Java/1.7.0_40"
46.4.106.211 - - [16/Apr/2014:13:06:21 +0200] "GET /& HTTP/1.1" 404 1256 "-" "Java/1.7.0_40"
46.4.106.211 - - [16/Apr/2014:13:06:21 +0200] "GET /& HTTP/1.1" 404 1256 "-" "Java/1.7.0_40"
46.4.106.211 - - [16/Apr/2014:13:06:22 +0200] "GET /& HTTP/1.1" 404 1256 "-" "Java/1.7.0_40"
46.4.106.211 - - [16/Apr/2014:13:06:22 +0200] "GET /& HTTP/1.1" 404 1256 "-" "Java/1.7.0_40"
46.4.106.211 - - [16/Apr/2014:13:06:22 +0200] "GET /& HTTP/1.1" 404 1256 "-" "Java/1.7.0_40"
46.4.106.211 - - [16/Apr/2014:13:06:25 +0200] "GET /& HTTP/1.1" 404 1256 "-" "Java/1.7.0_40"
46.4.106.211 - - [16/Apr/2014:13:06:25 +0200] "GET /& HTTP/1.1" 404 1256 "-" "Java/1.7.0_40"
46.4.106.211 - - [16/Apr/2014:13:06:25 +0200] "GET /& HTTP/1.1" 404 1256 "-" "Java/1.7.0_40"
208.115.113.85 - - [16/Apr/2014:14:50:01 +0200] "GET /include.php?path=content&contentid=47&nid=17 HTTP/1.1" 404 1256 "-" "Mozilla/5.0 (compatible; DotBot/1.1; http://www.opensiteexplorer.org/dotbot, help@moz.com)"
208.115.113.85 - - [16/Apr/2014:14:50:04 +0200] "GET /include.php?path=contentarchive&type=2&letter=G&catid=0&themeid=0&searchtext=&entries=0&order=title HTTP/1.1" 404 1256 "-" "Mozilla/5.0 (compatible; DotBot/1.1; http://www.opensiteexplorer.org/dotbot, help@moz.com)"
83.149.126.98 - - [16/Apr/2014:14:52:03 +0200] "GET /robots.txt HTTP/1.0" 404 1256 "-" "Mozilla/5.0 (compatible; MJ12bot/v1.4.4; http://www.majestic12.co.uk/bot.php?+)"
83.149.126.98 - - [16/Apr/2014:14:52:10 +0200] "GET / HTTP/1.0" 302 - "-" "Mozilla/5.0 (compatible; MJ12bot/v1.4.4; http://www.majestic12.co.uk/bot.php?+)"
31.13.99.119 - - [16/Apr/2014:15:14:42 +0200] "GET / HTTP/1.1" 302 - "-" "facebookexternalhit/1.1 (+http://www.facebook.com/externalhit_uatext.php)"
195.211.155.6 - - [16/Apr/2014:16:16:40 +0200] "GET / HTTP/1.1" 302 - "-" "Mozilla/5.0 (X11; U; Linux i686; en-US; rv:1.9.2.1) Gecko/20100122 firefox/3.6.1"
91.61.89.208 - - [16/Apr/2014:16:43:59 +0200] "GET / HTTP/1.1" 302 - "-" "Mozilla/5.0 (Windows NT 6.3; WOW64; rv:28.0) Gecko/20100101 Firefox/28.0"
208.115.113.85 - - [16/Apr/2014:16:49:33 +0200] "GET /robots.txt HTTP/1.1" 404 1256 "-" "Mozilla/5.0 (compatible; DotBot/1.1; http://www.opensiteexplorer.org/dotbot, help@moz.com)"
208.115.113.85 - - [16/Apr/2014:19:02:50 +0200] "GET /include.php?path=start HTTP/1.1" 404 1256 "-" "Mozilla/5.0 (compatible; DotBot/1.1; http://www.opensiteexplorer.org/dotbot, help@moz.com)"
208.115.113.85 - - [16/Apr/2014:19:02:52 +0200] "GET /include.php?path=userinfo&id=1&nid=19 HTTP/1.1" 404 1256 "-" "Mozilla/5.0 (compatible; DotBot/1.1; http://www.opensiteexplorer.org/dotbot, help@moz.com)"
199.58.86.206 - - [16/Apr/2014:19:31:48 +0200] "GET /robots.txt HTTP/1.0" 404 1256 "-" "Mozilla/5.0 (compatible; MJ12bot/v1.4.4; http://www.majestic12.co.uk/bot.php?+)"
199.58.86.206 - - [16/Apr/2014:19:31:50 +0200] "GET / HTTP/1.0" 302 - "-" "Mozilla/5.0 (compatible; MJ12bot/v1.4.4; http://www.majestic12.co.uk/bot.php?+)"
208.115.113.85 - - [16/Apr/2014:20:43:39 +0200] "GET /robots.txt HTTP/1.1" 404 1256 "-" "Mozilla/5.0 (compatible; DotBot/1.1; http://www.opensiteexplorer.org/dotbot, help@moz.com)"
212.255.121.77 - - [16/Apr/2014:20:52:22 +0200] "GET / HTTP/1.1" 302 - "https://www.google.de/" "Mozilla/5.0 (Windows NT 6.1; WOW64) AppleWebKit/537.36 (KHTML, like Gecko) Chrome/34.0.1847.116 Safari/537.36"
208.115.113.85 - - [16/Apr/2014:22:52:32 +0200] "GET /include.php?path=contentarchive&type=3&letter=A&catid=0&themeid=0&searchtext=&entries=0&order= HTTP/1.1" 404 1256 "-" "Mozilla/5.0 (compatible; DotBot/1.1; http://www.opensiteexplorer.org/dotbot, help@moz.com)"
66.249.64.114 - - [16/Apr/2014:23:23:24 +0200] "GET /robots.txt HTTP/1.1" 404 1256 "-" "Mozilla/5.0 (compatible; Googlebot/2.1; +http://www.google.com/bot.html)"
66.249.64.119 - - [16/Apr/2014:23:23:24 +0200] "GET /include.php?path=content&contentid=44 HTTP/1.1" 404 1256 "-" "Mozilla/5.0 (compatible; Googlebot/2.1; +http://www.google.com/bot.html)"
77.187.37.46 - - [16/Apr/2014:23:49:08 +0200] "GET / HTTP/1.1" 302 - "http://lm.facebook.com/l.php?u=http%3A%2F%2Fwww.fls-berlin.de%2F&h=vAQFZyfXC&enc=AZOi8L6tb4_10Ddat19YMGJPA0lIP5TL9cO1rnrUhwVM9ImyxjxntJqavG0fLOj3SSU2ynZNtVBTejUzBiE_SU9wl8Dc_dDxvFnoYntuF7WmJLMi64giPSmM1-4m9Oj0jLkIrPVPWvs-OoCUfwlzHP_W&s=1" "Mozilla/5.0 (Linux; U; Android 4.2.2; de-de; HUAWEI P6-U06 Build/HuaweiP6-U06) AppleWebKit/534.30 (KHTML, like Gecko) Version/4.0 Mobile Safari/534.30"
173.252.112.114 - - [16/Apr/2014:23:49:08 +0200] "GET / HTTP/1.1" 302 - "-" "facebookexternalhit/1.1 (+http://www.facebook.com/externalhit_uatext.php)"
84.215.176.221 - - [17/Apr/2014:00:12:54 +0200] "GET / HTTP/1.1" 302 - "-" "Java/1.7.0_51"
84.215.176.221 - - [17/Apr/2014:00:12:56 +0200] "GET /fls_1_aktuelles.php HTTP/1.1" 404 1256 "-" "Java/1.7.0_51"
84.215.176.221 - - [17/Apr/2014:00:12:56 +0200] "GET /fls_2_fremdsprachensekr.php HTTP/1.1" 404 1256 "-" "Java/1.7.0_51"
84.215.176.221 - - [17/Apr/2014:00:12:56 +0200] "GET /fls_3_fls_international.php HTTP/1.1" 404 1256 "-" "Java/1.7.0_51"
84.215.176.221 - - [17/Apr/2014:00:12:57 +0200] "GET /fls_4_faq.php HTTP/1.1" 404 1256 "-" "Java/1.7.0_51"
84.215.176.221 - - [17/Apr/2014:00:12:57 +0200] "GET /fls_4_impressum.php HTTP/1.1" 404 1256 "-" "Java/1.7.0_51"
84.215.176.221 - - [17/Apr/2014:00:12:57 +0200] "GET /fls_4_kontakt_anmeldung.php HTTP/1.1" 404 1256 "-" "Java/1.7.0_51"
84.215.176.221 - - [17/Apr/2014:00:12:57 +0200] "GET /index.php HTTP/1.1" 302 - "-" "Java/1.7.0_51"
84.215.176.221 - - [17/Apr/2014:00:12:58 +0200] "GET /index_en.php HTTP/1.1" 404 1256 "-" "Java/1.7.0_51"
84.215.176.221 - - [17/Apr/2014:00:12:58 +0200] "GET /index_fr.php HTTP/1.1" 404 1256 "-" "Java/1.7.0_51"
84.215.176.221 - - [17/Apr/2014:00:12:58 +0200] "GET /index_sp.php HTTP/1.1" 404 1256 "-" "Java/1.7.0_51"
84.215.176.221 - - [17/Apr/2014:00:12:58 +0200] "GET /& HTTP/1.1" 404 1256 "-" "Java/1.7.0_51"
84.215.176.221 - - [17/Apr/2014:00:12:58 +0200] "GET /& HTTP/1.1" 404 1256 "-" "Java/1.7.0_51"
84.215.176.221 - - [17/Apr/2014:00:12:58 +0200] "GET /& HTTP/1.1" 404 1256 "-" "Java/1.7.0_51"
84.215.176.221 - - [17/Apr/2014:00:12:58 +0200] "GET /& HTTP/1.1" 404 1256 "-" "Java/1.7.0_51"
84.215.176.221 - - [17/Apr/2014:00:12:59 +0200] "GET /& HTTP/1.1" 404 1256 "-" "Java/1.7.0_51"
84.215.176.221 - - [17/Apr/2014:00:12:59 +0200] "GET /& HTTP/1.1" 404 1256 "-" "Java/1.7.0_51"
84.215.176.221 - - [17/Apr/2014:00:12:59 +0200] "GET /& HTTP/1.1" 404 1256 "-" "Java/1.7.0_51"
84.215.176.221 - - [17/Apr/2014:00:12:59 +0200] "GET /& HTTP/1.1" 404 1256 "-" "Java/1.7.0_51"
84.215.176.221 - - [17/Apr/2014:00:12:59 +0200] "GET /& HTTP/1.1" 404 1256 "-" "Java/1.7.0_51"
84.215.176.221 - - [17/Apr/2014:00:12:59 +0200] "GET /& HTTP/1.1" 404 1256 "-" "Java/1.7.0_51"
84.215.176.221 - - [17/Apr/2014:00:12:59 +0200] "GET /& HTTP/1.1" 404 1256 "-" "Java/1.7.0_51"
84.215.176.221 - - [17/Apr/2014:00:13:00 +0200] "GET /& HTTP/1.1" 404 1256 "-" "Java/1.7.0_51"
84.215.176.221 - - [17/Apr/2014:00:13:00 +0200] "GET /& HTTP/1.1" 404 1256 "-" "Java/1.7.0_51"
84.215.176.221 - - [17/Apr/2014:00:13:00 +0200] "GET /& HTTP/1.1" 404 1256 "-" "Java/1.7.0_51"
84.215.176.221 - - [17/Apr/2014:00:13:00 +0200] "GET /& HTTP/1.1" 404 1256 "-" "Java/1.7.0_51"
84.215.176.221 - - [17/Apr/2014:00:13:00 +0200] "GET /& HTTP/1.1" 404 1256 "-" "Java/1.7.0_51"
84.215.176.221 - - [17/Apr/2014:00:13:00 +0200] "GET /& HTTP/1.1" 404 1256 "-" "Java/1.7.0_51"
84.215.176.221 - - [17/Apr/2014:00:13:00 +0200] "GET /& HTTP/1.1" 404 1256 "-" "Java/1.7.0_51"
84.215.176.221 - - [17/Apr/2014:00:13:01 +0200] "GET /& HTTP/1.1" 404 1256 "-" "Java/1.7.0_51"
84.215.176.221 - - [17/Apr/2014:00:13:01 +0200] "GET /& HTTP/1.1" 404 1256 "-" "Java/1.7.0_51"
66.249.64.119 - - [17/Apr/2014:00:15:24 +0200] "GET /include.php?path=content&contentid=44&nid=33 HTTP/1.1" 404 1256 "-" "Mozilla/5.0 (compatible; Googlebot/2.1; +http://www.google.com/bot.html)"
208.115.113.85 - - [17/Apr/2014:00:42:41 +0200] "GET /robots.txt HTTP/1.1" 404 1256 "-" "Mozilla/5.0 (compatible; DotBot/1.1; http://www.opensiteexplorer.org/dotbot, help@moz.com)"
208.115.111.69 - - [17/Apr/2014:02:42:10 +0200] "GET /robots.txt HTTP/1.1" 404 1256 "-" "Mozilla/5.0 (compatible; DotBot/1.1; http://www.opensiteexplorer.org/dotbot, help@moz.com)"
208.115.113.85 - - [17/Apr/2014:02:42:15 +0200] "GET /?path=content&contentid=39&nid=15 HTTP/1.1" 302 - "-" "Mozilla/5.0 (compatible; DotBot/1.1; http://www.opensiteexplorer.org/dotbot, help@moz.com)"
157.55.32.26 - - [17/Apr/2014:02:46:27 +0200] "GET /robots.txt HTTP/1.1" 404 1256 "-" "Mozilla/5.0 (compatible; bingbot/2.0; +http://www.bing.com/bingbot.htm)"
157.55.32.26 - - [17/Apr/2014:02:53:10 +0200] "GET /?&nid=4 HTTP/1.1" 302 - "-" "Mozilla/5.0 (compatible; bingbot/2.0; +http://www.bing.com/bingbot.htm)"
66.249.64.119 - - [17/Apr/2014:03:03:58 +0200] "GET /include.php?path=contentarchive&type=2&catid=10&letter=Q&entries=0&searchtext=&order=dated HTTP/1.1" 404 1256 "-" "Mozilla/5.0 (compatible; Googlebot/2.1; +http://www.google.com/bot.html)"
208.115.111.69 - - [17/Apr/2014:04:36:26 +0200] "GET /include.php?path=contentarchive&type=2&letter=O&catid=0&themeid=0&searchtext=&entries=0&order= HTTP/1.1" 404 1256 "-" "Mozilla/5.0 (compatible; DotBot/1.1; http://www.opensiteexplorer.org/dotbot, help@moz.com)"
162.243.86.17 - - [17/Apr/2014:06:43:07 +0200] "GET /robots.txt HTTP/1.1" 404 1256 "-" "Mozilla/5.0 (compatible; spbot/4.0.9; +http://OpenLinkProfiler.org/bot )"
162.243.86.17 - - [17/Apr/2014:06:43:11 +0200] "GET / HTTP/1.1" 302 - "-" "Mozilla/5.0 (compatible; spbot/4.0.9; +http://OpenLinkProfiler.org/bot )"
66.249.64.168 - - [17/Apr/2014:08:10:55 +0200] "GET /robots.txt HTTP/1.1" 404 1256 "-" "Mozilla/5.0 (compatible; Googlebot/2.1; +http://www.google.com/bot.html)"
66.249.64.158 - - [17/Apr/2014:08:10:55 +0200] "GET / HTTP/1.1" 302 - "-" "Mozilla/5.0 (compatible; Googlebot/2.1; +http://www.google.com/bot.html)"
208.115.113.85 - - [17/Apr/2014:08:46:00 +0200] "GET /robots.txt HTTP/1.1" 404 1256 "-" "Mozilla/5.0 (compatible; DotBot/1.1; http://www.opensiteexplorer.org/dotbot, help@moz.com)"
66.249.64.114 - - [17/Apr/2014:08:56:19 +0200] "GET / HTTP/1.1" 302 - "-" "Mozilla/5.0 (compatible; Googlebot/2.1; +http://www.google.com/bot.html)"
66.249.64.119 - - [17/Apr/2014:09:30:29 +0200] "GET /include.php?path=contentarchive&type=2&catid=8&letter=U&entries=0&searchtext=&order=date&nid=19 HTTP/1.1" 404 1256 "-" "Mozilla/5.0 (compatible; Googlebot/2.1; +http://www.google.com/bot.html)"
66.249.64.114 - - [17/Apr/2014:10:20:29 +0200] "GET /include.php?path=contentarchive&type=4&letter=T&catid=7&themeid=0&searchtext=&entries=0&order=&nid=21 HTTP/1.1" 404 1256 "-" "Mozilla/5.0 (compatible; Googlebot/2.1; +http://www.google.com/bot.html)"
208.115.111.69 - - [17/Apr/2014:10:40:55 +0200] "GET /robots.txt HTTP/1.1" 404 1256 "-" "Mozilla/5.0 (compatible; DotBot/1.1; http://www.opensiteexplorer.org/dotbot, help@moz.com)"
208.115.113.85 - - [17/Apr/2014:10:51:58 +0200] "GET /include.php?path=content&contentid=39&nid=15 HTTP/1.1" 404 1256 "-" "Mozilla/5.0 (compatible; DotBot/1.1; http://www.opensiteexplorer.org/dotbot, help@moz.com)"
208.115.113.85 - - [17/Apr/2014:10:52:01 +0200] "GET /include.php?path=contentarchive&type=3 HTTP/1.1" 404 1256 "-" "Mozilla/5.0 (compatible; DotBot/1.1; http://www.opensiteexplorer.org/dotbot, help@moz.com)"
5.10.83.67 - - [17/Apr/2014:10:58:44 +0200] "GET /robots.txt HTTP/1.1" 404 1256 "-" "Mozilla/5.0 (compatible; AhrefsBot/5.0; +http://ahrefs.com/robot/)"
66.249.76.222 - - [17/Apr/2014:11:10:31 +0200] "GET /include.php?path=contentarchive&type=2&letter=A&catid=1&themeid=0&searchtext=&entries=0&order=titled&nid=4 HTTP/1.1" 404 1256 "-" "Mozilla/5.0 (compatible; Googlebot/2.1; +http://www.google.com/bot.html)"
208.115.111.69 - - [17/Apr/2014:11:57:21 +0200] "GET /include.php?path=contentarchive&type=2&nid=13 HTTP/1.1" 404 1256 "-" "Mozilla/5.0 (compatible; DotBot/1.1; http://www.opensiteexplorer.org/dotbot, help@moz.com)"
66.249.64.114 - - [17/Apr/2014:12:20:34 +0200] "GET /robots.txt HTTP/1.1" 404 1256 "-" "Mozilla/5.0 (compatible; Googlebot/2.1; +http://www.google.com/bot.html)"
66.249.64.124 - - [17/Apr/2014:12:20:34 +0200] "GET /include.php?path=contentarchive&type=4&catid=6&letter=J&entries=0&searchtext=&order=date&nid=21 HTTP/1.1" 404 1256 "-" "Mozilla/5.0 (compatible; Googlebot/2.1; +http://www.google.com/bot.html)"
66.249.78.236 - - [17/Apr/2014:13:15:32 +0200] "GET /include.php?path=contentarchive&type=2&letter=U&catid=0&themeid=0&searchtext=&entries=8&order=dated&nid=32 HTTP/1.1" 404 1256 "-" "Mozilla/5.0 (compatible; Googlebot/2.1; +http://www.google.com/bot.html)"
66.249.78.236 - - [17/Apr/2014:13:20:32 +0200] "GET /include.php?path=contentarchive&type=2&catid=9&letter=V&entries=0&searchtext=&order=date&nid=32 HTTP/1.1" 404 1256 "-" "Mozilla/5.0 (compatible; Googlebot/2.1; +http://www.google.com/bot.html)"
66.249.78.236 - - [17/Apr/2014:13:40:51 +0200] "GET /include.php?path=content&mode=vote&contentid=77&type=1&content_vote=-1&action=Go&nid=4 HTTP/1.1" 404 1256 "-" "Mozilla/5.0 (compatible; Googlebot/2.1; +http://www.google.com/bot.html)"
66.249.78.236 - - [17/Apr/2014:13:43:17 +0200] "GET /include.php?path=contentarchive&type=1&catid=10&letter=Z&entries=0&searchtext=&order=date HTTP/1.1" 404 1256 "-" "Mozilla/5.0 (compatible; Googlebot/2.1; +http://www.google.com/bot.html)"
117.78.13.29 - - [17/Apr/2014:13:44:42 +0200] "GET /robots.txt HTTP/1.0" 404 1256 "-" "nutch-1.4/Nutch-1.4"
117.78.13.29 - - [17/Apr/2014:13:44:43 +0200] "GET / HTTP/1.0" 302 - "-" "nutch-1.4/Nutch-1.4"
66.249.78.236 - - [17/Apr/2014:13:55:32 +0200] "GET /include.php?path=contentarchive&type=2&catid=0&letter=M&entries=0&searchtext=&order=titled&nid=13 HTTP/1.1" 404 1256 "-" "Mozilla/5.0 (compatible; Googlebot/2.1; +http://www.google.com/bot.html)"
66.249.78.236 - - [17/Apr/2014:14:48:36 +0200] "GET /include.php?path=contentarchive&type=1&letter=R&catid=1&themeid=0&searchtext=&entries=5&order=dated&nid=32 HTTP/1.1" 404 1256 "-" "Mozilla/5.0 (compatible; Googlebot/2.1; +http://www.google.com/bot.html)"
193.110.102.2 - - [17/Apr/2014:14:52:42 +0200] "GET / HTTP/1.1" 302 - "http://www.yelp.com/biz_redir?url=http%3A%2F%2Fwww.friedrich-list-berlin.de&src_bizid=fSHiYxGQm1Z5g7TwC8oc_A&cachebuster=1397739118&s=98efdc8793ced7202ab63a559b554c8f0150c8e31eae7032a8a66b62dc7a55a5" "Mozilla/5.0 (Windows NT 6.1; WOW64) AppleWebKit/537.36 (KHTML, like Gecko) Chrome/34.0.1847.116 Safari/537.36"
93.228.65.193 - - [17/Apr/2014:15:04:10 +0200] "GET / HTTP/1.1" 302 - "-" "Mozilla/4.0+(compatible;+MSIE+7.0;+Windows+NT+5.1)"
66.249.78.115 - - [17/Apr/2014:15:15:31 +0200] "GET / HTTP/1.1" 302 - "-" "Mozilla/5.0 (compatible; Googlebot/2.1; +http://www.google.com/bot.html)"
66.249.78.236 - - [17/Apr/2014:16:25:33 +0200] "GET /include.php?path=contentarchive&type=1&catid=10&letter=H&entries=0&searchtext=&order=dated&nid=13 HTTP/1.1" 404 1256 "-" "Mozilla/5.0 (compatible; Googlebot/2.1; +http://www.google.com/bot.html)"
66.249.78.236 - - [17/Apr/2014:16:30:40 +0200] "GET /include.php?path=contentarchive&type=2&letter=F&catid=9&themeid=0&searchtext=&entries=0&order=dated&nid=19 HTTP/1.1" 404 1256 "-" "Mozilla/5.0 (compatible; Googlebot/2.1; +http://www.google.com/bot.html)"
5.10.83.3 - - [17/Apr/2014:16:44:56 +0200] "GET /robots.txt HTTP/1.1" 404 1256 "-" "Mozilla/5.0 (compatible; AhrefsBot/5.0; +http://ahrefs.com/robot/)"
66.249.78.236 - - [17/Apr/2014:16:45:36 +0200] "GET /include.php?path=contentarchive&type=1&letter=E&catid=9&themeid=0&searchtext=&entries=0&order=titled&nid=21 HTTP/1.1" 404 1256 "-" "Mozilla/5.0 (compatible; Googlebot/2.1; +http://www.google.com/bot.html)"
66.249.78.236 - - [17/Apr/2014:17:45:36 +0200] "GET /include.php?path=contentarchive&type=4&letter=D&catid=6&themeid=0&searchtext=&entries=0&order=&nid=13 HTTP/1.1" 404 1256 "-" "Mozilla/5.0 (compatible; Googlebot/2.1; +http://www.google.com/bot.html)"
91.64.134.147 - - [17/Apr/2014:18:28:52 +0200] "GET / HTTP/1.1" 302 - "-" "Mozilla/5.0 (compatible; MSIE 10.0; Windows NT 6.2; Trident/6.0; ARM; Touch; WPDesktop)"
208.115.111.69 - - [17/Apr/2014:18:41:37 +0200] "GET /robots.txt HTTP/1.1" 404 1256 "-" "Mozilla/5.0 (compatible; DotBot/1.1; http://www.opensiteexplorer.org/dotbot, help@moz.com)"
66.249.78.236 - - [17/Apr/2014:18:45:36 +0200] "GET /include.php?path=contentarchive&type=2&letter=X&catid=1&themeid=0&searchtext=&entries=0&order=&nid=32 HTTP/1.1" 404 1256 "-" "Mozilla/5.0 (compatible; Googlebot/2.1; +http://www.google.com/bot.html)"
66.249.78.236 - - [17/Apr/2014:18:50:37 +0200] "GET /include.php?path=contentarchive&type=1&catid=0&letter=V&entries=0&searchtext=&order=dated&nid=13 HTTP/1.1" 404 1256 "-" "Mozilla/5.0 (compatible; Googlebot/2.1; +http://www.google.com/bot.html)"
66.249.78.236 - - [17/Apr/2014:18:55:36 +0200] "GET /include.php?path=contentarchive&type=2&letter=0-9&catid=0&themeid=0&searchtext=&entries=8&order=dated&nid=13 HTTP/1.1" 404 1256 "-" "Mozilla/5.0 (compatible; Googlebot/2.1; +http://www.google.com/bot.html)"
66.249.78.236 - - [17/Apr/2014:19:00:39 +0200] "GET /include.php?path=contentarchive&type=1&letter=E&catid=1&themeid=0&searchtext=&entries=0&order=dated&nid=32 HTTP/1.1" 404 1256 "-" "Mozilla/5.0 (compatible; Googlebot/2.1; +http://www.google.com/bot.html)"
66.249.78.236 - - [17/Apr/2014:19:45:37 +0200] "GET /include.php?path=contentarchive&type=2&catid=11&letter=W&entries=0&searchtext=&order=dated&nid=21 HTTP/1.1" 404 1256 "-" "Mozilla/5.0 (compatible; Googlebot/2.1; +http://www.google.com/bot.html)"
66.249.78.236 - - [17/Apr/2014:19:50:37 +0200] "GET /include.php?path=contentarchive&type=1&catid=10&letter=U&entries=0&searchtext=&order=title&nid=32 HTTP/1.1" 404 1256 "-" "Mozilla/5.0 (compatible; Googlebot/2.1; +http://www.google.com/bot.html)"
66.249.78.236 - - [17/Apr/2014:19:55:36 +0200] "GET /include.php?path=content&mode=vote&contentid=73&type=1&content_vote=-1&action=Go&nid=4 HTTP/1.1" 404 1256 "-" "Mozilla/5.0 (compatible; Googlebot/2.1; +http://www.google.com/bot.html)"
66.249.78.236 - - [17/Apr/2014:20:00:36 +0200] "GET /include.php?path=contentarchive&type=2&catid=10&letter=J&entries=0&searchtext=&order=titled&nid=21 HTTP/1.1" 404 1256 "-" "Mozilla/5.0 (compatible; Googlebot/2.1; +http://www.google.com/bot.html)"
208.115.111.69 - - [17/Apr/2014:20:26:28 +0200] "GET /include.php?path=contentarchive&type=2&letter=V&catid=0&themeid=0&searchtext=&entries=0&order=dated HTTP/1.1" 404 1256 "-" "Mozilla/5.0 (compatible; DotBot/1.1; http://www.opensiteexplorer.org/dotbot, help@moz.com)"
208.115.113.85 - - [17/Apr/2014:20:42:46 +0200] "GET /robots.txt HTTP/1.1" 404 1256 "-" "Mozilla/5.0 (compatible; DotBot/1.1; http://www.opensiteexplorer.org/dotbot, help@moz.com)"
66.249.78.236 - - [17/Apr/2014:20:43:00 +0200] "GET /include.php?path=contentarchive&type=4&catid=6&letter=B&entries=0&searchtext=&order=dated&nid=30 HTTP/1.1" 404 1256 "-" "Mozilla/5.0 (compatible; Googlebot/2.1; +http://www.google.com/bot.html)"
66.249.78.236 - - [17/Apr/2014:20:53:26 +0200] "GET /include.php?path=contentarchive&type=2&catid=0&letter=R&entries=0&searchtext=&order=title&nid=21 HTTP/1.1" 404 1256 "-" "Mozilla/5.0 (compatible; Googlebot/2.1; +http://www.google.com/bot.html)"
66.249.78.236 - - [17/Apr/2014:20:55:36 +0200] "GET /include.php?path=contentarchive&type=1&catid=9&letter=A&entries=0&searchtext=&order=titled&nid=32 HTTP/1.1" 404 1256 "-" "Mozilla/5.0 (compatible; Googlebot/2.1; +http://www.google.com/bot.html)"
66.249.78.236 - - [17/Apr/2014:21:00:36 +0200] "GET /include.php?path=contentarchive&type=4&letter=V&catid=0&themeid=0&searchtext=&entries=0&order=&nid=4 HTTP/1.1" 404 1256 "-" "Mozilla/5.0 (compatible; Googlebot/2.1; +http://www.google.com/bot.html)"
66.249.78.236 - - [17/Apr/2014:21:05:36 +0200] "GET /include.php?path=contentarchive&type=1&letter=L&catid=9&themeid=0&searchtext=&entries=0&order=titled HTTP/1.1" 404 1256 "-" "Mozilla/5.0 (compatible; Googlebot/2.1; +http://www.google.com/bot.html)"
66.249.78.236 - - [17/Apr/2014:21:10:36 +0200] "GET /include.php?path=contentarchive&type=2&letter=X&catid=10&themeid=0&searchtext=&entries=0&order=&nid=13 HTTP/1.1" 404 1256 "-" "Mozilla/5.0 (compatible; Googlebot/2.1; +http://www.google.com/bot.html)"
66.249.78.236 - - [17/Apr/2014:21:15:37 +0200] "GET /include.php?path=contentarchive&type=2&catid=1&letter=F&entries=0&searchtext=&order=title HTTP/1.1" 404 1256 "-" "Mozilla/5.0 (compatible; Googlebot/2.1; +http://www.google.com/bot.html)"
66.249.78.236 - - [17/Apr/2014:21:20:36 +0200] "GET /include.php?path=contentarchive&type=2&catid=9&letter=N&entries=0&searchtext=&order=date&nid=13 HTTP/1.1" 404 1256 "-" "Mozilla/5.0 (compatible; Googlebot/2.1; +http://www.google.com/bot.html)"
66.249.78.236 - - [17/Apr/2014:21:44:06 +0200] "GET /include.php?path=contentarchive&type=1&letter=B&catid=9&themeid=0&searchtext=&entries=0&order=titled&nid=32 HTTP/1.1" 404 1256 "-" "Mozilla/5.0 (compatible; Googlebot/2.1; +http://www.google.com/bot.html)"
66.249.78.236 - - [17/Apr/2014:21:59:20 +0200] "GET /include.php?path=contentarchive&type=1&catid=1&letter=E&entries=0&searchtext=&order=dated&nid=21 HTTP/1.1" 404 1256 "-" "Mozilla/5.0 (compatible; Googlebot/2.1; +http://www.google.com/bot.html)"
66.249.78.236 - - [17/Apr/2014:22:00:36 +0200] "GET /include.php?path=content&mode=vote&contentid=82&type=1&content_vote=10&action=Go&nid=21 HTTP/1.1" 404 1256 "-" "Mozilla/5.0 (compatible; Googlebot/2.1; +http://www.google.com/bot.html)"
66.249.78.236 - - [17/Apr/2014:22:05:36 +0200] "GET /include.php?path=contentarchive&type=3&letter=alle&catid=0&themeid=0&searchtext=&entries=0&order=title&nid=2 HTTP/1.1" 404 1256 "-" "Mozilla/5.0 (compatible; Googlebot/2.1; +http://www.google.com/bot.html)"
208.115.113.85 - - [17/Apr/2014:22:41:28 +0200] "GET /include.php?path=contentarchive&type=2&letter=F&catid=0&themeid=0&searchtext=&entries=0&order=title HTTP/1.1" 404 1256 "-" "Mozilla/5.0 (compatible; DotBot/1.1; http://www.opensiteexplorer.org/dotbot, help@moz.com)"
208.115.113.85 - - [17/Apr/2014:22:41:31 +0200] "GET /include.php?path=contentarchive&type=3&letter=S&catid=0&themeid=0&searchtext=&entries=0&order= HTTP/1.1" 404 1256 "-" "Mozilla/5.0 (compatible; DotBot/1.1; http://www.opensiteexplorer.org/dotbot, help@moz.com)"
66.249.78.236 - - [17/Apr/2014:22:44:02 +0200] "GET /include.php?path=content&mode=vote&contentid=102&type=1&content_vote=-1&action=Go&nid=32 HTTP/1.1" 404 1256 "-" "Mozilla/5.0 (compatible; Googlebot/2.1; +http://www.google.com/bot.html)"
66.249.78.236 - - [17/Apr/2014:23:00:40 +0200] "GET /include.php?path=contentarchive&type=4&catid=8&letter=T&entries=0&searchtext=&order=dated&nid=19 HTTP/1.1" 404 1256 "-" "Mozilla/5.0 (compatible; Googlebot/2.1; +http://www.google.com/bot.html)"
66.249.78.236 - - [17/Apr/2014:23:05:38 +0200] "GET /include.php?path=download&contentid=52&catid=6&themeid=0&nid=2 HTTP/1.1" 404 1256 "-" "Mozilla/5.0 (compatible; Googlebot/2.1; +http://www.google.com/bot.html)"
208.115.111.69 - - [17/Apr/2014:23:06:10 +0200] "GET /robots.txt HTTP/1.1" 404 1256 "-" "Mozilla/5.0 (compatible; DotBot/1.1; http://www.opensiteexplorer.org/dotbot, help@moz.com)"
66.249.78.236 - - [17/Apr/2014:23:10:39 +0200] "GET /include.php?path=contentarchive&type=1&letter=B&catid=0&themeid=0&searchtext=&entries=0&order=title&nid=19 HTTP/1.1" 404 1256 "-" "Mozilla/5.0 (compatible; Googlebot/2.1; +http://www.google.com/bot.html)"
66.249.78.236 - - [17/Apr/2014:23:15:38 +0200] "GET /include.php?path=contentarchive&type=1&letter=H&catid=10&themeid=0&searchtext=&entries=0&order=dated&nid=21 HTTP/1.1" 404 1256 "-" "Mozilla/5.0 (compatible; Googlebot/2.1; +http://www.google.com/bot.html)"
66.249.78.236 - - [17/Apr/2014:23:18:37 +0200] "GET /include.php?path=contentarchive&type=1&letter=T&catid=1&themeid=0&searchtext=&entries=0&order=titled HTTP/1.1" 404 1256 "-" "Mozilla/5.0 (compatible; Googlebot/2.1; +http://www.google.com/bot.html)"
188.100.44.45 - - [17/Apr/2014:23:27:40 +0200] "GET / HTTP/1.1" 302 - "-" "Java/1.7.0_45"
188.100.44.45 - - [17/Apr/2014:23:27:41 +0200] "GET /fls_1_aktuelles.php HTTP/1.1" 404 1256 "-" "Java/1.7.0_45"
188.100.44.45 - - [17/Apr/2014:23:27:41 +0200] "GET /fls_2_fremdsprachensekr.php HTTP/1.1" 404 1256 "-" "Java/1.7.0_45"
188.100.44.45 - - [17/Apr/2014:23:27:41 +0200] "GET /fls_3_fls_international.php HTTP/1.1" 404 1256 "-" "Java/1.7.0_45"
188.100.44.45 - - [17/Apr/2014:23:27:42 +0200] "GET /fls_4_faq.php HTTP/1.1" 404 1256 "-" "Java/1.7.0_45"
188.100.44.45 - - [17/Apr/2014:23:27:42 +0200] "GET /fls_4_impressum.php HTTP/1.1" 404 1256 "-" "Java/1.7.0_45"
188.100.44.45 - - [17/Apr/2014:23:27:42 +0200] "GET /fls_4_kontakt_anmeldung.php HTTP/1.1" 404 1256 "-" "Java/1.7.0_45"
188.100.44.45 - - [17/Apr/2014:23:27:43 +0200] "GET /index.php HTTP/1.1" 302 - "-" "Java/1.7.0_45"
188.100.44.45 - - [17/Apr/2014:23:27:43 +0200] "GET /index_en.php HTTP/1.1" 404 1256 "-" "Java/1.7.0_45"
188.100.44.45 - - [17/Apr/2014:23:27:44 +0200] "GET /index_fr.php HTTP/1.1" 404 1256 "-" "Java/1.7.0_45"
188.100.44.45 - - [17/Apr/2014:23:27:44 +0200] "GET /index_sp.php HTTP/1.1" 404 1256 "-" "Java/1.7.0_45"
188.100.44.45 - - [17/Apr/2014:23:27:44 +0200] "GET /& HTTP/1.1" 404 1256 "-" "Java/1.7.0_45"
188.100.44.45 - - [17/Apr/2014:23:27:45 +0200] "GET /& HTTP/1.1" 404 1256 "-" "Java/1.7.0_45"
188.100.44.45 - - [17/Apr/2014:23:27:45 +0200] "GET /& HTTP/1.1" 404 1256 "-" "Java/1.7.0_45"
188.100.44.45 - - [17/Apr/2014:23:27:45 +0200] "GET /& HTTP/1.1" 404 1256 "-" "Java/1.7.0_45"
188.100.44.45 - - [17/Apr/2014:23:27:46 +0200] "GET /& HTTP/1.1" 404 1256 "-" "Java/1.7.0_45"
188.100.44.45 - - [17/Apr/2014:23:27:46 +0200] "GET /& HTTP/1.1" 404 1256 "-" "Java/1.7.0_45"
188.100.44.45 - - [17/Apr/2014:23:27:46 +0200] "GET /& HTTP/1.1" 404 1256 "-" "Java/1.7.0_45"
188.100.44.45 - - [17/Apr/2014:23:27:46 +0200] "GET /& HTTP/1.1" 404 1256 "-" "Java/1.7.0_45"
188.100.44.45 - - [17/Apr/2014:23:27:47 +0200] "GET /& HTTP/1.1" 404 1256 "-" "Java/1.7.0_45"
188.100.44.45 - - [17/Apr/2014:23:27:47 +0200] "GET /& HTTP/1.1" 404 1256 "-" "Java/1.7.0_45"
188.100.44.45 - - [17/Apr/2014:23:27:48 +0200] "GET /& HTTP/1.1" 404 1256 "-" "Java/1.7.0_45"
188.100.44.45 - - [17/Apr/2014:23:27:48 +0200] "GET /& HTTP/1.1" 404 1256 "-" "Java/1.7.0_45"
188.100.44.45 - - [17/Apr/2014:23:27:48 +0200] "GET /& HTTP/1.1" 404 1256 "-" "Java/1.7.0_45"
188.100.44.45 - - [17/Apr/2014:23:27:48 +0200] "GET /& HTTP/1.1" 404 1256 "-" "Java/1.7.0_45"
188.100.44.45 - - [17/Apr/2014:23:27:49 +0200] "GET /& HTTP/1.1" 404 1256 "-" "Java/1.7.0_45"
188.100.44.45 - - [17/Apr/2014:23:27:49 +0200] "GET /& HTTP/1.1" 404 1256 "-" "Java/1.7.0_45"
188.100.44.45 - - [17/Apr/2014:23:27:49 +0200] "GET /& HTTP/1.1" 404 1256 "-" "Java/1.7.0_45"
188.100.44.45 - - [17/Apr/2014:23:27:50 +0200] "GET /& HTTP/1.1" 404 1256 "-" "Java/1.7.0_45"
188.100.44.45 - - [17/Apr/2014:23:27:50 +0200] "GET /& HTTP/1.1" 404 1256 "-" "Java/1.7.0_45"
188.100.44.45 - - [17/Apr/2014:23:27:50 +0200] "GET /& HTTP/1.1" 404 1256 "-" "Java/1.7.0_45"
66.249.78.236 - - [17/Apr/2014:23:41:24 +0200] "GET /include.php?path=contentarchive&type=2&catid=8&letter=W&entries=0&searchtext=&order=titled&nid=13 HTTP/1.1" 404 1256 "-" "Mozilla/5.0 (compatible; Googlebot/2.1; +http://www.google.com/bot.html)"
66.249.78.236 - - [17/Apr/2014:23:45:40 +0200] "GET /include.php?path=contentarchive&type=4&catid=6&letter=H&entries=0&searchtext=&order=date&nid=4 HTTP/1.1" 404 1256 "-" "Mozilla/5.0 (compatible; Googlebot/2.1; +http://www.google.com/bot.html)"
66.249.78.236 - - [17/Apr/2014:23:48:19 +0200] "GET /include.php?path=contentarchive&type=1&catid=0&letter=F&entries=0&searchtext=&order=date&nid=13 HTTP/1.1" 404 1256 "-" "Mozilla/5.0 (compatible; Googlebot/2.1; +http://www.google.com/bot.html)"
66.249.78.236 - - [17/Apr/2014:23:53:30 +0200] "GET /include.php?path=contentarchive&type=2&catid=1&letter=B&entries=0&searchtext=&order=title&nid=19 HTTP/1.1" 404 1256 "-" "Mozilla/5.0 (compatible; Googlebot/2.1; +http://www.google.com/bot.html)"
208.115.113.85 - - [18/Apr/2014:00:39:43 +0200] "GET /robots.txt HTTP/1.1" 404 1256 "-" "Mozilla/5.0 (compatible; DotBot/1.1; http://www.opensiteexplorer.org/dotbot, help@moz.com)"
66.249.78.236 - - [18/Apr/2014:00:40:22 +0200] "GET /robots.txt HTTP/1.1" 404 1256 "-" "Mozilla/5.0 (compatible; Googlebot/2.1; +http://www.google.com/bot.html)"
66.249.78.236 - - [18/Apr/2014:00:40:22 +0200] "GET /include.php?path=contentarchive&type=1&catid=9&letter=L&entries=0&searchtext=&order=titled&nid=13 HTTP/1.1" 404 1256 "-" "Mozilla/5.0 (compatible; Googlebot/2.1; +http://www.google.com/bot.html)"
208.115.111.69 - - [18/Apr/2014:00:46:53 +0200] "GET /include.php?path=news&contentid=122 HTTP/1.1" 404 1256 "-" "Mozilla/5.0 (compatible; DotBot/1.1; http://www.opensiteexplorer.org/dotbot, help@moz.com)"
