208.115.113.85 - - [01/Apr/2014:00:34:15 +0200] "GET /robots.txt HTTP/1.1" 404 1256 "-" "Mozilla/5.0 (compatible; Ezooms/1.0; help@moz.com)"
141.8.147.12 - - [01/Apr/2014:01:09:19 +0200] "GET /robots.txt HTTP/1.1" 404 1256 "-" "Mozilla/5.0 (compatible; YandexBot/3.0; +http://yandex.com/bots)"
141.8.147.12 - - [01/Apr/2014:01:09:21 +0200] "GET / HTTP/1.1" 302 - "-" "Mozilla/5.0 (compatible; YandexBot/3.0; +http://yandex.com/bots)"
208.115.113.85 - - [01/Apr/2014:02:29:09 +0200] "GET /?path=content&contentid=39&nid=15 HTTP/1.1" 302 - "-" "Mozilla/5.0 (compatible; Ezooms/1.0; help@moz.com)"
38.111.147.84 - - [01/Apr/2014:07:11:48 +0200] "GET /robots.txt HTTP/1.0" 404 1256 "-" "TurnitinBot/3.0 (http://www.turnitin.com/robot/crawlerinfo.html)"
38.111.147.84 - - [01/Apr/2014:07:15:38 +0200] "GET / HTTP/1.0" 302 - "-" "TurnitinBot/3.0 (http://www.turnitin.com/robot/crawlerinfo.html)"
208.115.113.85 - - [01/Apr/2014:08:33:26 +0200] "GET /robots.txt HTTP/1.1" 404 1256 "-" "Mozilla/5.0 (compatible; Ezooms/1.0; help@moz.com)"
79.194.20.214 - - [01/Apr/2014:10:04:39 +0200] "GET / HTTP/1.1" 302 - "http://www.google.com/url?sa=t&rct=j&q=friedrich%20list%20schule%20berlin&source=web&cd=6&ved=0CDoQFjAF&url=http%3A%2F%2Fwww.friedrich-list-berlin.de%2F&ei=zHI6U5_uOcnatAbf7YH4CA&usg=AFQjCNGsKs3TvBQ4z91zrYvo9_SfKi5nug&sig2=FYGiWB2V51zaD8N8yuqUpg&bvm=bv.63934634,d.Yms" "Mozilla/5.0 (Macintosh; Intel Mac OS X 10_6_8) AppleWebKit/534.59.10 (KHTML, like Gecko) Version/5.1.9 Safari/534.59.10"
46.229.170.197 - - [01/Apr/2014:10:06:21 +0200] "GET / HTTP/1.1" 302 - "-" "Mozilla/5.0 (Windows NT 6.1; WOW64; rv:2.0b6pre) Gecko/20100903 Firefox/4.0b6pre"
208.115.113.85 - - [01/Apr/2014:10:32:42 +0200] "GET /include.php?path=content&contentid=39&nid=15 HTTP/1.1" 404 1256 "-" "Mozilla/5.0 (compatible; Ezooms/1.0; help@moz.com)"
208.115.113.85 - - [01/Apr/2014:10:32:49 +0200] "GET /include.php?path=contentarchive&type=3 HTTP/1.1" 404 1256 "-" "Mozilla/5.0 (compatible; Ezooms/1.0; help@moz.com)"
37.5.42.107 - - [01/Apr/2014:10:55:23 +0200] "GET / HTTP/1.1" 302 - "-" "Mozilla/5.0 (Windows NT 5.1; rv:8.0.1) Gecko/20100101 Firefox/8.0.1"
180.76.5.28 - - [01/Apr/2014:12:01:10 +0200] "GET / HTTP/1.1" 302 - "-" "Mozilla/5.0 (compatible; Baiduspider/2.0; +http://www.baidu.com/search/spider.html)"
85.186.103.66 - - [01/Apr/2014:12:22:38 +0200] "GET / HTTP/1.1" 302 - "-" "Mozilla/5.0 (Windows NT 6.1; WOW64) AppleWebKit/537.36 (KHTML, like Gecko) Chrome/30.0.1599.69 Safari/537.36 OPR/17.0.1241.45"
178.77.126.55 - - [01/Apr/2014:12:39:29 +0200] "GET /robots.txt HTTP/1.1" 404 1256 "-" "Mozilla/5.0 (compatible; CareerBot/1.1; +http://www.career-x.de/bot.html)"
178.77.126.55 - - [01/Apr/2014:12:39:29 +0200] "GET / HTTP/1.1" 302 - "-" "Mozilla/5.0 (compatible; CareerBot/1.1; +http://www.career-x.de/bot.html)"
217.92.151.70 - - [01/Apr/2014:13:15:18 +0200] "GET / HTTP/1.1" 302 - "http://www.google.de/search?q=friedrich+list+schule+berln&hl=de&gbv=2&oq=friedrich+list+schule+berln&gs_l=heirloom-serp.3...7128.9224.0.12061.6.2.0.4.4.0.130.246.0j2.2.0....0...1ac.1.34.heirloom-serp..1.5.405.UufeAx_Lo00" "Mozilla/5.0 (X11; U; Linux i686; de; rv:1.9.1.5) Gecko/20091102 Firefox/3.5.5 (IC_Client)"
188.138.41.109 - - [01/Apr/2014:13:24:28 +0200] "GET /robots.txt HTTP/1.1" 404 1256 "-" "Mozilla/5.0 (X11; U; Linux i686; de; rv:1.9.0.1; compatible; iCjobs Stellenangebote Jobs; http://www.icjobs.de) Gecko/20100401 iCjobs/3.2.3"
188.138.41.109 - - [01/Apr/2014:13:24:28 +0200] "GET / HTTP/1.1" 302 - "-" "Mozilla/5.0 (X11; U; Linux i686; de; rv:1.9.0.1; compatible; iCjobs Stellenangebote Jobs; http://www.icjobs.de) Gecko/20100401 iCjobs/3.2.3"
188.138.41.109 - - [01/Apr/2014:13:24:28 +0200] "GET / HTTP/1.1" 302 - "-" "Mozilla/5.0 (X11; U; Linux i686; de; rv:1.9.0.1; compatible; iCjobs Stellenangebote Jobs; http://www.icjobs.de) Gecko/20100401 iCjobs/3.2.3"
208.115.113.85 - - [01/Apr/2014:20:29:38 +0200] "GET /robots.txt HTTP/1.1" 404 1256 "-" "Mozilla/5.0 (compatible; Ezooms/1.0; help@moz.com)"
208.115.113.85 - - [01/Apr/2014:22:29:17 +0200] "GET /include.php?path=contentarchive&type=2&letter=F&catid=0&themeid=0&searchtext=&entries=0&order=title HTTP/1.1" 404 1256 "-" "Mozilla/5.0 (compatible; Ezooms/1.0; help@moz.com)"
208.115.113.85 - - [01/Apr/2014:22:29:19 +0200] "GET /include.php?path=contentarchive&type=3&letter=S&catid=0&themeid=0&searchtext=&entries=0&order= HTTP/1.1" 404 1256 "-" "Mozilla/5.0 (compatible; Ezooms/1.0; help@moz.com)"
208.115.113.85 - - [02/Apr/2014:00:45:56 +0200] "GET /robots.txt HTTP/1.1" 404 1256 "-" "Mozilla/5.0 (compatible; Ezooms/1.0; help@moz.com)"
144.76.137.226 - - [02/Apr/2014:02:09:25 +0200] "GET /robots.txt HTTP/1.0" 404 1256 "-" "Mozilla/5.0 (compatible; MJ12bot/v1.4.4; http://www.majestic12.co.uk/bot.php?+)"
144.76.137.226 - - [02/Apr/2014:02:09:39 +0200] "GET / HTTP/1.0" 302 - "-" "Mozilla/5.0 (compatible; MJ12bot/v1.4.4; http://www.majestic12.co.uk/bot.php?+)"
208.115.113.85 - - [02/Apr/2014:02:50:51 +0200] "GET /?path=contentarchive&type=2&letter=I&catid=0&themeid=0&searchtext=&entries=0&order= HTTP/1.1" 302 - "-" "Mozilla/5.0 (compatible; Ezooms/1.0; help@moz.com)"
5.9.20.44 - - [02/Apr/2014:05:49:39 +0200] "GET / HTTP/1.1" 302 - "-" "Mozilla/5.0 (X11; Ubuntu; Linux x86_64; rv:27.0) Gecko/20100101 Firefox/27.0"
208.115.113.85 - - [02/Apr/2014:08:53:52 +0200] "GET /robots.txt HTTP/1.1" 404 1256 "-" "Mozilla/5.0 (compatible; Ezooms/1.0; help@moz.com)"
87.230.17.72 - - [02/Apr/2014:08:57:07 +0200] "GET / HTTP/1.1" 302 - "-" "ImplisenseBot 1.0"
87.230.17.72 - - [02/Apr/2014:08:57:09 +0200] "GET / HTTP/1.1" 302 - "-" "ImplisenseBot 1.0"
87.230.17.72 - - [02/Apr/2014:08:57:20 +0200] "GET /robots.txt HTTP/1.1" 404 1256 "-" "ImplisenseBot 1.0"
37.5.42.107 - - [02/Apr/2014:10:49:38 +0200] "GET / HTTP/1.1" 302 - "-" "Mozilla/5.0 (Windows NT 5.1; rv:8.0.1) Gecko/20100101 Firefox/8.0.1"
157.56.92.160 - - [02/Apr/2014:11:01:48 +0200] "GET /robots.txt HTTP/1.1" 404 1256 "-" "Mozilla/5.0 (compatible; bingbot/2.0; +http://www.bing.com/bingbot.htm)"
208.115.113.85 - - [02/Apr/2014:11:04:15 +0200] "GET /?path=contentarchive&type=2&letter=I&catid=0&themeid=0&searchtext=&entries=0&order= HTTP/1.1" 302 - "-" "Mozilla/5.0 (compatible; Ezooms/1.0; help@moz.com)"
157.56.92.160 - - [02/Apr/2014:11:05:44 +0200] "GET / HTTP/1.1" 302 - "-" "Mozilla/5.0 (compatible; bingbot/2.0; +http://www.bing.com/bingbot.htm)"
93.219.6.234 - - [02/Apr/2014:11:22:49 +0200] "GET / HTTP/1.1" 302 - "http://www.berlin.de/sen/bildung/schulverzeichnis_und_portraets/anwendung/Schulportrait.aspx?IDSchulzweig=11651" "Mozilla/5.0 (Macintosh; Intel Mac OS X 10_7_2) AppleWebKit/534.51.22 (KHTML, like Gecko) Version/5.1.1 Safari/534.51.22"
221.167.115.241 - - [02/Apr/2014:12:11:39 +0200] "GET / HTTP/1.1" 302 - "http://maps.google.com/local_url?dq=Berlin,+Deutschalnd+Berufsfachschule&q=http://www.friedrich-list-berlin.de/&oi=miw&sa=X&ct=miw_link&cd=1&cad=homepage,cid:15796106503487596536&ei=B-I7U4_ADZKl8gXMsoCoDw&s=ANYYN7nAdT3_Q2Qy1V1sti622hMw04qw6A" "Mozilla/5.0 (Windows NT 6.3; WOW64; Trident/7.0; MASMJS; rv:11.0) like Gecko"
37.5.42.107 - - [02/Apr/2014:13:03:15 +0200] "GET / HTTP/1.1" 302 - "-" "Mozilla/5.0 (Windows NT 6.1; WOW64; rv:28.0) Gecko/20100101 Firefox/28.0"
37.5.42.107 - - [02/Apr/2014:13:03:34 +0200] "GET / HTTP/1.1" 302 - "-" "Mozilla/5.0 (Windows NT 5.1; rv:8.0.1) Gecko/20100101 Firefox/8.0.1"
46.114.151.161 - - [02/Apr/2014:13:11:57 +0200] "GET / HTTP/1.1" 302 - "https://www.google.de/" "Mozilla/5.0 (iPad; CPU OS 6_1_3 like Mac OS X) AppleWebKit/536.26 (KHTML, like Gecko) Version/6.0 Mobile/10B329 Safari/8536.25"
87.162.80.38 - - [02/Apr/2014:16:51:55 +0200] "GET / HTTP/1.1" 302 - "-" "Mozilla/5.0 (Windows NT 6.1; WOW64; rv:28.0) Gecko/20100101 Firefox/28.0"
85.179.68.57 - - [02/Apr/2014:18:01:34 +0200] "GET / HTTP/1.1" 302 - "http://www.berlin.de/sen/bildung/schulverzeichnis_und_portraets/anwendung/Schulportrait.aspx?IDSchulzweig=11651" "Mozilla/5.0 (Windows NT 6.3; rv:28.0) Gecko/20100101 Firefox/28.0"
162.210.196.97 - - [02/Apr/2014:18:28:21 +0200] "GET /robots.txt HTTP/1.0" 404 1256 "-" "Mozilla/5.0 (compatible; MJ12bot/v1.4.4; http://www.majestic12.co.uk/bot.php?+)"
162.210.196.97 - - [02/Apr/2014:18:28:23 +0200] "GET / HTTP/1.0" 302 - "-" "Mozilla/5.0 (compatible; MJ12bot/v1.4.4; http://www.majestic12.co.uk/bot.php?+)"
188.138.41.208 - - [02/Apr/2014:19:34:18 +0200] "GET /favicon.ico HTTP/1.1" 404 1256 "-" "Mozilla/5.0 (Windows NT 6.1; rv:17.0) Gecko/20100101 Firefox/17.0"
208.115.113.93 - - [02/Apr/2014:19:58:21 +0200] "GET /robots.txt HTTP/1.1" 404 1256 "-" "Mozilla/5.0 (compatible; Ezooms/1.0; help@moz.com)"
208.115.111.69 - - [02/Apr/2014:19:58:27 +0200] "GET /robots.txt HTTP/1.1" 404 1256 "-" "Mozilla/5.0 (compatible; Ezooms/1.0; help@moz.com)"
208.115.113.85 - - [02/Apr/2014:20:01:25 +0200] "GET /robots.txt HTTP/1.1" 404 1256 "-" "Mozilla/5.0 (compatible; Ezooms/1.0; help@moz.com)"
188.138.41.208 - - [02/Apr/2014:20:19:18 +0200] "GET /favicon.ico HTTP/1.1" 404 1256 "-" "Mozilla/5.0 (Windows NT 6.1; rv:17.0) Gecko/20100101 Firefox/17.0"
208.115.113.93 - - [02/Apr/2014:22:16:21 +0200] "GET /robots.txt HTTP/1.1" 404 1256 "-" "Mozilla/5.0 (compatible; Ezooms/1.0; help@moz.com)"
208.115.111.69 - - [02/Apr/2014:22:16:29 +0200] "GET /robots.txt HTTP/1.1" 404 1256 "-" "Mozilla/5.0 (compatible; Ezooms/1.0; help@moz.com)"
208.115.113.85 - - [02/Apr/2014:22:29:06 +0200] "GET /include.php?path=contentarchive&type=3&letter=O&catid=0&themeid=0&searchtext=&entries=0&order= HTTP/1.1" 404 1256 "-" "Mozilla/5.0 (compatible; Ezooms/1.0; help@moz.com)"
208.115.111.69 - - [03/Apr/2014:00:11:03 +0200] "GET /include.php?path=contentarchive&type=2&letter=M&catid=0&themeid=0&searchtext=&entries=0&order=title HTTP/1.1" 404 1256 "-" "Mozilla/5.0 (compatible; Ezooms/1.0; help@moz.com)"
208.115.111.69 - - [03/Apr/2014:00:11:07 +0200] "GET /?path=contentarchive&type=2&letter=H&catid=0&themeid=0&searchtext=&entries=0&order= HTTP/1.1" 302 - "-" "Mozilla/5.0 (compatible; Ezooms/1.0; help@moz.com)"
208.115.113.93 - - [03/Apr/2014:00:26:52 +0200] "GET /?path=contentarchive&type=2&letter=H&catid=0&themeid=0&searchtext=&entries=0&order= HTTP/1.1" 302 - "-" "Mozilla/5.0 (compatible; Ezooms/1.0; help@moz.com)"
208.115.113.93 - - [03/Apr/2014:00:26:57 +0200] "GET /include.php?path=contentarchive&type=2&letter=M&catid=0&themeid=0&searchtext=&entries=0&order=title HTTP/1.1" 404 1256 "-" "Mozilla/5.0 (compatible; Ezooms/1.0; help@moz.com)"
208.115.113.85 - - [03/Apr/2014:00:28:46 +0200] "GET /robots.txt HTTP/1.1" 404 1256 "-" "Mozilla/5.0 (compatible; Ezooms/1.0; help@moz.com)"
66.249.78.115 - - [03/Apr/2014:01:02:40 +0200] "GET /robots.txt HTTP/1.1" 404 1256 "-" "Mozilla/5.0 (compatible; Googlebot/2.1; +http://www.google.com/bot.html)"
66.249.78.115 - - [03/Apr/2014:01:02:40 +0200] "GET / HTTP/1.1" 302 - "-" "Mozilla/5.0 (compatible; Googlebot/2.1; +http://www.google.com/bot.html)"
188.138.41.208 - - [03/Apr/2014:02:22:21 +0200] "GET / HTTP/1.1" 302 - "-" "Mozilla/5.0 (Windows NT 6.1; rv:17.0) Gecko/20100101 Firefox/17.0"
188.138.41.208 - - [03/Apr/2014:02:22:21 +0200] "GET /favicon.ico HTTP/1.1" 404 1256 "-" "Mozilla/5.0 (Windows NT 6.1; rv:17.0) Gecko/20100101 Firefox/17.0"
208.115.113.85 - - [03/Apr/2014:02:24:45 +0200] "GET /include.php?path=contentarchive&type=2&letter=Z&catid=0&themeid=0&searchtext=&entries=0&order=title HTTP/1.1" 404 1256 "-" "Mozilla/5.0 (compatible; Ezooms/1.0; help@moz.com)"
208.115.113.85 - - [03/Apr/2014:02:24:49 +0200] "GET /include.php?path=contentarchive&type=3&letter=G&catid=0&themeid=0&searchtext=&entries=0&order= HTTP/1.1" 404 1256 "-" "Mozilla/5.0 (compatible; Ezooms/1.0; help@moz.com)"
188.138.41.208 - - [03/Apr/2014:03:02:33 +0200] "GET / HTTP/1.1" 302 - "-" "Mozilla/5.0 (Windows NT 6.1; rv:17.0) Gecko/20100101 Firefox/17.0"
188.138.41.208 - - [03/Apr/2014:03:02:33 +0200] "GET /favicon.ico HTTP/1.1" 404 1256 "-" "Mozilla/5.0 (Windows NT 6.1; rv:17.0) Gecko/20100101 Firefox/17.0"
208.115.111.69 - - [03/Apr/2014:06:36:35 +0200] "GET /robots.txt HTTP/1.1" 404 1256 "-" "Mozilla/5.0 (compatible; Ezooms/1.0; help@moz.com)"
66.249.78.236 - - [03/Apr/2014:07:15:30 +0200] "GET /robots.txt HTTP/1.1" 404 1256 "-" "Mozilla/5.0 (compatible; Googlebot/2.1; +http://www.google.com/bot.html)"
66.249.66.240 - - [03/Apr/2014:07:15:31 +0200] "GET /include.php?path=content&contentid=44 HTTP/1.1" 404 1256 "-" "Mozilla/5.0 (compatible; Googlebot/2.1; +http://www.google.com/bot.html)"
208.115.111.69 - - [03/Apr/2014:08:28:12 +0200] "GET /?path=contentarchive&type=2&letter=S&catid=0&themeid=0&searchtext=&entries=0&order= HTTP/1.1" 302 - "-" "Mozilla/5.0 (compatible; Ezooms/1.0; help@moz.com)"
84.120.147.202 - - [03/Apr/2014:09:34:11 +0200] "GET / HTTP/1.1" 302 - "-" "Java/1.7.0_25"
84.120.147.202 - - [03/Apr/2014:09:34:12 +0200] "GET /fls_1_aktuelles.php HTTP/1.1" 404 1256 "-" "Java/1.7.0_25"
84.120.147.202 - - [03/Apr/2014:09:34:13 +0200] "GET /fls_2_fremdsprachensekr.php HTTP/1.1" 404 1256 "-" "Java/1.7.0_25"
84.120.147.202 - - [03/Apr/2014:09:34:13 +0200] "GET /fls_3_fls_international.php HTTP/1.1" 404 1256 "-" "Java/1.7.0_25"
84.120.147.202 - - [03/Apr/2014:09:34:14 +0200] "GET /fls_4_faq.php HTTP/1.1" 404 1256 "-" "Java/1.7.0_25"
84.120.147.202 - - [03/Apr/2014:09:34:14 +0200] "GET /fls_4_impressum.php HTTP/1.1" 404 1256 "-" "Java/1.7.0_25"
84.120.147.202 - - [03/Apr/2014:09:34:14 +0200] "GET /fls_4_kontakt_anmeldung.php HTTP/1.1" 404 1256 "-" "Java/1.7.0_25"
84.120.147.202 - - [03/Apr/2014:09:34:15 +0200] "GET /index.php HTTP/1.1" 302 - "-" "Java/1.7.0_25"
84.120.147.202 - - [03/Apr/2014:09:34:16 +0200] "GET /index_en.php HTTP/1.1" 404 1256 "-" "Java/1.7.0_25"
84.120.147.202 - - [03/Apr/2014:09:34:16 +0200] "GET /index_fr.php HTTP/1.1" 404 1256 "-" "Java/1.7.0_25"
84.120.147.202 - - [03/Apr/2014:09:34:17 +0200] "GET /index_sp.php HTTP/1.1" 404 1256 "-" "Java/1.7.0_25"
84.120.147.202 - - [03/Apr/2014:09:34:17 +0200] "GET /& HTTP/1.1" 404 1256 "-" "Java/1.7.0_25"
84.120.147.202 - - [03/Apr/2014:09:34:17 +0200] "GET /& HTTP/1.1" 404 1256 "-" "Java/1.7.0_25"
84.120.147.202 - - [03/Apr/2014:09:34:19 +0200] "GET /& HTTP/1.1" 404 1256 "-" "Java/1.7.0_25"
84.120.147.202 - - [03/Apr/2014:09:34:20 +0200] "GET /& HTTP/1.1" 404 1256 "-" "Java/1.7.0_25"
84.120.147.202 - - [03/Apr/2014:09:34:20 +0200] "GET /& HTTP/1.1" 404 1256 "-" "Java/1.7.0_25"
84.120.147.202 - - [03/Apr/2014:09:34:20 +0200] "GET /& HTTP/1.1" 404 1256 "-" "Java/1.7.0_25"
84.120.147.202 - - [03/Apr/2014:09:34:21 +0200] "GET /& HTTP/1.1" 404 1256 "-" "Java/1.7.0_25"
84.120.147.202 - - [03/Apr/2014:09:34:21 +0200] "GET /& HTTP/1.1" 404 1256 "-" "Java/1.7.0_25"
84.120.147.202 - - [03/Apr/2014:09:34:22 +0200] "GET /& HTTP/1.1" 404 1256 "-" "Java/1.7.0_25"
84.120.147.202 - - [03/Apr/2014:09:34:22 +0200] "GET /& HTTP/1.1" 404 1256 "-" "Java/1.7.0_25"
84.120.147.202 - - [03/Apr/2014:09:34:22 +0200] "GET /& HTTP/1.1" 404 1256 "-" "Java/1.7.0_25"
84.120.147.202 - - [03/Apr/2014:09:34:23 +0200] "GET /& HTTP/1.1" 404 1256 "-" "Java/1.7.0_25"
84.120.147.202 - - [03/Apr/2014:09:34:23 +0200] "GET /& HTTP/1.1" 404 1256 "-" "Java/1.7.0_25"
84.120.147.202 - - [03/Apr/2014:09:34:23 +0200] "GET /& HTTP/1.1" 404 1256 "-" "Java/1.7.0_25"
84.120.147.202 - - [03/Apr/2014:09:34:24 +0200] "GET /& HTTP/1.1" 404 1256 "-" "Java/1.7.0_25"
84.120.147.202 - - [03/Apr/2014:09:34:24 +0200] "GET /& HTTP/1.1" 404 1256 "-" "Java/1.7.0_25"
84.120.147.202 - - [03/Apr/2014:09:34:25 +0200] "GET /& HTTP/1.1" 404 1256 "-" "Java/1.7.0_25"
84.120.147.202 - - [03/Apr/2014:09:34:25 +0200] "GET /& HTTP/1.1" 404 1256 "-" "Java/1.7.0_25"
84.120.147.202 - - [03/Apr/2014:09:34:25 +0200] "GET /& HTTP/1.1" 404 1256 "-" "Java/1.7.0_25"
84.120.147.202 - - [03/Apr/2014:09:34:26 +0200] "GET /& HTTP/1.1" 404 1256 "-" "Java/1.7.0_25"
87.138.100.124 - - [03/Apr/2014:11:14:23 +0200] "GET / HTTP/1.1" 302 - "-" "Mozilla/4.0 (compatible; MSIE 7.0; Windows NT 6.1; WOW64; Trident/7.0; SLCC2; .NET CLR 2.0.50727; .NET CLR 3.5.30729; .NET CLR 3.0.30729; Media Center PC 6.0; MS-RTC LM 8; .NET4.0C; OfficeLiveConnector.1.5; OfficeLivePatch.1.3; .NET4.0E)"
208.115.111.69 - - [03/Apr/2014:11:41:16 +0200] "GET /robots.txt HTTP/1.1" 404 1256 "-" "Mozilla/5.0 (compatible; Ezooms/1.0; help@moz.com)"
83.103.189.110 - - [03/Apr/2014:12:03:07 +0200] "GET / HTTP/1.1" 302 - "-" "Mozilla/5.0 (Windows NT 6.1; WOW64) AppleWebKit/537.36 (KHTML, like Gecko) Chrome/30.0.1599.101 Safari/537.36"
93.204.220.127 - - [03/Apr/2014:12:12:52 +0200] "HEAD / HTTP/1.1" 302 - "-" "Xenu Link Sleuth/1.3.9 beta"
192.99.15.51 - - [03/Apr/2014:14:08:20 +0200] "GET /robots.txt HTTP/1.1" 404 1256 "-" "Mozilla/5.0 (compatible; meanpathbot/1.0; +http://www.meanpath.com/meanpathbot.html)"
192.99.15.51 - - [03/Apr/2014:14:08:20 +0200] "GET / HTTP/1.1" 302 - "-" "Mozilla/5.0 (compatible; meanpathbot/1.0; +http://www.meanpath.com/meanpathbot.html)"
208.115.111.69 - - [03/Apr/2014:14:20:33 +0200] "GET /robots.txt HTTP/1.1" 404 1256 "-" "Mozilla/5.0 (compatible; Ezooms/1.0; help@moz.com)"
208.115.111.69 - - [03/Apr/2014:14:58:26 +0200] "GET / HTTP/1.1" 302 - "-" "Mozilla/5.0 (compatible; Ezooms/1.0; help@moz.com)"
85.214.58.164 - - [03/Apr/2014:15:12:58 +0200] "GET / HTTP/1.1" 302 - "-" "Mozilla/5.0 (Windows NT 6.1; WOW64; rv:27.0) Gecko/20100101 Firefox/27.0"
141.8.147.12 - - [03/Apr/2014:16:15:03 +0200] "GET /robots.txt HTTP/1.1" 404 1256 "-" "Mozilla/5.0 (compatible; YandexBot/3.0; +http://yandex.com/bots)"
141.8.147.12 - - [03/Apr/2014:16:15:05 +0200] "GET / HTTP/1.1" 302 - "-" "Mozilla/5.0 (compatible; YandexBot/3.0; +http://yandex.com/bots)"
188.138.41.140 - - [03/Apr/2014:16:18:02 +0200] "GET /robots.txt HTTP/1.1" 404 1256 "-" "Mozilla/5.0 (X11; U; Linux i686; de; rv:1.9.0.1; compatible; iCjobs Stellenangebote Jobs; http://www.icjobs.de) Gecko/20100401 iCjobs/3.2.3"
188.138.41.140 - - [03/Apr/2014:16:18:02 +0200] "GET / HTTP/1.1" 302 - "-" "Mozilla/5.0 (X11; U; Linux i686; de; rv:1.9.0.1; compatible; iCjobs Stellenangebote Jobs; http://www.icjobs.de) Gecko/20100401 iCjobs/3.2.3"
188.138.41.140 - - [03/Apr/2014:16:18:02 +0200] "GET / HTTP/1.1" 302 - "-" "Mozilla/5.0 (X11; U; Linux i686; de; rv:1.9.0.1; compatible; iCjobs Stellenangebote Jobs; http://www.icjobs.de) Gecko/20100401 iCjobs/3.2.3"
208.115.113.85 - - [03/Apr/2014:16:35:16 +0200] "GET /robots.txt HTTP/1.1" 404 1256 "-" "Mozilla/5.0 (compatible; Ezooms/1.0; help@moz.com)"
162.210.196.98 - - [03/Apr/2014:16:45:07 +0200] "GET /robots.txt HTTP/1.0" 404 1256 "-" "Mozilla/5.0 (compatible; MJ12bot/v1.4.4; http://www.majestic12.co.uk/bot.php?+)"
162.210.196.98 - - [03/Apr/2014:16:45:08 +0200] "GET / HTTP/1.0" 302 - "-" "Mozilla/5.0 (compatible; MJ12bot/v1.4.4; http://www.majestic12.co.uk/bot.php?+)"
157.55.35.33 - - [03/Apr/2014:17:31:39 +0200] "GET /robots.txt HTTP/1.1" 404 1256 "-" "Mozilla/5.0 (compatible; bingbot/2.0; +http://www.bing.com/bingbot.htm)"
157.55.35.33 - - [03/Apr/2014:18:02:08 +0200] "GET /?&nid=13 HTTP/1.1" 302 - "-" "Mozilla/5.0 (compatible; bingbot/2.0; +http://www.bing.com/bingbot.htm)"
208.115.113.85 - - [03/Apr/2014:18:26:24 +0200] "GET /include.php?path=contentarchive&type=2&letter=K&catid=0&themeid=0&searchtext=&entries=0&order= HTTP/1.1" 404 1256 "-" "Mozilla/5.0 (compatible; Ezooms/1.0; help@moz.com)"
87.162.80.38 - - [03/Apr/2014:18:33:30 +0200] "GET / HTTP/1.1" 302 - "-" "Mozilla/5.0 (Windows NT 6.1; WOW64; rv:28.0) Gecko/20100101 Firefox/28.0"
79.171.206.7 - - [03/Apr/2014:18:51:57 +0200] "GET / HTTP/1.1" 302 - "http://www.yelp.es/biz_redir?url=http%3A%2F%2Fwww.friedrich-list-berlin.de&src_bizid=fSHiYxGQm1Z5g7TwC8oc_A&cachebuster=1396543861&s=1b21092a48881d2f4dd5db079ab4b5a0f1051f8db3456e3a8f67622b35f679ea" "Mozilla/5.0 (Windows NT 6.1; WOW64) AppleWebKit/537.36 (KHTML, like Gecko) Chrome/30.0.1599.69 Safari/537.36"
46.4.27.145 - - [03/Apr/2014:19:17:06 +0200] "GET / HTTP/1.1" 302 - "http://www.webwiki.de/" "Mozilla/5.0 (Windows NT 6.1; WOW64; rv:18.0) Gecko/20100101 Firefox/18.0"
66.249.78.115 - - [03/Apr/2014:19:45:20 +0200] "GET /robots.txt HTTP/1.1" 404 1256 "-" "Mozilla/5.0 (compatible; Googlebot/2.1; +http://www.google.com/bot.html)"
66.249.78.115 - - [03/Apr/2014:19:45:20 +0200] "GET / HTTP/1.1" 302 - "-" "Mozilla/5.0 (iPhone; CPU iPhone OS 6_0 like Mac OS X) AppleWebKit/536.26 (KHTML, like Gecko) Version/6.0 Mobile/10A5376e Safari/8536.25 (compatible; Googlebot/2.1; +http://www.google.com/bot.html)"
178.255.215.70 - - [03/Apr/2014:20:25:34 +0200] "GET /robots.txt HTTP/1.1" 404 1256 "-" "Mozilla/5.0 (compatible; Exabot/3.0; +http://www.exabot.com/go/robot)"
178.255.215.70 - - [03/Apr/2014:20:25:34 +0200] "GET / HTTP/1.1" 302 - "-" "Mozilla/5.0 (compatible; Exabot/3.0; +http://www.exabot.com/go/robot)"
207.241.226.231 - - [03/Apr/2014:21:31:56 +0200] "GET /robots.txt HTTP/1.1" 404 1256 "-" "Mozilla/5.0 (compatible; archive.org_bot; Wayback Machine Live Record; +http://archive.org/details/archive.org_bot)"
208.115.111.69 - - [03/Apr/2014:23:15:25 +0200] "GET /robots.txt HTTP/1.1" 404 1256 "-" "Mozilla/5.0 (compatible; Ezooms/1.0; help@moz.com)"
91.64.26.237 - - [03/Apr/2014:23:58:45 +0200] "GET / HTTP/1.1" 302 - "http://www.facebook.com/l.php?u=http%3A%2F%2Fwww.friedrich-list-berlin.de%2F&h=oAQEI1RHR&enc=AZNU6QfZkfFm7hwFIogCGn43YnYt1AEFDtpdTn_iMHXGW_H6nOM8pW8sxEwF2Ski48aJOVSfl7rCQFYqjzAN-xM1bxI9WOUebKJdYFDnQYddYw&s=1" "Mozilla/5.0 (Windows NT 6.1; WOW64; Trident/7.0; rv:11.0) like Gecko"
173.252.112.119 - - [03/Apr/2014:23:58:46 +0200] "GET / HTTP/1.1" 302 - "-" "facebookexternalhit/1.1 (+http://www.facebook.com/externalhit_uatext.php)"
208.115.111.69 - - [04/Apr/2014:01:09:44 +0200] "GET /?path=content&contentid=35 HTTP/1.1" 302 - "-" "Mozilla/5.0 (compatible; Ezooms/1.0; help@moz.com)"
208.115.111.69 - - [04/Apr/2014:01:09:51 +0200] "GET /include.php?path=contentarchive&type=2&letter=G&catid=0&themeid=0&searchtext=&entries=0&order= HTTP/1.1" 404 1256 "-" "Mozilla/5.0 (compatible; Ezooms/1.0; help@moz.com)"
208.115.111.69 - - [04/Apr/2014:01:09:54 +0200] "GET /include.php?path=contentarchive&type=2&letter=X&catid=0&themeid=0&searchtext=&entries=0&order=title HTTP/1.1" 404 1256 "-" "Mozilla/5.0 (compatible; Ezooms/1.0; help@moz.com)"
208.115.111.69 - - [04/Apr/2014:01:09:56 +0200] "GET /include.php?path=contentarchive&type=2&letter=alle&catid=0&themeid=0&searchtext=&entries=0&order=title HTTP/1.1" 404 1256 "-" "Mozilla/5.0 (compatible; Ezooms/1.0; help@moz.com)"
178.77.126.55 - - [04/Apr/2014:01:48:51 +0200] "GET /robots.txt HTTP/1.1" 404 1256 "-" "Mozilla/5.0 (compatible; CareerBot/1.1; +http://www.career-x.de/bot.html)"
178.77.126.55 - - [04/Apr/2014:01:48:51 +0200] "GET / HTTP/1.1" 302 - "-" "Mozilla/5.0 (compatible; CareerBot/1.1; +http://www.career-x.de/bot.html)"
192.187.115.242 - - [04/Apr/2014:02:06:11 +0200] "GET /robots.txt HTTP/1.0" 404 1256 "-" "Mozilla/5.0 (compatible; MJ12bot/v1.4.4; http://www.majestic12.co.uk/bot.php?+)"
192.187.115.242 - - [04/Apr/2014:02:06:14 +0200] "GET / HTTP/1.0" 302 - "-" "Mozilla/5.0 (compatible; MJ12bot/v1.4.4; http://www.majestic12.co.uk/bot.php?+)"
193.175.194.33 - - [04/Apr/2014:02:23:38 +0200] "GET / HTTP/1.1" 302 - "-" "Bildungsserver-Linkchecker DBS 0.9 (http://www.bildungsserver.de)"
208.115.111.69 - - [04/Apr/2014:02:37:24 +0200] "GET /robots.txt HTTP/1.1" 404 1256 "-" "Mozilla/5.0 (compatible; Ezooms/1.0; help@moz.com)"
192.187.116.234 - - [04/Apr/2014:04:03:05 +0200] "GET /robots.txt HTTP/1.0" 404 1256 "-" "Mozilla/5.0 (compatible; MJ12bot/v1.4.4; http://www.majestic12.co.uk/bot.php?+)"
192.187.116.234 - - [04/Apr/2014:04:03:07 +0200] "GET / HTTP/1.0" 302 - "-" "Mozilla/5.0 (compatible; MJ12bot/v1.4.4; http://www.majestic12.co.uk/bot.php?+)"
192.187.116.234 - - [04/Apr/2014:04:03:12 +0200] "GET /?&nid=13 HTTP/1.0" 302 - "-" "Mozilla/5.0 (compatible; MJ12bot/v1.4.4; http://www.majestic12.co.uk/bot.php?+)"
192.187.116.234 - - [04/Apr/2014:04:03:15 +0200] "GET /?&nid=19 HTTP/1.0" 302 - "-" "Mozilla/5.0 (compatible; MJ12bot/v1.4.4; http://www.majestic12.co.uk/bot.php?+)"
192.187.116.234 - - [04/Apr/2014:04:03:18 +0200] "GET /include.php?path=comment&comcat=cont&subid=120 HTTP/1.0" 404 1256 "-" "Mozilla/5.0 (compatible; MJ12bot/v1.4.4; http://www.majestic12.co.uk/bot.php?+)"
192.187.116.234 - - [04/Apr/2014:04:03:20 +0200] "GET /include.php?path=contact&mode=suggest&suggest_path=path=news%26contentid=120 HTTP/1.0" 404 1256 "-" "Mozilla/5.0 (compatible; MJ12bot/v1.4.4; http://www.majestic12.co.uk/bot.php?+)"
192.187.116.234 - - [04/Apr/2014:04:03:22 +0200] "GET /include.php?path=contentarchive&catid=10&type=2 HTTP/1.0" 404 1256 "-" "Mozilla/5.0 (compatible; MJ12bot/v1.4.4; http://www.majestic12.co.uk/bot.php?+)"
192.187.116.234 - - [04/Apr/2014:04:03:23 +0200] "GET /include.php?path=download&contentid=93&event=download_not_found&nid=13 HTTP/1.0" 404 1256 "-" "Mozilla/5.0 (compatible; MJ12bot/v1.4.4; http://www.majestic12.co.uk/bot.php?+)"
192.187.116.234 - - [04/Apr/2014:04:03:25 +0200] "GET /include.php?path=link&contentid=33&link=go HTTP/1.0" 404 1256 "-" "Mozilla/5.0 (compatible; MJ12bot/v1.4.4; http://www.majestic12.co.uk/bot.php?+)"
192.187.116.234 - - [04/Apr/2014:04:03:27 +0200] "GET /include.php?path=link&contentid=33&link=go&nid=13 HTTP/1.0" 404 1256 "-" "Mozilla/5.0 (compatible; MJ12bot/v1.4.4; http://www.majestic12.co.uk/bot.php?+)"
192.187.116.234 - - [04/Apr/2014:04:03:28 +0200] "GET /include.php?path=link&contentid=33&link=go&nid=19 HTTP/1.0" 404 1256 "-" "Mozilla/5.0 (compatible; MJ12bot/v1.4.4; http://www.majestic12.co.uk/bot.php?+)"
192.187.116.234 - - [04/Apr/2014:04:03:30 +0200] "GET /include.php?path=link&contentid=34&link=go HTTP/1.0" 404 1256 "-" "Mozilla/5.0 (compatible; MJ12bot/v1.4.4; http://www.majestic12.co.uk/bot.php?+)"
192.187.116.234 - - [04/Apr/2014:04:03:32 +0200] "GET /include.php?path=link&contentid=34&link=go&nid=13 HTTP/1.0" 404 1256 "-" "Mozilla/5.0 (compatible; MJ12bot/v1.4.4; http://www.majestic12.co.uk/bot.php?+)"
192.187.116.234 - - [04/Apr/2014:04:03:33 +0200] "GET /include.php?path=link&contentid=34&link=go&nid=19 HTTP/1.0" 404 1256 "-" "Mozilla/5.0 (compatible; MJ12bot/v1.4.4; http://www.majestic12.co.uk/bot.php?+)"
208.115.111.69 - - [04/Apr/2014:04:33:05 +0200] "GET /?path=contentarchive&type=2&letter=R&catid=0&themeid=0&searchtext=&entries=0&order= HTTP/1.1" 302 - "-" "Mozilla/5.0 (compatible; Ezooms/1.0; help@moz.com)"
208.115.111.69 - - [04/Apr/2014:04:33:13 +0200] "GET /include.php?path=contentarchive&type=2&letter=U&catid=0&themeid=0&searchtext=&entries=0&order= HTTP/1.1" 404 1256 "-" "Mozilla/5.0 (compatible; Ezooms/1.0; help@moz.com)"
66.249.78.236 - - [04/Apr/2014:05:16:23 +0200] "GET /robots.txt HTTP/1.1" 404 1256 "-" "Mozilla/5.0 (compatible; Googlebot/2.1; +http://www.google.com/bot.html)"
66.249.78.236 - - [04/Apr/2014:05:16:23 +0200] "GET / HTTP/1.1" 302 - "-" "Mozilla/5.0 (compatible; Googlebot/2.1; +http://www.google.com/bot.html)"
192.187.116.234 - - [04/Apr/2014:05:41:24 +0200] "GET /robots.txt HTTP/1.0" 404 1256 "-" "Mozilla/5.0 (compatible; MJ12bot/v1.4.4; http://www.majestic12.co.uk/bot.php?+)"
192.187.116.234 - - [04/Apr/2014:05:41:27 +0200] "GET / HTTP/1.0" 302 - "-" "Mozilla/5.0 (compatible; MJ12bot/v1.4.4; http://www.majestic12.co.uk/bot.php?+)"
192.187.116.234 - - [04/Apr/2014:05:41:35 +0200] "GET /?&nid=13 HTTP/1.0" 302 - "-" "Mozilla/5.0 (compatible; MJ12bot/v1.4.4; http://www.majestic12.co.uk/bot.php?+)"
192.187.116.234 - - [04/Apr/2014:05:41:40 +0200] "GET /?&nid=19 HTTP/1.0" 302 - "-" "Mozilla/5.0 (compatible; MJ12bot/v1.4.4; http://www.majestic12.co.uk/bot.php?+)"
192.187.116.234 - - [04/Apr/2014:05:41:44 +0200] "GET /include.php?path=comment&comcat=cont&subid=120 HTTP/1.0" 404 1256 "-" "Mozilla/5.0 (compatible; MJ12bot/v1.4.4; http://www.majestic12.co.uk/bot.php?+)"
192.187.116.234 - - [04/Apr/2014:05:41:45 +0200] "GET /include.php?path=contact&mode=suggest&suggest_path=path=news%26contentid=120 HTTP/1.0" 404 1256 "-" "Mozilla/5.0 (compatible; MJ12bot/v1.4.4; http://www.majestic12.co.uk/bot.php?+)"
192.187.116.234 - - [04/Apr/2014:05:41:47 +0200] "GET /include.php?path=contentarchive&catid=10&type=2 HTTP/1.0" 404 1256 "-" "Mozilla/5.0 (compatible; MJ12bot/v1.4.4; http://www.majestic12.co.uk/bot.php?+)"
192.187.116.234 - - [04/Apr/2014:05:41:49 +0200] "GET /include.php?path=download&contentid=93&event=download_not_found&nid=13 HTTP/1.0" 404 1256 "-" "Mozilla/5.0 (compatible; MJ12bot/v1.4.4; http://www.majestic12.co.uk/bot.php?+)"
192.187.116.234 - - [04/Apr/2014:05:41:51 +0200] "GET /include.php?path=link&contentid=33&link=go HTTP/1.0" 404 1256 "-" "Mozilla/5.0 (compatible; MJ12bot/v1.4.4; http://www.majestic12.co.uk/bot.php?+)"
192.187.116.234 - - [04/Apr/2014:05:41:53 +0200] "GET /include.php?path=link&contentid=33&link=go&nid=13 HTTP/1.0" 404 1256 "-" "Mozilla/5.0 (compatible; MJ12bot/v1.4.4; http://www.majestic12.co.uk/bot.php?+)"
192.187.116.234 - - [04/Apr/2014:05:41:56 +0200] "GET /include.php?path=link&contentid=33&link=go&nid=19 HTTP/1.0" 404 1256 "-" "Mozilla/5.0 (compatible; MJ12bot/v1.4.4; http://www.majestic12.co.uk/bot.php?+)"
192.187.116.234 - - [04/Apr/2014:05:41:58 +0200] "GET /include.php?path=link&contentid=34&link=go HTTP/1.0" 404 1256 "-" "Mozilla/5.0 (compatible; MJ12bot/v1.4.4; http://www.majestic12.co.uk/bot.php?+)"
192.187.116.234 - - [04/Apr/2014:05:42:00 +0200] "GET /include.php?path=link&contentid=34&link=go&nid=13 HTTP/1.0" 404 1256 "-" "Mozilla/5.0 (compatible; MJ12bot/v1.4.4; http://www.majestic12.co.uk/bot.php?+)"
192.187.116.234 - - [04/Apr/2014:05:42:02 +0200] "GET /include.php?path=link&contentid=34&link=go&nid=19 HTTP/1.0" 404 1256 "-" "Mozilla/5.0 (compatible; MJ12bot/v1.4.4; http://www.majestic12.co.uk/bot.php?+)"
208.115.111.69 - - [04/Apr/2014:06:29:58 +0200] "GET /robots.txt HTTP/1.1" 404 1256 "-" "Mozilla/5.0 (compatible; Ezooms/1.0; help@moz.com)"
180.76.6.233 - - [04/Apr/2014:07:11:13 +0200] "GET /robots.txt HTTP/1.1" 404 1256 "-" "Mozilla/5.0 (Windows NT 5.1; rv:6.0.2) Gecko/20100101 Firefox/6.0.2"
208.115.111.69 - - [04/Apr/2014:08:16:25 +0200] "GET /?path=contentarchive&type=2&letter=0-9&catid=0&themeid=0&searchtext=&entries=0&order= HTTP/1.1" 302 - "-" "Mozilla/5.0 (compatible; Ezooms/1.0; help@moz.com)"
208.115.111.69 - - [04/Apr/2014:08:16:29 +0200] "GET /include.php?path=contentarchive&type=2&letter=R&catid=0&themeid=0&searchtext=&entries=0&order= HTTP/1.1" 404 1256 "-" "Mozilla/5.0 (compatible; Ezooms/1.0; help@moz.com)"
208.115.111.69 - - [04/Apr/2014:08:16:32 +0200] "GET /include.php?path=contentarchive&type=2&letter=S&catid=0&themeid=0&searchtext=&entries=0&order=title HTTP/1.1" 404 1256 "-" "Mozilla/5.0 (compatible; Ezooms/1.0; help@moz.com)"
92.225.105.83 - - [04/Apr/2014:09:12:27 +0200] "GET / HTTP/1.1" 302 - "https://www.facebook.com/" "Mozilla/5.0 (Windows NT 6.2; WOW64) AppleWebKit/537.36 (KHTML, like Gecko) Chrome/33.0.1750.154 Safari/537.36"
216.145.17.190 - - [04/Apr/2014:11:11:12 +0200] "GET /robots.txt HTTP/1.0" 404 1256 "-" "Mozilla/5.0 (Windows; U; Windows NT 5.1; en; rv:1.9.0.13) Gecko/2009073022 Firefox/3.5.2 (.NET CLR 3.5.30729) SurveyBot/2.3 (DomainTools)"
216.145.17.190 - - [04/Apr/2014:11:11:13 +0200] "GET / HTTP/1.1" 302 - "http://whois.domaintools.com/fls-berlin.de" "Mozilla/5.0 (Windows; U; Windows NT 5.1; en; rv:1.9.0.13) Gecko/2009073022 Firefox/3.5.2 (.NET CLR 3.5.30729) SurveyBot/2.3 (DomainTools)"
37.5.42.107 - - [04/Apr/2014:11:18:03 +0200] "GET / HTTP/1.1" 302 - "-" "Mozilla/5.0 (Windows NT 5.1; rv:27.0) Gecko/20100101 Firefox/27.0"
217.115.69.134 - - [04/Apr/2014:11:26:23 +0200] "GET / HTTP/1.1" 302 - "-" "Mozilla/5.0 (compatible; MSIE 10.0; Windows NT 6.1; WOW64; Trident/6.0)"
199.19.249.196 - - [04/Apr/2014:11:26:23 +0200] "GET / HTTP/1.1" 302 - "-" "Mozilla/4.0 (compatible; MSIE 7.0; Windows NT 5.1; InfoPath.1; .NET CLR 2.0.50727; .NET CLR 1.1.4322; MS-RTC LM 8; .NET CLR 3.0.4506.2152; .NET CLR 3.5.30729)"
217.115.69.134 - - [04/Apr/2014:11:28:00 +0200] "GET / HTTP/1.1" 302 - "http://www.google.com/url?sa=t&rct=j&q=&esrc=s&frm=1&source=web&cd=1&ved=0CCkQFjAA&url=http%3A%2F%2Fwww.friedrich-list-berlin.de%2F&ei=2Xo-U-2NFaT-4QSG8IHIDw&usg=AFQjCNGsKs3TvBQ4z91zrYvo9_SfKi5nug&bvm=bv.64125504,d.bGE" "Mozilla/5.0 (compatible; MSIE 10.0; Windows NT 6.1; WOW64; Trident/6.0)"
37.5.42.107 - - [04/Apr/2014:11:30:41 +0200] "GET / HTTP/1.1" 302 - "-" "Mozilla/5.0 (Windows NT 5.1; rv:28.0) Gecko/20100101 Firefox/28.0"
37.5.42.107 - - [04/Apr/2014:11:56:10 +0200] "GET / HTTP/1.1" 302 - "-" "Mozilla/5.0 (Windows NT 5.1; rv:28.0) Gecko/20100101 Firefox/28.0"
208.115.113.85 - - [04/Apr/2014:12:34:14 +0200] "GET /robots.txt HTTP/1.1" 404 1256 "-" "Mozilla/5.0 (compatible; Ezooms/1.0; help@moz.com)"
64.246.165.190 - - [04/Apr/2014:13:59:57 +0200] "GET /robots.txt HTTP/1.0" 404 1256 "-" "Mozilla/5.0 (Windows; U; Windows NT 5.1; en; rv:1.9.0.13) Gecko/2009073022 Firefox/3.5.2 (.NET CLR 3.5.30729) SurveyBot/2.3 (DomainTools)"
64.246.165.190 - - [04/Apr/2014:13:59:58 +0200] "GET / HTTP/1.1" 302 - "http://whois.domaintools.com/friedrich-list-berlin.de" "Mozilla/5.0 (Windows; U; Windows NT 5.1; en; rv:1.9.0.13) Gecko/2009073022 Firefox/3.5.2 (.NET CLR 3.5.30729) SurveyBot/2.3 (DomainTools)"
208.115.113.85 - - [04/Apr/2014:14:41:46 +0200] "GET /include.php?path=contentarchive&type=3&letter=U&catid=0&themeid=0&searchtext=&entries=0&order= HTTP/1.1" 404 1256 "-" "Mozilla/5.0 (compatible; Ezooms/1.0; help@moz.com)"
208.115.113.85 - - [04/Apr/2014:16:41:55 +0200] "GET /robots.txt HTTP/1.1" 404 1256 "-" "Mozilla/5.0 (compatible; Ezooms/1.0; help@moz.com)"
5.9.20.44 - - [04/Apr/2014:18:26:37 +0200] "GET /robots.txt HTTP/1.1" 404 1256 "-" "Mozilla/5.0 (X11; Ubuntu; Linux x86_64; rv:27.0) Gecko/20100101 Firefox/27.0"
5.9.20.44 - - [04/Apr/2014:18:26:37 +0200] "GET / HTTP/1.1" 302 - "-" "Mozilla/5.0 (X11; Ubuntu; Linux x86_64; rv:27.0) Gecko/20100101 Firefox/27.0"
208.115.111.69 - - [04/Apr/2014:18:35:17 +0200] "GET /robots.txt HTTP/1.1" 404 1256 "-" "Mozilla/5.0 (compatible; Ezooms/1.0; help@moz.com)"
208.115.113.85 - - [04/Apr/2014:18:44:54 +0200] "GET /?path=contentarchive&type=2&letter=X&catid=0&themeid=0&searchtext=&entries=0&order= HTTP/1.1" 302 - "-" "Mozilla/5.0 (compatible; Ezooms/1.0; help@moz.com)"
188.165.195.156 - - [04/Apr/2014:18:52:17 +0200] "HEAD / HTTP/1.1" 302 - "-" "Mozilla/4.0 (compatible; MSIE 5.01; Windows NT 5.0)"
178.255.215.70 - - [04/Apr/2014:18:58:07 +0200] "GET /?path=content&contentid=15 HTTP/1.1" 302 - "-" "Mozilla/5.0 (compatible; Exabot/3.0; +http://www.exabot.com/go/robot)"
208.115.111.69 - - [04/Apr/2014:19:54:28 +0200] "GET /include.php?path=contentarchive&type=2&letter=N&catid=0&themeid=0&searchtext=&entries=0&order= HTTP/1.1" 404 1256 "-" "Mozilla/5.0 (compatible; Ezooms/1.0; help@moz.com)"
93.228.70.18 - - [04/Apr/2014:21:28:22 +0200] "GET / HTTP/1.1" 302 - "-" "Mozilla/4.0 (compatible; MSIE 8.0; Windows NT 6.0; .NET CLR 1.1.4322)"
208.115.111.69 - - [04/Apr/2014:22:27:01 +0200] "GET /robots.txt HTTP/1.1" 404 1256 "-" "Mozilla/5.0 (compatible; Ezooms/1.0; help@moz.com)"
91.64.19.222 - - [04/Apr/2014:22:42:37 +0200] "GET / HTTP/1.1" 302 - "http://www.facebook.com/l.php?u=http%3A%2F%2Fwww.friedrich-list-berlin.de%2F&h=GAQHur8_T&enc=AZOIs_-h8lLvqHBiS7tISTy7poXGEMlXudlujQPqOyk_WY6-LeYQAaHfQrIHObYmJ-TdA1yKSIm_QxbfCUn2tqz8Duj0inZBovvS4zv3lEePRQ&s=1" "Mozilla/5.0 (Windows NT 6.1; WOW64; Trident/7.0; rv:11.0) like Gecko"
208.115.111.69 - - [05/Apr/2014:00:14:55 +0200] "GET /include.php?path=contentarchive&type=2&letter=J&catid=0&themeid=0&searchtext=&entries=0&order=title HTTP/1.1" 404 1256 "-" "Mozilla/5.0 (compatible; Ezooms/1.0; help@moz.com)"
208.115.111.69 - - [05/Apr/2014:02:28:32 +0200] "GET /robots.txt HTTP/1.1" 404 1256 "-" "Mozilla/5.0 (compatible; Ezooms/1.0; help@moz.com)"
208.115.111.69 - - [05/Apr/2014:04:14:28 +0200] "GET /?path=contentarchive&type=2&letter=E&catid=0&themeid=0&searchtext=&entries=0&order= HTTP/1.1" 302 - "-" "Mozilla/5.0 (compatible; Ezooms/1.0; help@moz.com)"
208.115.111.69 - - [05/Apr/2014:04:14:34 +0200] "GET /include.php?path=contentarchive&type=2&letter=S&catid=0&themeid=0&searchtext=&entries=0&order=&nid=32 HTTP/1.1" 404 1256 "-" "Mozilla/5.0 (compatible; Ezooms/1.0; help@moz.com)"
208.115.111.69 - - [05/Apr/2014:06:31:08 +0200] "GET /robots.txt HTTP/1.1" 404 1256 "-" "Mozilla/5.0 (compatible; Ezooms/1.0; help@moz.com)"
208.115.111.69 - - [05/Apr/2014:08:24:48 +0200] "GET /?path=contentarchive&type=2&letter=N&catid=0&themeid=0&searchtext=&entries=0&order= HTTP/1.1" 302 - "-" "Mozilla/5.0 (compatible; Ezooms/1.0; help@moz.com)"
208.115.111.69 - - [05/Apr/2014:10:32:39 +0200] "GET /robots.txt HTTP/1.1" 404 1256 "-" "Mozilla/5.0 (compatible; Ezooms/1.0; help@moz.com)"
178.151.143.163 - - [05/Apr/2014:12:10:36 +0200] "GET /robots.txt HTTP/1.0" 404 1256 "-" "Mozilla/5.0 (compatible; MJ12bot/v1.4.4; http://www.majestic12.co.uk/bot.php?+)"
178.151.143.163 - - [05/Apr/2014:12:10:38 +0200] "GET / HTTP/1.1" 302 - "-" "Mozilla/5.0 (compatible; MJ12bot/v1.4.4; http://www.majestic12.co.uk/bot.php?+)"
178.5.175.235 - - [05/Apr/2014:12:11:47 +0200] "GET / HTTP/1.1" 302 - "https://www.google.de/" "Mozilla/5.0 (iPhone; CPU iPhone OS 6_1_4 like Mac OS X) AppleWebKit/536.26 (KHTML, like Gecko) Version/6.0 Mobile/10B350 Safari/8536.25"
208.115.111.69 - - [05/Apr/2014:12:21:17 +0200] "GET /include.php?path=contentarchive&type=3&letter=J&catid=0&themeid=0&searchtext=&entries=0&order= HTTP/1.1" 404 1256 "-" "Mozilla/5.0 (compatible; Ezooms/1.0; help@moz.com)"
208.115.111.69 - - [05/Apr/2014:14:34:11 +0200] "GET /robots.txt HTTP/1.1" 404 1256 "-" "Mozilla/5.0 (compatible; Ezooms/1.0; help@moz.com)"
208.115.111.69 - - [05/Apr/2014:16:23:34 +0200] "GET /include.php?path=content&contentid=36 HTTP/1.1" 404 1256 "-" "Mozilla/5.0 (compatible; Ezooms/1.0; help@moz.com)"
141.8.147.12 - - [05/Apr/2014:16:40:29 +0200] "GET /robots.txt HTTP/1.1" 404 1256 "-" "Mozilla/5.0 (compatible; YandexBot/3.0; +http://yandex.com/bots)"
141.8.147.12 - - [05/Apr/2014:16:40:31 +0200] "GET / HTTP/1.1" 302 - "-" "Mozilla/5.0 (compatible; YandexBot/3.0; +http://yandex.com/bots)"
208.115.111.69 - - [05/Apr/2014:17:03:19 +0200] "GET /robots.txt HTTP/1.1" 404 1256 "-" "Mozilla/5.0 (compatible; Ezooms/1.0; help@moz.com)"
5.10.83.93 - - [05/Apr/2014:17:13:23 +0200] "GET /robots.txt HTTP/1.1" 404 1256 "-" "Mozilla/5.0 (compatible; AhrefsBot/5.0; +http://ahrefs.com/robot/)"
208.115.111.69 - - [05/Apr/2014:20:13:50 +0200] "GET /include.php?path=content&contentid=36 HTTP/1.1" 404 1256 "-" "Mozilla/5.0 (compatible; Ezooms/1.0; help@moz.com)"
208.115.113.85 - - [05/Apr/2014:20:35:19 +0200] "GET /robots.txt HTTP/1.1" 404 1256 "-" "Mozilla/5.0 (compatible; Ezooms/1.0; help@moz.com)"
188.138.41.109 - - [05/Apr/2014:20:43:26 +0200] "GET /robots.txt HTTP/1.1" 404 1256 "-" "Mozilla/5.0 (X11; U; Linux i686; de; rv:1.9.0.1; compatible; iCjobs Stellenangebote Jobs; http://www.icjobs.de) Gecko/20100401 iCjobs/3.2.3"
188.138.41.109 - - [05/Apr/2014:20:43:26 +0200] "GET / HTTP/1.1" 302 - "-" "Mozilla/5.0 (X11; U; Linux i686; de; rv:1.9.0.1; compatible; iCjobs Stellenangebote Jobs; http://www.icjobs.de) Gecko/20100401 iCjobs/3.2.3"
188.138.41.109 - - [05/Apr/2014:20:43:27 +0200] "GET / HTTP/1.1" 302 - "-" "Mozilla/5.0 (X11; U; Linux i686; de; rv:1.9.0.1; compatible; iCjobs Stellenangebote Jobs; http://www.icjobs.de) Gecko/20100401 iCjobs/3.2.3"
208.115.113.85 - - [05/Apr/2014:22:27:08 +0200] "GET /include.php?path=contentarchive&type=2&letter=B&catid=0&themeid=0&searchtext=&entries=0&order= HTTP/1.1" 404 1256 "-" "Mozilla/5.0 (compatible; Ezooms/1.0; help@moz.com)"
178.5.167.8 - - [05/Apr/2014:23:41:00 +0200] "GET / HTTP/1.1" 302 - "https://www.google.de/" "Mozilla/5.0 (iPhone; CPU iPhone OS 7_1 like Mac OS X) AppleWebKit/537.51.2 (KHTML, like Gecko) Version/7.0 Mobile/11D167 Safari/9537.53"
208.115.113.85 - - [06/Apr/2014:00:30:40 +0200] "GET /robots.txt HTTP/1.1" 404 1256 "-" "Mozilla/5.0 (compatible; Ezooms/1.0; help@moz.com)"
208.115.113.85 - - [06/Apr/2014:02:23:38 +0200] "GET /include.php?path=contentarchive&type=2&letter=Q&catid=0&themeid=0&searchtext=&entries=0&order= HTTP/1.1" 404 1256 "-" "Mozilla/5.0 (compatible; Ezooms/1.0; help@moz.com)"
208.115.113.85 - - [06/Apr/2014:04:32:15 +0200] "GET /robots.txt HTTP/1.1" 404 1256 "-" "Mozilla/5.0 (compatible; Ezooms/1.0; help@moz.com)"
178.255.215.68 - - [06/Apr/2014:04:59:22 +0200] "GET /robots.txt HTTP/1.1" 404 1256 "-" "Mozilla/5.0 (compatible; Exabot/3.0; +http://www.exabot.com/go/robot)"
178.255.215.68 - - [06/Apr/2014:04:59:22 +0200] "GET / HTTP/1.1" 302 - "-" "Mozilla/5.0 (compatible; Exabot/3.0; +http://www.exabot.com/go/robot)"
185.3.40.132 - - [06/Apr/2014:05:25:31 +0200] "HEAD / HTTP/1.1" 302 - "-" "Mozilla/5.0 (Macintosh; Intel Mac OS X 10_7_5) AppleWebKit/537.4 (KHTML, like Gecko) Chrome/22.0.1229.94 Safari/537.4"
208.115.113.85 - - [06/Apr/2014:06:33:15 +0200] "GET /?path=content&contentid=36 HTTP/1.1" 302 - "-" "Mozilla/5.0 (compatible; Ezooms/1.0; help@moz.com)"
208.115.113.85 - - [06/Apr/2014:06:33:17 +0200] "GET /?path=contentarchive&type=2&letter=K&catid=0&themeid=0&searchtext=&entries=0&order= HTTP/1.1" 302 - "-" "Mozilla/5.0 (compatible; Ezooms/1.0; help@moz.com)"
208.115.113.85 - - [06/Apr/2014:06:33:19 +0200] "GET /include.php?path=contentarchive&type=2&letter=E&catid=0&themeid=0&searchtext=&entries=0&order= HTTP/1.1" 404 1256 "-" "Mozilla/5.0 (compatible; Ezooms/1.0; help@moz.com)"
208.115.111.69 - - [06/Apr/2014:06:33:33 +0200] "GET /robots.txt HTTP/1.1" 404 1256 "-" "Mozilla/5.0 (compatible; Ezooms/1.0; help@moz.com)"
95.169.182.230 - - [06/Apr/2014:07:57:47 +0200] "GET / HTTP/1.1" 302 - "-" "Mozilla/5.0"
208.115.111.69 - - [06/Apr/2014:08:22:03 +0200] "GET /include.php?path=contentarchive&type=2&letter=K&catid=0&themeid=0&searchtext=&entries=0&order=title HTTP/1.1" 404 1256 "-" "Mozilla/5.0 (compatible; Ezooms/1.0; help@moz.com)"
208.115.113.85 - - [06/Apr/2014:08:40:07 +0200] "GET /robots.txt HTTP/1.1" 404 1256 "-" "Mozilla/5.0 (compatible; Ezooms/1.0; help@moz.com)"
217.69.133.226 - - [06/Apr/2014:10:10:30 +0200] "GET /robots.txt HTTP/1.1" 404 1256 "-" "Mozilla/5.0 (compatible; Linux x86_64; Mail.RU_Bot/2.0; +http://go.mail.ru/help/robots)"
217.69.133.222 - - [06/Apr/2014:10:10:31 +0200] "GET / HTTP/1.1" 302 - "-" "Mozilla/5.0 (compatible; Linux x86_64; Mail.RU_Bot/2.0; +http://go.mail.ru/help/robots)"
208.115.113.85 - - [06/Apr/2014:10:45:04 +0200] "GET /?path=contentarchive&type=2&letter=C&catid=0&themeid=0&searchtext=&entries=0&order= HTTP/1.1" 302 - "-" "Mozilla/5.0 (compatible; Ezooms/1.0; help@moz.com)"
208.115.113.85 - - [06/Apr/2014:10:45:07 +0200] "GET /include.php?path=contentarchive&type=2&letter=O&catid=0&themeid=0&searchtext=&entries=0&order=title HTTP/1.1" 404 1256 "-" "Mozilla/5.0 (compatible; Ezooms/1.0; help@moz.com)"
208.115.113.85 - - [06/Apr/2014:12:44:55 +0200] "GET /robots.txt HTTP/1.1" 404 1256 "-" "Mozilla/5.0 (compatible; Ezooms/1.0; help@moz.com)"
66.249.78.236 - - [06/Apr/2014:13:06:47 +0200] "GET /robots.txt HTTP/1.1" 404 1256 "-" "Mozilla/5.0 (compatible; Googlebot/2.1; +http://www.google.com/bot.html)"
66.249.78.236 - - [06/Apr/2014:13:06:47 +0200] "GET /include.php?path=content&contentid=44 HTTP/1.1" 404 1256 "-" "Mozilla/5.0 (compatible; Googlebot/2.1; +http://www.google.com/bot.html)"
66.249.67.4 - - [06/Apr/2014:14:47:16 +0200] "GET /robots.txt HTTP/1.1" 404 1256 "-" "Mozilla/5.0 (compatible; Googlebot/2.1; +http://www.google.com/bot.html)"
66.249.67.4 - - [06/Apr/2014:14:47:16 +0200] "GET /?path=content&contentid=44&nid=33 HTTP/1.1" 302 - "-" "Mozilla/5.0 (compatible; Googlebot/2.1; +http://www.google.com/bot.html)"
208.115.113.85 - - [06/Apr/2014:14:48:29 +0200] "GET /?path=contentarchive&type=2&letter=W&catid=0&themeid=0&searchtext=&entries=0&order= HTTP/1.1" 302 - "-" "Mozilla/5.0 (compatible; Ezooms/1.0; help@moz.com)"
208.115.113.85 - - [06/Apr/2014:14:48:32 +0200] "GET /include.php?path=contentarchive&type=2&letter=N&catid=0&themeid=0&searchtext=&entries=0&order=title HTTP/1.1" 404 1256 "-" "Mozilla/5.0 (compatible; Ezooms/1.0; help@moz.com)"
31.13.99.113 - - [06/Apr/2014:16:04:16 +0200] "GET / HTTP/1.1" 302 - "-" "facebookexternalhit/1.1 (+http://www.facebook.com/externalhit_uatext.php)"
79.216.116.178 - - [06/Apr/2014:16:17:54 +0200] "GET / HTTP/1.1" 302 - "http://m.facebook.com/l.php?u=http%3A%2F%2Fwww.fls-berlin.de%2F&h=rAQFdPmlE&s=1&enc=AZP8bvw5FrJ3vFhcEyiAdtV5BZyJafzBDe1AuuscMzPp3yrBY97oFTRHVZ9ZMhRvV_mTymImeqJ48Di6FrVyfFXGzCw7e7Ek6SQD__6RHNo4DA" "Mozilla/5.0 (Linux; U; Android 4.3; de-de; GT-I9300 Build/JSS15J) AppleWebKit/534.30 (KHTML, like Gecko) Version/4.0 Mobile Safari/534.30"
208.115.113.85 - - [06/Apr/2014:16:36:50 +0200] "GET /robots.txt HTTP/1.1" 404 1256 "-" "Mozilla/5.0 (compatible; Ezooms/1.0; help@moz.com)"
90.35.112.97 - - [06/Apr/2014:17:07:00 +0200] "GET / HTTP/1.1" 302 - "https://m.facebook.com" "Mozilla/5.0 (iPhone; CPU iPhone OS 6_1_3 like Mac OS X) AppleWebKit/536.26 (KHTML, like Gecko) Mobile/10B329 [FBAN/FBIOS;FBAV/6.1.1;FBBV/202949;FBDV/iPhone4,1;FBMD/iPhone;FBSN/iPhone OS;FBSV/6.1.3;FBSS/2; FBCR/o2-de;FBID/phone;FBLC/de_DE;FBOP/1]"
84.38.65.176 - - [06/Apr/2014:17:15:56 +0200] "GET / HTTP/1.1" 302 - "http://www.sumaja.de/" "Mozilla/4.0 (compatible; MSIE 7.0; Windows NT 6.0; GTB6; SLCC1; .NET CLR 2.0.50727; Media Center PC 5.0; eSobiSubscriber 2.0.4.16; .NET CLR 3.5.30729; .NET CLR 3.0.30729; .NET4.0C)"
208.115.113.85 - - [06/Apr/2014:18:42:22 +0200] "GET /?path=contentarchive&type=2&letter=A&catid=0&themeid=0&searchtext=&entries=0&order= HTTP/1.1" 302 - "-" "Mozilla/5.0 (compatible; Ezooms/1.0; help@moz.com)"
79.216.116.178 - - [06/Apr/2014:18:43:51 +0200] "GET / HTTP/1.1" 302 - "http://www.facebook.com/l.php?u=http%3A%2F%2Fwww.fls-berlin.de%2F&h=KAQG0cYb0&enc=AZPecnXHhpWtj0aGLhc_zvHTAZhfJ5hsTV6nrjdxf3KMBw1_HT8unjhp0wJd9TW1FtX0FZ_SpjjQGYIEQ-TsBBpTezhVJv62XL7P2K1dZy3plxa3mCPEN1kHL5GEj_xPkWASJmZK8Z6qS7o5pDLKGX6H&s=1" "Mozilla/5.0 (Windows NT 6.2; WOW64; rv:28.0) Gecko/20100101 Firefox/28.0"
54.81.155.168 - - [06/Apr/2014:19:08:19 +0200] "GET /robots.txt HTTP/1.1" 404 1256 "-" "Mozilla/5.0 (Macintosh; U; Intel Mac OS X 10.6; en-US; rv:1.9.2) Gecko/20100115 Firefox/3.6 (FlipboardProxy/1.1; +http://flipboard.com/browserproxy)"
54.81.155.168 - - [06/Apr/2014:19:08:19 +0200] "GET / HTTP/1.1" 302 - "-" "Mozilla/5.0 (Macintosh; U; Intel Mac OS X 10.6; en-US; rv:1.9.2) Gecko/20100115 Firefox/3.6 (FlipboardProxy/1.1; +http://flipboard.com/browserproxy)"
23.22.46.19 - - [06/Apr/2014:19:08:19 +0200] "GET / HTTP/1.1" 302 - "-" "Mozilla/5.0 (Macintosh; U; Intel Mac OS X 10.6; en-US; rv:1.9.2) Gecko/20100115 Firefox/3.6 (FlipboardProxy/1.1; +http://flipboard.com/browserproxy)"
91.64.81.92 - - [06/Apr/2014:19:42:41 +0200] "GET / HTTP/1.1" 302 - "http://www.facebook.com/l.php?u=http%3A%2F%2Fwww.fls-berlin.de%2F&h=xAQEVHFK6&enc=AZOlfKVjhktYAoVQS6gnLnd0QM644Qq9bXrd_o4j9kVXZ70Np4GugoKe0-CdpkzOTGgCP-uAq9CasbYCMzwgtwUjxpWqMznmFxZqzRzPIfU9JBcW2jU-d5A7GVst07upJI9IHxMWUf_VhaEQeQo9Y0N6&s=1" "Mozilla/5.0 (Macintosh; Intel Mac OS X 10_5_8) AppleWebKit/534.50.2 (KHTML, like Gecko) Version/5.0.6 Safari/533.22.3"
93.214.232.148 - - [06/Apr/2014:19:47:18 +0200] "GET / HTTP/1.1" 302 - "-" "Mozilla/5.0 (Android; Tablet; rv:28.0) Gecko/28.0 Firefox/28.0"
66.249.67.96 - - [06/Apr/2014:21:29:14 +0200] "GET /robots.txt HTTP/1.1" 404 1256 "-" "Mozilla/5.0 (compatible; Googlebot/2.1; +http://www.google.com/bot.html)"
66.249.67.64 - - [06/Apr/2014:21:29:14 +0200] "GET / HTTP/1.1" 302 - "-" "Mozilla/5.0 (compatible; Googlebot/2.1; +http://www.google.com/bot.html)"
178.255.215.97 - - [06/Apr/2014:23:17:03 +0200] "GET / HTTP/1.1" 302 - "-" "Mozilla/5.0 (compatible; Konqueror/3.5; Linux) KHTML/3.5.5 (like Gecko) (Exabot-Thumbnails)"
93.219.212.233 - - [07/Apr/2014:00:04:45 +0200] "GET / HTTP/1.1" 302 - "http://www.google.de/url?sa=t&rct=j&q=&esrc=s&source=web&cd=4&ved=0CEEQFjAD&url=http%3A%2F%2Fwww.friedrich-list-berlin.de%2F&ei=6c5BU8v1OMjWsgaojYCIDw&usg=AFQjCNGsKs3TvBQ4z91zrYvo9_SfKi5nug&bvm=bv.64367178,d.Yms" "Mozilla/5.0 (Macintosh; Intel Mac OS X 10_9_2) AppleWebKit/537.75.14 (KHTML, like Gecko) Version/7.0.3 Safari/537.75.14"
208.115.113.85 - - [07/Apr/2014:00:33:56 +0200] "GET /robots.txt HTTP/1.1" 404 1256 "-" "Mozilla/5.0 (compatible; Ezooms/1.0; help@moz.com)"
208.115.113.85 - - [07/Apr/2014:02:31:45 +0200] "GET /?path=contentarchive&type=2&letter=P&catid=0&themeid=0&searchtext=&entries=0&order= HTTP/1.1" 302 - "-" "Mozilla/5.0 (compatible; Ezooms/1.0; help@moz.com)"
208.115.113.85 - - [07/Apr/2014:02:31:50 +0200] "GET /?path=contentarchive&type=2&letter=U&catid=0&themeid=0&searchtext=&entries=0&order= HTTP/1.1" 302 - "-" "Mozilla/5.0 (compatible; Ezooms/1.0; help@moz.com)"
198.100.157.216 - - [07/Apr/2014:02:32:39 +0200] "GET / HTTP/1.1" 302 - "-" "Mozilla/5.0 (compatible; WebThumbnail/3.x; Website Thumbnail Generator; +http://webthumbnail.org)"
198.100.157.216 - - [07/Apr/2014:02:32:40 +0200] "GET / HTTP/1.1" 302 - "-" "Mozilla/5.0 (compatible; WebThumbnail/3.x; Website Thumbnail Generator; +http://webthumbnail.org)"
144.76.176.17 - - [07/Apr/2014:02:41:06 +0200] "GET /robots.txt HTTP/1.0" 404 1256 "-" "Mozilla/5.0 (compatible; MJ12bot/v1.4.4; http://www.majestic12.co.uk/bot.php?+)"
144.76.176.17 - - [07/Apr/2014:02:41:08 +0200] "GET / HTTP/1.0" 302 - "-" "Mozilla/5.0 (compatible; MJ12bot/v1.4.4; http://www.majestic12.co.uk/bot.php?+)"
178.77.126.55 - - [07/Apr/2014:03:55:56 +0200] "GET /robots.txt HTTP/1.1" 404 1256 "-" "Mozilla/5.0 (compatible; CareerBot/1.1; +http://www.career-x.de/bot.html)"
178.77.126.55 - - [07/Apr/2014:03:55:56 +0200] "GET / HTTP/1.1" 302 - "-" "Mozilla/5.0 (compatible; CareerBot/1.1; +http://www.career-x.de/bot.html)"
157.56.92.151 - - [07/Apr/2014:04:49:21 +0200] "GET /robots.txt HTTP/1.1" 404 1256 "-" "Mozilla/5.0 (compatible; bingbot/2.0; +http://www.bing.com/bingbot.htm)"
157.56.92.151 - - [07/Apr/2014:05:41:13 +0200] "GET /?&nid=32 HTTP/1.1" 302 - "-" "Mozilla/5.0 (compatible; bingbot/2.0; +http://www.bing.com/bingbot.htm)"
