85.178.90.247 - - [18/Mar/2010:17:21:35 +0100] "GET / HTTP/1.1" 302 - "http://www.fastbrowsersearch.com/results/results.aspx?sgp=1&tid=0465DA55-97C1-CA0B-C6C5-1ACCEE951EB4&q=friedrich+lis+schule+berlin&s=FNTO&c=web&v=18" "Mozilla/5.0 (Windows; U; Windows NT 6.0; de; rv:1.9.2) Gecko/20100115 YFF3 Firefox/3.6 (.NET CLR 3.5.30729) FBSMTWB"
141.15.31.1 - - [18/Mar/2010:17:22:57 +0100] "GET / HTTP/1.0" 302 - "http://www.google.de/url?sa=t&source=web&ct=res&cd=1&ved=0CAYQFjAA&url=http%3A%2F%2Fwww.friedrich-list-berlin.de%2F&rct=j&q=osz+friedrich+list&ei=XlOiS5HAJ87P-QaKjJTBBg&usg=AFQjCNGsKs3TvBQ4z91zrYvo9_SfKi5nug" "Mozilla/4.0 (compatible; MSIE 8.0; Windows NT 5.1; Trident/4.0; .NET CLR 1.1.4322; .NET CLR 2.0.50727; .NET CLR 3.0.4506.2152; .NET CLR 3.5.30729)"
208.80.193.29 - - [18/Mar/2010:17:47:43 +0100] "GET / HTTP/1.0" 302 - "-" "Mozilla/4.0 (compatible; MSIE 6.0; AOL 9.0; Windows NT 5.1; Q312461; SV1; FunWebProducts; .NET CLR 1.1.4322)"
213.93.41.157 - - [19/Mar/2010:06:11:28 +0100] "GET / HTTP/1.1" 302 - "-" "Java/1.6.0_04"
213.93.41.157 - - [19/Mar/2010:06:11:28 +0100] "GET /fls_1_aktuelles.php HTTP/1.1" 404 1256 "-" "Java/1.6.0_04"
213.93.41.157 - - [19/Mar/2010:06:11:29 +0100] "GET /fls_2_fremdsprachensekr.php HTTP/1.1" 404 1256 "-" "Java/1.6.0_04"
213.93.41.157 - - [19/Mar/2010:06:11:29 +0100] "GET /fls_3_fls_international.php HTTP/1.1" 404 1256 "-" "Java/1.6.0_04"
213.93.41.157 - - [19/Mar/2010:06:11:29 +0100] "GET /fls_4_faq.php HTTP/1.1" 404 1256 "-" "Java/1.6.0_04"
213.93.41.157 - - [19/Mar/2010:06:11:29 +0100] "GET /fls_4_impressum.php HTTP/1.1" 404 1256 "-" "Java/1.6.0_04"
213.93.41.157 - - [19/Mar/2010:06:11:30 +0100] "GET /fls_4_kontakt_anmeldung.php HTTP/1.1" 404 1256 "-" "Java/1.6.0_04"
213.93.41.157 - - [19/Mar/2010:06:11:30 +0100] "GET /index.php HTTP/1.1" 302 - "-" "Java/1.6.0_04"
213.93.41.157 - - [19/Mar/2010:06:11:30 +0100] "GET /ddlevelsfiles/ddlevelsmenu.js HTTP/1.1" 404 1256 "-" "Java/1.6.0_04"
213.93.41.157 - - [19/Mar/2010:06:11:31 +0100] "GET /js/lightwindow.js HTTP/1.1" 404 1256 "-" "Java/1.6.0_04"
213.93.41.157 - - [19/Mar/2010:06:11:31 +0100] "GET /js/prototype.js HTTP/1.1" 404 1256 "-" "Java/1.6.0_04"
213.93.41.157 - - [19/Mar/2010:06:11:31 +0100] "GET /js/scriptaculous.js?load=effects HTTP/1.1" 404 1256 "-" "Java/1.6.0_04"
67.195.113.251 - - [19/Mar/2010:06:17:04 +0100] "GET /robots.txt HTTP/1.0" 404 1256 "-" "Mozilla/5.0 (compatible; Yahoo! Slurp; http://help.yahoo.com/help/us/ysearch/slurp)"
67.195.113.251 - - [19/Mar/2010:06:17:05 +0100] "GET / HTTP/1.0" 302 - "-" "Mozilla/5.0 (compatible; Yahoo! Slurp/3.0; http://help.yahoo.com/help/us/ysearch/slurp)"
212.166.194.172 - - [19/Mar/2010:06:38:29 +0100] "GET / HTTP/1.1" 302 - "-" "Java/1.6.0_17"
212.166.194.172 - - [19/Mar/2010:06:38:34 +0100] "GET /fls_1_aktuelles.php HTTP/1.1" 404 1256 "-" "Java/1.6.0_17"
212.166.194.172 - - [19/Mar/2010:06:38:35 +0100] "GET /fls_2_fremdsprachensekr.php HTTP/1.1" 404 1256 "-" "Java/1.6.0_17"
212.166.194.172 - - [19/Mar/2010:06:38:36 +0100] "GET /fls_3_fls_international.php HTTP/1.1" 404 1256 "-" "Java/1.6.0_17"
212.166.194.172 - - [19/Mar/2010:06:38:36 +0100] "GET /fls_4_faq.php HTTP/1.1" 404 1256 "-" "Java/1.6.0_17"
212.166.194.172 - - [19/Mar/2010:06:38:37 +0100] "GET /fls_4_impressum.php HTTP/1.1" 404 1256 "-" "Java/1.6.0_17"
212.166.194.172 - - [19/Mar/2010:06:38:39 +0100] "GET /fls_4_kontakt_anmeldung.php HTTP/1.1" 404 1256 "-" "Java/1.6.0_17"
212.166.194.172 - - [19/Mar/2010:06:38:39 +0100] "GET /index.php HTTP/1.1" 302 - "-" "Java/1.6.0_17"
212.166.194.172 - - [19/Mar/2010:06:38:42 +0100] "GET /ddlevelsfiles/ddlevelsmenu.js HTTP/1.1" 404 1256 "-" "Java/1.6.0_17"
212.166.194.172 - - [19/Mar/2010:06:38:44 +0100] "GET /js/lightwindow.js HTTP/1.1" 404 1256 "-" "Java/1.6.0_17"
212.166.194.172 - - [19/Mar/2010:06:38:45 +0100] "GET /js/prototype.js HTTP/1.1" 404 1256 "-" "Java/1.6.0_17"
212.166.194.172 - - [19/Mar/2010:06:38:46 +0100] "GET /js/scriptaculous.js?load=effects HTTP/1.1" 404 1256 "-" "Java/1.6.0_17"
87.118.116.23 - - [19/Mar/2010:07:33:20 +0100] "GET / HTTP/1.0" 302 - "http://www.referertrick.com" "Mozilla/4.0 (compatible; MSIE 7.0; Windows NT 6.0; Trident/4.0)"
89.247.223.118 - - [19/Mar/2010:08:06:33 +0100] "GET / HTTP/1.0" 302 - "-" "Mozilla/5.0 (Windows; U; Windows NT 5.1; de; rv:1.9.0.3) Gecko/2008092417 Firefox/3.0.3"
89.247.223.118 - - [19/Mar/2010:08:06:35 +0100] "GET / HTTP/1.0" 302 - "-" "Mozilla/5.0 (Windows; U; Windows NT 5.1; de; rv:1.9.0.3) Gecko/2008092417 Firefox/3.0.3"
80.150.4.162 - - [19/Mar/2010:08:30:11 +0100] "GET / HTTP/1.0" 302 - "http://domino2.berufsschulen.de/berufsschulen.nsf/bc99c0a4aa4bbbfcc1256b470057821a/f201afb7f4437fd1c12570bf005daa06?OpenDocument&TableRow=1.1" "Mozilla/4.0 (compatible; MSIE 8.0; Windows NT 5.1; Trident/4.0; .NET CLR 2.0.50727; .NET CLR 3.0.4506.2152; .NET CLR 3.5.30729; .NET CLR 1.1.4322)"
87.118.116.23 - - [19/Mar/2010:08:36:39 +0100] "GET / HTTP/1.0" 302 - "http://www.referertrick.com" "Mozilla/4.0 (compatible; MSIE 7.0; Windows NT 6.0; Trident/4.0)"
89.247.223.118 - - [19/Mar/2010:08:40:08 +0100] "GET / HTTP/1.0" 302 - "-" "Mozilla/5.0 (Windows; U; Windows NT 5.1; de; rv:1.9.0.3) Gecko/2008092417 Firefox/3.0.3"
89.247.223.118 - - [19/Mar/2010:08:56:52 +0100] "GET / HTTP/1.0" 302 - "-" "Mozilla/5.0 (Windows; U; Windows NT 5.1; de; rv:1.9.0.3) Gecko/2008092417 Firefox/3.0.3"
89.247.223.118 - - [19/Mar/2010:09:08:50 +0100] "GET / HTTP/1.0" 302 - "-" "Mozilla/5.0 (Windows; U; Windows NT 5.1; de; rv:1.9.0.3) Gecko/2008092417 Firefox/3.0.3"
89.247.223.118 - - [19/Mar/2010:09:09:33 +0100] "GET / HTTP/1.0" 302 - "-" "Mozilla/5.0 (Windows; U; Windows NT 5.1; de; rv:1.9.0.18) Gecko/2010020220 Firefox/3.0.18"
89.247.223.118 - - [19/Mar/2010:09:11:51 +0100] "GET / HTTP/1.0" 302 - "-" "Mozilla/5.0 (Windows; U; Windows NT 5.1; de; rv:1.9.0.18) Gecko/2010020220 Firefox/3.0.18"
94.101.35.101 - - [19/Mar/2010:09:23:14 +0100] "GET / HTTP/1.1" 302 - "http://www.google.de/search?client=firefox-a&rls=org.mozilla%3Ade%3Aofficial&channel=s&hl=de&source=hp&q=Friedrich+List+Schule&meta=&btnG=Google-Suche" "Mozilla/5.0 (Windows; U; Windows NT 5.1; de; rv:1.9.2) Gecko/20100115 Firefox/3.6 (.NET CLR 3.5.30729)"
89.247.223.118 - - [19/Mar/2010:09:35:00 +0100] "GET / HTTP/1.0" 302 - "-" "Mozilla/5.0 (Windows; U; Windows NT 5.1; de; rv:1.9.0.3) Gecko/2008092417 Firefox/3.0.3"
89.247.223.118 - - [19/Mar/2010:09:35:02 +0100] "GET / HTTP/1.0" 302 - "-" "Mozilla/5.0 (Windows; U; Windows NT 5.1; de; rv:1.9.0.3) Gecko/2008092417 Firefox/3.0.3"
89.247.223.118 - - [19/Mar/2010:09:35:07 +0100] "GET / HTTP/1.0" 302 - "-" "Mozilla/5.0 (Windows; U; Windows NT 5.1; de; rv:1.9.0.3) Gecko/2008092417 Firefox/3.0.3"
89.247.223.118 - - [19/Mar/2010:09:40:28 +0100] "GET / HTTP/1.0" 302 - "-" "Mozilla/5.0 (Windows; U; Windows NT 5.1; de; rv:1.9.0.3) Gecko/2008092417 Firefox/3.0.3"
89.247.223.118 - - [19/Mar/2010:09:55:36 +0100] "GET / HTTP/1.0" 302 - "-" "Mozilla/5.0 (Windows; U; Windows NT 5.1; de; rv:1.9.0.3) Gecko/2008092417 Firefox/3.0.3"
84.190.169.135 - - [19/Mar/2010:10:20:40 +0100] "GET / HTTP/1.0" 302 - "http://www.google.de/url?sa=t&source=web&ct=res&cd=1&ved=0CAYQFDAA&url=http%3A%2F%2Fwww.friedrich-list-berlin.de%2F&rct=j&q=osz+friedrich+list+berlin&ei=50GjS6_GCILc_QbSsuzqCQ&usg=AFQjCNGsKs3TvBQ4z91zrYvo9_SfKi5nug" "Mozilla/5.0 (Windows; U; Windows NT 5.1; de; rv:1.9.0.6) Gecko/2009011913 Firefox/3.0.6"
89.247.223.118 - - [19/Mar/2010:10:26:05 +0100] "GET / HTTP/1.0" 302 - "-" "Mozilla/5.0 (Windows; U; Windows NT 5.1; de; rv:1.9.0.3) Gecko/2008092417 Firefox/3.0.3"
89.247.223.118 - - [19/Mar/2010:10:32:23 +0100] "GET / HTTP/1.0" 302 - "-" "Mozilla/5.0 (Windows; U; Windows NT 5.1; de; rv:1.9.0.3) Gecko/2008092417 Firefox/3.0.3"
89.247.223.118 - - [19/Mar/2010:10:53:08 +0100] "GET / HTTP/1.0" 302 - "-" "Mozilla/5.0 (Windows; U; Windows NT 5.1; de; rv:1.9.0.3) Gecko/2008092417 Firefox/3.0.3"
87.185.192.176 - - [19/Mar/2010:11:03:43 +0100] "GET / HTTP/1.1" 302 - "http://www.google.de/url?sa=t&source=web&ct=res&cd=8&ved=0CB0QFDAH&url=http%3A%2F%2Fwww.friedrich-list-berlin.de%2F&rct=j&q=Oberstufenzentrum&ei=NkujS9OqBI2knQPz0vn-CQ&usg=AFQjCNGsKs3TvBQ4z91zrYvo9_SfKi5nug" "Mozilla/5.0 (Windows; U; Windows NT 5.1; de; rv:1.8.1.11) Gecko/20071127 Firefox/2.0.0.11"
89.247.219.56 - - [19/Mar/2010:11:48:24 +0100] "GET / HTTP/1.0" 302 - "-" "Mozilla/5.0 (Windows; U; Windows NT 5.1; de; rv:1.9.0.3) Gecko/2008092417 Firefox/3.0.3"
89.247.219.56 - - [19/Mar/2010:11:48:49 +0100] "GET / HTTP/1.0" 302 - "-" "Mozilla/5.0 (Windows; U; Windows NT 5.1; de; rv:1.9.0.3) Gecko/2008092417 Firefox/3.0.3"
89.247.219.56 - - [19/Mar/2010:11:48:49 +0100] "GET / HTTP/1.0" 302 - "-" "Mozilla/5.0 (Windows; U; Windows NT 5.1; de; rv:1.9.0.3) Gecko/2008092417 Firefox/3.0.3"
89.247.219.56 - - [19/Mar/2010:11:54:07 +0100] "GET / HTTP/1.0" 302 - "-" "Mozilla/5.0 (Windows; U; Windows NT 5.1; de; rv:1.9.0.3) Gecko/2008092417 Firefox/3.0.3"
89.247.219.56 - - [19/Mar/2010:11:59:48 +0100] "GET / HTTP/1.0" 302 - "-" "Mozilla/5.0 (Windows; U; Windows NT 5.1; de; rv:1.9.0.3) Gecko/2008092417 Firefox/3.0.3"
89.247.219.56 - - [19/Mar/2010:12:18:52 +0100] "GET / HTTP/1.0" 302 - "-" "Mozilla/5.0 (Windows; U; Windows NT 5.1; de; rv:1.9.0.3) Gecko/2008092417 Firefox/3.0.3"
89.247.219.56 - - [19/Mar/2010:12:19:28 +0100] "GET / HTTP/1.0" 302 - "-" "Mozilla/5.0 (Windows; U; Windows NT 5.1; de; rv:1.9.0.3) Gecko/2008092417 Firefox/3.0.3"
89.247.219.56 - - [19/Mar/2010:12:21:19 +0100] "GET / HTTP/1.0" 302 - "-" "Mozilla/5.0 (Windows; U; Windows NT 5.1; de; rv:1.9.0.3) Gecko/2008092417 Firefox/3.0.3"
89.247.219.56 - - [19/Mar/2010:12:25:36 +0100] "GET / HTTP/1.0" 302 - "-" "Mozilla/5.0 (Windows; U; Windows NT 5.1; de; rv:1.9.0.3) Gecko/2008092417 Firefox/3.0.3"
89.247.219.56 - - [19/Mar/2010:12:32:40 +0100] "GET / HTTP/1.0" 302 - "-" "Mozilla/5.0 (Windows; U; Windows NT 5.1; de; rv:1.9.0.3) Gecko/2008092417 Firefox/3.0.3"
89.247.219.56 - - [19/Mar/2010:12:37:01 +0100] "GET / HTTP/1.0" 302 - "-" "Mozilla/5.0 (Windows; U; Windows NT 5.1; de; rv:1.9.0.3) Gecko/2008092417 Firefox/3.0.3"
89.247.219.56 - - [19/Mar/2010:12:38:20 +0100] "GET / HTTP/1.0" 302 - "-" "Mozilla/5.0 (Windows; U; Windows NT 5.1; de; rv:1.9.0.3) Gecko/2008092417 Firefox/3.0.3"
89.247.219.56 - - [19/Mar/2010:12:38:46 +0100] "GET / HTTP/1.0" 302 - "-" "Mozilla/5.0 (Windows; U; Windows NT 5.1; de; rv:1.9.0.3) Gecko/2008092417 Firefox/3.0.3"
89.247.219.56 - - [19/Mar/2010:12:55:19 +0100] "GET / HTTP/1.0" 302 - "-" "Mozilla/5.0 (Windows; U; Windows NT 5.1; de; rv:1.9.0.3) Gecko/2008092417 Firefox/3.0.3"
89.247.219.56 - - [19/Mar/2010:12:57:57 +0100] "GET / HTTP/1.0" 302 - "-" "Mozilla/5.0 (Windows; U; Windows NT 5.1; de; rv:1.9.0.3) Gecko/2008092417 Firefox/3.0.3"
89.247.219.56 - - [19/Mar/2010:13:06:44 +0100] "GET / HTTP/1.0" 302 - "-" "Mozilla/5.0 (Windows; U; Windows NT 5.1; de; rv:1.9.0.3) Gecko/2008092417 Firefox/3.0.3"
217.118.24.107 - - [19/Mar/2010:13:15:13 +0100] "GET / HTTP/1.1" 302 - "-" "Mozilla/5.0 (X11; U; Linux i686; en-US; rv:1.9.0.1) Gecko/2008070206 Firefox/3.0.1"
89.247.219.56 - - [19/Mar/2010:13:31:45 +0100] "GET / HTTP/1.0" 302 - "-" "Mozilla/5.0 (Windows; U; Windows NT 5.1; de; rv:1.9.0.3) Gecko/2008092417 Firefox/3.0.3"
89.247.219.56 - - [19/Mar/2010:13:32:23 +0100] "GET / HTTP/1.0" 302 - "-" "Mozilla/5.0 (Windows; U; Windows NT 5.1; de; rv:1.9.0.3) Gecko/2008092417 Firefox/3.0.3"
89.247.219.56 - - [19/Mar/2010:13:32:28 +0100] "GET / HTTP/1.0" 302 - "-" "Mozilla/5.0 (Windows; U; Windows NT 5.1; de; rv:1.9.0.18) Gecko/2010020220 Firefox/3.0.18"
85.178.76.58 - - [19/Mar/2010:13:38:48 +0100] "GET / HTTP/1.1" 302 - "http://domino2.berufsschulen.de/berufsschulen.nsf/Berlin?OpenView" "Opera/9.64 (Windows NT 6.0; U; de) Presto/2.1.1"
89.247.219.56 - - [19/Mar/2010:13:49:47 +0100] "GET / HTTP/1.0" 302 - "-" "Mozilla/5.0 (Windows; U; Windows NT 5.1; de; rv:1.9.0.3) Gecko/2008092417 Firefox/3.0.3"
87.185.68.249 - - [19/Mar/2010:14:10:19 +0100] "GET / HTTP/1.1" 302 - "http://maps.google.de/maps?hl=de&source=hp&gs_rfai=&um=1&ie=UTF-8&q=osz+berlin&fb=1&gl=de&hq=osz&hnear=berlin&view=text&ei=Tm-jS5yoFpfimgP3-pH2CQ&sa=X&oi=local_group&ct=more-results&resnum=1&ved=0CB0QtwMwAA" "Mozilla/5.0 (Windows; U; Windows NT 5.1; de; rv:1.9.2) Gecko/20100115 Firefox/3.6"
89.247.219.56 - - [19/Mar/2010:14:33:48 +0100] "GET / HTTP/1.0" 302 - "-" "Mozilla/5.0 (Windows; U; Windows NT 5.1; de; rv:1.9.0.3) Gecko/2008092417 Firefox/3.0.3"
92.230.189.254 - - [19/Mar/2010:14:40:46 +0100] "GET / HTTP/1.1" 302 - "http://www.google.de/search?client=firefox-a&rls=org.mozilla%3Ade%3Aofficial&channel=s&hl=de&source=hp&q=OSZ+Friedrich-Liste-Schule&meta=&btnG=Google-Suche" "Mozilla/5.0 (Windows; U; Windows NT 6.1; de; rv:1.9.1.8) Gecko/20100202 Firefox/3.5.8"
92.230.189.254 - - [19/Mar/2010:14:40:48 +0100] "GET / HTTP/1.1" 302 - "http://www.google.de/search?client=firefox-a&rls=org.mozilla%3Ade%3Aofficial&channel=s&hl=de&source=hp&q=OSZ+Friedrich-Liste-Schule&meta=&btnG=Google-Suche" "Mozilla/5.0 (Windows; U; Windows NT 6.1; de; rv:1.9.1.8) Gecko/20100202 Firefox/3.5.8"
89.247.219.56 - - [19/Mar/2010:14:46:16 +0100] "GET / HTTP/1.0" 302 - "-" "Mozilla/5.0 (Windows; U; Windows NT 5.1; de; rv:1.9.0.3) Gecko/2008092417 Firefox/3.0.3"
87.123.113.78 - - [19/Mar/2010:15:19:10 +0100] "GET / HTTP/1.1" 302 - "-" "Mozilla/5.0 (Windows; U; Windows NT 5.1; de; rv:1.9.2) Gecko/20100115 Firefox/3.6 (.NET CLR 3.5.30729)"
87.123.113.78 - - [19/Mar/2010:15:19:17 +0100] "GET / HTTP/1.1" 302 - "-" "Mozilla/5.0 (Windows; U; Windows NT 5.1; de; rv:1.9.2) Gecko/20100115 Firefox/3.6 (.NET CLR 3.5.30729)"
62.220.3.212 - - [19/Mar/2010:15:19:23 +0100] "GET / HTTP/1.1" 302 - "http://www.google.de/search?sourceid=navclient&aq=t&hl=de&ie=UTF-8&rls=GGLJ,GGLJ:2006-34,GGLJ:de&q=OSZ+FRIEDrich+list" "Mozilla/4.0 (compatible; MSIE 6.0; Windows NT 5.1; SV1; .NET CLR 1.1.4322)"
92.230.189.68 - - [19/Mar/2010:16:05:57 +0100] "GET / HTTP/1.1" 302 - "http://www.google.com/search?hl=de&client=opera&hs=TKe&rls=de&ei=hZKjS9SmMYej_gbUhIiECg&sa=X&oi=spell&resnum=0&ct=result&cd=1&ved=0CAQQBSgA&q=http%3A//friedrich-list-schule.de/&spell=1" "Opera/9.62 (Windows NT 5.1; U; de) Presto/2.1.1"
87.118.82.104 - - [19/Mar/2010:16:11:24 +0100] "GET / HTTP/1.0" 302 - "http://www.carhififorum.de/#prv_msg_box" "Mozilla/4.0 (compatible; MSIE 7.0; Windows NT 6.0; Trident/4.0)"
87.118.82.104 - - [19/Mar/2010:16:26:13 +0100] "GET / HTTP/1.0" 302 - "http://www.referertrick.com" "Mozilla/4.0 (compatible; MSIE 7.0; Windows NT 6.0; Trident/4.0)"
67.218.116.162 - - [19/Mar/2010:17:10:18 +0100] "GET /robots.txt HTTP/1.1" 404 1256 "-" "Mozilla/5.0 (Twiceler-0.9 http://www.cuil.com/twiceler/robot.html)"
207.46.13.134 - - [19/Mar/2010:17:33:08 +0100] "GET /robots.txt HTTP/1.1" 404 1256 "-" "msnbot/2.0b (+http://search.msn.com/msnbot.htm)"
207.46.13.134 - - [19/Mar/2010:17:34:08 +0100] "GET / HTTP/1.1" 302 - "-" "msnbot/2.0b (+http://search.msn.com/msnbot.htm)"
85.178.205.80 - - [19/Mar/2010:17:40:18 +0100] "GET / HTTP/1.1" 302 - "http://www.google.de/url?sa=t&source=web&ct=res&cd=2&ved=0CA0QFjAB&url=http%3A%2F%2Fwww.friedrich-list-berlin.de%2F&rct=j&q=Friedrich+Realschule+in+Berlin+&ei=QKijS6edFsv8_Aavs6iPCg&usg=AFQjCNGsKs3TvBQ4z91zrYvo9_SfKi5nug" "Mozilla/4.0 (compatible; MSIE 8.0; Windows NT 5.1; Trident/4.0; GTB6.4; .NET CLR 2.0.50727; .NET CLR 3.0.4506.2152; .NET CLR 3.5.30729)"
87.250.255.242 - - [19/Mar/2010:19:55:06 +0100] "GET /robots.txt HTTP/1.1" 404 1256 "-" "Yandex/1.01.001 (compatible; Win16; I)"
212.187.55.239 - - [19/Mar/2010:20:36:14 +0100] "GET / HTTP/1.1" 302 - "-" "Java/1.6.0_17"
212.187.55.239 - - [19/Mar/2010:20:36:15 +0100] "GET /fls_1_aktuelles.php HTTP/1.1" 404 1256 "-" "Java/1.6.0_17"
212.187.55.239 - - [19/Mar/2010:20:36:15 +0100] "GET /fls_2_fremdsprachensekr.php HTTP/1.1" 404 1256 "-" "Java/1.6.0_17"
212.187.55.239 - - [19/Mar/2010:20:36:15 +0100] "GET /fls_3_fls_international.php HTTP/1.1" 404 1256 "-" "Java/1.6.0_17"
212.187.55.239 - - [19/Mar/2010:20:36:15 +0100] "GET /fls_4_faq.php HTTP/1.1" 404 1256 "-" "Java/1.6.0_17"
212.187.55.239 - - [19/Mar/2010:20:36:15 +0100] "GET /fls_4_impressum.php HTTP/1.1" 404 1256 "-" "Java/1.6.0_17"
212.187.55.239 - - [19/Mar/2010:20:36:15 +0100] "GET /fls_4_kontakt_anmeldung.php HTTP/1.1" 404 1256 "-" "Java/1.6.0_17"
212.187.55.239 - - [19/Mar/2010:20:36:15 +0100] "GET /index.php HTTP/1.1" 302 - "-" "Java/1.6.0_17"
212.187.55.239 - - [19/Mar/2010:20:36:16 +0100] "GET /ddlevelsfiles/ddlevelsmenu.js HTTP/1.1" 404 1256 "-" "Java/1.6.0_17"
212.187.55.239 - - [19/Mar/2010:20:36:16 +0100] "GET /js/lightwindow.js HTTP/1.1" 404 1256 "-" "Java/1.6.0_17"
212.187.55.239 - - [19/Mar/2010:20:36:16 +0100] "GET /js/prototype.js HTTP/1.1" 404 1256 "-" "Java/1.6.0_17"
212.187.55.239 - - [19/Mar/2010:20:36:16 +0100] "GET /js/scriptaculous.js?load=effects HTTP/1.1" 404 1256 "-" "Java/1.6.0_17"
77.186.112.193 - - [19/Mar/2010:23:59:57 +0100] "GET / HTTP/1.1" 302 - "http://www.google.de/search?hl=de&q=osz+wirtschaftssprachen&sourceid=navclient-ff&rlz=1B3GGIC_de___DE359&ie=UTF-8&aq=0&oq=osz+wirtschaftsspr" "Mozilla/5.0 (Windows; U; Windows NT 6.0; de; rv:1.9.1.8) Gecko/20100202 Firefox/3.5.8 GTB6 (.NET CLR 3.5.30729)"
208.80.193.33 - - [20/Mar/2010:08:50:35 +0100] "GET / HTTP/1.0" 302 - "-" "Mozilla/4.0 (compatible; MSIE 7.0; Windows NT 5.1; (R1 1.5); MSN 6.1; MSNbMSFT; MSNmen-us; MSNc00)"
87.118.82.104 - - [20/Mar/2010:09:42:41 +0100] "GET / HTTP/1.0" 302 - "http://www.referertrick.com" "Mozilla/4.0 (compatible; MSIE 7.0; Windows NT 6.0; Trident/4.0)"
87.123.73.57 - - [20/Mar/2010:09:43:53 +0100] "GET / HTTP/1.1" 302 - "http://www.google.de/search?q=friedrich+list&ie=utf-8&oe=utf-8&aq=t&rls=org.mozilla:de:official&client=firefox-a" "Mozilla/5.0 (Windows; U; Windows NT 5.1; de; rv:1.9.2) Gecko/20100115 Firefox/3.6 (.NET CLR 3.5.30729)"
212.187.55.239 - - [20/Mar/2010:10:14:55 +0100] "GET / HTTP/1.1" 302 - "-" "Java/1.6.0_17"
212.187.55.239 - - [20/Mar/2010:10:14:56 +0100] "GET /fls_1_aktuelles.php HTTP/1.1" 404 1256 "-" "Java/1.6.0_17"
212.187.55.239 - - [20/Mar/2010:10:14:56 +0100] "GET /fls_2_fremdsprachensekr.php HTTP/1.1" 404 1256 "-" "Java/1.6.0_17"
212.187.55.239 - - [20/Mar/2010:10:14:56 +0100] "GET /fls_3_fls_international.php HTTP/1.1" 404 1256 "-" "Java/1.6.0_17"
212.187.55.239 - - [20/Mar/2010:10:14:56 +0100] "GET /fls_4_faq.php HTTP/1.1" 404 1256 "-" "Java/1.6.0_17"
212.187.55.239 - - [20/Mar/2010:10:14:56 +0100] "GET /fls_4_impressum.php HTTP/1.1" 404 1256 "-" "Java/1.6.0_17"
212.187.55.239 - - [20/Mar/2010:10:14:56 +0100] "GET /fls_4_kontakt_anmeldung.php HTTP/1.1" 404 1256 "-" "Java/1.6.0_17"
212.187.55.239 - - [20/Mar/2010:10:14:56 +0100] "GET /index.php HTTP/1.1" 302 - "-" "Java/1.6.0_17"
212.187.55.239 - - [20/Mar/2010:10:14:57 +0100] "GET /ddlevelsfiles/ddlevelsmenu.js HTTP/1.1" 404 1256 "-" "Java/1.6.0_17"
212.187.55.239 - - [20/Mar/2010:10:14:57 +0100] "GET /js/lightwindow.js HTTP/1.1" 404 1256 "-" "Java/1.6.0_17"
212.187.55.239 - - [20/Mar/2010:10:14:57 +0100] "GET /js/prototype.js HTTP/1.1" 404 1256 "-" "Java/1.6.0_17"
212.187.55.239 - - [20/Mar/2010:10:14:57 +0100] "GET /js/scriptaculous.js?load=effects HTTP/1.1" 404 1256 "-" "Java/1.6.0_17"
87.118.82.104 - - [20/Mar/2010:12:39:39 +0100] "GET / HTTP/1.0" 302 - "http://www.referertrick.com" "Mozilla/4.0 (compatible; MSIE 7.0; Windows NT 6.0; Trident/4.0)"
87.250.255.242 - - [20/Mar/2010:13:05:42 +0100] "GET / HTTP/1.1" 302 - "-" "Yandex/1.01.001 (compatible; Win16; I)"
84.190.227.145 - - [20/Mar/2010:14:53:00 +0100] "GET / HTTP/1.1" 302 - "http://www.google.de/url?sa=t&source=web&ct=res&cd=1&ved=0CAYQFjAA&url=http%3A%2F%2Fwww.friedrich-list-berlin.de%2F&rct=j&q=osz+berlin+sch%C3%B6neberg&ei=DdOkS7HJPMiksAa768TwCA&usg=AFQjCNGsKs3TvBQ4z91zrYvo9_SfKi5nug" "Mozilla/4.0 (compatible; MSIE 7.0; TOB 6.06; Windows NT 6.0; Trident/4.0; GoogleT5; SLCC1; .NET CLR 2.0.50727; Media Center PC 5.0; .NET CLR 3.5.30729; .NET CLR 3.0.30618)"
87.118.82.66 - - [20/Mar/2010:16:33:18 +0100] "GET / HTTP/1.0" 302 - "http://www.referertrick.com" "Mozilla/4.0 (compatible; MSIE 7.0; Windows NT 6.0; Trident/4.0)"
87.118.82.104 - - [20/Mar/2010:17:42:45 +0100] "GET / HTTP/1.0" 302 - "http://www.referertrick.com" "Mozilla/4.0 (compatible; MSIE 7.0; Windows NT 6.0; Trident/4.0)"
85.178.84.240 - - [20/Mar/2010:18:42:39 +0100] "GET / HTTP/1.1" 302 - "-" "Mozilla/4.0 (compatible; MSIE 8.0; Windows NT 5.1; Trident/4.0; InfoPath.1)"
207.46.195.229 - - [20/Mar/2010:18:58:32 +0100] "GET /robots.txt HTTP/1.1" 404 1256 "-" "msnbot/2.0b (+http://search.msn.com/msnbot.htm)"
207.46.195.229 - - [20/Mar/2010:18:59:24 +0100] "GET / HTTP/1.1" 302 - "-" "msnbot/2.0b (+http://search.msn.com/msnbot.htm)"
78.53.7.178 - - [20/Mar/2010:19:41:02 +0100] "GET / HTTP/1.1" 302 - "http://www.google.de/search?hl=de&client=firefox-a&hs=SVj&rls=org.mozilla%3Ade%3Aofficial&q=Friedrich+List+Gymnasium+Berlin&meta=&aq=f&aqi=g1&aql=&oq=&gs_rfai=" "Mozilla/5.0 (Macintosh; U; Intel Mac OS X 10.6; de; rv:1.9.2) Gecko/20100115 Firefox/3.6"
87.118.116.23 - - [20/Mar/2010:21:50:54 +0100] "GET / HTTP/1.0" 302 - "http://www.referertrick.com" "Mozilla/4.0 (compatible; MSIE 7.0; Windows NT 6.0; Trident/4.0)"
92.225.55.66 - - [20/Mar/2010:21:58:13 +0100] "GET / HTTP/1.1" 302 - "http://www.google.de/search?hl=de&client=firefox-a&hs=jcl&rls=org.mozilla%3Ade%3Aofficial&channel=s&q=friedrich+list+oberschule&meta=&aq=0&aqi=g1&aql=&oq=friedrich+list+ober&gs_rfai=" "Mozilla/5.0 (Windows; U; Windows NT 5.1; de; rv:1.9.2) Gecko/20100115 Firefox/3.6"
87.123.121.222 - - [20/Mar/2010:22:30:19 +0100] "GET / HTTP/1.1" 302 - "http://vlw-berlin.de/web/schulen.html" "Mozilla/4.0 (compatible; MSIE 6.0; Windows NT 5.1; GTB6.4; SV1)"
87.118.116.23 - - [20/Mar/2010:22:53:19 +0100] "GET / HTTP/1.0" 302 - "http://www.referertrick.com" "Mozilla/4.0 (compatible; MSIE 7.0; Windows NT 6.0; Trident/4.0)"
87.118.82.104 - - [20/Mar/2010:23:05:13 +0100] "GET / HTTP/1.0" 302 - "http://www.referertrick.com" "Mozilla/4.0 (compatible; MSIE 7.0; Windows NT 6.0; Trident/4.0)"
85.25.120.216 - - [20/Mar/2010:23:29:57 +0100] "GET /robots.txt HTTP/1.1" 404 1256 "-" "Mozilla/5.0 (compatible; iCcrawler - iCjobs Stellenangebote Jobs; http://www.icjobs.de)"
85.25.120.216 - - [20/Mar/2010:23:29:58 +0100] "GET / HTTP/1.1" 302 - "-" "Mozilla/5.0 (compatible; iCcrawler - iCjobs Stellenangebote Jobs; http://www.icjobs.de)"
87.118.82.66 - - [21/Mar/2010:09:17:28 +0100] "GET / HTTP/1.0" 302 - "http://www.referertrick.com" "Mozilla/4.0 (compatible; MSIE 7.0; Windows NT 6.0; Trident/4.0)"
38.99.97.131 - - [21/Mar/2010:09:20:34 +0100] "GET /robots.txt HTTP/1.1" 404 1256 "-" "Mozilla/5.0 (compatible; ScoutJet; +http://www.scoutjet.com/)"
38.99.97.131 - - [21/Mar/2010:09:20:46 +0100] "GET / HTTP/1.1" 302 - "-" "Mozilla/5.0 (compatible; ScoutJet; +http://www.scoutjet.com/)"
207.46.199.195 - - [21/Mar/2010:09:34:49 +0100] "GET /robots.txt HTTP/1.1" 404 1256 "-" "msnbot/2.0b (+http://search.msn.com/msnbot.htm)"
79.201.205.6 - - [21/Mar/2010:11:13:49 +0100] "GET / HTTP/1.1" 302 - "http://www.stayfriends.de/j/ViewController?action=classlist&crc=9645649" "Mozilla/4.0 (compatible; MSIE 8.0; Windows NT 6.1; WOW64; Trident/4.0; SLCC2; .NET CLR 2.0.50727; .NET CLR 3.5.30729; .NET CLR 3.0.30729; Media Center PC 6.0)"
67.16.94.2 - - [21/Mar/2010:14:12:12 +0100] "GET /robots.txt HTTP/1.0" 404 1256 "-" "Gigabot/3.0 (http://www.gigablast.com/spider.html)"
67.16.94.2 - - [21/Mar/2010:14:12:13 +0100] "GET / HTTP/1.0" 302 - "-" "Gigabot/3.0 (http://www.gigablast.com/spider.html)"
91.65.171.204 - - [21/Mar/2010:14:13:51 +0100] "GET / HTTP/1.1" 302 - "http://www.google.de/search?q=osz+friedrich+list&ie=utf-8&oe=utf-8&aq=t&rls=org.mozilla:de:official&client=firefox-a" "Mozilla/5.0 (Windows; U; Windows NT 6.0; de; rv:1.9.2) Gecko/20100115 Firefox/3.6 (.NET CLR 3.5.30729)"
78.52.204.92 - - [21/Mar/2010:14:17:31 +0100] "GET / HTTP/1.1" 302 - "http://www.google.de/search?sourceid=navclient&hl=de&ie=UTF-8&rlz=1T4ACAW_deDE364DE364&q=oberstufenzentrum+berlin" "Mozilla/4.0 (compatible; MSIE 7.0; Windows NT 5.1; GTB6.4; .NET CLR 2.0.50727; eSobiSubscriber 2.0.4.16; .NET CLR 3.0.4506.2152; .NET CLR 3.5.30729)"
67.218.116.162 - - [21/Mar/2010:14:47:37 +0100] "GET /robots.txt HTTP/1.1" 404 1256 "-" "Mozilla/5.0 (Twiceler-0.9 http://www.cuil.com/twiceler/robot.html)"
87.118.116.23 - - [21/Mar/2010:15:03:11 +0100] "GET / HTTP/1.0" 302 - "http://www.referertrick.com" "Mozilla/4.0 (compatible; MSIE 7.0; Windows NT 6.0; Trident/4.0)"
92.225.22.122 - - [21/Mar/2010:17:01:04 +0100] "GET / HTTP/1.1" 302 - "http://www.google.de/search?client=firefox-a&rls=org.mozilla%3Ade%3Aofficial&channel=s&hl=de&source=hp&q=friedrich-list-berlin&meta=&btnG=Google-Suche" "Mozilla/5.0 (Windows; U; Windows NT 5.1; de; rv:1.9.1.8) Gecko/20100202 Firefox/3.5.8 (.NET CLR 3.5.30729)"
92.225.22.122 - - [21/Mar/2010:17:01:06 +0100] "GET / HTTP/1.1" 302 - "http://www.google.de/search?client=firefox-a&rls=org.mozilla%3Ade%3Aofficial&channel=s&hl=de&source=hp&q=friedrich-list-berlin&meta=&btnG=Google-Suche" "Mozilla/5.0 (Windows; U; Windows NT 5.1; de; rv:1.9.1.8) Gecko/20100202 Firefox/3.5.8 (.NET CLR 3.5.30729)"
93.220.75.75 - - [21/Mar/2010:17:27:16 +0100] "GET /favicon.ico HTTP/1.1" 404 1256 "-" "Mozilla/4.0 (compatible; MSIE 7.0; Windows NT 6.0; WOW64; Trident/4.0; SLCC1; .NET CLR 2.0.50727; Media Center PC 5.0; InfoPath.2; .NET CLR 3.5.30729; .NET CLR 3.0.30729; OfficeLiveConnector.1.4; OfficeLivePatch.1.3)"
217.68.188.52 - - [21/Mar/2010:17:44:26 +0100] "GET / HTTP/1.1" 302 - "http://www.google.com/url?sa=D&q=http://www.friedrich-list-berlin.de/&usg=AFQjCNEzwJg1Tfw7G3BlVecmK3Kmh_Rohw" "Mozilla/5.0 (Windows; U; Windows NT 6.0; en-US) AppleWebKit/532.5 (KHTML, like Gecko) Chrome/4.1.249.1036 Safari/532.5"
207.46.195.238 - - [21/Mar/2010:17:54:01 +0100] "GET /robots.txt HTTP/1.1" 404 1256 "-" "msnbot/2.0b (+http://search.msn.com/msnbot.htm)"
207.46.195.238 - - [21/Mar/2010:17:54:53 +0100] "GET / HTTP/1.1" 302 - "-" "msnbot/2.0b (+http://search.msn.com/msnbot.htm)"
85.178.210.123 - - [21/Mar/2010:18:23:38 +0100] "GET / HTTP/1.1" 302 - "http://www.google.de/search?client=safari&rls=en&q=berufsbildende+schulen+berlin&ie=UTF-8&oe=UTF-8&redir_esc=&ei=IVWmS-zWG9GA_Qay6syvCQ" "Mozilla/5.0 (Macintosh; U; Intel Mac OS X 10_6_2; en-us) AppleWebKit/531.21.8 (KHTML, like Gecko) Version/4.0.4 Safari/531.21.10"
92.229.62.125 - - [21/Mar/2010:18:43:06 +0100] "GET / HTTP/1.1" 302 - "http://www.regional.abi.de/details.jsp?roid=4237&oid=17956&tid=1&eid=89643" "Opera/9.80 (Windows NT 6.0; U; de) Presto/2.2.15 Version/10.10"
207.46.204.240 - - [21/Mar/2010:19:44:03 +0100] "GET /robots.txt HTTP/1.1" 404 1256 "-" "msnbot/2.0b (+http://search.msn.com/msnbot.htm)"
207.46.204.240 - - [21/Mar/2010:19:44:56 +0100] "GET / HTTP/1.1" 302 - "-" "msnbot/2.0b (+http://search.msn.com/msnbot.htm)"
88.72.77.212 - - [21/Mar/2010:21:05:18 +0100] "GET / HTTP/1.1" 302 - "http://www.google.de/url?sa=t&source=web&ct=res&cd=1&ved=0CAYQFDAA&url=http%3A%2F%2Fwww.friedrich-list-berlin.de%2F&rct=j&q=osz+friedrich+list&ei=2numS9awCOSisQbRt523CA&usg=AFQjCNGsKs3TvBQ4z91zrYvo9_SfKi5nug" "Mozilla/4.0 (compatible; MSIE 8.0; Windows NT 5.1; Trident/4.0; InfoPath.1)"
92.77.72.214 - - [21/Mar/2010:22:10:27 +0100] "GET / HTTP/1.1" 302 - "http://maps.google.de/maps?hl=de&q=berufsbildende%20schulen%20berlin%20wirtschaft&aql=&oq=&gs_rfai=&um=1&ie=UTF-8&sa=N&tab=wl" "Mozilla/4.0 (compatible; MSIE 7.0; Windows NT 6.0; SLCC1; .NET CLR 2.0.50727; Media Center PC 5.0; .NET CLR 3.5.30729; .NET CLR 3.0.30618)"
195.80.219.152 - - [21/Mar/2010:22:19:25 +0100] "GET / HTTP/1.1" 302 - "http://www.google.com/search?q=friedrich+list+schule+&ie=utf-8&oe=utf-8&aq=t&rls=org.mozilla:pl:official&client=firefox-a" "Mozilla/5.0 (Windows; U; Windows NT 5.1; pl; rv:1.9.2) Gecko/20100115 Firefox/3.6 (.NET CLR 3.5.30729)"
208.80.193.28 - - [21/Mar/2010:23:17:48 +0100] "GET / HTTP/1.0" 302 - "-" "Mozilla/4.0 (compatible; MSIE 6.0; Windows NT 5.1; YComp 5.0.2.6; SV1; FunWebProducts; .NET CLR 2.0.50727)"
87.118.82.66 - - [22/Mar/2010:08:15:45 +0100] "GET / HTTP/1.0" 302 - "http://www.referertrick.com" "Mozilla/4.0 (compatible; MSIE 7.0; Windows NT 6.0; Trident/4.0)"
62.220.3.212 - - [22/Mar/2010:08:37:15 +0100] "GET / HTTP/1.1" 302 - "http://www.google.de/search?sourceid=navclient&aq=t&hl=de&ie=UTF-8&rls=GGLJ,GGLJ:2006-34,GGLJ:de&q=friedrich+list+osz+berlin" "Mozilla/4.0 (compatible; MSIE 6.0; Windows NT 5.1; SV1; .NET CLR 1.1.4322)"
89.247.204.52 - - [22/Mar/2010:09:36:58 +0100] "GET / HTTP/1.0" 302 - "-" "Mozilla/5.0 (Windows; U; Windows NT 5.1; de; rv:1.9.0.3) Gecko/2008092417 Firefox/3.0.3"
89.247.204.52 - - [22/Mar/2010:09:37:32 +0100] "GET / HTTP/1.0" 302 - "-" "Mozilla/5.0 (Windows; U; Windows NT 5.1; de; rv:1.9.0.18) Gecko/2010020220 Firefox/3.0.18"
77.185.217.255 - - [22/Mar/2010:09:46:53 +0100] "GET / HTTP/1.1" 302 - "http://www.google.de/url?sa=t&source=web&ct=res&cd=1&ved=0CAoQFDAA&url=http%3A%2F%2Fwww.friedrich-list-berlin.de%2F&rct=j&q=friedrich-list+schule+berlin&ei=dy6nS4PNL870_Aav2MzmAg&usg=AFQjCNGsKs3TvBQ4z91zrYvo9_SfKi5nug" "Mozilla/5.0 (Windows; U; Windows NT 6.0; de; rv:1.9.1.8) Gecko/20100202 Firefox/3.5.8 (.NET CLR 3.5.30729)"
217.110.198.34 - - [22/Mar/2010:09:53:28 +0100] "GET / HTTP/1.1" 302 - "http://www.google.de/search?q=friedrich+list+osz+berlin&rlz=1I7ADFA_de" "Mozilla/4.0 (compatible; MSIE 8.0; Windows NT 5.1; Trident/4.0; GTB6; .NET CLR 1.1.4322; MSN OptimizedIE8;DEDE)"
150.70.84.42 - - [22/Mar/2010:09:55:12 +0100] "GET / HTTP/1.0" 302 - "-" "Mozilla/4.0 (compatible; MSIE 6.0; Windows NT 5.1)"
89.247.204.52 - - [22/Mar/2010:10:05:01 +0100] "GET / HTTP/1.0" 302 - "-" "Mozilla/5.0 (Windows; U; Windows NT 5.1; de; rv:1.9.0.3) Gecko/2008092417 Firefox/3.0.3"
84.189.226.68 - - [22/Mar/2010:10:56:37 +0100] "GET / HTTP/1.1" 302 - "http://www.google.de/search?sourceid=navclient&hl=de&ie=UTF-8&rlz=1T4SKPB_deDE237DE244&q=berufsschulen+berlin" "Mozilla/4.0 (compatible; MSIE 8.0; Windows NT 5.1; Trident/4.0; GTB6.4; Media Center PC 3.0; .NET CLR 1.0.3705; .NET CLR 1.1.4322)"
89.247.204.52 - - [22/Mar/2010:10:57:57 +0100] "GET / HTTP/1.0" 302 - "-" "Mozilla/5.0 (Windows; U; Windows NT 5.1; de; rv:1.9.0.3) Gecko/2008092417 Firefox/3.0.3"
92.225.60.58 - - [22/Mar/2010:11:07:43 +0100] "GET / HTTP/1.1" 302 - "http://www.google.de/search?q=friedrich-list+schule+berlin&ie=utf-8&oe=utf-8&aq=t&rls=org.mozilla:de:official&client=firefox-a" "Mozilla/5.0 (Windows; U; Windows NT 5.1; de; rv:1.9.2) Gecko/20100115 Firefox/3.6"
64.246.161.190 - - [22/Mar/2010:11:09:44 +0100] "GET /robots.txt HTTP/1.0" 404 1256 "-" "Mozilla/5.0 (Windows; U; Windows NT 5.1; en; rv:1.9.0.13) Gecko/2009073022 Firefox/3.5.2 (.NET CLR 3.5.30729) SurveyBot/2.3 (DomainTools)"
64.246.161.190 - - [22/Mar/2010:11:09:47 +0100] "GET / HTTP/1.1" 302 - "http://whois.domaintools.com/friedrich-list-berlin.de" "Mozilla/5.0 (Windows; U; Windows NT 5.1; en; rv:1.9.0.13) Gecko/2009073022 Firefox/3.5.2 (.NET CLR 3.5.30729) SurveyBot/2.3 (DomainTools)"
89.247.204.52 - - [22/Mar/2010:11:17:55 +0100] "GET / HTTP/1.0" 302 - "-" "Mozilla/5.0 (Windows; U; Windows NT 5.1; de; rv:1.9.0.14) Gecko/2009082707 Firefox/3.0.14"
92.225.60.58 - - [22/Mar/2010:11:25:33 +0100] "GET / HTTP/1.1" 302 - "http://www.google.de/search?q=friedrich-list+schule+berlin&ie=utf-8&oe=utf-8&aq=t&rls=org.mozilla:de:official&client=firefox-a" "Mozilla/5.0 (Windows; U; Windows NT 5.1; de; rv:1.9.2) Gecko/20100115 Firefox/3.6"
85.179.2.57 - - [22/Mar/2010:11:34:05 +0100] "GET / HTTP/1.1" 302 - "http://www.google.de/url?sa=t&source=web&ct=res&cd=8&ved=0CCkQFDAH&url=http%3A%2F%2Fwww.friedrich-list-berlin.de%2F&rct=j&q=berufsschulen+in+berlin&ei=jUenS5-OMMbFsgaztPTYAQ&usg=AFQjCNGsKs3TvBQ4z91zrYvo9_SfKi5nug&sig2=nbjplD1uHf3L7VN7FpTEHA" "Mozilla/5.0 (Windows; U; Windows NT 5.1; de; rv:1.9.2) Gecko/20100115 Firefox/3.6 (.NET CLR 3.5.30729)"
85.179.2.57 - - [22/Mar/2010:11:37:36 +0100] "GET / HTTP/1.1" 302 - "http://www.google.de/url?sa=t&source=web&ct=res&cd=8&ved=0CCkQFDAH&url=http%3A%2F%2Fwww.friedrich-list-berlin.de%2F&rct=j&q=berufsschulen+in+berlin&ei=jUenS5-OMMbFsgaztPTYAQ&usg=AFQjCNGsKs3TvBQ4z91zrYvo9_SfKi5nug&sig2=nbjplD1uHf3L7VN7FpTEHA" "Mozilla/5.0 (Windows; U; Windows NT 5.1; de; rv:1.9.2) Gecko/20100115 Firefox/3.6 (.NET CLR 3.5.30729)"
78.52.100.138 - - [22/Mar/2010:11:41:07 +0100] "GET / HTTP/1.1" 302 - "http://www.google.de/search?q=osz+neuk%C3%B6lln&ie=utf-8&oe=utf-8&aq=t&rls=org.mozilla:de:official&client=firefox-a" "Mozilla/5.0 (Windows; U; Windows NT 5.1; de; rv:1.9.2) Gecko/20100115 Firefox/3.6 (.NET CLR 3.5.30729)"
89.247.215.37 - - [22/Mar/2010:11:45:56 +0100] "GET / HTTP/1.0" 302 - "-" "Mozilla/5.0 (Windows; U; Windows NT 5.1; de; rv:1.9.0.3) Gecko/2008092417 Firefox/3.0.3"
89.247.215.37 - - [22/Mar/2010:11:46:25 +0100] "GET / HTTP/1.0" 302 - "-" "Mozilla/5.0 (Windows; U; Windows NT 5.1; de; rv:1.9.0.3) Gecko/2008092417 Firefox/3.0.3"
89.247.215.37 - - [22/Mar/2010:11:47:13 +0100] "GET / HTTP/1.0" 302 - "-" "Mozilla/5.0 (Windows; U; Windows NT 5.1; de; rv:1.9.0.3) Gecko/2008092417 Firefox/3.0.3"
89.247.215.37 - - [22/Mar/2010:12:03:59 +0100] "GET / HTTP/1.0" 302 - "-" "Mozilla/5.0 (Windows; U; Windows NT 5.1; de; rv:1.9.0.3) Gecko/2008092417 Firefox/3.0.3"
89.247.215.37 - - [22/Mar/2010:12:19:11 +0100] "GET / HTTP/1.0" 302 - "-" "Mozilla/5.0 (Windows; U; Windows NT 5.1; de; rv:1.9.0.3) Gecko/2008092417 Firefox/3.0.3"
89.247.215.37 - - [22/Mar/2010:12:21:26 +0100] "GET / HTTP/1.0" 302 - "-" "Mozilla/5.0 (Windows; U; Windows NT 5.1; de; rv:1.9.0.3) Gecko/2008092417 Firefox/3.0.3"
89.247.215.37 - - [22/Mar/2010:12:55:44 +0100] "GET / HTTP/1.0" 302 - "-" "Mozilla/5.0 (Windows; U; Windows NT 5.1; de; rv:1.9.0.3) Gecko/2008092417 Firefox/3.0.3"
89.247.215.37 - - [22/Mar/2010:13:12:41 +0100] "GET / HTTP/1.0" 302 - "-" "Mozilla/5.0 (Windows; U; Windows NT 5.1; de; rv:1.9.0.3) Gecko/2008092417 Firefox/3.0.3"
89.247.215.37 - - [22/Mar/2010:13:34:00 +0100] "GET / HTTP/1.0" 302 - "-" "Mozilla/5.0 (Windows; U; Windows NT 5.1; de; rv:1.9.0.3) Gecko/2008092417 Firefox/3.0.3"
79.222.50.245 - - [22/Mar/2010:13:58:30 +0100] "GET / HTTP/1.1" 302 - "http://www.google.de/search?hl=de&q=berufsbildende+schule+berlin&meta=&aq=f&aqi=&aql=&oq=&gs_rfai=" "Mozilla/5.0 (Windows; U; Windows NT 6.1; de; rv:1.9.2) Gecko/20100115 Firefox/3.6"
67.218.116.162 - - [22/Mar/2010:14:57:31 +0100] "GET /robots.txt HTTP/1.1" 404 1256 "-" "Mozilla/5.0 (Twiceler-0.9 http://www.cuil.com/twiceler/robot.html)"
65.55.106.115 - - [22/Mar/2010:15:19:41 +0100] "GET /robots.txt HTTP/1.1" 404 1256 "-" "msnbot/2.0b (+http://search.msn.com/msnbot.htm)"
87.118.82.66 - - [22/Mar/2010:17:46:50 +0100] "GET / HTTP/1.0" 302 - "http://www.referertrick.de" "Mozilla/4.0 (compatible; MSIE 8.0; Windows NT 6.1; Trident/4.0; SLCC2; .NET CLR 2.0.50727; .NET CLR 3.5.30729; .NET CLR 3.0.30729; Media Center PC 6.0; FDM; Alexa Toolbar; Tablet PC 2.0)"
85.178.114.141 - - [22/Mar/2010:20:05:11 +0100] "GET / HTTP/1.1" 302 - "http://www.google.de/url?sa=t&source=web&ct=res&cd=5&ved=0CBIQFDAE&url=http%3A%2F%2Fwww.friedrich-list-berlin.de%2F&rct=j&q=oberstufenzentrum+berlin&ei=ubynS-bOGJqGnQORl4jtAg&usg=AFQjCNGsKs3TvBQ4z91zrYvo9_SfKi5nug" "Mozilla/5.0 (Windows; U; Windows NT 6.0; de; rv:1.9.2) Gecko/20100115 Firefox/3.6 (.NET CLR 3.5.30729)"
92.195.14.128 - - [22/Mar/2010:20:12:26 +0100] "GET / HTTP/1.1" 302 - "http://www.google.de/search?q=friedrich+list+schule+fremdsparchen+berlin&ie=utf-8&oe=utf-8&aq=t&rls=com.yahoo:de:official&client=firefox" "Mozilla/5.0 (Windows; U; Windows NT 5.1; de; rv:1.9.1.2) Gecko/20090729 YFF35 Firefox/3.5.2"
84.190.213.111 - - [22/Mar/2010:22:59:02 +0100] "GET / HTTP/1.1" 302 - "http://de.linkedin.com/in/heikedanner" "Mozilla/5.0 (Windows; U; Windows NT 5.1; de; rv:1.9.2) Gecko/20100115 Firefox/3.6"
213.46.86.178 - - [23/Mar/2010:01:50:55 +0100] "GET / HTTP/1.1" 302 - "-" "Java/1.6.0_04"
213.46.86.178 - - [23/Mar/2010:01:50:55 +0100] "GET /fls_1_aktuelles.php HTTP/1.1" 404 1256 "-" "Java/1.6.0_04"
213.46.86.178 - - [23/Mar/2010:01:50:55 +0100] "GET /fls_2_fremdsprachensekr.php HTTP/1.1" 404 1256 "-" "Java/1.6.0_04"
213.46.86.178 - - [23/Mar/2010:01:50:55 +0100] "GET /fls_3_fls_international.php HTTP/1.1" 404 1256 "-" "Java/1.6.0_04"
213.46.86.178 - - [23/Mar/2010:01:50:56 +0100] "GET /fls_4_faq.php HTTP/1.1" 404 1256 "-" "Java/1.6.0_04"
213.46.86.178 - - [23/Mar/2010:01:50:56 +0100] "GET /fls_4_impressum.php HTTP/1.1" 404 1256 "-" "Java/1.6.0_04"
213.46.86.178 - - [23/Mar/2010:01:50:56 +0100] "GET /fls_4_kontakt_anmeldung.php HTTP/1.1" 404 1256 "-" "Java/1.6.0_04"
213.46.86.178 - - [23/Mar/2010:01:50:56 +0100] "GET /index.php HTTP/1.1" 302 - "-" "Java/1.6.0_04"
213.46.86.178 - - [23/Mar/2010:01:50:56 +0100] "GET /ddlevelsfiles/ddlevelsmenu.js HTTP/1.1" 404 1256 "-" "Java/1.6.0_04"
213.46.86.178 - - [23/Mar/2010:01:50:56 +0100] "GET /js/lightwindow.js HTTP/1.1" 404 1256 "-" "Java/1.6.0_04"
213.46.86.178 - - [23/Mar/2010:01:50:56 +0100] "GET /js/prototype.js HTTP/1.1" 404 1256 "-" "Java/1.6.0_04"
213.46.86.178 - - [23/Mar/2010:01:50:56 +0100] "GET /js/scriptaculous.js?load=effects HTTP/1.1" 404 1256 "-" "Java/1.6.0_04"
207.46.13.136 - - [23/Mar/2010:03:48:42 +0100] "GET /robots.txt HTTP/1.1" 404 1256 "-" "msnbot/2.0b (+http://search.msn.com/msnbot.htm)"
207.46.13.136 - - [23/Mar/2010:03:49:25 +0100] "GET / HTTP/1.1" 302 - "-" "msnbot/2.0b (+http://search.msn.com/msnbot.htm)"
87.118.82.66 - - [23/Mar/2010:04:00:10 +0100] "GET / HTTP/1.0" 302 - "http://www.referertrick.de" "Mozilla/4.0 (compatible; MSIE 8.0; Windows NT 6.1; Trident/4.0; SLCC2; .NET CLR 2.0.50727; .NET CLR 3.5.30729; .NET CLR 3.0.30729; Media Center PC 6.0; FDM; Alexa Toolbar; Tablet PC 2.0)"
137.226.232.19 - - [23/Mar/2010:05:23:45 +0100] "HEAD / HTTP/1.0" 302 - "http://www.schulweb.de/de/bestatschulweb/liste.html?kategorie=best_at&sprache=®ion=&list_anfang=96&trefferzahlauswahl=16&auswahl_1=&auswahl_2=&auswahl_3=&suchtext=&zeigen2=&sort=wertnummer" "Wget/1.11.3"
89.247.215.37 - - [23/Mar/2010:08:00:26 +0100] "GET / HTTP/1.0" 302 - "-" "Mozilla/5.0 (Windows; U; Windows NT 5.1; de; rv:1.9.0.3) Gecko/2008092417 Firefox/3.0.3"
89.247.215.37 - - [23/Mar/2010:08:02:01 +0100] "GET / HTTP/1.0" 302 - "-" "Mozilla/5.0 (Windows; U; Windows NT 5.1; de; rv:1.9.0.3) Gecko/2008092417 Firefox/3.0.3"
89.247.215.37 - - [23/Mar/2010:08:28:50 +0100] "GET / HTTP/1.0" 302 - "-" "Mozilla/5.0 (Windows; U; Windows NT 5.1; de; rv:1.9.0.3) Gecko/2008092417 Firefox/3.0.3"
89.247.215.37 - - [23/Mar/2010:08:31:29 +0100] "GET / HTTP/1.0" 302 - "-" "Mozilla/5.0 (Windows; U; Windows NT 5.1; de; rv:1.9.0.3) Gecko/2008092417 Firefox/3.0.3"
89.247.215.37 - - [23/Mar/2010:09:15:22 +0100] "GET / HTTP/1.0" 302 - "-" "Mozilla/5.0 (Windows; U; Windows NT 5.1; de; rv:1.9.0.3) Gecko/2008092417 Firefox/3.0.3"
217.232.95.160 - - [23/Mar/2010:09:17:32 +0100] "GET / HTTP/1.1" 302 - "http://www.friedrich-list-schule.com/index3.htm" "Mozilla/5.0 (Windows; U; Windows NT 5.1; de; rv:1.9.1.8) Gecko/20100202 Firefox/3.5.8 (.NET CLR 3.5.30729)"
89.247.215.37 - - [23/Mar/2010:09:37:55 +0100] "GET / HTTP/1.0" 302 - "-" "Mozilla/5.0 (Windows; U; Windows NT 5.1; de; rv:1.9.0.3) Gecko/2008092417 Firefox/3.0.3"
89.247.215.37 - - [23/Mar/2010:09:38:21 +0100] "GET / HTTP/1.0" 302 - "-" "Mozilla/5.0 (Windows; U; Windows NT 5.1; de; rv:1.9.0.3) Gecko/2008092417 Firefox/3.0.3"
88.73.109.31 - - [23/Mar/2010:09:57:34 +0100] "GET / HTTP/1.1" 302 - "http://www.google.de/url?sa=t&source=web&ct=res&cd=5&ved=0CBIQFDAE&url=http%3A%2F%2Fwww.friedrich-list-berlin.de%2F&rct=j&q=oberstufenzentrum+berlin&ei=WoKoS74GkoiaA9G-zXo&usg=AFQjCNGsKs3TvBQ4z91zrYvo9_SfKi5nug" "Mozilla/5.0 (Windows; U; Windows NT 5.1; de; rv:1.9.2) Gecko/20100115 Firefox/3.6 GTB6 (.NET CLR 3.5.30729)"
80.134.238.233 - - [23/Mar/2010:10:45:06 +0100] "GET / HTTP/1.1" 302 - "http://www.google.de/search?q=oberstufenzentrum+charlottenburg&ie=utf-8&oe=utf-8&aq=t&rls=org.mozilla:de:official&client=firefox-a" "Mozilla/5.0 (Windows; U; Windows NT 6.0; de; rv:1.9.1.8) Gecko/20100202 Firefox/3.5.8 (.NET CLR 3.5.30729)"
89.247.215.37 - - [23/Mar/2010:10:46:06 +0100] "GET / HTTP/1.0" 302 - "-" "Mozilla/5.0 (Windows; U; Windows NT 5.1; de; rv:1.9.0.3) Gecko/2008092417 Firefox/3.0.3"
87.123.88.214 - - [23/Mar/2010:11:37:16 +0100] "GET / HTTP/1.0" 302 - "-" "Mozilla/5.0 (Windows; U; Windows NT 5.1; de; rv:1.9.0.14) Gecko/2009082707 Firefox/3.0.14"
88.73.1.208 - - [23/Mar/2010:11:38:25 +0100] "GET / HTTP/1.1" 302 - "http://www.google.de/url?sa=t&source=web&ct=res&cd=1&ved=0CA0QFDAA&url=http%3A%2F%2Fwww.friedrich-list-berlin.de%2F&rct=j&q=kaufm%C3%A4nnische+Berufsfachschule+Berlin&ei=D5qoS4H-B5T6mAPlwdx6&usg=AFQjCNGsKs3TvBQ4z91zrYvo9_SfKi5nug" "Mozilla/4.0 (compatible; MSIE 8.0; Windows NT 5.1; Trident/4.0; InfoPath.2; .NET CLR 2.0.50727; .NET CLR 3.0.04506.30; .NET CLR 3.0.04506.648; .NET CLR 3.0.4506.2152; .NET CLR 3.5.30729)"
87.123.88.214 - - [23/Mar/2010:11:41:23 +0100] "GET / HTTP/1.0" 302 - "-" "Mozilla/5.0 (Windows; U; Windows NT 5.1; de; rv:1.9.0.18) Gecko/2010020220 Firefox/3.0.18"
87.123.88.214 - - [23/Mar/2010:11:41:31 +0100] "GET / HTTP/1.0" 302 - "-" "Mozilla/5.0 (Windows; U; Windows NT 5.1; de; rv:1.9.0.3) Gecko/2008092417 Firefox/3.0.3"
87.123.88.214 - - [23/Mar/2010:11:41:44 +0100] "GET / HTTP/1.0" 302 - "-" "Mozilla/5.0 (Windows; U; Windows NT 5.1; de; rv:1.9.0.3) Gecko/2008092417 Firefox/3.0.3"
87.123.88.214 - - [23/Mar/2010:11:42:47 +0100] "GET / HTTP/1.0" 302 - "-" "Mozilla/5.0 (Windows; U; Windows NT 5.1; de; rv:1.9.0.3) Gecko/2008092417 Firefox/3.0.3"
92.78.33.252 - - [23/Mar/2010:11:57:33 +0100] "GET / HTTP/1.1" 302 - "http://www.google.de/url?sa=t&source=web&ct=res&cd=4&ved=0CBkQFDAD&url=http%3A%2F%2Fwww.friedrich-list-berlin.de%2F&rct=j&q=friedrich+list+schule+berlin&ei=lp6oS8m4EoOPsAamq63sDA&usg=AFQjCNGsKs3TvBQ4z91zrYvo9_SfKi5nug" "Mozilla/5.0 (Windows; U; Windows NT 5.1; de; rv:1.9.2) Gecko/20100115 Firefox/3.6 (.NET CLR 3.5.30729)"
87.193.237.146 - - [23/Mar/2010:12:15:34 +0100] "GET / HTTP/1.1" 302 - "-" "Mozilla/4.0 (compatible; MSIE 7.0; Windows NT 5.1; GTB0.0; .NET CLR 2.0.50727; .NET CLR 3.0.4506.2152; .NET CLR 3.5.30729)"
87.123.88.214 - - [23/Mar/2010:12:30:13 +0100] "GET / HTTP/1.0" 302 - "-" "Mozilla/5.0 (Windows; U; Windows NT 5.1; de; rv:1.9.0.3) Gecko/2008092417 Firefox/3.0.3"
87.123.88.214 - - [23/Mar/2010:12:31:07 +0100] "GET / HTTP/1.0" 302 - "-" "Mozilla/5.0 (Windows; U; Windows NT 5.1; de; rv:1.9.0.18) Gecko/2010020220 Firefox/3.0.18"
87.123.88.214 - - [23/Mar/2010:12:32:54 +0100] "GET / HTTP/1.0" 302 - "-" "Mozilla/5.0 (Windows; U; Windows NT 5.1; de; rv:1.9.0.3) Gecko/2008092417 Firefox/3.0.3"
87.123.88.214 - - [23/Mar/2010:12:48:54 +0100] "GET / HTTP/1.0" 302 - "-" "Mozilla/5.0 (Windows; U; Windows NT 5.1; de; rv:1.9.0.14) Gecko/2009082707 Firefox/3.0.14"
87.123.88.214 - - [23/Mar/2010:12:49:09 +0100] "GET / HTTP/1.0" 302 - "-" "Mozilla/5.0 (Windows; U; Windows NT 5.1; de; rv:1.9.0.3) Gecko/2008092417 Firefox/3.0.3"
88.75.232.234 - - [23/Mar/2010:12:58:36 +0100] "GET / HTTP/1.1" 302 - "http://maps.google.de/maps?hl=de&source=hp&oq=&gs_rfai=&q=14770+Brandenburg+an+der+Havel&um=1&ie=UTF-8&hq=&hnear=D-14770+Brandenburg+an+der+Havel&gl=de&ei=g6yoS4GPKdWh_Aaj26DdAw&sa=X&oi=geocode_result&ct=image&resnum=1&ved=0CAgQ8gEwAA" "Mozilla/5.0 (Windows; U; Windows NT 5.1; de; rv:1.9.2) Gecko/20100115 Firefox/3.6"
87.118.82.66 - - [23/Mar/2010:13:05:13 +0100] "GET / HTTP/1.0" 302 - "http://www.immune-systems.eu" "Mozilla/4.0 (compatible; MSIE 8.0; Windows NT 6.1; Trident/4.0; SLCC2; .NET CLR 2.0.50727; .NET CLR 3.5.30729; .NET CLR 3.0.30729; Media Center PC 6.0; FDM; Alexa Toolbar; Tablet PC 2.0)"
188.46.135.54 - - [23/Mar/2010:13:06:24 +0100] "GET / HTTP/1.1" 302 - "-" "Mozilla/5.0 (iPhone; U; CPU iPhone OS 3_1_2 like Mac OS X; en-us) AppleWebKit/528.18 (KHTML, like Gecko) Version/4.0 Mobile/7D11 Safari/528.16"
87.123.88.214 - - [23/Mar/2010:13:20:24 +0100] "GET / HTTP/1.0" 302 - "-" "Mozilla/5.0 (Windows; U; Windows NT 5.1; de; rv:1.9.0.3) Gecko/2008092417 Firefox/3.0.3"
87.123.88.214 - - [23/Mar/2010:13:27:17 +0100] "GET / HTTP/1.0" 302 - "-" "Mozilla/5.0 (Windows; U; Windows NT 5.1; de; rv:1.9.0.18) Gecko/2010020220 Firefox/3.0.18"
87.123.88.214 - - [23/Mar/2010:13:28:23 +0100] "GET / HTTP/1.0" 302 - "-" "Mozilla/5.0 (Windows; U; Windows NT 5.1; de; rv:1.9.0.3) Gecko/2008092417 Firefox/3.0.3"
87.123.88.214 - - [23/Mar/2010:13:30:17 +0100] "GET / HTTP/1.0" 302 - "-" "Mozilla/5.0 (Windows; U; Windows NT 5.1; de; rv:1.9.0.3) Gecko/2008092417 Firefox/3.0.3"
87.123.88.214 - - [23/Mar/2010:13:36:30 +0100] "GET / HTTP/1.0" 302 - "-" "Mozilla/5.0 (Windows; U; Windows NT 5.1; de; rv:1.9.0.3) Gecko/2008092417 Firefox/3.0.3"
93.220.76.187 - - [23/Mar/2010:13:37:26 +0100] "GET /favicon.ico HTTP/1.1" 404 1256 "-" "Mozilla/4.0 (compatible; MSIE 7.0; Windows NT 6.0; WOW64; Trident/4.0; SLCC1; .NET CLR 2.0.50727; Media Center PC 5.0; InfoPath.2; .NET CLR 3.5.30729; .NET CLR 3.0.30729; OfficeLiveConnector.1.4; OfficeLivePatch.1.3)"
208.80.193.29 - - [23/Mar/2010:13:47:33 +0100] "GET / HTTP/1.0" 302 - "-" "Mozilla/4.0 (compatible; MSIE 7.0; Windows NT 5.1; Crazy Browser 2.0.0 Beta 1)"
188.103.27.96 - - [23/Mar/2010:13:54:59 +0100] "GET / HTTP/1.1" 302 - "http://maps.google.de/maps?oe=utf-8&rls=org.mozilla:de:official&client=firefox-a&um=1&ie=UTF-8&q=Fachoberschule+berlin&fb=1&gl=de&hq=Fachoberschule&hnear=berlin&view=text&ei=BbmoS7PpBp2wnQPor6x7&sa=X&oi=local_group&ct=more-results&resnum=1&ved=0CCAQtQMwAA" "Mozilla/5.0 (Windows; U; Windows NT 6.0; de; rv:1.9.1.8) Gecko/20100202 Firefox/3.5.8 (.NET CLR 3.5.30729)"
87.123.88.214 - - [23/Mar/2010:13:56:58 +0100] "GET / HTTP/1.0" 302 - "-" "Mozilla/5.0 (Windows; U; Windows NT 5.1; de; rv:1.9.0.3) Gecko/2008092417 Firefox/3.0.3"
87.123.88.214 - - [23/Mar/2010:13:59:31 +0100] "GET / HTTP/1.0" 302 - "-" "Mozilla/5.0 (Windows; U; Windows NT 5.1; de; rv:1.9.0.3) Gecko/2008092417 Firefox/3.0.3"
87.123.88.214 - - [23/Mar/2010:13:59:45 +0100] "GET / HTTP/1.0" 302 - "-" "Mozilla/5.0 (Windows; U; Windows NT 5.1; de; rv:1.9.0.18) Gecko/2010020220 Firefox/3.0.18"
87.123.88.214 - - [23/Mar/2010:14:39:03 +0100] "GET / HTTP/1.0" 302 - "-" "Mozilla/5.0 (Windows; U; Windows NT 5.1; de; rv:1.9.0.3) Gecko/2008092417 Firefox/3.0.3"
87.123.88.214 - - [23/Mar/2010:14:42:14 +0100] "GET / HTTP/1.0" 302 - "-" "Mozilla/5.0 (Windows; U; Windows NT 5.1; de; rv:1.9.0.3) Gecko/2008092417 Firefox/3.0.3"
67.218.116.162 - - [23/Mar/2010:14:44:52 +0100] "GET /robots.txt HTTP/1.1" 404 1256 "-" "Mozilla/5.0 (Twiceler-0.9 http://www.cuil.com/twiceler/robot.html)"
87.123.88.214 - - [23/Mar/2010:14:48:45 +0100] "GET / HTTP/1.0" 302 - "-" "Mozilla/5.0 (Windows; U; Windows NT 5.1; de; rv:1.9.0.3) Gecko/2008092417 Firefox/3.0.3"
84.56.84.215 - - [23/Mar/2010:16:50:56 +0100] "GET / HTTP/1.1" 302 - "-" "Mozilla/5.0 (Windows; U; Windows NT 5.1; de; rv:1.9.2) Gecko/20100115 Firefox/3.6 (.NET CLR 3.5.30729)"
87.118.116.23 - - [23/Mar/2010:19:40:32 +0100] "GET / HTTP/1.0" 302 - "http://www.referertrick.de" "Mozilla/4.0 (compatible; MSIE 8.0; Windows NT 6.1; Trident/4.0; SLCC2; .NET CLR 2.0.50727; .NET CLR 3.5.30729; .NET CLR 3.0.30729; Media Center PC 6.0; FDM; Alexa Toolbar; Tablet PC 2.0)"
87.118.116.23 - - [23/Mar/2010:21:40:01 +0100] "GET / HTTP/1.0" 302 - "http://www.referertrick.de" "Mozilla/4.0 (compatible; MSIE 8.0; Windows NT 6.1; Trident/4.0; SLCC2; .NET CLR 2.0.50727; .NET CLR 3.5.30729; .NET CLR 3.0.30729; Media Center PC 6.0; FDM; Alexa Toolbar; Tablet PC 2.0)"
84.188.229.33 - - [23/Mar/2010:22:01:46 +0100] "GET / HTTP/1.1" 302 - "-" "Mozilla/4.0 (compatible; MSIE 7.0; Windows NT 5.1; GTB6.4; .NET CLR 1.1.4322; .NET CLR 2.0.50727)"
65.55.207.140 - - [23/Mar/2010:23:28:44 +0100] "GET /robots.txt HTTP/1.1" 404 1256 "-" "msnbot/2.0b (+http://search.msn.com/msnbot.htm)"
66.249.71.121 - - [23/Mar/2010:23:56:22 +0100] "GET /robots.txt HTTP/1.1" 404 1256 "-" "Mozilla/5.0 (compatible; Googlebot/2.1; +http://www.google.com/bot.html)"
66.249.71.121 - - [23/Mar/2010:23:56:22 +0100] "GET / HTTP/1.1" 302 - "-" "Mozilla/5.0 (compatible; Googlebot/2.1; +http://www.google.com/bot.html)"
87.118.116.23 - - [24/Mar/2010:03:50:12 +0100] "GET / HTTP/1.0" 302 - "http://www.referertrick.de" "Mozilla/4.0 (compatible; MSIE 8.0; Windows NT 6.1; Trident/4.0; SLCC2; .NET CLR 2.0.50727; .NET CLR 3.5.30729; .NET CLR 3.0.30729; Media Center PC 6.0; FDM; Alexa Toolbar; Tablet PC 2.0)"
207.46.13.51 - - [24/Mar/2010:04:09:59 +0100] "GET /robots.txt HTTP/1.1" 404 1256 "-" "msnbot/2.0b (+http://search.msn.com/msnbot.htm)"
207.46.13.51 - - [24/Mar/2010:04:15:57 +0100] "GET / HTTP/1.1" 302 - "-" "msnbot/2.0b (+http://search.msn.com/msnbot.htm)"
67.16.94.2 - - [24/Mar/2010:05:09:00 +0100] "GET /robots.txt HTTP/1.0" 404 1256 "-" "Gigabot/3.0 (http://www.gigablast.com/spider.html)"
67.16.94.2 - - [24/Mar/2010:05:09:01 +0100] "GET / HTTP/1.0" 302 - "-" "Gigabot/3.0 (http://www.gigablast.com/spider.html)"
89.247.198.188 - - [24/Mar/2010:08:07:32 +0100] "GET / HTTP/1.0" 302 - "-" "Mozilla/5.0 (Windows; U; Windows NT 5.1; de; rv:1.9.0.3) Gecko/2008092417 Firefox/3.0.3"
89.247.198.188 - - [24/Mar/2010:08:08:51 +0100] "GET / HTTP/1.0" 302 - "-" "Mozilla/5.0 (Windows; U; Windows NT 5.1; de; rv:1.9.0.3) Gecko/2008092417 Firefox/3.0.3"
89.247.198.188 - - [24/Mar/2010:08:24:44 +0100] "GET / HTTP/1.0" 302 - "-" "Mozilla/5.0 (Windows; U; Windows NT 5.1; de; rv:1.9.0.3) Gecko/2008092417 Firefox/3.0.3"
89.247.198.188 - - [24/Mar/2010:08:25:30 +0100] "GET / HTTP/1.0" 302 - "-" "Mozilla/5.0 (Windows; U; Windows NT 5.1; de; rv:1.9.0.18) Gecko/2010020220 Firefox/3.0.18"
89.247.198.188 - - [24/Mar/2010:08:26:00 +0100] "GET / HTTP/1.0" 302 - "-" "Mozilla/5.0 (Windows; U; Windows NT 5.1; de; rv:1.9.0.3) Gecko/2008092417 Firefox/3.0.3"
89.247.198.188 - - [24/Mar/2010:08:42:36 +0100] "GET / HTTP/1.0" 302 - "-" "Mozilla/5.0 (Windows; U; Windows NT 5.1; de; rv:1.9.0.3) Gecko/2008092417 Firefox/3.0.3"
89.247.198.188 - - [24/Mar/2010:09:03:50 +0100] "GET / HTTP/1.0" 302 - "-" "Mozilla/5.0 (Windows; U; Windows NT 5.1; de; rv:1.9.0.3) Gecko/2008092417 Firefox/3.0.3"
