89.247.198.188 - - [24/Mar/2010:09:05:49 +0100] "GET / HTTP/1.0" 302 - "-" "Mozilla/5.0 (Windows; U; Windows NT 5.1; de; rv:1.9.0.3) Gecko/2008092417 Firefox/3.0.3"
89.247.198.188 - - [24/Mar/2010:09:08:54 +0100] "GET / HTTP/1.0" 302 - "-" "Mozilla/5.0 (Windows; U; Windows NT 5.1; de; rv:1.9.0.18) Gecko/2010020220 Firefox/3.0.18"
89.247.198.188 - - [24/Mar/2010:09:19:44 +0100] "GET / HTTP/1.0" 302 - "-" "Mozilla/5.0 (Windows; U; Windows NT 5.1; de; rv:1.9.0.3) Gecko/2008092417 Firefox/3.0.3"
89.247.198.188 - - [24/Mar/2010:09:22:33 +0100] "GET / HTTP/1.0" 302 - "-" "Mozilla/5.0 (Windows; U; Windows NT 5.1; de; rv:1.9.0.18) Gecko/2010020220 Firefox/3.0.18"
93.135.197.119 - - [24/Mar/2010:09:25:49 +0100] "GET / HTTP/1.0" 302 - "-" "Mozilla/4.0 (compatible; MSIE 8.0; Windows NT 5.1; Trident/4.0; GTB6.3; (R1 1.5); (R1 1.6); .NET CLR 1.1.4322; .NET CLR 2.0.50727; .NET CLR 3.0.4506.2152; .NET CLR 3.5.30729)"
85.25.73.85 - - [24/Mar/2010:09:29:31 +0100] "GET /robots.txt HTTP/1.1" 404 1256 "-" "Mozilla/5.0 (compatible; iCcrawler - iCjobs Stellenangebote Jobs; http://www.icjobs.de)"
85.25.73.85 - - [24/Mar/2010:09:29:32 +0100] "GET / HTTP/1.1" 302 - "-" "Mozilla/5.0 (compatible; iCcrawler - iCjobs Stellenangebote Jobs; http://www.icjobs.de)"
89.247.198.188 - - [24/Mar/2010:09:31:24 +0100] "GET / HTTP/1.0" 302 - "-" "Mozilla/5.0 (Windows; U; Windows NT 5.1; de; rv:1.9.0.3) Gecko/2008092417 Firefox/3.0.3"
89.247.198.188 - - [24/Mar/2010:09:33:23 +0100] "GET / HTTP/1.0" 302 - "-" "Mozilla/5.0 (Windows; U; Windows NT 5.1; de; rv:1.9.0.18) Gecko/2010020220 Firefox/3.0.18"
89.247.198.188 - - [24/Mar/2010:09:35:22 +0100] "GET / HTTP/1.0" 302 - "-" "Mozilla/5.0 (Windows; U; Windows NT 5.1; de; rv:1.9.0.3) Gecko/2008092417 Firefox/3.0.3"
89.247.198.188 - - [24/Mar/2010:09:37:23 +0100] "GET / HTTP/1.0" 302 - "-" "Mozilla/5.0 (Windows; U; Windows NT 5.1; de; rv:1.9.0.14) Gecko/2009082707 Firefox/3.0.14"
89.247.198.188 - - [24/Mar/2010:09:39:11 +0100] "GET / HTTP/1.0" 302 - "-" "Mozilla/5.0 (Windows; U; Windows NT 5.1; de; rv:1.9.0.3) Gecko/2008092417 Firefox/3.0.3"
89.247.198.188 - - [24/Mar/2010:09:41:36 +0100] "GET / HTTP/1.0" 302 - "-" "Mozilla/5.0 (Windows; U; Windows NT 5.1; de; rv:1.9.0.3) Gecko/2008092417 Firefox/3.0.3"
89.247.198.188 - - [24/Mar/2010:09:41:37 +0100] "GET / HTTP/1.0" 302 - "-" "Mozilla/5.0 (Windows; U; Windows NT 5.1; de; rv:1.9.0.3) Gecko/2008092417 Firefox/3.0.3"
89.247.198.188 - - [24/Mar/2010:09:47:42 +0100] "GET / HTTP/1.0" 302 - "-" "Mozilla/5.0 (Windows; U; Windows NT 5.1; de; rv:1.9.0.3) Gecko/2008092417 Firefox/3.0.3"
89.247.198.188 - - [24/Mar/2010:09:49:59 +0100] "GET / HTTP/1.0" 302 - "-" "Mozilla/5.0 (Windows; U; Windows NT 5.1; de; rv:1.9.0.3) Gecko/2008092417 Firefox/3.0.3"
89.247.198.188 - - [24/Mar/2010:10:03:42 +0100] "GET / HTTP/1.0" 302 - "-" "Mozilla/5.0 (Windows; U; Windows NT 5.1; de; rv:1.9.0.3) Gecko/2008092417 Firefox/3.0.3"
89.247.198.188 - - [24/Mar/2010:10:06:24 +0100] "GET / HTTP/1.0" 302 - "-" "Mozilla/5.0 (Windows; U; Windows NT 5.1; de; rv:1.9.0.3) Gecko/2008092417 Firefox/3.0.3"
89.247.198.188 - - [24/Mar/2010:10:09:19 +0100] "GET / HTTP/1.0" 302 - "-" "Mozilla/5.0 (Windows; U; Windows NT 5.1; de; rv:1.9.0.3) Gecko/2008092417 Firefox/3.0.3"
213.70.219.152 - - [24/Mar/2010:10:11:28 +0100] "GET / HTTP/1.1" 302 - "http://www.google.de/search?hl=de&q=Schule+GoltzStr+Berlin+Sch%C3%B6neberg&btnG=Suche&meta=&aq=f&aqi=&aql=&oq=&gs_rfai=" "Mozilla/4.0 (compatible; MSIE 7.0; Windows NT 5.1)"
89.247.198.188 - - [24/Mar/2010:10:11:32 +0100] "GET / HTTP/1.1" 302 - "-" "Mozilla/5.0 (Windows; U; Windows NT 5.1; de; rv:1.9.0.3) Gecko/2008092417 Firefox/3.0.3 GTB6"
89.247.198.188 - - [24/Mar/2010:10:24:25 +0100] "GET / HTTP/1.0" 302 - "-" "Mozilla/5.0 (Windows; U; Windows NT 5.1; de; rv:1.9.0.3) Gecko/2008092417 Firefox/3.0.3"
89.247.198.188 - - [24/Mar/2010:10:46:11 +0100] "GET / HTTP/1.0" 302 - "-" "Mozilla/5.0 (Windows; U; Windows NT 5.1; de; rv:1.9.0.3) Gecko/2008092417 Firefox/3.0.3"
89.247.198.188 - - [24/Mar/2010:10:49:00 +0100] "GET / HTTP/1.0" 302 - "-" "Mozilla/5.0 (Windows; U; Windows NT 5.1; de; rv:1.9.0.3) Gecko/2008092417 Firefox/3.0.3"
89.247.198.188 - - [24/Mar/2010:10:50:43 +0100] "GET / HTTP/1.0" 302 - "-" "Mozilla/5.0 (Windows; U; Windows NT 5.1; de; rv:1.9.0.3) Gecko/2008092417 Firefox/3.0.3"
89.247.198.188 - - [24/Mar/2010:10:58:06 +0100] "GET / HTTP/1.0" 302 - "-" "Mozilla/5.0 (Windows; U; Windows NT 5.1; de; rv:1.9.0.3) Gecko/2008092417 Firefox/3.0.3"
89.247.198.188 - - [24/Mar/2010:11:12:24 +0100] "GET / HTTP/1.0" 302 - "-" "Mozilla/5.0 (Windows; U; Windows NT 5.1; de; rv:1.9.0.3) Gecko/2008092417 Firefox/3.0.3"
90.187.46.72 - - [24/Mar/2010:11:15:08 +0100] "GET / HTTP/1.1" 302 - "http://www.regional.abi.de/details.jsp?roid=4237&oid=17956&tid=1&eid=89643" "Mozilla/5.0 (Windows; U; Windows NT 6.0; de; rv:1.9.1.7) Gecko/20091221 Firefox/3.5.7 (.NET CLR 3.5.30729)"
89.247.198.188 - - [24/Mar/2010:11:15:10 +0100] "GET / HTTP/1.0" 302 - "-" "Mozilla/5.0 (Windows; U; Windows NT 5.1; de; rv:1.9.0.18) Gecko/2010020220 Firefox/3.0.18"
89.247.198.188 - - [24/Mar/2010:11:19:26 +0100] "GET / HTTP/1.0" 302 - "-" "Mozilla/5.0 (Windows; U; Windows NT 5.1; de; rv:1.9.0.3) Gecko/2008092417 Firefox/3.0.3"
89.247.198.188 - - [24/Mar/2010:11:28:24 +0100] "GET / HTTP/1.0" 302 - "-" "Mozilla/5.0 (Windows; U; Windows NT 5.1; de; rv:1.9.0.3) Gecko/2008092417 Firefox/3.0.3"
89.247.198.188 - - [24/Mar/2010:11:28:36 +0100] "GET / HTTP/1.0" 302 - "-" "Mozilla/5.0 (Windows; U; Windows NT 5.1; de; rv:1.9.0.3) Gecko/2008092417 Firefox/3.0.3"
89.247.198.188 - - [24/Mar/2010:11:33:02 +0100] "GET / HTTP/1.0" 302 - "-" "Mozilla/5.0 (Windows; U; Windows NT 5.1; de; rv:1.9.0.3) Gecko/2008092417 Firefox/3.0.3"
89.247.198.188 - - [24/Mar/2010:11:35:54 +0100] "GET / HTTP/1.0" 302 - "-" "Mozilla/5.0 (Windows; U; Windows NT 5.1; de; rv:1.9.0.18) Gecko/2010020220 Firefox/3.0.18"
89.247.198.188 - - [24/Mar/2010:11:36:23 +0100] "GET / HTTP/1.0" 302 - "-" "Mozilla/5.0 (Windows; U; Windows NT 5.1; de; rv:1.9.0.14) Gecko/2009082707 Firefox/3.0.14"
89.247.198.188 - - [24/Mar/2010:11:37:06 +0100] "GET / HTTP/1.0" 302 - "-" "Mozilla/5.0 (Windows; U; Windows NT 5.1; de; rv:1.9.0.3) Gecko/2008092417 Firefox/3.0.3"
89.247.198.188 - - [24/Mar/2010:11:40:56 +0100] "GET / HTTP/1.0" 302 - "-" "Mozilla/5.0 (Windows; U; Windows NT 5.1; de; rv:1.9.0.3) Gecko/2008092417 Firefox/3.0.3"
89.247.198.188 - - [24/Mar/2010:11:42:29 +0100] "GET / HTTP/1.0" 302 - "-" "Mozilla/5.0 (Windows; U; Windows NT 5.1; de; rv:1.9.0.3) Gecko/2008092417 Firefox/3.0.3"
91.146.164.176 - - [24/Mar/2010:12:12:38 +0100] "GET / HTTP/1.1" 302 - "http://domino2.berufsschulen.de/berufsschulen.nsf/bc99c0a4aa4bbbfcc1256b470057821a/f201afb7f4437fd1c12570bf005daa06?OpenDocument&TableRow=1.1" "Mozilla/4.0 (compatible; MSIE 8.0; Windows NT 5.1; Trident/4.0; GTB6.4; .NET CLR 2.0.50727; .NET CLR 3.0.4506.2152; .NET CLR 3.5.30729)"
89.247.198.188 - - [24/Mar/2010:12:20:08 +0100] "GET / HTTP/1.0" 302 - "-" "Mozilla/5.0 (Windows; U; Windows NT 5.1; de; rv:1.9.0.14) Gecko/2009082707 Firefox/3.0.14"
77.188.32.32 - - [24/Mar/2010:13:10:56 +0100] "GET / HTTP/1.1" 302 - "http://www.berlin.de/sen/bildung/fort_und_weiterbildung/weiterbildungseinrichtungen/wegweiser_zur_weiterbildung/anwendung/EinrichtungsListe.aspx" "Mozilla/5.0 (Macintosh; U; Intel Mac OS X 10_5_8; de-de) AppleWebKit/531.22.7 (KHTML, like Gecko) Version/4.0.5 Safari/531.22.7"
89.247.198.188 - - [24/Mar/2010:13:14:01 +0100] "GET / HTTP/1.0" 302 - "-" "Mozilla/5.0 (Windows; U; Windows NT 5.1; de; rv:1.9.0.14) Gecko/2009082707 Firefox/3.0.14"
89.247.198.188 - - [24/Mar/2010:13:27:07 +0100] "GET / HTTP/1.0" 302 - "-" "Mozilla/5.0 (Windows; U; Windows NT 5.1; de; rv:1.9.0.3) Gecko/2008092417 Firefox/3.0.3"
89.247.198.188 - - [24/Mar/2010:13:28:51 +0100] "GET / HTTP/1.0" 302 - "-" "Mozilla/5.0 (Windows; U; Windows NT 5.1; de; rv:1.9.0.14) Gecko/2009082707 Firefox/3.0.14"
89.247.198.188 - - [24/Mar/2010:13:31:21 +0100] "GET / HTTP/1.0" 302 - "-" "Mozilla/5.0 (Windows; U; Windows NT 5.1; de; rv:1.9.0.3) Gecko/2008092417 Firefox/3.0.3"
89.247.198.188 - - [24/Mar/2010:13:35:26 +0100] "GET / HTTP/1.0" 302 - "-" "Mozilla/5.0 (Windows; U; Windows NT 5.1; de; rv:1.9.0.3) Gecko/2008092417 Firefox/3.0.3"
89.247.198.188 - - [24/Mar/2010:13:38:10 +0100] "GET / HTTP/1.0" 302 - "-" "Mozilla/5.0 (Windows; U; Windows NT 5.1; de; rv:1.9.0.14) Gecko/2009082707 Firefox/3.0.14"
89.247.198.188 - - [24/Mar/2010:14:07:42 +0100] "GET / HTTP/1.0" 302 - "-" "Mozilla/5.0 (Windows; U; Windows NT 5.1; de; rv:1.9.0.18) Gecko/2010020220 Firefox/3.0.18"
89.247.198.188 - - [24/Mar/2010:14:08:53 +0100] "GET / HTTP/1.0" 302 - "-" "Mozilla/5.0 (Windows; U; Windows NT 5.1; de; rv:1.9.0.3) Gecko/2008092417 Firefox/3.0.3"
89.247.198.188 - - [24/Mar/2010:14:22:13 +0100] "GET / HTTP/1.0" 302 - "-" "Mozilla/5.0 (Windows; U; Windows NT 5.1; de; rv:1.9.0.3) Gecko/2008092417 Firefox/3.0.3"
89.247.198.188 - - [24/Mar/2010:14:35:13 +0100] "GET / HTTP/1.0" 302 - "-" "Mozilla/5.0 (Windows; U; Windows NT 5.1; de; rv:1.9.0.3) Gecko/2008092417 Firefox/3.0.3"
89.247.198.188 - - [24/Mar/2010:14:37:59 +0100] "GET / HTTP/1.0" 302 - "-" "Mozilla/5.0 (Windows; U; Windows NT 5.1; de; rv:1.9.0.18) Gecko/2010020220 Firefox/3.0.18"
89.247.198.188 - - [24/Mar/2010:14:38:01 +0100] "GET / HTTP/1.0" 302 - "-" "Mozilla/5.0 (Windows; U; Windows NT 5.1; de; rv:1.9.0.18) Gecko/2010020220 Firefox/3.0.18"
89.247.198.188 - - [24/Mar/2010:14:39:58 +0100] "GET / HTTP/1.0" 302 - "-" "Mozilla/5.0 (Windows; U; Windows NT 5.1; de; rv:1.9.0.3) Gecko/2008092417 Firefox/3.0.3"
77.235.34.91 - - [24/Mar/2010:14:40:23 +0100] "GET / HTTP/1.1" 302 - "-" "Java/1.6.0_04"
77.235.34.91 - - [24/Mar/2010:14:40:23 +0100] "GET /fls_1_aktuelles.php HTTP/1.1" 404 1256 "-" "Java/1.6.0_04"
77.235.34.91 - - [24/Mar/2010:14:40:24 +0100] "GET /fls_2_fremdsprachensekr.php HTTP/1.1" 404 1256 "-" "Java/1.6.0_04"
77.235.34.91 - - [24/Mar/2010:14:40:24 +0100] "GET /fls_3_fls_international.php HTTP/1.1" 404 1256 "-" "Java/1.6.0_04"
77.235.34.91 - - [24/Mar/2010:14:40:24 +0100] "GET /fls_4_faq.php HTTP/1.1" 404 1256 "-" "Java/1.6.0_04"
77.235.34.91 - - [24/Mar/2010:14:40:24 +0100] "GET /fls_4_impressum.php HTTP/1.1" 404 1256 "-" "Java/1.6.0_04"
77.235.34.91 - - [24/Mar/2010:14:40:24 +0100] "GET /fls_4_kontakt_anmeldung.php HTTP/1.1" 404 1256 "-" "Java/1.6.0_04"
77.235.34.91 - - [24/Mar/2010:14:40:24 +0100] "GET /index.php HTTP/1.1" 302 - "-" "Java/1.6.0_04"
77.235.34.91 - - [24/Mar/2010:14:40:25 +0100] "GET /ddlevelsfiles/ddlevelsmenu.js HTTP/1.1" 404 1256 "-" "Java/1.6.0_04"
77.235.34.91 - - [24/Mar/2010:14:40:25 +0100] "GET /js/lightwindow.js HTTP/1.1" 404 1256 "-" "Java/1.6.0_04"
77.235.34.91 - - [24/Mar/2010:14:40:25 +0100] "GET /js/prototype.js HTTP/1.1" 404 1256 "-" "Java/1.6.0_04"
77.235.34.91 - - [24/Mar/2010:14:40:25 +0100] "GET /js/scriptaculous.js?load=effects HTTP/1.1" 404 1256 "-" "Java/1.6.0_04"
89.247.198.188 - - [24/Mar/2010:14:41:13 +0100] "GET / HTTP/1.0" 302 - "-" "Mozilla/5.0 (Windows; U; Windows NT 5.1; de; rv:1.9.0.3) Gecko/2008092417 Firefox/3.0.3"
67.218.116.162 - - [24/Mar/2010:14:49:07 +0100] "GET /robots.txt HTTP/1.1" 404 1256 "-" "Mozilla/5.0 (Twiceler-0.9 http://www.cuil.com/twiceler/robot.html)"
89.247.198.188 - - [24/Mar/2010:14:50:54 +0100] "GET / HTTP/1.0" 302 - "-" "Mozilla/5.0 (Windows; U; Windows NT 5.1; de; rv:1.9.0.3) Gecko/2008092417 Firefox/3.0.3"
192.108.72.190 - - [24/Mar/2010:15:44:24 +0100] "GET / HTTP/1.1" 302 - "http://maps.google.de/maps?hl=de&rlz=1T4GGLL_deDE305DE305&resnum=0&um=1&ie=UTF-8&q=oberstufenzentrum+berlin&fb=1&gl=de&hq=oberstufenzentrum&hnear=berlin&ei=yySqS46KC9bMsAbnneCMDA&sa=X&oi=local_group&ct=image&resnum=1&ved=0CCcQtgMwAA" "Mozilla/4.0 (compatible; MSIE 6.0; Windows NT 5.1; SV1; GTB6.4)"
85.16.35.240 - - [24/Mar/2010:16:39:22 +0100] "GET / HTTP/1.1" 302 - "http://www.google.de/url?sa=t&source=web&ct=res&cd=2&ved=0CA8QFDAB&url=http%3A%2F%2Fwww.friedrich-list-berlin.de%2F&rct=j&q=Kaufm%C3%A4nnische+Berufsfachschule+Berlin&ei=HzKqS6SbLpOL4Qbky9XHBQ&usg=AFQjCNGsKs3TvBQ4z91zrYvo9_SfKi5nug" "Mozilla/4.0 (compatible; MSIE 8.0; Windows NT 6.1; Trident/4.0; SLCC2; .NET CLR 2.0.50727; .NET CLR 3.5.30729; .NET CLR 3.0.30729; Media Center PC 6.0; OfficeLiveConnector.1.3; OfficeLivePatch.0.0)"
87.123.127.159 - - [24/Mar/2010:17:01:40 +0100] "GET / HTTP/1.1" 302 - "http://www.google.de/url?sa=t&source=web&ct=res&cd=2&ved=0CAwQFDAB&url=http%3A%2F%2Fwww.friedrich-list-berlin.de%2F&rct=j&q=Oberstufenzentrum+Belrin&ei=WzeqS4ODCoLh-QbDrqB3&usg=AFQjCNGsKs3TvBQ4z91zrYvo9_SfKi5nug" "Mozilla/5.0 (Windows; U; Windows NT 6.0; de; rv:1.9.2) Gecko/20100115 Firefox/3.6 (.NET CLR 3.5.30729)"
79.210.104.86 - - [24/Mar/2010:17:22:29 +0100] "GET /robots.txt HTTP/1.1" 404 1256 "http://www.friedrich-list-berlin.de/" "yacybot (x86 Windows XP 5.1; java 1.6.0_18; Europe/de) http://yacy.net/bot.html"
79.210.104.86 - - [24/Mar/2010:17:22:29 +0100] "GET / HTTP/1.1" 302 - "http://www.friedrich-list-schule.com/" "yacybot (x86 Windows XP 5.1; java 1.6.0_18; Europe/de) http://yacy.net/bot.html"
87.159.165.30 - - [24/Mar/2010:17:29:41 +0100] "GET / HTTP/1.1" 302 - "http://www.friedrich-list-berlin.eu/fls_4_impressum.php" "Mozilla/5.0 (Windows; U; Windows NT 6.1; de; rv:1.9.2) Gecko/20100115 Firefox/3.6"
87.118.116.23 - - [24/Mar/2010:18:47:50 +0100] "GET / HTTP/1.0" 302 - "http://www.referertrick.de" "Mozilla/4.0 (compatible; MSIE 8.0; Windows NT 6.1; Trident/4.0; SLCC2; .NET CLR 2.0.50727; .NET CLR 3.5.30729; .NET CLR 3.0.30729; Media Center PC 6.0; FDM; Alexa Toolbar; Tablet PC 2.0)"
91.16.88.187 - - [24/Mar/2010:19:10:44 +0100] "GET / HTTP/1.1" 302 - "http://www.google.de/search?hl=de&q=berufsbildende+schulen+berlin&meta=&aq=f&aqi=&aql=&oq=&gs_rfai=" "Mozilla/4.0 (compatible; MSIE 7.0; Windows NT 6.0; SLCC1; .NET CLR 2.0.50727; Media Center PC 5.0; OfficeLiveConnector.1.3; OfficeLivePatch.0.0; .NET CLR 3.5.30729; .NET CLR 3.0.30729)"
67.195.113.251 - - [24/Mar/2010:19:21:00 +0100] "GET /robots.txt HTTP/1.0" 404 1256 "-" "Mozilla/5.0 (compatible; Yahoo! Slurp; http://help.yahoo.com/help/us/ysearch/slurp)"
67.195.113.251 - - [24/Mar/2010:19:21:00 +0100] "GET / HTTP/1.0" 302 - "-" "Mozilla/5.0 (compatible; Yahoo! Slurp/3.0; http://help.yahoo.com/help/us/ysearch/slurp)"
188.103.109.82 - - [24/Mar/2010:20:45:48 +0100] "GET / HTTP/1.1" 302 - "http://www.google.de/search?hl=de&client=firefox-a&hs=WJC&rls=org.mozilla:de:official&ei=C2qqS9r-Bo2wnQP-6PGDAg&sa=X&oi=spell&resnum=0&ct=result&cd=1&ved=0CAgQBSgA&q=berufsbildende+schulen+in+berlin&spell=1" "Mozilla/5.0 (Windows; U; Windows NT 5.1; de; rv:1.9.2) Gecko/20100115 Firefox/3.6"
78.52.140.31 - - [24/Mar/2010:22:33:58 +0100] "GET / HTTP/1.1" 302 - "http://www.google.de/search?hl=de&rlz=1R2ADSA_deDE345&ei=P4WqS_iJKIL__AbVmY19&sa=X&oi=spellfullpage&resnum=0&ct=result&cd=2&ved=0CAYQvwUoAQ&q=friedrich+list+berufsschule&spell=1" "Mozilla/4.0 (compatible; MSIE 6.0; Windows NT 5.1; SV1; FBSMTWB; GTB6.3; .NET CLR 2.0.50727; .NET CLR 3.0.4506.2152; .NET CLR 3.5.30729)"
88.73.142.137 - - [24/Mar/2010:22:36:03 +0100] "GET / HTTP/1.1" 302 - "http://www.google.de/url?sa=t&source=web&ct=res&cd=1&ved=0CAoQFDAA&url=http%3A%2F%2Fwww.friedrich-list-berlin.de%2F&rct=j&q=kaufm%C3%A4nnische+osz++berlin+friedrich+list&ei=wYWqS-fnDYmkmwOU0OyLAg&usg=AFQjCNGsKs3TvBQ4z91zrYvo9_SfKi5nug" "Mozilla/5.0 (Windows; U; Windows NT 5.1; de; rv:1.9.2.2) Gecko/20100316 Firefox/3.6.2"
92.225.52.3 - - [24/Mar/2010:23:13:33 +0100] "GET / HTTP/1.1" 302 - "http://maps.google.de/maps?q=%20nollendorfplatz&um=1&ie=UTF-8&sa=N&hl=de&tab=wl" "Mozilla/4.0 (compatible; MSIE 8.0; Windows NT 5.1; Trident/4.0; .NET CLR 1.1.4322; .NET CLR 2.0.50727; .NET CLR 3.0.4506.2152; .NET CLR 3.5.30729)"
87.250.255.242 - - [24/Mar/2010:23:33:11 +0100] "GET /robots.txt HTTP/1.1" 404 1256 "-" "Yandex/1.01.001 (compatible; Win16; I)"
89.196.61.247 - - [25/Mar/2010:00:49:38 +0100] "GET / HTTP/1.1" 302 - "http://maps.google.de/maps?hl=de&um=1&ie=UTF-8&q=oberstufenzentren+berlin&fb=1&gl=de&hq=oberstufenzentren&hnear=berlin&view=text&ei=YqGqS4yPEoeZ_Qa79KVx&sa=X&oi=local_group&ct=more-results&resnum=1&ved=0CBoQtQMwAA" "Opera/9.80 (Windows NT 5.1; U; de) Presto/2.5.22 Version/10.51"
87.118.82.66 - - [25/Mar/2010:03:21:24 +0100] "GET / HTTP/1.0" 302 - "http://www.referertrick.de" "Mozilla/4.0 (compatible; MSIE 8.0; Windows NT 6.1; Trident/4.0; SLCC2; .NET CLR 2.0.50727; .NET CLR 3.5.30729; .NET CLR 3.0.30729; Media Center PC 6.0; FDM; Alexa Toolbar; Tablet PC 2.0)"
207.46.199.179 - - [25/Mar/2010:03:54:42 +0100] "GET /robots.txt HTTP/1.1" 404 1256 "-" "msnbot/2.0b (+http://search.msn.com/msnbot.htm)"
208.115.111.244 - - [25/Mar/2010:04:01:51 +0100] "GET /robots.txt HTTP/1.1" 404 1256 "-" "Mozilla/5.0 (compatible; DotBot/1.1; http://www.dotnetdotcom.org/, crawler@dotnetdotcom.org)"
208.80.193.34 - - [25/Mar/2010:04:14:11 +0100] "GET / HTTP/1.0" 302 - "-" "Mozilla/4.0 (compatible; MSIE 6.0; Windows NT 5.1; SV1; (R1 1.5); .NET CLR 1.1.4322; InfoPath.2; .NET CLR 2.0.50727; .NET CLR 3.0.04506.30)"
207.46.204.184 - - [25/Mar/2010:04:27:46 +0100] "GET /robots.txt HTTP/1.1" 404 1256 "-" "msnbot/2.0b (+http://search.msn.com/msnbot.htm)"
207.46.204.184 - - [25/Mar/2010:04:28:44 +0100] "GET / HTTP/1.1" 302 - "-" "msnbot/2.0b (+http://search.msn.com/msnbot.htm)"
87.123.86.155 - - [25/Mar/2010:08:00:11 +0100] "GET / HTTP/1.0" 302 - "-" "Mozilla/5.0 (Windows; U; Windows NT 5.1; de; rv:1.9.0.3) Gecko/2008092417 Firefox/3.0.3"
87.123.86.155 - - [25/Mar/2010:08:05:51 +0100] "GET / HTTP/1.0" 302 - "-" "Mozilla/5.0 (Windows; U; Windows NT 5.1; de; rv:1.9.0.3) Gecko/2008092417 Firefox/3.0.3"
87.123.86.155 - - [25/Mar/2010:08:10:22 +0100] "GET / HTTP/1.0" 302 - "-" "Mozilla/5.0 (Windows; U; Windows NT 5.1; de; rv:1.9.0.18) Gecko/2010020220 Firefox/3.0.18"
87.123.86.155 - - [25/Mar/2010:08:14:32 +0100] "GET / HTTP/1.0" 302 - "-" "Mozilla/5.0 (Windows; U; Windows NT 5.1; de; rv:1.9.0.3) Gecko/2008092417 Firefox/3.0.3"
87.123.86.155 - - [25/Mar/2010:08:39:40 +0100] "GET / HTTP/1.0" 302 - "-" "Mozilla/5.0 (Windows; U; Windows NT 5.1; de; rv:1.9.0.18) Gecko/2010020220 Firefox/3.0.18"
87.123.86.155 - - [25/Mar/2010:08:47:07 +0100] "GET / HTTP/1.0" 302 - "-" "Mozilla/5.0 (Windows; U; Windows NT 5.1; de; rv:1.9.0.3) Gecko/2008092417 Firefox/3.0.3"
87.123.86.155 - - [25/Mar/2010:08:48:12 +0100] "GET / HTTP/1.0" 302 - "-" "Mozilla/5.0 (Windows; U; Windows NT 5.1; de; rv:1.9.0.3) Gecko/2008092417 Firefox/3.0.3"
87.123.86.155 - - [25/Mar/2010:08:52:59 +0100] "GET / HTTP/1.0" 302 - "-" "Mozilla/5.0 (Windows; U; Windows NT 5.1; de; rv:1.9.0.3) Gecko/2008092417 Firefox/3.0.3"
87.123.86.155 - - [25/Mar/2010:08:54:28 +0100] "GET / HTTP/1.0" 302 - "-" "Mozilla/5.0 (Windows; U; Windows NT 5.1; de; rv:1.9.0.3) Gecko/2008092417 Firefox/3.0.3"
87.123.86.155 - - [25/Mar/2010:08:56:01 +0100] "GET / HTTP/1.0" 302 - "-" "Mozilla/5.0 (Windows; U; Windows NT 5.1; de; rv:1.9.0.3) Gecko/2008092417 Firefox/3.0.3"
208.115.111.244 - - [25/Mar/2010:09:17:33 +0100] "GET / HTTP/1.1" 302 - "-" "Mozilla/5.0 (compatible; DotBot/1.1; http://www.dotnetdotcom.org/, crawler@dotnetdotcom.org)"
87.123.86.155 - - [25/Mar/2010:09:21:02 +0100] "GET / HTTP/1.0" 302 - "-" "Mozilla/5.0 (Windows; U; Windows NT 5.1; de; rv:1.9.0.3) Gecko/2008092417 Firefox/3.0.3"
87.123.86.155 - - [25/Mar/2010:09:23:36 +0100] "GET / HTTP/1.0" 302 - "-" "Mozilla/5.0 (Windows; U; Windows NT 5.1; de; rv:1.9.0.14) Gecko/2009082707 Firefox/3.0.14"
87.123.86.155 - - [25/Mar/2010:09:30:58 +0100] "GET / HTTP/1.0" 302 - "-" "Mozilla/5.0 (Windows; U; Windows NT 5.1; de; rv:1.9.0.3) Gecko/2008092417 Firefox/3.0.3"
87.123.86.155 - - [25/Mar/2010:09:52:02 +0100] "GET / HTTP/1.0" 302 - "-" "Mozilla/5.0 (Windows; U; Windows NT 5.1; de; rv:1.9.0.18) Gecko/2010020220 Firefox/3.0.18"
87.123.86.155 - - [25/Mar/2010:09:55:48 +0100] "GET / HTTP/1.0" 302 - "-" "Mozilla/5.0 (Windows; U; Windows NT 5.1; de; rv:1.9.0.3) Gecko/2008092417 Firefox/3.0.3"
87.123.86.155 - - [25/Mar/2010:09:58:51 +0100] "GET / HTTP/1.0" 302 - "-" "Mozilla/5.0 (Windows; U; Windows NT 5.1; de; rv:1.9.0.3) Gecko/2008092417 Firefox/3.0.3"
87.123.86.155 - - [25/Mar/2010:10:27:22 +0100] "GET / HTTP/1.0" 302 - "-" "Mozilla/5.0 (Windows; U; Windows NT 5.1; de; rv:1.9.0.3) Gecko/2008092417 Firefox/3.0.3"
87.123.86.155 - - [25/Mar/2010:10:27:51 +0100] "GET / HTTP/1.0" 302 - "-" "Mozilla/5.0 (Windows; U; Windows NT 5.1; de; rv:1.9.0.3) Gecko/2008092417 Firefox/3.0.3"
87.123.86.155 - - [25/Mar/2010:10:28:44 +0100] "GET / HTTP/1.0" 302 - "-" "Mozilla/5.0 (Windows; U; Windows NT 5.1; de; rv:1.9.0.18) Gecko/2010020220 Firefox/3.0.18"
87.123.86.155 - - [25/Mar/2010:10:29:39 +0100] "GET / HTTP/1.0" 302 - "-" "Mozilla/5.0 (Windows; U; Windows NT 5.1; de; rv:1.9.0.18) Gecko/2010020220 Firefox/3.0.18"
87.123.86.155 - - [25/Mar/2010:10:30:28 +0100] "GET / HTTP/1.0" 302 - "-" "Mozilla/5.0 (Windows; U; Windows NT 5.1; de; rv:1.9.0.18) Gecko/2010020220 Firefox/3.0.18"
84.189.78.154 - - [25/Mar/2010:10:43:21 +0100] "GET / HTTP/1.1" 302 - "http://www.berlin.de/sen/bildung/schulverzeichnis_und_portraets/anwendung/Schulportrait.aspx?ID=1113101331" "Mozilla/4.0 (compatible; MSIE 7.0; Windows NT 5.1; .NET CLR 1.1.4322; .NET CLR 2.0.50727)"
87.123.86.155 - - [25/Mar/2010:10:45:19 +0100] "GET / HTTP/1.0" 302 - "-" "Mozilla/5.0 (Windows; U; Windows NT 5.1; de; rv:1.9.0.3) Gecko/2008092417 Firefox/3.0.3"
84.191.96.129 - - [25/Mar/2010:10:53:22 +0100] "GET / HTTP/1.1" 302 - "http://www.google.de/url?sa=t&source=web&ct=res&cd=1&ved=0CAcQFDAA&url=http%3A%2F%2Fwww.friedrich-list-berlin.de%2F&rct=j&q=friedrich+list+berlin+%C3%B6ffnungszeiten&ei=jTKrS931OqaQmwPG0pzGDw&usg=AFQjCNGsKs3TvBQ4z91zrYvo9_SfKi5nug" "Mozilla/5.0 (Windows; U; Windows NT 6.0; de; rv:1.9.1.8) Gecko/20100202 Firefox/3.5.8 (.NET CLR 3.5.30729)"
87.118.82.66 - - [25/Mar/2010:11:40:27 +0100] "GET / HTTP/1.0" 302 - "http://www.referertrick.de" "Mozilla/4.0 (compatible; MSIE 8.0; Windows NT 6.1; Trident/4.0; SLCC2; .NET CLR 2.0.50727; .NET CLR 3.5.30729; .NET CLR 3.0.30729; Media Center PC 6.0; FDM; Alexa Toolbar; Tablet PC 2.0)"
87.123.86.155 - - [25/Mar/2010:11:53:17 +0100] "GET / HTTP/1.0" 302 - "-" "Mozilla/5.0 (Windows; U; Windows NT 5.1; de; rv:1.9.0.18) Gecko/2010020220 Firefox/3.0.18"
87.123.86.155 - - [25/Mar/2010:12:00:40 +0100] "GET / HTTP/1.0" 302 - "-" "Mozilla/5.0 (Windows; U; Windows NT 5.1; de; rv:1.9.0.3) Gecko/2008092417 Firefox/3.0.3"
193.47.80.40 - - [25/Mar/2010:12:03:17 +0100] "GET /robots.txt HTTP/1.1" 404 1256 "-" "Mozilla/5.0 (compatible; Exabot/3.0; +http://www.exabot.com/go/robot)"
193.47.80.40 - - [25/Mar/2010:12:03:17 +0100] "GET / HTTP/1.1" 302 - "-" "Mozilla/5.0 (compatible; Exabot/3.0; +http://www.exabot.com/go/robot)"
87.123.86.155 - - [25/Mar/2010:12:33:53 +0100] "GET / HTTP/1.0" 302 - "-" "Mozilla/5.0 (Windows; U; Windows NT 5.1; de; rv:1.9.0.3) Gecko/2008092417 Firefox/3.0.3"
87.123.86.155 - - [25/Mar/2010:12:33:56 +0100] "GET / HTTP/1.0" 302 - "-" "Mozilla/5.0 (Windows; U; Windows NT 5.1; de; rv:1.9.0.3) Gecko/2008092417 Firefox/3.0.3"
87.123.86.155 - - [25/Mar/2010:12:33:57 +0100] "GET / HTTP/1.0" 302 - "-" "Mozilla/5.0 (Windows; U; Windows NT 5.1; de; rv:1.9.0.3) Gecko/2008092417 Firefox/3.0.3"
87.123.86.155 - - [25/Mar/2010:12:42:15 +0100] "GET / HTTP/1.0" 302 - "-" "Mozilla/5.0 (Windows; U; Windows NT 5.1; de; rv:1.9.0.3) Gecko/2008092417 Firefox/3.0.3"
87.123.86.155 - - [25/Mar/2010:12:42:16 +0100] "GET / HTTP/1.0" 302 - "-" "Mozilla/5.0 (Windows; U; Windows NT 5.1; de; rv:1.9.0.3) Gecko/2008092417 Firefox/3.0.3"
87.123.86.155 - - [25/Mar/2010:12:46:15 +0100] "GET / HTTP/1.0" 302 - "-" "Mozilla/5.0 (Windows; U; Windows NT 5.1; de; rv:1.9.0.18) Gecko/2010020220 Firefox/3.0.18"
87.123.86.155 - - [25/Mar/2010:13:19:02 +0100] "GET / HTTP/1.0" 302 - "-" "Mozilla/5.0 (Windows; U; Windows NT 5.1; de; rv:1.9.0.18) Gecko/2010020220 Firefox/3.0.18"
87.123.86.155 - - [25/Mar/2010:13:21:06 +0100] "GET / HTTP/1.0" 302 - "-" "Mozilla/5.0 (Windows; U; Windows NT 5.1; de; rv:1.9.0.3) Gecko/2008092417 Firefox/3.0.3"
88.73.74.4 - - [25/Mar/2010:13:22:41 +0100] "GET / HTTP/1.1" 302 - "http://www.google.de/url?sa=t&source=web&ct=res&cd=2&ved=0CAkQFDAB&url=http%3A%2F%2Fwww.friedrich-list-berlin.de%2F&rct=j&q=oberstufenzentrum+berlin&ei=FlWrS6jAL5zYmwPn0pWzDw&usg=AFQjCNGsKs3TvBQ4z91zrYvo9_SfKi5nug" "Mozilla/5.0 (Windows; U; Windows NT 5.1; de; rv:1.9.2.2) Gecko/20100316 Firefox/3.6.2 GTB6 (.NET CLR 3.5.30729)"
87.123.86.155 - - [25/Mar/2010:13:27:01 +0100] "GET / HTTP/1.0" 302 - "-" "Mozilla/5.0 (Windows; U; Windows NT 5.1; de; rv:1.9.0.3) Gecko/2008092417 Firefox/3.0.3"
87.123.86.155 - - [25/Mar/2010:13:28:57 +0100] "GET / HTTP/1.0" 302 - "-" "Mozilla/5.0 (Windows; U; Windows NT 5.1; de; rv:1.9.0.14) Gecko/2009082707 Firefox/3.0.14"
87.123.86.155 - - [25/Mar/2010:13:34:43 +0100] "GET /favicon.ico HTTP/1.0" 404 1256 "-" "Mozilla/5.0 (Windows; U; Windows NT 5.1; de; rv:1.9.0.3) Gecko/2008092417 Firefox/3.0.3"
87.123.86.155 - - [25/Mar/2010:13:38:59 +0100] "GET / HTTP/1.0" 302 - "-" "Mozilla/5.0 (Windows; U; Windows NT 5.1; de; rv:1.9.0.18) Gecko/2010020220 Firefox/3.0.18"
84.167.117.135 - - [25/Mar/2010:13:59:26 +0100] "GET / HTTP/1.1" 302 - "-" "Mozilla/5.0 (Windows; U; Windows NT 5.1; de; rv:1.9.0.10) Gecko/2009042316 Firefox/3.0.10"
87.123.86.155 - - [25/Mar/2010:14:38:34 +0100] "GET / HTTP/1.0" 302 - "-" "Mozilla/5.0 (Windows; U; Windows NT 5.1; de; rv:1.9.0.14) Gecko/2009082707 Firefox/3.0.14"
87.123.86.155 - - [25/Mar/2010:14:43:07 +0100] "GET / HTTP/1.0" 302 - "-" "Mozilla/5.0 (Windows; U; Windows NT 5.1; de; rv:1.9.0.18) Gecko/2010020220 Firefox/3.0.18"
67.218.116.162 - - [25/Mar/2010:15:08:34 +0100] "GET /robots.txt HTTP/1.1" 404 1256 "-" "Mozilla/5.0 (Twiceler-0.9 http://www.cuil.com/twiceler/robot.html)"
79.194.77.31 - - [25/Mar/2010:15:29:25 +0100] "GET / HTTP/1.1" 302 - "-" "Mozilla/4.0 (compatible; MSIE 7.0; Windows NT 5.1)"
87.118.116.23 - - [25/Mar/2010:15:32:01 +0100] "GET / HTTP/1.0" 302 - "http://www.referertrick.de" "Mozilla/4.0 (compatible; MSIE 8.0; Windows NT 6.1; Trident/4.0; SLCC2; .NET CLR 2.0.50727; .NET CLR 3.5.30729; .NET CLR 3.0.30729; Media Center PC 6.0; FDM; Alexa Toolbar; Tablet PC 2.0)"
79.226.15.132 - - [25/Mar/2010:15:49:14 +0100] "GET / HTTP/1.1" 302 - "http://www.google.de/search?hl=de&ei=3XerS_DkFs2C_QaitYHbDw&sa=X&oi=spell&resnum=0&ct=result&cd=1&ved=0CBIQBSgA&q=friedrich-list-berlin.de&spell=1" "Mozilla/4.0 (compatible; MSIE 6.0; Windows NT 5.0)"
141.20.109.122 - - [25/Mar/2010:15:58:14 +0100] "GET / HTTP/1.1" 302 - "http://www.google.de/search?hl=de&client=firefox-a&hs=3DU&rls=org.mozilla%3Ade%3Aofficial&channel=s&q=friedrichlist-berlin.de&meta=&aq=f&aqi=&aql=&oq=&gs_rfai=" "Mozilla/5.0 (Windows; U; Windows NT 5.0; de; rv:1.9.2) Gecko/20100115 Firefox/3.6"
141.20.109.122 - - [25/Mar/2010:15:58:15 +0100] "GET / HTTP/1.1" 302 - "http://www.google.de/search?hl=de&client=firefox-a&rls=org.mozilla:de:official&channel=s&ei=BXqrS6HRN5mCmwPp3IneDw&sa=X&oi=spell&resnum=0&ct=result&cd=1&ved=0CBMQBSgA&q=friedrich-list-berlin.de&spell=1" "Mozilla/5.0 (Windows; U; Windows NT 5.0; de; rv:1.9.2) Gecko/20100115 Firefox/3.6"
141.20.109.122 - - [25/Mar/2010:15:58:19 +0100] "GET / HTTP/1.1" 302 - "http://www.google.de/search?hl=de&client=firefox-a&rls=org.mozilla:de:official&channel=s&ei=BXqrS6HRN5mCmwPp3IneDw&sa=X&oi=spell&resnum=0&ct=result&cd=1&ved=0CBMQBSgA&q=friedrich-list-berlin.de&spell=1" "Mozilla/5.0 (Windows; U; Windows NT 5.0; de; rv:1.9.2) Gecko/20100115 Firefox/3.6"
65.55.216.32 - - [25/Mar/2010:16:09:53 +0100] "GET /robots.txt HTTP/1.1" 404 1256 "-" "msnbot/2.0b (+http://search.msn.com/msnbot.htm)"
87.250.255.242 - - [25/Mar/2010:16:44:37 +0100] "GET / HTTP/1.1" 302 - "-" "Yandex/1.01.001 (compatible; Win16; I)"
87.162.80.176 - - [25/Mar/2010:16:50:37 +0100] "GET / HTTP/1.1" 302 - "http://www.google.de/search?hl=ru&source=hp&q=www.friedrich-list-berlin.de&aq=f&aqi=&aql=&oq=&gs_rfai=&fp=d8a5b44f2928b832" "Mozilla/5.0 (Windows; U; Windows NT 5.1; ru; rv:1.9.2.2) Gecko/20100316 Firefox/3.6.2"
87.162.80.176 - - [25/Mar/2010:16:53:49 +0100] "GET / HTTP/1.1" 302 - "http://www.google.de/url?sa=t&source=web&ct=res&cd=1&ved=0CAcQFjAA&url=http%3A%2F%2Fwww.friedrich-list-berlin.de%2F&rct=j&q=www.friedrich-list-berlin.de&ei=S4arS_aBEtT-sQbd8sTLDg&usg=AFQjCNGsKs3TvBQ4z91zrYvo9_SfKi5nug" "Mozilla/5.0 (Windows; U; Windows NT 5.1; ru; rv:1.9.2.2) Gecko/20100316 Firefox/3.6.2"
93.220.101.214 - - [25/Mar/2010:17:23:44 +0100] "GET /favicon.ico HTTP/1.1" 404 1256 "-" "Mozilla/4.0 (compatible; MSIE 7.0; Windows NT 6.0; WOW64; Trident/4.0; SLCC1; .NET CLR 2.0.50727; Media Center PC 5.0; InfoPath.2; .NET CLR 3.5.30729; .NET CLR 3.0.30729; OfficeLiveConnector.1.4; OfficeLivePatch.1.3)"
84.167.117.135 - - [25/Mar/2010:17:47:02 +0100] "GET / HTTP/1.1" 302 - "-" "Mozilla/5.0 (Windows; U; Windows NT 5.1; de; rv:1.9.0.10) Gecko/2009042316 Firefox/3.0.10"
84.167.117.135 - - [25/Mar/2010:18:56:34 +0100] "GET / HTTP/1.1" 302 - "-" "Mozilla/5.0 (Windows; U; Windows NT 5.1; de; rv:1.9.0.10) Gecko/2009042316 Firefox/3.0.10"
79.193.47.64 - - [25/Mar/2010:20:06:56 +0100] "GET / HTTP/1.1" 302 - "http://www.google.de/search?hl=de&ei=SbSrS-DrH5iInQP9n53ODw&sa=X&oi=spellfullpage&resnum=0&ct=result&cd=2&ved=0CAYQvwUoAQ&q=friedrich+list+oberschule+berlin&spell=1" "Mozilla/4.0 (compatible; MSIE 7.0; Windows NT 6.0; SLCC1; .NET CLR 2.0.50727; Media Center PC 5.0; .NET CLR 3.5.30729; .NET CLR 3.0.30618; .NET CLR 1.1.4322)"
84.167.117.135 - - [26/Mar/2010:00:48:33 +0100] "GET / HTTP/1.1" 302 - "-" "Mozilla/5.0 (Windows; U; Windows NT 5.1; de; rv:1.9.0.10) Gecko/2009042316 Firefox/3.0.10"
83.85.180.192 - - [26/Mar/2010:00:49:57 +0100] "GET / HTTP/1.1" 302 - "-" "Java/1.4.1_04"
83.85.180.192 - - [26/Mar/2010:00:49:57 +0100] "GET /fls_1_aktuelles.php HTTP/1.1" 404 1256 "-" "Java/1.4.1_04"
83.85.180.192 - - [26/Mar/2010:00:49:57 +0100] "GET /fls_2_fremdsprachensekr.php HTTP/1.1" 404 1256 "-" "Java/1.4.1_04"
83.85.180.192 - - [26/Mar/2010:00:49:57 +0100] "GET /fls_3_fls_international.php HTTP/1.1" 404 1256 "-" "Java/1.4.1_04"
83.85.180.192 - - [26/Mar/2010:00:49:57 +0100] "GET /fls_4_faq.php HTTP/1.1" 404 1256 "-" "Java/1.4.1_04"
83.85.180.192 - - [26/Mar/2010:00:49:57 +0100] "GET /fls_4_impressum.php HTTP/1.1" 404 1256 "-" "Java/1.4.1_04"
83.85.180.192 - - [26/Mar/2010:00:49:57 +0100] "GET /fls_4_kontakt_anmeldung.php HTTP/1.1" 404 1256 "-" "Java/1.4.1_04"
83.85.180.192 - - [26/Mar/2010:00:49:57 +0100] "GET /index.php HTTP/1.1" 302 - "-" "Java/1.4.1_04"
83.85.180.192 - - [26/Mar/2010:00:49:58 +0100] "GET /ddlevelsfiles/ddlevelsmenu.js HTTP/1.1" 404 1256 "-" "Java/1.4.1_04"
83.85.180.192 - - [26/Mar/2010:00:49:58 +0100] "GET /js/lightwindow.js HTTP/1.1" 404 1256 "-" "Java/1.4.1_04"
83.85.180.192 - - [26/Mar/2010:00:49:58 +0100] "GET /js/prototype.js HTTP/1.1" 404 1256 "-" "Java/1.4.1_04"
83.85.180.192 - - [26/Mar/2010:00:49:58 +0100] "GET /js/scriptaculous.js?load=effects HTTP/1.1" 404 1256 "-" "Java/1.4.1_04"
84.167.117.35 - - [26/Mar/2010:02:38:26 +0100] "GET / HTTP/1.1" 302 - "-" "Mozilla/5.0 (Windows; U; Windows NT 5.1; de; rv:1.9.0.10) Gecko/2009042316 Firefox/3.0.10"
85.25.184.90 - - [26/Mar/2010:02:50:12 +0100] "GET / HTTP/1.1" 302 - "-" "Mozilla/5.0 (X11; U; Linux i686; en-US; rv:1.9.0.1) Gecko/2008070206 Firefox/3.0.1"
207.46.199.179 - - [26/Mar/2010:03:02:08 +0100] "GET /robots.txt HTTP/1.1" 404 1256 "-" "msnbot/2.0b (+http://search.msn.com/msnbot.htm)"
94.23.193.67 - - [26/Mar/2010:03:15:25 +0100] "GET / HTTP/1.0" 302 - "-" "-"
94.23.193.67 - - [26/Mar/2010:03:15:25 +0100] "GET / HTTP/1.0" 302 - "-" "Mozilla/5.0 (Windows; U; Windows NT 6.1; de; rv:1.9.2) Gecko/20100115 Firefox/3.6"
84.167.117.35 - - [26/Mar/2010:03:50:23 +0100] "GET / HTTP/1.1" 302 - "-" "Mozilla/5.0 (Windows; U; Windows NT 5.1; de; rv:1.9.0.10) Gecko/2009042316 Firefox/3.0.10"
67.195.113.251 - - [26/Mar/2010:04:40:02 +0100] "GET /robots.txt HTTP/1.0" 404 1256 "-" "Mozilla/5.0 (compatible; Yahoo! Slurp; http://help.yahoo.com/help/us/ysearch/slurp)"
67.195.113.251 - - [26/Mar/2010:04:40:02 +0100] "GET / HTTP/1.0" 302 - "-" "Mozilla/5.0 (compatible; Yahoo! Slurp/3.0; http://help.yahoo.com/help/us/ysearch/slurp)"
207.46.13.91 - - [26/Mar/2010:04:47:59 +0100] "GET /robots.txt HTTP/1.1" 404 1256 "-" "msnbot/2.0b (+http://search.msn.com/msnbot.htm)"
207.46.13.91 - - [26/Mar/2010:04:48:44 +0100] "GET / HTTP/1.1" 302 - "-" "msnbot/2.0b (+http://search.msn.com/msnbot.htm)"
195.128.18.19 - - [26/Mar/2010:06:12:17 +0100] "GET /robots.txt HTTP/1.0" 404 1256 "-" "Mozilla/5.0 (compatible; aiHitBot/1.0-DS; +http://www.aihit.com/)"
195.128.18.19 - - [26/Mar/2010:06:12:17 +0100] "GET / HTTP/1.0" 302 - "-" "Mozilla/5.0 (compatible; aiHitBot/1.0-DS; +http://www.aihit.com/)"
87.123.126.100 - - [26/Mar/2010:07:58:20 +0100] "GET / HTTP/1.0" 302 - "-" "Mozilla/5.0 (Windows; U; Windows NT 5.1; de; rv:1.9.0.18) Gecko/2010020220 Firefox/3.0.18"
87.123.126.100 - - [26/Mar/2010:08:04:26 +0100] "GET / HTTP/1.0" 302 - "-" "Mozilla/5.0 (Windows; U; Windows NT 5.1; de; rv:1.9.0.3) Gecko/2008092417 Firefox/3.0.3"
87.123.126.100 - - [26/Mar/2010:08:55:54 +0100] "GET / HTTP/1.0" 302 - "-" "Mozilla/5.0 (Windows; U; Windows NT 5.1; de; rv:1.9.0.3) Gecko/2008092417 Firefox/3.0.3"
87.123.126.100 - - [26/Mar/2010:09:24:22 +0100] "GET / HTTP/1.0" 302 - "-" "Mozilla/5.0 (Windows; U; Windows NT 5.1; de; rv:1.9.0.3) Gecko/2008092417 Firefox/3.0.3"
67.195.113.251 - - [26/Mar/2010:09:30:41 +0100] "GET / HTTP/1.0" 302 - "-" "Mozilla/5.0 (compatible; Yahoo! Slurp/3.0; http://help.yahoo.com/help/us/ysearch/slurp)"
139.17.114.43 - - [26/Mar/2010:09:31:52 +0100] "GET / HTTP/1.1" 302 - "http://maps.google.de/maps?hl=de&client=firefox-a&hs=a9P&rls=org.mozilla:en-GB:official&um=1&ie=UTF-8&q=sprache+schule&fb=1&gl=de&hq=sprache+schule&hnear=Potsdam&ei=MHCsS5LCOc78_AaqquzaDw&sa=X&oi=local_group&ct=image&resnum=7&ved=0CDwQtgMwBg" "Mozilla/5.0 (Windows; U; Windows NT 6.1; en-GB; rv:1.9.1.7) Gecko/20091221 Firefox/3.5.7"
87.123.126.100 - - [26/Mar/2010:09:43:46 +0100] "GET / HTTP/1.0" 302 - "-" "Mozilla/5.0 (Windows; U; Windows NT 5.1; de; rv:1.9.0.18) Gecko/2010020220 Firefox/3.0.18"
87.123.126.100 - - [26/Mar/2010:09:43:54 +0100] "GET / HTTP/1.0" 302 - "-" "Mozilla/5.0 (Windows; U; Windows NT 5.1; de; rv:1.9.0.3) Gecko/2008092417 Firefox/3.0.3"
87.123.126.100 - - [26/Mar/2010:09:49:28 +0100] "GET / HTTP/1.0" 302 - "-" "Mozilla/5.0 (Windows; U; Windows NT 5.1; de; rv:1.9.0.3) Gecko/2008092417 Firefox/3.0.3"
87.123.126.100 - - [26/Mar/2010:09:52:01 +0100] "GET / HTTP/1.0" 302 - "-" "Mozilla/5.0 (Windows; U; Windows NT 5.1; de; rv:1.9.0.3) Gecko/2008092417 Firefox/3.0.3"
87.123.126.100 - - [26/Mar/2010:10:00:53 +0100] "GET / HTTP/1.0" 302 - "-" "Mozilla/5.0 (Windows; U; Windows NT 5.1; de; rv:1.9.0.3) Gecko/2008092417 Firefox/3.0.3"
188.102.110.135 - - [26/Mar/2010:10:07:49 +0100] "GET / HTTP/1.1" 302 - "http://www.google.de/url?sa=t&source=web&ct=res&cd=2&ved=0CAkQFDAB&url=http%3A%2F%2Fwww.friedrich-list-berlin.de%2F&rct=j&q=+berlin+oberstufenzentrum&ei=QXisS5_nA52hsQbOxt21Dg&usg=AFQjCNGsKs3TvBQ4z91zrYvo9_SfKi5nug" "Mozilla/4.0 (compatible; MSIE 8.0; Windows NT 6.0; Trident/4.0; SLCC1; .NET CLR 2.0.50727; Media Center PC 5.0; .NET CLR 3.5.30729; OfficeLiveConnector.1.3; OfficeLivePatch.0.0; .NET CLR 3.0.30729; InfoPath.2)"
87.123.126.100 - - [26/Mar/2010:10:33:38 +0100] "GET / HTTP/1.0" 302 - "-" "Mozilla/5.0 (Windows; U; Windows NT 5.1; de; rv:1.9.0.3) Gecko/2008092417 Firefox/3.0.3"
87.123.126.100 - - [26/Mar/2010:10:35:03 +0100] "GET / HTTP/1.0" 302 - "-" "Mozilla/5.0 (Windows; U; Windows NT 5.1; de; rv:1.9.0.3) Gecko/2008092417 Firefox/3.0.3"
87.123.126.100 - - [26/Mar/2010:10:37:41 +0100] "GET / HTTP/1.0" 302 - "-" "Mozilla/5.0 (Windows; U; Windows NT 5.1; de; rv:1.9.0.3) Gecko/2008092417 Firefox/3.0.3"
87.123.126.100 - - [26/Mar/2010:10:41:54 +0100] "GET / HTTP/1.0" 302 - "-" "Mozilla/5.0 (Windows; U; Windows NT 5.1; de; rv:1.9.0.3) Gecko/2008092417 Firefox/3.0.3"
87.123.126.100 - - [26/Mar/2010:10:42:22 +0100] "GET / HTTP/1.0" 302 - "-" "Mozilla/5.0 (Windows; U; Windows NT 5.1; de; rv:1.9.0.3) Gecko/2008092417 Firefox/3.0.3"
87.123.126.100 - - [26/Mar/2010:10:43:23 +0100] "GET / HTTP/1.0" 302 - "-" "Mozilla/5.0 (Windows; U; Windows NT 5.1; de; rv:1.9.0.3) Gecko/2008092417 Firefox/3.0.3"
87.123.126.100 - - [26/Mar/2010:10:44:59 +0100] "GET / HTTP/1.0" 302 - "-" "Mozilla/5.0 (Windows; U; Windows NT 5.1; de; rv:1.9.0.3) Gecko/2008092417 Firefox/3.0.3"
87.123.126.100 - - [26/Mar/2010:10:45:59 +0100] "GET / HTTP/1.0" 302 - "-" "Mozilla/5.0 (Windows; U; Windows NT 5.1; de; rv:1.9.0.3) Gecko/2008092417 Firefox/3.0.3"
87.123.126.100 - - [26/Mar/2010:11:02:23 +0100] "GET / HTTP/1.0" 302 - "-" "Mozilla/5.0 (Windows; U; Windows NT 5.1; de; rv:1.9.0.18) Gecko/2010020220 Firefox/3.0.18"
87.123.126.100 - - [26/Mar/2010:11:52:02 +0100] "GET / HTTP/1.0" 302 - "-" "Mozilla/5.0 (Windows; U; Windows NT 5.1; de; rv:1.9.0.3) Gecko/2008092417 Firefox/3.0.3"
87.123.126.100 - - [26/Mar/2010:11:52:07 +0100] "GET / HTTP/1.0" 302 - "-" "Mozilla/5.0 (Windows; U; Windows NT 5.1; de; rv:1.9.0.18) Gecko/2010020220 Firefox/3.0.18"
87.123.126.100 - - [26/Mar/2010:11:53:40 +0100] "GET / HTTP/1.0" 302 - "-" "Mozilla/5.0 (Windows; U; Windows NT 5.1; de; rv:1.9.0.3) Gecko/2008092417 Firefox/3.0.3"
87.123.126.100 - - [26/Mar/2010:11:53:58 +0100] "GET / HTTP/1.0" 302 - "-" "Mozilla/5.0 (Windows; U; Windows NT 5.1; de; rv:1.9.0.18) Gecko/2010020220 Firefox/3.0.18"
87.123.126.100 - - [26/Mar/2010:12:01:27 +0100] "GET / HTTP/1.0" 302 - "-" "Mozilla/5.0 (Windows; U; Windows NT 5.1; de; rv:1.9.0.3) Gecko/2008092417 Firefox/3.0.3"
87.123.126.100 - - [26/Mar/2010:12:28:18 +0100] "GET / HTTP/1.0" 302 - "-" "Mozilla/5.0 (Windows; U; Windows NT 5.1; de; rv:1.9.0.3) Gecko/2008092417 Firefox/3.0.3"
87.118.82.66 - - [26/Mar/2010:12:51:27 +0100] "GET / HTTP/1.0" 302 - "http://www.la-palma-fotoblog.de" "Mozilla/4.0 (compatible; MSIE 8.0; Windows NT 6.1; Trident/4.0; SLCC2; .NET CLR 2.0.50727; .NET CLR 3.5.30729; .NET CLR 3.0.30729; Media Center PC 6.0; FDM; Alexa Toolbar; Tablet PC 2.0)"
84.153.95.213 - - [26/Mar/2010:13:09:26 +0100] "GET / HTTP/1.0" 302 - "http://hersteller.septfilles.ch/?photo=friedrich-list-berlin" "Mozilla/4.0 (compatible; MSIE 6.0; Windows NT 5.1)"
77.20.65.148 - - [26/Mar/2010:13:19:03 +0100] "GET / HTTP/1.1" 302 - "http://www.kiezatlas.de:8080/browse/controller?action=showGeoObjectInfo&id=t-96896" "Mozilla/4.0 (compatible; MSIE 8.0; Windows NT 5.1; Trident/4.0; GTB6; .NET CLR 2.0.50727; eSobiSubscriber 2.0.4.16; .NET CLR 3.0.4506.2152; .NET CLR 3.5.30729)"
87.123.126.100 - - [26/Mar/2010:13:36:15 +0100] "GET / HTTP/1.0" 302 - "-" "Mozilla/5.0 (Windows; U; Windows NT 5.1; de; rv:1.9.0.3) Gecko/2008092417 Firefox/3.0.3"
67.16.94.2 - - [26/Mar/2010:13:44:15 +0100] "GET /robots.txt HTTP/1.0" 404 1256 "-" "Gigabot/3.0 (http://www.gigablast.com/spider.html)"
67.16.94.2 - - [26/Mar/2010:13:44:16 +0100] "GET / HTTP/1.0" 302 - "-" "Gigabot/3.0 (http://www.gigablast.com/spider.html)"
87.123.126.100 - - [26/Mar/2010:13:52:14 +0100] "GET / HTTP/1.0" 302 - "-" "Mozilla/5.0 (Windows; U; Windows NT 5.1; de; rv:1.9.0.3) Gecko/2008092417 Firefox/3.0.3"
91.37.242.181 - - [26/Mar/2010:14:19:50 +0100] "GET / HTTP/1.1" 302 - "http://www.google.de/search?hl=de&q=oberstufenzentrum+7+berlin&meta=&aq=f&aqi=&aql=&oq=&gs_rfai=" "Mozilla/4.0 (compatible; MSIE 6.0; Windows NT 5.1; SV1; .NET CLR 1.1.4322; .NET CLR 2.0.50727; .NET CLR 3.0.4506.2152; .NET CLR 3.5.30729)"
216.104.15.142 - - [26/Mar/2010:14:21:13 +0100] "GET / HTTP/1.0" 302 - "-" "Mozilla/4.0 (compatible; MSIE 6.0; Windows NT 5.1)"
87.123.126.100 - - [26/Mar/2010:14:35:52 +0100] "GET / HTTP/1.0" 302 - "-" "Mozilla/5.0 (Windows; U; Windows NT 5.1; de; rv:1.9.0.3) Gecko/2008092417 Firefox/3.0.3"
87.123.126.100 - - [26/Mar/2010:14:43:12 +0100] "GET / HTTP/1.0" 302 - "-" "Mozilla/5.0 (Windows; U; Windows NT 5.1; de; rv:1.9.0.3) Gecko/2008092417 Firefox/3.0.3"
95.108.150.235 - - [26/Mar/2010:14:55:00 +0100] "GET /robots.txt HTTP/1.1" 404 1256 "-" "Yandex/1.01.001 (compatible; Win16; H)"
95.108.150.235 - - [26/Mar/2010:14:55:01 +0100] "GET / HTTP/1.1" 302 - "-" "Yandex/1.01.001 (compatible; Win16; H)"
67.218.116.162 - - [26/Mar/2010:14:57:23 +0100] "GET /robots.txt HTTP/1.1" 404 1256 "-" "Mozilla/5.0 (Twiceler-0.9 http://www.cuil.com/twiceler/robot.html)"
89.123.24.31 - - [26/Mar/2010:17:14:10 +0100] "GET / HTTP/1.1" 302 - "-" "Java/1.6.0_04"
89.123.24.31 - - [26/Mar/2010:17:14:11 +0100] "GET /fls_1_aktuelles.php HTTP/1.1" 404 1256 "-" "Java/1.6.0_04"
89.123.24.31 - - [26/Mar/2010:17:14:11 +0100] "GET /fls_2_fremdsprachensekr.php HTTP/1.1" 404 1256 "-" "Java/1.6.0_04"
89.123.24.31 - - [26/Mar/2010:17:14:11 +0100] "GET /fls_3_fls_international.php HTTP/1.1" 404 1256 "-" "Java/1.6.0_04"
89.123.24.31 - - [26/Mar/2010:17:14:12 +0100] "GET /fls_4_faq.php HTTP/1.1" 404 1256 "-" "Java/1.6.0_04"
89.123.24.31 - - [26/Mar/2010:17:14:12 +0100] "GET /fls_4_impressum.php HTTP/1.1" 404 1256 "-" "Java/1.6.0_04"
89.123.24.31 - - [26/Mar/2010:17:14:15 +0100] "GET /fls_4_kontakt_anmeldung.php HTTP/1.1" 404 1256 "-" "Java/1.6.0_04"
89.123.24.31 - - [26/Mar/2010:17:14:16 +0100] "GET /index.php HTTP/1.1" 302 - "-" "Java/1.6.0_04"
89.123.24.31 - - [26/Mar/2010:17:14:18 +0100] "GET /ddlevelsfiles/ddlevelsmenu.js HTTP/1.1" 404 1256 "-" "Java/1.6.0_04"
89.123.24.31 - - [26/Mar/2010:17:14:18 +0100] "GET /js/lightwindow.js HTTP/1.1" 404 1256 "-" "Java/1.6.0_04"
67.195.113.251 - - [26/Mar/2010:17:33:06 +0100] "GET /robots.txt HTTP/1.0" 404 1256 "-" "Mozilla/5.0 (compatible; Yahoo! Slurp; http://help.yahoo.com/help/us/ysearch/slurp)"
67.195.113.251 - - [26/Mar/2010:17:33:06 +0100] "GET / HTTP/1.0" 302 - "-" "Mozilla/5.0 (compatible; Yahoo! Slurp/3.0; http://help.yahoo.com/help/us/ysearch/slurp)"
188.100.3.148 - - [26/Mar/2010:19:10:28 +0100] "GET / HTTP/1.1" 302 - "http://www.google.de/url?sa=t&source=web&ct=res&cd=2&ved=0CAkQFDAB&url=http%3A%2F%2Fwww.friedrich-list-berlin.de%2F&rct=j&q=berufsbildende+schulen+berlin&ei=OPisS5CLN4-UsQbmnMneDg&usg=AFQjCNGsKs3TvBQ4z91zrYvo9_SfKi5nug" "Mozilla/4.0 (compatible; MSIE 8.0; Windows NT 5.1; Trident/4.0; Mozilla/4.0 (compatible; MSIE 8.0; Win32; GMX); (gmx/1.1.0.21); .NET CLR 2.0.50727; InfoPath.1; InfoPath.2; .NET CLR 3.0.4506.2152; .NET CLR 3.5.30729)"
208.80.193.29 - - [26/Mar/2010:19:13:04 +0100] "GET / HTTP/1.0" 302 - "-" "Mozilla/4.0 (compatible; MSIE 6.0; Windows NT 5.1; FunWebProducts; .NET CLR 1.1.4322; HbTools 4.8.7)"
85.178.52.185 - - [26/Mar/2010:21:57:21 +0100] "GET / HTTP/1.1" 302 - "http://www.wilhelm-ostwald-schule.de/schullaufbahnberatung/Internetadressen.htm" "Mozilla/4.0 (compatible; MSIE 8.0; Windows NT 6.0; Trident/4.0; GoogleT5; SLCC1; .NET CLR 2.0.50727; Media Center PC 5.0; OfficeLiveConnector.1.3; OfficeLivePatch.0.0; .NET CLR 3.5.30729; .NET CLR 3.0.30618)"
88.131.106.30 - - [26/Mar/2010:23:36:15 +0100] "GET /robots.txt HTTP/1.0" 404 1256 "-" "Mozilla/5.0 (Windows; U; Windows NT 5.1; en-US) Speedy Spider (http://www.entireweb.com/about/search_tech/speedy_spider/)"
88.131.106.30 - - [26/Mar/2010:23:36:18 +0100] "GET / HTTP/1.0" 302 - "-" "Mozilla/5.0 (Windows; U; Windows NT 5.1; en-US) Speedy Spider (http://www.entireweb.com/about/search_tech/speedy_spider/)"
88.131.106.30 - - [27/Mar/2010:04:24:44 +0100] "GET /robots.txt HTTP/1.0" 404 1256 "-" "Mozilla/5.0 (Windows; U; Windows NT 5.1; en-US) Speedy Spider (http://www.entireweb.com/about/search_tech/speedy_spider/)"
88.131.106.30 - - [27/Mar/2010:04:24:45 +0100] "GET / HTTP/1.0" 302 - "-" "Mozilla/5.0 (Windows; U; Windows NT 5.1; en-US) Speedy Spider (http://www.entireweb.com/about/search_tech/speedy_spider/)"
207.46.199.40 - - [27/Mar/2010:05:23:47 +0100] "GET /robots.txt HTTP/1.1" 404 1256 "-" "msnbot/2.0b (+http://search.msn.com/msnbot.htm)"
207.46.199.40 - - [27/Mar/2010:05:24:42 +0100] "GET / HTTP/1.1" 302 - "-" "msnbot/2.0b (+http://search.msn.com/msnbot.htm)"
217.83.6.96 - - [27/Mar/2010:11:56:47 +0100] "GET / HTTP/1.1" 302 - "http://www.google.com/search?q=Ober+Stufen+Zentrum+Berlin&ie=utf-8&oe=utf-8&aq=t&rls=org.mozilla:de:official&client=firefox-a" "Mozilla/5.0 (Windows; U; Windows NT 5.1; de; rv:1.9.2.2) Gecko/20100316 Firefox/3.6.2 (.NET CLR 3.5.30729)"
91.62.69.169 - - [27/Mar/2010:12:33:44 +0100] "GET / HTTP/1.1" 302 - "http://www.berlin.de/sen/bildung/schulverzeichnis_und_portraets/anwendung/Schulportrait.aspx?ID=1113101331" "Mozilla/5.0 (Windows; U; Windows NT 5.1; de; rv:1.9.2.2) Gecko/20100316 Firefox/3.6.2"
87.250.255.242 - - [27/Mar/2010:19:44:01 +0100] "GET /robots.txt HTTP/1.1" 404 1256 "-" "Yandex/1.01.001 (compatible; Win16; I)"
87.250.255.242 - - [27/Mar/2010:20:59:55 +0100] "GET / HTTP/1.1" 302 - "-" "Yandex/1.01.001 (compatible; Win16; I)"
84.188.200.183 - - [27/Mar/2010:21:30:17 +0100] "GET / HTTP/1.1" 302 - "http://www.google.de/search?hl=de&rlz=1W1SKPB_de&q=friedrich-list-schule%2C+berlin&btnG=Suche&meta=&aq=f&aqi=&aql=&oq=&gs_rfai=" "Mozilla/4.0 (compatible; MSIE 7.0; Windows NT 5.1; GTB6.4; .NET CLR 2.0.50727; .NET CLR 3.0.4506.2152; .NET CLR 3.5.30729)"
92.206.64.218 - - [27/Mar/2010:22:21:58 +0100] "GET / HTTP/1.1" 302 - "-" "Mozilla/5.0 (Windows; U; Windows NT 5.1; de; rv:1.9.2.2) Gecko/20100316 Firefox/3.6.2"
87.118.82.66 - - [28/Mar/2010:00:32:08 +0100] "GET / HTTP/1.0" 302 - "http://www.referertrick.de" "Mozilla/4.0 (compatible; MSIE 8.0; Windows NT 6.1; Trident/4.0; SLCC2; .NET CLR 2.0.50727; .NET CLR 3.5.30729; .NET CLR 3.0.30729; Media Center PC 6.0; FDM; Alexa Toolbar; Tablet PC 2.0)"
87.230.47.8 - - [28/Mar/2010:05:30:54 +0200] "HEAD / HTTP/1.1" 302 - "-" "-"
207.46.195.242 - - [28/Mar/2010:06:52:46 +0200] "GET /robots.txt HTTP/1.1" 404 1256 "-" "msnbot/2.0b (+http://search.msn.com/msnbot.htm)"
207.46.195.242 - - [28/Mar/2010:06:53:42 +0200] "GET / HTTP/1.1" 302 - "-" "msnbot/2.0b (+http://search.msn.com/msnbot.htm)"
77.211.97.63 - - [28/Mar/2010:07:41:54 +0200] "GET / HTTP/1.1" 302 - "-" "Java/1.6.0"
77.211.97.63 - - [28/Mar/2010:07:41:57 +0200] "GET /fls_1_aktuelles.php HTTP/1.1" 404 1256 "-" "Java/1.6.0"
77.211.97.63 - - [28/Mar/2010:07:41:59 +0200] "GET /fls_2_fremdsprachensekr.php HTTP/1.1" 404 1256 "-" "Java/1.6.0"
77.211.97.63 - - [28/Mar/2010:07:42:00 +0200] "GET /fls_3_fls_international.php HTTP/1.1" 404 1256 "-" "Java/1.6.0"
77.211.97.63 - - [28/Mar/2010:07:42:01 +0200] "GET /fls_4_faq.php HTTP/1.1" 404 1256 "-" "Java/1.6.0"
77.211.97.63 - - [28/Mar/2010:07:42:03 +0200] "GET /fls_4_impressum.php HTTP/1.1" 404 1256 "-" "Java/1.6.0"
77.211.97.63 - - [28/Mar/2010:07:42:05 +0200] "GET /fls_4_kontakt_anmeldung.php HTTP/1.1" 404 1256 "-" "Java/1.6.0"
77.211.97.63 - - [28/Mar/2010:07:42:06 +0200] "GET /index.php HTTP/1.1" 302 - "-" "Java/1.6.0"
77.211.97.63 - - [28/Mar/2010:07:42:10 +0200] "GET /ddlevelsfiles/ddlevelsmenu.js HTTP/1.1" 404 1256 "-" "Java/1.6.0"
77.211.97.63 - - [28/Mar/2010:07:42:11 +0200] "GET /js/lightwindow.js HTTP/1.1" 404 1256 "-" "Java/1.6.0"
77.211.97.63 - - [28/Mar/2010:07:42:12 +0200] "GET /js/prototype.js HTTP/1.1" 404 1256 "-" "Java/1.6.0"
77.211.97.63 - - [28/Mar/2010:07:42:14 +0200] "GET /js/scriptaculous.js?load=effects HTTP/1.1" 404 1256 "-" "Java/1.6.0"
87.118.82.66 - - [28/Mar/2010:10:49:39 +0200] "GET / HTTP/1.0" 302 - "http://www.niekao.de" "Mozilla/4.0 (compatible; MSIE 8.0; Windows NT 6.1; Trident/4.0; SLCC2; .NET CLR 2.0.50727; .NET CLR 3.5.30729; .NET CLR 3.0.30729; Media Center PC 6.0; FDM; Alexa Toolbar; Tablet PC 2.0)"
208.80.193.29 - - [28/Mar/2010:10:57:47 +0200] "GET / HTTP/1.0" 302 - "-" "Mozilla/4.0 (compatible; MSIE 7.0; Windows NT 5.1; FunWebProducts; .NET CLR 1.0.3705; .NET CLR 1.1.4322; Media Center PC 4.0; .NET CLR 2.0.50727; InfoPath.2)"
174.129.131.200 - - [28/Mar/2010:14:36:45 +0200] "GET /robots.txt HTTP/1.1" 404 1256 "-" "Mozilla/5.0 (compatible; spbot/2.0.2; +http://www.seoprofiler.com/bot/ )"
174.129.131.200 - - [28/Mar/2010:14:36:45 +0200] "GET / HTTP/1.1" 302 - "-" "Mozilla/5.0 (compatible; spbot/2.0.2; +http://www.seoprofiler.com/bot/ )"
84.190.255.70 - - [28/Mar/2010:14:46:30 +0200] "GET / HTTP/1.1" 302 - "-" "Mozilla/5.0 (Windows; U; Windows NT 5.1; de; rv:1.9.2.2) Gecko/20100316 Firefox/3.6.2"
82.166.163.10 - - [28/Mar/2010:14:54:14 +0200] "GET / HTTP/1.1" 302 - "-" "Mozilla/4.0 (compatible; MSIE 6.0; Windows NT 5.1; SV1; Maxthon; .NET CLR 1.1.4322; .NET CLR 2.0.50727; InfoPath.1)"
65.55.106.139 - - [28/Mar/2010:17:15:00 +0200] "GET /robots.txt HTTP/1.1" 404 1256 "-" "msnbot/2.0b (+http://search.msn.com/msnbot.htm)"
67.218.116.162 - - [28/Mar/2010:17:35:36 +0200] "GET /robots.txt HTTP/1.1" 404 1256 "-" "Mozilla/5.0 (Twiceler-0.9 http://www.cuil.com/twiceler/robot.html)"
91.66.236.131 - - [28/Mar/2010:20:33:42 +0200] "GET / HTTP/1.1" 302 - "http://www.tagesspiegel.de/berlin/Oberstufenzentren-Bildung;art270,2896399" "Mozilla/4.0 (compatible; MSIE 8.0; Windows NT 6.0; Trident/4.0; GTB6; SLCC1; .NET CLR 2.0.50727; Media Center PC 5.0; .NET CLR 3.5.30729; .NET CLR 3.0.30729)"
92.225.73.141 - - [28/Mar/2010:22:06:00 +0200] "GET / HTTP/1.1" 302 - "-" "Mozilla/5.0 (Windows; U; Windows NT 5.1; de; rv:1.9.2) Gecko/20100115 YFF35 Firefox/3.6"
85.180.241.131 - - [28/Mar/2010:22:35:58 +0200] "GET / HTTP/1.1" 302 - "http://www.google.de/search?hl=es&source=hp&q=Berufliche+Schule+Spanisch+Berlin&aq=f&aqi=&aql=&oq=&gs_rfai=" "Mozilla/4.0 (compatible; MSIE 6.0; Windows NT 5.1; SV1; .NET CLR 1.1.4322; .NET CLR 2.0.50727)"
137.226.232.19 - - [29/Mar/2010:03:25:18 +0200] "HEAD / HTTP/1.0" 302 - "http://www.schulweb.de/de/bestatschulweb/liste.html?kategorie=best_at&sprache=®ion=&list_anfang=80&trefferzahlauswahl=16&auswahl_1=&auswahl_2=&auswahl_3=&suchtext=&zeigen2=&sort=wertnummer" "Wget/1.11.3"
89.122.29.31 - - [29/Mar/2010:04:51:15 +0200] "GET / HTTP/1.1" 302 - "-" "Java/1.6.0_04"
89.122.29.31 - - [29/Mar/2010:04:51:16 +0200] "GET /fls_1_aktuelles.php HTTP/1.1" 404 1256 "-" "Java/1.6.0_04"
89.122.29.31 - - [29/Mar/2010:04:51:17 +0200] "GET /fls_2_fremdsprachensekr.php HTTP/1.1" 404 1256 "-" "Java/1.6.0_04"
89.122.29.31 - - [29/Mar/2010:04:51:17 +0200] "GET /fls_3_fls_international.php HTTP/1.1" 404 1256 "-" "Java/1.6.0_04"
