111.248.97.93 - - [16/Feb/2016:14:31:47 +0100] "CONNECT 163mx00.mxmail.netease.com:25 HTTP/1.0" 405 355 "-" "-"
185.25.148.240 - - [16/Feb/2016:14:32:02 +0100] "GET http://testp5.mielno.lubin.pl/testproxy.php HTTP/1.1" 404 327 "-" "Mozilla/5.0 (Windows NT 5.1; rv:32.0) Gecko/20100101 Firefox/31.0"
185.25.148.240 - - [16/Feb/2016:14:32:58 +0100] "GET http://testp5.mielno.lubin.pl/testproxy.php HTTP/1.1" 404 327 "-" "Mozilla/5.0 (Windows NT 5.1; rv:32.0) Gecko/20100101 Firefox/31.0"
115.231.222.14 - - [16/Feb/2016:14:34:19 +0100] "GET http://zc.qq.com/cgi-bin/common/attr?id=260714&r=0.0599712292722388 HTTP/1.1" 404 320 "-" "Mozilla/5.0 (compatible; MSIE 9.0; Windows NT 6.1; Trident/5.0; 360SE)"
107.150.60.74 - - [16/Feb/2016:14:35:19 +0100] "GET / HTTP/1.1" 200 1229 "-" "Mozilla/4.0 (compatible; MSIE 8.0; Windows NT 6.1; Trident/4.0; SLCC2; .NET CLR 2.0.50727; .NET CLR 3.5.30729; .NET CLR 3.0.30729; Media Center PC 6.0)"
185.25.148.240 - - [16/Feb/2016:14:38:30 +0100] "GET http://testp5.mielno.lubin.pl/testproxy.php HTTP/1.1" 404 327 "-" "Mozilla/5.0 (Windows NT 5.1; rv:32.0) Gecko/20100101 Firefox/31.0"
185.25.151.159 - - [16/Feb/2016:14:45:35 +0100] "GET http://testp5.mielno.lubin.pl/testproxy.php HTTP/1.1" 404 327 "-" "Mozilla/5.0 (Windows NT 5.1; rv:32.0) Gecko/20100101 Firefox/31.0"
185.25.151.159 - - [16/Feb/2016:14:48:30 +0100] "GET http://testp2.czar.bielawa.pl/testproxy.php HTTP/1.1" 404 327 "-" "Mozilla/5.0 (Windows NT 5.1; rv:32.0) Gecko/20100101 Firefox/31.0"
173.208.206.205 - - [16/Feb/2016:15:21:37 +0100] "GET / HTTP/1.1" 200 1229 "-" "Mozilla/4.0 (compatible; MSIE 8.0; Windows NT 6.1; Trident/4.0; SLCC2; .NET CLR 2.0.50727; .NET CLR 3.5.30729; .NET CLR 3.0.30729; Media Center PC 6.0)"
54.206.90.212 - - [16/Feb/2016:15:23:53 +0100] "GET / HTTP/1.1" 200 1229 "-" "Mozilla/4.0 (compatible; MSIE 6.0; Windows NT 5.1; SV1; InfoPath.2)"
107.150.60.74 - - [16/Feb/2016:15:32:14 +0100] "GET / HTTP/1.1" 200 1229 "-" "Mozilla/4.0 (compatible; MSIE 8.0; Windows NT 6.1; Trident/4.0; SLCC2; .NET CLR 2.0.50727; .NET CLR 3.5.30729; .NET CLR 3.0.30729; Media Center PC 6.0)"
111.248.102.231 - - [16/Feb/2016:15:38:32 +0100] "CONNECT vip163mx01.mxmail.netease.com:25 HTTP/1.0" 405 358 "-" "-"
66.249.66.126 - - [16/Feb/2016:16:07:21 +0100] "GET / HTTP/1.1" 200 1229 "-" "Mozilla/5.0 (compatible; Googlebot/2.1; +http://www.google.com/bot.html)"
141.212.122.193 - - [16/Feb/2016:16:30:10 +0100] "GET / HTTP/1.1" 200 1229 "-" "Mozilla/5.0 zgrab/0.x"
115.231.222.14 - - [16/Feb/2016:16:48:19 +0100] "GET http://zc.qq.com/cgi-bin/common/attr?id=260714&r=0.1119787960451068 HTTP/1.1" 404 320 "-" "Mozilla/5.0 (compatible; MSIE 9.0; Windows NT 6.1; Trident/5.0; 360SE)"
115.231.222.14 - - [16/Feb/2016:16:48:22 +0100] "GET http://zc.qq.com/cgi-bin/common/attr?id=260714&r=0.1072358424323618 HTTP/1.1" 404 320 "-" "Mozilla/5.0 (compatible; MSIE 9.0; Windows NT 6.1; Trident/5.0; 360SE)"
77.125.94.224 - - [16/Feb/2016:16:59:05 +0100] "GET / HTTP/1.0" 200 1229 "-" "masscan/1.0 (https://github.com/robertdavidgraham/masscan)"
77.125.94.224 - - [16/Feb/2016:16:59:22 +0100] "GET / HTTP/1.0" 200 1229 "-" "masscan/1.0 (https://github.com/robertdavidgraham/masscan)"
77.125.94.224 - - [16/Feb/2016:16:59:25 +0100] "GET / HTTP/1.0" 200 1229 "-" "masscan/1.0 (https://github.com/robertdavidgraham/masscan)"
77.125.94.224 - - [16/Feb/2016:16:59:29 +0100] "GET / HTTP/1.0" 200 1229 "-" "masscan/1.0 (https://github.com/robertdavidgraham/masscan)"
77.125.94.224 - - [16/Feb/2016:16:59:50 +0100] "GET / HTTP/1.0" 200 1229 "-" "masscan/1.0 (https://github.com/robertdavidgraham/masscan)"
77.125.94.224 - - [16/Feb/2016:16:59:57 +0100] "GET / HTTP/1.0" 200 1229 "-" "masscan/1.0 (https://github.com/robertdavidgraham/masscan)"
111.248.114.82 - - [16/Feb/2016:17:06:12 +0100] "CONNECT 163mx02.mxmail.netease.com:25 HTTP/1.0" 405 355 "-" "-"
113.76.90.229 - - [16/Feb/2016:17:40:38 +0100] "GET / HTTP/1.1" 200 1229 "-" "Mozilla/4.0 (compatible; MSIE 8.0; Windows NT 6.1; Trident/4.0; SLCC2; .NET CLR 2.0.50727; .NET CLR 3.5.30729; .NET CLR 3.0.30729; Media Center PC 6.0; InfoPath.2; .NET4.0C; .NET4.0E)"
64.246.165.140 - - [16/Feb/2016:18:15:11 +0100] "GET /robots.txt HTTP/1.0" 404 315 "-" "Mozilla/5.0 (Windows; U; Windows NT 5.1; en; rv:1.9.0.13) Gecko/2009073022 Firefox/3.5.2 (.NET CLR 3.5.30729) SurveyBot/2.3 (DomainTools)"
64.246.165.140 - - [16/Feb/2016:18:15:11 +0100] "GET / HTTP/1.1" 200 1229 "http://whois.domaintools.com/bmt-it.de" "Mozilla/5.0 (Windows; U; Windows NT 5.1; en; rv:1.9.0.13) Gecko/2009073022 Firefox/3.5.2 (.NET CLR 3.5.30729) SurveyBot/2.3 (DomainTools)"
107.150.60.75 - - [16/Feb/2016:18:29:19 +0100] "GET / HTTP/1.1" 200 1229 "-" "Mozilla/4.0 (compatible; MSIE 8.0; Windows NT 6.1; Trident/4.0; SLCC2; .NET CLR 2.0.50727; .NET CLR 3.5.30729; .NET CLR 3.0.30729; Media Center PC 6.0)"
61.228.89.45 - - [16/Feb/2016:18:31:15 +0100] "CONNECT vip163mx00.mxmail.netease.com:25 HTTP/1.0" 405 358 "-" "-"
107.150.60.76 - - [16/Feb/2016:18:34:04 +0100] "GET / HTTP/1.1" 200 1229 "-" "Mozilla/4.0 (compatible; MSIE 8.0; Windows NT 6.1; Trident/4.0; SLCC2; .NET CLR 2.0.50727; .NET CLR 3.5.30729; .NET CLR 3.0.30729; Media Center PC 6.0)"
66.249.66.124 - - [16/Feb/2016:19:01:03 +0100] "GET /robots.txt HTTP/1.1" 404 323 "-" "Mozilla/5.0 (compatible; Googlebot/2.1; +http://www.google.com/bot.html)"
66.249.66.124 - - [16/Feb/2016:19:01:03 +0100] "GET / HTTP/1.1" 200 1229 "-" "Mozilla/5.0 (compatible; Googlebot/2.1; +http://www.google.com/bot.html)"
115.231.222.14 - - [16/Feb/2016:19:01:34 +0100] "GET http://zc.qq.com/cgi-bin/common/attr?id=260714&r=0.0426519629551238 HTTP/1.1" 404 320 "-" "Mozilla/5.0 (compatible; MSIE 9.0; Windows NT 6.1; Trident/5.0; 360SE)"
61.231.1.219 - - [16/Feb/2016:19:08:56 +0100] "CONNECT vip163mx00.mxmail.netease.com:25 HTTP/1.0" 405 358 "-" "-"
93.113.125.11 - - [16/Feb/2016:19:59:49 +0100] "GET / HTTP/1.0" 200 1229 "-" "\"nlpproject.info research\""
93.113.125.11 - - [16/Feb/2016:20:02:10 +0100] "GET / HTTP/1.0" 200 1229 "-" "\"nlpproject.info research\""
93.113.125.11 - - [16/Feb/2016:20:02:21 +0100] "GET / HTTP/1.0" 200 1229 "-" "\"nlpproject.info research\""
93.113.125.11 - - [16/Feb/2016:20:07:41 +0100] "GET / HTTP/1.0" 200 1229 "-" "\"nlpproject.info research\""
93.113.125.11 - - [16/Feb/2016:20:08:15 +0100] "GET / HTTP/1.0" 200 1229 "-" "\"nlpproject.info research\""
93.113.125.11 - - [16/Feb/2016:20:08:15 +0100] "GET / HTTP/1.0" 200 1229 "-" "\"nlpproject.info research\""
91.108.179.42 - - [16/Feb/2016:20:34:53 +0100] "GET /administrator/ HTTP/1.1" 404 319 "-" "python-requests/2.2.1 CPython/2.7.6 Linux/2.6.32-042stab092.1"
54.191.170.55 - - [16/Feb/2016:20:43:36 +0100] "HEAD / HTTP/1.0" 200 - "-" "-"
54.191.170.55 - - [16/Feb/2016:20:43:36 +0100] "HEAD / HTTP/1.0" 200 - "-" "-"
91.108.179.42 - - [16/Feb/2016:20:52:34 +0100] "GET /administrator/ HTTP/1.1" 404 319 "-" "python-requests/2.2.1 CPython/2.7.6 Linux/2.6.32-042stab092.1"
115.231.222.14 - - [16/Feb/2016:21:16:55 +0100] "GET http://zc.qq.com/cgi-bin/common/attr?id=260714&r=0.9533023524157433 HTTP/1.1" 404 320 "-" "Mozilla/5.0 (compatible; MSIE 9.0; Windows NT 6.1; Trident/5.0; 360SE)"
115.231.222.14 - - [16/Feb/2016:21:16:57 +0100] "GET http://zc.qq.com/cgi-bin/common/attr?id=260714&r=0.5266101687294970 HTTP/1.1" 404 320 "-" "Mozilla/5.0 (compatible; MSIE 9.0; Windows NT 6.1; Trident/5.0; 360SE)"
115.231.222.14 - - [16/Feb/2016:21:16:57 +0100] "GET http://zc.qq.com/cgi-bin/common/attr?id=260714&r=0.2275642781369121 HTTP/1.1" 404 320 "-" "Mozilla/5.0 (compatible; MSIE 9.0; Windows NT 6.1; Trident/5.0; 360SE)"
115.231.222.14 - - [16/Feb/2016:21:16:57 +0100] "GET http://zc.qq.com/cgi-bin/common/attr?id=260714&r=0.0602610946118310 HTTP/1.1" 404 320 "-" "Mozilla/5.0 (compatible; MSIE 9.0; Windows NT 6.1; Trident/5.0; 360SE)"
157.55.39.192 - - [16/Feb/2016:21:22:04 +0100] "GET /robots.txt HTTP/1.1" 404 328 "-" "Mozilla/5.0 (compatible; bingbot/2.0; +http://www.bing.com/bingbot.htm)"
157.55.39.192 - - [16/Feb/2016:21:22:09 +0100] "GET / HTTP/1.1" 304 - "-" "Mozilla/5.0 (compatible; bingbot/2.0; +http://www.bing.com/bingbot.htm)"
61.231.1.31 - - [16/Feb/2016:21:28:30 +0100] "CONNECT 163mx01.mxmail.netease.com:25 HTTP/1.0" 405 355 "-" "-"
173.208.206.202 - - [16/Feb/2016:22:07:11 +0100] "GET / HTTP/1.1" 200 1229 "-" "Mozilla/4.0 (compatible; MSIE 8.0; Windows NT 6.1; Trident/4.0; SLCC2; .NET CLR 2.0.50727; .NET CLR 3.5.30729; .NET CLR 3.0.30729; Media Center PC 6.0)"
141.212.122.193 - - [16/Feb/2016:23:54:55 +0100] "GET / HTTP/1.1" 200 1229 "-" "Mozilla/5.0 zgrab/0.x"
171.13.14.30 - - [17/Feb/2016:00:40:48 +0100] "GET / HTTP/1.1" 200 1229 "-" "curl/7.19.7 (x86_64-unknown-linux-gnu) libcurl/7.19.7 NSS/3.12.7.0 zlib/1.2.3 libidn/1.18 libssh2/1.2.2"
115.231.222.14 - - [17/Feb/2016:01:45:19 +0100] "GET http://zc.qq.com/cgi-bin/common/attr?id=260714&r=0.9970324298297080 HTTP/1.1" 404 320 "-" "Mozilla/5.0 (compatible; MSIE 9.0; Windows NT 6.1; Trident/5.0; 360SE)"
111.248.62.117 - - [17/Feb/2016:02:02:34 +0100] "CONNECT 163mx01.mxmail.netease.com:25 HTTP/1.0" 405 355 "-" "-"
66.249.66.122 - - [17/Feb/2016:02:14:58 +0100] "GET / HTTP/1.1" 200 1229 "-" "Mozilla/5.0 (compatible; Googlebot/2.1; +http://www.google.com/bot.html)"
54.67.52.8 - - [17/Feb/2016:02:25:09 +0100] "GET / HTTP/1.0" 200 1229 "-" "Mozilla/5.0 (Windows NT 6.3; rv:36.0 Gecko/20100101 Firefox/36.0"
141.212.122.193 - - [17/Feb/2016:03:28:50 +0100] "GET / HTTP/1.1" 200 1229 "-" "Mozilla/5.0 zgrab/0.x"
93.113.125.11 - - [17/Feb/2016:03:35:19 +0100] "GET / HTTP/1.0" 200 1229 "-" "\"nlpproject.info research\""
115.231.222.14 - - [17/Feb/2016:03:42:36 +0100] "GET http://zc.qq.com/cgi-bin/common/attr?id=260714&r=0.2447436257061312 HTTP/1.1" 404 320 "-" "Mozilla/5.0 (compatible; MSIE 9.0; Windows NT 6.1; Trident/5.0; 360SE)"
115.231.222.14 - - [17/Feb/2016:03:42:37 +0100] "GET http://zc.qq.com/cgi-bin/common/attr?id=260714&r=0.3950523945376286 HTTP/1.1" 404 320 "-" "Mozilla/5.0 (compatible; MSIE 9.0; Windows NT 6.1; Trident/5.0; 360SE)"
115.231.222.14 - - [17/Feb/2016:03:42:39 +0100] "GET http://zc.qq.com/cgi-bin/common/attr?id=260714&r=0.1811409632162059 HTTP/1.1" 404 320 "-" "Mozilla/5.0 (compatible; MSIE 9.0; Windows NT 6.1; Trident/5.0; 360SE)"
115.231.222.14 - - [17/Feb/2016:03:42:39 +0100] "GET http://zc.qq.com/cgi-bin/common/attr?id=260714&r=0.2944809664942303 HTTP/1.1" 404 320 "-" "Mozilla/5.0 (compatible; MSIE 9.0; Windows NT 6.1; Trident/5.0; 360SE)"
115.231.222.14 - - [17/Feb/2016:03:42:39 +0100] "GET http://zc.qq.com/cgi-bin/common/attr?id=260714&r=0.4250535639665537 HTTP/1.1" 404 320 "-" "Mozilla/5.0 (compatible; MSIE 9.0; Windows NT 6.1; Trident/5.0; 360SE)"
189.238.175.44 - - [17/Feb/2016:04:33:07 +0100] "GET /phpMyAdmin/scripts/setup.php HTTP/1.1" 404 333 "-" "-"
189.238.175.44 - - [17/Feb/2016:04:33:13 +0100] "GET /pma/scripts/setup.php HTTP/1.1" 404 326 "-" "-"
189.238.175.44 - - [17/Feb/2016:04:33:19 +0100] "GET /myadmin/scripts/setup.php HTTP/1.1" 404 330 "-" "-"
207.46.13.99 - - [17/Feb/2016:04:35:24 +0100] "GET /robots.txt HTTP/1.1" 404 323 "-" "Mozilla/5.0 (compatible; bingbot/2.0; +http://www.bing.com/bingbot.htm)"
207.46.13.99 - - [17/Feb/2016:04:36:23 +0100] "GET /service-frankfurt.html HTTP/1.1" 404 335 "-" "Mozilla/5.0 (compatible; bingbot/2.0; +http://www.bing.com/bingbot.htm)"
141.212.122.193 - - [17/Feb/2016:05:08:47 +0100] "GET / HTTP/1.1" 200 1229 "-" "Mozilla/5.0 zgrab/0.x"
115.231.222.14 - - [17/Feb/2016:05:55:49 +0100] "GET http://zc.qq.com/cgi-bin/common/attr?id=260714&r=0.6096271444167233 HTTP/1.1" 404 320 "-" "Mozilla/5.0 (compatible; MSIE 9.0; Windows NT 6.1; Trident/5.0; 360SE)"
115.231.222.14 - - [17/Feb/2016:05:55:50 +0100] "GET http://zc.qq.com/cgi-bin/common/attr?id=260714&r=0.8625330724969792 HTTP/1.1" 404 320 "-" "Mozilla/5.0 (compatible; MSIE 9.0; Windows NT 6.1; Trident/5.0; 360SE)"
115.231.222.14 - - [17/Feb/2016:05:55:50 +0100] "GET http://zc.qq.com/cgi-bin/common/attr?id=260714&r=0.7008729214529376 HTTP/1.1" 404 320 "-" "Mozilla/5.0 (compatible; MSIE 9.0; Windows NT 6.1; Trident/5.0; 360SE)"
115.231.222.14 - - [17/Feb/2016:08:08:39 +0100] "GET http://zc.qq.com/cgi-bin/common/attr?id=260714&r=0.6499786013396799 HTTP/1.1" 404 320 "-" "Mozilla/5.0 (compatible; MSIE 9.0; Windows NT 6.1; Trident/5.0; 360SE)"
115.231.222.14 - - [17/Feb/2016:08:08:39 +0100] "GET http://zc.qq.com/cgi-bin/common/attr?id=260714&r=0.7478599839373629 HTTP/1.1" 404 320 "-" "Mozilla/5.0 (compatible; MSIE 9.0; Windows NT 6.1; Trident/5.0; 360SE)"
115.231.222.14 - - [17/Feb/2016:08:08:39 +0100] "GET http://zc.qq.com/cgi-bin/common/attr?id=260714&r=0.2766413163876632 HTTP/1.1" 404 320 "-" "Mozilla/5.0 (compatible; MSIE 9.0; Windows NT 6.1; Trident/5.0; 360SE)"
115.231.222.14 - - [17/Feb/2016:08:08:39 +0100] "GET http://zc.qq.com/cgi-bin/common/attr?id=260714&r=0.7576905062682574 HTTP/1.1" 404 320 "-" "Mozilla/5.0 (compatible; MSIE 9.0; Windows NT 6.1; Trident/5.0; 360SE)"
115.231.222.14 - - [17/Feb/2016:08:08:39 +0100] "GET http://zc.qq.com/cgi-bin/common/attr?id=260714&r=0.1403406458602362 HTTP/1.1" 404 320 "-" "Mozilla/5.0 (compatible; MSIE 9.0; Windows NT 6.1; Trident/5.0; 360SE)"
141.212.122.193 - - [17/Feb/2016:08:21:12 +0100] "GET / HTTP/1.1" 200 1229 "-" "Mozilla/5.0 zgrab/0.x"
141.212.122.193 - - [17/Feb/2016:08:24:22 +0100] "GET / HTTP/1.1" 200 1229 "-" "Mozilla/5.0 zgrab/0.x"
141.212.122.193 - - [17/Feb/2016:09:10:16 +0100] "GET / HTTP/1.1" 200 1229 "-" "Mozilla/5.0 zgrab/0.x"
207.182.140.213 - - [17/Feb/2016:09:21:34 +0100] "GET / HTTP/1.1" 200 1229 "-" "Mozilla/5.0 (Windows NT 6.1; Win64; x64) KomodiaBot/1.0"
1.171.249.25 - - [17/Feb/2016:09:36:06 +0100] "CONNECT 126mx02.mxmail.netease.com:25 HTTP/1.0" 405 355 "-" "-"
113.76.90.107 - - [17/Feb/2016:10:11:23 +0100] "GET / HTTP/1.1" 200 1229 "-" "Mozilla/4.0 (compatible; MSIE 8.0; Windows NT 6.1; Trident/4.0; SLCC2; .NET CLR 2.0.50727; .NET CLR 3.5.30729; .NET CLR 3.0.30729; Media Center PC 6.0; InfoPath.2; .NET4.0C; .NET4.0E)"
115.231.222.14 - - [17/Feb/2016:10:21:05 +0100] "GET http://zc.qq.com/cgi-bin/common/attr?id=260714&r=0.8045928523066141 HTTP/1.1" 404 320 "-" "Mozilla/5.0 (compatible; MSIE 9.0; Windows NT 6.1; Trident/5.0; 360SE)"
115.231.222.14 - - [17/Feb/2016:10:21:06 +0100] "GET http://zc.qq.com/cgi-bin/common/attr?id=260714&r=0.8042957994881254 HTTP/1.1" 404 320 "-" "Mozilla/5.0 (compatible; MSIE 9.0; Windows NT 6.1; Trident/5.0; 360SE)"
115.231.222.14 - - [17/Feb/2016:10:21:06 +0100] "GET http://zc.qq.com/cgi-bin/common/attr?id=260714&r=0.9586564496964313 HTTP/1.1" 404 320 "-" "Mozilla/5.0 (compatible; MSIE 9.0; Windows NT 6.1; Trident/5.0; 360SE)"
115.231.222.14 - - [17/Feb/2016:10:21:07 +0100] "GET http://zc.qq.com/cgi-bin/common/attr?id=260714&r=0.3600610316307293 HTTP/1.1" 404 320 "-" "Mozilla/5.0 (compatible; MSIE 9.0; Windows NT 6.1; Trident/5.0; 360SE)"
111.248.101.162 - - [17/Feb/2016:10:51:52 +0100] "CONNECT 163mx01.mxmail.netease.com:25 HTTP/1.0" 405 355 "-" "-"
111.248.112.210 - - [17/Feb/2016:11:10:48 +0100] "CONNECT vip163mx01.mxmail.netease.com:25 HTTP/1.0" 405 358 "-" "-"
141.212.122.193 - - [17/Feb/2016:11:12:56 +0100] "GET / HTTP/1.1" 200 1229 "-" "Mozilla/5.0 zgrab/0.x"
169.229.3.91 - - [17/Feb/2016:11:48:32 +0100] "\xdd\xf5\x86I\xd4\x96lo\xd5q9\xe4\"" 501 333 "-" "-"
115.231.222.14 - - [17/Feb/2016:12:33:10 +0100] "GET http://zc.qq.com/cgi-bin/common/attr?id=260714&r=0.7243223712615481 HTTP/1.1" 404 320 "-" "Mozilla/5.0 (compatible; MSIE 9.0; Windows NT 6.1; Trident/5.0; 360SE)"
115.231.222.14 - - [17/Feb/2016:12:33:10 +0100] "GET http://zc.qq.com/cgi-bin/common/attr?id=260714&r=0.6029553190327763 HTTP/1.1" 404 320 "-" "Mozilla/5.0 (compatible; MSIE 9.0; Windows NT 6.1; Trident/5.0; 360SE)"
169.229.3.91 - - [17/Feb/2016:13:28:00 +0100] "\xca\\\x9f\xdd\xcd\x0f\"\t\x02\x7fe\xbd5\xa3`\"\x1b\xe1%\xd4\xac\xcf,],\xc0" 400 329 "-" "-"
69.30.205.218 - - [17/Feb/2016:13:42:03 +0100] "GET /robots.txt HTTP/1.0" 404 323 "-" "Mozilla/5.0 (compatible; MJ12bot/v1.4.5; http://www.majestic12.co.uk/bot.php?+)"
69.30.205.218 - - [17/Feb/2016:13:42:04 +0100] "GET / HTTP/1.0" 200 1229 "-" "Mozilla/5.0 (compatible; MJ12bot/v1.4.5; http://www.majestic12.co.uk/bot.php?+)"
169.229.3.91 - - [17/Feb/2016:13:49:20 +0100] "\xa9\x97\xf5\x7f\x03\x0c\"\xf8\xbd\xf5\x9d3Vh" 400 329 "-" "-"
115.231.222.14 - - [17/Feb/2016:14:46:34 +0100] "GET http://zc.qq.com/cgi-bin/common/attr?id=260714&r=0.9697049992194009 HTTP/1.1" 404 320 "-" "Mozilla/5.0 (compatible; MSIE 9.0; Windows NT 6.1; Trident/5.0; 360SE)"
115.231.222.14 - - [17/Feb/2016:14:46:39 +0100] "GET http://zc.qq.com/cgi-bin/common/attr?id=260714&r=0.0348941341361016 HTTP/1.1" 404 320 "-" "Mozilla/5.0 (compatible; MSIE 9.0; Windows NT 6.1; Trident/5.0; 360SE)"
111.248.62.7 - - [17/Feb/2016:16:41:39 +0100] "CONNECT vip163mx00.mxmail.netease.com:25 HTTP/1.0" 405 358 "-" "-"
66.249.66.139 - - [17/Feb/2016:16:44:17 +0100] "GET /robots.txt HTTP/1.1" 404 334 "-" "Mozilla/5.0 (compatible; Googlebot/2.1; +http://www.google.com/bot.html)"
66.249.66.139 - - [17/Feb/2016:16:44:17 +0100] "GET / HTTP/1.1" 200 1229 "-" "Mozilla/5.0 (compatible; Googlebot/2.1; +http://www.google.com/bot.html)"
54.224.137.179 - - [17/Feb/2016:16:48:21 +0100] "HEAD / HTTP/1.0" 200 - "-" "-"
54.224.137.179 - - [17/Feb/2016:16:48:21 +0100] "HEAD / HTTP/1.0" 200 - "-" "-"
54.224.137.179 - - [17/Feb/2016:16:48:21 +0100] "HEAD / HTTP/1.0" 200 - "-" "-"
54.224.137.179 - - [17/Feb/2016:16:48:21 +0100] "HEAD / HTTP/1.0" 200 - "-" "-"
54.224.137.179 - - [17/Feb/2016:16:48:21 +0100] "HEAD / HTTP/1.0" 200 - "-" "-"
54.224.137.179 - - [17/Feb/2016:16:48:21 +0100] "HEAD / HTTP/1.0" 200 - "-" "-"
54.224.137.179 - - [17/Feb/2016:16:48:21 +0100] "HEAD / HTTP/1.0" 200 - "-" "-"
54.224.137.179 - - [17/Feb/2016:16:48:21 +0100] "HEAD / HTTP/1.0" 200 - "-" "-"
54.224.137.179 - - [17/Feb/2016:16:48:21 +0100] "HEAD / HTTP/1.0" 200 - "-" "-"
54.224.137.179 - - [17/Feb/2016:16:48:21 +0100] "HEAD / HTTP/1.0" 200 - "-" "-"
115.231.222.14 - - [17/Feb/2016:16:59:38 +0100] "GET http://zc.qq.com/cgi-bin/common/attr?id=260714&r=0.6287770989753879 HTTP/1.1" 404 320 "-" "Mozilla/5.0 (compatible; MSIE 9.0; Windows NT 6.1; Trident/5.0; 360SE)"
115.231.222.14 - - [17/Feb/2016:16:59:39 +0100] "GET http://zc.qq.com/cgi-bin/common/attr?id=260714&r=0.5521977978333760 HTTP/1.1" 404 320 "-" "Mozilla/5.0 (compatible; MSIE 9.0; Windows NT 6.1; Trident/5.0; 360SE)"
113.76.90.107 - - [17/Feb/2016:18:34:11 +0100] "GET / HTTP/1.1" 200 1229 "-" "Mozilla/4.0 (compatible; MSIE 8.0; Windows NT 6.1; Trident/4.0; SLCC2; .NET CLR 2.0.50727; .NET CLR 3.5.30729; .NET CLR 3.0.30729; Media Center PC 6.0; InfoPath.2; .NET4.0C; .NET4.0E)"
115.231.222.14 - - [17/Feb/2016:19:11:45 +0100] "GET http://zc.qq.com/cgi-bin/common/attr?id=260714&r=0.3900626744917761 HTTP/1.1" 404 320 "-" "Mozilla/5.0 (compatible; MSIE 9.0; Windows NT 6.1; Trident/5.0; 360SE)"
115.231.222.14 - - [17/Feb/2016:19:11:46 +0100] "GET http://zc.qq.com/cgi-bin/common/attr?id=260714&r=0.9241158969191752 HTTP/1.1" 404 320 "-" "Mozilla/5.0 (compatible; MSIE 9.0; Windows NT 6.1; Trident/5.0; 360SE)"
5.9.63.149 - - [17/Feb/2016:19:30:58 +0100] "GET /robots.txt HTTP/1.0" 404 328 "-" "Mozilla/5.0 (compatible; MJ12bot/v1.4.5; http://www.majestic12.co.uk/bot.php?+)"
5.9.63.149 - - [17/Feb/2016:19:30:59 +0100] "GET / HTTP/1.0" 200 1229 "-" "Mozilla/5.0 (compatible; MJ12bot/v1.4.5; http://www.majestic12.co.uk/bot.php?+)"
91.108.179.42 - - [17/Feb/2016:19:41:51 +0100] "GET /administrator/ HTTP/1.1" 404 319 "-" "python-requests/2.2.1 CPython/2.7.6 Linux/2.6.32-042stab092.1"
64.246.165.180 - - [17/Feb/2016:19:50:02 +0100] "GET /leer.htm HTTP/1.1" 404 313 "http://whois.domaintools.com/dialyse-schoenebeck.de" "Mozilla/5.0 (Windows; U; Windows NT 5.1; en; rv:1.9.0.13) Gecko/2009073022 Firefox/3.5.2 (.NET CLR 3.5.30729) SurveyBot/2.3 (DomainTools)"
64.246.165.180 - - [17/Feb/2016:19:50:02 +0100] "GET /leer.htm HTTP/1.1" 404 313 "http://whois.domaintools.com/dialyse-schoenebeck.de" "Mozilla/5.0 (Windows; U; Windows NT 5.1; en; rv:1.9.0.13) Gecko/2009073022 Firefox/3.5.2 (.NET CLR 3.5.30729) SurveyBot/2.3 (DomainTools)"
64.246.165.180 - - [17/Feb/2016:19:50:03 +0100] "GET /leer.htm HTTP/1.1" 404 313 "http://whois.domaintools.com/dialyse-schoenebeck.de" "Mozilla/5.0 (Windows; U; Windows NT 5.1; en; rv:1.9.0.13) Gecko/2009073022 Firefox/3.5.2 (.NET CLR 3.5.30729) SurveyBot/2.3 (DomainTools)"
112.124.23.26 - - [17/Feb/2016:19:51:18 +0100] "HEAD / HTTP/1.0" 200 - "-" "-"
112.124.23.26 - - [17/Feb/2016:19:51:18 +0100] "HEAD / HTTP/1.0" 200 - "-" "-"
112.124.23.26 - - [17/Feb/2016:19:51:18 +0100] "HEAD / HTTP/1.0" 200 - "-" "-"
112.124.23.26 - - [17/Feb/2016:19:51:18 +0100] "HEAD / HTTP/1.0" 200 - "-" "-"
112.124.23.26 - - [17/Feb/2016:19:51:18 +0100] "HEAD / HTTP/1.0" 200 - "-" "-"
112.124.23.26 - - [17/Feb/2016:19:51:18 +0100] "HEAD / HTTP/1.0" 200 - "-" "-"
112.124.23.26 - - [17/Feb/2016:19:51:18 +0100] "HEAD / HTTP/1.0" 200 - "-" "-"
112.124.23.26 - - [17/Feb/2016:19:51:18 +0100] "HEAD / HTTP/1.0" 200 - "-" "-"
112.124.23.26 - - [17/Feb/2016:19:51:18 +0100] "HEAD / HTTP/1.0" 200 - "-" "-"
112.124.23.26 - - [17/Feb/2016:19:51:18 +0100] "HEAD / HTTP/1.0" 200 - "-" "-"
66.249.66.122 - - [17/Feb/2016:19:56:01 +0100] "GET /robots.txt HTTP/1.1" 404 323 "-" "Mozilla/5.0 (compatible; Googlebot/2.1; +http://www.google.com/bot.html)"
66.249.66.126 - - [17/Feb/2016:19:56:02 +0100] "GET / HTTP/1.1" 200 1229 "-" "Mozilla/5.0 (compatible; Googlebot/2.1; +http://www.google.com/bot.html)"
188.166.1.88 - - [17/Feb/2016:20:32:06 +0100] "GET / HTTP/1.0" 200 1229 "-" "masscan/1.0 (https://github.com/robertdavidgraham/masscan)"
64.246.165.200 - - [17/Feb/2016:20:40:45 +0100] "GET /frameset/left.htm HTTP/1.1" 404 322 "http://whois.domaintools.com/die-sehnsucht.com" "Mozilla/5.0 (Windows; U; Windows NT 5.1; en; rv:1.9.0.13) Gecko/2009073022 Firefox/3.5.2 (.NET CLR 3.5.30729) SurveyBot/2.3 (DomainTools)"
64.246.165.200 - - [17/Feb/2016:20:40:45 +0100] "GET /frameset/top.htm HTTP/1.1" 404 321 "http://whois.domaintools.com/die-sehnsucht.com" "Mozilla/5.0 (Windows; U; Windows NT 5.1; en; rv:1.9.0.13) Gecko/2009073022 Firefox/3.5.2 (.NET CLR 3.5.30729) SurveyBot/2.3 (DomainTools)"
64.246.165.200 - - [17/Feb/2016:20:40:46 +0100] "GET /neue_seite_1.htm HTTP/1.1" 404 321 "http://whois.domaintools.com/die-sehnsucht.com" "Mozilla/5.0 (Windows; U; Windows NT 5.1; en; rv:1.9.0.13) Gecko/2009073022 Firefox/3.5.2 (.NET CLR 3.5.30729) SurveyBot/2.3 (DomainTools)"
5.9.151.22 - - [17/Feb/2016:20:51:26 +0100] "GET /robots.txt HTTP/1.0" 404 334 "-" "Mozilla/5.0 (compatible; MJ12bot/v1.4.5; http://www.majestic12.co.uk/bot.php?+)"
5.9.151.22 - - [17/Feb/2016:20:51:27 +0100] "GET / HTTP/1.0" 200 1229 "-" "Mozilla/5.0 (compatible; MJ12bot/v1.4.5; http://www.majestic12.co.uk/bot.php?+)"
185.35.62.11 - - [17/Feb/2016:21:15:22 +0100] "GET / HTTP/1.1" 200 1229 "-" "Mozilla/5.0 zgrab/0.x"
66.249.66.124 - - [17/Feb/2016:21:25:32 +0100] "GET / HTTP/1.1" 200 1229 "-" "Mozilla/5.0 (compatible; Googlebot/2.1; +http://www.google.com/bot.html)"
115.231.222.14 - - [17/Feb/2016:21:25:40 +0100] "GET http://zc.qq.com/cgi-bin/common/attr?id=260714&r=0.2568598538346570 HTTP/1.1" 404 320 "-" "Mozilla/5.0 (compatible; MSIE 9.0; Windows NT 6.1; Trident/5.0; 360SE)"
115.231.222.14 - - [17/Feb/2016:21:25:40 +0100] "GET http://zc.qq.com/cgi-bin/common/attr?id=260714&r=0.8993770940201395 HTTP/1.1" 404 320 "-" "Mozilla/5.0 (compatible; MSIE 9.0; Windows NT 6.1; Trident/5.0; 360SE)"
185.35.62.11 - - [17/Feb/2016:21:41:17 +0100] "GET / HTTP/1.1" 200 1229 "-" "Mozilla/5.0 zgrab/0.x"
185.35.62.11 - - [17/Feb/2016:21:53:18 +0100] "GET / HTTP/1.1" 200 1229 "-" "Mozilla/5.0 zgrab/0.x"
185.35.62.11 - - [17/Feb/2016:21:55:44 +0100] "GET / HTTP/1.1" 200 1229 "-" "Mozilla/5.0 zgrab/0.x"
185.35.62.11 - - [17/Feb/2016:22:01:35 +0100] "GET / HTTP/1.1" 200 1229 "-" "Mozilla/5.0 zgrab/0.x"
185.35.62.11 - - [17/Feb/2016:22:03:45 +0100] "GET / HTTP/1.1" 200 1229 "-" "Mozilla/5.0 zgrab/0.x"
5.9.151.22 - - [17/Feb/2016:22:05:43 +0100] "GET /robots.txt HTTP/1.0" 404 327 "-" "Mozilla/5.0 (compatible; MJ12bot/v1.4.5; http://www.majestic12.co.uk/bot.php?+)"
5.9.151.22 - - [17/Feb/2016:22:05:45 +0100] "GET / HTTP/1.0" 200 1229 "-" "Mozilla/5.0 (compatible; MJ12bot/v1.4.5; http://www.majestic12.co.uk/bot.php?+)"
185.35.62.11 - - [17/Feb/2016:22:11:31 +0100] "GET / HTTP/1.1" 200 1229 "-" "Mozilla/5.0 zgrab/0.x"
185.35.62.11 - - [17/Feb/2016:22:24:21 +0100] "GET / HTTP/1.1" 200 1229 "-" "Mozilla/5.0 zgrab/0.x"
185.35.62.11 - - [17/Feb/2016:22:25:55 +0100] "GET / HTTP/1.1" 200 1229 "-" "Mozilla/5.0 zgrab/0.x"
185.35.62.11 - - [17/Feb/2016:22:38:13 +0100] "GET / HTTP/1.1" 200 1229 "-" "Mozilla/5.0 zgrab/0.x"
104.128.144.131 - - [17/Feb/2016:23:02:29 +0100] "GET / HTTP/1.0" 200 1229 "-" "www.probethenet.com scanner"
104.128.144.131 - - [17/Feb/2016:23:02:29 +0100] "HEAD /redirect.php HTTP/1.0" 404 - "-" "www.probethenet.com scanner"
104.128.144.131 - - [17/Feb/2016:23:15:25 +0100] "GET / HTTP/1.0" 200 1229 "-" "www.probethenet.com scanner"
104.128.144.131 - - [17/Feb/2016:23:15:25 +0100] "HEAD /redirect.php HTTP/1.0" 404 - "-" "www.probethenet.com scanner"
66.249.66.22 - - [17/Feb/2016:23:38:14 +0100] "GET /robots.txt HTTP/1.1" 404 318 "-" "Mozilla/5.0 (compatible; Googlebot/2.1; +http://www.google.com/bot.html)"
66.249.66.25 - - [17/Feb/2016:23:38:14 +0100] "GET / HTTP/1.1" 200 1229 "-" "Mozilla/5.0 (compatible; Googlebot/2.1; +http://www.google.com/bot.html)"
115.231.222.14 - - [17/Feb/2016:23:39:08 +0100] "GET http://zc.qq.com/cgi-bin/common/attr?id=260714&r=0.2268265695088920 HTTP/1.1" 404 320 "-" "Mozilla/5.0 (compatible; MSIE 9.0; Windows NT 6.1; Trident/5.0; 360SE)"
115.231.222.14 - - [17/Feb/2016:23:39:08 +0100] "GET http://zc.qq.com/cgi-bin/common/attr?id=260714&r=0.1745044293957544 HTTP/1.1" 404 320 "-" "Mozilla/5.0 (compatible; MSIE 9.0; Windows NT 6.1; Trident/5.0; 360SE)"
104.128.144.131 - - [17/Feb/2016:23:49:10 +0100] "GET / HTTP/1.0" 200 1229 "-" "www.probethenet.com scanner"
104.128.144.131 - - [17/Feb/2016:23:49:10 +0100] "HEAD /redirect.php HTTP/1.0" 404 - "-" "www.probethenet.com scanner"
41.206.40.146 - - [18/Feb/2016:01:29:11 +0100] "GET /language/en-GB/en-GB.xml HTTP/1.1" 404 329 "-" "Python-urllib/2.7"
93.113.125.11 - - [18/Feb/2016:01:36:22 +0100] "GET / HTTP/1.0" 200 1229 "-" "\"nlpproject.info research\""
93.113.125.11 - - [18/Feb/2016:01:46:23 +0100] "GET / HTTP/1.0" 200 1229 "-" "\"nlpproject.info research\""
93.113.125.11 - - [18/Feb/2016:01:46:57 +0100] "GET / HTTP/1.0" 200 1229 "-" "\"nlpproject.info research\""
115.231.222.14 - - [18/Feb/2016:01:52:34 +0100] "GET http://zc.qq.com/cgi-bin/common/attr?id=260714&r=0.3053260432500509 HTTP/1.1" 404 320 "-" "Mozilla/5.0 (compatible; MSIE 9.0; Windows NT 6.1; Trident/5.0; 360SE)"
128.232.110.28 - - [18/Feb/2016:03:36:44 +0100] "GET / HTTP/1.1" 200 1229 "-" "Mozilla/5.0 zgrab/0.x"
113.76.90.107 - - [18/Feb/2016:04:03:28 +0100] "GET / HTTP/1.1" 200 1229 "-" "Mozilla/4.0 (compatible; MSIE 8.0; Windows NT 6.1; Trident/4.0; SLCC2; .NET CLR 2.0.50727; .NET CLR 3.5.30729; .NET CLR 3.0.30729; Media Center PC 6.0; InfoPath.2; .NET4.0C; .NET4.0E)"
115.231.222.14 - - [18/Feb/2016:04:06:12 +0100] "GET http://zc.qq.com/cgi-bin/common/attr?id=260714&r=0.5118436209254007 HTTP/1.1" 404 320 "-" "Mozilla/5.0 (compatible; MSIE 9.0; Windows NT 6.1; Trident/5.0; 360SE)"
115.231.222.14 - - [18/Feb/2016:04:06:13 +0100] "GET http://zc.qq.com/cgi-bin/common/attr?id=260714&r=0.1069316874017328 HTTP/1.1" 404 320 "-" "Mozilla/5.0 (compatible; MSIE 9.0; Windows NT 6.1; Trident/5.0; 360SE)"
115.231.222.14 - - [18/Feb/2016:04:06:15 +0100] "GET http://zc.qq.com/cgi-bin/common/attr?id=260714&r=0.4360280539470106 HTTP/1.1" 404 320 "-" "Mozilla/5.0 (compatible; MSIE 9.0; Windows NT 6.1; Trident/5.0; 360SE)"
128.232.110.28 - - [18/Feb/2016:04:22:04 +0100] "GET / HTTP/1.1" 200 1229 "-" "Mozilla/5.0 zgrab/0.x"
128.232.110.28 - - [18/Feb/2016:04:27:36 +0100] "GET / HTTP/1.1" 200 1229 "-" "Mozilla/5.0 zgrab/0.x"
66.249.66.122 - - [18/Feb/2016:06:00:28 +0100] "GET / HTTP/1.1" 200 1229 "-" "Mozilla/5.0 (compatible; Googlebot/2.1; +http://www.google.com/bot.html)"
115.231.222.14 - - [18/Feb/2016:06:18:49 +0100] "GET http://zc.qq.com/cgi-bin/common/attr?id=260714&r=0.1738025977070765 HTTP/1.1" 404 320 "-" "Mozilla/5.0 (compatible; MSIE 9.0; Windows NT 6.1; Trident/5.0; 360SE)"
115.231.222.14 - - [18/Feb/2016:06:18:49 +0100] "GET http://zc.qq.com/cgi-bin/common/attr?id=260714&r=0.3454948570772320 HTTP/1.1" 404 320 "-" "Mozilla/5.0 (compatible; MSIE 9.0; Windows NT 6.1; Trident/5.0; 360SE)"
115.231.222.14 - - [18/Feb/2016:06:18:49 +0100] "GET http://zc.qq.com/cgi-bin/common/attr?id=260714&r=0.3376972002011595 HTTP/1.1" 404 320 "-" "Mozilla/5.0 (compatible; MSIE 9.0; Windows NT 6.1; Trident/5.0; 360SE)"
115.231.222.14 - - [18/Feb/2016:06:18:49 +0100] "GET http://zc.qq.com/cgi-bin/common/attr?id=260714&r=0.5367788566597012 HTTP/1.1" 404 320 "-" "Mozilla/5.0 (compatible; MSIE 9.0; Windows NT 6.1; Trident/5.0; 360SE)"
89.163.251.200 - - [18/Feb/2016:07:01:38 +0100] "GET /phpmyadmin/scripts/setup.php HTTP/1.0" 404 329 "-" "-"
89.163.251.200 - - [18/Feb/2016:07:01:41 +0100] "GET /phpmyadmin/scripts/setup.php HTTP/1.0" 404 329 "-" "-"
89.163.251.200 - - [18/Feb/2016:07:01:42 +0100] "GET /phpmyadmin/scripts/setup.php HTTP/1.0" 404 329 "-" "-"
89.163.251.200 - - [18/Feb/2016:07:01:50 +0100] "GET /phpmyadmin/scripts/setup.php HTTP/1.0" 404 329 "-" "-"
89.163.251.200 - - [18/Feb/2016:07:01:55 +0100] "GET /phpmyadmin/scripts/setup.php HTTP/1.0" 404 329 "-" "-"
89.163.251.200 - - [18/Feb/2016:07:01:57 +0100] "GET /phpmyadmin/scripts/setup.php HTTP/1.0" 404 329 "-" "-"
89.163.251.200 - - [18/Feb/2016:07:02:01 +0100] "GET /phpmyadmin/scripts/setup.php HTTP/1.0" 404 329 "-" "-"
89.163.251.200 - - [18/Feb/2016:07:04:14 +0100] "GET /phpmyadmin/scripts/setup.php HTTP/1.0" 404 329 "-" "-"
89.163.251.200 - - [18/Feb/2016:07:04:30 +0100] "GET /phpmyadmin/scripts/setup.php HTTP/1.0" 404 329 "-" "-"
89.163.251.200 - - [18/Feb/2016:07:10:10 +0100] "GET /phpmyadmin/scripts/setup.php HTTP/1.0" 404 329 "-" "-"
201.160.52.77 - - [18/Feb/2016:07:17:55 +0100] "GET /tmUnblock.cgi HTTP/1.1" 400 329 "-" "-"
201.160.52.77 - - [18/Feb/2016:07:17:59 +0100] "GET / HTTP/1.1" 400 329 "-" "-"
201.160.52.77 - - [18/Feb/2016:07:18:20 +0100] "GET /tmUnblock.cgi HTTP/1.1" 400 329 "-" "-"
201.160.52.77 - - [18/Feb/2016:07:18:23 +0100] "GET / HTTP/1.1" 400 329 "-" "-"
201.160.52.77 - - [18/Feb/2016:07:18:40 +0100] "GET /tmUnblock.cgi HTTP/1.1" 400 329 "-" "-"
201.160.52.77 - - [18/Feb/2016:07:18:43 +0100] "GET / HTTP/1.1" 400 329 "-" "-"
201.160.52.77 - - [18/Feb/2016:07:19:00 +0100] "GET /tmUnblock.cgi HTTP/1.1" 400 329 "-" "-"
201.160.52.77 - - [18/Feb/2016:07:19:03 +0100] "GET / HTTP/1.1" 400 329 "-" "-"
201.160.52.77 - - [18/Feb/2016:07:19:20 +0100] "GET /tmUnblock.cgi HTTP/1.1" 400 329 "-" "-"
201.160.52.77 - - [18/Feb/2016:07:19:23 +0100] "GET / HTTP/1.1" 400 329 "-" "-"
201.160.52.77 - - [18/Feb/2016:07:19:40 +0100] "GET /tmUnblock.cgi HTTP/1.1" 400 329 "-" "-"
201.160.52.77 - - [18/Feb/2016:07:19:44 +0100] "GET / HTTP/1.1" 400 329 "-" "-"
201.160.52.77 - - [18/Feb/2016:07:20:00 +0100] "GET /tmUnblock.cgi HTTP/1.1" 400 329 "-" "-"
201.160.52.77 - - [18/Feb/2016:07:20:04 +0100] "GET / HTTP/1.1" 400 329 "-" "-"
201.160.52.77 - - [18/Feb/2016:07:20:20 +0100] "GET /tmUnblock.cgi HTTP/1.1" 400 329 "-" "-"
201.160.52.77 - - [18/Feb/2016:07:20:24 +0100] "GET / HTTP/1.1" 400 329 "-" "-"
201.160.52.77 - - [18/Feb/2016:07:20:40 +0100] "GET /tmUnblock.cgi HTTP/1.1" 400 329 "-" "-"
201.160.52.77 - - [18/Feb/2016:07:20:44 +0100] "GET / HTTP/1.1" 400 329 "-" "-"
201.160.52.77 - - [18/Feb/2016:07:21:00 +0100] "GET /tmUnblock.cgi HTTP/1.1" 400 329 "-" "-"
201.160.52.77 - - [18/Feb/2016:07:21:04 +0100] "GET / HTTP/1.1" 400 329 "-" "-"
66.249.66.134 - - [18/Feb/2016:07:26:49 +0100] "GET /robots.txt HTTP/1.1" 404 334 "-" "Mozilla/5.0 (compatible; Googlebot/2.1; +http://www.google.com/bot.html)"
66.249.66.134 - - [18/Feb/2016:07:26:49 +0100] "GET / HTTP/1.1" 200 1229 "-" "Mozilla/5.0 (compatible; Googlebot/2.1; +http://www.google.com/bot.html)"
66.249.66.126 - - [18/Feb/2016:07:35:59 +0100] "GET / HTTP/1.1" 200 1229 "-" "Mozilla/5.0 (compatible; Googlebot/2.1; +http://www.google.com/bot.html)"
52.53.221.240 - - [18/Feb/2016:07:41:44 +0100] "GET / HTTP/1.0" 200 1229 "-" "Mozilla/5.0 (Windows NT 6.3; rv:36.0 Gecko/20100101 Firefox/36.0"
115.231.222.14 - - [18/Feb/2016:08:31:21 +0100] "GET http://zc.qq.com/cgi-bin/common/attr?id=260714&r=0.9524979593696464 HTTP/1.1" 404 320 "-" "Mozilla/5.0 (compatible; MSIE 9.0; Windows NT 6.1; Trident/5.0; 360SE)"
61.216.2.14 - - [18/Feb/2016:08:31:51 +0100] "POST /404 HTTP/1.1" 404 302 "-" "apache"
61.216.2.14 - - [18/Feb/2016:08:32:12 +0100] "POST /404 HTTP/1.1" 404 302 "-" "apache"
61.216.2.14 - - [18/Feb/2016:08:39:49 +0100] "POST /404 HTTP/1.1" 404 302 "-" "apache"
61.216.2.14 - - [18/Feb/2016:08:40:08 +0100] "POST /404 HTTP/1.1" 404 302 "-" "apache"
61.216.2.14 - - [18/Feb/2016:08:40:09 +0100] "POST /404 HTTP/1.1" 404 302 "-" "apache"
61.216.2.14 - - [18/Feb/2016:08:40:13 +0100] "POST /404 HTTP/1.1" 404 302 "-" "apache"
61.216.2.14 - - [18/Feb/2016:08:40:30 +0100] "POST /404 HTTP/1.1" 404 302 "-" "apache"
128.232.110.28 - - [18/Feb/2016:10:34:23 +0100] "GET / HTTP/1.1" 200 1229 "-" "Mozilla/5.0 zgrab/0.x"
5.9.73.227 - - [18/Feb/2016:10:34:31 +0100] "GET /robots.txt HTTP/1.0" 404 328 "-" "Mozilla/5.0 (compatible; MJ12bot/v1.4.5; http://www.majestic12.co.uk/bot.php?+)"
5.9.73.227 - - [18/Feb/2016:10:34:32 +0100] "GET / HTTP/1.0" 200 1229 "-" "Mozilla/5.0 (compatible; MJ12bot/v1.4.5; http://www.majestic12.co.uk/bot.php?+)"
128.232.110.28 - - [18/Feb/2016:10:48:08 +0100] "GET / HTTP/1.1" 200 1229 "-" "Mozilla/5.0 zgrab/0.x"
80.147.108.4 - - [18/Feb/2016:11:58:01 +0100] "GET / HTTP/1.1" 200 1229 "-" "Mozilla/5.0 (Macintosh; Intel Mac OS X 10.7; rv:44.0) Gecko/20100101 Firefox/44.0"
80.147.108.4 - - [18/Feb/2016:11:58:01 +0100] "GET /favicon.ico HTTP/1.1" 404 326 "-" "Mozilla/5.0 (Macintosh; Intel Mac OS X 10.7; rv:44.0) Gecko/20100101 Firefox/44.0"
80.147.108.4 - - [18/Feb/2016:11:58:01 +0100] "GET /favicon.ico HTTP/1.1" 404 326 "-" "Mozilla/5.0 (Macintosh; Intel Mac OS X 10.7; rv:44.0) Gecko/20100101 Firefox/44.0"
66.249.66.124 - - [18/Feb/2016:12:01:11 +0100] "GET /robots.txt HTTP/1.1" 404 323 "-" "Mozilla/5.0 (compatible; Googlebot/2.1; +http://www.google.com/bot.html)"
66.249.66.122 - - [18/Feb/2016:12:01:11 +0100] "GET / HTTP/1.1" 200 1229 "-" "Mozilla/5.0 (compatible; Googlebot/2.1; +http://www.google.com/bot.html)"
66.249.66.126 - - [18/Feb/2016:13:51:41 +0100] "GET / HTTP/1.1" 200 1229 "-" "Mozilla/5.0 (compatible; Googlebot/2.1; +http://www.google.com/bot.html)"
115.231.222.14 - - [18/Feb/2016:15:00:06 +0100] "GET http://zc.qq.com/cgi-bin/common/attr?id=260714&r=0.4173838211354569 HTTP/1.1" 404 320 "-" "Mozilla/5.0 (compatible; MSIE 9.0; Windows NT 6.1; Trident/5.0; 360SE)"
115.231.222.14 - - [18/Feb/2016:15:00:06 +0100] "GET http://zc.qq.com/cgi-bin/common/attr?id=260714&r=0.0826714344182087 HTTP/1.1" 404 320 "-" "Mozilla/5.0 (compatible; MSIE 9.0; Windows NT 6.1; Trident/5.0; 360SE)"
128.232.110.28 - - [18/Feb/2016:15:40:01 +0100] "GET / HTTP/1.1" 200 1229 "-" "Mozilla/5.0 zgrab/0.x"
128.232.110.28 - - [18/Feb/2016:15:48:23 +0100] "GET / HTTP/1.1" 200 1229 "-" "Mozilla/5.0 zgrab/0.x"
5.9.87.111 - - [18/Feb/2016:16:15:34 +0100] "GET /robots.txt HTTP/1.0" 404 328 "-" "Mozilla/5.0 (compatible; MJ12bot/v1.4.5; http://www.majestic12.co.uk/bot.php?+)"
5.9.87.111 - - [18/Feb/2016:16:15:35 +0100] "GET / HTTP/1.0" 200 1229 "-" "Mozilla/5.0 (compatible; MJ12bot/v1.4.5; http://www.majestic12.co.uk/bot.php?+)"
176.9.131.69 - - [18/Feb/2016:16:16:48 +0100] "GET /robots.txt HTTP/1.0" 404 328 "-" "Mozilla/5.0 (compatible; MJ12bot/v1.4.5; http://www.majestic12.co.uk/bot.php?+)"
176.9.131.69 - - [18/Feb/2016:16:16:50 +0100] "GET / HTTP/1.0" 200 1229 "-" "Mozilla/5.0 (compatible; MJ12bot/v1.4.5; http://www.majestic12.co.uk/bot.php?+)"
66.249.66.122 - - [18/Feb/2016:16:31:24 +0100] "GET / HTTP/1.1" 200 1229 "-" "Mozilla/5.0 (compatible; Googlebot/2.1; +http://www.google.com/bot.html)"
115.231.222.14 - - [18/Feb/2016:17:13:04 +0100] "GET http://zc.qq.com/cgi-bin/common/attr?id=260714&r=0.6362981868304003 HTTP/1.1" 404 320 "-" "Mozilla/5.0 (compatible; MSIE 9.0; Windows NT 6.1; Trident/5.0; 360SE)"
115.231.222.14 - - [18/Feb/2016:17:13:05 +0100] "GET http://zc.qq.com/cgi-bin/common/attr?id=260714&r=0.2146115257756413 HTTP/1.1" 404 320 "-" "Mozilla/5.0 (compatible; MSIE 9.0; Windows NT 6.1; Trident/5.0; 360SE)"
61.228.89.197 - - [18/Feb/2016:17:44:10 +0100] "CONNECT vip163mx00.mxmail.netease.com:25 HTTP/1.0" 405 358 "-" "-"
115.231.222.14 - - [18/Feb/2016:19:24:38 +0100] "GET http://zc.qq.com/cgi-bin/common/attr?id=260714&r=0.7928775812147843 HTTP/1.1" 404 320 "-" "Mozilla/5.0 (compatible; MSIE 9.0; Windows NT 6.1; Trident/5.0; 360SE)"
115.231.222.14 - - [18/Feb/2016:19:24:39 +0100] "GET http://zc.qq.com/cgi-bin/common/attr?id=260714&r=0.4413198326522437 HTTP/1.1" 404 320 "-" "Mozilla/5.0 (compatible; MSIE 9.0; Windows NT 6.1; Trident/5.0; 360SE)"
115.231.222.14 - - [18/Feb/2016:19:24:39 +0100] "GET http://zc.qq.com/cgi-bin/common/attr?id=260714&r=0.0271039810736361 HTTP/1.1" 404 320 "-" "Mozilla/5.0 (compatible; MSIE 9.0; Windows NT 6.1; Trident/5.0; 360SE)"
104.128.144.131 - - [18/Feb/2016:19:50:31 +0100] "GET / HTTP/1.0" 200 1229 "-" "www.probethenet.com scanner"
104.128.144.131 - - [18/Feb/2016:19:50:31 +0100] "HEAD /redirect.php HTTP/1.0" 404 - "-" "www.probethenet.com scanner"
71.6.158.166 - - [18/Feb/2016:21:24:15 +0100] "GET / HTTP/1.1" 200 1229 "-" "-"
71.6.158.166 - - [18/Feb/2016:21:24:15 +0100] "GET /robots.txt HTTP/1.1" 404 315 "-" "-"
71.6.158.166 - - [18/Feb/2016:21:24:15 +0100] "GET /sitemap.xml HTTP/1.1" 404 316 "-" "-"
66.249.69.241 - - [18/Feb/2016:21:31:11 +0100] "GET / HTTP/1.1" 200 1229 "-" "Mozilla/5.0 (compatible; Googlebot/2.1; +http://www.google.com/bot.html)"
115.231.222.14 - - [18/Feb/2016:21:37:18 +0100] "GET http://zc.qq.com/cgi-bin/common/attr?id=260714&r=0.0945782458293216 HTTP/1.1" 404 320 "-" "Mozilla/5.0 (compatible; MSIE 9.0; Windows NT 6.1; Trident/5.0; 360SE)"
128.232.110.28 - - [18/Feb/2016:21:38:00 +0100] "GET / HTTP/1.1" 200 1229 "-" "Mozilla/5.0 zgrab/0.x"
101.201.147.32 - - [18/Feb/2016:21:41:35 +0100] "GET /server-status HTTP/1.1" 400 329 "-" "-"
180.97.106.161 - - [18/Feb/2016:22:02:36 +0100] "GET http://www.baidu.com/robots.txt HTTP/1.1" 404 315 "-" "-"
66.249.69.251 - - [18/Feb/2016:22:47:50 +0100] "GET / HTTP/1.1" 200 1229 "-" "Mozilla/5.0 (compatible; Googlebot/2.1; +http://www.google.com/bot.html)"
36.225.234.62 - - [18/Feb/2016:23:05:15 +0100] "CONNECT 163mx03.mxmail.netease.com:25 HTTP/1.0" 405 355 "-" "-"
104.128.144.131 - - [18/Feb/2016:23:31:18 +0100] "GET / HTTP/1.0" 200 1229 "-" "www.probethenet.com scanner"
104.128.144.131 - - [18/Feb/2016:23:31:18 +0100] "HEAD /redirect.php HTTP/1.0" 404 - "-" "www.probethenet.com scanner"
54.183.166.50 - - [18/Feb/2016:23:47:59 +0100] "GET / HTTP/1.0" 200 1229 "-" "Mozilla/5.0 (Windows NT 6.3; rv:36.0 Gecko/20100101 Firefox/36.0"
115.231.222.14 - - [18/Feb/2016:23:51:00 +0100] "GET http://zc.qq.com/cgi-bin/common/attr?id=260714&r=0.8556683855323164 HTTP/1.1" 404 320 "-" "Mozilla/5.0 (compatible; MSIE 9.0; Windows NT 6.1; Trident/5.0; 360SE)"
115.231.222.14 - - [18/Feb/2016:23:51:00 +0100] "GET http://zc.qq.com/cgi-bin/common/attr?id=260714&r=0.9846809431362232 HTTP/1.1" 404 320 "-" "Mozilla/5.0 (compatible; MSIE 9.0; Windows NT 6.1; Trident/5.0; 360SE)"
180.97.106.37 - - [19/Feb/2016:00:27:43 +0100] "GET http://www.baidu.com/robots.txt HTTP/1.1" 404 315 "-" "-"
104.128.144.131 - - [19/Feb/2016:00:41:46 +0100] "GET / HTTP/1.0" 200 1229 "-" "www.probethenet.com scanner"
104.128.144.131 - - [19/Feb/2016:00:41:46 +0100] "HEAD /redirect.php HTTP/1.0" 404 - "-" "www.probethenet.com scanner"
104.128.144.131 - - [19/Feb/2016:00:49:17 +0100] "GET / HTTP/1.0" 200 1229 "-" "www.probethenet.com scanner"
104.128.144.131 - - [19/Feb/2016:00:49:17 +0100] "HEAD /redirect.php HTTP/1.0" 404 - "-" "www.probethenet.com scanner"
180.97.106.162 - - [19/Feb/2016:00:58:44 +0100] "GET http://www.baidu.com/robots.txt HTTP/1.1" 404 315 "-" "-"
66.249.69.246 - - [19/Feb/2016:01:47:22 +0100] "GET /robots.txt HTTP/1.1" 404 323 "-" "Mozilla/5.0 (compatible; Googlebot/2.1; +http://www.google.com/bot.html)"
66.249.69.251 - - [19/Feb/2016:01:47:22 +0100] "GET / HTTP/1.1" 200 1229 "-" "Mozilla/5.0 (compatible; Googlebot/2.1; +http://www.google.com/bot.html)"
115.231.222.14 - - [19/Feb/2016:02:03:27 +0100] "GET http://zc.qq.com/cgi-bin/common/attr?id=260714&r=0.1673632374256228 HTTP/1.1" 404 320 "-" "Mozilla/5.0 (compatible; MSIE 9.0; Windows NT 6.1; Trident/5.0; 360SE)"
111.248.62.230 - - [19/Feb/2016:02:07:56 +0100] "CONNECT vip163mx00.mxmail.netease.com:25 HTTP/1.0" 405 358 "-" "-"
111.248.62.230 - - [19/Feb/2016:02:08:00 +0100] "CONNECT vip163mx00.mxmail.netease.com:25 HTTP/1.0" 405 358 "-" "-"
111.248.62.230 - - [19/Feb/2016:02:08:01 +0100] "CONNECT vip163mx00.mxmail.netease.com:25 HTTP/1.0" 405 358 "-" "-"
111.248.62.230 - - [19/Feb/2016:02:08:04 +0100] "CONNECT vip163mx00.mxmail.netease.com:25 HTTP/1.0" 405 358 "-" "-"
111.248.62.230 - - [19/Feb/2016:02:08:07 +0100] "CONNECT vip163mx00.mxmail.netease.com:25 HTTP/1.0" 405 358 "-" "-"
111.248.62.230 - - [19/Feb/2016:02:08:09 +0100] "CONNECT vip163mx00.mxmail.netease.com:25 HTTP/1.0" 405 358 "-" "-"
111.248.62.230 - - [19/Feb/2016:02:08:15 +0100] "CONNECT vip163mx00.mxmail.netease.com:25 HTTP/1.0" 405 358 "-" "-"
111.248.62.230 - - [19/Feb/2016:02:08:21 +0100] "CONNECT vip163mx00.mxmail.netease.com:25 HTTP/1.0" 405 358 "-" "-"
180.97.106.161 - - [19/Feb/2016:03:04:44 +0100] "GET http://www.baidu.com/robots.txt HTTP/1.1" 404 315 "-" "-"
150.70.173.56 - - [19/Feb/2016:03:26:52 +0100] "GET / HTTP/1.1" 200 1229 "-" "Mozilla/4.0 (compatible; MSIE 8.0; Windows NT 5.1; Trident/4.0)"
66.249.69.241 - - [19/Feb/2016:04:11:24 +0100] "GET / HTTP/1.1" 200 1229 "-" "Mozilla/5.0 (compatible; Googlebot/2.1; +http://www.google.com/bot.html)"
115.231.222.14 - - [19/Feb/2016:04:17:02 +0100] "GET http://zc.qq.com/cgi-bin/common/attr?id=260714&r=0.3157450335534310 HTTP/1.1" 404 320 "-" "Mozilla/5.0 (compatible; MSIE 9.0; Windows NT 6.1; Trident/5.0; 360SE)"
115.231.222.14 - - [19/Feb/2016:04:17:02 +0100] "GET http://zc.qq.com/cgi-bin/common/attr?id=260714&r=0.4982537632102024 HTTP/1.1" 404 320 "-" "Mozilla/5.0 (compatible; MSIE 9.0; Windows NT 6.1; Trident/5.0; 360SE)"
115.231.222.14 - - [19/Feb/2016:04:17:02 +0100] "GET http://zc.qq.com/cgi-bin/common/attr?id=260714&r=0.4508030412034291 HTTP/1.1" 404 320 "-" "Mozilla/5.0 (compatible; MSIE 9.0; Windows NT 6.1; Trident/5.0; 360SE)"
111.248.63.232 - - [19/Feb/2016:04:51:05 +0100] "CONNECT vip163mx00.mxmail.netease.com:25 HTTP/1.0" 405 358 "-" "-"
142.4.215.116 - - [19/Feb/2016:05:03:14 +0100] "GET /robots.txt HTTP/1.0" 404 333 "-" ""
142.4.215.116 - - [19/Feb/2016:05:03:14 +0100] "GET / HTTP/1.1" 206 1229 "-" "Mozilla/5.0 (X11; Linux i686) AppleWebKit/534.30 (KHTML, like Gecko) Chrome/12.0.742.100 Safari/534.30"
180.97.106.36 - - [19/Feb/2016:05:29:46 +0100] "GET http://www.baidu.com/robots.txt HTTP/1.1" 404 315 "-" "-"
128.232.110.28 - - [19/Feb/2016:06:28:01 +0100] "GET / HTTP/1.1" 200 1229 "-" "Mozilla/5.0 zgrab/0.x"
115.231.222.14 - - [19/Feb/2016:06:29:23 +0100] "GET http://zc.qq.com/cgi-bin/common/attr?id=260714&r=0.9963142889823798 HTTP/1.1" 404 320 "-" "Mozilla/5.0 (compatible; MSIE 9.0; Windows NT 6.1; Trident/5.0; 360SE)"
115.231.222.14 - - [19/Feb/2016:06:29:23 +0100] "GET http://zc.qq.com/cgi-bin/common/attr?id=260714&r=0.2239043339857566 HTTP/1.1" 404 320 "-" "Mozilla/5.0 (compatible; MSIE 9.0; Windows NT 6.1; Trident/5.0; 360SE)"
66.249.75.235 - - [19/Feb/2016:07:03:46 +0100] "GET /robots.txt HTTP/1.1" 404 318 "-" "Mozilla/5.0 (compatible; Googlebot/2.1; +http://www.google.com/bot.html)"
66.249.75.235 - - [19/Feb/2016:07:03:46 +0100] "GET / HTTP/1.1" 200 1229 "-" "Mozilla/5.0 (compatible; Googlebot/2.1; +http://www.google.com/bot.html)"
14.215.176.148 - - [19/Feb/2016:07:45:38 +0100] "GET http://www.baidu.com/robots.txt HTTP/1.1" 404 315 "-" "-"
84.229.174.28 - - [19/Feb/2016:07:56:16 +0100] "GET / HTTP/1.0" 200 1229 "-" "masscan/1.0 (https://github.com/robertdavidgraham/masscan)"
84.229.174.28 - - [19/Feb/2016:07:56:28 +0100] "GET / HTTP/1.0" 200 1229 "-" "masscan/1.0 (https://github.com/robertdavidgraham/masscan)"
84.229.174.28 - - [19/Feb/2016:07:56:45 +0100] "GET / HTTP/1.0" 200 1229 "-" "masscan/1.0 (https://github.com/robertdavidgraham/masscan)"
84.229.174.28 - - [19/Feb/2016:07:56:56 +0100] "GET / HTTP/1.0" 200 1229 "-" "masscan/1.0 (https://github.com/robertdavidgraham/masscan)"
157.55.39.163 - - [19/Feb/2016:07:59:17 +0100] "GET /robots.txt HTTP/1.1" 404 327 "-" "Mozilla/5.0 (compatible; bingbot/2.0; +http://www.bing.com/bingbot.htm)"
157.55.39.163 - - [19/Feb/2016:07:59:26 +0100] "GET / HTTP/1.1" 200 1229 "-" "Mozilla/5.0 (compatible; bingbot/2.0; +http://www.bing.com/bingbot.htm)"
113.76.90.134 - - [19/Feb/2016:08:00:58 +0100] "GET / HTTP/1.1" 200 1229 "-" "Mozilla/4.0 (compatible; MSIE 8.0; Windows NT 6.1; Trident/4.0; SLCC2; .NET CLR 2.0.50727; .NET CLR 3.5.30729; .NET CLR 3.0.30729; Media Center PC 6.0; InfoPath.2; .NET4.0C; .NET4.0E)"
115.231.222.14 - - [19/Feb/2016:08:40:16 +0100] "GET http://zc.qq.com/cgi-bin/common/attr?id=260714&r=0.0953833665672706 HTTP/1.1" 404 320 "-" "Mozilla/5.0 (compatible; MSIE 9.0; Windows NT 6.1; Trident/5.0; 360SE)"
115.231.222.14 - - [19/Feb/2016:08:40:20 +0100] "GET http://zc.qq.com/cgi-bin/common/attr?id=260714&r=0.9351700960172895 HTTP/1.1" 404 320 "-" "Mozilla/5.0 (compatible; MSIE 9.0; Windows NT 6.1; Trident/5.0; 360SE)"
115.231.222.14 - - [19/Feb/2016:08:40:22 +0100] "GET http://zc.qq.com/cgi-bin/common/attr?id=260714&r=0.6660868329651303 HTTP/1.1" 404 320 "-" "Mozilla/5.0 (compatible; MSIE 9.0; Windows NT 6.1; Trident/5.0; 360SE)"
115.231.222.14 - - [19/Feb/2016:08:40:26 +0100] "GET http://zc.qq.com/cgi-bin/common/attr?id=260714&r=0.7172834797074377 HTTP/1.1" 404 320 "-" "Mozilla/5.0 (compatible; MSIE 9.0; Windows NT 6.1; Trident/5.0; 360SE)"
180.97.106.36 - - [19/Feb/2016:08:49:02 +0100] "GET http://www.baidu.com/robots.txt HTTP/1.1" 404 315 "-" "-"
180.97.106.161 - - [19/Feb/2016:08:55:10 +0100] "GET http://www.baidu.com/robots.txt HTTP/1.1" 404 315 "-" "-"
141.212.122.160 - - [19/Feb/2016:08:59:14 +0100] "GET / HTTP/1.1" 200 1229 "-" "Mozilla/5.0 zgrab/0.x"
180.97.106.37 - - [19/Feb/2016:09:02:56 +0100] "GET http://www.baidu.com/robots.txt HTTP/1.1" 404 315 "-" "-"
180.97.106.162 - - [19/Feb/2016:09:19:22 +0100] "GET http://www.baidu.com/robots.txt HTTP/1.1" 404 315 "-" "-"
180.97.106.162 - - [19/Feb/2016:09:25:44 +0100] "GET http://www.baidu.com/robots.txt HTTP/1.1" 404 315 "-" "-"
180.97.106.36 - - [19/Feb/2016:09:34:33 +0100] "GET http://www.baidu.com/robots.txt HTTP/1.1" 404 315 "-" "-"
104.128.144.131 - - [19/Feb/2016:09:35:06 +0100] "GET / HTTP/1.0" 200 1229 "-" "www.probethenet.com scanner"
104.128.144.131 - - [19/Feb/2016:09:35:07 +0100] "HEAD /redirect.php HTTP/1.0" 404 - "-" "www.probethenet.com scanner"
180.97.106.162 - - [19/Feb/2016:09:35:57 +0100] "GET http://www.baidu.com/robots.txt HTTP/1.1" 404 315 "-" "-"
136.243.5.215 - - [19/Feb/2016:09:37:11 +0100] "GET /robots.txt HTTP/1.0" 404 323 "-" "Mozilla/5.0 (compatible; MJ12bot/v1.4.5; http://www.majestic12.co.uk/bot.php?+)"
136.243.5.215 - - [19/Feb/2016:09:37:13 +0100] "GET / HTTP/1.0" 200 1229 "-" "Mozilla/5.0 (compatible; MJ12bot/v1.4.5; http://www.majestic12.co.uk/bot.php?+)"
180.97.106.36 - - [19/Feb/2016:09:39:51 +0100] "GET http://www.baidu.com/robots.txt HTTP/1.1" 404 315 "-" "-"
66.249.69.225 - - [19/Feb/2016:09:45:18 +0100] "GET /robots.txt HTTP/1.1" 404 328 "-" "Mozilla/5.0 (compatible; Googlebot/2.1; +http://www.google.com/bot.html)"
66.249.69.235 - - [19/Feb/2016:09:45:19 +0100] "GET / HTTP/1.1" 200 1229 "-" "Mozilla/5.0 (compatible; Googlebot/2.1; +http://www.google.com/bot.html)"
180.97.106.162 - - [19/Feb/2016:09:46:30 +0100] "GET http://www.baidu.com/robots.txt HTTP/1.1" 404 315 "-" "-"
180.97.106.37 - - [19/Feb/2016:09:51:21 +0100] "GET http://www.baidu.com/robots.txt HTTP/1.1" 404 315 "-" "-"
180.97.106.161 - - [19/Feb/2016:09:57:24 +0100] "GET http://www.baidu.com/robots.txt HTTP/1.1" 404 315 "-" "-"
128.232.110.28 - - [19/Feb/2016:10:00:14 +0100] "GET / HTTP/1.1" 200 1229 "-" "Mozilla/5.0 zgrab/0.x"
180.97.106.37 - - [19/Feb/2016:10:04:41 +0100] "GET http://www.baidu.com/robots.txt HTTP/1.1" 404 315 "-" "-"
180.97.106.36 - - [19/Feb/2016:10:11:57 +0100] "GET http://www.baidu.com/robots.txt HTTP/1.1" 404 315 "-" "-"
169.229.3.91 - - [19/Feb/2016:10:18:01 +0100] "\xb6lB@\x900\x9b\xb1\x07\x84\xc6KI\x93\xbd\xbf9M\xdfL\x14N\xa2a\t]\xc6\x8fM\x90k\xb1\xd9\x84\x80l\x12\xbc\x80Y\x87Z\xa8" 400 329 "-" "-"
180.97.106.37 - - [19/Feb/2016:10:20:17 +0100] "GET http://www.baidu.com/robots.txt HTTP/1.1" 404 315 "-" "-"
180.97.106.162 - - [19/Feb/2016:10:22:11 +0100] "GET http://www.baidu.com/robots.txt HTTP/1.1" 404 315 "-" "-"
169.229.3.91 - - [19/Feb/2016:10:31:44 +0100] "p-b\xcb\xa2\xfe\xf7\xd0\x93\r\x1aX\x8f\xd2\x9d4\xf3" 400 329 "-" "-"
64.246.165.180 - - [19/Feb/2016:12:17:18 +0100] "GET /robots.txt HTTP/1.0" 404 323 "-" "Mozilla/5.0 (Windows; U; Windows NT 5.1; en; rv:1.9.0.13) Gecko/2009073022 Firefox/3.5.2 (.NET CLR 3.5.30729) SurveyBot/2.3 (DomainTools)"
64.246.165.180 - - [19/Feb/2016:12:17:19 +0100] "GET / HTTP/1.1" 200 1229 "http://whois.domaintools.com/hotelkleidung.com" "Mozilla/5.0 (Windows; U; Windows NT 5.1; en; rv:1.9.0.13) Gecko/2009073022 Firefox/3.5.2 (.NET CLR 3.5.30729) SurveyBot/2.3 (DomainTools)"
141.212.122.160 - - [19/Feb/2016:12:28:34 +0100] "GET / HTTP/1.1" 200 1229 "-" "Mozilla/5.0 zgrab/0.x"
169.229.3.91 - - [19/Feb/2016:13:05:31 +0100] "\xc8\x1a\x98\x1e&\x8d\x1e\xf3\xa3\xb3\x9a\xdb7\xe5g\xe1\x19\xcd]=\x91g*\x02D\x8c\xc6\r\x88\x91\x92\xdc50=\x90*\x7f" 400 329 "-" "-"
