54.164.125.178 - - [01/Feb/2016:15:59:38 +0100] "GET /sonderthemen/archiv.html HTTP/1.1" 400 7640 "-" "-"
54.84.215.219 - - [01/Feb/2016:16:06:00 +0100] "GET /seiten/referenzen.htm HTTP/1.1" 400 7640 "-" "-"
149.78.247.241 - - [01/Feb/2016:16:06:01 +0100] "GET / HTTP/1.0" 200 1229 "-" "masscan/1.0 (https://github.com/robertdavidgraham/masscan)"
54.172.104.85 - - [01/Feb/2016:16:06:01 +0100] "GET /seiten/service.htm HTTP/1.1" 400 7650 "-" "-"
54.172.104.85 - - [01/Feb/2016:16:06:01 +0100] "GET /seiten/produkte.htm HTTP/1.1" 400 7650 "-" "-"
149.78.247.241 - - [01/Feb/2016:16:06:09 +0100] "GET / HTTP/1.0" 200 1229 "-" "masscan/1.0 (https://github.com/robertdavidgraham/masscan)"
149.78.247.241 - - [01/Feb/2016:16:06:10 +0100] "GET / HTTP/1.0" 200 1229 "-" "masscan/1.0 (https://github.com/robertdavidgraham/masscan)"
149.78.247.241 - - [01/Feb/2016:16:06:10 +0100] "GET / HTTP/1.0" 200 1229 "-" "masscan/1.0 (https://github.com/robertdavidgraham/masscan)"
149.78.247.241 - - [01/Feb/2016:16:06:15 +0100] "GET / HTTP/1.0" 200 1229 "-" "masscan/1.0 (https://github.com/robertdavidgraham/masscan)"
149.78.247.241 - - [01/Feb/2016:16:06:28 +0100] "GET / HTTP/1.0" 200 1229 "-" "masscan/1.0 (https://github.com/robertdavidgraham/masscan)"
149.78.247.241 - - [01/Feb/2016:16:06:34 +0100] "GET / HTTP/1.0" 200 1229 "-" "masscan/1.0 (https://github.com/robertdavidgraham/masscan)"
149.78.247.241 - - [01/Feb/2016:16:06:40 +0100] "GET / HTTP/1.0" 200 1229 "-" "masscan/1.0 (https://github.com/robertdavidgraham/masscan)"
149.78.247.241 - - [01/Feb/2016:16:06:47 +0100] "GET / HTTP/1.0" 200 1229 "-" "masscan/1.0 (https://github.com/robertdavidgraham/masscan)"
149.78.247.241 - - [01/Feb/2016:16:07:06 +0100] "GET / HTTP/1.0" 200 1229 "-" "masscan/1.0 (https://github.com/robertdavidgraham/masscan)"
54.164.125.178 - - [01/Feb/2016:16:23:05 +0100] "GET /uns.html HTTP/1.1" 400 7714 "-" "-"
54.152.234.211 - - [01/Feb/2016:16:23:06 +0100] "GET /referenzen.html HTTP/1.1" 400 6202 "-" "-"
54.165.97.142 - - [01/Feb/2016:16:23:06 +0100] "GET /leistungen.html HTTP/1.1" 400 6202 "-" "-"
54.88.103.27 - - [01/Feb/2016:16:23:06 +0100] "GET /impressum.html HTTP/1.1" 400 7650 "-" "-"
115.231.222.14 - - [01/Feb/2016:17:06:08 +0100] "GET http://zc.qq.com/cgi-bin/common/attr?id=260714&r=0.0978547548256659 HTTP/1.1" 404 320 "-" "Mozilla/5.0 (compatible; MSIE 9.0; Windows NT 6.1; Trident/5.0; 360SE)"
115.231.222.14 - - [01/Feb/2016:17:06:08 +0100] "GET http://zc.qq.com/cgi-bin/common/attr?id=260714&r=0.3225201535087051 HTTP/1.1" 404 320 "-" "Mozilla/5.0 (compatible; MSIE 9.0; Windows NT 6.1; Trident/5.0; 360SE)"
115.231.222.14 - - [01/Feb/2016:17:06:08 +0100] "GET http://zc.qq.com/cgi-bin/common/attr?id=260714&r=0.8997088011858581 HTTP/1.1" 404 320 "-" "Mozilla/5.0 (compatible; MSIE 9.0; Windows NT 6.1; Trident/5.0; 360SE)"
74.91.28.62 - - [01/Feb/2016:18:10:39 +0100] "GET / HTTP/1.1" 200 1229 "-" "Mozilla/4.0 (compatible; MSIE 8.0; Windows NT 6.1; Trident/4.0; SLCC2; .NET CLR 2.0.50727; .NET CLR 3.5.30729; .NET CLR 3.0.30729; Media Center PC 6.0)"
142.54.169.162 - - [01/Feb/2016:18:13:28 +0100] "GET / HTTP/1.1" 200 1229 "-" "Mozilla/4.0 (compatible; MSIE 8.0; Windows NT 6.1; Trident/4.0; SLCC2; .NET CLR 2.0.50727; .NET CLR 3.5.30729; .NET CLR 3.0.30729; Media Center PC 6.0)"
74.91.28.62 - - [01/Feb/2016:18:13:57 +0100] "GET / HTTP/1.1" 200 1229 "-" "Mozilla/4.0 (compatible; MSIE 8.0; Windows NT 6.1; Trident/4.0; SLCC2; .NET CLR 2.0.50727; .NET CLR 3.5.30729; .NET CLR 3.0.30729; Media Center PC 6.0)"
64.246.165.200 - - [01/Feb/2016:18:32:36 +0100] "GET /leer.htm HTTP/1.1" 404 313 "http://whois.domaintools.com/dialyse-schoenebeck.de" "Mozilla/5.0 (Windows; U; Windows NT 5.1; en; rv:1.9.0.13) Gecko/2009073022 Firefox/3.5.2 (.NET CLR 3.5.30729) SurveyBot/2.3 (DomainTools)"
64.246.165.200 - - [01/Feb/2016:18:32:36 +0100] "GET /leer.htm HTTP/1.1" 404 313 "http://whois.domaintools.com/dialyse-schoenebeck.de" "Mozilla/5.0 (Windows; U; Windows NT 5.1; en; rv:1.9.0.13) Gecko/2009073022 Firefox/3.5.2 (.NET CLR 3.5.30729) SurveyBot/2.3 (DomainTools)"
64.246.165.200 - - [01/Feb/2016:18:32:37 +0100] "GET /leer.htm HTTP/1.1" 404 313 "http://whois.domaintools.com/dialyse-schoenebeck.de" "Mozilla/5.0 (Windows; U; Windows NT 5.1; en; rv:1.9.0.13) Gecko/2009073022 Firefox/3.5.2 (.NET CLR 3.5.30729) SurveyBot/2.3 (DomainTools)"
142.54.160.212 - - [01/Feb/2016:18:46:30 +0100] "GET / HTTP/1.1" 200 1229 "-" "Mozilla/4.0 (compatible; MSIE 8.0; Windows NT 6.1; Trident/4.0; SLCC2; .NET CLR 2.0.50727; .NET CLR 3.5.30729; .NET CLR 3.0.30729; Media Center PC 6.0)"
64.246.165.210 - - [01/Feb/2016:19:07:02 +0100] "GET /frameset/left.htm HTTP/1.1" 404 322 "http://whois.domaintools.com/die-sehnsucht.com" "Mozilla/5.0 (Windows; U; Windows NT 5.1; en; rv:1.9.0.13) Gecko/2009073022 Firefox/3.5.2 (.NET CLR 3.5.30729) SurveyBot/2.3 (DomainTools)"
64.246.165.210 - - [01/Feb/2016:19:07:03 +0100] "GET /frameset/top.htm HTTP/1.1" 404 321 "http://whois.domaintools.com/die-sehnsucht.com" "Mozilla/5.0 (Windows; U; Windows NT 5.1; en; rv:1.9.0.13) Gecko/2009073022 Firefox/3.5.2 (.NET CLR 3.5.30729) SurveyBot/2.3 (DomainTools)"
64.246.165.210 - - [01/Feb/2016:19:07:03 +0100] "GET /neue_seite_1.htm HTTP/1.1" 404 321 "http://whois.domaintools.com/die-sehnsucht.com" "Mozilla/5.0 (Windows; U; Windows NT 5.1; en; rv:1.9.0.13) Gecko/2009073022 Firefox/3.5.2 (.NET CLR 3.5.30729) SurveyBot/2.3 (DomainTools)"
115.231.222.14 - - [01/Feb/2016:19:21:25 +0100] "GET http://zc.qq.com/cgi-bin/common/attr?id=260714&r=0.9370363311039903 HTTP/1.1" 404 320 "-" "Mozilla/5.0 (compatible; MSIE 9.0; Windows NT 6.1; Trident/5.0; 360SE)"
74.91.28.58 - - [01/Feb/2016:19:23:30 +0100] "GET / HTTP/1.1" 200 1229 "-" "Mozilla/4.0 (compatible; MSIE 8.0; Windows NT 6.1; Trident/4.0; SLCC2; .NET CLR 2.0.50727; .NET CLR 3.5.30729; .NET CLR 3.0.30729; Media Center PC 6.0)"
74.91.28.61 - - [01/Feb/2016:19:54:08 +0100] "GET / HTTP/1.1" 200 1229 "-" "Mozilla/4.0 (compatible; MSIE 8.0; Windows NT 6.1; Trident/4.0; SLCC2; .NET CLR 2.0.50727; .NET CLR 3.5.30729; .NET CLR 3.0.30729; Media Center PC 6.0)"
66.249.78.187 - - [01/Feb/2016:20:48:29 +0100] "GET /robots.txt HTTP/1.1" 404 334 "-" "Mozilla/5.0 (compatible; Googlebot/2.1; +http://www.google.com/bot.html)"
66.249.78.187 - - [01/Feb/2016:20:48:29 +0100] "GET / HTTP/1.1" 200 1229 "-" "Mozilla/5.0 (compatible; Googlebot/2.1; +http://www.google.com/bot.html)"
115.231.222.14 - - [01/Feb/2016:21:36:07 +0100] "GET http://zc.qq.com/cgi-bin/common/attr?id=260714&r=0.8143706628152993 HTTP/1.1" 404 320 "-" "Mozilla/5.0 (compatible; MSIE 9.0; Windows NT 6.1; Trident/5.0; 360SE)"
142.54.160.213 - - [01/Feb/2016:22:16:10 +0100] "GET / HTTP/1.1" 200 1229 "-" "Mozilla/4.0 (compatible; MSIE 8.0; Windows NT 6.1; Trident/4.0; SLCC2; .NET CLR 2.0.50727; .NET CLR 3.5.30729; .NET CLR 3.0.30729; Media Center PC 6.0)"
61.231.1.188 - - [01/Feb/2016:22:23:41 +0100] "CONNECT vip163mx01.mxmail.netease.com:25 HTTP/1.0" 405 358 "-" "-"
142.54.160.214 - - [01/Feb/2016:22:57:16 +0100] "GET / HTTP/1.1" 200 1229 "-" "Mozilla/4.0 (compatible; MSIE 8.0; Windows NT 6.1; Trident/4.0; SLCC2; .NET CLR 2.0.50727; .NET CLR 3.5.30729; .NET CLR 3.0.30729; Media Center PC 6.0)"
45.33.3.164 - - [01/Feb/2016:23:14:25 +0100] "GET / HTTP/1.0" 200 1229 "-" "-"
45.33.3.164 - - [01/Feb/2016:23:17:11 +0100] "GET / HTTP/1.1" 200 1229 "-" "Mozilla/5.0 (Windows NT 6.1) AppleWebKit/537.36 (KHTML"
45.33.3.164 - - [01/Feb/2016:23:17:11 +0100] "PROPFIND / HTTP/1.1" 405 343 "-" "Mozilla/5.0 (Windows NT 6.1) AppleWebKit/537.36 (KHTML"
45.33.3.164 - - [01/Feb/2016:23:17:11 +0100] "GET /robots.txt HTTP/1.1" 404 315 "-" "Mozilla/5.0 (Windows NT 6.1) AppleWebKit/537.36 (KHTML"
45.33.3.164 - - [01/Feb/2016:23:17:11 +0100] "OPTIONS / HTTP/1.1" 200 - "-" "Mozilla/5.0 (Windows NT 6.1) AppleWebKit/537.36 (KHTML"
45.33.3.164 - - [01/Feb/2016:23:17:11 +0100] "OPTIONS / HTTP/1.1" 200 - "-" "Mozilla/5.0 (Windows NT 6.1) AppleWebKit/537.36 (KHTML"
45.33.3.164 - - [01/Feb/2016:23:17:12 +0100] "GET /.git/HEAD HTTP/1.1" 404 314 "-" "Mozilla/5.0 (Windows NT 6.1) AppleWebKit/537.36 (KHTML"
45.33.3.164 - - [01/Feb/2016:23:17:12 +0100] "OPTIONS / HTTP/1.1" 200 - "-" "Mozilla/5.0 (Windows NT 6.1) AppleWebKit/537.36 (KHTML"
45.33.3.164 - - [01/Feb/2016:23:17:16 +0100] "OBWW / HTTP/1.1" 501 323 "-" "Mozilla/5.0 (Windows NT 6.1) AppleWebKit/537.36 (KHTML"
45.33.3.164 - - [01/Feb/2016:23:17:16 +0100] "PROPFIND / HTTP/1.1" 405 343 "-" "Mozilla/5.0 (Windows NT 6.1) AppleWebKit/537.36 (KHTML"
45.33.3.164 - - [01/Feb/2016:23:17:16 +0100] "OPTIONS / HTTP/1.1" 200 - "-" "Mozilla/5.0 (Windows NT 6.1) AppleWebKit/537.36 (KHTML"
45.33.3.164 - - [01/Feb/2016:23:17:18 +0100] "OPTIONS / HTTP/1.1" 200 - "-" "Mozilla/5.0 (Windows NT 6.1) AppleWebKit/537.36 (KHTML"
45.33.3.164 - - [01/Feb/2016:23:17:21 +0100] "OPTIONS / HTTP/1.1" 200 - "-" "Mozilla/5.0 (Windows NT 6.1) AppleWebKit/537.36 (KHTML"
45.33.3.164 - - [01/Feb/2016:23:17:21 +0100] "GET /favicon.ico HTTP/1.1" 404 316 "-" "Mozilla/5.0 (Windows NT 6.1) AppleWebKit/537.36 (KHTML"
45.33.3.164 - - [01/Feb/2016:23:17:21 +0100] "OPTIONS / HTTP/1.1" 200 - "-" "Mozilla/5.0 (Windows NT 6.1) AppleWebKit/537.36 (KHTML"
45.33.3.164 - - [01/Feb/2016:23:17:21 +0100] "OPTIONS / HTTP/1.1" 200 - "-" "Mozilla/5.0 (Windows NT 6.1) AppleWebKit/537.36 (KHTML"
45.33.3.164 - - [01/Feb/2016:23:17:22 +0100] "OPTIONS / HTTP/1.1" 200 - "-" "Mozilla/5.0 (Windows NT 6.1) AppleWebKit/537.36 (KHTML"
45.33.3.164 - - [01/Feb/2016:23:17:22 +0100] "GET / HTTP/1.0" 200 1229 "-" "-"
45.33.3.164 - - [01/Feb/2016:23:17:22 +0100] "OPTIONS / HTTP/1.1" 200 - "-" "Mozilla/5.0 (Windows NT 6.1) AppleWebKit/537.36 (KHTML"
45.33.3.164 - - [01/Feb/2016:23:17:22 +0100] "GET / HTTP/1.1" 200 1229 "-" "-"
45.33.3.164 - - [01/Feb/2016:23:17:23 +0100] "OPTIONS / HTTP/1.1" 200 - "-" "Mozilla/5.0 (Windows NT 6.1) AppleWebKit/537.36 (KHTML"
45.33.3.164 - - [01/Feb/2016:23:17:24 +0100] "GET /HNAP1 HTTP/1.1" 404 310 "-" "Mozilla/5.0 (Windows NT 6.1) AppleWebKit/537.36 (KHTML"
45.33.3.164 - - [01/Feb/2016:23:17:27 +0100] "POST / HTTP/1.1" 200 1229 "-" "Mozilla/5.0 (Windows NT 6.1) AppleWebKit/537.36 (KHTML"
45.33.3.164 - - [01/Feb/2016:23:17:30 +0100] "PROPFIND / HTTP/1.1" 405 343 "-" "Mozilla/5.0 (Windows NT 6.1) AppleWebKit/537.36 (KHTML"
45.33.3.164 - - [01/Feb/2016:23:17:34 +0100] "\x16\x03\x01\x01`\x01" 501 321 "-" "-"
45.33.3.164 - - [01/Feb/2016:23:17:35 +0100] "\x16\x03\x01\x01`\x01" 501 321 "-" "-"
208.52.154.243 - - [01/Feb/2016:23:34:08 +0100] "GET /webadmin/scripts/setup.php HTTP/1.0" 404 327 "-" "-"
208.52.154.243 - - [01/Feb/2016:23:34:10 +0100] "GET /webadmin/scripts/setup.php HTTP/1.0" 404 327 "-" "-"
208.52.154.243 - - [01/Feb/2016:23:34:11 +0100] "GET /webadmin/scripts/setup.php HTTP/1.0" 404 327 "-" "-"
208.52.154.243 - - [01/Feb/2016:23:34:15 +0100] "GET /webadmin/scripts/setup.php HTTP/1.0" 404 327 "-" "-"
208.52.154.243 - - [01/Feb/2016:23:34:19 +0100] "GET /webadmin/scripts/setup.php HTTP/1.0" 404 327 "-" "-"
208.52.154.243 - - [01/Feb/2016:23:34:24 +0100] "GET /webadmin/scripts/setup.php HTTP/1.0" 404 327 "-" "-"
208.52.154.243 - - [01/Feb/2016:23:34:38 +0100] "GET /webadmin/scripts/setup.php HTTP/1.0" 404 327 "-" "-"
208.52.154.243 - - [01/Feb/2016:23:35:33 +0100] "GET /webadmin/scripts/setup.php HTTP/1.0" 404 327 "-" "-"
208.52.154.243 - - [01/Feb/2016:23:35:44 +0100] "GET /webadmin/scripts/setup.php HTTP/1.0" 404 327 "-" "-"
208.52.154.243 - - [01/Feb/2016:23:35:55 +0100] "GET /webadmin/scripts/setup.php HTTP/1.0" 404 327 "-" "-"
115.231.222.14 - - [01/Feb/2016:23:50:32 +0100] "GET http://zc.qq.com/cgi-bin/common/attr?id=260714&r=0.7707211725999393 HTTP/1.1" 404 320 "-" "Mozilla/5.0 (compatible; MSIE 9.0; Windows NT 6.1; Trident/5.0; 360SE)"
111.248.59.98 - - [02/Feb/2016:00:23:59 +0100] "CONNECT vip163mx01.mxmail.netease.com:25 HTTP/1.0" 405 358 "-" "-"
66.249.78.194 - - [02/Feb/2016:00:29:29 +0100] "GET / HTTP/1.1" 200 1229 "-" "Mozilla/5.0 (compatible; Googlebot/2.1; +http://www.google.com/bot.html)"
115.231.222.14 - - [02/Feb/2016:02:05:14 +0100] "GET http://zc.qq.com/cgi-bin/common/attr?id=260714&r=0.5880983844071339 HTTP/1.1" 404 320 "-" "Mozilla/5.0 (compatible; MSIE 9.0; Windows NT 6.1; Trident/5.0; 360SE)"
115.231.222.14 - - [02/Feb/2016:02:05:19 +0100] "GET http://zc.qq.com/cgi-bin/common/attr?id=260714&r=0.7142597539612379 HTTP/1.1" 404 320 "-" "Mozilla/5.0 (compatible; MSIE 9.0; Windows NT 6.1; Trident/5.0; 360SE)"
66.249.78.194 - - [02/Feb/2016:02:33:51 +0100] "GET / HTTP/1.1" 200 1229 "-" "Mozilla/5.0 (compatible; Googlebot/2.1; +http://www.google.com/bot.html)"
61.216.2.13 - - [02/Feb/2016:03:23:24 +0100] "POST /404 HTTP/1.1" 404 302 "-" "apache"
61.216.2.13 - - [02/Feb/2016:03:23:25 +0100] "POST /404 HTTP/1.1" 404 302 "-" "apache"
61.216.2.13 - - [02/Feb/2016:03:23:33 +0100] "POST /404 HTTP/1.1" 404 302 "-" "apache"
66.249.78.69 - - [02/Feb/2016:03:53:45 +0100] "GET /robots.txt HTTP/1.1" 404 323 "-" "Mozilla/5.0 (compatible; Googlebot/2.1; +http://www.google.com/bot.html)"
66.249.78.76 - - [02/Feb/2016:03:53:45 +0100] "GET /anmeldung.html HTTP/1.1" 404 327 "-" "Mozilla/5.0 (compatible; Googlebot/2.1; +http://www.google.com/bot.html)"
115.231.222.14 - - [02/Feb/2016:04:16:29 +0100] "GET http://zc.qq.com/cgi-bin/common/attr?id=260714&r=0.5262931244471659 HTTP/1.1" 404 320 "-" "Mozilla/5.0 (compatible; MSIE 9.0; Windows NT 6.1; Trident/5.0; 360SE)"
115.231.222.14 - - [02/Feb/2016:04:16:31 +0100] "GET http://zc.qq.com/cgi-bin/common/attr?id=260714&r=0.9380361578740262 HTTP/1.1" 404 320 "-" "Mozilla/5.0 (compatible; MSIE 9.0; Windows NT 6.1; Trident/5.0; 360SE)"
115.231.222.14 - - [02/Feb/2016:04:16:31 +0100] "GET http://zc.qq.com/cgi-bin/common/attr?id=260714&r=0.9546678257575381 HTTP/1.1" 404 320 "-" "Mozilla/5.0 (compatible; MSIE 9.0; Windows NT 6.1; Trident/5.0; 360SE)"
115.231.222.14 - - [02/Feb/2016:04:16:31 +0100] "GET http://zc.qq.com/cgi-bin/common/attr?id=260714&r=0.0937766798540602 HTTP/1.1" 404 320 "-" "Mozilla/5.0 (compatible; MSIE 9.0; Windows NT 6.1; Trident/5.0; 360SE)"
115.231.222.14 - - [02/Feb/2016:04:16:32 +0100] "GET http://zc.qq.com/cgi-bin/common/attr?id=260714&r=0.4952428259488655 HTTP/1.1" 404 320 "-" "Mozilla/5.0 (compatible; MSIE 9.0; Windows NT 6.1; Trident/5.0; 360SE)"
115.231.222.14 - - [02/Feb/2016:04:16:32 +0100] "GET http://zc.qq.com/cgi-bin/common/attr?id=260714&r=0.5734932083094102 HTTP/1.1" 404 320 "-" "Mozilla/5.0 (compatible; MSIE 9.0; Windows NT 6.1; Trident/5.0; 360SE)"
192.99.107.212 - - [02/Feb/2016:04:19:16 +0100] "GET /robots.txt HTTP/1.1" 404 318 "-" "Mozilla/5.0 (compatible; meanpathbot/1.0; +http://www.meanpath.com/meanpathbot.html)"
192.99.107.212 - - [02/Feb/2016:04:19:16 +0100] "GET / HTTP/1.1" 200 1229 "-" "Mozilla/5.0 (compatible; meanpathbot/1.0; +http://www.meanpath.com/meanpathbot.html)"
185.25.151.159 - - [02/Feb/2016:04:55:24 +0100] "GET http://testp4.pospr.waw.pl/testproxy.php HTTP/1.1" 404 324 "-" "Mozilla/5.0 (Windows NT 5.1; rv:32.0) Gecko/20100101 Firefox/31.0"
185.25.151.159 - - [02/Feb/2016:04:55:31 +0100] "GET http://testp3.pospr.waw.pl/testproxy.php HTTP/1.1" 404 324 "-" "Mozilla/5.0 (Windows NT 5.1; rv:32.0) Gecko/20100101 Firefox/31.0"
185.25.151.159 - - [02/Feb/2016:04:56:31 +0100] "GET http://testp3.pospr.waw.pl/testproxy.php HTTP/1.1" 404 324 "-" "Mozilla/5.0 (Windows NT 5.1; rv:32.0) Gecko/20100101 Firefox/31.0"
185.25.151.159 - - [02/Feb/2016:04:58:27 +0100] "GET http://testp3.pospr.waw.pl/testproxy.php HTTP/1.1" 404 324 "-" "Mozilla/5.0 (Windows NT 5.1; rv:32.0) Gecko/20100101 Firefox/31.0"
185.49.14.190 - - [02/Feb/2016:05:09:11 +0100] "GET http://testp5.mielno.lubin.pl/testproxy.php HTTP/1.1" 404 327 "-" "Mozilla/5.0 (Windows NT 5.1; rv:32.0) Gecko/20100101 Firefox/31.0"
185.49.14.190 - - [02/Feb/2016:05:09:59 +0100] "GET http://testp2.czar.bielawa.pl/testproxy.php HTTP/1.1" 404 327 "-" "Mozilla/5.0 (Windows NT 5.1; rv:32.0) Gecko/20100101 Firefox/31.0"
185.49.14.190 - - [02/Feb/2016:05:13:43 +0100] "GET http://testp3.pospr.waw.pl/testproxy.php HTTP/1.1" 404 324 "-" "Mozilla/5.0 (Windows NT 5.1; rv:32.0) Gecko/20100101 Firefox/31.0"
185.49.14.190 - - [02/Feb/2016:05:15:43 +0100] "GET http://testp3.pospr.waw.pl/testproxy.php HTTP/1.1" 404 324 "-" "Mozilla/5.0 (Windows NT 5.1; rv:32.0) Gecko/20100101 Firefox/31.0"
51.254.213.155 - - [02/Feb/2016:05:44:07 +0100] "GET / HTTP/1.0" 200 1229 "-" "-"
51.254.213.155 - - [02/Feb/2016:05:44:07 +0100] "GET / HTTP/1.1" 200 1229 "-" "Mozilla/5.0 (Windows; U; Windows NT 5.0; en-US; rv:1.7.12) Gecko/20050915 Firefox/1.0.7"
51.254.213.155 - - [02/Feb/2016:05:44:07 +0100] "GET / HTTP/1.0" 200 1229 "-" "-"
51.254.213.155 - - [02/Feb/2016:05:44:07 +0100] "GET / HTTP/1.0" 200 1229 "-" "-"
51.254.213.155 - - [02/Feb/2016:05:44:07 +0100] "GET / HTTP/1.1" 200 1229 "-" "Mozilla/5.0 (Windows; U; Windows NT 5.0; en-US; rv:1.7.12) Gecko/20050915 Firefox/1.0.7"
51.254.213.155 - - [02/Feb/2016:05:44:07 +0100] "GET / HTTP/1.1" 200 1229 "-" "Mozilla/5.0 (Windows; U; Windows NT 5.0; en-US; rv:1.7.12) Gecko/20050915 Firefox/1.0.7"
51.254.213.155 - - [02/Feb/2016:05:44:08 +0100] "GET / HTTP/1.0" 200 1229 "-" "-"
51.254.213.155 - - [02/Feb/2016:05:44:08 +0100] "GET / HTTP/1.0" 200 1229 "-" "-"
51.254.213.155 - - [02/Feb/2016:05:44:08 +0100] "GET / HTTP/1.1" 200 1229 "-" "Mozilla/5.0 (Windows; U; Windows NT 5.0; en-US; rv:1.7.12) Gecko/20050915 Firefox/1.0.7"
51.254.213.155 - - [02/Feb/2016:05:44:08 +0100] "GET / HTTP/1.1" 200 1229 "-" "Mozilla/5.0 (Windows; U; Windows NT 5.0; en-US; rv:1.7.12) Gecko/20050915 Firefox/1.0.7"
51.254.213.155 - - [02/Feb/2016:05:44:08 +0100] "GET / HTTP/1.0" 200 1229 "-" "-"
51.254.213.155 - - [02/Feb/2016:05:44:08 +0100] "GET / HTTP/1.1" 200 1229 "-" "Mozilla/5.0 (Windows; U; Windows NT 5.0; en-US; rv:1.7.12) Gecko/20050915 Firefox/1.0.7"
51.254.213.155 - - [02/Feb/2016:05:44:08 +0100] "GET / HTTP/1.0" 200 1229 "-" "-"
51.254.213.155 - - [02/Feb/2016:05:44:08 +0100] "GET / HTTP/1.1" 200 1229 "-" "Mozilla/5.0 (Windows; U; Windows NT 5.0; en-US; rv:1.7.12) Gecko/20050915 Firefox/1.0.7"
51.254.213.155 - - [02/Feb/2016:05:44:08 +0100] "GET / HTTP/1.0" 200 1229 "-" "-"
51.254.213.155 - - [02/Feb/2016:05:44:08 +0100] "GET / HTTP/1.0" 200 1229 "-" "-"
51.254.213.155 - - [02/Feb/2016:05:44:08 +0100] "GET / HTTP/1.1" 200 1229 "-" "Mozilla/5.0 (Windows; U; Windows NT 5.0; en-US; rv:1.7.12) Gecko/20050915 Firefox/1.0.7"
51.254.213.155 - - [02/Feb/2016:05:44:08 +0100] "GET / HTTP/1.0" 200 1229 "-" "-"
51.254.213.155 - - [02/Feb/2016:05:44:08 +0100] "GET / HTTP/1.1" 200 1229 "-" "Mozilla/5.0 (Windows; U; Windows NT 5.0; en-US; rv:1.7.12) Gecko/20050915 Firefox/1.0.7"
51.254.213.155 - - [02/Feb/2016:05:44:08 +0100] "GET / HTTP/1.1" 200 1229 "-" "Mozilla/5.0 (Windows; U; Windows NT 5.0; en-US; rv:1.7.12) Gecko/20050915 Firefox/1.0.7"
149.78.19.136 - - [02/Feb/2016:05:48:21 +0100] "GET / HTTP/1.0" 200 1229 "-" "masscan/1.0 (https://github.com/robertdavidgraham/masscan)"
149.78.19.136 - - [02/Feb/2016:05:48:36 +0100] "GET / HTTP/1.0" 200 1229 "-" "masscan/1.0 (https://github.com/robertdavidgraham/masscan)"
149.78.19.136 - - [02/Feb/2016:05:48:36 +0100] "GET / HTTP/1.0" 200 1229 "-" "masscan/1.0 (https://github.com/robertdavidgraham/masscan)"
149.78.19.136 - - [02/Feb/2016:05:48:37 +0100] "GET / HTTP/1.0" 200 1229 "-" "masscan/1.0 (https://github.com/robertdavidgraham/masscan)"
149.78.19.136 - - [02/Feb/2016:05:48:42 +0100] "GET / HTTP/1.0" 200 1229 "-" "masscan/1.0 (https://github.com/robertdavidgraham/masscan)"
185.25.151.159 - - [02/Feb/2016:05:55:59 +0100] "GET http://testp5.mielno.lubin.pl/testproxy.php HTTP/1.1" 404 327 "-" "Mozilla/5.0 (Windows NT 5.1; rv:32.0) Gecko/20100101 Firefox/31.0"
185.25.151.159 - - [02/Feb/2016:05:57:18 +0100] "GET http://testp2.czar.bielawa.pl/testproxy.php HTTP/1.1" 404 327 "-" "Mozilla/5.0 (Windows NT 5.1; rv:32.0) Gecko/20100101 Firefox/31.0"
66.249.66.50 - - [02/Feb/2016:05:58:44 +0100] "GET /robots.txt HTTP/1.1" 404 333 "-" "Mozilla/5.0 (compatible; Googlebot/2.1; +http://www.google.com/bot.html)"
66.249.78.185 - - [02/Feb/2016:05:58:44 +0100] "GET / HTTP/1.1" 200 1229 "-" "Mozilla/5.0 (iPhone; CPU iPhone OS 8_3 like Mac OS X) AppleWebKit/600.1.4 (KHTML, like Gecko) Version/8.0 Mobile/12F70 Safari/600.1.4 (compatible; Googlebot/2.1; +http://www.google.com/bot.html)"
1.171.249.110 - - [02/Feb/2016:06:45:22 +0100] "CONNECT vip163mx00.mxmail.netease.com:25 HTTP/1.0" 405 358 "-" "-"
111.248.101.183 - - [02/Feb/2016:07:00:29 +0100] "CONNECT vip163mx01.mxmail.netease.com:25 HTTP/1.0" 405 358 "-" "-"
78.46.50.246 - - [02/Feb/2016:08:42:34 +0100] "GET /robots.txt HTTP/1.0" 404 334 "-" "Mozilla/5.0 (compatible; MJ12bot/v1.4.5; http://www.majestic12.co.uk/bot.php?+)"
78.46.50.246 - - [02/Feb/2016:08:42:35 +0100] "GET / HTTP/1.0" 200 1229 "-" "Mozilla/5.0 (compatible; MJ12bot/v1.4.5; http://www.majestic12.co.uk/bot.php?+)"
141.212.122.177 - - [02/Feb/2016:09:15:58 +0100] "GET / HTTP/1.1" 200 1229 "-" "Mozilla/5.0 zgrab/0.x"
195.154.200.68 - - [02/Feb/2016:09:39:03 +0100] "GET /robots.txt HTTP/1.0" 404 327 "-" "Mozilla/5.0 (compatible; MJ12bot/v1.4.5; http://www.majestic12.co.uk/bot.php?+)"
195.154.200.68 - - [02/Feb/2016:09:39:11 +0100] "GET / HTTP/1.1" 200 1229 "-" "Mozilla/5.0 (compatible; MJ12bot/v1.4.5; http://www.majestic12.co.uk/bot.php?+)"
200.85.212.207 - - [02/Feb/2016:10:20:57 +0100] "GET /phpMyAdmin/scripts/setup.php HTTP/1.1" 404 333 "-" "-"
200.85.212.207 - - [02/Feb/2016:10:21:02 +0100] "GET /pma/scripts/setup.php HTTP/1.1" 404 326 "-" "-"
200.85.212.207 - - [02/Feb/2016:10:21:07 +0100] "GET /myadmin/scripts/setup.php HTTP/1.1" 404 330 "-" "-"
169.229.3.91 - - [02/Feb/2016:10:23:59 +0100] "0\x9a\x82Z\xcfe}\xa54\x05\xb5`vW\x96\xbcJ\xe1\x88\xf3\xbb\xa5\xc9\x1e\xef/X\xd4.1\xedN\xfa\xc7lf\xf5\xa9\xefy\xb9\xbe\xd0\xe2\x12\xd1\x10" 501 362 "-" "-"
159.203.4.142 - - [02/Feb/2016:10:26:05 +0100] "GET /robots.txt HTTP/1.0" 404 323 "-" "Mozilla/5.0 (compatible; MJ12bot/v1.4.5; http://www.majestic12.co.uk/bot.php?+)"
159.203.4.142 - - [02/Feb/2016:10:26:06 +0100] "GET / HTTP/1.0" 200 1229 "-" "Mozilla/5.0 (compatible; MJ12bot/v1.4.5; http://www.majestic12.co.uk/bot.php?+)"
115.231.222.14 - - [02/Feb/2016:10:57:10 +0100] "GET http://zc.qq.com/cgi-bin/common/attr?id=260714&r=0.1997642403813322 HTTP/1.1" 404 320 "-" "Mozilla/5.0 (compatible; MSIE 9.0; Windows NT 6.1; Trident/5.0; 360SE)"
115.231.222.14 - - [02/Feb/2016:10:57:11 +0100] "GET http://zc.qq.com/cgi-bin/common/attr?id=260714&r=0.8603352708332268 HTTP/1.1" 404 320 "-" "Mozilla/5.0 (compatible; MSIE 9.0; Windows NT 6.1; Trident/5.0; 360SE)"
115.231.222.14 - - [02/Feb/2016:10:57:11 +0100] "GET http://zc.qq.com/cgi-bin/common/attr?id=260714&r=0.9802836647735835 HTTP/1.1" 404 320 "-" "Mozilla/5.0 (compatible; MSIE 9.0; Windows NT 6.1; Trident/5.0; 360SE)"
115.231.222.14 - - [02/Feb/2016:10:57:11 +0100] "GET http://zc.qq.com/cgi-bin/common/attr?id=260714&r=0.6003059178027043 HTTP/1.1" 404 320 "-" "Mozilla/5.0 (compatible; MSIE 9.0; Windows NT 6.1; Trident/5.0; 360SE)"
115.231.222.14 - - [02/Feb/2016:10:57:11 +0100] "GET http://zc.qq.com/cgi-bin/common/attr?id=260714&r=0.8040301303374951 HTTP/1.1" 404 320 "-" "Mozilla/5.0 (compatible; MSIE 9.0; Windows NT 6.1; Trident/5.0; 360SE)"
169.229.3.91 - - [02/Feb/2016:11:38:27 +0100] "S\xad\x84;\xacR{\xc4Z\tw\xa6\xd0\xe5\xea\xcd\xcd\xae>\xd3xjZ\x16\xfd\x1e\x1f\x0f\xdd['\xaa2\xe9\xd9\xab@\x95\xdf\x95OC\x1c\xd2\xb1%\xe2s\xc0G\xcbu" 400 329 "-" "-"
141.212.122.177 - - [02/Feb/2016:12:11:09 +0100] "GET / HTTP/1.1" 200 1229 "-" "Mozilla/5.0 zgrab/0.x"
61.228.89.33 - - [02/Feb/2016:12:41:18 +0100] "CONNECT 126mx02.mxmail.netease.com:25 HTTP/1.0" 405 355 "-" "-"
36.229.234.39 - - [02/Feb/2016:12:43:39 +0100] "CONNECT vip163mx00.mxmail.netease.com:25 HTTP/1.0" 405 358 "-" "-"
115.231.222.14 - - [02/Feb/2016:13:10:36 +0100] "GET http://zc.qq.com/cgi-bin/common/attr?id=260714&r=0.8989240326295032 HTTP/1.1" 404 320 "-" "Mozilla/5.0 (compatible; MSIE 9.0; Windows NT 6.1; Trident/5.0; 360SE)"
115.231.222.14 - - [02/Feb/2016:13:10:36 +0100] "GET http://zc.qq.com/cgi-bin/common/attr?id=260714&r=0.1004097340227053 HTTP/1.1" 404 320 "-" "Mozilla/5.0 (compatible; MSIE 9.0; Windows NT 6.1; Trident/5.0; 360SE)"
146.185.239.100 - - [02/Feb/2016:13:13:54 +0100] "GET http://24x7-allrequestsallowed.com/?PHPSESSID=aab45f4f00143SSQJ_W_EFBF%5CB HTTP/1.1" 200 1229 "-" "-"
115.231.222.14 - - [02/Feb/2016:15:23:29 +0100] "GET http://zc.qq.com/cgi-bin/common/attr?id=260714&r=0.9827192531381186 HTTP/1.1" 404 320 "-" "Mozilla/5.0 (compatible; MSIE 9.0; Windows NT 6.1; Trident/5.0; 360SE)"
115.231.222.14 - - [02/Feb/2016:15:23:33 +0100] "GET http://zc.qq.com/cgi-bin/common/attr?id=260714&r=0.4411640189544078 HTTP/1.1" 404 320 "-" "Mozilla/5.0 (compatible; MSIE 9.0; Windows NT 6.1; Trident/5.0; 360SE)"
111.248.115.198 - - [02/Feb/2016:15:44:21 +0100] "CONNECT vip163mx00.mxmail.netease.com:25 HTTP/1.0" 405 358 "-" "-"
169.229.3.91 - - [02/Feb/2016:15:55:55 +0100] "\x16\x8cy\x12\xe9s\x86\xed\x18\xf3$,\xcc*W\x1f\xf5iU" 501 334 "-" "-"
169.229.3.91 - - [02/Feb/2016:16:01:40 +0100] "\x1f\xa2\xdc5\xe0]#\xcaD\xb9k>\xe5\x86\xf9\x0f\xb4\x05g\x13\x8a\x15n\xfdg\xaf\xa0(\t\x1d\xdd\xaf\xbe\x02\xf6\xaf\xf7F" 400 329 "-" "-"
115.231.222.14 - - [02/Feb/2016:17:36:29 +0100] "GET http://zc.qq.com/cgi-bin/common/attr?id=260714&r=0.7436401245424983 HTTP/1.1" 404 320 "-" "Mozilla/5.0 (compatible; MSIE 9.0; Windows NT 6.1; Trident/5.0; 360SE)"
115.231.222.14 - - [02/Feb/2016:17:36:32 +0100] "GET http://zc.qq.com/cgi-bin/common/attr?id=260714&r=0.2621535985086129 HTTP/1.1" 404 320 "-" "Mozilla/5.0 (compatible; MSIE 9.0; Windows NT 6.1; Trident/5.0; 360SE)"
88.198.1.77 - - [02/Feb/2016:18:29:30 +0100] "GET /robots.txt HTTP/1.1" 404 333 "http://www.sitedomain.de/" "Sitedomain-Bot(Sitedomain-Bot 1.0, http://www.sitedomain.de/sitedomain-bot/)"
142.54.169.162 - - [02/Feb/2016:18:41:38 +0100] "GET / HTTP/1.1" 200 1229 "-" "Mozilla/4.0 (compatible; MSIE 8.0; Windows NT 6.1; Trident/4.0; SLCC2; .NET CLR 2.0.50727; .NET CLR 3.5.30729; .NET CLR 3.0.30729; Media Center PC 6.0)"
115.231.222.14 - - [02/Feb/2016:19:50:23 +0100] "GET http://zc.qq.com/cgi-bin/common/attr?id=260714&r=0.9181921395581136 HTTP/1.1" 404 320 "-" "Mozilla/5.0 (compatible; MSIE 9.0; Windows NT 6.1; Trident/5.0; 360SE)"
142.54.169.163 - - [02/Feb/2016:19:58:11 +0100] "GET / HTTP/1.1" 200 1229 "-" "Mozilla/4.0 (compatible; MSIE 8.0; Windows NT 6.1; Trident/4.0; SLCC2; .NET CLR 2.0.50727; .NET CLR 3.5.30729; .NET CLR 3.0.30729; Media Center PC 6.0)"
61.228.92.14 - - [02/Feb/2016:20:31:23 +0100] "CONNECT vip163mx01.mxmail.netease.com:25 HTTP/1.0" 405 358 "-" "-"
141.212.122.177 - - [02/Feb/2016:21:13:03 +0100] "GET / HTTP/1.1" 200 1229 "-" "Mozilla/5.0 zgrab/0.x"
66.249.75.10 - - [02/Feb/2016:21:27:25 +0100] "GET /robots.txt HTTP/1.1" 404 315 "-" "Mozilla/5.0 (compatible; Googlebot/2.1; +http://www.google.com/bot.html)"
66.249.75.1 - - [02/Feb/2016:21:27:26 +0100] "GET / HTTP/1.1" 200 1229 "-" "Mozilla/5.0 (compatible; Googlebot/2.1; +http://www.google.com/bot.html)"
66.249.75.35 - - [02/Feb/2016:22:00:56 +0100] "GET /robots.txt HTTP/1.1" 404 323 "-" "Mozilla/5.0 (compatible; Googlebot/2.1; +http://www.google.com/bot.html)"
66.249.75.44 - - [02/Feb/2016:22:00:57 +0100] "GET / HTTP/1.1" 200 1229 "-" "Mozilla/5.0 (compatible; Googlebot/2.1; +http://www.google.com/bot.html)"
115.231.222.14 - - [02/Feb/2016:22:05:17 +0100] "GET http://zc.qq.com/cgi-bin/common/attr?id=260714&r=0.8039266557400660 HTTP/1.1" 404 320 "-" "Mozilla/5.0 (compatible; MSIE 9.0; Windows NT 6.1; Trident/5.0; 360SE)"
142.54.169.162 - - [02/Feb/2016:22:32:20 +0100] "GET / HTTP/1.1" 200 1229 "-" "Mozilla/4.0 (compatible; MSIE 8.0; Windows NT 6.1; Trident/4.0; SLCC2; .NET CLR 2.0.50727; .NET CLR 3.5.30729; .NET CLR 3.0.30729; Media Center PC 6.0)"
142.54.169.165 - - [02/Feb/2016:22:35:20 +0100] "GET / HTTP/1.1" 200 1229 "-" "Mozilla/4.0 (compatible; MSIE 8.0; Windows NT 6.1; Trident/4.0; SLCC2; .NET CLR 2.0.50727; .NET CLR 3.5.30729; .NET CLR 3.0.30729; Media Center PC 6.0)"
142.54.160.213 - - [02/Feb/2016:22:35:40 +0100] "GET / HTTP/1.1" 200 1229 "-" "Mozilla/4.0 (compatible; MSIE 8.0; Windows NT 6.1; Trident/4.0; SLCC2; .NET CLR 2.0.50727; .NET CLR 3.5.30729; .NET CLR 3.0.30729; Media Center PC 6.0)"
66.249.69.104 - - [02/Feb/2016:23:02:47 +0100] "GET /robots.txt HTTP/1.1" 404 325 "-" "Mozilla/5.0 (compatible; Googlebot/2.1; +http://www.google.com/bot.html)"
66.249.69.112 - - [02/Feb/2016:23:02:47 +0100] "GET / HTTP/1.1" 200 1229 "-" "Mozilla/5.0 (compatible; Googlebot/2.1; +http://www.google.com/bot.html)"
142.54.169.166 - - [02/Feb/2016:23:12:29 +0100] "GET / HTTP/1.1" 200 1229 "-" "Mozilla/4.0 (compatible; MSIE 8.0; Windows NT 6.1; Trident/4.0; SLCC2; .NET CLR 2.0.50727; .NET CLR 3.5.30729; .NET CLR 3.0.30729; Media Center PC 6.0)"
109.235.67.15 - - [02/Feb/2016:23:29:17 +0100] "GET / HTTP/1.1" 200 1229 "-" "Python-urllib/3.4"
109.235.67.15 - - [02/Feb/2016:23:29:17 +0100] "GET / HTTP/1.1" 200 1229 "-" "Python-urllib/3.4"
109.235.67.15 - - [02/Feb/2016:23:29:17 +0100] "GET / HTTP/1.1" 200 1229 "-" "python-requests/2.9.1"
119.180.27.11 - - [02/Feb/2016:23:50:18 +0100] "GET /phpMyAdmin/scripts/setup.php HTTP/1.1" 404 333 "-" "-"
119.180.27.11 - - [02/Feb/2016:23:50:23 +0100] "GET /pma/scripts/setup.php HTTP/1.1" 404 326 "-" "-"
119.180.27.11 - - [02/Feb/2016:23:50:28 +0100] "GET /myadmin/scripts/setup.php HTTP/1.1" 404 330 "-" "-"
74.91.28.60 - - [02/Feb/2016:23:54:26 +0100] "GET / HTTP/1.1" 200 1229 "-" "Mozilla/4.0 (compatible; MSIE 8.0; Windows NT 6.1; Trident/4.0; SLCC2; .NET CLR 2.0.50727; .NET CLR 3.5.30729; .NET CLR 3.0.30729; Media Center PC 6.0)"
208.52.161.99 - - [03/Feb/2016:00:06:26 +0100] "GET /phpmyadmin/scripts/setup.php HTTP/1.0" 404 329 "-" "-"
208.52.161.99 - - [03/Feb/2016:00:06:37 +0100] "GET /phpmyadmin/scripts/setup.php HTTP/1.0" 404 329 "-" "-"
208.52.161.99 - - [03/Feb/2016:00:06:40 +0100] "GET /phpmyadmin/scripts/setup.php HTTP/1.0" 404 329 "-" "-"
208.52.161.99 - - [03/Feb/2016:00:06:44 +0100] "GET /phpmyadmin/scripts/setup.php HTTP/1.0" 404 329 "-" "-"
208.52.161.99 - - [03/Feb/2016:00:12:58 +0100] "GET /phpmyadmin/scripts/setup.php HTTP/1.0" 404 329 "-" "-"
208.52.161.99 - - [03/Feb/2016:00:13:07 +0100] "GET /phpmyadmin/scripts/setup.php HTTP/1.0" 404 329 "-" "-"
208.52.161.99 - - [03/Feb/2016:00:13:15 +0100] "GET /phpmyadmin/scripts/setup.php HTTP/1.0" 404 329 "-" "-"
208.52.161.99 - - [03/Feb/2016:00:13:21 +0100] "GET /phpmyadmin/scripts/setup.php HTTP/1.0" 404 329 "-" "-"
208.52.161.99 - - [03/Feb/2016:00:13:29 +0100] "GET /phpmyadmin/scripts/setup.php HTTP/1.0" 404 329 "-" "-"
208.52.161.99 - - [03/Feb/2016:00:13:34 +0100] "GET /phpmyadmin/scripts/setup.php HTTP/1.0" 404 329 "-" "-"
115.231.222.14 - - [03/Feb/2016:00:19:42 +0100] "GET http://zc.qq.com/cgi-bin/common/attr?id=260714&r=0.5636728978286985 HTTP/1.1" 404 320 "-" "Mozilla/5.0 (compatible; MSIE 9.0; Windows NT 6.1; Trident/5.0; 360SE)"
142.54.169.162 - - [03/Feb/2016:00:29:30 +0100] "GET / HTTP/1.1" 200 1229 "-" "Mozilla/4.0 (compatible; MSIE 8.0; Windows NT 6.1; Trident/4.0; SLCC2; .NET CLR 2.0.50727; .NET CLR 3.5.30729; .NET CLR 3.0.30729; Media Center PC 6.0)"
188.165.15.29 - - [03/Feb/2016:00:49:28 +0100] "GET /robots.txt HTTP/1.1" 404 328 "-" "Mozilla/5.0 (compatible; AhrefsBot/5.0; +http://ahrefs.com/robot/)"
61.228.88.205 - - [03/Feb/2016:01:55:55 +0100] "CONNECT vip163mx00.mxmail.netease.com:25 HTTP/1.0" 405 358 "-" "-"
66.249.75.219 - - [03/Feb/2016:02:05:29 +0100] "GET /robots.txt HTTP/1.1" 404 318 "-" "Mozilla/5.0 (compatible; Googlebot/2.1; +http://www.google.com/bot.html)"
66.249.75.219 - - [03/Feb/2016:02:05:30 +0100] "GET / HTTP/1.1" 200 1229 "-" "Mozilla/5.0 (compatible; Googlebot/2.1; +http://www.google.com/bot.html)"
198.20.69.74 - - [03/Feb/2016:02:12:55 +0100] "GET / HTTP/1.1" 200 1229 "-" "-"
198.20.69.74 - - [03/Feb/2016:02:12:55 +0100] "GET /robots.txt HTTP/1.1" 404 315 "-" "-"
198.20.69.74 - - [03/Feb/2016:02:12:55 +0100] "GET /sitemap.xml HTTP/1.1" 404 316 "-" "-"
111.248.96.138 - - [03/Feb/2016:02:13:11 +0100] "CONNECT vip163mx00.mxmail.netease.com:25 HTTP/1.0" 405 358 "-" "-"
115.231.222.14 - - [03/Feb/2016:02:33:56 +0100] "GET http://zc.qq.com/cgi-bin/common/attr?id=260714&r=0.8967529558632881 HTTP/1.1" 404 320 "-" "Mozilla/5.0 (compatible; MSIE 9.0; Windows NT 6.1; Trident/5.0; 360SE)"
115.231.222.14 - - [03/Feb/2016:02:33:56 +0100] "GET http://zc.qq.com/cgi-bin/common/attr?id=260714&r=0.8749888674961528 HTTP/1.1" 404 320 "-" "Mozilla/5.0 (compatible; MSIE 9.0; Windows NT 6.1; Trident/5.0; 360SE)"
142.54.160.212 - - [03/Feb/2016:03:08:56 +0100] "GET / HTTP/1.1" 200 1229 "-" "Mozilla/4.0 (compatible; MSIE 8.0; Windows NT 6.1; Trident/4.0; SLCC2; .NET CLR 2.0.50727; .NET CLR 3.5.30729; .NET CLR 3.0.30729; Media Center PC 6.0)"
141.212.122.177 - - [03/Feb/2016:03:21:58 +0100] "GET / HTTP/1.1" 200 1229 "-" "Mozilla/5.0 zgrab/0.x"
141.212.122.177 - - [03/Feb/2016:03:24:41 +0100] "GET / HTTP/1.1" 200 1229 "-" "Mozilla/5.0 zgrab/0.x"
142.54.160.212 - - [03/Feb/2016:03:49:27 +0100] "GET / HTTP/1.1" 200 1229 "-" "Mozilla/4.0 (compatible; MSIE 8.0; Windows NT 6.1; Trident/4.0; SLCC2; .NET CLR 2.0.50727; .NET CLR 3.5.30729; .NET CLR 3.0.30729; Media Center PC 6.0)"
115.231.222.14 - - [03/Feb/2016:04:05:16 +0100] "GET http://zc.qq.com/cgi-bin/common/attr?id=260714&r=0.0943936770249791 HTTP/1.1" 404 320 "-" "Mozilla/5.0 (compatible; MSIE 9.0; Windows NT 6.1; Trident/5.0; 360SE)"
141.212.122.177 - - [03/Feb/2016:04:49:23 +0100] "GET / HTTP/1.1" 200 1229 "-" "Mozilla/5.0 zgrab/0.x"
194.153.113.13 - - [03/Feb/2016:04:49:56 +0100] "GET /robots.txt HTTP/1.1" 404 315 "-" "Mozilla/5.0 (compatible; oBot/2.3.1; http://filterdb.iss.net/crawler/)"
194.153.113.13 - - [03/Feb/2016:04:49:56 +0100] "HEAD / HTTP/1.1" 200 - "-" "Mozilla/5.0 (compatible; oBot/2.3.1; http://filterdb.iss.net/crawler/)"
141.212.122.177 - - [03/Feb/2016:05:09:37 +0100] "GET / HTTP/1.1" 200 1229 "-" "Mozilla/5.0 zgrab/0.x"
115.231.222.14 - - [03/Feb/2016:06:19:45 +0100] "GET http://zc.qq.com/cgi-bin/common/attr?id=260714&r=0.9597907243643557 HTTP/1.1" 404 320 "-" "Mozilla/5.0 (compatible; MSIE 9.0; Windows NT 6.1; Trident/5.0; 360SE)"
141.212.122.177 - - [03/Feb/2016:07:02:28 +0100] "GET / HTTP/1.1" 200 1229 "-" "Mozilla/5.0 zgrab/0.x"
111.248.62.143 - - [03/Feb/2016:07:18:40 +0100] "CONNECT vip163mx01.mxmail.netease.com:25 HTTP/1.0" 405 358 "-" "-"
115.231.222.14 - - [03/Feb/2016:08:34:43 +0100] "GET http://zc.qq.com/cgi-bin/common/attr?id=260714&r=0.0878462710665194 HTTP/1.1" 404 320 "-" "Mozilla/5.0 (compatible; MSIE 9.0; Windows NT 6.1; Trident/5.0; 360SE)"
141.212.122.177 - - [03/Feb/2016:09:30:50 +0100] "GET / HTTP/1.1" 200 1229 "-" "Mozilla/5.0 zgrab/0.x"
169.229.3.91 - - [03/Feb/2016:09:36:32 +0100] "\x8cX\t\x16\x1e*\xd0\xbd\x16X\xaaXs\xa7\xf6\xe9\xeam\xd3jF\xda\xa8,\xdf\x88\x1a\xb6\xb9I\xd4\xcc\xb1\x12,\x18\x9c\t\xb49\xcd" 400 329 "-" "-"
113.76.90.95 - - [03/Feb/2016:10:33:21 +0100] "GET / HTTP/1.1" 200 1229 "-" "Mozilla/4.0 (compatible; MSIE 8.0; Windows NT 6.1; Trident/4.0; SLCC2; .NET CLR 2.0.50727; .NET CLR 3.5.30729; .NET CLR 3.0.30729; Media Center PC 6.0; InfoPath.2; .NET4.0C; .NET4.0E)"
115.231.222.14 - - [03/Feb/2016:10:49:17 +0100] "GET http://zc.qq.com/cgi-bin/common/attr?id=260714&r=0.2689387129452049 HTTP/1.1" 404 320 "-" "Mozilla/5.0 (compatible; MSIE 9.0; Windows NT 6.1; Trident/5.0; 360SE)"
141.212.122.177 - - [03/Feb/2016:11:35:08 +0100] "GET / HTTP/1.1" 200 1229 "-" "Mozilla/5.0 zgrab/0.x"
162.216.17.108 - - [03/Feb/2016:11:37:28 +0100] "GET / HTTP/1.0" 200 1229 "-" "-"
162.216.17.108 - - [03/Feb/2016:11:39:36 +0100] "GET / HTTP/1.1" 200 1229 "-" "Mozilla/5.0 (Windows NT 6.1) AppleWebKit/537.36 (KHTML"
162.216.17.108 - - [03/Feb/2016:11:39:36 +0100] "GET /.git/HEAD HTTP/1.1" 404 314 "-" "Mozilla/5.0 (Windows NT 6.1) AppleWebKit/537.36 (KHTML"
162.216.17.108 - - [03/Feb/2016:11:39:37 +0100] "OPTIONS / HTTP/1.1" 200 - "-" "Mozilla/5.0 (Windows NT 6.1) AppleWebKit/537.36 (KHTML"
162.216.17.108 - - [03/Feb/2016:11:39:37 +0100] "GET / HTTP/1.0" 200 1229 "-" "-"
162.216.17.108 - - [03/Feb/2016:11:39:39 +0100] "PROPFIND / HTTP/1.1" 405 343 "-" "Mozilla/5.0 (Windows NT 6.1) AppleWebKit/537.36 (KHTML"
162.216.17.108 - - [03/Feb/2016:11:39:39 +0100] "GET / HTTP/1.1" 200 1229 "-" "-"
162.216.17.108 - - [03/Feb/2016:11:39:47 +0100] "\x16\x03\x01\x01`\x01" 501 321 "-" "-"
162.216.17.108 - - [03/Feb/2016:11:39:47 +0100] "\x16\x03\x01\x01`\x01" 501 321 "-" "-"
162.216.17.108 - - [03/Feb/2016:11:39:47 +0100] "GET /HNAP1 HTTP/1.1" 404 310 "-" "Mozilla/5.0 (Windows NT 6.1) AppleWebKit/537.36 (KHTML"
162.216.17.108 - - [03/Feb/2016:11:39:48 +0100] "GET /robots.txt HTTP/1.1" 404 315 "-" "Mozilla/5.0 (Windows NT 6.1) AppleWebKit/537.36 (KHTML"
162.216.17.108 - - [03/Feb/2016:11:39:50 +0100] "PROPFIND / HTTP/1.1" 405 343 "-" "Mozilla/5.0 (Windows NT 6.1) AppleWebKit/537.36 (KHTML"
162.216.17.108 - - [03/Feb/2016:11:39:54 +0100] "OPTIONS / HTTP/1.1" 200 - "-" "Mozilla/5.0 (Windows NT 6.1) AppleWebKit/537.36 (KHTML"
162.216.17.108 - - [03/Feb/2016:11:39:55 +0100] "OPTIONS / HTTP/1.1" 200 - "-" "Mozilla/5.0 (Windows NT 6.1) AppleWebKit/537.36 (KHTML"
162.216.17.108 - - [03/Feb/2016:11:39:55 +0100] "OPTIONS / HTTP/1.1" 200 - "-" "Mozilla/5.0 (Windows NT 6.1) AppleWebKit/537.36 (KHTML"
162.216.17.108 - - [03/Feb/2016:11:39:55 +0100] "OPTIONS / HTTP/1.1" 200 - "-" "Mozilla/5.0 (Windows NT 6.1) AppleWebKit/537.36 (KHTML"
162.216.17.108 - - [03/Feb/2016:11:39:55 +0100] "OPTIONS / HTTP/1.1" 200 - "-" "Mozilla/5.0 (Windows NT 6.1) AppleWebKit/537.36 (KHTML"
162.216.17.108 - - [03/Feb/2016:11:39:56 +0100] "OPTIONS / HTTP/1.1" 200 - "-" "Mozilla/5.0 (Windows NT 6.1) AppleWebKit/537.36 (KHTML"
162.216.17.108 - - [03/Feb/2016:11:39:56 +0100] "OPTIONS / HTTP/1.1" 200 - "-" "Mozilla/5.0 (Windows NT 6.1) AppleWebKit/537.36 (KHTML"
162.216.17.108 - - [03/Feb/2016:11:39:56 +0100] "OPTIONS / HTTP/1.1" 200 - "-" "Mozilla/5.0 (Windows NT 6.1) AppleWebKit/537.36 (KHTML"
162.216.17.108 - - [03/Feb/2016:11:39:57 +0100] "OPTIONS / HTTP/1.1" 200 - "-" "Mozilla/5.0 (Windows NT 6.1) AppleWebKit/537.36 (KHTML"
162.216.17.108 - - [03/Feb/2016:11:39:58 +0100] "POST / HTTP/1.1" 200 1229 "-" "Mozilla/5.0 (Windows NT 6.1) AppleWebKit/537.36 (KHTML"
162.216.17.108 - - [03/Feb/2016:11:39:58 +0100] "OPTIONS / HTTP/1.1" 200 - "-" "Mozilla/5.0 (Windows NT 6.1) AppleWebKit/537.36 (KHTML"
162.216.17.108 - - [03/Feb/2016:11:39:58 +0100] "ZYZL / HTTP/1.1" 501 323 "-" "Mozilla/5.0 (Windows NT 6.1) AppleWebKit/537.36 (KHTML"
162.216.17.108 - - [03/Feb/2016:11:39:59 +0100] "GET / HTTP/1.1" 200 1229 "-" "Mozilla/5.0 (Windows NT 6.1) AppleWebKit/537.36 (KHTML"
162.216.17.108 - - [03/Feb/2016:11:39:59 +0100] "GET /favicon.ico HTTP/1.1" 404 316 "-" "Mozilla/5.0 (Windows NT 6.1) AppleWebKit/537.36 (KHTML"
162.216.17.108 - - [03/Feb/2016:11:39:59 +0100] "PROPFIND / HTTP/1.1" 405 343 "-" "Mozilla/5.0 (Windows NT 6.1) AppleWebKit/537.36 (KHTML"
169.229.3.91 - - [03/Feb/2016:12:04:25 +0100] "Sr\x83Ck5\x9a\x92Fl\\\xe9\xac\x8d|\xbc\xc6G\x93\x96@\xe3I\x1b\xfa\xca\x02\x15!\xef2k\xe4\x06\x87\xa6\x04r\v\xe7c\x97\x9a\xe9\xc4zS\xf4(\xfdP\xc4" 400 329 "-" "-"
169.229.3.91 - - [03/Feb/2016:12:08:43 +0100] "\x9b\x9d\xf8\x19\xe7\xe6\xafF\x90o\xc6\xfadb\x07\xe6\\^\xaf\xd4+\x1f\t\xa4\x1d\x96J\x19\xcc\xdc\xc3\x02;\xf136\xe3F\xac\x98\x98h\xa8\xc9\xec\x95\xf3\xf6\xb2W\x14\xc8\xe3)|\x14\x9a\x0f\x19\xd7\xc0X" 400 329 "-" "-"
149.202.49.23 - - [03/Feb/2016:12:25:48 +0100] "GET /robots.txt HTTP/1.0" 404 328 "-" "Mozilla/5.0 (compatible; MJ12bot/v1.4.5; http://www.majestic12.co.uk/bot.php?+)"
149.202.49.23 - - [03/Feb/2016:12:25:49 +0100] "GET / HTTP/1.0" 200 1229 "-" "Mozilla/5.0 (compatible; MJ12bot/v1.4.5; http://www.majestic12.co.uk/bot.php?+)"
64.246.165.180 - - [03/Feb/2016:12:28:32 +0100] "GET /robots.txt HTTP/1.0" 404 323 "-" "Mozilla/5.0 (Windows; U; Windows NT 5.1; en; rv:1.9.0.13) Gecko/2009073022 Firefox/3.5.2 (.NET CLR 3.5.30729) SurveyBot/2.3 (DomainTools)"
64.246.165.180 - - [03/Feb/2016:12:28:32 +0100] "GET / HTTP/1.1" 200 1229 "http://whois.domaintools.com/hotelkleidung.com" "Mozilla/5.0 (Windows; U; Windows NT 5.1; en; rv:1.9.0.13) Gecko/2009073022 Firefox/3.5.2 (.NET CLR 3.5.30729) SurveyBot/2.3 (DomainTools)"
115.231.222.14 - - [03/Feb/2016:13:04:17 +0100] "GET http://zc.qq.com/cgi-bin/common/attr?id=260714&r=0.1779403281696754 HTTP/1.1" 404 320 "-" "Mozilla/5.0 (compatible; MSIE 9.0; Windows NT 6.1; Trident/5.0; 360SE)"
98.143.148.107 - - [03/Feb/2016:14:22:20 +0100] "GET /check HTTP/1.1" 404 310 "-" "Mozilla/5.0 Project 25499 (project25499.com)"
115.231.222.14 - - [03/Feb/2016:15:18:52 +0100] "GET http://zc.qq.com/cgi-bin/common/attr?id=260714&r=0.4002148935240734 HTTP/1.1" 404 320 "-" "Mozilla/5.0 (compatible; MSIE 9.0; Windows NT 6.1; Trident/5.0; 360SE)"
51.254.213.155 - - [03/Feb/2016:15:22:20 +0100] "GET / HTTP/1.0" 200 1229 "-" "-"
51.254.213.155 - - [03/Feb/2016:15:22:20 +0100] "GET / HTTP/1.1" 200 1229 "-" "Mozilla/5.0 (Windows; U; Windows NT 5.0; en-US; rv:1.7.12) Gecko/20050915 Firefox/1.0.7"
51.254.213.155 - - [03/Feb/2016:15:22:21 +0100] "GET / HTTP/1.0" 200 1229 "-" "-"
51.254.213.155 - - [03/Feb/2016:15:22:21 +0100] "GET / HTTP/1.0" 200 1229 "-" "-"
51.254.213.155 - - [03/Feb/2016:15:22:21 +0100] "GET / HTTP/1.0" 200 1229 "-" "-"
51.254.213.155 - - [03/Feb/2016:15:22:21 +0100] "GET / HTTP/1.1" 200 1229 "-" "Mozilla/5.0 (Windows; U; Windows NT 5.0; en-US; rv:1.7.12) Gecko/20050915 Firefox/1.0.7"
51.254.213.155 - - [03/Feb/2016:15:22:21 +0100] "GET / HTTP/1.1" 200 1229 "-" "Mozilla/5.0 (Windows; U; Windows NT 5.0; en-US; rv:1.7.12) Gecko/20050915 Firefox/1.0.7"
51.254.213.155 - - [03/Feb/2016:15:22:21 +0100] "GET / HTTP/1.1" 200 1229 "-" "Mozilla/5.0 (Windows; U; Windows NT 5.0; en-US; rv:1.7.12) Gecko/20050915 Firefox/1.0.7"
51.254.213.155 - - [03/Feb/2016:15:22:21 +0100] "GET / HTTP/1.0" 200 1229 "-" "-"
51.254.213.155 - - [03/Feb/2016:15:22:21 +0100] "GET / HTTP/1.1" 200 1229 "-" "Mozilla/5.0 (Windows; U; Windows NT 5.0; en-US; rv:1.7.12) Gecko/20050915 Firefox/1.0.7"
51.254.213.155 - - [03/Feb/2016:15:22:21 +0100] "GET / HTTP/1.0" 200 1229 "-" "-"
51.254.213.155 - - [03/Feb/2016:15:22:21 +0100] "GET / HTTP/1.1" 200 1229 "-" "Mozilla/5.0 (Windows; U; Windows NT 5.0; en-US; rv:1.7.12) Gecko/20050915 Firefox/1.0.7"
51.254.213.155 - - [03/Feb/2016:15:22:22 +0100] "GET / HTTP/1.0" 200 1229 "-" "-"
51.254.213.155 - - [03/Feb/2016:15:22:22 +0100] "GET / HTTP/1.1" 200 1229 "-" "Mozilla/5.0 (Windows; U; Windows NT 5.0; en-US; rv:1.7.12) Gecko/20050915 Firefox/1.0.7"
51.254.213.155 - - [03/Feb/2016:15:22:22 +0100] "GET / HTTP/1.0" 200 1229 "-" "-"
51.254.213.155 - - [03/Feb/2016:15:22:22 +0100] "GET / HTTP/1.1" 200 1229 "-" "Mozilla/5.0 (Windows; U; Windows NT 5.0; en-US; rv:1.7.12) Gecko/20050915 Firefox/1.0.7"
51.254.213.155 - - [03/Feb/2016:15:22:23 +0100] "GET / HTTP/1.0" 200 1229 "-" "-"
51.254.213.155 - - [03/Feb/2016:15:22:23 +0100] "GET / HTTP/1.0" 200 1229 "-" "-"
51.254.213.155 - - [03/Feb/2016:15:22:23 +0100] "GET / HTTP/1.1" 200 1229 "-" "Mozilla/5.0 (Windows; U; Windows NT 5.0; en-US; rv:1.7.12) Gecko/20050915 Firefox/1.0.7"
51.254.213.155 - - [03/Feb/2016:15:22:23 +0100] "GET / HTTP/1.1" 200 1229 "-" "Mozilla/5.0 (Windows; U; Windows NT 5.0; en-US; rv:1.7.12) Gecko/20050915 Firefox/1.0.7"
63.142.161.3 - - [03/Feb/2016:15:28:31 +0100] "GET / HTTP/1.0" 200 1229 "-" "-"
63.142.161.3 - - [03/Feb/2016:15:28:31 +0100] "GET / HTTP/1.0" 200 1229 "-" "-"
63.142.161.3 - - [03/Feb/2016:15:28:31 +0100] "GET / HTTP/1.1" 200 1229 "-" "-"
169.229.3.91 - - [03/Feb/2016:15:54:27 +0100] "clp\xf5\xd3Y\xa5\xc3\xd6\xc4\xfa\xc8\x9c\x93\x8f" 501 330 "-" "-"
89.248.174.4 - - [03/Feb/2016:17:10:32 +0100] "GET / HTTP/1.1" 200 1229 "-" "-"
89.248.174.4 - - [03/Feb/2016:17:11:00 +0100] "GET / HTTP/1.1" 200 1229 "-" "-"
89.248.174.4 - - [03/Feb/2016:17:26:06 +0100] "GET / HTTP/1.1" 200 1229 "-" "-"
115.231.222.14 - - [03/Feb/2016:17:34:00 +0100] "GET http://zc.qq.com/cgi-bin/common/attr?id=260714&r=0.8885361711969686 HTTP/1.1" 404 320 "-" "Mozilla/5.0 (compatible; MSIE 9.0; Windows NT 6.1; Trident/5.0; 360SE)"
115.231.222.14 - - [03/Feb/2016:17:34:02 +0100] "GET http://zc.qq.com/cgi-bin/common/attr?id=260714&r=0.9476925594957932 HTTP/1.1" 404 320 "-" "Mozilla/5.0 (compatible; MSIE 9.0; Windows NT 6.1; Trident/5.0; 360SE)"
89.248.174.4 - - [03/Feb/2016:17:44:23 +0100] "GET / HTTP/1.1" 200 1229 "-" "-"
51.255.65.34 - - [03/Feb/2016:18:41:19 +0100] "GET / HTTP/1.1" 200 1229 "-" "Mozilla/5.0 (compatible; AhrefsBot/5.0; +http://ahrefs.com/robot/)"
98.143.148.107 - - [03/Feb/2016:18:54:03 +0100] "GET /check HTTP/1.1" 404 310 "-" "Mozilla/5.0 Project 25499 (project25499.com)"
61.228.92.33 - - [03/Feb/2016:19:28:12 +0100] "CONNECT 126mx00.mxmail.netease.com:25 HTTP/1.0" 405 355 "-" "-"
115.231.222.14 - - [03/Feb/2016:19:48:58 +0100] "GET http://zc.qq.com/cgi-bin/common/attr?id=260714&r=0.9614705957477845 HTTP/1.1" 404 320 "-" "Mozilla/5.0 (compatible; MSIE 9.0; Windows NT 6.1; Trident/5.0; 360SE)"
115.231.222.14 - - [03/Feb/2016:19:48:58 +0100] "GET http://zc.qq.com/cgi-bin/common/attr?id=260714&r=0.7633099197147337 HTTP/1.1" 404 320 "-" "Mozilla/5.0 (compatible; MSIE 9.0; Windows NT 6.1; Trident/5.0; 360SE)"
84.3.7.235 - - [03/Feb/2016:20:10:18 +0100] "GET / HTTP/1.1" 200 1229 "-" "Java/1.8.0_66"
59.120.13.253 - - [03/Feb/2016:20:23:37 +0100] "GET /phpMyAdmin/scripts/setup.php HTTP/1.1" 404 333 "-" "-"
59.120.13.253 - - [03/Feb/2016:20:23:42 +0100] "GET /pma/scripts/setup.php HTTP/1.1" 404 326 "-" "-"
59.120.13.253 - - [03/Feb/2016:20:23:52 +0100] "GET /myadmin/scripts/setup.php HTTP/1.1" 404 330 "-" "-"
142.54.169.164 - - [03/Feb/2016:20:53:15 +0100] "GET / HTTP/1.1" 200 1229 "-" "Mozilla/4.0 (compatible; MSIE 8.0; Windows NT 6.1; Trident/4.0; SLCC2; .NET CLR 2.0.50727; .NET CLR 3.5.30729; .NET CLR 3.0.30729; Media Center PC 6.0)"
185.35.62.11 - - [03/Feb/2016:21:24:28 +0100] "GET / HTTP/1.1" 200 1229 "-" "Mozilla/5.0 zgrab/0.x"
185.35.62.11 - - [03/Feb/2016:21:33:13 +0100] "GET / HTTP/1.1" 200 1229 "-" "Mozilla/5.0 zgrab/0.x"
185.35.62.11 - - [03/Feb/2016:21:49:03 +0100] "GET / HTTP/1.1" 200 1229 "-" "Mozilla/5.0 zgrab/0.x"
185.35.62.11 - - [03/Feb/2016:21:56:30 +0100] "GET / HTTP/1.1" 200 1229 "-" "Mozilla/5.0 zgrab/0.x"
115.231.222.14 - - [03/Feb/2016:22:04:03 +0100] "GET http://zc.qq.com/cgi-bin/common/attr?id=260714&r=0.5647790882507900 HTTP/1.1" 404 320 "-" "Mozilla/5.0 (compatible; MSIE 9.0; Windows NT 6.1; Trident/5.0; 360SE)"
185.35.62.11 - - [03/Feb/2016:22:07:28 +0100] "GET / HTTP/1.1" 200 1229 "-" "Mozilla/5.0 zgrab/0.x"
185.35.62.11 - - [03/Feb/2016:22:07:41 +0100] "GET / HTTP/1.1" 200 1229 "-" "Mozilla/5.0 zgrab/0.x"
74.91.28.58 - - [03/Feb/2016:22:09:21 +0100] "GET / HTTP/1.1" 200 1229 "-" "Mozilla/4.0 (compatible; MSIE 8.0; Windows NT 6.1; Trident/4.0; SLCC2; .NET CLR 2.0.50727; .NET CLR 3.5.30729; .NET CLR 3.0.30729; Media Center PC 6.0)"
185.35.62.11 - - [03/Feb/2016:22:12:39 +0100] "GET / HTTP/1.1" 200 1229 "-" "Mozilla/5.0 zgrab/0.x"
185.35.62.11 - - [03/Feb/2016:22:22:19 +0100] "GET / HTTP/1.1" 200 1229 "-" "Mozilla/5.0 zgrab/0.x"
185.35.62.11 - - [03/Feb/2016:22:34:51 +0100] "GET / HTTP/1.1" 200 1229 "-" "Mozilla/5.0 zgrab/0.x"
185.35.62.11 - - [03/Feb/2016:22:36:47 +0100] "GET / HTTP/1.1" 200 1229 "-" "Mozilla/5.0 zgrab/0.x"
54.67.38.74 - - [03/Feb/2016:23:23:03 +0100] "GET / HTTP/1.1" 200 1229 "-" "-"
115.231.222.14 - - [04/Feb/2016:00:19:26 +0100] "GET http://zc.qq.com/cgi-bin/common/attr?id=260714&r=0.2142659905723494 HTTP/1.1" 404 320 "-" "Mozilla/5.0 (compatible; MSIE 9.0; Windows NT 6.1; Trident/5.0; 360SE)"
84.228.116.183 - - [04/Feb/2016:00:32:35 +0100] "GET / HTTP/1.0" 200 1229 "-" "masscan/1.0 (https://github.com/robertdavidgraham/masscan)"
84.228.116.183 - - [04/Feb/2016:00:33:18 +0100] "GET / HTTP/1.0" 200 1229 "-" "masscan/1.0 (https://github.com/robertdavidgraham/masscan)"
84.228.116.183 - - [04/Feb/2016:00:33:40 +0100] "GET / HTTP/1.0" 200 1229 "-" "masscan/1.0 (https://github.com/robertdavidgraham/masscan)"
84.228.116.183 - - [04/Feb/2016:00:33:43 +0100] "GET / HTTP/1.0" 200 1229 "-" "masscan/1.0 (https://github.com/robertdavidgraham/masscan)"
54.67.38.74 - - [04/Feb/2016:00:36:10 +0100] "GET / HTTP/1.1" 200 1229 "-" "-"
142.54.169.163 - - [04/Feb/2016:00:42:55 +0100] "GET / HTTP/1.1" 200 1229 "-" "Mozilla/4.0 (compatible; MSIE 8.0; Windows NT 6.1; Trident/4.0; SLCC2; .NET CLR 2.0.50727; .NET CLR 3.5.30729; .NET CLR 3.0.30729; Media Center PC 6.0)"
142.54.160.210 - - [04/Feb/2016:00:46:31 +0100] "GET / HTTP/1.1" 200 1229 "-" "Mozilla/4.0 (compatible; MSIE 8.0; Windows NT 6.1; Trident/4.0; SLCC2; .NET CLR 2.0.50727; .NET CLR 3.5.30729; .NET CLR 3.0.30729; Media Center PC 6.0)"
142.54.169.166 - - [04/Feb/2016:00:47:09 +0100] "GET / HTTP/1.1" 200 1229 "-" "Mozilla/4.0 (compatible; MSIE 8.0; Windows NT 6.1; Trident/4.0; SLCC2; .NET CLR 2.0.50727; .NET CLR 3.5.30729; .NET CLR 3.0.30729; Media Center PC 6.0)"
74.91.28.60 - - [04/Feb/2016:01:23:47 +0100] "GET / HTTP/1.1" 200 1229 "-" "Mozilla/4.0 (compatible; MSIE 8.0; Windows NT 6.1; Trident/4.0; SLCC2; .NET CLR 2.0.50727; .NET CLR 3.5.30729; .NET CLR 3.0.30729; Media Center PC 6.0)"
74.91.28.61 - - [04/Feb/2016:02:05:41 +0100] "GET / HTTP/1.1" 200 1229 "-" "Mozilla/4.0 (compatible; MSIE 8.0; Windows NT 6.1; Trident/4.0; SLCC2; .NET CLR 2.0.50727; .NET CLR 3.5.30729; .NET CLR 3.0.30729; Media Center PC 6.0)"
142.54.169.163 - - [04/Feb/2016:02:42:49 +0100] "GET / HTTP/1.1" 200 1229 "-" "Mozilla/4.0 (compatible; MSIE 8.0; Windows NT 6.1; Trident/4.0; SLCC2; .NET CLR 2.0.50727; .NET CLR 3.5.30729; .NET CLR 3.0.30729; Media Center PC 6.0)"
115.78.203.104 - - [04/Feb/2016:03:00:25 +0100] "GET /?author=1 HTTP/1.1" 200 1229 "-" "Chilkat/1.0.0 (+http://www.chilkatsoft.com/ChilkatHttpUA.asp)"
115.78.203.104 - - [04/Feb/2016:03:00:25 +0100] "GET /administrator/index.php HTTP/1.1" 404 332 "-" "Chilkat/1.0.0 (+http://www.chilkatsoft.com/ChilkatHttpUA.asp)"
111.248.99.47 - - [04/Feb/2016:03:18:28 +0100] "CONNECT vip163mx00.mxmail.netease.com:25 HTTP/1.0" 405 358 "-" "-"
