54.173.113.60 - - [08/Feb/2016:18:03:57 +0100] "GET / HTTP/1.1" 400 6192 "-" "-"
78.46.142.72 - - [08/Feb/2016:18:06:54 +0100] "HEAD / HTTP/1.1" 200 - "-" "-"
115.231.222.14 - - [08/Feb/2016:18:36:02 +0100] "GET http://zc.qq.com/cgi-bin/common/attr?id=260714&r=0.1594403465050976 HTTP/1.1" 404 320 "-" "Mozilla/5.0 (compatible; MSIE 9.0; Windows NT 6.1; Trident/5.0; 360SE)"
115.231.222.14 - - [08/Feb/2016:18:36:05 +0100] "GET http://zc.qq.com/cgi-bin/common/attr?id=260714&r=0.2012335303830473 HTTP/1.1" 404 320 "-" "Mozilla/5.0 (compatible; MSIE 9.0; Windows NT 6.1; Trident/5.0; 360SE)"
115.231.222.14 - - [08/Feb/2016:18:36:05 +0100] "GET http://zc.qq.com/cgi-bin/common/attr?id=260714&r=0.2098818071976863 HTTP/1.1" 404 320 "-" "Mozilla/5.0 (compatible; MSIE 9.0; Windows NT 6.1; Trident/5.0; 360SE)"
54.173.113.60 - - [08/Feb/2016:18:58:49 +0100] "GET / HTTP/1.1" 400 6192 "-" "-"
207.46.13.17 - - [08/Feb/2016:18:58:59 +0100] "GET /service-pankow.html HTTP/1.1" 404 332 "-" "Mozilla/5.0 (compatible; bingbot/2.0; +http://www.bing.com/bingbot.htm)"
54.173.113.60 - - [08/Feb/2016:19:00:53 +0100] "GET / HTTP/1.1" 400 7640 "-" "-"
207.46.13.18 - - [08/Feb/2016:19:03:16 +0100] "GET /service-bochum.html HTTP/1.1" 404 332 "-" "Mozilla/5.0 (compatible; bingbot/2.0; +http://www.bing.com/bingbot.htm)"
128.232.110.28 - - [08/Feb/2016:19:38:03 +0100] "GET / HTTP/1.1" 200 1229 "-" "Mozilla/5.0 zgrab/0.x"
54.173.113.60 - - [08/Feb/2016:19:49:43 +0100] "GET / HTTP/1.1" 400 7640 "-" "-"
66.249.69.192 - - [08/Feb/2016:19:52:55 +0100] "GET /robots.txt HTTP/1.1" 404 329 "-" "Mozilla/5.0 (compatible; Googlebot/2.1; +http://www.google.com/bot.html)"
66.249.69.197 - - [08/Feb/2016:19:52:55 +0100] "GET /css/style.css HTTP/1.1" 404 332 "-" "Mozilla/5.0 (compatible; Googlebot/2.1; +http://www.google.com/bot.html)"
74.91.28.60 - - [08/Feb/2016:20:31:53 +0100] "GET / HTTP/1.1" 200 1229 "-" "Mozilla/4.0 (compatible; MSIE 8.0; Windows NT 6.1; Trident/4.0; SLCC2; .NET CLR 2.0.50727; .NET CLR 3.5.30729; .NET CLR 3.0.30729; Media Center PC 6.0)"
192.99.107.224 - - [08/Feb/2016:20:38:14 +0100] "GET /robots.txt HTTP/1.1" 404 318 "-" "Mozilla/5.0 (compatible; meanpathbot/1.0; +http://www.meanpath.com/meanpathbot.html)"
192.99.107.218 - - [08/Feb/2016:20:38:15 +0100] "GET / HTTP/1.1" 200 1229 "-" "Mozilla/5.0 (compatible; meanpathbot/1.0; +http://www.meanpath.com/meanpathbot.html)"
115.231.222.14 - - [08/Feb/2016:20:49:42 +0100] "GET http://zc.qq.com/cgi-bin/common/attr?id=260714&r=0.2203697232726133 HTTP/1.1" 404 320 "-" "Mozilla/5.0 (compatible; MSIE 9.0; Windows NT 6.1; Trident/5.0; 360SE)"
115.231.222.14 - - [08/Feb/2016:20:49:43 +0100] "GET http://zc.qq.com/cgi-bin/common/attr?id=260714&r=0.8585185412226838 HTTP/1.1" 404 320 "-" "Mozilla/5.0 (compatible; MSIE 9.0; Windows NT 6.1; Trident/5.0; 360SE)"
61.231.2.42 - - [08/Feb/2016:21:20:04 +0100] "CONNECT vip163mx00.mxmail.netease.com:25 HTTP/1.0" 405 358 "-" "-"
51.255.65.34 - - [08/Feb/2016:21:31:02 +0100] "GET / HTTP/1.1" 200 1229 "-" "Mozilla/5.0 (compatible; AhrefsBot/5.0; +http://ahrefs.com/robot/)"
142.54.169.164 - - [08/Feb/2016:21:46:55 +0100] "GET / HTTP/1.1" 200 1229 "-" "Mozilla/4.0 (compatible; MSIE 8.0; Windows NT 6.1; Trident/4.0; SLCC2; .NET CLR 2.0.50727; .NET CLR 3.5.30729; .NET CLR 3.0.30729; Media Center PC 6.0)"
36.229.234.112 - - [08/Feb/2016:21:51:34 +0100] "CONNECT vip163mx00.mxmail.netease.com:25 HTTP/1.0" 405 358 "-" "-"
52.90.139.220 - - [08/Feb/2016:22:14:09 +0100] "GET / HTTP/1.1" 400 6292 "-" "-"
115.231.222.14 - - [08/Feb/2016:23:03:01 +0100] "GET http://zc.qq.com/cgi-bin/common/attr?id=260714&r=0.8866054621083245 HTTP/1.1" 404 320 "-" "Mozilla/5.0 (compatible; MSIE 9.0; Windows NT 6.1; Trident/5.0; 360SE)"
54.173.113.60 - - [08/Feb/2016:23:09:02 +0100] "GET / HTTP/1.1" 400 6192 "-" "-"
185.130.5.207 - - [08/Feb/2016:23:42:24 +0100] "GET /muieblackcat HTTP/1.1" 404 317 "-" "-"
185.130.5.207 - - [08/Feb/2016:23:42:30 +0100] "GET //scripts/setup.php HTTP/1.1" 404 322 "-" "-"
185.130.5.207 - - [08/Feb/2016:23:42:30 +0100] "GET //admin/scripts/setup.php HTTP/1.1" 404 328 "-" "-"
185.130.5.207 - - [08/Feb/2016:23:42:30 +0100] "GET //admin/pma/scripts/setup.php HTTP/1.1" 404 332 "-" "-"
185.130.5.207 - - [08/Feb/2016:23:42:30 +0100] "GET //admin/phpmyadmin/scripts/setup.php HTTP/1.1" 404 339 "-" "-"
185.130.5.207 - - [08/Feb/2016:23:42:31 +0100] "GET //db/scripts/setup.php HTTP/1.1" 404 325 "-" "-"
185.130.5.207 - - [08/Feb/2016:23:42:31 +0100] "GET //dbadmin/scripts/setup.php HTTP/1.1" 404 330 "-" "-"
185.130.5.207 - - [08/Feb/2016:23:42:31 +0100] "GET //myadmin/scripts/setup.php HTTP/1.1" 404 330 "-" "-"
185.130.5.207 - - [08/Feb/2016:23:42:31 +0100] "GET //mysql/scripts/setup.php HTTP/1.1" 404 328 "-" "-"
185.130.5.207 - - [08/Feb/2016:23:42:31 +0100] "GET //mysqladmin/scripts/setup.php HTTP/1.1" 404 333 "-" "-"
185.130.5.207 - - [08/Feb/2016:23:42:31 +0100] "GET //typo3/phpmyadmin/scripts/setup.php HTTP/1.1" 404 339 "-" "-"
185.130.5.207 - - [08/Feb/2016:23:42:31 +0100] "GET //phpadmin/scripts/setup.php HTTP/1.1" 404 331 "-" "-"
185.130.5.207 - - [08/Feb/2016:23:42:32 +0100] "GET //pma/scripts/setup.php HTTP/1.1" 404 326 "-" "-"
185.130.5.207 - - [08/Feb/2016:23:42:33 +0100] "GET //web/phpMyAdmin/scripts/setup.php HTTP/1.1" 404 337 "-" "-"
185.130.5.207 - - [08/Feb/2016:23:42:33 +0100] "GET //xampp/phpmyadmin/scripts/setup.php HTTP/1.1" 404 339 "-" "-"
185.130.5.207 - - [08/Feb/2016:23:42:33 +0100] "GET //web/scripts/setup.php HTTP/1.1" 404 326 "-" "-"
185.130.5.207 - - [08/Feb/2016:23:42:33 +0100] "GET //php-my-admin/scripts/setup.php HTTP/1.1" 404 335 "-" "-"
185.130.5.207 - - [08/Feb/2016:23:42:33 +0100] "GET //websql/scripts/setup.php HTTP/1.1" 404 329 "-" "-"
185.130.5.207 - - [08/Feb/2016:23:42:34 +0100] "GET //phpMyAdmin-2/scripts/setup.php HTTP/1.1" 404 335 "-" "-"
185.130.5.207 - - [08/Feb/2016:23:42:34 +0100] "GET //_phpmyadmin/scripts/setup.php HTTP/1.1" 404 334 "-" "-"
185.130.5.207 - - [08/Feb/2016:23:42:34 +0100] "GET //administrator/components/com_joommyadmin/phpmyadmin/scripts/setup.php HTTP/1.1" 404 374 "-" "-"
185.130.5.207 - - [08/Feb/2016:23:42:34 +0100] "GET //apache-default/phpmyadmin/scripts/setup.php HTTP/1.1" 404 348 "-" "-"
185.130.5.207 - - [08/Feb/2016:23:42:34 +0100] "GET //blog/phpmyadmin/scripts/setup.php HTTP/1.1" 404 338 "-" "-"
185.130.5.207 - - [08/Feb/2016:23:42:35 +0100] "GET //cpanelphpmyadmin/scripts/setup.php HTTP/1.1" 404 339 "-" "-"
185.130.5.207 - - [08/Feb/2016:23:42:35 +0100] "GET //cpphpmyadmin/scripts/setup.php HTTP/1.1" 404 335 "-" "-"
185.130.5.207 - - [08/Feb/2016:23:42:35 +0100] "GET //forum/phpmyadmin/scripts/setup.php HTTP/1.1" 404 339 "-" "-"
185.130.5.207 - - [08/Feb/2016:23:42:35 +0100] "GET //php/phpmyadmin/scripts/setup.php HTTP/1.1" 404 337 "-" "-"
185.130.5.207 - - [08/Feb/2016:23:42:35 +0100] "GET //phpmyadmin/scripts/setup.php HTTP/1.1" 404 333 "-" "-"
185.130.5.207 - - [08/Feb/2016:23:42:35 +0100] "GET //phpMyAdmin2/scripts/setup.php HTTP/1.1" 404 334 "-" "-"
185.130.5.207 - - [08/Feb/2016:23:42:35 +0100] "GET //phpMyAdmin3/scripts/setup.php HTTP/1.1" 404 334 "-" "-"
74.91.28.61 - - [09/Feb/2016:00:18:56 +0100] "GET / HTTP/1.1" 200 1229 "-" "Mozilla/4.0 (compatible; MSIE 8.0; Windows NT 6.1; Trident/4.0; SLCC2; .NET CLR 2.0.50727; .NET CLR 3.5.30729; .NET CLR 3.0.30729; Media Center PC 6.0)"
142.54.160.214 - - [09/Feb/2016:00:22:19 +0100] "GET / HTTP/1.1" 200 1229 "-" "Mozilla/4.0 (compatible; MSIE 8.0; Windows NT 6.1; Trident/4.0; SLCC2; .NET CLR 2.0.50727; .NET CLR 3.5.30729; .NET CLR 3.0.30729; Media Center PC 6.0)"
142.54.160.210 - - [09/Feb/2016:00:22:43 +0100] "GET / HTTP/1.1" 200 1229 "-" "Mozilla/4.0 (compatible; MSIE 8.0; Windows NT 6.1; Trident/4.0; SLCC2; .NET CLR 2.0.50727; .NET CLR 3.5.30729; .NET CLR 3.0.30729; Media Center PC 6.0)"
40.77.167.6 - - [09/Feb/2016:00:51:55 +0100] "GET /seiten/dialyse.htm HTTP/1.1" 404 337 "-" "Mozilla/5.0 (iPhone; CPU iPhone OS 7_0 like Mac OS X) AppleWebKit/537.51.1 (KHTML, like Gecko) Version/7.0 Mobile/11A465 Safari/9537.53 (compatible; bingbot/2.0; http://www.bing.com/bingbot.htm)"
142.54.160.211 - - [09/Feb/2016:00:59:07 +0100] "GET / HTTP/1.1" 200 1229 "-" "Mozilla/4.0 (compatible; MSIE 8.0; Windows NT 6.1; Trident/4.0; SLCC2; .NET CLR 2.0.50727; .NET CLR 3.5.30729; .NET CLR 3.0.30729; Media Center PC 6.0)"
115.231.222.14 - - [09/Feb/2016:01:16:52 +0100] "GET http://zc.qq.com/cgi-bin/common/attr?id=260714&r=0.6279018960100325 HTTP/1.1" 404 320 "-" "Mozilla/5.0 (compatible; MSIE 9.0; Windows NT 6.1; Trident/5.0; 360SE)"
142.54.169.165 - - [09/Feb/2016:01:40:11 +0100] "GET / HTTP/1.1" 200 1229 "-" "Mozilla/4.0 (compatible; MSIE 8.0; Windows NT 6.1; Trident/4.0; SLCC2; .NET CLR 2.0.50727; .NET CLR 3.5.30729; .NET CLR 3.0.30729; Media Center PC 6.0)"
40.77.167.6 - - [09/Feb/2016:01:52:15 +0100] "GET /seiten/dialyse.htm HTTP/1.1" 404 337 "-" "Mozilla/5.0 (compatible; bingbot/2.0; +http://www.bing.com/bingbot.htm)"
40.77.167.6 - - [09/Feb/2016:01:52:15 +0100] "GET /seiten/leistungen.htm HTTP/1.1" 404 340 "-" "Mozilla/5.0 (compatible; bingbot/2.0; +http://www.bing.com/bingbot.htm)"
40.77.167.6 - - [09/Feb/2016:01:52:15 +0100] "GET /seiten/praxis.htm HTTP/1.1" 404 336 "-" "Mozilla/5.0 (compatible; bingbot/2.0; +http://www.bing.com/bingbot.htm)"
40.77.167.6 - - [09/Feb/2016:01:52:16 +0100] "GET / HTTP/1.1" 200 1229 "-" "Mozilla/5.0 (compatible; bingbot/2.0; +http://www.bing.com/bingbot.htm)"
207.46.13.100 - - [09/Feb/2016:01:52:20 +0100] "GET /seiten/impressum.htm HTTP/1.1" 404 339 "-" "Mozilla/5.0 (compatible; bingbot/2.0; +http://www.bing.com/bingbot.htm)"
207.46.13.100 - - [09/Feb/2016:01:52:20 +0100] "GET /seiten/kont_form.php HTTP/1.1" 404 339 "-" "Mozilla/5.0 (compatible; bingbot/2.0; +http://www.bing.com/bingbot.htm)"
157.55.39.97 - - [09/Feb/2016:01:52:28 +0100] "GET /seiten/kontakt.htm HTTP/1.1" 404 337 "-" "Mozilla/5.0 (compatible; bingbot/2.0; +http://www.bing.com/bingbot.htm)"
157.55.39.97 - - [09/Feb/2016:01:52:28 +0100] "GET /seiten/links.htm HTTP/1.1" 404 335 "-" "Mozilla/5.0 (compatible; bingbot/2.0; +http://www.bing.com/bingbot.htm)"
157.55.39.97 - - [09/Feb/2016:01:52:28 +0100] "GET /seiten/start.htm HTTP/1.1" 404 335 "-" "Mozilla/5.0 (compatible; bingbot/2.0; +http://www.bing.com/bingbot.htm)"
157.55.39.134 - - [09/Feb/2016:01:54:26 +0100] "GET /robots.txt HTTP/1.1" 404 329 "-" "Mozilla/5.0 (compatible; bingbot/2.0; +http://www.bing.com/bingbot.htm)"
157.55.39.134 - - [09/Feb/2016:01:58:45 +0100] "GET /seiten/news.php HTTP/1.1" 404 334 "-" "Mozilla/5.0 (compatible; bingbot/2.0; +http://www.bing.com/bingbot.htm)"
142.54.169.162 - - [09/Feb/2016:02:15:00 +0100] "GET / HTTP/1.1" 200 1229 "-" "Mozilla/4.0 (compatible; MSIE 8.0; Windows NT 6.1; Trident/4.0; SLCC2; .NET CLR 2.0.50727; .NET CLR 3.5.30729; .NET CLR 3.0.30729; Media Center PC 6.0)"
54.173.113.60 - - [09/Feb/2016:02:21:23 +0100] "GET /seiten/team.htm HTTP/1.1" 400 7640 "-" "-"
54.173.113.60 - - [09/Feb/2016:02:21:34 +0100] "GET /seiten/leistungen.htm HTTP/1.1" 400 4744 "-" "-"
52.91.159.41 - - [09/Feb/2016:02:21:37 +0100] "GET /seiten/praxis.htm HTTP/1.1" 400 7640 "-" "-"
54.173.113.60 - - [09/Feb/2016:02:25:24 +0100] "GET /leistungen.php HTTP/1.1" 400 7640 "-" "-"
52.90.139.220 - - [09/Feb/2016:02:26:04 +0100] "GET /praxis.php HTTP/1.1" 400 6192 "-" "-"
52.90.98.102 - - [09/Feb/2016:02:44:16 +0100] "GET /seiten/leistungen.htm HTTP/1.1" 400 6192 "-" "-"
54.173.113.60 - - [09/Feb/2016:02:44:24 +0100] "GET /seiten/ausbildung.htm HTTP/1.1" 400 7652 "-" "-"
54.165.225.109 - - [09/Feb/2016:02:44:27 +0100] "GET /seiten/referenzen.htm HTTP/1.1" 400 7640 "-" "-"
54.165.225.109 - - [09/Feb/2016:02:44:31 +0100] "GET /seiten/kontakt.php HTTP/1.1" 400 7640 "-" "-"
207.46.13.18 - - [09/Feb/2016:03:12:44 +0100] "GET /service-bochum.html HTTP/1.1" 404 332 "-" "Mozilla/5.0 (compatible; bingbot/2.0; +http://www.bing.com/bingbot.htm)"
40.77.167.43 - - [09/Feb/2016:03:12:48 +0100] "GET /index.html HTTP/1.1" 200 1229 "-" "Mozilla/5.0 (compatible; bingbot/2.0; +http://www.bing.com/bingbot.htm)"
40.77.167.43 - - [09/Feb/2016:03:12:48 +0100] "GET /awards.html HTTP/1.1" 404 324 "-" "Mozilla/5.0 (compatible; bingbot/2.0; +http://www.bing.com/bingbot.htm)"
40.77.167.43 - - [09/Feb/2016:03:12:48 +0100] "GET /service-leipzig.html HTTP/1.1" 404 333 "-" "Mozilla/5.0 (compatible; bingbot/2.0; +http://www.bing.com/bingbot.htm)"
207.46.13.17 - - [09/Feb/2016:03:12:54 +0100] "GET /service-pankow.html HTTP/1.1" 404 332 "-" "Mozilla/5.0 (compatible; bingbot/2.0; +http://www.bing.com/bingbot.htm)"
115.231.222.14 - - [09/Feb/2016:03:31:12 +0100] "GET http://zc.qq.com/cgi-bin/common/attr?id=260714&r=0.6967769556937785 HTTP/1.1" 404 320 "-" "Mozilla/5.0 (compatible; MSIE 9.0; Windows NT 6.1; Trident/5.0; 360SE)"
115.231.222.14 - - [09/Feb/2016:03:31:13 +0100] "GET http://zc.qq.com/cgi-bin/common/attr?id=260714&r=0.6431214610681706 HTTP/1.1" 404 320 "-" "Mozilla/5.0 (compatible; MSIE 9.0; Windows NT 6.1; Trident/5.0; 360SE)"
115.231.222.14 - - [09/Feb/2016:03:31:13 +0100] "GET http://zc.qq.com/cgi-bin/common/attr?id=260714&r=0.4805476849169261 HTTP/1.1" 404 320 "-" "Mozilla/5.0 (compatible; MSIE 9.0; Windows NT 6.1; Trident/5.0; 360SE)"
115.231.222.14 - - [09/Feb/2016:03:31:13 +0100] "GET http://zc.qq.com/cgi-bin/common/attr?id=260714&r=0.0719815393077084 HTTP/1.1" 404 320 "-" "Mozilla/5.0 (compatible; MSIE 9.0; Windows NT 6.1; Trident/5.0; 360SE)"
115.231.222.14 - - [09/Feb/2016:03:31:13 +0100] "GET http://zc.qq.com/cgi-bin/common/attr?id=260714&r=0.8370729414742098 HTTP/1.1" 404 320 "-" "Mozilla/5.0 (compatible; MSIE 9.0; Windows NT 6.1; Trident/5.0; 360SE)"
207.46.13.155 - - [09/Feb/2016:04:20:40 +0100] "GET /robots.txt HTTP/1.1" 404 333 "-" "Mozilla/5.0 (compatible; bingbot/2.0; +http://www.bing.com/bingbot.htm)"
207.46.13.155 - - [09/Feb/2016:04:20:56 +0100] "GET / HTTP/1.1" 200 1229 "-" "Mozilla/5.0 (iPhone; CPU iPhone OS 7_0 like Mac OS X) AppleWebKit/537.51.1 (KHTML, like Gecko) Version/7.0 Mobile/11A465 Safari/9537.53 (compatible; bingbot/2.0; http://www.bing.com/bingbot.htm)"
207.46.13.55 - - [09/Feb/2016:04:21:10 +0100] "GET /robots.txt HTTP/1.1" 404 333 "-" "Mozilla/5.0 (compatible; bingbot/2.0; +http://www.bing.com/bingbot.htm)"
51.254.141.247 - - [09/Feb/2016:04:27:56 +0100] "GET /robots.txt HTTP/1.0" 404 334 "-" "Mozilla/5.0 (compatible; MJ12bot/v1.4.5; http://www.majestic12.co.uk/bot.php?+)"
51.254.141.247 - - [09/Feb/2016:04:27:58 +0100] "GET / HTTP/1.0" 200 1229 "-" "Mozilla/5.0 (compatible; MJ12bot/v1.4.5; http://www.majestic12.co.uk/bot.php?+)"
157.55.39.134 - - [09/Feb/2016:04:32:46 +0100] "GET /robots.txt HTTP/1.1" 404 329 "-" "Mozilla/5.0 (compatible; bingbot/2.0; +http://www.bing.com/bingbot.htm)"
157.55.39.97 - - [09/Feb/2016:04:32:51 +0100] "GET /seiten/kontakt.htm HTTP/1.1" 404 337 "-" "Mozilla/5.0 (compatible; bingbot/2.0; +http://www.bing.com/bingbot.htm)"
157.55.39.97 - - [09/Feb/2016:04:32:51 +0100] "GET /seiten/links.htm HTTP/1.1" 404 335 "-" "Mozilla/5.0 (compatible; bingbot/2.0; +http://www.bing.com/bingbot.htm)"
157.55.39.97 - - [09/Feb/2016:04:32:51 +0100] "GET /seiten/start.htm HTTP/1.1" 404 335 "-" "Mozilla/5.0 (compatible; bingbot/2.0; +http://www.bing.com/bingbot.htm)"
207.46.13.100 - - [09/Feb/2016:04:32:55 +0100] "GET /seiten/impressum.htm HTTP/1.1" 404 339 "-" "Mozilla/5.0 (compatible; bingbot/2.0; +http://www.bing.com/bingbot.htm)"
207.46.13.100 - - [09/Feb/2016:04:32:55 +0100] "GET /seiten/kont_form.php HTTP/1.1" 404 339 "-" "Mozilla/5.0 (compatible; bingbot/2.0; +http://www.bing.com/bingbot.htm)"
40.77.167.6 - - [09/Feb/2016:04:33:06 +0100] "GET /seiten/dialyse.htm HTTP/1.1" 404 337 "-" "Mozilla/5.0 (compatible; bingbot/2.0; +http://www.bing.com/bingbot.htm)"
40.77.167.6 - - [09/Feb/2016:04:33:06 +0100] "GET /seiten/leistungen.htm HTTP/1.1" 404 340 "-" "Mozilla/5.0 (compatible; bingbot/2.0; +http://www.bing.com/bingbot.htm)"
40.77.167.6 - - [09/Feb/2016:04:33:06 +0100] "GET /seiten/praxis.htm HTTP/1.1" 404 336 "-" "Mozilla/5.0 (compatible; bingbot/2.0; +http://www.bing.com/bingbot.htm)"
40.77.167.6 - - [09/Feb/2016:04:33:06 +0100] "GET / HTTP/1.1" 200 1229 "-" "Mozilla/5.0 (compatible; bingbot/2.0; +http://www.bing.com/bingbot.htm)"
157.55.39.134 - - [09/Feb/2016:04:34:05 +0100] "GET /seiten/news.php HTTP/1.1" 404 334 "-" "Mozilla/5.0 (compatible; bingbot/2.0; +http://www.bing.com/bingbot.htm)"
74.91.28.58 - - [09/Feb/2016:04:50:04 +0100] "GET / HTTP/1.1" 200 1229 "-" "Mozilla/4.0 (compatible; MSIE 8.0; Windows NT 6.1; Trident/4.0; SLCC2; .NET CLR 2.0.50727; .NET CLR 3.5.30729; .NET CLR 3.0.30729; Media Center PC 6.0)"
195.154.200.68 - - [09/Feb/2016:05:11:06 +0100] "GET /robots.txt HTTP/1.0" 404 327 "-" "Mozilla/5.0 (compatible; MJ12bot/v1.4.5; http://www.majestic12.co.uk/bot.php?+)"
195.154.200.68 - - [09/Feb/2016:05:11:17 +0100] "GET / HTTP/1.1" 200 1229 "-" "Mozilla/5.0 (compatible; MJ12bot/v1.4.5; http://www.majestic12.co.uk/bot.php?+)"
74.91.28.62 - - [09/Feb/2016:05:36:03 +0100] "GET / HTTP/1.1" 200 1229 "-" "Mozilla/4.0 (compatible; MSIE 8.0; Windows NT 6.1; Trident/4.0; SLCC2; .NET CLR 2.0.50727; .NET CLR 3.5.30729; .NET CLR 3.0.30729; Media Center PC 6.0)"
115.231.222.14 - - [09/Feb/2016:05:43:00 +0100] "GET http://zc.qq.com/cgi-bin/common/attr?id=260714&r=0.5523533702976313 HTTP/1.1" 404 320 "-" "Mozilla/5.0 (compatible; MSIE 9.0; Windows NT 6.1; Trident/5.0; 360SE)"
115.231.222.14 - - [09/Feb/2016:05:43:00 +0100] "GET http://zc.qq.com/cgi-bin/common/attr?id=260714&r=0.1739463355986075 HTTP/1.1" 404 320 "-" "Mozilla/5.0 (compatible; MSIE 9.0; Windows NT 6.1; Trident/5.0; 360SE)"
115.231.222.14 - - [09/Feb/2016:05:43:01 +0100] "GET http://zc.qq.com/cgi-bin/common/attr?id=260714&r=0.3156233998630791 HTTP/1.1" 404 320 "-" "Mozilla/5.0 (compatible; MSIE 9.0; Windows NT 6.1; Trident/5.0; 360SE)"
115.231.222.14 - - [09/Feb/2016:05:43:01 +0100] "GET http://zc.qq.com/cgi-bin/common/attr?id=260714&r=0.5366130420625853 HTTP/1.1" 404 320 "-" "Mozilla/5.0 (compatible; MSIE 9.0; Windows NT 6.1; Trident/5.0; 360SE)"
115.231.222.14 - - [09/Feb/2016:05:43:01 +0100] "GET http://zc.qq.com/cgi-bin/common/attr?id=260714&r=0.8050859506915288 HTTP/1.1" 404 320 "-" "Mozilla/5.0 (compatible; MSIE 9.0; Windows NT 6.1; Trident/5.0; 360SE)"
64.246.165.200 - - [09/Feb/2016:05:53:32 +0100] "GET /robots.txt HTTP/1.0" 404 333 "-" "Mozilla/5.0 (Windows; U; Windows NT 5.1; en; rv:1.9.0.13) Gecko/2009073022 Firefox/3.5.2 (.NET CLR 3.5.30729) SurveyBot/2.3 (DomainTools)"
64.246.165.200 - - [09/Feb/2016:05:53:32 +0100] "GET / HTTP/1.1" 200 1229 "http://whois.domaintools.com/xn--heizllieferungen-pwb.de" "Mozilla/5.0 (Windows; U; Windows NT 5.1; en; rv:1.9.0.13) Gecko/2009073022 Firefox/3.5.2 (.NET CLR 3.5.30729) SurveyBot/2.3 (DomainTools)"
69.197.177.26 - - [09/Feb/2016:06:09:41 +0100] "GET /robots.txt HTTP/1.0" 404 323 "-" "Mozilla/5.0 (compatible; MJ12bot/v1.4.5; http://www.majestic12.co.uk/bot.php?+)"
69.197.177.26 - - [09/Feb/2016:06:09:43 +0100] "GET / HTTP/1.0" 200 1229 "-" "Mozilla/5.0 (compatible; MJ12bot/v1.4.5; http://www.majestic12.co.uk/bot.php?+)"
146.185.239.100 - - [09/Feb/2016:07:15:07 +0100] "GET http://24x7-allrequestsallowed.com/?PHPSESSID=aab45f4f00143SSQJ_W_EFBF%5CD HTTP/1.1" 200 1229 "-" "-"
64.246.165.50 - - [09/Feb/2016:07:28:15 +0100] "GET /robots.txt HTTP/1.0" 404 334 "-" "Mozilla/5.0 (Windows; U; Windows NT 5.1; en; rv:1.9.0.13) Gecko/2009073022 Firefox/3.5.2 (.NET CLR 3.5.30729) SurveyBot/2.3 (DomainTools)"
64.246.165.50 - - [09/Feb/2016:07:28:15 +0100] "GET / HTTP/1.1" 200 1229 "http://whois.domaintools.com/xn--heizlpreiseberlin-2zb.de" "Mozilla/5.0 (Windows; U; Windows NT 5.1; en; rv:1.9.0.13) Gecko/2009073022 Firefox/3.5.2 (.NET CLR 3.5.30729) SurveyBot/2.3 (DomainTools)"
64.246.165.190 - - [09/Feb/2016:07:44:38 +0100] "GET /robots.txt HTTP/1.0" 404 327 "-" "Mozilla/5.0 (Windows; U; Windows NT 5.1; en; rv:1.9.0.13) Gecko/2009073022 Firefox/3.5.2 (.NET CLR 3.5.30729) SurveyBot/2.3 (DomainTools)"
64.246.165.190 - - [09/Feb/2016:07:44:38 +0100] "GET / HTTP/1.1" 200 1229 "http://whois.domaintools.com/xn--essohndler-u5a.de" "Mozilla/5.0 (Windows; U; Windows NT 5.1; en; rv:1.9.0.13) Gecko/2009073022 Firefox/3.5.2 (.NET CLR 3.5.30729) SurveyBot/2.3 (DomainTools)"
64.246.161.42 - - [09/Feb/2016:07:48:40 +0100] "GET /robots.txt HTTP/1.0" 404 325 "-" "Mozilla/5.0 (Windows; U; Windows NT 5.1; en; rv:1.9.0.13) Gecko/2009073022 Firefox/3.5.2 (.NET CLR 3.5.30729) SurveyBot/2.3 (DomainTools)"
64.246.161.42 - - [09/Feb/2016:07:48:40 +0100] "GET / HTTP/1.1" 200 1229 "http://whois.domaintools.com/xn--premiuml-t4a.de" "Mozilla/5.0 (Windows; U; Windows NT 5.1; en; rv:1.9.0.13) Gecko/2009073022 Firefox/3.5.2 (.NET CLR 3.5.30729) SurveyBot/2.3 (DomainTools)"
115.231.222.14 - - [09/Feb/2016:07:56:11 +0100] "GET http://zc.qq.com/cgi-bin/common/attr?id=260714&r=0.8741419426389912 HTTP/1.1" 404 320 "-" "Mozilla/5.0 (compatible; MSIE 9.0; Windows NT 6.1; Trident/5.0; 360SE)"
115.231.222.14 - - [09/Feb/2016:07:56:13 +0100] "GET http://zc.qq.com/cgi-bin/common/attr?id=260714&r=0.3965374996640598 HTTP/1.1" 404 320 "-" "Mozilla/5.0 (compatible; MSIE 9.0; Windows NT 6.1; Trident/5.0; 360SE)"
5.39.222.159 - - [09/Feb/2016:08:06:46 +0100] "GET /rom-0 HTTP/1.1" 404 310 "-" "-"
5.39.222.159 - - [09/Feb/2016:08:07:46 +0100] "GET /rom-0 HTTP/1.1" 404 310 "-" "-"
54.183.191.156 - - [09/Feb/2016:08:12:50 +0100] "GET / HTTP/1.0" 200 1229 "-" "Mozilla/5.0 (Windows NT 6.3; rv:36.0 Gecko/20100101 Firefox/36.0"
120.76.41.19 - - [09/Feb/2016:08:13:46 +0100] "GET /phpMyAdmin/scripts/setup.php HTTP/1.1" 404 333 "-" "-"
120.76.41.19 - - [09/Feb/2016:08:15:04 +0100] "GET /pma/scripts/setup.php HTTP/1.1" 404 326 "-" "-"
120.76.41.19 - - [09/Feb/2016:08:16:23 +0100] "GET /myadmin/scripts/setup.php HTTP/1.1" 404 330 "-" "-"
64.246.165.10 - - [09/Feb/2016:08:39:24 +0100] "GET /robots.txt HTTP/1.0" 404 328 "-" "Mozilla/5.0 (Windows; U; Windows NT 5.1; en; rv:1.9.0.13) Gecko/2009073022 Firefox/3.5.2 (.NET CLR 3.5.30729) SurveyBot/2.3 (DomainTools)"
64.246.165.10 - - [09/Feb/2016:08:39:24 +0100] "GET / HTTP/1.1" 200 1229 "http://whois.domaintools.com/xn--heizlberlin-ufb.de" "Mozilla/5.0 (Windows; U; Windows NT 5.1; en; rv:1.9.0.13) Gecko/2009073022 Firefox/3.5.2 (.NET CLR 3.5.30729) SurveyBot/2.3 (DomainTools)"
40.77.167.6 - - [09/Feb/2016:09:31:57 +0100] "GET /seiten/dialyse.htm HTTP/1.1" 404 337 "-" "Mozilla/5.0 (iPhone; CPU iPhone OS 7_0 like Mac OS X) AppleWebKit/537.51.1 (KHTML, like Gecko) Version/7.0 Mobile/11A465 Safari/9537.53 (compatible; bingbot/2.0; http://www.bing.com/bingbot.htm)"
64.246.165.150 - - [09/Feb/2016:09:58:53 +0100] "GET /robots.txt HTTP/1.0" 404 337 "-" "Mozilla/5.0 (Windows; U; Windows NT 5.1; en; rv:1.9.0.13) Gecko/2009073022 Firefox/3.5.2 (.NET CLR 3.5.30729) SurveyBot/2.3 (DomainTools)"
64.246.165.150 - - [09/Feb/2016:09:58:53 +0100] "GET / HTTP/1.1" 200 1229 "http://whois.domaintools.com/xn--heizllieferantberlin-69b.de" "Mozilla/5.0 (Windows; U; Windows NT 5.1; en; rv:1.9.0.13) Gecko/2009073022 Firefox/3.5.2 (.NET CLR 3.5.30729) SurveyBot/2.3 (DomainTools)"
115.231.222.14 - - [09/Feb/2016:10:10:44 +0100] "GET http://zc.qq.com/cgi-bin/common/attr?id=260714&r=0.5749010818602246 HTTP/1.1" 404 320 "-" "Mozilla/5.0 (compatible; MSIE 9.0; Windows NT 6.1; Trident/5.0; 360SE)"
115.231.222.14 - - [09/Feb/2016:10:10:44 +0100] "GET http://zc.qq.com/cgi-bin/common/attr?id=260714&r=0.5301632457322054 HTTP/1.1" 404 320 "-" "Mozilla/5.0 (compatible; MSIE 9.0; Windows NT 6.1; Trident/5.0; 360SE)"
115.231.222.14 - - [09/Feb/2016:10:10:44 +0100] "GET http://zc.qq.com/cgi-bin/common/attr?id=260714&r=0.9897127784678140 HTTP/1.1" 404 320 "-" "Mozilla/5.0 (compatible; MSIE 9.0; Windows NT 6.1; Trident/5.0; 360SE)"
115.231.222.14 - - [09/Feb/2016:10:10:44 +0100] "GET http://zc.qq.com/cgi-bin/common/attr?id=260714&r=0.5163427255741267 HTTP/1.1" 404 320 "-" "Mozilla/5.0 (compatible; MSIE 9.0; Windows NT 6.1; Trident/5.0; 360SE)"
115.231.222.14 - - [09/Feb/2016:10:10:44 +0100] "GET http://zc.qq.com/cgi-bin/common/attr?id=260714&r=0.1390555790027343 HTTP/1.1" 404 320 "-" "Mozilla/5.0 (compatible; MSIE 9.0; Windows NT 6.1; Trident/5.0; 360SE)"
169.229.3.91 - - [09/Feb/2016:10:27:36 +0100] "+\x923\xac\xbd\x185\xed\xf5\xa42e\xd4m\xccS\"\x9fqT" 501 340 "-" "-"
5.39.222.159 - - [09/Feb/2016:10:37:50 +0100] "GET /rom-0 HTTP/1.1" 404 310 "-" "-"
169.229.3.91 - - [09/Feb/2016:10:38:20 +0100] "&\r.[>\xc9\xfb\r\xb5/L\x04\xd9\xf2\xd1\xa4\xc3\x8a\xb9M\xa38\x10\x89\xcb0\x98\xe2" 400 329 "-" "-"
185.25.148.240 - - [09/Feb/2016:10:50:18 +0100] "GET http://testp2.czar.bielawa.pl/testproxy.php HTTP/1.1" 404 327 "-" "Mozilla/5.0 (Windows NT 5.1; rv:32.0) Gecko/20100101 Firefox/31.0"
185.25.148.240 - - [09/Feb/2016:10:50:42 +0100] "GET http://testp3.pospr.waw.pl/testproxy.php HTTP/1.1" 404 324 "-" "Mozilla/5.0 (Windows NT 5.1; rv:32.0) Gecko/20100101 Firefox/31.0"
185.25.148.240 - - [09/Feb/2016:10:52:11 +0100] "GET http://testp4.pospr.waw.pl/testproxy.php HTTP/1.1" 404 324 "-" "Mozilla/5.0 (Windows NT 5.1; rv:32.0) Gecko/20100101 Firefox/31.0"
185.25.148.240 - - [09/Feb/2016:10:52:19 +0100] "GET http://testp5.mielno.lubin.pl/testproxy.php HTTP/1.1" 404 327 "-" "Mozilla/5.0 (Windows NT 5.1; rv:32.0) Gecko/20100101 Firefox/31.0"
185.25.148.240 - - [09/Feb/2016:10:54:14 +0100] "GET http://testp4.pospr.waw.pl/testproxy.php HTTP/1.1" 404 324 "-" "Mozilla/5.0 (Windows NT 5.1; rv:32.0) Gecko/20100101 Firefox/31.0"
169.229.3.91 - - [09/Feb/2016:10:58:54 +0100] "\x04\x04X\xc2R\xfdfy\xa3\xa5F2\xfb\xfb\xa7=\xfaJq\xbeDPu\\\x7f\x0cl\xe2\xbd\x15L\xb5\b\xb0\x84\t\xd9]\xff1\x12\x81\x01\x01e,l\xc7\"dz\x1b\xad\xe1\xcc" 400 329 "-" "-"
185.25.148.240 - - [09/Feb/2016:11:00:45 +0100] "GET http://testp4.pospr.waw.pl/testproxy.php HTTP/1.1" 404 324 "-" "Mozilla/5.0 (Windows NT 5.1; rv:32.0) Gecko/20100101 Firefox/31.0"
185.25.148.240 - - [09/Feb/2016:11:00:50 +0100] "GET http://testp4.pospr.waw.pl/testproxy.php HTTP/1.1" 404 324 "-" "Mozilla/5.0 (Windows NT 5.1; rv:32.0) Gecko/20100101 Firefox/31.0"
185.25.148.240 - - [09/Feb/2016:11:07:32 +0100] "GET http://testp3.pospr.waw.pl/testproxy.php HTTP/1.1" 404 324 "-" "Mozilla/5.0 (Windows NT 5.1; rv:32.0) Gecko/20100101 Firefox/31.0"
185.25.148.240 - - [09/Feb/2016:11:09:34 +0100] "GET http://testp2.czar.bielawa.pl/testproxy.php HTTP/1.1" 404 327 "-" "Mozilla/5.0 (Windows NT 5.1; rv:32.0) Gecko/20100101 Firefox/31.0"
185.25.148.240 - - [09/Feb/2016:11:13:25 +0100] "GET http://testp3.pospr.waw.pl/testproxy.php HTTP/1.1" 404 324 "-" "Mozilla/5.0 (Windows NT 5.1; rv:32.0) Gecko/20100101 Firefox/31.0"
207.46.13.17 - - [09/Feb/2016:11:44:23 +0100] "GET /service-pankow.html HTTP/1.1" 404 332 "-" "Mozilla/5.0 (compatible; bingbot/2.0; +http://www.bing.com/bingbot.htm)"
207.46.13.104 - - [09/Feb/2016:11:48:36 +0100] "GET /service-bochum.html HTTP/1.1" 404 332 "-" "Mozilla/5.0 (compatible; bingbot/2.0; +http://www.bing.com/bingbot.htm)"
162.243.188.75 - - [09/Feb/2016:12:03:17 +0100] "GET / HTTP/1.0" 200 1229 "-" "-"
111.248.98.196 - - [09/Feb/2016:12:16:17 +0100] "CONNECT 163mx03.mxmail.netease.com:25 HTTP/1.0" 405 355 "-" "-"
115.231.222.14 - - [09/Feb/2016:12:23:52 +0100] "GET http://zc.qq.com/cgi-bin/common/attr?id=260714&r=0.1275332611725510 HTTP/1.1" 404 320 "-" "Mozilla/5.0 (compatible; MSIE 9.0; Windows NT 6.1; Trident/5.0; 360SE)"
115.231.222.14 - - [09/Feb/2016:12:23:53 +0100] "GET http://zc.qq.com/cgi-bin/common/attr?id=260714&r=0.8921992074003457 HTTP/1.1" 404 320 "-" "Mozilla/5.0 (compatible; MSIE 9.0; Windows NT 6.1; Trident/5.0; 360SE)"
115.231.222.14 - - [09/Feb/2016:12:23:53 +0100] "GET http://zc.qq.com/cgi-bin/common/attr?id=260714&r=0.5577392418601825 HTTP/1.1" 404 320 "-" "Mozilla/5.0 (compatible; MSIE 9.0; Windows NT 6.1; Trident/5.0; 360SE)"
115.231.222.14 - - [09/Feb/2016:12:23:53 +0100] "GET http://zc.qq.com/cgi-bin/common/attr?id=260714&r=0.0475690023848865 HTTP/1.1" 404 320 "-" "Mozilla/5.0 (compatible; MSIE 9.0; Windows NT 6.1; Trident/5.0; 360SE)"
5.39.222.159 - - [09/Feb/2016:13:22:15 +0100] "GET /rom-0 HTTP/1.1" 404 310 "-" "-"
185.130.5.207 - - [09/Feb/2016:13:58:57 +0100] "GET /muieblackcat HTTP/1.1" 404 317 "-" "-"
185.130.5.207 - - [09/Feb/2016:13:59:03 +0100] "GET //scripts/setup.php HTTP/1.1" 404 322 "-" "-"
185.130.5.207 - - [09/Feb/2016:13:59:03 +0100] "GET //admin/scripts/setup.php HTTP/1.1" 404 328 "-" "-"
185.130.5.207 - - [09/Feb/2016:13:59:03 +0100] "GET //admin/pma/scripts/setup.php HTTP/1.1" 404 332 "-" "-"
185.130.5.207 - - [09/Feb/2016:13:59:03 +0100] "GET //admin/phpmyadmin/scripts/setup.php HTTP/1.1" 404 339 "-" "-"
185.130.5.207 - - [09/Feb/2016:13:59:03 +0100] "GET //db/scripts/setup.php HTTP/1.1" 404 325 "-" "-"
185.130.5.207 - - [09/Feb/2016:13:59:03 +0100] "GET //dbadmin/scripts/setup.php HTTP/1.1" 404 330 "-" "-"
185.130.5.207 - - [09/Feb/2016:13:59:03 +0100] "GET //myadmin/scripts/setup.php HTTP/1.1" 404 330 "-" "-"
185.130.5.207 - - [09/Feb/2016:13:59:03 +0100] "GET //mysql/scripts/setup.php HTTP/1.1" 404 328 "-" "-"
185.130.5.207 - - [09/Feb/2016:13:59:04 +0100] "GET //mysqladmin/scripts/setup.php HTTP/1.1" 404 333 "-" "-"
185.130.5.207 - - [09/Feb/2016:13:59:05 +0100] "GET //typo3/phpmyadmin/scripts/setup.php HTTP/1.1" 404 339 "-" "-"
185.130.5.207 - - [09/Feb/2016:13:59:05 +0100] "GET //phpadmin/scripts/setup.php HTTP/1.1" 404 331 "-" "-"
185.130.5.207 - - [09/Feb/2016:13:59:05 +0100] "GET //pma/scripts/setup.php HTTP/1.1" 404 326 "-" "-"
185.130.5.207 - - [09/Feb/2016:13:59:05 +0100] "GET //web/phpMyAdmin/scripts/setup.php HTTP/1.1" 404 337 "-" "-"
185.130.5.207 - - [09/Feb/2016:13:59:05 +0100] "GET //xampp/phpmyadmin/scripts/setup.php HTTP/1.1" 404 339 "-" "-"
185.130.5.207 - - [09/Feb/2016:13:59:05 +0100] "GET //web/scripts/setup.php HTTP/1.1" 404 326 "-" "-"
185.130.5.207 - - [09/Feb/2016:13:59:05 +0100] "GET //php-my-admin/scripts/setup.php HTTP/1.1" 404 335 "-" "-"
185.130.5.207 - - [09/Feb/2016:13:59:05 +0100] "GET //websql/scripts/setup.php HTTP/1.1" 404 329 "-" "-"
185.130.5.207 - - [09/Feb/2016:13:59:05 +0100] "GET //phpMyAdmin-2/scripts/setup.php HTTP/1.1" 404 335 "-" "-"
185.130.5.207 - - [09/Feb/2016:13:59:05 +0100] "GET //_phpmyadmin/scripts/setup.php HTTP/1.1" 404 334 "-" "-"
185.130.5.207 - - [09/Feb/2016:13:59:06 +0100] "GET //administrator/components/com_joommyadmin/phpmyadmin/scripts/setup.php HTTP/1.1" 404 374 "-" "-"
185.130.5.207 - - [09/Feb/2016:13:59:06 +0100] "GET //apache-default/phpmyadmin/scripts/setup.php HTTP/1.1" 404 348 "-" "-"
185.130.5.207 - - [09/Feb/2016:13:59:06 +0100] "GET //blog/phpmyadmin/scripts/setup.php HTTP/1.1" 404 338 "-" "-"
185.130.5.207 - - [09/Feb/2016:13:59:06 +0100] "GET //cpanelphpmyadmin/scripts/setup.php HTTP/1.1" 404 339 "-" "-"
185.130.5.207 - - [09/Feb/2016:13:59:06 +0100] "GET //cpphpmyadmin/scripts/setup.php HTTP/1.1" 404 335 "-" "-"
185.130.5.207 - - [09/Feb/2016:13:59:07 +0100] "GET //forum/phpmyadmin/scripts/setup.php HTTP/1.1" 404 339 "-" "-"
185.130.5.207 - - [09/Feb/2016:13:59:07 +0100] "GET //php/phpmyadmin/scripts/setup.php HTTP/1.1" 404 337 "-" "-"
185.130.5.207 - - [09/Feb/2016:13:59:07 +0100] "GET //phpmyadmin/scripts/setup.php HTTP/1.1" 404 333 "-" "-"
185.130.5.207 - - [09/Feb/2016:13:59:07 +0100] "GET //phpMyAdmin2/scripts/setup.php HTTP/1.1" 404 334 "-" "-"
185.130.5.207 - - [09/Feb/2016:13:59:07 +0100] "GET //phpMyAdmin3/scripts/setup.php HTTP/1.1" 404 334 "-" "-"
115.231.222.14 - - [09/Feb/2016:14:37:20 +0100] "GET http://zc.qq.com/cgi-bin/common/attr?id=260714&r=0.9348902666858388 HTTP/1.1" 404 320 "-" "Mozilla/5.0 (compatible; MSIE 9.0; Windows NT 6.1; Trident/5.0; 360SE)"
115.231.222.14 - - [09/Feb/2016:14:37:20 +0100] "GET http://zc.qq.com/cgi-bin/common/attr?id=260714&r=0.6049493665544895 HTTP/1.1" 404 320 "-" "Mozilla/5.0 (compatible; MSIE 9.0; Windows NT 6.1; Trident/5.0; 360SE)"
115.231.222.14 - - [09/Feb/2016:14:37:20 +0100] "GET http://zc.qq.com/cgi-bin/common/attr?id=260714&r=0.4076708894145376 HTTP/1.1" 404 320 "-" "Mozilla/5.0 (compatible; MSIE 9.0; Windows NT 6.1; Trident/5.0; 360SE)"
115.231.222.14 - - [09/Feb/2016:14:37:20 +0100] "GET http://zc.qq.com/cgi-bin/common/attr?id=260714&r=0.5423889313344625 HTTP/1.1" 404 320 "-" "Mozilla/5.0 (compatible; MSIE 9.0; Windows NT 6.1; Trident/5.0; 360SE)"
115.231.222.14 - - [09/Feb/2016:14:37:20 +0100] "GET http://zc.qq.com/cgi-bin/common/attr?id=260714&r=0.1685115526075308 HTTP/1.1" 404 320 "-" "Mozilla/5.0 (compatible; MSIE 9.0; Windows NT 6.1; Trident/5.0; 360SE)"
66.249.69.225 - - [09/Feb/2016:14:46:52 +0100] "GET /robots.txt HTTP/1.1" 404 328 "-" "Mozilla/5.0 (compatible; Googlebot/2.1; +http://www.google.com/bot.html)"
66.249.69.235 - - [09/Feb/2016:14:46:52 +0100] "GET / HTTP/1.1" 200 1229 "-" "Mozilla/5.0 (compatible; Googlebot/2.1; +http://www.google.com/bot.html)"
128.232.110.28 - - [09/Feb/2016:15:02:10 +0100] "GET / HTTP/1.1" 200 1229 "-" "Mozilla/5.0 zgrab/0.x"
149.78.247.241 - - [09/Feb/2016:16:15:25 +0100] "GET / HTTP/1.0" 200 1229 "-" "masscan/1.0 (https://github.com/robertdavidgraham/masscan)"
149.78.247.241 - - [09/Feb/2016:16:15:29 +0100] "GET / HTTP/1.0" 200 1229 "-" "masscan/1.0 (https://github.com/robertdavidgraham/masscan)"
149.78.247.241 - - [09/Feb/2016:16:15:48 +0100] "GET / HTTP/1.0" 200 1229 "-" "masscan/1.0 (https://github.com/robertdavidgraham/masscan)"
149.78.247.241 - - [09/Feb/2016:16:16:21 +0100] "GET / HTTP/1.0" 200 1229 "-" "masscan/1.0 (https://github.com/robertdavidgraham/masscan)"
149.78.247.241 - - [09/Feb/2016:16:17:39 +0100] "GET / HTTP/1.0" 200 1229 "-" "masscan/1.0 (https://github.com/robertdavidgraham/masscan)"
149.78.247.241 - - [09/Feb/2016:16:17:53 +0100] "GET / HTTP/1.0" 200 1229 "-" "masscan/1.0 (https://github.com/robertdavidgraham/masscan)"
149.78.247.241 - - [09/Feb/2016:16:18:10 +0100] "GET / HTTP/1.0" 200 1229 "-" "masscan/1.0 (https://github.com/robertdavidgraham/masscan)"
149.78.247.241 - - [09/Feb/2016:16:19:26 +0100] "GET / HTTP/1.0" 200 1229 "-" "masscan/1.0 (https://github.com/robertdavidgraham/masscan)"
149.78.247.241 - - [09/Feb/2016:16:19:45 +0100] "GET / HTTP/1.0" 200 1229 "-" "masscan/1.0 (https://github.com/robertdavidgraham/masscan)"
149.78.247.241 - - [09/Feb/2016:16:20:06 +0100] "GET / HTTP/1.0" 200 1229 "-" "masscan/1.0 (https://github.com/robertdavidgraham/masscan)"
111.248.60.67 - - [09/Feb/2016:16:39:31 +0100] "CONNECT vip163mx01.mxmail.netease.com:25 HTTP/1.0" 405 358 "-" "-"
128.232.110.28 - - [09/Feb/2016:16:39:33 +0100] "GET / HTTP/1.1" 200 1229 "-" "Mozilla/5.0 zgrab/0.x"
111.248.102.213 - - [09/Feb/2016:16:49:29 +0100] "CONNECT 163mx01.mxmail.netease.com:25 HTTP/1.0" 405 355 "-" "-"
115.231.222.14 - - [09/Feb/2016:16:50:59 +0100] "GET http://zc.qq.com/cgi-bin/common/attr?id=260714&r=0.9988301315590358 HTTP/1.1" 404 320 "-" "Mozilla/5.0 (compatible; MSIE 9.0; Windows NT 6.1; Trident/5.0; 360SE)"
218.205.113.156 - - [09/Feb/2016:18:29:50 +0100] "POST /login!check.do HTTP/1.1" 404 319 "-" "Mozilla/5.0"
218.205.113.156 - - [09/Feb/2016:18:29:50 +0100] "POST /login!check.do HTTP/1.1" 404 319 "-" "Mozilla/5.0"
218.205.113.156 - - [09/Feb/2016:18:29:50 +0100] "POST /login!check.do HTTP/1.1" 404 319 "-" "Mozilla/5.0"
218.205.113.156 - - [09/Feb/2016:18:29:51 +0100] "POST /login!check.do HTTP/1.1" 404 319 "-" "Mozilla/5.0"
218.205.113.156 - - [09/Feb/2016:18:29:51 +0100] "POST /login!check.do HTTP/1.1" 404 319 "-" "Mozilla/5.0"
218.205.113.156 - - [09/Feb/2016:18:29:52 +0100] "POST /login!check.do HTTP/1.1" 404 319 "-" "Mozilla/5.0"
218.205.113.156 - - [09/Feb/2016:18:29:52 +0100] "POST /login!check.do HTTP/1.1" 404 319 "-" "Mozilla/5.0"
218.205.113.156 - - [09/Feb/2016:18:29:53 +0100] "POST /login!check.do HTTP/1.1" 404 319 "-" "Mozilla/5.0"
115.231.222.14 - - [09/Feb/2016:19:05:06 +0100] "GET http://zc.qq.com/cgi-bin/common/attr?id=260714&r=0.3521003493580744 HTTP/1.1" 404 320 "-" "Mozilla/5.0 (compatible; MSIE 9.0; Windows NT 6.1; Trident/5.0; 360SE)"
115.231.222.14 - - [09/Feb/2016:19:05:08 +0100] "GET http://zc.qq.com/cgi-bin/common/attr?id=260714&r=0.3193330197653763 HTTP/1.1" 404 320 "-" "Mozilla/5.0 (compatible; MSIE 9.0; Windows NT 6.1; Trident/5.0; 360SE)"
142.54.169.166 - - [09/Feb/2016:19:08:20 +0100] "GET / HTTP/1.1" 200 1229 "-" "Mozilla/4.0 (compatible; MSIE 8.0; Windows NT 6.1; Trident/4.0; SLCC2; .NET CLR 2.0.50727; .NET CLR 3.5.30729; .NET CLR 3.0.30729; Media Center PC 6.0)"
141.212.122.177 - - [09/Feb/2016:19:47:54 +0100] "GET / HTTP/1.1" 200 1229 "-" "Mozilla/5.0 zgrab/0.x"
142.54.160.210 - - [09/Feb/2016:20:24:09 +0100] "GET / HTTP/1.1" 200 1229 "-" "Mozilla/4.0 (compatible; MSIE 8.0; Windows NT 6.1; Trident/4.0; SLCC2; .NET CLR 2.0.50727; .NET CLR 3.5.30729; .NET CLR 3.0.30729; Media Center PC 6.0)"
5.39.222.159 - - [09/Feb/2016:20:28:38 +0100] "GET /rom-0 HTTP/1.1" 404 310 "-" "Mozilla/5.0 zgrab/0.x"
141.212.122.177 - - [09/Feb/2016:20:54:36 +0100] "GET / HTTP/1.1" 200 1229 "-" "Mozilla/5.0 zgrab/0.x"
115.231.222.14 - - [09/Feb/2016:21:18:28 +0100] "GET http://zc.qq.com/cgi-bin/common/attr?id=260714&r=0.9403213450063035 HTTP/1.1" 404 320 "-" "Mozilla/5.0 (compatible; MSIE 9.0; Windows NT 6.1; Trident/5.0; 360SE)"
115.231.222.14 - - [09/Feb/2016:21:18:28 +0100] "GET http://zc.qq.com/cgi-bin/common/attr?id=260714&r=0.6305186898020895 HTTP/1.1" 404 320 "-" "Mozilla/5.0 (compatible; MSIE 9.0; Windows NT 6.1; Trident/5.0; 360SE)"
115.231.222.14 - - [09/Feb/2016:21:18:28 +0100] "GET http://zc.qq.com/cgi-bin/common/attr?id=260714&r=0.2217050434066441 HTTP/1.1" 404 320 "-" "Mozilla/5.0 (compatible; MSIE 9.0; Windows NT 6.1; Trident/5.0; 360SE)"
115.231.222.14 - - [09/Feb/2016:21:18:28 +0100] "GET http://zc.qq.com/cgi-bin/common/attr?id=260714&r=0.6329581161164770 HTTP/1.1" 404 320 "-" "Mozilla/5.0 (compatible; MSIE 9.0; Windows NT 6.1; Trident/5.0; 360SE)"
115.231.222.14 - - [09/Feb/2016:21:18:29 +0100] "GET http://zc.qq.com/cgi-bin/common/attr?id=260714&r=0.5027492892648239 HTTP/1.1" 404 320 "-" "Mozilla/5.0 (compatible; MSIE 9.0; Windows NT 6.1; Trident/5.0; 360SE)"
115.231.222.14 - - [09/Feb/2016:21:18:29 +0100] "GET http://zc.qq.com/cgi-bin/common/attr?id=260714&r=0.3764115041658319 HTTP/1.1" 404 320 "-" "Mozilla/5.0 (compatible; MSIE 9.0; Windows NT 6.1; Trident/5.0; 360SE)"
194.153.113.13 - - [09/Feb/2016:21:42:12 +0100] "GET /robots.txt HTTP/1.1" 404 315 "-" "Mozilla/5.0 (compatible; oBot/2.3.1; http://filterdb.iss.net/crawler/)"
194.153.113.13 - - [09/Feb/2016:21:42:12 +0100] "HEAD / HTTP/1.1" 200 - "-" "Mozilla/5.0 (compatible; oBot/2.3.1; http://filterdb.iss.net/crawler/)"
141.212.122.177 - - [09/Feb/2016:22:29:08 +0100] "GET / HTTP/1.1" 200 1229 "-" "Mozilla/5.0 zgrab/0.x"
60.214.152.78 - - [09/Feb/2016:22:41:04 +0100] "POST /jeecms.do HTTP/1.1" 404 314 "-" "Mozilla/5.0"
60.214.152.78 - - [09/Feb/2016:22:41:05 +0100] "POST /jeecms.do HTTP/1.1" 404 314 "-" "Mozilla/5.0"
60.214.152.78 - - [09/Feb/2016:22:41:05 +0100] "POST /jeecms.do HTTP/1.1" 404 314 "-" "Mozilla/5.0"
60.214.152.78 - - [09/Feb/2016:22:41:05 +0100] "POST /jeecms.do HTTP/1.1" 404 314 "-" "Mozilla/5.0"
60.214.152.78 - - [09/Feb/2016:22:41:07 +0100] "POST /jeecms.do HTTP/1.1" 404 314 "-" "Mozilla/5.0"
60.214.152.78 - - [09/Feb/2016:22:41:07 +0100] "POST /jeecms.do HTTP/1.1" 404 314 "-" "Mozilla/5.0"
142.54.160.211 - - [09/Feb/2016:22:56:44 +0100] "GET / HTTP/1.1" 200 1229 "-" "Mozilla/4.0 (compatible; MSIE 8.0; Windows NT 6.1; Trident/4.0; SLCC2; .NET CLR 2.0.50727; .NET CLR 3.5.30729; .NET CLR 3.0.30729; Media Center PC 6.0)"
74.91.28.59 - - [09/Feb/2016:22:59:56 +0100] "GET / HTTP/1.1" 200 1229 "-" "Mozilla/4.0 (compatible; MSIE 8.0; Windows NT 6.1; Trident/4.0; SLCC2; .NET CLR 2.0.50727; .NET CLR 3.5.30729; .NET CLR 3.0.30729; Media Center PC 6.0)"
142.54.169.163 - - [09/Feb/2016:23:00:16 +0100] "GET / HTTP/1.1" 200 1229 "-" "Mozilla/4.0 (compatible; MSIE 8.0; Windows NT 6.1; Trident/4.0; SLCC2; .NET CLR 2.0.50727; .NET CLR 3.5.30729; .NET CLR 3.0.30729; Media Center PC 6.0)"
5.9.63.149 - - [09/Feb/2016:23:17:13 +0100] "GET /robots.txt HTTP/1.0" 404 328 "-" "Mozilla/5.0 (compatible; MJ12bot/v1.4.5; http://www.majestic12.co.uk/bot.php?+)"
5.9.63.149 - - [09/Feb/2016:23:17:14 +0100] "GET / HTTP/1.0" 200 1229 "-" "Mozilla/5.0 (compatible; MJ12bot/v1.4.5; http://www.majestic12.co.uk/bot.php?+)"
115.231.222.14 - - [09/Feb/2016:23:32:01 +0100] "GET http://zc.qq.com/cgi-bin/common/attr?id=260714&r=0.2025292583141342 HTTP/1.1" 404 320 "-" "Mozilla/5.0 (compatible; MSIE 9.0; Windows NT 6.1; Trident/5.0; 360SE)"
74.91.28.60 - - [09/Feb/2016:23:36:54 +0100] "GET / HTTP/1.1" 200 1229 "-" "Mozilla/4.0 (compatible; MSIE 8.0; Windows NT 6.1; Trident/4.0; SLCC2; .NET CLR 2.0.50727; .NET CLR 3.5.30729; .NET CLR 3.0.30729; Media Center PC 6.0)"
194.153.113.35 - - [09/Feb/2016:23:44:36 +0100] "GET /robots.txt HTTP/1.1" 404 315 "-" "Mozilla/5.0 (compatible; oBot/2.3.1; http://filterdb.iss.net/crawler/)"
194.153.113.35 - - [09/Feb/2016:23:44:36 +0100] "HEAD / HTTP/1.1" 200 - "-" "Mozilla/5.0 (compatible; oBot/2.3.1; http://filterdb.iss.net/crawler/)" scanner03.project25499.com - - [09/Feb/2016:23:47:07 +0100] "GET /server-status HTTP/1.1" 403 322 "-" "Mozilla/5.0 Project 25499 (project25499.com)"
128.232.110.28 - - [10/Feb/2016:00:07:11 +0100] "GET / HTTP/1.1" 200 1229 "-" "Mozilla/5.0 zgrab/0.x"
74.91.28.59 - - [10/Feb/2016:00:18:15 +0100] "GET / HTTP/1.1" 200 1229 "-" "Mozilla/4.0 (compatible; MSIE 8.0; Windows NT 6.1; Trident/4.0; SLCC2; .NET CLR 2.0.50727; .NET CLR 3.5.30729; .NET CLR 3.0.30729; Media Center PC 6.0)"
142.54.160.210 - - [10/Feb/2016:00:52:41 +0100] "GET / HTTP/1.1" 200 1229 "-" "Mozilla/4.0 (compatible; MSIE 8.0; Windows NT 6.1; Trident/4.0; SLCC2; .NET CLR 2.0.50727; .NET CLR 3.5.30729; .NET CLR 3.0.30729; Media Center PC 6.0)"
111.248.60.244 - - [10/Feb/2016:01:15:00 +0100] "CONNECT vip163mx01.mxmail.netease.com:25 HTTP/1.0" 405 358 "-" "-"
115.231.222.14 - - [10/Feb/2016:01:46:09 +0100] "GET http://zc.qq.com/cgi-bin/common/attr?id=260714&r=0.1575612212172725 HTTP/1.1" 404 320 "-" "Mozilla/5.0 (compatible; MSIE 9.0; Windows NT 6.1; Trident/5.0; 360SE)"
115.231.222.14 - - [10/Feb/2016:01:46:09 +0100] "GET http://zc.qq.com/cgi-bin/common/attr?id=260714&r=0.1293261726970400 HTTP/1.1" 404 320 "-" "Mozilla/5.0 (compatible; MSIE 9.0; Windows NT 6.1; Trident/5.0; 360SE)"
115.231.222.14 - - [10/Feb/2016:01:46:09 +0100] "GET http://zc.qq.com/cgi-bin/common/attr?id=260714&r=0.1014591533044979 HTTP/1.1" 404 320 "-" "Mozilla/5.0 (compatible; MSIE 9.0; Windows NT 6.1; Trident/5.0; 360SE)"
115.231.222.14 - - [10/Feb/2016:01:46:09 +0100] "GET http://zc.qq.com/cgi-bin/common/attr?id=260714&r=0.4241425394454917 HTTP/1.1" 404 320 "-" "Mozilla/5.0 (compatible; MSIE 9.0; Windows NT 6.1; Trident/5.0; 360SE)"
115.231.222.14 - - [10/Feb/2016:01:46:09 +0100] "GET http://zc.qq.com/cgi-bin/common/attr?id=260714&r=0.4107518707669936 HTTP/1.1" 404 320 "-" "Mozilla/5.0 (compatible; MSIE 9.0; Windows NT 6.1; Trident/5.0; 360SE)"
115.231.222.14 - - [10/Feb/2016:01:46:09 +0100] "GET http://zc.qq.com/cgi-bin/common/attr?id=260714&r=0.3201946919337225 HTTP/1.1" 404 320 "-" "Mozilla/5.0 (compatible; MSIE 9.0; Windows NT 6.1; Trident/5.0; 360SE)"
115.231.222.14 - - [10/Feb/2016:01:46:09 +0100] "GET http://zc.qq.com/cgi-bin/common/attr?id=260714&r=0.6003215360446783 HTTP/1.1" 404 320 "-" "Mozilla/5.0 (compatible; MSIE 9.0; Windows NT 6.1; Trident/5.0; 360SE)"
194.153.113.35 - - [10/Feb/2016:01:55:01 +0100] "GET /robots.txt HTTP/1.1" 404 315 "-" "Mozilla/5.0 (compatible; oBot/2.3.1; http://filterdb.iss.net/crawler/)"
194.153.113.35 - - [10/Feb/2016:01:55:01 +0100] "HEAD / HTTP/1.1" 200 - "-" "Mozilla/5.0 (compatible; oBot/2.3.1; http://filterdb.iss.net/crawler/)"
141.212.122.177 - - [10/Feb/2016:02:32:57 +0100] "GET / HTTP/1.1" 200 1229 "-" "Mozilla/5.0 zgrab/0.x"
141.212.122.177 - - [10/Feb/2016:03:24:38 +0100] "GET / HTTP/1.1" 200 1229 "-" "Mozilla/5.0 zgrab/0.x"
74.91.28.59 - - [10/Feb/2016:03:30:31 +0100] "GET / HTTP/1.1" 200 1229 "-" "Mozilla/4.0 (compatible; MSIE 8.0; Windows NT 6.1; Trident/4.0; SLCC2; .NET CLR 2.0.50727; .NET CLR 3.5.30729; .NET CLR 3.0.30729; Media Center PC 6.0)"
141.212.122.177 - - [10/Feb/2016:03:53:34 +0100] "GET / HTTP/1.1" 200 1229 "-" "Mozilla/5.0 zgrab/0.x"
115.231.222.14 - - [10/Feb/2016:04:00:11 +0100] "GET http://zc.qq.com/cgi-bin/common/attr?id=260714&r=0.9202396704267376 HTTP/1.1" 404 320 "-" "Mozilla/5.0 (compatible; MSIE 9.0; Windows NT 6.1; Trident/5.0; 360SE)"
115.231.222.14 - - [10/Feb/2016:04:00:12 +0100] "GET http://zc.qq.com/cgi-bin/common/attr?id=260714&r=0.9636533647720274 HTTP/1.1" 404 320 "-" "Mozilla/5.0 (compatible; MSIE 9.0; Windows NT 6.1; Trident/5.0; 360SE)"
115.231.222.14 - - [10/Feb/2016:04:00:12 +0100] "GET http://zc.qq.com/cgi-bin/common/attr?id=260714&r=0.6644814712915977 HTTP/1.1" 404 320 "-" "Mozilla/5.0 (compatible; MSIE 9.0; Windows NT 6.1; Trident/5.0; 360SE)"
115.231.222.14 - - [10/Feb/2016:04:00:12 +0100] "GET http://zc.qq.com/cgi-bin/common/attr?id=260714&r=0.1197439114815192 HTTP/1.1" 404 320 "-" "Mozilla/5.0 (compatible; MSIE 9.0; Windows NT 6.1; Trident/5.0; 360SE)"
115.231.222.14 - - [10/Feb/2016:04:00:12 +0100] "GET http://zc.qq.com/cgi-bin/common/attr?id=260714&r=0.4453061047483909 HTTP/1.1" 404 320 "-" "Mozilla/5.0 (compatible; MSIE 9.0; Windows NT 6.1; Trident/5.0; 360SE)"
111.248.61.188 - - [10/Feb/2016:04:02:45 +0100] "CONNECT 163mx02.mxmail.netease.com:25 HTTP/1.0" 405 355 "-" "-"
74.91.28.62 - - [10/Feb/2016:04:16:32 +0100] "GET / HTTP/1.1" 200 1229 "-" "Mozilla/4.0 (compatible; MSIE 8.0; Windows NT 6.1; Trident/4.0; SLCC2; .NET CLR 2.0.50727; .NET CLR 3.5.30729; .NET CLR 3.0.30729; Media Center PC 6.0)"
115.231.222.14 - - [10/Feb/2016:06:14:44 +0100] "GET http://zc.qq.com/cgi-bin/common/attr?id=260714&r=0.4665912559690709 HTTP/1.1" 404 320 "-" "Mozilla/5.0 (compatible; MSIE 9.0; Windows NT 6.1; Trident/5.0; 360SE)"
115.231.222.14 - - [10/Feb/2016:06:14:44 +0100] "GET http://zc.qq.com/cgi-bin/common/attr?id=260714&r=0.8474927415796324 HTTP/1.1" 404 320 "-" "Mozilla/5.0 (compatible; MSIE 9.0; Windows NT 6.1; Trident/5.0; 360SE)"
66.240.236.119 - - [10/Feb/2016:06:15:33 +0100] "GET / HTTP/1.1" 200 1229 "-" "-"
66.240.236.119 - - [10/Feb/2016:06:15:42 +0100] "GET / HTTP/1.1" 200 1229 "-" "-"
66.240.236.119 - - [10/Feb/2016:06:15:48 +0100] "GET /sitemap.xml HTTP/1.1" 404 316 "-" "-"
66.240.236.119 - - [10/Feb/2016:06:15:57 +0100] "GET / HTTP/1.1" 200 1229 "-" "-"
66.240.236.119 - - [10/Feb/2016:06:15:57 +0100] "GET /robots.txt HTTP/1.1" 404 315 "-" "-"
66.240.236.119 - - [10/Feb/2016:06:16:17 +0100] "GET / HTTP/1.1" 200 1229 "-" "-"
66.240.236.119 - - [10/Feb/2016:06:16:21 +0100] "GET /robots.txt HTTP/1.1" 404 315 "-" "-"
66.249.64.180 - - [10/Feb/2016:06:35:08 +0100] "GET /robots.txt HTTP/1.1" 404 333 "-" "Mozilla/5.0 (compatible; Googlebot/2.1; +http://www.google.com/bot.html)"
66.249.64.180 - - [10/Feb/2016:06:35:08 +0100] "GET / HTTP/1.1" 200 1229 "-" "Mozilla/5.0 (compatible; Googlebot/2.1; +http://www.google.com/bot.html)"
141.212.122.177 - - [10/Feb/2016:06:38:38 +0100] "GET / HTTP/1.1" 200 1229 "-" "Mozilla/5.0 zgrab/0.x"
66.249.64.114 - - [10/Feb/2016:06:47:28 +0100] "GET /robots.txt HTTP/1.1" 404 329 "-" "Mozilla/5.0 (compatible; Googlebot/2.1; +http://www.google.com/bot.html)"
66.249.64.114 - - [10/Feb/2016:06:47:28 +0100] "GET / HTTP/1.1" 200 1229 "-" "Mozilla/5.0 (compatible; Googlebot/2.1; +http://www.google.com/bot.html)"
93.159.230.28 - - [10/Feb/2016:06:54:46 +0100] "GET / HTTP/1.1" 200 1229 "-" "Mozilla/4.0 (compatible; MSIE 9.0; Windows NT 5.1; Trident/4.0; .NET CLR 2.0.50727; .NET CLR 1.1.4322; .NET CLR 3.0.04506.648; .NET CLR 3.5.21022; .NET CLR 3.0.4506.2152; .NET CLR 3.5.30729; OfficeLiveConnector.1.4; OfficeLivePatch.1.3; .NET4.0C; .NE"
5.39.222.159 - - [10/Feb/2016:07:07:35 +0100] "GET /rom-0 HTTP/1.1" 404 310 "-" "-"
5.39.222.159 - - [10/Feb/2016:07:13:49 +0100] "GET /rom-0 HTTP/1.1" 404 310 "-" "-"
5.39.222.159 - - [10/Feb/2016:07:16:07 +0100] "GET /rom-0 HTTP/1.1" 404 310 "-" "-"
5.39.222.159 - - [10/Feb/2016:07:16:32 +0100] "GET /rom-0 HTTP/1.1" 404 310 "-" "-"
5.39.222.159 - - [10/Feb/2016:07:23:55 +0100] "GET /rom-0 HTTP/1.1" 404 310 "-" "-"
5.39.222.159 - - [10/Feb/2016:07:24:54 +0100] "GET /rom-0 HTTP/1.1" 404 310 "-" "-"
5.39.222.159 - - [10/Feb/2016:07:28:21 +0100] "GET /rom-0 HTTP/1.1" 404 310 "-" "-"
5.39.222.159 - - [10/Feb/2016:07:30:27 +0100] "GET /rom-0 HTTP/1.1" 404 310 "-" "-"
5.39.222.159 - - [10/Feb/2016:07:32:23 +0100] "GET /rom-0 HTTP/1.1" 404 310 "-" "-" scanner03.project25499.com - - [10/Feb/2016:07:58:25 +0100] "GET /server-status HTTP/1.1" 403 322 "-" "Mozilla/5.0 Project 25499 (project25499.com)"
146.185.239.100 - - [10/Feb/2016:08:02:15 +0100] "GET http://24x7-allrequestsallowed.com/?PHPSESSID=aab45f4f00143SSQJ_W_EFBF%5CO HTTP/1.1" 200 1229 "-" "-"
141.212.122.177 - - [10/Feb/2016:08:16:03 +0100] "GET / HTTP/1.1" 200 1229 "-" "Mozilla/5.0 zgrab/0.x"
111.248.97.194 - - [10/Feb/2016:08:25:10 +0100] "CONNECT 163mx01.mxmail.netease.com:25 HTTP/1.0" 405 355 "-" "-"
111.248.97.194 - - [10/Feb/2016:08:25:12 +0100] "CONNECT 163mx01.mxmail.netease.com:25 HTTP/1.0" 405 355 "-" "-"
115.231.222.14 - - [10/Feb/2016:08:28:31 +0100] "GET http://zc.qq.com/cgi-bin/common/attr?id=260714&r=0.4925565452975307 HTTP/1.1" 404 320 "-" "Mozilla/5.0 (compatible; MSIE 9.0; Windows NT 6.1; Trident/5.0; 360SE)"
115.231.222.14 - - [10/Feb/2016:08:28:33 +0100] "GET http://zc.qq.com/cgi-bin/common/attr?id=260714&r=0.6501412443008494 HTTP/1.1" 404 320 "-" "Mozilla/5.0 (compatible; MSIE 9.0; Windows NT 6.1; Trident/5.0; 360SE)"
141.212.122.177 - - [10/Feb/2016:08:45:13 +0100] "GET / HTTP/1.1" 200 1229 "-" "Mozilla/5.0 zgrab/0.x"
188.227.174.190 - - [10/Feb/2016:09:25:45 +0100] "GET / HTTP/1.0" 200 1229 "-" "-"
188.227.174.190 - - [10/Feb/2016:09:25:45 +0100] "GET / HTTP/1.1" 200 1229 "-" "Mozilla/5.0 (Windows; U; Windows NT 5.0; en-US; rv:1.7.12) Gecko/20050915 Firefox/1.0.7"
188.227.174.190 - - [10/Feb/2016:09:26:25 +0100] "GET / HTTP/1.0" 200 1229 "-" "-"
188.227.174.190 - - [10/Feb/2016:09:26:25 +0100] "GET / HTTP/1.1" 200 1229 "-" "Mozilla/5.0 (Windows; U; Windows NT 5.0; en-US; rv:1.7.12) Gecko/20050915 Firefox/1.0.7"
