188.227.174.190 - - [10/Feb/2016:09:26:25 +0100] "GET / HTTP/1.0" 200 1229 "-" "-"
188.227.174.190 - - [10/Feb/2016:09:26:25 +0100] "GET / HTTP/1.0" 200 1229 "-" "-"
188.227.174.190 - - [10/Feb/2016:09:26:25 +0100] "GET / HTTP/1.0" 200 1229 "-" "-"
188.227.174.190 - - [10/Feb/2016:09:26:25 +0100] "GET / HTTP/1.1" 200 1229 "-" "Mozilla/5.0 (Windows; U; Windows NT 5.0; en-US; rv:1.7.12) Gecko/20050915 Firefox/1.0.7"
188.227.174.190 - - [10/Feb/2016:09:26:25 +0100] "GET / HTTP/1.1" 200 1229 "-" "Mozilla/5.0 (Windows; U; Windows NT 5.0; en-US; rv:1.7.12) Gecko/20050915 Firefox/1.0.7"
188.227.174.190 - - [10/Feb/2016:09:26:25 +0100] "GET / HTTP/1.1" 200 1229 "-" "Mozilla/5.0 (Windows; U; Windows NT 5.0; en-US; rv:1.7.12) Gecko/20050915 Firefox/1.0.7"
188.227.174.190 - - [10/Feb/2016:09:26:25 +0100] "GET / HTTP/1.0" 200 1229 "-" "-"
188.227.174.190 - - [10/Feb/2016:09:26:25 +0100] "GET / HTTP/1.1" 200 1229 "-" "Mozilla/5.0 (Windows; U; Windows NT 5.0; en-US; rv:1.7.12) Gecko/20050915 Firefox/1.0.7"
188.227.174.190 - - [10/Feb/2016:09:26:26 +0100] "GET / HTTP/1.0" 200 1229 "-" "-"
188.227.174.190 - - [10/Feb/2016:09:26:26 +0100] "GET / HTTP/1.1" 200 1229 "-" "Mozilla/5.0 (Windows; U; Windows NT 5.0; en-US; rv:1.7.12) Gecko/20050915 Firefox/1.0.7"
188.227.174.190 - - [10/Feb/2016:09:26:26 +0100] "GET / HTTP/1.0" 200 1229 "-" "-"
188.227.174.190 - - [10/Feb/2016:09:26:26 +0100] "GET / HTTP/1.1" 200 1229 "-" "Mozilla/5.0 (Windows; U; Windows NT 5.0; en-US; rv:1.7.12) Gecko/20050915 Firefox/1.0.7"
188.227.174.190 - - [10/Feb/2016:09:26:26 +0100] "GET / HTTP/1.0" 200 1229 "-" "-"
188.227.174.190 - - [10/Feb/2016:09:26:26 +0100] "GET / HTTP/1.1" 200 1229 "-" "Mozilla/5.0 (Windows; U; Windows NT 5.0; en-US; rv:1.7.12) Gecko/20050915 Firefox/1.0.7"
188.227.174.190 - - [10/Feb/2016:09:26:31 +0100] "GET / HTTP/1.0" 200 1229 "-" "-"
188.227.174.190 - - [10/Feb/2016:09:26:31 +0100] "GET / HTTP/1.1" 200 1229 "-" "Mozilla/5.0 (Windows; U; Windows NT 5.0; en-US; rv:1.7.12) Gecko/20050915 Firefox/1.0.7"
111.248.98.159 - - [10/Feb/2016:09:34:00 +0100] "CONNECT vip163mx01.mxmail.netease.com:25 HTTP/1.0" 405 358 "-" "-"
146.185.239.100 - - [10/Feb/2016:09:35:33 +0100] "GET http://24x7-allrequestsallowed.com/?PHPSESSID=aab45f4f00143SSQJ_W_EFBF%5CC HTTP/1.1" 200 1229 "-" "-"
198.20.69.74 - - [10/Feb/2016:09:39:18 +0100] "GET / HTTP/1.1" 200 1229 "-" "-"
198.20.69.74 - - [10/Feb/2016:09:39:19 +0100] "GET /robots.txt HTTP/1.1" 404 315 "-" "-"
198.20.69.74 - - [10/Feb/2016:09:39:19 +0100] "GET /sitemap.xml HTTP/1.1" 404 316 "-" "-"
66.249.64.143 - - [10/Feb/2016:10:03:51 +0100] "GET /robots.txt HTTP/1.1" 404 327 "-" "Mozilla/5.0 (compatible; Googlebot/2.1; +http://www.google.com/bot.html)"
66.249.64.149 - - [10/Feb/2016:10:03:51 +0100] "GET / HTTP/1.1" 200 1229 "-" "Mozilla/5.0 (compatible; Googlebot/2.1; +http://www.google.com/bot.html)"
66.249.64.63 - - [10/Feb/2016:10:06:51 +0100] "GET /robots.txt HTTP/1.1" 404 337 "-" "Mozilla/5.0 (compatible; Googlebot/2.1; +http://www.google.com/bot.html)"
66.249.64.68 - - [10/Feb/2016:10:06:51 +0100] "GET / HTTP/1.1" 200 1229 "-" "Mozilla/5.0 (compatible; Googlebot/2.1; +http://www.google.com/bot.html)"
66.249.64.6 - - [10/Feb/2016:10:12:51 +0100] "GET /robots.txt HTTP/1.1" 404 334 "-" "Mozilla/5.0 (compatible; Googlebot/2.1; +http://www.google.com/bot.html)"
66.249.64.125 - - [10/Feb/2016:10:12:52 +0100] "GET / HTTP/1.1" 200 1229 "-" "Mozilla/5.0 (compatible; Googlebot/2.1; +http://www.google.com/bot.html)"
115.231.222.14 - - [10/Feb/2016:10:41:17 +0100] "GET http://zc.qq.com/cgi-bin/common/attr?id=260714&r=0.4138535581211112 HTTP/1.1" 404 320 "-" "Mozilla/5.0 (compatible; MSIE 9.0; Windows NT 6.1; Trident/5.0; 360SE)"
115.231.222.14 - - [10/Feb/2016:10:41:17 +0100] "GET http://zc.qq.com/cgi-bin/common/attr?id=260714&r=0.5115408341027766 HTTP/1.1" 404 320 "-" "Mozilla/5.0 (compatible; MSIE 9.0; Windows NT 6.1; Trident/5.0; 360SE)"
115.231.222.14 - - [10/Feb/2016:10:41:17 +0100] "GET http://zc.qq.com/cgi-bin/common/attr?id=260714&r=0.9217888260192136 HTTP/1.1" 404 320 "-" "Mozilla/5.0 (compatible; MSIE 9.0; Windows NT 6.1; Trident/5.0; 360SE)"
146.185.239.100 - - [10/Feb/2016:11:01:07 +0100] "GET http://24x7-allrequestsallowed.com/?PHPSESSID=aab45f4f00143SSQJ_W_EFBF%5CG HTTP/1.1" 200 1229 "-" "-"
185.130.5.207 - - [10/Feb/2016:11:07:50 +0100] "GET /muieblackcat HTTP/1.1" 404 317 "-" "-"
185.130.5.207 - - [10/Feb/2016:11:07:58 +0100] "GET //admin/scripts/setup.php HTTP/1.1" 404 328 "-" "-"
185.130.5.207 - - [10/Feb/2016:11:07:58 +0100] "GET //admin/pma/scripts/setup.php HTTP/1.1" 404 332 "-" "-"
185.130.5.207 - - [10/Feb/2016:11:07:58 +0100] "GET //admin/phpmyadmin/scripts/setup.php HTTP/1.1" 404 339 "-" "-"
185.130.5.207 - - [10/Feb/2016:11:07:58 +0100] "GET //db/scripts/setup.php HTTP/1.1" 404 325 "-" "-"
185.130.5.207 - - [10/Feb/2016:11:07:58 +0100] "GET //dbadmin/scripts/setup.php HTTP/1.1" 404 330 "-" "-"
185.130.5.207 - - [10/Feb/2016:11:07:58 +0100] "GET //myadmin/scripts/setup.php HTTP/1.1" 404 330 "-" "-"
185.130.5.207 - - [10/Feb/2016:11:07:58 +0100] "GET //mysql/scripts/setup.php HTTP/1.1" 404 328 "-" "-"
185.130.5.207 - - [10/Feb/2016:11:07:58 +0100] "GET //mysqladmin/scripts/setup.php HTTP/1.1" 404 333 "-" "-"
185.130.5.207 - - [10/Feb/2016:11:07:59 +0100] "GET //typo3/phpmyadmin/scripts/setup.php HTTP/1.1" 404 339 "-" "-"
185.130.5.207 - - [10/Feb/2016:11:07:59 +0100] "GET //phpadmin/scripts/setup.php HTTP/1.1" 404 331 "-" "-"
185.130.5.207 - - [10/Feb/2016:11:07:59 +0100] "GET //pma/scripts/setup.php HTTP/1.1" 404 326 "-" "-"
185.130.5.207 - - [10/Feb/2016:11:08:00 +0100] "GET //web/phpMyAdmin/scripts/setup.php HTTP/1.1" 404 337 "-" "-"
185.130.5.207 - - [10/Feb/2016:11:08:00 +0100] "GET //xampp/phpmyadmin/scripts/setup.php HTTP/1.1" 404 339 "-" "-"
185.130.5.207 - - [10/Feb/2016:11:08:00 +0100] "GET //web/scripts/setup.php HTTP/1.1" 404 326 "-" "-"
185.130.5.207 - - [10/Feb/2016:11:08:00 +0100] "GET //php-my-admin/scripts/setup.php HTTP/1.1" 404 335 "-" "-"
185.130.5.207 - - [10/Feb/2016:11:08:00 +0100] "GET //websql/scripts/setup.php HTTP/1.1" 404 329 "-" "-"
185.130.5.207 - - [10/Feb/2016:11:08:00 +0100] "GET //phpMyAdmin-2/scripts/setup.php HTTP/1.1" 404 335 "-" "-"
185.130.5.207 - - [10/Feb/2016:11:08:00 +0100] "GET //_phpmyadmin/scripts/setup.php HTTP/1.1" 404 334 "-" "-"
185.130.5.207 - - [10/Feb/2016:11:08:12 +0100] "GET //blog/phpmyadmin/scripts/setup.php HTTP/1.1" 404 338 "-" "-"
185.130.5.207 - - [10/Feb/2016:11:08:12 +0100] "GET //cpanelphpmyadmin/scripts/setup.php HTTP/1.1" 404 339 "-" "-"
185.130.5.207 - - [10/Feb/2016:11:08:12 +0100] "GET //cpphpmyadmin/scripts/setup.php HTTP/1.1" 404 335 "-" "-"
185.130.5.207 - - [10/Feb/2016:11:08:12 +0100] "GET //forum/phpmyadmin/scripts/setup.php HTTP/1.1" 404 339 "-" "-"
185.130.5.207 - - [10/Feb/2016:11:08:12 +0100] "GET //php/phpmyadmin/scripts/setup.php HTTP/1.1" 404 337 "-" "-"
185.130.5.207 - - [10/Feb/2016:11:08:12 +0100] "GET //phpmyadmin/scripts/setup.php HTTP/1.1" 404 333 "-" "-"
185.130.5.207 - - [10/Feb/2016:11:08:12 +0100] "GET //phpMyAdmin2/scripts/setup.php HTTP/1.1" 404 334 "-" "-"
185.130.5.207 - - [10/Feb/2016:11:08:12 +0100] "GET //phpMyAdmin3/scripts/setup.php HTTP/1.1" 404 334 "-" "-"
169.229.3.91 - - [10/Feb/2016:11:36:22 +0100] "\x14\xe8\xfdt\xeb\x17\x02\x8b\xd0\xfb\xe9(yK\xbb\x99\x81\xd1\x15~\x1a(\x1d\x12o" 501 340 "-" "-"
141.212.122.177 - - [10/Feb/2016:11:43:54 +0100] "GET / HTTP/1.1" 200 1229 "-" "Mozilla/5.0 zgrab/0.x"
115.231.222.14 - - [10/Feb/2016:12:54:32 +0100] "GET http://zc.qq.com/cgi-bin/common/attr?id=260714&r=0.7389136457887278 HTTP/1.1" 404 320 "-" "Mozilla/5.0 (compatible; MSIE 9.0; Windows NT 6.1; Trident/5.0; 360SE)"
128.232.110.28 - - [10/Feb/2016:13:56:38 +0100] "GET / HTTP/1.1" 200 1229 "-" "Mozilla/5.0 zgrab/0.x"
207.46.13.93 - - [10/Feb/2016:14:41:44 +0100] "GET /robots.txt HTTP/1.1" 404 323 "-" "Mozilla/5.0 (compatible; bingbot/2.0; +http://www.bing.com/bingbot.htm)"
207.46.13.62 - - [10/Feb/2016:14:41:53 +0100] "GET /service-pankow.html HTTP/1.1" 404 332 "-" "Mozilla/5.0 (compatible; bingbot/2.0; +http://www.bing.com/bingbot.htm)"
207.46.13.93 - - [10/Feb/2016:14:41:58 +0100] "GET /awards.html HTTP/1.1" 404 324 "-" "Mozilla/5.0 (compatible; bingbot/2.0; +http://www.bing.com/bingbot.htm)"
207.46.13.93 - - [10/Feb/2016:14:41:58 +0100] "GET /service-leipzig.html HTTP/1.1" 404 333 "-" "Mozilla/5.0 (compatible; bingbot/2.0; +http://www.bing.com/bingbot.htm)"
40.77.167.68 - - [10/Feb/2016:14:42:05 +0100] "GET /zertifizierungen.html HTTP/1.1" 404 334 "-" "Mozilla/5.0 (compatible; bingbot/2.0; +http://www.bing.com/bingbot.htm)"
169.229.3.91 - - [10/Feb/2016:15:31:05 +0100] "\xd7o'\xac(\x90\xd8S\xdfNX\xafPwbl\xc9\xb0h\x92\x98\xc3\x1fe" 501 339 "-" "-"
157.55.39.74 - - [10/Feb/2016:15:36:03 +0100] "GET /service-bochum.html HTTP/1.1" 404 332 "-" "Mozilla/5.0 (compatible; bingbot/2.0; +http://www.bing.com/bingbot.htm)"
74.91.28.61 - - [10/Feb/2016:15:59:06 +0100] "GET / HTTP/1.1" 200 1229 "-" "Mozilla/4.0 (compatible; MSIE 8.0; Windows NT 6.1; Trident/4.0; SLCC2; .NET CLR 2.0.50727; .NET CLR 3.5.30729; .NET CLR 3.0.30729; Media Center PC 6.0)"
169.229.3.91 - - [10/Feb/2016:16:08:52 +0100] "O\x05\xa4d\xb0\xfa[\x9b" 501 323 "-" "-"
88.198.1.77 - - [10/Feb/2016:16:21:21 +0100] "GET /robots.txt HTTP/1.1" 404 328 "http://www.sitedomain.de/" "Sitedomain-Bot(Sitedomain-Bot 1.0, http://www.sitedomain.de/sitedomain-bot/)"
142.54.169.165 - - [10/Feb/2016:17:14:01 +0100] "GET / HTTP/1.1" 200 1229 "-" "Mozilla/4.0 (compatible; MSIE 8.0; Windows NT 6.1; Trident/4.0; SLCC2; .NET CLR 2.0.50727; .NET CLR 3.5.30729; .NET CLR 3.0.30729; Media Center PC 6.0)"
111.248.56.101 - - [10/Feb/2016:17:18:53 +0100] "CONNECT 163mx00.mxmail.netease.com:25 HTTP/1.0" 405 355 "-" "-"
115.231.222.14 - - [10/Feb/2016:17:22:14 +0100] "GET http://zc.qq.com/cgi-bin/common/attr?id=260714&r=0.0851108708253179 HTTP/1.1" 404 320 "-" "Mozilla/5.0 (compatible; MSIE 9.0; Windows NT 6.1; Trident/5.0; 360SE)"
115.231.222.14 - - [10/Feb/2016:17:22:14 +0100] "GET http://zc.qq.com/cgi-bin/common/attr?id=260714&r=0.1567012290309141 HTTP/1.1" 404 320 "-" "Mozilla/5.0 (compatible; MSIE 9.0; Windows NT 6.1; Trident/5.0; 360SE)"
111.243.254.197 - - [10/Feb/2016:18:37:22 +0100] "CONNECT 126mx01.mxmail.netease.com:25 HTTP/1.0" 405 355 "-" "-"
128.232.110.28 - - [10/Feb/2016:18:41:59 +0100] "GET / HTTP/1.1" 200 1229 "-" "Mozilla/5.0 zgrab/0.x"
104.131.217.241 - - [10/Feb/2016:18:45:17 +0100] "GET /robots.txt HTTP/1.1" 404 323 "-" "Mozilla/5.0 (compatible; spbot/5.0; +http://OpenLinkProfiler.org/bot )"
104.131.217.241 - - [10/Feb/2016:18:45:22 +0100] "GET / HTTP/1.1" 200 1229 "-" "Mozilla/5.0 (compatible; spbot/5.0; +http://OpenLinkProfiler.org/bot )"
128.232.110.28 - - [10/Feb/2016:18:45:26 +0100] "GET / HTTP/1.1" 200 1229 "-" "Mozilla/5.0 zgrab/0.x"
115.231.222.14 - - [10/Feb/2016:19:36:25 +0100] "GET http://zc.qq.com/cgi-bin/common/attr?id=260714&r=0.4430598437850770 HTTP/1.1" 404 320 "-" "Mozilla/5.0 (compatible; MSIE 9.0; Windows NT 6.1; Trident/5.0; 360SE)"
115.231.222.14 - - [10/Feb/2016:19:36:26 +0100] "GET http://zc.qq.com/cgi-bin/common/attr?id=260714&r=0.0359643896428093 HTTP/1.1" 404 320 "-" "Mozilla/5.0 (compatible; MSIE 9.0; Windows NT 6.1; Trident/5.0; 360SE)"
115.231.222.14 - - [10/Feb/2016:19:36:26 +0100] "GET http://zc.qq.com/cgi-bin/common/attr?id=260714&r=0.4408547580533276 HTTP/1.1" 404 320 "-" "Mozilla/5.0 (compatible; MSIE 9.0; Windows NT 6.1; Trident/5.0; 360SE)"
111.248.59.193 - - [10/Feb/2016:19:39:20 +0100] "CONNECT 163mx00.mxmail.netease.com:25 HTTP/1.0" 405 355 "-" "-"
142.54.160.211 - - [10/Feb/2016:19:45:59 +0100] "GET / HTTP/1.1" 200 1229 "-" "Mozilla/4.0 (compatible; MSIE 8.0; Windows NT 6.1; Trident/4.0; SLCC2; .NET CLR 2.0.50727; .NET CLR 3.5.30729; .NET CLR 3.0.30729; Media Center PC 6.0)"
74.91.28.58 - - [10/Feb/2016:19:49:15 +0100] "GET / HTTP/1.1" 200 1229 "-" "Mozilla/4.0 (compatible; MSIE 8.0; Windows NT 6.1; Trident/4.0; SLCC2; .NET CLR 2.0.50727; .NET CLR 3.5.30729; .NET CLR 3.0.30729; Media Center PC 6.0)"
142.54.160.212 - - [10/Feb/2016:19:49:39 +0100] "GET / HTTP/1.1" 200 1229 "-" "Mozilla/4.0 (compatible; MSIE 8.0; Windows NT 6.1; Trident/4.0; SLCC2; .NET CLR 2.0.50727; .NET CLR 3.5.30729; .NET CLR 3.0.30729; Media Center PC 6.0)"
142.54.169.166 - - [10/Feb/2016:20:26:03 +0100] "GET / HTTP/1.1" 200 1229 "-" "Mozilla/4.0 (compatible; MSIE 8.0; Windows NT 6.1; Trident/4.0; SLCC2; .NET CLR 2.0.50727; .NET CLR 3.5.30729; .NET CLR 3.0.30729; Media Center PC 6.0)"
142.54.169.166 - - [10/Feb/2016:21:07:20 +0100] "GET / HTTP/1.1" 200 1229 "-" "Mozilla/4.0 (compatible; MSIE 8.0; Windows NT 6.1; Trident/4.0; SLCC2; .NET CLR 2.0.50727; .NET CLR 3.5.30729; .NET CLR 3.0.30729; Media Center PC 6.0)"
5.28.172.193 - - [10/Feb/2016:21:09:05 +0100] "GET / HTTP/1.0" 200 1229 "-" "masscan/1.0 (https://github.com/robertdavidgraham/masscan)"
5.28.172.193 - - [10/Feb/2016:21:09:25 +0100] "GET / HTTP/1.0" 200 1229 "-" "masscan/1.0 (https://github.com/robertdavidgraham/masscan)"
185.35.62.11 - - [10/Feb/2016:21:09:31 +0100] "GET / HTTP/1.1" 200 1229 "-" "Mozilla/5.0 zgrab/0.x"
5.28.172.193 - - [10/Feb/2016:21:09:32 +0100] "GET / HTTP/1.0" 200 1229 "-" "masscan/1.0 (https://github.com/robertdavidgraham/masscan)"
5.28.172.193 - - [10/Feb/2016:21:09:39 +0100] "GET / HTTP/1.0" 200 1229 "-" "masscan/1.0 (https://github.com/robertdavidgraham/masscan)"
5.28.172.193 - - [10/Feb/2016:21:09:43 +0100] "GET / HTTP/1.0" 200 1229 "-" "masscan/1.0 (https://github.com/robertdavidgraham/masscan)"
5.28.172.193 - - [10/Feb/2016:21:09:43 +0100] "GET / HTTP/1.0" 200 1229 "-" "masscan/1.0 (https://github.com/robertdavidgraham/masscan)"
5.28.172.193 - - [10/Feb/2016:21:10:15 +0100] "GET / HTTP/1.0" 200 1229 "-" "masscan/1.0 (https://github.com/robertdavidgraham/masscan)"
5.28.172.193 - - [10/Feb/2016:21:11:06 +0100] "GET / HTTP/1.0" 200 1229 "-" "masscan/1.0 (https://github.com/robertdavidgraham/masscan)"
5.28.172.193 - - [10/Feb/2016:21:11:25 +0100] "GET / HTTP/1.0" 200 1229 "-" "masscan/1.0 (https://github.com/robertdavidgraham/masscan)"
185.35.62.11 - - [10/Feb/2016:21:17:28 +0100] "GET / HTTP/1.1" 200 1229 "-" "Mozilla/5.0 zgrab/0.x"
74.91.28.62 - - [10/Feb/2016:21:42:08 +0100] "GET / HTTP/1.1" 200 1229 "-" "Mozilla/4.0 (compatible; MSIE 8.0; Windows NT 6.1; Trident/4.0; SLCC2; .NET CLR 2.0.50727; .NET CLR 3.5.30729; .NET CLR 3.0.30729; Media Center PC 6.0)"
185.35.62.11 - - [10/Feb/2016:21:46:58 +0100] "GET / HTTP/1.1" 200 1229 "-" "Mozilla/5.0 zgrab/0.x"
185.35.62.11 - - [10/Feb/2016:21:47:50 +0100] "GET / HTTP/1.1" 200 1229 "-" "Mozilla/5.0 zgrab/0.x"
115.231.222.14 - - [10/Feb/2016:21:50:14 +0100] "GET http://zc.qq.com/cgi-bin/common/attr?id=260714&r=0.7940908236864012 HTTP/1.1" 404 320 "-" "Mozilla/5.0 (compatible; MSIE 9.0; Windows NT 6.1; Trident/5.0; 360SE)"
115.231.222.14 - - [10/Feb/2016:21:50:16 +0100] "GET http://zc.qq.com/cgi-bin/common/attr?id=260714&r=0.5516900661678173 HTTP/1.1" 404 320 "-" "Mozilla/5.0 (compatible; MSIE 9.0; Windows NT 6.1; Trident/5.0; 360SE)"
185.35.62.11 - - [10/Feb/2016:21:55:26 +0100] "GET / HTTP/1.1" 200 1229 "-" "Mozilla/5.0 zgrab/0.x"
185.35.62.11 - - [10/Feb/2016:22:02:28 +0100] "GET / HTTP/1.1" 200 1229 "-" "Mozilla/5.0 zgrab/0.x"
185.35.62.11 - - [10/Feb/2016:22:33:07 +0100] "GET / HTTP/1.1" 200 1229 "-" "Mozilla/5.0 zgrab/0.x"
185.35.62.11 - - [10/Feb/2016:22:37:29 +0100] "GET / HTTP/1.1" 200 1229 "-" "Mozilla/5.0 zgrab/0.x"
144.76.61.21 - - [10/Feb/2016:22:45:36 +0100] "GET /robots.txt HTTP/1.0" 404 334 "-" "Mozilla/5.0 (compatible; MJ12bot/v1.4.5; http://www.majestic12.co.uk/bot.php?+)"
144.76.61.21 - - [10/Feb/2016:22:45:37 +0100] "GET / HTTP/1.0" 200 1229 "-" "Mozilla/5.0 (compatible; MJ12bot/v1.4.5; http://www.majestic12.co.uk/bot.php?+)"
185.35.62.11 - - [10/Feb/2016:22:48:07 +0100] "GET / HTTP/1.1" 200 1229 "-" "Mozilla/5.0 zgrab/0.x"
185.35.62.11 - - [10/Feb/2016:22:49:52 +0100] "GET / HTTP/1.1" 200 1229 "-" "Mozilla/5.0 zgrab/0.x"
193.111.140.106 - - [10/Feb/2016:22:57:27 +0100] "GET /robots.txt HTTP/1.0" 404 327 "-" "Mozilla/5.0 (compatible; MJ12bot/v1.4.5; http://www.majestic12.co.uk/bot.php?+)"
193.111.140.106 - - [10/Feb/2016:22:57:29 +0100] "GET / HTTP/1.0" 200 1229 "-" "Mozilla/5.0 (compatible; MJ12bot/v1.4.5; http://www.majestic12.co.uk/bot.php?+)"
5.9.111.70 - - [10/Feb/2016:23:20:07 +0100] "GET /robots.txt HTTP/1.0" 404 323 "-" "Mozilla/5.0 (compatible; MJ12bot/v1.4.5; http://www.majestic12.co.uk/bot.php?+)"
5.9.111.70 - - [10/Feb/2016:23:20:08 +0100] "GET / HTTP/1.0" 200 1229 "-" "Mozilla/5.0 (compatible; MJ12bot/v1.4.5; http://www.majestic12.co.uk/bot.php?+)"
61.228.88.25 - - [10/Feb/2016:23:43:00 +0100] "CONNECT 163mx03.mxmail.netease.com:25 HTTP/1.0" 405 355 "-" "-"
115.231.222.14 - - [11/Feb/2016:00:04:44 +0100] "GET http://zc.qq.com/cgi-bin/common/attr?id=260714&r=0.0346656799875665 HTTP/1.1" 404 320 "-" "Mozilla/5.0 (compatible; MSIE 9.0; Windows NT 6.1; Trident/5.0; 360SE)"
115.231.222.14 - - [11/Feb/2016:00:04:47 +0100] "GET http://zc.qq.com/cgi-bin/common/attr?id=260714&r=0.8607692325121416 HTTP/1.1" 404 320 "-" "Mozilla/5.0 (compatible; MSIE 9.0; Windows NT 6.1; Trident/5.0; 360SE)"
142.54.160.214 - - [11/Feb/2016:00:18:45 +0100] "GET / HTTP/1.1" 200 1229 "-" "Mozilla/4.0 (compatible; MSIE 8.0; Windows NT 6.1; Trident/4.0; SLCC2; .NET CLR 2.0.50727; .NET CLR 3.5.30729; .NET CLR 3.0.30729; Media Center PC 6.0)"
74.91.28.59 - - [11/Feb/2016:01:04:37 +0100] "GET / HTTP/1.1" 200 1229 "-" "Mozilla/4.0 (compatible; MSIE 8.0; Windows NT 6.1; Trident/4.0; SLCC2; .NET CLR 2.0.50727; .NET CLR 3.5.30729; .NET CLR 3.0.30729; Media Center PC 6.0)"
218.24.91.130 - - [11/Feb/2016:01:33:01 +0100] "POST /login.do HTTP/1.1" 404 313 "-" "Mozilla/5.0"
218.24.91.130 - - [11/Feb/2016:01:33:01 +0100] "POST /login.do HTTP/1.1" 404 313 "-" "Mozilla/5.0"
218.24.91.130 - - [11/Feb/2016:01:33:01 +0100] "POST /login.do HTTP/1.1" 404 313 "-" "Mozilla/5.0"
218.24.91.130 - - [11/Feb/2016:01:33:02 +0100] "POST /login.do HTTP/1.1" 404 313 "-" "Mozilla/5.0"
218.24.91.130 - - [11/Feb/2016:01:33:02 +0100] "POST /login.do HTTP/1.1" 404 313 "-" "Mozilla/5.0"
218.24.91.130 - - [11/Feb/2016:01:33:04 +0100] "POST /login.do HTTP/1.1" 404 313 "-" "Mozilla/5.0"
218.24.91.130 - - [11/Feb/2016:01:33:04 +0100] "POST /login.do HTTP/1.1" 404 313 "-" "Mozilla/5.0"
218.24.91.130 - - [11/Feb/2016:01:33:04 +0100] "POST /login.do HTTP/1.1" 404 313 "-" "Mozilla/5.0"
185.130.5.207 - - [11/Feb/2016:01:44:35 +0100] "GET /muieblackcat HTTP/1.1" 404 317 "-" "-"
185.130.5.207 - - [11/Feb/2016:01:44:41 +0100] "GET //scripts/setup.php HTTP/1.1" 404 322 "-" "-"
185.130.5.207 - - [11/Feb/2016:01:44:41 +0100] "GET //admin/scripts/setup.php HTTP/1.1" 404 328 "-" "-"
185.130.5.207 - - [11/Feb/2016:01:44:41 +0100] "GET //admin/pma/scripts/setup.php HTTP/1.1" 404 332 "-" "-"
185.130.5.207 - - [11/Feb/2016:01:44:41 +0100] "GET //admin/phpmyadmin/scripts/setup.php HTTP/1.1" 404 339 "-" "-"
185.130.5.207 - - [11/Feb/2016:01:44:41 +0100] "GET //db/scripts/setup.php HTTP/1.1" 404 325 "-" "-"
185.130.5.207 - - [11/Feb/2016:01:44:41 +0100] "GET //dbadmin/scripts/setup.php HTTP/1.1" 404 330 "-" "-"
185.130.5.207 - - [11/Feb/2016:01:44:41 +0100] "GET //myadmin/scripts/setup.php HTTP/1.1" 404 330 "-" "-"
185.130.5.207 - - [11/Feb/2016:01:44:41 +0100] "GET //mysql/scripts/setup.php HTTP/1.1" 404 328 "-" "-"
185.130.5.207 - - [11/Feb/2016:01:44:41 +0100] "GET //mysqladmin/scripts/setup.php HTTP/1.1" 404 333 "-" "-"
185.130.5.207 - - [11/Feb/2016:01:44:41 +0100] "GET //typo3/phpmyadmin/scripts/setup.php HTTP/1.1" 404 339 "-" "-"
185.130.5.207 - - [11/Feb/2016:01:44:41 +0100] "GET //phpadmin/scripts/setup.php HTTP/1.1" 404 331 "-" "-"
185.130.5.207 - - [11/Feb/2016:01:44:42 +0100] "GET //pma/scripts/setup.php HTTP/1.1" 404 326 "-" "-"
185.130.5.207 - - [11/Feb/2016:01:44:42 +0100] "GET //web/phpMyAdmin/scripts/setup.php HTTP/1.1" 404 337 "-" "-"
185.130.5.207 - - [11/Feb/2016:01:44:43 +0100] "GET //xampp/phpmyadmin/scripts/setup.php HTTP/1.1" 404 339 "-" "-"
185.130.5.207 - - [11/Feb/2016:01:44:43 +0100] "GET //web/scripts/setup.php HTTP/1.1" 404 326 "-" "-"
185.130.5.207 - - [11/Feb/2016:01:44:43 +0100] "GET //php-my-admin/scripts/setup.php HTTP/1.1" 404 335 "-" "-"
185.130.5.207 - - [11/Feb/2016:01:44:43 +0100] "GET //websql/scripts/setup.php HTTP/1.1" 404 329 "-" "-"
185.130.5.207 - - [11/Feb/2016:01:44:43 +0100] "GET //phpMyAdmin-2/scripts/setup.php HTTP/1.1" 404 335 "-" "-"
185.130.5.207 - - [11/Feb/2016:01:44:43 +0100] "GET //_phpmyadmin/scripts/setup.php HTTP/1.1" 404 334 "-" "-"
185.130.5.207 - - [11/Feb/2016:01:44:43 +0100] "GET //administrator/components/com_joommyadmin/phpmyadmin/scripts/setup.php HTTP/1.1" 404 374 "-" "-"
185.130.5.207 - - [11/Feb/2016:01:44:43 +0100] "GET //apache-default/phpmyadmin/scripts/setup.php HTTP/1.1" 404 348 "-" "-"
185.130.5.207 - - [11/Feb/2016:01:44:43 +0100] "GET //blog/phpmyadmin/scripts/setup.php HTTP/1.1" 404 338 "-" "-"
185.130.5.207 - - [11/Feb/2016:01:44:43 +0100] "GET //cpanelphpmyadmin/scripts/setup.php HTTP/1.1" 404 339 "-" "-"
185.130.5.207 - - [11/Feb/2016:01:44:43 +0100] "GET //cpphpmyadmin/scripts/setup.php HTTP/1.1" 404 335 "-" "-"
185.130.5.207 - - [11/Feb/2016:01:44:43 +0100] "GET //forum/phpmyadmin/scripts/setup.php HTTP/1.1" 404 339 "-" "-"
185.130.5.207 - - [11/Feb/2016:01:44:44 +0100] "GET //php/phpmyadmin/scripts/setup.php HTTP/1.1" 404 337 "-" "-"
185.130.5.207 - - [11/Feb/2016:01:44:44 +0100] "GET //phpmyadmin/scripts/setup.php HTTP/1.1" 404 333 "-" "-"
185.130.5.207 - - [11/Feb/2016:01:44:44 +0100] "GET //phpMyAdmin2/scripts/setup.php HTTP/1.1" 404 334 "-" "-"
185.130.5.207 - - [11/Feb/2016:01:44:44 +0100] "GET //phpMyAdmin3/scripts/setup.php HTTP/1.1" 404 334 "-" "-"
71.6.135.131 - - [11/Feb/2016:01:49:28 +0100] "GET / HTTP/1.1" 200 1229 "-" "-"
71.6.135.131 - - [11/Feb/2016:01:49:28 +0100] "GET /robots.txt HTTP/1.1" 404 315 "-" "-"
71.6.135.131 - - [11/Feb/2016:01:49:39 +0100] "GET / HTTP/1.1" 200 1229 "-" "-"
71.6.135.131 - - [11/Feb/2016:01:49:42 +0100] "GET /robots.txt HTTP/1.1" 404 315 "-" "-"
71.6.135.131 - - [11/Feb/2016:01:49:46 +0100] "GET /sitemap.xml HTTP/1.1" 404 316 "-" "-"
71.6.135.131 - - [11/Feb/2016:01:50:04 +0100] "GET / HTTP/1.1" 200 1229 "-" "-"
188.138.1.218 - - [11/Feb/2016:02:30:10 +0100] "GET / HTTP/1.1" 200 1229 "-" "-"
188.138.1.218 - - [11/Feb/2016:02:30:10 +0100] "GET /robots.txt HTTP/1.1" 404 315 "-" "-"
188.138.1.218 - - [11/Feb/2016:02:30:10 +0100] "GET /sitemap.xml HTTP/1.1" 404 316 "-" "-"
188.165.234.52 - - [11/Feb/2016:03:01:41 +0100] "GET /robots.txt HTTP/1.0" 404 328 "-" ""
188.165.234.52 - - [11/Feb/2016:03:01:41 +0100] "GET / HTTP/1.1" 206 1229 "-" "Mozilla/5.0 (X11; U; Linux i586; en-US) AppleWebKit/533.2 (KHTML, like Gecko) Chrome/5.0.342.1 Safari/533.2"
115.231.222.14 - - [11/Feb/2016:04:33:17 +0100] "GET http://zc.qq.com/cgi-bin/common/attr?id=260714&r=0.4292521577274309 HTTP/1.1" 404 320 "-" "Mozilla/5.0 (compatible; MSIE 9.0; Windows NT 6.1; Trident/5.0; 360SE)"
115.231.222.14 - - [11/Feb/2016:04:33:18 +0100] "GET http://zc.qq.com/cgi-bin/common/attr?id=260714&r=0.8879713975169298 HTTP/1.1" 404 320 "-" "Mozilla/5.0 (compatible; MSIE 9.0; Windows NT 6.1; Trident/5.0; 360SE)"
80.82.64.68 - - [11/Feb/2016:05:30:13 +0100] "GET /index.php HTTP/1.0" 404 314 "-" "Googlebot/2.1"
80.82.64.68 - - [11/Feb/2016:05:31:05 +0100] "GET /index.php HTTP/1.0" 404 314 "-" "Googlebot/2.1"
80.82.64.68 - - [11/Feb/2016:05:38:00 +0100] "GET /index.php HTTP/1.0" 404 314 "-" "Googlebot/2.1"
80.82.64.68 - - [11/Feb/2016:05:38:10 +0100] "GET /index.php HTTP/1.0" 404 314 "-" "Googlebot/2.1"
80.82.64.68 - - [11/Feb/2016:05:38:19 +0100] "GET /index.php HTTP/1.0" 404 314 "-" "Googlebot/2.1"
80.82.64.68 - - [11/Feb/2016:05:38:26 +0100] "GET /index.php HTTP/1.0" 404 314 "-" "Googlebot/2.1"
80.82.64.68 - - [11/Feb/2016:05:58:49 +0100] "GET /index.php HTTP/1.0" 404 314 "-" "Googlebot/2.1"
80.82.64.68 - - [11/Feb/2016:05:59:02 +0100] "GET /index.php HTTP/1.0" 404 314 "-" "Googlebot/2.1"
173.208.213.114 - - [11/Feb/2016:06:31:57 +0100] "GET /xmlrpc.php HTTP/1.1" 404 315 "-" "Mozilla/5.0 (Windows NT 6.1; WOW64) AppleWebKit/537.36 (KHTML, like Gecko) Chrome/39.5.2171.95 Safari/537.36"
77.236.206.11 - - [11/Feb/2016:06:33:02 +0100] "GET / HTTP/1.1" 200 1229 "-" "Opera/8.0 (Windows NT 5.0; U; en)"
115.231.222.14 - - [11/Feb/2016:06:47:06 +0100] "GET http://zc.qq.com/cgi-bin/common/attr?id=260714&r=0.5849057455555548 HTTP/1.1" 404 320 "-" "Mozilla/5.0 (compatible; MSIE 9.0; Windows NT 6.1; Trident/5.0; 360SE)"
128.232.110.28 - - [11/Feb/2016:06:59:09 +0100] "GET / HTTP/1.1" 200 1229 "-" "Mozilla/5.0 zgrab/0.x" scanner03.project25499.com - - [11/Feb/2016:07:23:28 +0100] "GET /server-status HTTP/1.1" 403 322 "-" "Mozilla/5.0 Project 25499 (project25499.com)"
80.82.64.68 - - [11/Feb/2016:07:52:15 +0100] "GET /index.php HTTP/1.0" 404 314 "-" "Googlebot/2.1"
80.82.64.68 - - [11/Feb/2016:07:53:50 +0100] "GET /index.php HTTP/1.0" 404 314 "-" "Googlebot/2.1"
199.115.117.88 - - [11/Feb/2016:08:38:42 +0100] "\x16\x03\x01" 501 318 "-" "-"
199.115.117.88 - - [11/Feb/2016:08:38:42 +0100] "\x16\x03\x01" 501 318 "-" "-"
199.115.117.88 - - [11/Feb/2016:08:38:42 +0100] "\x16\x03\x01" 501 318 "-" "-"
199.115.117.88 - - [11/Feb/2016:08:38:42 +0100] "\x16\x03\x01" 501 318 "-" "-"
199.115.117.88 - - [11/Feb/2016:08:38:42 +0100] "\x16\x03\x01" 501 318 "-" "-"
199.115.117.88 - - [11/Feb/2016:08:38:42 +0100] "\x16\x03\x01" 501 318 "-" "-"
199.115.117.88 - - [11/Feb/2016:08:38:42 +0100] "\x16\x03\x01" 501 318 "-" "-"
199.115.117.88 - - [11/Feb/2016:08:38:42 +0100] "\x16\x03\x01" 501 318 "-" "-"
199.115.117.88 - - [11/Feb/2016:08:38:42 +0100] "\x16\x03\x01" 501 318 "-" "-"
199.115.117.88 - - [11/Feb/2016:08:38:42 +0100] "\x16\x03\x01" 501 318 "-" "-"
115.231.222.14 - - [11/Feb/2016:09:00:49 +0100] "GET http://zc.qq.com/cgi-bin/common/attr?id=260714&r=0.8329347435198206 HTTP/1.1" 404 320 "-" "Mozilla/5.0 (compatible; MSIE 9.0; Windows NT 6.1; Trident/5.0; 360SE)"
115.231.222.14 - - [11/Feb/2016:09:00:49 +0100] "GET http://zc.qq.com/cgi-bin/common/attr?id=260714&r=0.6804818564784931 HTTP/1.1" 404 320 "-" "Mozilla/5.0 (compatible; MSIE 9.0; Windows NT 6.1; Trident/5.0; 360SE)"
115.231.222.14 - - [11/Feb/2016:09:00:50 +0100] "GET http://zc.qq.com/cgi-bin/common/attr?id=260714&r=0.3879479284518160 HTTP/1.1" 404 320 "-" "Mozilla/5.0 (compatible; MSIE 9.0; Windows NT 6.1; Trident/5.0; 360SE)"
115.231.222.14 - - [11/Feb/2016:09:00:50 +0100] "GET http://zc.qq.com/cgi-bin/common/attr?id=260714&r=0.4137215694083955 HTTP/1.1" 404 320 "-" "Mozilla/5.0 (compatible; MSIE 9.0; Windows NT 6.1; Trident/5.0; 360SE)"
206.253.224.14 - - [11/Feb/2016:09:16:59 +0100] "GET /robots.txt HTTP/1.1" 404 315 "-" "Mozilla/5.0 (compatible; oBot/2.3.1; http://filterdb.iss.net/crawler/)"
206.253.224.14 - - [11/Feb/2016:09:16:59 +0100] "HEAD / HTTP/1.1" 200 - "-" "Mozilla/5.0 (compatible; oBot/2.3.1; http://filterdb.iss.net/crawler/)"
71.6.167.142 - - [11/Feb/2016:09:56:02 +0100] "GET / HTTP/1.1" 200 1229 "-" "-"
71.6.167.142 - - [11/Feb/2016:09:56:02 +0100] "GET /robots.txt HTTP/1.1" 404 315 "-" "-"
71.6.167.142 - - [11/Feb/2016:09:56:03 +0100] "GET /sitemap.xml HTTP/1.1" 404 316 "-" "-"
146.185.239.100 - - [11/Feb/2016:10:02:27 +0100] "GET http://24x7-allrequestsallowed.com/?PHPSESSID=aab45f4f00143SSQJ_W_EFBF%5CN HTTP/1.1" 200 1229 "-" "-"
199.115.117.88 - - [11/Feb/2016:10:30:45 +0100] "\x16\x03\x01" 501 318 "-" "-"
199.115.117.88 - - [11/Feb/2016:10:30:45 +0100] "\x16\x03\x01" 501 318 "-" "-"
199.115.117.88 - - [11/Feb/2016:10:30:45 +0100] "\x16\x03\x01" 501 318 "-" "-"
199.115.117.88 - - [11/Feb/2016:10:30:45 +0100] "\x16\x03\x01" 501 318 "-" "-"
199.115.117.88 - - [11/Feb/2016:10:30:45 +0100] "\x16\x03\x01" 501 318 "-" "-"
199.115.117.88 - - [11/Feb/2016:10:30:45 +0100] "\x16\x03\x01" 501 318 "-" "-"
199.115.117.88 - - [11/Feb/2016:10:30:45 +0100] "\x16\x03\x01" 501 318 "-" "-"
199.115.117.88 - - [11/Feb/2016:10:30:45 +0100] "\x16\x03\x01" 501 318 "-" "-"
199.115.117.88 - - [11/Feb/2016:10:30:45 +0100] "\x16\x03\x01" 501 318 "-" "-"
199.115.117.88 - - [11/Feb/2016:10:30:45 +0100] "\x16\x03\x01" 501 318 "-" "-"
115.231.222.14 - - [11/Feb/2016:11:14:27 +0100] "GET http://zc.qq.com/cgi-bin/common/attr?id=260714&r=0.6483535834256115 HTTP/1.1" 404 320 "-" "Mozilla/5.0 (compatible; MSIE 9.0; Windows NT 6.1; Trident/5.0; 360SE)"
115.231.222.14 - - [11/Feb/2016:11:14:32 +0100] "GET http://zc.qq.com/cgi-bin/common/attr?id=260714&r=0.7517635987302781 HTTP/1.1" 404 320 "-" "Mozilla/5.0 (compatible; MSIE 9.0; Windows NT 6.1; Trident/5.0; 360SE)"
66.249.69.50 - - [11/Feb/2016:11:21:44 +0100] "GET /robots.txt HTTP/1.1" 404 332 "-" "Mozilla/5.0 (compatible; Googlebot/2.1; +http://www.google.com/bot.html)"
66.249.69.50 - - [11/Feb/2016:11:21:44 +0100] "GET / HTTP/1.1" 200 1229 "-" "Mozilla/5.0 (compatible; Googlebot/2.1; +http://www.google.com/bot.html)"
192.99.107.242 - - [11/Feb/2016:11:33:57 +0100] "GET /robots.txt HTTP/1.1" 404 318 "-" "Mozilla/5.0 (compatible; meanpathbot/1.0; +http://www.meanpath.com/meanpathbot.html)"
192.99.107.242 - - [11/Feb/2016:11:33:57 +0100] "GET / HTTP/1.1" 200 1229 "-" "Mozilla/5.0 (compatible; meanpathbot/1.0; +http://www.meanpath.com/meanpathbot.html)"
128.232.110.28 - - [11/Feb/2016:11:39:20 +0100] "GET / HTTP/1.1" 200 1229 "-" "Mozilla/5.0 zgrab/0.x"
128.232.110.28 - - [11/Feb/2016:11:43:02 +0100] "GET / HTTP/1.1" 200 1229 "-" "Mozilla/5.0 zgrab/0.x"
111.248.103.38 - - [11/Feb/2016:11:58:46 +0100] "CONNECT vip163mx01.mxmail.netease.com:25 HTTP/1.0" 405 358 "-" "-"
84.0.54.171 - - [11/Feb/2016:12:07:49 +0100] "HEAD towards the green fields outside. Watch the goats chewing the grass. What is the meaning of life? Life isn't about getting to the end. Goats know this. You should know too. Goats are wise. Goats are cute. Listen to them! This is the message. Love goats, love the Internet! \xf0\x9f\x90\x90 Kecske. HTTP/1.0" 400 - "-" "massgoat4u/1.0 (http://massgoat4u.megabrutal.com/)"
84.0.54.171 - - [11/Feb/2016:12:22:26 +0100] "HEAD towards the green fields outside. Watch the goats chewing the grass. What is the meaning of life? Life isn't about getting to the end. Goats know this. You should know too. Goats are wise. Goats are cute. Listen to them! This is the message. Love goats, love the Internet! \xf0\x9f\x90\x90 Kecske. HTTP/1.0" 400 - "-" "massgoat4u/1.0 (http://massgoat4u.megabrutal.com/)"
115.231.222.14 - - [11/Feb/2016:13:28:53 +0100] "GET http://zc.qq.com/cgi-bin/common/attr?id=260714&r=0.1417750589421994 HTTP/1.1" 404 320 "-" "Mozilla/5.0 (compatible; MSIE 9.0; Windows NT 6.1; Trident/5.0; 360SE)"
193.189.117.177 - - [11/Feb/2016:13:40:44 +0100] "GET / HTTP/1.1" 200 1229 "-" "Mozilla/5.0 (Windows; U; Windows NT 5.1; it; rv:1.8.1.11) Gecko/20071127 Firefox/2.0.0.11"
128.232.110.28 - - [11/Feb/2016:13:56:15 +0100] "GET / HTTP/1.1" 200 1229 "-" "Mozilla/5.0 zgrab/0.x"
128.232.110.28 - - [11/Feb/2016:14:34:22 +0100] "GET / HTTP/1.1" 200 1229 "-" "Mozilla/5.0 zgrab/0.x"
169.229.3.91 - - [11/Feb/2016:15:03:45 +0100] "5\xb5\xcdg\xcfI\xc3\xfc!\v04\xcaJ2\x98n" 400 329 "-" "-"
115.231.222.14 - - [11/Feb/2016:15:41:54 +0100] "GET http://zc.qq.com/cgi-bin/common/attr?id=260714&r=0.9803045168998310 HTTP/1.1" 404 320 "-" "Mozilla/5.0 (compatible; MSIE 9.0; Windows NT 6.1; Trident/5.0; 360SE)"
115.231.222.14 - - [11/Feb/2016:15:41:54 +0100] "GET http://zc.qq.com/cgi-bin/common/attr?id=260714&r=0.0224271124136830 HTTP/1.1" 404 320 "-" "Mozilla/5.0 (compatible; MSIE 9.0; Windows NT 6.1; Trident/5.0; 360SE)"
80.82.64.68 - - [11/Feb/2016:16:22:41 +0100] "GET http://iwannaknow.tk/index.php HTTP/1.0" 404 314 "-" "Googlebot/2.1"
80.82.64.68 - - [11/Feb/2016:16:24:01 +0100] "GET http://iwannaknow.tk/index.php HTTP/1.0" 404 314 "-" "Googlebot/2.1"
80.82.64.68 - - [11/Feb/2016:16:24:25 +0100] "GET http://iwannaknow.tk/index.php HTTP/1.0" 404 314 "-" "Googlebot/2.1"
80.82.64.68 - - [11/Feb/2016:16:24:27 +0100] "GET http://iwannaknow.tk/index.php HTTP/1.0" 404 314 "-" "Googlebot/2.1"
206.253.226.23 - - [11/Feb/2016:17:27:40 +0100] "GET /robots.txt HTTP/1.1" 404 315 "-" "Mozilla/5.0 (compatible; oBot/2.3.1; http://filterdb.iss.net/crawler/)"
206.253.226.23 - - [11/Feb/2016:17:27:40 +0100] "HEAD / HTTP/1.1" 200 - "-" "Mozilla/5.0 (compatible; oBot/2.3.1; http://filterdb.iss.net/crawler/)"
111.248.99.181 - - [11/Feb/2016:17:32:55 +0100] "CONNECT 163mx00.mxmail.netease.com:25 HTTP/1.0" 405 355 "-" "-"
198.20.69.74 - - [11/Feb/2016:18:11:05 +0100] "GET / HTTP/1.1" 200 1229 "-" "-"
198.20.69.74 - - [11/Feb/2016:18:11:06 +0100] "GET /robots.txt HTTP/1.1" 404 315 "-" "-"
198.20.69.74 - - [11/Feb/2016:18:11:06 +0100] "GET /sitemap.xml HTTP/1.1" 404 316 "-" "-"
142.54.160.212 - - [11/Feb/2016:18:37:33 +0100] "GET / HTTP/1.1" 200 1229 "-" "Mozilla/4.0 (compatible; MSIE 8.0; Windows NT 6.1; Trident/4.0; SLCC2; .NET CLR 2.0.50727; .NET CLR 3.5.30729; .NET CLR 3.0.30729; Media Center PC 6.0)"
115.231.222.14 - - [11/Feb/2016:18:47:35 +0100] "GET http://zc.qq.com/cgi-bin/common/attr?id=260714&r=0.7557302581563604 HTTP/1.1" 404 320 "-" "Mozilla/5.0 (compatible; MSIE 9.0; Windows NT 6.1; Trident/5.0; 360SE)"
115.231.222.14 - - [11/Feb/2016:18:47:35 +0100] "GET http://zc.qq.com/cgi-bin/common/attr?id=260714&r=0.8804076845899329 HTTP/1.1" 404 320 "-" "Mozilla/5.0 (compatible; MSIE 9.0; Windows NT 6.1; Trident/5.0; 360SE)"
115.231.222.14 - - [11/Feb/2016:18:47:38 +0100] "GET http://zc.qq.com/cgi-bin/common/attr?id=260714&r=0.0544656423806204 HTTP/1.1" 404 320 "-" "Mozilla/5.0 (compatible; MSIE 9.0; Windows NT 6.1; Trident/5.0; 360SE)"
115.231.222.14 - - [11/Feb/2016:18:47:38 +0100] "GET http://zc.qq.com/cgi-bin/common/attr?id=260714&r=0.1738861558447149 HTTP/1.1" 404 320 "-" "Mozilla/5.0 (compatible; MSIE 9.0; Windows NT 6.1; Trident/5.0; 360SE)"
115.231.222.14 - - [11/Feb/2016:18:47:41 +0100] "GET http://zc.qq.com/cgi-bin/common/attr?id=260714&r=0.1786366422370694 HTTP/1.1" 404 320 "-" "Mozilla/5.0 (compatible; MSIE 9.0; Windows NT 6.1; Trident/5.0; 360SE)"
222.186.79.102 - - [11/Feb/2016:19:19:42 +0100] "POST /login.action HTTP/1.1" 404 317 "-" "Mozilla/5.0"
222.186.79.102 - - [11/Feb/2016:19:19:47 +0100] "POST /login.action HTTP/1.1" 404 317 "-" "Mozilla/5.0"
222.186.79.102 - - [11/Feb/2016:19:19:53 +0100] "POST /login.action HTTP/1.1" 404 317 "-" "Mozilla/5.0"
222.186.79.102 - - [11/Feb/2016:19:19:54 +0100] "POST /login.action HTTP/1.1" 404 317 "-" "Mozilla/5.0"
222.186.79.102 - - [11/Feb/2016:19:20:09 +0100] "POST /login.action HTTP/1.1" 404 317 "-" "Mozilla/5.0"
222.186.79.102 - - [11/Feb/2016:19:20:09 +0100] "POST /login.action HTTP/1.1" 404 317 "-" "Mozilla/5.0"
222.186.79.102 - - [11/Feb/2016:19:20:08 +0100] "POST /login.action HTTP/1.1" 404 317 "-" "Mozilla/5.0"
222.186.79.102 - - [11/Feb/2016:19:27:33 +0100] "POST /login.action HTTP/1.1" 404 317 "-" "Mozilla/5.0"
222.186.79.102 - - [11/Feb/2016:19:27:39 +0100] "POST /login.action HTTP/1.1" 404 317 "-" "Mozilla/5.0"
222.186.79.102 - - [11/Feb/2016:19:27:46 +0100] "POST /login.action HTTP/1.1" 404 317 "-" "Mozilla/5.0"
222.186.79.102 - - [11/Feb/2016:19:27:50 +0100] "POST /login.action HTTP/1.1" 404 317 "-" "Mozilla/5.0"
222.186.79.102 - - [11/Feb/2016:19:28:10 +0100] "POST /login.action HTTP/1.1" 404 317 "-" "Mozilla/5.0"
222.186.79.102 - - [11/Feb/2016:19:28:09 +0100] "POST /login.action HTTP/1.1" 404 317 "-" "Mozilla/5.0"
222.186.79.102 - - [11/Feb/2016:19:28:11 +0100] "POST /login.action HTTP/1.1" 404 317 "-" "Mozilla/5.0"
80.82.64.68 - - [11/Feb/2016:20:32:39 +0100] "GET http://iwannaknow.tk/index.php HTTP/1.0" 404 314 "-" "Googlebot/2.1"
80.82.64.68 - - [11/Feb/2016:20:34:42 +0100] "GET http://iwannaknow.tk/index.php HTTP/1.0" 404 314 "-" "Googlebot/2.1"
142.54.160.213 - - [11/Feb/2016:20:47:26 +0100] "GET / HTTP/1.1" 200 1229 "-" "Mozilla/4.0 (compatible; MSIE 8.0; Windows NT 6.1; Trident/4.0; SLCC2; .NET CLR 2.0.50727; .NET CLR 3.5.30729; .NET CLR 3.0.30729; Media Center PC 6.0)"
80.82.64.68 - - [11/Feb/2016:21:21:47 +0100] "GET http://iwannaknow.tk/index.php HTTP/1.0" 404 314 "-" "Googlebot/2.1"
120.27.130.122 - - [11/Feb/2016:21:55:43 +0100] "GET /phpMyAdmin/scripts/setup.php HTTP/1.1" 404 333 "-" "-"
120.27.130.122 - - [11/Feb/2016:21:55:53 +0100] "GET /pma/scripts/setup.php HTTP/1.1" 404 326 "-" "-"
120.27.130.122 - - [11/Feb/2016:21:56:04 +0100] "GET /myadmin/scripts/setup.php HTTP/1.1" 404 330 "-" "-"
115.231.222.14 - - [11/Feb/2016:23:14:48 +0100] "GET http://zc.qq.com/cgi-bin/common/attr?id=260714&r=0.3986305695256245 HTTP/1.1" 404 320 "-" "Mozilla/5.0 (compatible; MSIE 9.0; Windows NT 6.1; Trident/5.0; 360SE)"
115.231.222.14 - - [11/Feb/2016:23:14:49 +0100] "GET http://zc.qq.com/cgi-bin/common/attr?id=260714&r=0.4397840202913294 HTTP/1.1" 404 320 "-" "Mozilla/5.0 (compatible; MSIE 9.0; Windows NT 6.1; Trident/5.0; 360SE)"
115.231.222.14 - - [11/Feb/2016:23:14:49 +0100] "GET http://zc.qq.com/cgi-bin/common/attr?id=260714&r=0.7008340839087362 HTTP/1.1" 404 320 "-" "Mozilla/5.0 (compatible; MSIE 9.0; Windows NT 6.1; Trident/5.0; 360SE)"
80.82.64.68 - - [12/Feb/2016:00:08:13 +0100] "GET http://iwannaknow.tk/index.php HTTP/1.0" 404 314 "-" "Googlebot/2.1"
80.82.64.68 - - [12/Feb/2016:00:08:25 +0100] "GET http://iwannaknow.tk/index.php HTTP/1.0" 404 314 "-" "Googlebot/2.1"
80.82.64.68 - - [12/Feb/2016:00:08:48 +0100] "GET http://iwannaknow.tk/index.php HTTP/1.0" 404 314 "-" "Googlebot/2.1"
111.248.60.134 - - [12/Feb/2016:00:24:31 +0100] "CONNECT vip163mx00.mxmail.netease.com:25 HTTP/1.0" 405 358 "-" "-"
198.20.69.74 - - [12/Feb/2016:00:26:17 +0100] "GET / HTTP/1.1" 200 1229 "-" "-"
198.20.69.74 - - [12/Feb/2016:00:26:17 +0100] "GET /robots.txt HTTP/1.1" 404 315 "-" "-"
198.20.69.74 - - [12/Feb/2016:00:26:17 +0100] "GET /sitemap.xml HTTP/1.1" 404 316 "-" "-"
111.243.205.46 - - [12/Feb/2016:00:30:13 +0100] "CONNECT 163mx02.mxmail.netease.com:25 HTTP/1.0" 405 355 "-" "-"
142.54.169.166 - - [12/Feb/2016:00:52:42 +0100] "GET / HTTP/1.1" 200 1229 "-" "Mozilla/4.0 (compatible; MSIE 8.0; Windows NT 6.1; Trident/4.0; SLCC2; .NET CLR 2.0.50727; .NET CLR 3.5.30729; .NET CLR 3.0.30729; Media Center PC 6.0)"
142.54.160.214 - - [12/Feb/2016:00:58:48 +0100] "GET / HTTP/1.1" 200 1229 "-" "Mozilla/4.0 (compatible; MSIE 8.0; Windows NT 6.1; Trident/4.0; SLCC2; .NET CLR 2.0.50727; .NET CLR 3.5.30729; .NET CLR 3.0.30729; Media Center PC 6.0)"
142.54.160.212 - - [12/Feb/2016:00:59:20 +0100] "GET / HTTP/1.1" 200 1229 "-" "Mozilla/4.0 (compatible; MSIE 8.0; Windows NT 6.1; Trident/4.0; SLCC2; .NET CLR 2.0.50727; .NET CLR 3.5.30729; .NET CLR 3.0.30729; Media Center PC 6.0)"
5.9.89.170 - - [12/Feb/2016:01:17:48 +0100] "GET /robots.txt HTTP/1.0" 404 328 "-" "Mozilla/5.0 (compatible; MJ12bot/v1.4.5; http://www.majestic12.co.uk/bot.php?+)"
5.9.89.170 - - [12/Feb/2016:01:17:49 +0100] "GET / HTTP/1.0" 200 1229 "-" "Mozilla/5.0 (compatible; MJ12bot/v1.4.5; http://www.majestic12.co.uk/bot.php?+)"
115.231.222.14 - - [12/Feb/2016:01:28:27 +0100] "GET http://zc.qq.com/cgi-bin/common/attr?id=260714&r=0.8581973496412376 HTTP/1.1" 404 320 "-" "Mozilla/5.0 (compatible; MSIE 9.0; Windows NT 6.1; Trident/5.0; 360SE)"
115.231.222.14 - - [12/Feb/2016:01:28:28 +0100] "GET http://zc.qq.com/cgi-bin/common/attr?id=260714&r=0.3026395730102847 HTTP/1.1" 404 320 "-" "Mozilla/5.0 (compatible; MSIE 9.0; Windows NT 6.1; Trident/5.0; 360SE)"
142.54.169.164 - - [12/Feb/2016:01:59:36 +0100] "GET / HTTP/1.1" 200 1229 "-" "Mozilla/4.0 (compatible; MSIE 8.0; Windows NT 6.1; Trident/4.0; SLCC2; .NET CLR 2.0.50727; .NET CLR 3.5.30729; .NET CLR 3.0.30729; Media Center PC 6.0)"
198.20.69.74 - - [12/Feb/2016:02:19:28 +0100] "GET / HTTP/1.1" 200 1229 "-" "-"
198.20.69.74 - - [12/Feb/2016:02:19:28 +0100] "GET /robots.txt HTTP/1.1" 404 315 "-" "-"
198.20.69.74 - - [12/Feb/2016:02:19:28 +0100] "GET /sitemap.xml HTTP/1.1" 404 316 "-" "-"
111.248.61.26 - - [12/Feb/2016:02:22:11 +0100] "CONNECT 163mx03.mxmail.netease.com:25 HTTP/1.0" 405 355 "-" "-"
142.54.160.214 - - [12/Feb/2016:03:09:30 +0100] "GET / HTTP/1.1" 200 1229 "-" "Mozilla/4.0 (compatible; MSIE 8.0; Windows NT 6.1; Trident/4.0; SLCC2; .NET CLR 2.0.50727; .NET CLR 3.5.30729; .NET CLR 3.0.30729; Media Center PC 6.0)"
111.248.63.150 - - [12/Feb/2016:03:18:40 +0100] "CONNECT vip163mx00.mxmail.netease.com:25 HTTP/1.0" 405 358 "-" "-"
115.231.222.14 - - [12/Feb/2016:03:42:45 +0100] "GET http://zc.qq.com/cgi-bin/common/attr?id=260714&r=0.2171186567017176 HTTP/1.1" 404 320 "-" "Mozilla/5.0 (compatible; MSIE 9.0; Windows NT 6.1; Trident/5.0; 360SE)"
142.54.169.165 - - [12/Feb/2016:04:13:40 +0100] "GET / HTTP/1.1" 200 1229 "-" "Mozilla/4.0 (compatible; MSIE 8.0; Windows NT 6.1; Trident/4.0; SLCC2; .NET CLR 2.0.50727; .NET CLR 3.5.30729; .NET CLR 3.0.30729; Media Center PC 6.0)" scanner03.project25499.com - - [12/Feb/2016:04:55:21 +0100] "GET /server-status HTTP/1.1" 403 322 "-" "Mozilla/5.0 Project 25499 (project25499.com)"
115.231.222.14 - - [12/Feb/2016:05:55:54 +0100] "GET http://zc.qq.com/cgi-bin/common/attr?id=260714&r=0.6327871868966534 HTTP/1.1" 404 320 "-" "Mozilla/5.0 (compatible; MSIE 9.0; Windows NT 6.1; Trident/5.0; 360SE)"
115.231.222.14 - - [12/Feb/2016:05:55:54 +0100] "GET http://zc.qq.com/cgi-bin/common/attr?id=260714&r=0.2847476773894744 HTTP/1.1" 404 320 "-" "Mozilla/5.0 (compatible; MSIE 9.0; Windows NT 6.1; Trident/5.0; 360SE)"
64.188.44.116 - - [12/Feb/2016:07:33:43 +0100] "GET /phpMyAdmin/scripts/setup.php HTTP/1.1" 404 333 "-" "-"
64.188.44.116 - - [12/Feb/2016:07:33:49 +0100] "GET /pma/scripts/setup.php HTTP/1.1" 404 326 "-" "-"
64.188.44.116 - - [12/Feb/2016:07:33:54 +0100] "GET /myadmin/scripts/setup.php HTTP/1.1" 404 330 "-" "-"
74.91.28.58 - - [12/Feb/2016:07:56:14 +0100] "GET / HTTP/1.1" 200 1229 "-" "Mozilla/4.0 (compatible; MSIE 8.0; Windows NT 6.1; Trident/4.0; SLCC2; .NET CLR 2.0.50727; .NET CLR 3.5.30729; .NET CLR 3.0.30729; Media Center PC 6.0)"
188.138.17.205 - - [12/Feb/2016:08:40:01 +0100] "GET / HTTP/1.1" 200 1229 "-" "-"
188.138.17.205 - - [12/Feb/2016:08:40:01 +0100] "GET /robots.txt HTTP/1.1" 404 315 "-" "-"
188.138.17.205 - - [12/Feb/2016:08:40:01 +0100] "GET /sitemap.xml HTTP/1.1" 404 316 "-" "-" scanner03.project25499.com - - [12/Feb/2016:08:50:16 +0100] "GET /server-status HTTP/1.1" 403 322 "-" "Mozilla/5.0 Project 25499 (project25499.com)"
74.91.28.60 - - [12/Feb/2016:08:59:37 +0100] "GET / HTTP/1.1" 200 1229 "-" "Mozilla/4.0 (compatible; MSIE 8.0; Windows NT 6.1; Trident/4.0; SLCC2; .NET CLR 2.0.50727; .NET CLR 3.5.30729; .NET CLR 3.0.30729; Media Center PC 6.0)"
209.58.178.145 - - [12/Feb/2016:09:16:54 +0100] "GET /robots.txt HTTP/1.0" 404 328 "-" "Mozilla/5.0 (compatible; MJ12bot/v1.4.5; http://www.majestic12.co.uk/bot.php?+)"
209.58.178.145 - - [12/Feb/2016:09:16:56 +0100] "GET / HTTP/1.0" 200 1229 "-" "Mozilla/5.0 (compatible; MJ12bot/v1.4.5; http://www.majestic12.co.uk/bot.php?+)"
115.231.222.14 - - [12/Feb/2016:10:23:46 +0100] "GET http://zc.qq.com/cgi-bin/common/attr?id=260714&r=0.6095032551755453 HTTP/1.1" 404 320 "-" "Mozilla/5.0 (compatible; MSIE 9.0; Windows NT 6.1; Trident/5.0; 360SE)"
115.231.222.14 - - [12/Feb/2016:10:23:46 +0100] "GET http://zc.qq.com/cgi-bin/common/attr?id=260714&r=0.6733407838245366 HTTP/1.1" 404 320 "-" "Mozilla/5.0 (compatible; MSIE 9.0; Windows NT 6.1; Trident/5.0; 360SE)"
115.231.222.14 - - [12/Feb/2016:10:23:47 +0100] "GET http://zc.qq.com/cgi-bin/common/attr?id=260714&r=0.8583383127985439 HTTP/1.1" 404 320 "-" "Mozilla/5.0 (compatible; MSIE 9.0; Windows NT 6.1; Trident/5.0; 360SE)"
185.40.4.17 - - [12/Feb/2016:10:29:41 +0100] "GET / HTTP/1.1" 200 1229 "-" "-"
185.40.4.17 - - [12/Feb/2016:10:29:42 +0100] "GET / HTTP/1.1" 200 1229 "-" "-"
185.40.4.17 - - [12/Feb/2016:10:29:42 +0100] "GET / HTTP/1.1" 200 1229 "-" "-"
185.40.4.17 - - [12/Feb/2016:10:29:42 +0100] "GET / HTTP/1.1" 200 1229 "-" "-"
185.40.4.17 - - [12/Feb/2016:10:29:43 +0100] "GET / HTTP/1.1" 200 1229 "-" "-"
185.40.4.17 - - [12/Feb/2016:10:29:43 +0100] "GET / HTTP/1.1" 200 1229 "-" "-"
185.40.4.17 - - [12/Feb/2016:10:29:43 +0100] "GET / HTTP/1.1" 200 1229 "-" "-"
185.40.4.17 - - [12/Feb/2016:10:29:43 +0100] "GET / HTTP/1.1" 200 1229 "-" "-"
185.40.4.17 - - [12/Feb/2016:10:29:49 +0100] "GET / HTTP/1.1" 200 1229 "-" "-"
185.40.4.17 - - [12/Feb/2016:10:29:49 +0100] "GET / HTTP/1.1" 200 1229 "-" "-"
111.248.113.217 - - [12/Feb/2016:11:06:20 +0100] "CONNECT 163mx02.mxmail.netease.com:25 HTTP/1.0" 405 355 "-" "-"
111.248.112.97 - - [12/Feb/2016:11:16:20 +0100] "CONNECT vip163mx00.mxmail.netease.com:25 HTTP/1.0" 405 358 "-" "-"
128.232.110.28 - - [12/Feb/2016:11:36:04 +0100] "GET / HTTP/1.1" 200 1229 "-" "Mozilla/5.0 zgrab/0.x"
169.229.3.91 - - [12/Feb/2016:11:36:46 +0100] "~\x90t\x04\x81o\x8b\xfb \xe9\b\xfc\x88&\xc3\x86\"\xb3\xd7" 400 329 "-" "-"
115.231.222.14 - - [12/Feb/2016:12:37:42 +0100] "GET http://zc.qq.com/cgi-bin/common/attr?id=260714&r=0.3304263214597845 HTTP/1.1" 404 320 "-" "Mozilla/5.0 (compatible; MSIE 9.0; Windows NT 6.1; Trident/5.0; 360SE)"
115.231.222.14 - - [12/Feb/2016:12:37:42 +0100] "GET http://zc.qq.com/cgi-bin/common/attr?id=260714&r=0.8079275879668252 HTTP/1.1" 404 320 "-" "Mozilla/5.0 (compatible; MSIE 9.0; Windows NT 6.1; Trident/5.0; 360SE)"
115.231.222.14 - - [12/Feb/2016:12:37:44 +0100] "GET http://zc.qq.com/cgi-bin/common/attr?id=260714&r=0.4954416057234443 HTTP/1.1" 404 320 "-" "Mozilla/5.0 (compatible; MSIE 9.0; Windows NT 6.1; Trident/5.0; 360SE)"
115.231.222.14 - - [12/Feb/2016:12:37:44 +0100] "GET http://zc.qq.com/cgi-bin/common/attr?id=260714&r=0.3394418602136837 HTTP/1.1" 404 320 "-" "Mozilla/5.0 (compatible; MSIE 9.0; Windows NT 6.1; Trident/5.0; 360SE)"
111.248.113.217 - - [12/Feb/2016:13:45:20 +0100] "CONNECT 163mx02.mxmail.netease.com:25 HTTP/1.0" 405 355 "-" "-"
141.212.122.177 - - [12/Feb/2016:14:12:40 +0100] "GET / HTTP/1.1" 200 1229 "-" "Mozilla/5.0 zgrab/0.x"
169.229.3.91 - - [12/Feb/2016:14:43:11 +0100] "\xb9\x8c\x87\x8fFsxp\x19\x0f\x1fsh<`\xcf\x9f\xd8=\x83\x9d\xb6\xdc\xd8\xc9\x9a\x88\x0e\xb2\x19;f\x99\xae7>\x1a\xe8\x8b\xb9\xfc/\xa5Grsv\xf7qE\x81" 501 372 "-" "-"
115.231.222.14 - - [12/Feb/2016:14:51:24 +0100] "GET http://zc.qq.com/cgi-bin/common/attr?id=260714&r=0.5086892372206512 HTTP/1.1" 404 320 "-" "Mozilla/5.0 (compatible; MSIE 9.0; Windows NT 6.1; Trident/5.0; 360SE)"
115.231.222.14 - - [12/Feb/2016:17:05:28 +0100] "GET http://zc.qq.com/cgi-bin/common/attr?id=260714&r=0.1830690603746466 HTTP/1.1" 404 320 "-" "Mozilla/5.0 (compatible; MSIE 9.0; Windows NT 6.1; Trident/5.0; 360SE)" scanner03.project25499.com - - [12/Feb/2016:17:07:15 +0100] "GET /server-status HTTP/1.1" 403 322 "-" "Mozilla/5.0 Project 25499 (project25499.com)"
141.212.122.177 - - [12/Feb/2016:18:21:43 +0100] "GET / HTTP/1.1" 200 1229 "-" "Mozilla/5.0 zgrab/0.x"
115.231.222.14 - - [12/Feb/2016:19:19:07 +0100] "GET http://zc.qq.com/cgi-bin/common/attr?id=260714&r=0.9366001412418642 HTTP/1.1" 404 320 "-" "Mozilla/5.0 (compatible; MSIE 9.0; Windows NT 6.1; Trident/5.0; 360SE)"
115.231.222.14 - - [12/Feb/2016:19:19:08 +0100] "GET http://zc.qq.com/cgi-bin/common/attr?id=260714&r=0.7825541305185268 HTTP/1.1" 404 320 "-" "Mozilla/5.0 (compatible; MSIE 9.0; Windows NT 6.1; Trident/5.0; 360SE)"
110.249.142.199 - - [12/Feb/2016:21:17:01 +0100] "POST /index.login.action HTTP/1.1" 404 323 "-" "Mozilla/5.0"
110.249.142.199 - - [12/Feb/2016:21:17:01 +0100] "POST /index.login.action HTTP/1.1" 404 323 "-" "Mozilla/5.0"
110.249.142.199 - - [12/Feb/2016:21:17:02 +0100] "POST /index.login.action HTTP/1.1" 404 323 "-" "Mozilla/5.0"
110.249.142.199 - - [12/Feb/2016:21:17:02 +0100] "POST /index.login.action HTTP/1.1" 404 323 "-" "Mozilla/5.0"
110.249.142.199 - - [12/Feb/2016:21:17:03 +0100] "POST /index.login.action HTTP/1.1" 404 323 "-" "Mozilla/5.0"
110.249.142.199 - - [12/Feb/2016:21:17:05 +0100] "POST /index.login.action HTTP/1.1" 404 323 "-" "Mozilla/5.0"
110.249.142.199 - - [12/Feb/2016:21:17:05 +0100] "POST /index.login.action HTTP/1.1" 404 323 "-" "Mozilla/5.0"
110.249.142.199 - - [12/Feb/2016:21:17:05 +0100] "POST /index.login.action HTTP/1.1" 404 323 "-" "Mozilla/5.0"
115.231.222.14 - - [12/Feb/2016:21:32:54 +0100] "GET http://zc.qq.com/cgi-bin/common/attr?id=260714&r=0.1213752742263838 HTTP/1.1" 404 320 "-" "Mozilla/5.0 (compatible; MSIE 9.0; Windows NT 6.1; Trident/5.0; 360SE)"
66.249.78.69 - - [12/Feb/2016:22:59:52 +0100] "GET /robots.txt HTTP/1.1" 404 323 "-" "Mozilla/5.0 (compatible; Googlebot/2.1; +http://www.google.com/bot.html)"
66.249.66.126 - - [12/Feb/2016:22:59:52 +0100] "GET /aeb.html HTTP/1.1" 404 321 "-" "Mozilla/5.0 (compatible; Googlebot/2.1; +http://www.google.com/bot.html)"
91.196.50.33 - - [12/Feb/2016:23:02:45 +0100] "GET http://testp2.czar.bielawa.pl/testproxy.php HTTP/1.1" 404 327 "-" "Mozilla/5.0 (Windows NT 5.1; rv:32.0) Gecko/20100101 Firefox/31.0"
91.196.50.33 - - [12/Feb/2016:23:03:04 +0100] "GET http://testp2.czar.bielawa.pl/testproxy.php HTTP/1.1" 404 327 "-" "Mozilla/5.0 (Windows NT 5.1; rv:32.0) Gecko/20100101 Firefox/31.0"
185.25.151.159 - - [12/Feb/2016:23:14:07 +0100] "GET http://testp4.pospr.waw.pl/testproxy.php HTTP/1.1" 404 324 "-" "Mozilla/5.0 (Windows NT 5.1; rv:32.0) Gecko/20100101 Firefox/31.0"
66.249.78.76 - - [12/Feb/2016:23:19:22 +0100] "GET /anspruch.html HTTP/1.1" 404 326 "-" "Mozilla/5.0 (compatible; Googlebot/2.1; +http://www.google.com/bot.html)"
66.249.66.122 - - [12/Feb/2016:23:25:21 +0100] "GET /qualitaet.html HTTP/1.1" 404 327 "-" "Mozilla/5.0 (compatible; Googlebot/2.1; +http://www.google.com/bot.html)"
66.249.78.76 - - [12/Feb/2016:23:28:22 +0100] "GET /reporting.html HTTP/1.1" 404 327 "-" "Mozilla/5.0 (compatible; Googlebot/2.1; +http://www.google.com/bot.html)"
66.249.78.69 - - [12/Feb/2016:23:43:51 +0100] "GET /datenschutz.html HTTP/1.1" 404 329 "-" "Mozilla/5.0 (compatible; Googlebot/2.1; +http://www.google.com/bot.html)"
66.249.78.76 - - [12/Feb/2016:23:56:12 +0100] "GET /firmenprofil.html HTTP/1.1" 404 330 "-" "Mozilla/5.0 (compatible; Googlebot/2.1; +http://www.google.com/bot.html)"
