193.92.3.66 - - [22/Feb/2016:02:16:31 +0100] "GET / HTTP/1.0" 200 1229 "-" "-"
115.231.222.14 - - [22/Feb/2016:02:42:04 +0100] "GET http://zc.qq.com/cgi-bin/common/attr?id=260714&r=0.0016623531679980 HTTP/1.1" 404 320 "-" "Mozilla/5.0 (compatible; MSIE 9.0; Windows NT 6.1; Trident/5.0; 360SE)"
54.183.179.201 - - [22/Feb/2016:02:59:43 +0100] "GET / HTTP/1.0" 200 1229 "-" "Mozilla/5.0 (Windows NT 6.3; rv:36.0 Gecko/20100101 Firefox/36.0"
66.249.64.15 - - [22/Feb/2016:03:07:37 +0100] "GET /robots.txt HTTP/1.1" 404 318 "-" "Mozilla/5.0 (compatible; Googlebot/2.1; +http://www.google.com/bot.html)"
66.249.64.1 - - [22/Feb/2016:03:07:37 +0100] "GET / HTTP/1.1" 200 1229 "-" "Mozilla/5.0 (compatible; Googlebot/2.1; +http://www.google.com/bot.html)"
141.212.122.129 - - [22/Feb/2016:03:36:22 +0100] "GET /x HTTP/1.1" 400 329 "-" "Telesphoreo"
111.243.204.71 - - [22/Feb/2016:04:21:40 +0100] "CONNECT vip163mx01.mxmail.netease.com:25 HTTP/1.0" 405 358 "-" "-"
115.231.222.14 - - [22/Feb/2016:04:55:18 +0100] "GET http://zc.qq.com/cgi-bin/common/attr?id=260714&r=0.2668084962778667 HTTP/1.1" 404 320 "-" "Mozilla/5.0 (compatible; MSIE 9.0; Windows NT 6.1; Trident/5.0; 360SE)"
115.231.222.14 - - [22/Feb/2016:04:55:19 +0100] "GET http://zc.qq.com/cgi-bin/common/attr?id=260714&r=0.0411164907202342 HTTP/1.1" 404 320 "-" "Mozilla/5.0 (compatible; MSIE 9.0; Windows NT 6.1; Trident/5.0; 360SE)"
66.249.64.246 - - [22/Feb/2016:05:18:19 +0100] "GET /robots.txt HTTP/1.1" 404 323 "-" "Mozilla/5.0 (compatible; Googlebot/2.1; +http://www.google.com/bot.html)"
66.249.64.241 - - [22/Feb/2016:05:18:19 +0100] "GET / HTTP/1.1" 200 1229 "-" "Mozilla/5.0 (compatible; Googlebot/2.1; +http://www.google.com/bot.html)"
36.226.247.156 - - [22/Feb/2016:06:03:21 +0100] "CONNECT vip163mx01.mxmail.netease.com:25 HTTP/1.0" 405 358 "-" "-"
128.232.110.28 - - [22/Feb/2016:07:08:17 +0100] "GET / HTTP/1.1" 200 1229 "-" "Mozilla/5.0 zgrab/0.x"
54.86.117.151 - - [22/Feb/2016:07:17:07 +0100] "GET / HTTP/1.1" 400 7640 "-" "-"
54.164.13.252 - - [22/Feb/2016:07:17:11 +0100] "GET / HTTP/1.1" 400 6192 "-" "-"
54.86.117.151 - - [22/Feb/2016:07:17:13 +0100] "GET / HTTP/1.1" 400 6192 "-" "-"
54.88.105.181 - - [22/Feb/2016:07:17:39 +0100] "GET / HTTP/1.1" 400 7660 "-" "-"
54.152.149.55 - - [22/Feb/2016:07:24:45 +0100] "GET / HTTP/1.1" 400 7640 "-" "-"
54.88.123.178 - - [22/Feb/2016:07:25:03 +0100] "GET / HTTP/1.1" 400 7660 "-" "-"
54.152.149.55 - - [22/Feb/2016:07:28:01 +0100] "GET / HTTP/1.1" 400 6192 "-" "-"
54.152.149.55 - - [22/Feb/2016:07:35:16 +0100] "GET / HTTP/1.1" 400 6202 "-" "-"
128.232.110.28 - - [22/Feb/2016:07:41:15 +0100] "GET / HTTP/1.1" 200 1229 "-" "Mozilla/5.0 zgrab/0.x"
128.232.110.28 - - [22/Feb/2016:07:41:29 +0100] "GET / HTTP/1.1" 200 1229 "-" "Mozilla/5.0 zgrab/0.x"
54.164.13.252 - - [22/Feb/2016:07:44:12 +0100] "GET / HTTP/1.1" 400 7640 "-" "-"
54.88.182.83 - - [22/Feb/2016:07:48:24 +0100] "GET / HTTP/1.1" 400 7640 "-" "-"
54.152.149.55 - - [22/Feb/2016:07:50:27 +0100] "GET / HTTP/1.1" 400 6196 "-" "-"
54.88.182.83 - - [22/Feb/2016:08:06:49 +0100] "GET / HTTP/1.1" 400 6192 "-" "-"
54.86.94.3 - - [22/Feb/2016:08:12:01 +0100] "GET / HTTP/1.1" 400 7640 "-" "-"
52.91.39.158 - - [22/Feb/2016:08:12:13 +0100] "GET / HTTP/1.1" 400 7644 "-" "-"
52.91.39.158 - - [22/Feb/2016:08:17:32 +0100] "GET / HTTP/1.1" 400 7640 "-" "-"
54.88.182.83 - - [22/Feb/2016:08:33:31 +0100] "GET / HTTP/1.1" 400 7656 "-" "-"
128.232.110.28 - - [22/Feb/2016:08:38:24 +0100] "GET / HTTP/1.1" 200 1229 "-" "Mozilla/5.0 zgrab/0.x"
54.86.94.3 - - [22/Feb/2016:08:38:41 +0100] "GET / HTTP/1.1" 400 6192 "-" "-"
61.148.124.38 - - [22/Feb/2016:08:40:01 +0100] "GET /manager/html HTTP/1.1" 404 317 "-" "Mozilla/3.0 (compatible; Indy Library)"
61.148.124.38 - - [22/Feb/2016:08:40:03 +0100] "GET /manager/html HTTP/1.1" 404 317 "-" "Mozilla/3.0 (compatible; Indy Library)"
61.148.124.38 - - [22/Feb/2016:08:40:08 +0100] "GET /manager/html HTTP/1.1" 404 317 "-" "Mozilla/3.0 (compatible; Indy Library)"
61.148.124.38 - - [22/Feb/2016:08:40:13 +0100] "GET /manager/html HTTP/1.1" 404 317 "-" "Mozilla/3.0 (compatible; Indy Library)"
61.148.124.38 - - [22/Feb/2016:08:40:14 +0100] "GET /manager/html HTTP/1.1" 404 317 "-" "Mozilla/3.0 (compatible; Indy Library)"
128.232.110.28 - - [22/Feb/2016:08:58:02 +0100] "GET / HTTP/1.1" 200 1229 "-" "Mozilla/5.0 zgrab/0.x"
60.166.5.234 - - [22/Feb/2016:09:16:37 +0100] "GET /administrator/index.php HTTP/1.1" 404 328 "-" "Mozilla/4.0 (compatible; MSIE 6.0; Windows NT 5.1"
60.166.5.234 - - [22/Feb/2016:09:16:37 +0100] "GET /administrator/index.php HTTP/1.1" 404 328 "-" "Mozilla/4.0 (compatible; MSIE 6.0; Windows NT 5.1"
60.166.5.234 - - [22/Feb/2016:09:16:37 +0100] "GET /administrator/index.php HTTP/1.1" 404 328 "-" "Mozilla/4.0 (compatible; MSIE 6.0; Windows NT 5.1"
60.166.5.234 - - [22/Feb/2016:09:16:37 +0100] "GET /administrator/index.php HTTP/1.1" 404 328 "-" "Mozilla/4.0 (compatible; MSIE 6.0; Windows NT 5.1"
60.166.5.234 - - [22/Feb/2016:09:16:37 +0100] "GET /administrator/index.php HTTP/1.1" 404 328 "-" "Mozilla/4.0 (compatible; MSIE 6.0; Windows NT 5.1"
60.166.5.234 - - [22/Feb/2016:09:16:38 +0100] "GET /administrator/index.php HTTP/1.1" 404 328 "-" "Mozilla/4.0 (compatible; MSIE 6.0; Windows NT 5.1"
60.166.5.234 - - [22/Feb/2016:09:16:38 +0100] "GET /administrator/index.php HTTP/1.1" 404 328 "-" "Mozilla/4.0 (compatible; MSIE 6.0; Windows NT 5.1"
60.166.5.234 - - [22/Feb/2016:09:16:38 +0100] "GET /administrator/index.php HTTP/1.1" 404 328 "-" "Mozilla/4.0 (compatible; MSIE 6.0; Windows NT 5.1"
60.166.5.234 - - [22/Feb/2016:09:16:40 +0100] "GET /administrator/index.php HTTP/1.1" 404 328 "-" "Mozilla/4.0 (compatible; MSIE 6.0; Windows NT 5.1"
54.88.182.83 - - [22/Feb/2016:09:21:29 +0100] "GET /seiten/team.htm HTTP/1.1" 400 7640 "-" "-"
54.88.105.181 - - [22/Feb/2016:09:21:32 +0100] "GET /seiten/leistungen.htm HTTP/1.1" 400 7640 "-" "-"
54.86.94.3 - - [22/Feb/2016:09:21:33 +0100] "GET /seiten/praxis.htm HTTP/1.1" 400 6192 "-" "-"
54.152.149.55 - - [22/Feb/2016:09:22:15 +0100] "GET /leistungen.php HTTP/1.1" 400 6196 "-" "-"
54.88.105.181 - - [22/Feb/2016:09:22:22 +0100] "GET /praxis.php HTTP/1.1" 400 7640 "-" "-"
115.231.222.14 - - [22/Feb/2016:09:22:41 +0100] "GET http://zc.qq.com/cgi-bin/common/attr?id=260714&r=0.7429754688175856 HTTP/1.1" 404 320 "-" "Mozilla/5.0 (compatible; MSIE 9.0; Windows NT 6.1; Trident/5.0; 360SE)"
115.231.222.14 - - [22/Feb/2016:09:22:41 +0100] "GET http://zc.qq.com/cgi-bin/common/attr?id=260714&r=0.1921836327077284 HTTP/1.1" 404 320 "-" "Mozilla/5.0 (compatible; MSIE 9.0; Windows NT 6.1; Trident/5.0; 360SE)"
115.231.222.14 - - [22/Feb/2016:09:22:41 +0100] "GET http://zc.qq.com/cgi-bin/common/attr?id=260714&r=0.2722303771633498 HTTP/1.1" 404 320 "-" "Mozilla/5.0 (compatible; MSIE 9.0; Windows NT 6.1; Trident/5.0; 360SE)"
115.231.222.14 - - [22/Feb/2016:09:22:46 +0100] "GET http://zc.qq.com/cgi-bin/common/attr?id=260714&r=0.1267925211412448 HTTP/1.1" 404 320 "-" "Mozilla/5.0 (compatible; MSIE 9.0; Windows NT 6.1; Trident/5.0; 360SE)"
54.86.117.151 - - [22/Feb/2016:09:26:02 +0100] "GET /seiten/leistungen.htm HTTP/1.1" 400 7640 "-" "-"
54.86.166.58 - - [22/Feb/2016:09:26:04 +0100] "GET /seiten/ausbildung.htm HTTP/1.1" 400 6192 "-" "-"
54.88.182.83 - - [22/Feb/2016:09:26:05 +0100] "GET /seiten/referenzen.htm HTTP/1.1" 400 7640 "-" "-"
54.88.182.83 - - [22/Feb/2016:09:26:05 +0100] "GET /seiten/kontakt.php HTTP/1.1" 400 7640 "-" "-"
54.86.117.151 - - [22/Feb/2016:10:30:52 +0100] "GET /location.html HTTP/1.1" 400 6192 "-" "-"
54.86.117.151 - - [22/Feb/2016:10:30:52 +0100] "GET /picture.html HTTP/1.1" 400 7640 "-" "-"
52.91.39.158 - - [22/Feb/2016:10:41:09 +0100] "GET /impressum.php HTTP/1.1" 400 7640 "-" "-"
54.88.182.83 - - [22/Feb/2016:10:41:09 +0100] "GET /aktuelles.php HTTP/1.1" 400 7650 "-" "-"
54.86.94.3 - - [22/Feb/2016:10:41:09 +0100] "GET /angebote.php HTTP/1.1" 400 7640 "-" "-"
54.88.105.181 - - [22/Feb/2016:10:41:10 +0100] "GET /download/Geda-Zubehoer.pdf HTTP/1.1" 400 6192 "-" "-"
54.86.94.3 - - [22/Feb/2016:10:41:10 +0100] "GET /leistungen.php HTTP/1.1" 400 7640 "-" "-"
54.86.166.58 - - [22/Feb/2016:10:41:13 +0100] "GET /unternehmen.php HTTP/1.1" 400 6192 "-" "-"
54.88.105.181 - - [22/Feb/2016:10:48:51 +0100] "GET /impressum.html HTTP/1.1" 400 6196 "-" "-"
54.88.105.181 - - [22/Feb/2016:10:48:54 +0100] "GET /kontakt.html HTTP/1.1" 400 6192 "-" "-"
54.86.166.58 - - [22/Feb/2016:10:57:47 +0100] "GET /impressum.html HTTP/1.1" 400 7640 "-" "-"
52.91.39.158 - - [22/Feb/2016:10:57:51 +0100] "GET /sonderthemen/archiv.html HTTP/1.1" 400 7640 "-" "-"
54.88.105.181 - - [22/Feb/2016:11:04:02 +0100] "GET /seiten/referenzen.htm HTTP/1.1" 400 6192 "-" "-"
54.86.94.3 - - [22/Feb/2016:11:04:04 +0100] "GET /seiten/service.htm HTTP/1.1" 400 6192 "-" "-"
54.86.117.151 - - [22/Feb/2016:11:04:04 +0100] "GET /seiten/impr.htm HTTP/1.1" 400 6192 "-" "-"
54.88.182.83 - - [22/Feb/2016:11:04:04 +0100] "GET /seiten/produkte.htm HTTP/1.1" 400 7650 "-" "-"
107.150.33.62 - - [22/Feb/2016:11:14:38 +0100] "GET / HTTP/1.1" 200 1229 "-" "Mozilla/4.0 (compatible; MSIE 8.0; Windows NT 6.1; Trident/4.0; SLCC2; .NET CLR 2.0.50727; .NET CLR 3.5.30729; .NET CLR 3.0.30729; Media Center PC 6.0)"
169.229.3.91 - - [22/Feb/2016:11:21:19 +0100] "\xa1\xc6\x18\xdd^9\xe7\"\x8d1\xbaCeU\xa0FDy\x03\x8a6\xc6\x1a\xfa\x8f\x9a\x86\x0c\xf1L\x83\xde.O\xd7C\x9f," 400 329 "-" "-"
54.86.166.58 - - [22/Feb/2016:11:21:24 +0100] "GET /uns.html HTTP/1.1" 400 6192 "-" "-"
54.86.166.58 - - [22/Feb/2016:11:21:24 +0100] "GET /referenzen.html HTTP/1.1" 400 7640 "-" "-"
52.91.39.158 - - [22/Feb/2016:11:21:25 +0100] "GET /leistungen.html HTTP/1.1" 400 7640 "-" "-"
52.91.247.74 - - [22/Feb/2016:11:21:25 +0100] "GET /impressum.html HTTP/1.1" 400 7714 "-" "-"
66.249.64.170 - - [22/Feb/2016:11:50:53 +0100] "GET /robots.txt HTTP/1.1" 404 333 "-" "Mozilla/5.0 (compatible; Googlebot/2.1; +http://www.google.com/bot.html)"
66.249.64.175 - - [22/Feb/2016:11:50:53 +0100] "GET / HTTP/1.1" 200 1229 "-" "Mozilla/5.0 (compatible; Googlebot/2.1; +http://www.google.com/bot.html)"
169.229.3.91 - - [22/Feb/2016:12:10:39 +0100] "\xe1\xf7\x8em\x1e\bq\x92\xef\x1d\xdb\xc2\xcf \xb1\x19R\x04\xbf\xe5\xbf\xb9q\xdb\xbd\x9a_i(\xfex\xcf\xab\x8c\x8dw\xfa\x85\x12\x8c\xc0\xcb\xff" 400 329 "-" "-"
66.249.64.241 - - [22/Feb/2016:12:33:24 +0100] "GET / HTTP/1.1" 200 1229 "-" "Mozilla/5.0 (compatible; Googlebot/2.1; +http://www.google.com/bot.html)"
173.208.206.203 - - [22/Feb/2016:12:35:05 +0100] "GET / HTTP/1.1" 200 1229 "-" "Mozilla/4.0 (compatible; MSIE 8.0; Windows NT 6.1; Trident/4.0; SLCC2; .NET CLR 2.0.50727; .NET CLR 3.5.30729; .NET CLR 3.0.30729; Media Center PC 6.0)"
115.231.222.14 - - [22/Feb/2016:13:50:46 +0100] "GET http://zc.qq.com/cgi-bin/common/attr?id=260714&r=0.7792049375312135 HTTP/1.1" 404 320 "-" "Mozilla/5.0 (compatible; MSIE 9.0; Windows NT 6.1; Trident/5.0; 360SE)"
107.150.33.59 - - [22/Feb/2016:14:03:27 +0100] "GET / HTTP/1.1" 200 1229 "-" "Mozilla/4.0 (compatible; MSIE 8.0; Windows NT 6.1; Trident/4.0; SLCC2; .NET CLR 2.0.50727; .NET CLR 3.5.30729; .NET CLR 3.0.30729; Media Center PC 6.0)"
107.150.60.74 - - [22/Feb/2016:15:02:05 +0100] "GET / HTTP/1.1" 200 1229 "-" "Mozilla/4.0 (compatible; MSIE 8.0; Windows NT 6.1; Trident/4.0; SLCC2; .NET CLR 2.0.50727; .NET CLR 3.5.30729; .NET CLR 3.0.30729; Media Center PC 6.0)"
146.185.239.100 - - [22/Feb/2016:15:04:11 +0100] "GET http://24x7-allrequestsallowed.com/?PHPSESSID=aab45f4f00143SSQJ_W_EFBF%5CD HTTP/1.1" 200 1229 "-" "-"
66.249.64.15 - - [22/Feb/2016:15:07:26 +0100] "GET / HTTP/1.1" 200 1229 "-" "Mozilla/5.0 (compatible; Googlebot/2.1; +http://www.google.com/bot.html)"
113.76.90.34 - - [22/Feb/2016:15:56:51 +0100] "GET / HTTP/1.1" 200 1229 "-" "Mozilla/4.0 (compatible; MSIE 8.0; Windows NT 6.1; Trident/4.0; SLCC2; .NET CLR 2.0.50727; .NET CLR 3.5.30729; .NET CLR 3.0.30729; Media Center PC 6.0; InfoPath.2; .NET4.0C; .NET4.0E)"
115.231.222.14 - - [22/Feb/2016:16:03:52 +0100] "GET http://zc.qq.com/cgi-bin/common/attr?id=260714&r=0.1681673911287258 HTTP/1.1" 404 320 "-" "Mozilla/5.0 (compatible; MSIE 9.0; Windows NT 6.1; Trident/5.0; 360SE)"
115.231.222.14 - - [22/Feb/2016:16:03:52 +0100] "GET http://zc.qq.com/cgi-bin/common/attr?id=260714&r=0.9313918796638393 HTTP/1.1" 404 320 "-" "Mozilla/5.0 (compatible; MSIE 9.0; Windows NT 6.1; Trident/5.0; 360SE)"
128.232.110.28 - - [22/Feb/2016:16:09:36 +0100] "GET / HTTP/1.1" 200 1229 "-" "Mozilla/5.0 zgrab/0.x"
45.55.182.56 - - [22/Feb/2016:16:42:54 +0100] "GET /robots.txt HTTP/1.1" 404 323 "-" "Mozilla/5.0 (compatible; spbot/5.0; +http://OpenLinkProfiler.org/bot )"
45.55.182.56 - - [22/Feb/2016:16:42:59 +0100] "GET / HTTP/1.1" 200 1229 "-" "Mozilla/5.0 (compatible; spbot/5.0; +http://OpenLinkProfiler.org/bot )"
128.232.110.28 - - [22/Feb/2016:16:52:44 +0100] "GET / HTTP/1.1" 200 1229 "-" "Mozilla/5.0 zgrab/0.x"
95.91.131.187 - - [22/Feb/2016:17:21:32 +0100] "GET /robots.txt HTTP/1.0" 404 328 "-" "Mozilla/5.0 (compatible; MJ12bot/v1.4.5; http://www.majestic12.co.uk/bot.php?+)"
95.91.131.187 - - [22/Feb/2016:17:21:33 +0100] "GET / HTTP/1.1" 200 1229 "-" "Mozilla/5.0 (compatible; MJ12bot/v1.4.5; http://www.majestic12.co.uk/bot.php?+)"
188.40.95.70 - - [22/Feb/2016:17:52:31 +0100] "GET /robots.txt HTTP/1.0" 404 334 "-" "Mozilla/5.0 (compatible; MJ12bot/v1.4.5; http://www.majestic12.co.uk/bot.php?+)"
188.40.95.70 - - [22/Feb/2016:17:52:32 +0100] "GET / HTTP/1.0" 200 1229 "-" "Mozilla/5.0 (compatible; MJ12bot/v1.4.5; http://www.majestic12.co.uk/bot.php?+)"
5.9.63.149 - - [22/Feb/2016:18:02:48 +0100] "GET /robots.txt HTTP/1.0" 404 327 "-" "Mozilla/5.0 (compatible; MJ12bot/v1.4.5; http://www.majestic12.co.uk/bot.php?+)"
5.9.63.149 - - [22/Feb/2016:18:02:49 +0100] "GET / HTTP/1.0" 200 1229 "-" "Mozilla/5.0 (compatible; MJ12bot/v1.4.5; http://www.majestic12.co.uk/bot.php?+)"
175.182.47.225 - - [22/Feb/2016:18:03:26 +0100] "GET /phpMyAdmin/scripts/setup.php HTTP/1.1" 404 333 "-" "-"
175.182.47.225 - - [22/Feb/2016:18:03:31 +0100] "GET /pma/scripts/setup.php HTTP/1.1" 404 326 "-" "-"
175.182.47.225 - - [22/Feb/2016:18:03:36 +0100] "GET /myadmin/scripts/setup.php HTTP/1.1" 404 330 "-" "-"
128.232.110.28 - - [22/Feb/2016:18:04:31 +0100] "GET / HTTP/1.1" 200 1229 "-" "Mozilla/5.0 zgrab/0.x"
128.232.110.28 - - [22/Feb/2016:18:04:38 +0100] "GET / HTTP/1.1" 200 1229 "-" "Mozilla/5.0 zgrab/0.x"
115.231.222.14 - - [22/Feb/2016:18:17:21 +0100] "GET http://zc.qq.com/cgi-bin/common/attr?id=260714&r=0.4309962095682728 HTTP/1.1" 404 320 "-" "Mozilla/5.0 (compatible; MSIE 9.0; Windows NT 6.1; Trident/5.0; 360SE)"
115.231.222.14 - - [22/Feb/2016:18:17:31 +0100] "GET http://zc.qq.com/cgi-bin/common/attr?id=260714&r=0.9054967043734854 HTTP/1.1" 404 320 "-" "Mozilla/5.0 (compatible; MSIE 9.0; Windows NT 6.1; Trident/5.0; 360SE)"
107.150.33.60 - - [22/Feb/2016:18:49:00 +0100] "GET / HTTP/1.1" 200 1229 "-" "Mozilla/4.0 (compatible; MSIE 8.0; Windows NT 6.1; Trident/4.0; SLCC2; .NET CLR 2.0.50727; .NET CLR 3.5.30729; .NET CLR 3.0.30729; Media Center PC 6.0)"
107.150.33.60 - - [22/Feb/2016:18:54:40 +0100] "GET / HTTP/1.1" 200 1229 "-" "Mozilla/4.0 (compatible; MSIE 8.0; Windows NT 6.1; Trident/4.0; SLCC2; .NET CLR 2.0.50727; .NET CLR 3.5.30729; .NET CLR 3.0.30729; Media Center PC 6.0)"
107.150.33.62 - - [22/Feb/2016:18:55:25 +0100] "GET / HTTP/1.1" 200 1229 "-" "Mozilla/4.0 (compatible; MSIE 8.0; Windows NT 6.1; Trident/4.0; SLCC2; .NET CLR 2.0.50727; .NET CLR 3.5.30729; .NET CLR 3.0.30729; Media Center PC 6.0)"
188.138.1.218 - - [22/Feb/2016:18:59:04 +0100] "GET / HTTP/1.1" 200 1229 "-" "-"
188.138.1.218 - - [22/Feb/2016:18:59:04 +0100] "GET /robots.txt HTTP/1.1" 404 315 "-" "-"
188.138.1.218 - - [22/Feb/2016:18:59:04 +0100] "GET /sitemap.xml HTTP/1.1" 404 316 "-" "-"
188.138.1.218 - - [22/Feb/2016:18:59:21 +0100] "GET / HTTP/1.1" 200 1229 "-" "-"
188.138.1.218 - - [22/Feb/2016:18:59:21 +0100] "GET /robots.txt HTTP/1.1" 404 315 "-" "-"
188.138.1.218 - - [22/Feb/2016:18:59:21 +0100] "GET /sitemap.xml HTTP/1.1" 404 316 "-" "-"
188.138.1.218 - - [22/Feb/2016:18:59:47 +0100] "GET / HTTP/1.1" 200 1229 "-" "-"
188.138.1.218 - - [22/Feb/2016:18:59:47 +0100] "GET /robots.txt HTTP/1.1" 404 315 "-" "-"
188.138.1.218 - - [22/Feb/2016:18:59:47 +0100] "GET /sitemap.xml HTTP/1.1" 404 316 "-" "-"
36.229.232.95 - - [22/Feb/2016:19:13:33 +0100] "CONNECT 163mx02.mxmail.netease.com:25 HTTP/1.0" 405 355 "-" "-"
157.55.39.25 - - [22/Feb/2016:19:25:03 +0100] "GET /dienstkleidung-image-to-wear.html HTTP/1.1" 404 346 "-" "Mozilla/5.0 (compatible; bingbot/2.0; +http://www.bing.com/bingbot.htm)"
66.249.66.53 - - [22/Feb/2016:19:29:48 +0100] "GET / HTTP/1.1" 200 1229 "-" "Mozilla/5.0 (compatible; Googlebot/2.1; +http://www.google.com/bot.html)"
88.198.230.79 - - [22/Feb/2016:19:33:34 +0100] "GET /robots.txt HTTP/1.0" 404 328 "-" "Mozilla/5.0 (compatible; MJ12bot/v1.4.5; http://www.majestic12.co.uk/bot.php?+)"
88.198.230.79 - - [22/Feb/2016:19:33:35 +0100] "GET / HTTP/1.0" 200 1229 "-" "Mozilla/5.0 (compatible; MJ12bot/v1.4.5; http://www.majestic12.co.uk/bot.php?+)"
107.150.60.75 - - [22/Feb/2016:19:35:31 +0100] "GET / HTTP/1.1" 200 1229 "-" "Mozilla/4.0 (compatible; MSIE 8.0; Windows NT 6.1; Trident/4.0; SLCC2; .NET CLR 2.0.50727; .NET CLR 3.5.30729; .NET CLR 3.0.30729; Media Center PC 6.0)"
173.208.206.203 - - [22/Feb/2016:19:41:23 +0100] "GET / HTTP/1.1" 200 1229 "-" "Mozilla/4.0 (compatible; MSIE 8.0; Windows NT 6.1; Trident/4.0; SLCC2; .NET CLR 2.0.50727; .NET CLR 3.5.30729; .NET CLR 3.0.30729; Media Center PC 6.0)"
173.208.206.202 - - [22/Feb/2016:19:42:22 +0100] "GET / HTTP/1.1" 200 1229 "-" "Mozilla/4.0 (compatible; MSIE 8.0; Windows NT 6.1; Trident/4.0; SLCC2; .NET CLR 2.0.50727; .NET CLR 3.5.30729; .NET CLR 3.0.30729; Media Center PC 6.0)"
107.150.33.58 - - [22/Feb/2016:20:10:06 +0100] "GET / HTTP/1.1" 200 1229 "-" "Mozilla/4.0 (compatible; MSIE 8.0; Windows NT 6.1; Trident/4.0; SLCC2; .NET CLR 2.0.50727; .NET CLR 3.5.30729; .NET CLR 3.0.30729; Media Center PC 6.0)"
115.231.222.14 - - [22/Feb/2016:20:32:10 +0100] "GET http://zc.qq.com/cgi-bin/common/attr?id=260714&r=0.7987069138366256 HTTP/1.1" 404 320 "-" "Mozilla/5.0 (compatible; MSIE 9.0; Windows NT 6.1; Trident/5.0; 360SE)"
115.231.222.14 - - [22/Feb/2016:20:32:10 +0100] "GET http://zc.qq.com/cgi-bin/common/attr?id=260714&r=0.3562360327651662 HTTP/1.1" 404 320 "-" "Mozilla/5.0 (compatible; MSIE 9.0; Windows NT 6.1; Trident/5.0; 360SE)"
107.150.60.75 - - [22/Feb/2016:20:50:44 +0100] "GET / HTTP/1.1" 200 1229 "-" "Mozilla/4.0 (compatible; MSIE 8.0; Windows NT 6.1; Trident/4.0; SLCC2; .NET CLR 2.0.50727; .NET CLR 3.5.30729; .NET CLR 3.0.30729; Media Center PC 6.0)"
64.37.59.58 - - [22/Feb/2016:21:04:20 +0100] "GET /language/en-GB/en-GB.xml HTTP/1.1" 404 329 "-" "Python-urllib/2.6"
107.150.33.60 - - [22/Feb/2016:21:30:21 +0100] "GET / HTTP/1.1" 200 1229 "-" "Mozilla/4.0 (compatible; MSIE 8.0; Windows NT 6.1; Trident/4.0; SLCC2; .NET CLR 2.0.50727; .NET CLR 3.5.30729; .NET CLR 3.0.30729; Media Center PC 6.0)"
107.150.60.74 - - [22/Feb/2016:22:07:56 +0100] "GET / HTTP/1.1" 200 1229 "-" "Mozilla/4.0 (compatible; MSIE 8.0; Windows NT 6.1; Trident/4.0; SLCC2; .NET CLR 2.0.50727; .NET CLR 3.5.30729; .NET CLR 3.0.30729; Media Center PC 6.0)"
107.150.33.60 - - [22/Feb/2016:22:47:02 +0100] "GET / HTTP/1.1" 200 1229 "-" "Mozilla/4.0 (compatible; MSIE 8.0; Windows NT 6.1; Trident/4.0; SLCC2; .NET CLR 2.0.50727; .NET CLR 3.5.30729; .NET CLR 3.0.30729; Media Center PC 6.0)"
216.55.186.43 - - [22/Feb/2016:22:47:05 +0100] "GET / HTTP/1.1" 200 1229 "-" "-"
216.55.186.43 - - [22/Feb/2016:22:47:05 +0100] "GET / HTTP/1.1" 200 1229 "-" "-"
216.55.186.43 - - [22/Feb/2016:22:47:05 +0100] "GET / HTTP/1.1" 200 1229 "-" "-"
216.55.186.43 - - [22/Feb/2016:22:47:06 +0100] "GET / HTTP/1.1" 200 1229 "-" "-"
216.55.186.43 - - [22/Feb/2016:22:47:06 +0100] "GET / HTTP/1.1" 200 1229 "-" "-"
216.55.186.43 - - [22/Feb/2016:22:47:06 +0100] "GET / HTTP/1.1" 200 1229 "-" "-"
216.55.186.43 - - [22/Feb/2016:22:47:07 +0100] "GET / HTTP/1.1" 200 1229 "-" "-"
216.55.186.43 - - [22/Feb/2016:22:47:07 +0100] "GET / HTTP/1.1" 200 1229 "-" "-"
216.55.186.43 - - [22/Feb/2016:22:47:07 +0100] "GET / HTTP/1.1" 200 1229 "-" "-"
216.55.186.43 - - [22/Feb/2016:22:47:08 +0100] "GET / HTTP/1.1" 200 1229 "-" "-"
128.232.110.28 - - [22/Feb/2016:23:05:13 +0100] "GET / HTTP/1.1" 200 1229 "-" "Mozilla/5.0 zgrab/0.x"
107.150.60.77 - - [22/Feb/2016:23:11:51 +0100] "GET / HTTP/1.1" 200 1229 "-" "Mozilla/4.0 (compatible; MSIE 8.0; Windows NT 6.1; Trident/4.0; SLCC2; .NET CLR 2.0.50727; .NET CLR 3.5.30729; .NET CLR 3.0.30729; Media Center PC 6.0)"
61.231.1.80 - - [23/Feb/2016:00:10:07 +0100] "CONNECT vip163mx00.mxmail.netease.com:25 HTTP/1.0" 405 358 "-" "-"
54.67.9.81 - - [23/Feb/2016:00:23:54 +0100] "GET / HTTP/1.0" 200 1229 "-" "Mozilla/5.0 (Windows NT 6.3; rv:36.0 Gecko/20100101 Firefox/36.0"
128.232.110.28 - - [23/Feb/2016:00:29:51 +0100] "GET / HTTP/1.1" 200 1229 "-" "Mozilla/5.0 zgrab/0.x"
66.249.66.103 - - [23/Feb/2016:00:36:53 +0100] "GET /robots.txt HTTP/1.1" 404 337 "-" "Mozilla/5.0 (compatible; Googlebot/2.1; +http://www.google.com/bot.html)"
66.249.66.101 - - [23/Feb/2016:00:36:53 +0100] "GET / HTTP/1.1" 200 1229 "-" "Mozilla/5.0 (compatible; Googlebot/2.1; +http://www.google.com/bot.html)"
66.249.66.33 - - [23/Feb/2016:01:07:33 +0100] "GET /robots.txt HTTP/1.1" 404 334 "-" "Mozilla/5.0 (compatible; Googlebot/2.1; +http://www.google.com/bot.html)"
66.249.66.36 - - [23/Feb/2016:01:07:34 +0100] "GET / HTTP/1.1" 200 1229 "-" "Mozilla/5.0 (compatible; Googlebot/2.1; +http://www.google.com/bot.html)"
216.55.186.43 - - [23/Feb/2016:01:36:38 +0100] "GET / HTTP/1.1" 200 1229 "-" "-"
216.55.186.43 - - [23/Feb/2016:01:36:38 +0100] "GET / HTTP/1.1" 200 1229 "-" "-"
216.55.186.43 - - [23/Feb/2016:01:36:38 +0100] "GET / HTTP/1.1" 200 1229 "-" "-"
216.55.186.43 - - [23/Feb/2016:01:36:39 +0100] "GET / HTTP/1.1" 200 1229 "-" "-"
216.55.186.43 - - [23/Feb/2016:01:36:39 +0100] "GET / HTTP/1.1" 200 1229 "-" "-"
216.55.186.43 - - [23/Feb/2016:01:36:39 +0100] "GET / HTTP/1.1" 200 1229 "-" "-"
216.55.186.43 - - [23/Feb/2016:01:36:40 +0100] "GET / HTTP/1.1" 200 1229 "-" "-"
216.55.186.43 - - [23/Feb/2016:01:36:40 +0100] "GET / HTTP/1.1" 200 1229 "-" "-"
216.55.186.43 - - [23/Feb/2016:01:36:40 +0100] "GET / HTTP/1.1" 200 1229 "-" "-"
216.55.186.43 - - [23/Feb/2016:01:36:40 +0100] "GET / HTTP/1.1" 200 1229 "-" "-"
128.232.110.28 - - [23/Feb/2016:02:38:35 +0100] "GET / HTTP/1.1" 200 1229 "-" "Mozilla/5.0 zgrab/0.x"
115.231.222.14 - - [23/Feb/2016:03:13:25 +0100] "GET http://zc.qq.com/cgi-bin/common/attr?id=260714&r=0.3044341474257100 HTTP/1.1" 404 320 "-" "Mozilla/5.0 (compatible; MSIE 9.0; Windows NT 6.1; Trident/5.0; 360SE)"
115.231.222.14 - - [23/Feb/2016:03:13:26 +0100] "GET http://zc.qq.com/cgi-bin/common/attr?id=260714&r=0.1486854210360657 HTTP/1.1" 404 320 "-" "Mozilla/5.0 (compatible; MSIE 9.0; Windows NT 6.1; Trident/5.0; 360SE)"
66.249.66.53 - - [23/Feb/2016:03:23:44 +0100] "GET /robots.txt HTTP/1.1" 404 333 "-" "Mozilla/5.0 (compatible; Googlebot/2.1; +http://www.google.com/bot.html)"
66.249.66.50 - - [23/Feb/2016:03:23:45 +0100] "GET / HTTP/1.1" 200 1229 "-" "Mozilla/5.0 (compatible; Googlebot/2.1; +http://www.google.com/bot.html)"
157.55.39.25 - - [23/Feb/2016:03:39:59 +0100] "GET /index.html HTTP/1.1" 200 1229 "-" "Mozilla/5.0 (compatible; bingbot/2.0; +http://www.bing.com/bingbot.htm)"
64.246.165.50 - - [23/Feb/2016:03:41:04 +0100] "GET /robots.txt HTTP/1.0" 404 334 "-" "Mozilla/5.0 (Windows; U; Windows NT 5.1; en; rv:1.9.0.13) Gecko/2009073022 Firefox/3.5.2 (.NET CLR 3.5.30729) SurveyBot/2.3 (DomainTools)"
64.246.165.50 - - [23/Feb/2016:03:41:04 +0100] "GET / HTTP/1.1" 200 1229 "http://whois.domaintools.com/schraeg-senkrechtaufzuege.de" "Mozilla/5.0 (Windows; U; Windows NT 5.1; en; rv:1.9.0.13) Gecko/2009073022 Firefox/3.5.2 (.NET CLR 3.5.30729) SurveyBot/2.3 (DomainTools)"
173.208.206.206 - - [23/Feb/2016:04:09:34 +0100] "GET / HTTP/1.1" 200 1229 "-" "Mozilla/4.0 (compatible; MSIE 8.0; Windows NT 6.1; Trident/4.0; SLCC2; .NET CLR 2.0.50727; .NET CLR 3.5.30729; .NET CLR 3.0.30729; Media Center PC 6.0)"
107.150.40.36 - - [23/Feb/2016:04:18:52 +0100] "GET / HTTP/1.1" 200 1229 "-" "Mozilla/4.0 (compatible; MSIE 8.0; Windows NT 6.1; Trident/4.0; SLCC2; .NET CLR 2.0.50727; .NET CLR 3.5.30729; .NET CLR 3.0.30729; Media Center PC 6.0)"
66.249.66.124 - - [23/Feb/2016:04:50:17 +0100] "GET /robots.txt HTTP/1.1" 404 323 "-" "Mozilla/5.0 (compatible; Googlebot/2.1; +http://www.google.com/bot.html)"
66.249.66.122 - - [23/Feb/2016:04:50:18 +0100] "GET / HTTP/1.1" 200 1229 "-" "Mozilla/5.0 (compatible; Googlebot/2.1; +http://www.google.com/bot.html)"
36.225.234.3 - - [23/Feb/2016:05:25:32 +0100] "CONNECT 126mx02.mxmail.netease.com:25 HTTP/1.0" 405 355 "-" "-"
115.231.222.14 - - [23/Feb/2016:05:27:58 +0100] "GET http://zc.qq.com/cgi-bin/common/attr?id=260714&r=0.0034743238213379 HTTP/1.1" 404 320 "-" "Mozilla/5.0 (compatible; MSIE 9.0; Windows NT 6.1; Trident/5.0; 360SE)"
115.231.222.14 - - [23/Feb/2016:05:28:00 +0100] "GET http://zc.qq.com/cgi-bin/common/attr?id=260714&r=0.6622780194921291 HTTP/1.1" 404 320 "-" "Mozilla/5.0 (compatible; MSIE 9.0; Windows NT 6.1; Trident/5.0; 360SE)"
173.208.206.204 - - [23/Feb/2016:05:29:48 +0100] "GET / HTTP/1.1" 200 1229 "-" "Mozilla/4.0 (compatible; MSIE 8.0; Windows NT 6.1; Trident/4.0; SLCC2; .NET CLR 2.0.50727; .NET CLR 3.5.30729; .NET CLR 3.0.30729; Media Center PC 6.0)"
66.249.66.105 - - [23/Feb/2016:06:37:47 +0100] "GET / HTTP/1.1" 200 1229 "-" "Mozilla/5.0 (compatible; Googlebot/2.1; +http://www.google.com/bot.html)"
66.249.66.33 - - [23/Feb/2016:06:44:07 +0100] "GET / HTTP/1.1" 200 1229 "-" "Mozilla/5.0 (compatible; Googlebot/2.1; +http://www.google.com/bot.html)"
66.249.66.56 - - [23/Feb/2016:06:47:08 +0100] "GET / HTTP/1.1" 200 1229 "-" "Mozilla/5.0 (compatible; Googlebot/2.1; +http://www.google.com/bot.html)"
115.231.222.14 - - [23/Feb/2016:07:41:15 +0100] "GET http://zc.qq.com/cgi-bin/common/attr?id=260714&r=0.8640823341887302 HTTP/1.1" 404 320 "-" "Mozilla/5.0 (compatible; MSIE 9.0; Windows NT 6.1; Trident/5.0; 360SE)"
115.231.222.14 - - [23/Feb/2016:07:41:15 +0100] "GET http://zc.qq.com/cgi-bin/common/attr?id=260714&r=0.3977689957876140 HTTP/1.1" 404 320 "-" "Mozilla/5.0 (compatible; MSIE 9.0; Windows NT 6.1; Trident/5.0; 360SE)"
115.231.222.14 - - [23/Feb/2016:07:41:16 +0100] "GET http://zc.qq.com/cgi-bin/common/attr?id=260714&r=0.7476307749817463 HTTP/1.1" 404 320 "-" "Mozilla/5.0 (compatible; MSIE 9.0; Windows NT 6.1; Trident/5.0; 360SE)"
88.198.1.77 - - [23/Feb/2016:08:04:31 +0100] "GET / HTTP/1.1" 200 1229 "-" "Mozilla/5.0 (X11; Linux x86_64) AppleWebKit/534.34 (KHTML, like Gecko) Qt/4.8.2 Safari/534.34"
128.232.110.28 - - [23/Feb/2016:08:33:49 +0100] "GET / HTTP/1.1" 200 1229 "-" "Mozilla/5.0 zgrab/0.x"
111.248.97.111 - - [23/Feb/2016:08:36:28 +0100] "CONNECT 163mx01.mxmail.netease.com:25 HTTP/1.0" 405 355 "-" "-"
141.212.122.209 - - [23/Feb/2016:08:36:30 +0100] "GET / HTTP/1.1" 200 1229 "-" "Mozilla/5.0 zgrab/0.x"
71.6.165.200 - - [23/Feb/2016:09:16:57 +0100] "GET / HTTP/1.1" 200 1229 "-" "-"
71.6.165.200 - - [23/Feb/2016:09:17:03 +0100] "GET /sitemap.xml HTTP/1.1" 404 316 "-" "-"
66.249.66.55 - - [23/Feb/2016:09:58:40 +0100] "GET /robots.txt HTTP/1.1" 404 329 "-" "Mozilla/5.0 (compatible; Googlebot/2.1; +http://www.google.com/bot.html)"
66.249.66.58 - - [23/Feb/2016:09:58:40 +0100] "GET / HTTP/1.1" 200 1229 "-" "Mozilla/5.0 (compatible; Googlebot/2.1; +http://www.google.com/bot.html)"
167.114.233.118 - - [23/Feb/2016:10:04:22 +0100] "GET / HTTP/1.0" 200 1229 "-" "Mozilla/5.0 (Windows NT 6.1; WOW64; rv:42.0) Gecko/20100101 Firefox/42.0"
141.212.122.209 - - [23/Feb/2016:10:22:19 +0100] "GET / HTTP/1.1" 200 1229 "-" "Mozilla/5.0 zgrab/0.x"
115.231.222.14 - - [23/Feb/2016:10:27:50 +0100] "GET http://zc.qq.com/cgi-bin/common/attr?id=260714&r=0.6607120082507121 HTTP/1.1" 404 320 "-" "Mozilla/5.0 (compatible; MSIE 9.0; Windows NT 6.1; Trident/5.0; 360SE)"
115.231.222.14 - - [23/Feb/2016:10:27:51 +0100] "GET http://zc.qq.com/cgi-bin/common/attr?id=260714&r=0.9838327382249241 HTTP/1.1" 404 320 "-" "Mozilla/5.0 (compatible; MSIE 9.0; Windows NT 6.1; Trident/5.0; 360SE)"
115.231.222.14 - - [23/Feb/2016:10:27:51 +0100] "GET http://zc.qq.com/cgi-bin/common/attr?id=260714&r=0.6585008499990474 HTTP/1.1" 404 320 "-" "Mozilla/5.0 (compatible; MSIE 9.0; Windows NT 6.1; Trident/5.0; 360SE)"
115.231.222.14 - - [23/Feb/2016:10:27:51 +0100] "GET http://zc.qq.com/cgi-bin/common/attr?id=260714&r=0.5576141447420969 HTTP/1.1" 404 320 "-" "Mozilla/5.0 (compatible; MSIE 9.0; Windows NT 6.1; Trident/5.0; 360SE)"
111.248.102.35 - - [23/Feb/2016:10:45:38 +0100] "CONNECT vip163mx00.mxmail.netease.com:25 HTTP/1.0" 405 358 "-" "-"
113.76.90.25 - - [23/Feb/2016:10:49:17 +0100] "GET / HTTP/1.1" 200 1229 "-" "Mozilla/4.0 (compatible; MSIE 8.0; Windows NT 6.1; Trident/4.0; SLCC2; .NET CLR 2.0.50727; .NET CLR 3.5.30729; .NET CLR 3.0.30729; Media Center PC 6.0; InfoPath.2; .NET4.0C; .NET4.0E)"
185.49.14.190 - - [23/Feb/2016:11:11:24 +0100] "GET http://testp3.pospr.waw.pl/testproxy.php HTTP/1.1" 404 324 "-" "Mozilla/5.0 (Windows NT 5.1; rv:32.0) Gecko/20100101 Firefox/31.0"
66.249.66.25 - - [23/Feb/2016:11:25:42 +0100] "GET /robots.txt HTTP/1.1" 404 318 "-" "Mozilla/5.0 (compatible; Googlebot/2.1; +http://www.google.com/bot.html)"
66.249.66.19 - - [23/Feb/2016:11:25:42 +0100] "GET / HTTP/1.1" 200 1229 "-" "Mozilla/5.0 (compatible; Googlebot/2.1; +http://www.google.com/bot.html)"
91.196.50.33 - - [23/Feb/2016:11:31:31 +0100] "GET http://testp5.mielno.lubin.pl/testproxy.php HTTP/1.1" 404 327 "-" "Mozilla/5.0 (Windows NT 5.1; rv:32.0) Gecko/20100101 Firefox/31.0"
91.108.179.42 - - [23/Feb/2016:11:41:15 +0100] "GET /administrator/ HTTP/1.1" 404 319 "-" "python-requests/2.2.1 CPython/2.7.6 Linux/2.6.32-042stab092.1"
185.25.148.240 - - [23/Feb/2016:11:44:56 +0100] "GET http://testp2.czar.bielawa.pl/testproxy.php HTTP/1.1" 404 327 "-" "Mozilla/5.0 (Windows NT 5.1; rv:32.0) Gecko/20100101 Firefox/31.0"
169.229.3.91 - - [23/Feb/2016:11:47:44 +0100] "\xc9\x04=M4\xd0PI\xb4\x9f\x81Q6\xfb\xc2\xb2tK\xderK\xa5\r\xb6\x84<" 400 329 "-" "-"
185.25.148.240 - - [23/Feb/2016:11:47:59 +0100] "GET http://testp4.pospr.waw.pl/testproxy.php HTTP/1.1" 404 324 "-" "Mozilla/5.0 (Windows NT 5.1; rv:32.0) Gecko/20100101 Firefox/31.0"
185.25.151.159 - - [23/Feb/2016:11:57:46 +0100] "GET http://testp5.mielno.lubin.pl/testproxy.php HTTP/1.1" 404 327 "-" "Mozilla/5.0 (Windows NT 5.1; rv:32.0) Gecko/20100101 Firefox/31.0"
185.25.151.159 - - [23/Feb/2016:11:59:08 +0100] "GET http://testp5.mielno.lubin.pl/testproxy.php HTTP/1.1" 404 327 "-" "Mozilla/5.0 (Windows NT 5.1; rv:32.0) Gecko/20100101 Firefox/31.0"
94.185.83.100 - - [23/Feb/2016:12:00:16 +0100] "GET http://testp4.pospr.waw.pl/testproxy.php HTTP/1.1" 404 324 "-" "Mozilla/5.0 (Windows NT 5.1; rv:32.0) Gecko/20100101 Firefox/31.0"
66.249.66.55 - - [23/Feb/2016:12:02:41 +0100] "GET / HTTP/1.1" 200 1229 "-" "Mozilla/5.0 (compatible; Googlebot/2.1; +http://www.google.com/bot.html)"
115.231.222.14 - - [23/Feb/2016:12:38:04 +0100] "GET http://zc.qq.com/cgi-bin/common/attr?id=260714&r=0.8391133045956576 HTTP/1.1" 404 320 "-" "Mozilla/5.0 (compatible; MSIE 9.0; Windows NT 6.1; Trident/5.0; 360SE)"
115.231.222.14 - - [23/Feb/2016:12:38:05 +0100] "GET http://zc.qq.com/cgi-bin/common/attr?id=260714&r=0.9946421604126938 HTTP/1.1" 404 320 "-" "Mozilla/5.0 (compatible; MSIE 9.0; Windows NT 6.1; Trident/5.0; 360SE)"
169.229.3.91 - - [23/Feb/2016:12:38:25 +0100] "\xe2\xe6\x9e\xb8\x05U\xba<\xbd\xd9\x91\x16\x1d\x19aG\x1b\\\xf68d\x80\xf58\xe6j\xc1=" 501 346 "-" "-"
185.49.14.190 - - [23/Feb/2016:13:29:25 +0100] "GET http://testp2.czar.bielawa.pl/testproxy.php HTTP/1.1" 404 327 "-" "Mozilla/5.0 (Windows NT 5.1; rv:32.0) Gecko/20100101 Firefox/31.0"
169.229.3.91 - - [23/Feb/2016:13:33:11 +0100] "\xa2\xdc\xf7\xb9\xb8#4\x8a\x9dG\xe1\r]#\bF" 400 329 "-" "-"
185.49.14.190 - - [23/Feb/2016:13:34:26 +0100] "GET http://testp4.pospr.waw.pl/testproxy.php HTTP/1.1" 404 324 "-" "Mozilla/5.0 (Windows NT 5.1; rv:32.0) Gecko/20100101 Firefox/31.0"
185.49.14.190 - - [23/Feb/2016:13:36:54 +0100] "GET http://testp4.pospr.waw.pl/testproxy.php HTTP/1.1" 404 324 "-" "Mozilla/5.0 (Windows NT 5.1; rv:32.0) Gecko/20100101 Firefox/31.0"
141.212.122.209 - - [23/Feb/2016:13:43:42 +0100] "GET / HTTP/1.1" 200 1229 "-" "Mozilla/5.0 zgrab/0.x"
128.232.110.28 - - [23/Feb/2016:14:06:57 +0100] "GET / HTTP/1.1" 200 1229 "-" "Mozilla/5.0 zgrab/0.x"
107.150.33.60 - - [23/Feb/2016:14:16:17 +0100] "GET / HTTP/1.1" 200 1229 "-" "Mozilla/4.0 (compatible; MSIE 8.0; Windows NT 6.1; Trident/4.0; SLCC2; .NET CLR 2.0.50727; .NET CLR 3.5.30729; .NET CLR 3.0.30729; Media Center PC 6.0)"
222.174.5.30 - - [23/Feb/2016:14:24:22 +0100] "GET /administrator/index.php HTTP/1.1" 404 328 "-" "Mozilla/4.0 (compatible; MSIE 6.0; Windows NT 5.1"
222.174.5.30 - - [23/Feb/2016:14:24:22 +0100] "GET /administrator/index.php HTTP/1.1" 404 328 "-" "Mozilla/4.0 (compatible; MSIE 6.0; Windows NT 5.1"
222.174.5.30 - - [23/Feb/2016:14:25:02 +0100] "GET /administrator/index.php HTTP/1.1" 404 328 "-" "Mozilla/4.0 (compatible; MSIE 6.0; Windows NT 5.1"
222.174.5.30 - - [23/Feb/2016:14:25:02 +0100] "GET /administrator/index.php HTTP/1.1" 404 328 "-" "Mozilla/4.0 (compatible; MSIE 6.0; Windows NT 5.1"
222.174.5.30 - - [23/Feb/2016:14:25:13 +0100] "GET /administrator/index.php HTTP/1.1" 404 328 "-" "Mozilla/4.0 (compatible; MSIE 6.0; Windows NT 5.1"
222.174.5.30 - - [23/Feb/2016:14:25:13 +0100] "GET /administrator/index.php HTTP/1.1" 404 328 "-" "Mozilla/4.0 (compatible; MSIE 6.0; Windows NT 5.1"
222.174.5.30 - - [23/Feb/2016:14:25:13 +0100] "GET /administrator/index.php HTTP/1.1" 404 328 "-" "Mozilla/4.0 (compatible; MSIE 6.0; Windows NT 5.1"
222.174.5.30 - - [23/Feb/2016:14:25:42 +0100] "GET /administrator/index.php HTTP/1.1" 404 328 "-" "Mozilla/4.0 (compatible; MSIE 6.0; Windows NT 5.1"
222.174.5.30 - - [23/Feb/2016:14:25:42 +0100] "GET /administrator/index.php HTTP/1.1" 404 328 "-" "Mozilla/4.0 (compatible; MSIE 6.0; Windows NT 5.1"
149.78.40.22 - - [23/Feb/2016:14:34:27 +0100] "GET / HTTP/1.0" 200 1229 "-" "masscan/1.0 (https://github.com/robertdavidgraham/masscan)"
149.78.40.22 - - [23/Feb/2016:14:35:04 +0100] "GET / HTTP/1.0" 200 1229 "-" "masscan/1.0 (https://github.com/robertdavidgraham/masscan)"
149.78.40.22 - - [23/Feb/2016:14:35:52 +0100] "GET / HTTP/1.0" 200 1229 "-" "masscan/1.0 (https://github.com/robertdavidgraham/masscan)"
149.78.40.22 - - [23/Feb/2016:14:36:05 +0100] "GET / HTTP/1.0" 200 1229 "-" "masscan/1.0 (https://github.com/robertdavidgraham/masscan)"
149.78.40.22 - - [23/Feb/2016:14:36:22 +0100] "GET / HTTP/1.0" 200 1229 "-" "masscan/1.0 (https://github.com/robertdavidgraham/masscan)"
141.212.122.209 - - [23/Feb/2016:14:36:40 +0100] "GET / HTTP/1.1" 200 1229 "-" "Mozilla/5.0 zgrab/0.x"
149.78.40.22 - - [23/Feb/2016:14:36:58 +0100] "GET / HTTP/1.0" 200 1229 "-" "masscan/1.0 (https://github.com/robertdavidgraham/masscan)"
149.78.40.22 - - [23/Feb/2016:14:37:05 +0100] "GET / HTTP/1.0" 200 1229 "-" "masscan/1.0 (https://github.com/robertdavidgraham/masscan)"
149.78.40.22 - - [23/Feb/2016:14:37:26 +0100] "GET / HTTP/1.0" 200 1229 "-" "masscan/1.0 (https://github.com/robertdavidgraham/masscan)"
149.78.40.22 - - [23/Feb/2016:14:37:33 +0100] "GET / HTTP/1.0" 200 1229 "-" "masscan/1.0 (https://github.com/robertdavidgraham/masscan)"
149.78.40.22 - - [23/Feb/2016:14:37:40 +0100] "GET / HTTP/1.0" 200 1229 "-" "masscan/1.0 (https://github.com/robertdavidgraham/masscan)"
193.92.3.66 - - [23/Feb/2016:14:46:39 +0100] "GET / HTTP/1.0" 200 1229 "-" "-"
115.231.222.14 - - [23/Feb/2016:14:48:05 +0100] "GET http://zc.qq.com/cgi-bin/common/attr?id=260714&r=0.5625426759472029 HTTP/1.1" 404 320 "-" "Mozilla/5.0 (compatible; MSIE 9.0; Windows NT 6.1; Trident/5.0; 360SE)"
169.229.3.91 - - [23/Feb/2016:15:11:06 +0100] "\xe2\xa4\x1bq\x7f\xe6x\x1b H>\xec\x1d[\xe4\x8e\x9d%\x8b\x98\xe1D\x04\xa8\xc5r\\\xe7if,\x83I7\xe2\xc4\xc7\xbfvU\r\xb6\xea\xd7\xad+\x13\xba" 400 329 "-" "-"
111.248.119.57 - - [23/Feb/2016:15:19:20 +0100] "CONNECT vip163mx00.mxmail.netease.com:25 HTTP/1.0" 405 358 "-" "-"
111.248.120.174 - - [23/Feb/2016:15:45:47 +0100] "CONNECT vip163mx00.mxmail.netease.com:25 HTTP/1.0" 405 358 "-" "-"
193.111.140.153 - - [23/Feb/2016:15:48:15 +0100] "GET /robots.txt HTTP/1.0" 404 328 "-" "Mozilla/5.0 (compatible; MJ12bot/v1.4.5; http://www.majestic12.co.uk/bot.php?+)"
193.111.140.153 - - [23/Feb/2016:15:48:16 +0100] "GET / HTTP/1.0" 200 1229 "-" "Mozilla/5.0 (compatible; MJ12bot/v1.4.5; http://www.majestic12.co.uk/bot.php?+)"
157.55.39.25 - - [23/Feb/2016:16:15:50 +0100] "GET /dienstkleidung-image-to-wear.html HTTP/1.1" 404 346 "-" "Mozilla/5.0 (compatible; bingbot/2.0; +http://www.bing.com/bingbot.htm)"
198.20.69.74 - - [23/Feb/2016:16:17:37 +0100] "GET / HTTP/1.1" 200 1229 "-" "-"
198.20.69.74 - - [23/Feb/2016:16:17:38 +0100] "GET /robots.txt HTTP/1.1" 404 315 "-" "-"
198.20.69.74 - - [23/Feb/2016:16:17:38 +0100] "GET /sitemap.xml HTTP/1.1" 404 316 "-" "-"
213.202.212.166 - - [23/Feb/2016:16:31:08 +0100] "HEAD /robots.txt HTTP/1.0" 404 - "-" "-"
213.202.212.166 - - [23/Feb/2016:16:31:08 +0100] "HEAD /robots.txt HTTP/1.0" 404 - "-" "-"
213.202.212.166 - - [23/Feb/2016:16:31:08 +0100] "HEAD /robots.txt HTTP/1.0" 404 - "-" "-"
213.202.212.166 - - [23/Feb/2016:16:31:08 +0100] "HEAD /robots.txt HTTP/1.0" 404 - "-" "-"
213.202.212.166 - - [23/Feb/2016:16:31:08 +0100] "HEAD /robots.txt HTTP/1.0" 404 - "-" "-"
213.202.212.166 - - [23/Feb/2016:16:31:08 +0100] "HEAD /robots.txt HTTP/1.0" 404 - "-" "-"
213.202.212.166 - - [23/Feb/2016:16:31:08 +0100] "HEAD /robots.txt HTTP/1.0" 404 - "-" "-"
213.202.212.166 - - [23/Feb/2016:16:31:08 +0100] "HEAD /robots.txt HTTP/1.0" 404 - "-" "-"
213.202.212.166 - - [23/Feb/2016:16:31:08 +0100] "HEAD /robots.txt HTTP/1.0" 404 - "-" "-"
213.202.212.166 - - [23/Feb/2016:16:31:08 +0100] "HEAD /robots.txt HTTP/1.0" 404 - "-" "-"
128.232.110.28 - - [23/Feb/2016:16:34:18 +0100] "GET / HTTP/1.1" 200 1229 "-" "Mozilla/5.0 zgrab/0.x"
157.55.39.25 - - [23/Feb/2016:16:53:51 +0100] "GET /index.html HTTP/1.1" 200 1229 "-" "Mozilla/5.0 (compatible; bingbot/2.0; +http://www.bing.com/bingbot.htm)"
157.55.39.25 - - [23/Feb/2016:16:54:02 +0100] "GET /robots.txt HTTP/1.1" 404 323 "-" "Mozilla/5.0 (compatible; bingbot/2.0; +http://www.bing.com/bingbot.htm)"
115.231.222.14 - - [23/Feb/2016:16:57:59 +0100] "GET http://zc.qq.com/cgi-bin/common/attr?id=260714&r=0.7928746161616218 HTTP/1.1" 404 320 "-" "Mozilla/5.0 (compatible; MSIE 9.0; Windows NT 6.1; Trident/5.0; 360SE)"
146.185.239.100 - - [23/Feb/2016:17:17:57 +0100] "GET http://24x7-allrequestsallowed.com/?PHPSESSID=aab45f4f00143SSQJ_W_EFBF%5CC HTTP/1.1" 200 1229 "-" "-"
36.229.247.230 - - [23/Feb/2016:17:41:02 +0100] "CONNECT 163mx02.mxmail.netease.com:25 HTTP/1.0" 405 355 "-" "-"
5.9.85.4 - - [23/Feb/2016:18:50:01 +0100] "GET /robots.txt HTTP/1.0" 404 323 "-" "Mozilla/5.0 (compatible; MJ12bot/v1.4.5; http://www.majestic12.co.uk/bot.php?+)"
5.9.85.4 - - [23/Feb/2016:18:50:16 +0100] "GET / HTTP/1.0" 200 1229 "-" "Mozilla/5.0 (compatible; MJ12bot/v1.4.5; http://www.majestic12.co.uk/bot.php?+)"
93.113.125.11 - - [23/Feb/2016:18:58:51 +0100] "GET / HTTP/1.0" 200 1229 "-" "\"nlpproject.info research\""
93.113.125.11 - - [23/Feb/2016:19:00:38 +0100] "GET / HTTP/1.0" 200 1229 "-" "\"nlpproject.info research\""
93.113.125.11 - - [23/Feb/2016:19:01:48 +0100] "GET / HTTP/1.0" 200 1229 "-" "\"nlpproject.info research\""
93.113.125.11 - - [23/Feb/2016:19:05:21 +0100] "GET / HTTP/1.0" 200 1229 "-" "\"nlpproject.info research\""
115.231.222.14 - - [23/Feb/2016:19:07:55 +0100] "GET http://zc.qq.com/cgi-bin/common/attr?id=260714&r=0.2562269560904834 HTTP/1.1" 404 320 "-" "Mozilla/5.0 (compatible; MSIE 9.0; Windows NT 6.1; Trident/5.0; 360SE)"
115.231.222.14 - - [23/Feb/2016:19:07:55 +0100] "GET http://zc.qq.com/cgi-bin/common/attr?id=260714&r=0.8491227687483849 HTTP/1.1" 404 320 "-" "Mozilla/5.0 (compatible; MSIE 9.0; Windows NT 6.1; Trident/5.0; 360SE)"
107.150.60.77 - - [23/Feb/2016:19:08:23 +0100] "GET /forum.php HTTP/1.1" 404 316 "-" "Mozilla/4.0 (compatible; MSIE 8.0; Windows NT 6.1; Trident/4.0; SLCC2; .NET CLR 2.0.50727; .NET CLR 3.5.30729; .NET CLR 3.0.30729; Media Center PC 6.0)"
93.113.125.11 - - [23/Feb/2016:19:08:24 +0100] "GET / HTTP/1.0" 200 1229 "-" "\"nlpproject.info research\""
93.113.125.11 - - [23/Feb/2016:19:09:36 +0100] "GET / HTTP/1.0" 200 1229 "-" "\"nlpproject.info research\""
141.212.122.209 - - [23/Feb/2016:19:13:43 +0100] "GET / HTTP/1.1" 200 1229 "-" "Mozilla/5.0 zgrab/0.x"
93.113.125.11 - - [23/Feb/2016:19:13:47 +0100] "GET / HTTP/1.0" 200 1229 "-" "\"nlpproject.info research\""
93.113.125.11 - - [23/Feb/2016:19:14:36 +0100] "GET / HTTP/1.0" 200 1229 "-" "\"nlpproject.info research\""
93.113.125.11 - - [23/Feb/2016:19:15:22 +0100] "GET / HTTP/1.0" 200 1229 "-" "\"nlpproject.info research\""
93.113.125.11 - - [23/Feb/2016:19:22:25 +0100] "GET / HTTP/1.0" 200 1229 "-" "\"nlpproject.info research\""
141.212.122.209 - - [23/Feb/2016:19:25:36 +0100] "GET / HTTP/1.1" 200 1229 "-" "Mozilla/5.0 zgrab/0.x"
66.249.66.25 - - [23/Feb/2016:19:26:26 +0100] "GET /vadmsbtgcovmwheg.html HTTP/1.1" 404 329 "-" "Mozilla/5.0 (compatible; Googlebot/2.1; +http://www.google.com/bot.html)"
190.144.105.186 - - [23/Feb/2016:19:27:53 +0100] "GET /manager/html HTTP/1.1" 404 317 "-" "Mozilla/4.0 (compatible; MSIE 8.0; Windows NT 5.2; Trident/4.0; .NET CLR 1.1.4322; .NET4.0C; .NET4.0E; .NET CLR 2.0.50727; .NET CLR 3.0.4506.2152; .NET CLR 3.5.30729)"
190.144.105.186 - - [23/Feb/2016:19:27:54 +0100] "GET /manager/html HTTP/1.1" 404 317 "-" "Mozilla/4.0 (compatible; MSIE 8.0; Windows NT 5.2; Trident/4.0; .NET CLR 1.1.4322; .NET4.0C; .NET4.0E; .NET CLR 2.0.50727; .NET CLR 3.0.4506.2152; .NET CLR 3.5.30729)"
125.227.28.37 - - [23/Feb/2016:19:32:09 +0100] "GET / HTTP/1.1" 200 1229 "-" "Mozilla/5.0 (Windows NT 6.1; WOW64; rv:20.0) Gecko/20100101 Firefox/20.0"
157.55.39.66 - - [23/Feb/2016:19:43:56 +0100] "GET /robots.txt HTTP/1.1" 404 337 "-" "Mozilla/5.0 (compatible; bingbot/2.0; +http://www.bing.com/bingbot.htm)"
157.55.39.66 - - [23/Feb/2016:19:44:02 +0100] "GET / HTTP/1.1" 200 1229 "-" "Mozilla/5.0 (compatible; bingbot/2.0; +http://www.bing.com/bingbot.htm)"
173.208.206.203 - - [23/Feb/2016:20:41:06 +0100] "GET /forum.php HTTP/1.1" 404 316 "-" "Mozilla/4.0 (compatible; MSIE 8.0; Windows NT 6.1; Trident/4.0; SLCC2; .NET CLR 2.0.50727; .NET CLR 3.5.30729; .NET CLR 3.0.30729; Media Center PC 6.0)"
115.231.222.14 - - [23/Feb/2016:21:18:04 +0100] "GET http://zc.qq.com/cgi-bin/common/attr?id=260714&r=0.1606274966900503 HTTP/1.1" 404 320 "-" "Mozilla/5.0 (compatible; MSIE 9.0; Windows NT 6.1; Trident/5.0; 360SE)"
141.212.122.209 - - [23/Feb/2016:21:29:51 +0100] "GET / HTTP/1.1" 200 1229 "-" "Mozilla/5.0 zgrab/0.x"
36.226.246.209 - - [23/Feb/2016:21:48:21 +0100] "CONNECT vip163mx00.mxmail.netease.com:25 HTTP/1.0" 405 358 "-" "-"
36.229.234.163 - - [23/Feb/2016:21:58:39 +0100] "CONNECT 163mx03.mxmail.netease.com:25 HTTP/1.0" 405 355 "-" "-"
36.225.235.68 - - [23/Feb/2016:22:56:39 +0100] "CONNECT vip163mx01.mxmail.netease.com:25 HTTP/1.0" 405 358 "-" "-"
115.231.222.14 - - [23/Feb/2016:23:27:58 +0100] "GET http://zc.qq.com/cgi-bin/common/attr?id=260714&r=0.2309800095660757 HTTP/1.1" 404 320 "-" "Mozilla/5.0 (compatible; MSIE 9.0; Windows NT 6.1; Trident/5.0; 360SE)"
36.229.246.242 - - [23/Feb/2016:23:31:16 +0100] "CONNECT 163mx03.mxmail.netease.com:25 HTTP/1.0" 405 355 "-" "-"
36.229.246.242 - - [23/Feb/2016:23:31:27 +0100] "CONNECT 163mx03.mxmail.netease.com:25 HTTP/1.0" 405 355 "-" "-"
222.186.34.155 - - [23/Feb/2016:23:36:52 +0100] "GET https://m.baidu.com/ HTTP/1.1" 200 1229 "-" "HttpClient"
222.186.34.155 - - [23/Feb/2016:23:36:52 +0100] "GET https://m.baidu.com/ HTTP/1.1" 200 1229 "-" "HttpClient"
222.186.34.155 - - [23/Feb/2016:23:36:52 +0100] "GET https://m.baidu.com/ HTTP/1.1" 200 1229 "-" "HttpClient"
222.186.34.155 - - [23/Feb/2016:23:45:03 +0100] "GET https://m.baidu.com/ HTTP/1.1" 200 1229 "-" "HttpClient"
222.186.34.155 - - [23/Feb/2016:23:45:44 +0100] "GET https://m.baidu.com/ HTTP/1.1" 200 1229 "-" "HttpClient"
173.208.206.203 - - [23/Feb/2016:23:51:00 +0100] "GET /forum.php HTTP/1.1" 404 316 "-" "Mozilla/4.0 (compatible; MSIE 8.0; Windows NT 6.1; Trident/4.0; SLCC2; .NET CLR 2.0.50727; .NET CLR 3.5.30729; .NET CLR 3.0.30729; Media Center PC 6.0)"
107.150.60.76 - - [23/Feb/2016:23:54:47 +0100] "GET /forum.php HTTP/1.1" 404 316 "-" "Mozilla/4.0 (compatible; MSIE 8.0; Windows NT 6.1; Trident/4.0; SLCC2; .NET CLR 2.0.50727; .NET CLR 3.5.30729; .NET CLR 3.0.30729; Media Center PC 6.0)"
173.208.206.203 - - [23/Feb/2016:23:55:22 +0100] "GET /forum.php HTTP/1.1" 404 316 "-" "Mozilla/4.0 (compatible; MSIE 8.0; Windows NT 6.1; Trident/4.0; SLCC2; .NET CLR 2.0.50727; .NET CLR 3.5.30729; .NET CLR 3.0.30729; Media Center PC 6.0)"
66.249.66.137 - - [24/Feb/2016:00:01:56 +0100] "GET /robots.txt HTTP/1.1" 404 327 "-" "Mozilla/5.0 (compatible; Googlebot/2.1; +http://www.google.com/bot.html)"
66.249.66.137 - - [24/Feb/2016:00:01:56 +0100] "GET / HTTP/1.1" 200 1229 "-" "Mozilla/5.0 (compatible; Googlebot/2.1; +http://www.google.com/bot.html)"
36.229.234.163 - - [24/Feb/2016:00:39:36 +0100] "CONNECT 163mx01.mxmail.netease.com:25 HTTP/1.0" 405 355 "-" "-"
173.208.206.205 - - [24/Feb/2016:00:40:39 +0100] "GET /forum.php HTTP/1.1" 404 316 "-" "Mozilla/4.0 (compatible; MSIE 8.0; Windows NT 6.1; Trident/4.0; SLCC2; .NET CLR 2.0.50727; .NET CLR 3.5.30729; .NET CLR 3.0.30729; Media Center PC 6.0)"
107.150.60.75 - - [24/Feb/2016:01:31:14 +0100] "GET /forum.php HTTP/1.1" 404 316 "-" "Mozilla/4.0 (compatible; MSIE 8.0; Windows NT 6.1; Trident/4.0; SLCC2; .NET CLR 2.0.50727; .NET CLR 3.5.30729; .NET CLR 3.0.30729; Media Center PC 6.0)"
89.163.251.200 - - [24/Feb/2016:01:32:52 +0100] "GET /phpMyAdmin/scripts/setup.php HTTP/1.0" 404 329 "-" "-"
89.163.251.200 - - [24/Feb/2016:01:32:52 +0100] "GET /phpMyAdmin/scripts/setup.php HTTP/1.0" 404 329 "-" "-"
89.163.251.200 - - [24/Feb/2016:01:32:57 +0100] "GET /phpMyAdmin/scripts/setup.php HTTP/1.0" 404 329 "-" "-"
89.163.251.200 - - [24/Feb/2016:01:32:59 +0100] "GET /phpMyAdmin/scripts/setup.php HTTP/1.0" 404 329 "-" "-"
89.163.251.200 - - [24/Feb/2016:01:33:03 +0100] "GET /phpMyAdmin/scripts/setup.php HTTP/1.0" 404 329 "-" "-"
89.163.251.200 - - [24/Feb/2016:01:33:03 +0100] "GET /phpMyAdmin/scripts/setup.php HTTP/1.0" 404 329 "-" "-"
89.163.251.200 - - [24/Feb/2016:01:33:09 +0100] "GET /phpMyAdmin/scripts/setup.php HTTP/1.0" 404 329 "-" "-"
89.163.251.200 - - [24/Feb/2016:01:33:16 +0100] "GET /phpMyAdmin/scripts/setup.php HTTP/1.0" 404 329 "-" "-"
89.163.251.200 - - [24/Feb/2016:01:33:16 +0100] "GET /phpMyAdmin/scripts/setup.php HTTP/1.0" 404 329 "-" "-"
89.163.251.200 - - [24/Feb/2016:01:33:20 +0100] "GET /phpMyAdmin/scripts/setup.php HTTP/1.0" 404 329 "-" "-"
115.231.222.14 - - [24/Feb/2016:01:38:23 +0100] "GET http://zc.qq.com/cgi-bin/common/attr?id=260714&r=0.9066093893666810 HTTP/1.1" 404 320 "-" "Mozilla/5.0 (compatible; MSIE 9.0; Windows NT 6.1; Trident/5.0; 360SE)"
115.231.222.14 - - [24/Feb/2016:01:38:26 +0100] "GET http://zc.qq.com/cgi-bin/common/attr?id=260714&r=0.4399586842249026 HTTP/1.1" 404 320 "-" "Mozilla/5.0 (compatible; MSIE 9.0; Windows NT 6.1; Trident/5.0; 360SE)"
115.231.222.14 - - [24/Feb/2016:01:38:26 +0100] "GET http://zc.qq.com/cgi-bin/common/attr?id=260714&r=0.3854938441402241 HTTP/1.1" 404 320 "-" "Mozilla/5.0 (compatible; MSIE 9.0; Windows NT 6.1; Trident/5.0; 360SE)"
173.208.206.204 - - [24/Feb/2016:02:11:58 +0100] "GET /forum.php HTTP/1.1" 404 316 "-" "Mozilla/4.0 (compatible; MSIE 8.0; Windows NT 6.1; Trident/4.0; SLCC2; .NET CLR 2.0.50727; .NET CLR 3.5.30729; .NET CLR 3.0.30729; Media Center PC 6.0)"
141.212.122.209 - - [24/Feb/2016:03:42:42 +0100] "GET / HTTP/1.1" 200 1229 "-" "Mozilla/5.0 zgrab/0.x"
115.231.222.14 - - [24/Feb/2016:03:48:43 +0100] "GET http://zc.qq.com/cgi-bin/common/attr?id=260714&r=0.7181530894591745 HTTP/1.1" 404 320 "-" "Mozilla/5.0 (compatible; MSIE 9.0; Windows NT 6.1; Trident/5.0; 360SE)"
115.231.222.14 - - [24/Feb/2016:03:48:45 +0100] "GET http://zc.qq.com/cgi-bin/common/attr?id=260714&r=0.7317868018762576 HTTP/1.1" 404 320 "-" "Mozilla/5.0 (compatible; MSIE 9.0; Windows NT 6.1; Trident/5.0; 360SE)"
115.231.222.14 - - [24/Feb/2016:03:48:45 +0100] "GET http://zc.qq.com/cgi-bin/common/attr?id=260714&r=0.8546202226417314 HTTP/1.1" 404 320 "-" "Mozilla/5.0 (compatible; MSIE 9.0; Windows NT 6.1; Trident/5.0; 360SE)"
107.150.33.58 - - [24/Feb/2016:04:20:49 +0100] "GET / HTTP/1.1" 200 1229 "-" "Mozilla/4.0 (compatible; MSIE 8.0; Windows NT 6.1; Trident/4.0; SLCC2; .NET CLR 2.0.50727; .NET CLR 3.5.30729; .NET CLR 3.0.30729; Media Center PC 6.0)"
173.208.206.205 - - [24/Feb/2016:05:26:38 +0100] "GET /forum.php HTTP/1.1" 404 316 "-" "Mozilla/4.0 (compatible; MSIE 8.0; Windows NT 6.1; Trident/4.0; SLCC2; .NET CLR 2.0.50727; .NET CLR 3.5.30729; .NET CLR 3.0.30729; Media Center PC 6.0)"
107.150.33.58 - - [24/Feb/2016:06:00:14 +0100] "GET / HTTP/1.1" 200 1229 "-" "Mozilla/4.0 (compatible; MSIE 8.0; Windows NT 6.1; Trident/4.0; SLCC2; .NET CLR 2.0.50727; .NET CLR 3.5.30729; .NET CLR 3.0.30729; Media Center PC 6.0)"
38.100.21.67 - - [24/Feb/2016:06:18:20 +0100] "GET / HTTP/1.1" 200 1229 "-" "Mozilla/4.0 (compatible; MSIE 7.0; Windows NT 5.2)"
107.150.60.77 - - [24/Feb/2016:06:23:11 +0100] "GET /forum.php HTTP/1.1" 404 316 "-" "Mozilla/4.0 (compatible; MSIE 8.0; Windows NT 6.1; Trident/4.0; SLCC2; .NET CLR 2.0.50727; .NET CLR 3.5.30729; .NET CLR 3.0.30729; Media Center PC 6.0)"
141.212.122.209 - - [24/Feb/2016:06:34:41 +0100] "GET / HTTP/1.1" 200 1229 "-" "Mozilla/5.0 zgrab/0.x"
157.55.39.50 - - [24/Feb/2016:06:37:04 +0100] "GET /robots.txt HTTP/1.1" 404 323 "-" "Mozilla/5.0 (compatible; bingbot/2.0; +http://www.bing.com/bingbot.htm)"
