115.231.222.14 - - [19/Feb/2016:13:05:41 +0100] "GET http://zc.qq.com/cgi-bin/common/attr?id=260714&r=0.6560877353845851 HTTP/1.1" 404 320 "-" "Mozilla/5.0 (compatible; MSIE 9.0; Windows NT 6.1; Trident/5.0; 360SE)"
104.128.144.131 - - [19/Feb/2016:13:10:08 +0100] "GET / HTTP/1.0" 200 1229 "-" "www.probethenet.com scanner"
104.128.144.131 - - [19/Feb/2016:13:10:08 +0100] "HEAD /redirect.php HTTP/1.0" 404 - "-" "www.probethenet.com scanner"
111.248.115.26 - - [19/Feb/2016:13:12:07 +0100] "CONNECT vip163mx01.mxmail.netease.com:25 HTTP/1.0" 405 358 "-" "-"
111.248.115.57 - - [19/Feb/2016:13:28:08 +0100] "CONNECT vip163mx01.mxmail.netease.com:25 HTTP/1.0" 405 358 "-" "-"
198.20.69.74 - - [19/Feb/2016:14:46:15 +0100] "GET / HTTP/1.1" 200 1229 "-" "-"
198.20.69.74 - - [19/Feb/2016:14:46:16 +0100] "GET /robots.txt HTTP/1.1" 404 315 "-" "-"
198.20.69.74 - - [19/Feb/2016:14:46:16 +0100] "GET /sitemap.xml HTTP/1.1" 404 316 "-" "-"
115.231.222.14 - - [19/Feb/2016:15:16:31 +0100] "GET http://zc.qq.com/cgi-bin/common/attr?id=260714&r=0.2494506381617849 HTTP/1.1" 404 320 "-" "Mozilla/5.0 (compatible; MSIE 9.0; Windows NT 6.1; Trident/5.0; 360SE)"
115.231.222.14 - - [19/Feb/2016:15:16:31 +0100] "GET http://zc.qq.com/cgi-bin/common/attr?id=260714&r=0.9331243351243061 HTTP/1.1" 404 320 "-" "Mozilla/5.0 (compatible; MSIE 9.0; Windows NT 6.1; Trident/5.0; 360SE)"
115.231.222.14 - - [19/Feb/2016:15:16:31 +0100] "GET http://zc.qq.com/cgi-bin/common/attr?id=260714&r=0.0995954307192715 HTTP/1.1" 404 320 "-" "Mozilla/5.0 (compatible; MSIE 9.0; Windows NT 6.1; Trident/5.0; 360SE)"
115.231.222.14 - - [19/Feb/2016:15:16:31 +0100] "GET http://zc.qq.com/cgi-bin/common/attr?id=260714&r=0.1107504182647839 HTTP/1.1" 404 320 "-" "Mozilla/5.0 (compatible; MSIE 9.0; Windows NT 6.1; Trident/5.0; 360SE)"
66.249.75.204 - - [19/Feb/2016:15:26:37 +0100] "GET / HTTP/1.1" 200 1229 "-" "Mozilla/5.0 (compatible; Googlebot/2.1; +http://www.google.com/bot.html)"
111.248.116.104 - - [19/Feb/2016:15:52:35 +0100] "CONNECT 163mx02.mxmail.netease.com:25 HTTP/1.0" 405 355 "-" "-"
69.30.236.2 - - [19/Feb/2016:16:20:19 +0100] "GET /robots.txt HTTP/1.0" 404 323 "-" "Mozilla/5.0 (compatible; MJ12bot/v1.4.5; http://www.majestic12.co.uk/bot.php?+)"
69.30.236.2 - - [19/Feb/2016:16:20:21 +0100] "GET / HTTP/1.0" 200 1229 "-" "Mozilla/5.0 (compatible; MJ12bot/v1.4.5; http://www.majestic12.co.uk/bot.php?+)"
69.30.236.2 - - [19/Feb/2016:16:20:23 +0100] "GET /berufsbekleidung/ HTTP/1.0" 404 330 "-" "Mozilla/5.0 (compatible; MJ12bot/v1.4.5; http://www.majestic12.co.uk/bot.php?+)"
69.30.236.2 - - [19/Feb/2016:16:20:24 +0100] "GET /robots.txt HTTP/1.0" 404 323 "-" "Mozilla/5.0 (compatible; MJ12bot/v1.4.5; http://www.majestic12.co.uk/bot.php?+)"
69.30.236.2 - - [19/Feb/2016:16:20:26 +0100] "GET /corporate-fashion/ HTTP/1.0" 404 331 "-" "Mozilla/5.0 (compatible; MJ12bot/v1.4.5; http://www.majestic12.co.uk/bot.php?+)"
69.30.236.2 - - [19/Feb/2016:16:20:28 +0100] "GET /dienstkleidung/ HTTP/1.0" 404 328 "-" "Mozilla/5.0 (compatible; MJ12bot/v1.4.5; http://www.majestic12.co.uk/bot.php?+)"
69.30.236.2 - - [19/Feb/2016:16:20:30 +0100] "GET /firmenkleidung/ HTTP/1.0" 404 328 "-" "Mozilla/5.0 (compatible; MJ12bot/v1.4.5; http://www.majestic12.co.uk/bot.php?+)"
69.30.236.2 - - [19/Feb/2016:16:20:32 +0100] "GET /index.html HTTP/1.0" 200 1229 "-" "Mozilla/5.0 (compatible; MJ12bot/v1.4.5; http://www.majestic12.co.uk/bot.php?+)"
69.30.236.2 - - [19/Feb/2016:16:20:34 +0100] "GET /unternehmensbekleidung/ HTTP/1.0" 404 336 "-" "Mozilla/5.0 (compatible; MJ12bot/v1.4.5; http://www.majestic12.co.uk/bot.php?+)"
169.229.3.91 - - [19/Feb/2016:16:21:44 +0100] "1dL\xc6\xd4\xcf\xb1\xf0\xb8Y" 501 325 "-" "-"
128.232.110.28 - - [19/Feb/2016:16:42:17 +0100] "GET / HTTP/1.1" 200 1229 "-" "Mozilla/5.0 zgrab/0.x"
141.212.122.160 - - [19/Feb/2016:16:43:53 +0100] "GET / HTTP/1.1" 200 1229 "-" "Mozilla/5.0 zgrab/0.x"
189.238.175.44 - - [19/Feb/2016:18:37:24 +0100] "GET /phpMyAdmin/scripts/setup.php HTTP/1.1" 404 333 "-" "-"
189.238.175.44 - - [19/Feb/2016:18:37:30 +0100] "GET /pma/scripts/setup.php HTTP/1.1" 404 326 "-" "-"
189.238.175.44 - - [19/Feb/2016:18:37:36 +0100] "GET /myadmin/scripts/setup.php HTTP/1.1" 404 330 "-" "-"
66.249.75.220 - - [19/Feb/2016:18:59:16 +0100] "GET / HTTP/1.1" 200 1229 "-" "Mozilla/5.0 (compatible; Googlebot/2.1; +http://www.google.com/bot.html)"
128.232.110.28 - - [19/Feb/2016:19:34:58 +0100] "GET / HTTP/1.1" 200 1229 "-" "Mozilla/5.0 zgrab/0.x"
189.186.189.81 - - [19/Feb/2016:19:36:05 +0100] "GET /phpMyAdmin/scripts/setup.php HTTP/1.1" 404 333 "-" "-"
189.186.189.81 - - [19/Feb/2016:19:37:20 +0100] "GET /pma/scripts/setup.php HTTP/1.1" 404 326 "-" "-"
189.186.189.81 - - [19/Feb/2016:19:38:38 +0100] "GET /myadmin/scripts/setup.php HTTP/1.1" 404 330 "-" "-"
115.231.222.14 - - [19/Feb/2016:19:39:46 +0100] "GET http://zc.qq.com/cgi-bin/common/attr?id=260714&r=0.2005782409122402 HTTP/1.1" 404 320 "-" "Mozilla/5.0 (compatible; MSIE 9.0; Windows NT 6.1; Trident/5.0; 360SE)"
121.42.143.218 - - [19/Feb/2016:20:31:55 +0100] "GET /phpMyAdmin/scripts/setup.php HTTP/1.1" 404 333 "-" "-"
121.42.143.218 - - [19/Feb/2016:20:33:13 +0100] "GET /pma/scripts/setup.php HTTP/1.1" 404 326 "-" "-"
121.42.143.218 - - [19/Feb/2016:20:34:32 +0100] "GET /myadmin/scripts/setup.php HTTP/1.1" 404 330 "-" "-"
141.212.122.160 - - [19/Feb/2016:21:27:02 +0100] "GET / HTTP/1.1" 200 1229 "-" "Mozilla/5.0 zgrab/0.x"
185.25.151.159 - - [19/Feb/2016:21:29:58 +0100] "GET http://testp5.mielno.lubin.pl/testproxy.php HTTP/1.1" 404 327 "-" "Mozilla/5.0 (Windows NT 5.1; rv:32.0) Gecko/20100101 Firefox/31.0"
185.25.151.159 - - [19/Feb/2016:21:32:28 +0100] "GET http://testp2.czar.bielawa.pl/testproxy.php HTTP/1.1" 404 327 "-" "Mozilla/5.0 (Windows NT 5.1; rv:32.0) Gecko/20100101 Firefox/31.0"
36.225.235.66 - - [19/Feb/2016:21:36:00 +0100] "CONNECT vip163mx01.mxmail.netease.com:25 HTTP/1.0" 405 358 "-" "-"
141.212.122.160 - - [19/Feb/2016:21:38:59 +0100] "GET / HTTP/1.1" 200 1229 "-" "Mozilla/5.0 zgrab/0.x"
115.231.222.14 - - [19/Feb/2016:21:51:41 +0100] "GET http://zc.qq.com/cgi-bin/common/attr?id=260714&r=0.3472658771708905 HTTP/1.1" 404 320 "-" "Mozilla/5.0 (compatible; MSIE 9.0; Windows NT 6.1; Trident/5.0; 360SE)"
115.231.222.14 - - [19/Feb/2016:21:51:43 +0100] "GET http://zc.qq.com/cgi-bin/common/attr?id=260714&r=0.3885812577273232 HTTP/1.1" 404 320 "-" "Mozilla/5.0 (compatible; MSIE 9.0; Windows NT 6.1; Trident/5.0; 360SE)"
94.185.83.100 - - [19/Feb/2016:22:00:50 +0100] "GET http://testp4.pospr.waw.pl/testproxy.php HTTP/1.1" 404 324 "-" "Mozilla/5.0 (Windows NT 5.1; rv:32.0) Gecko/20100101 Firefox/31.0"
94.185.83.100 - - [19/Feb/2016:22:01:04 +0100] "GET http://testp4.pospr.waw.pl/testproxy.php HTTP/1.1" 404 324 "-" "Mozilla/5.0 (Windows NT 5.1; rv:32.0) Gecko/20100101 Firefox/31.0"
94.185.83.100 - - [19/Feb/2016:22:02:11 +0100] "GET http://testp4.pospr.waw.pl/testproxy.php HTTP/1.1" 404 324 "-" "Mozilla/5.0 (Windows NT 5.1; rv:32.0) Gecko/20100101 Firefox/31.0"
94.185.83.100 - - [19/Feb/2016:22:02:54 +0100] "GET http://testp5.mielno.lubin.pl/testproxy.php HTTP/1.1" 404 327 "-" "Mozilla/5.0 (Windows NT 5.1; rv:32.0) Gecko/20100101 Firefox/31.0"
94.185.83.100 - - [19/Feb/2016:22:03:01 +0100] "GET http://testp4.pospr.waw.pl/testproxy.php HTTP/1.1" 404 324 "-" "Mozilla/5.0 (Windows NT 5.1; rv:32.0) Gecko/20100101 Firefox/31.0"
94.185.83.100 - - [19/Feb/2016:22:03:33 +0100] "GET http://testp3.pospr.waw.pl/testproxy.php HTTP/1.1" 404 324 "-" "Mozilla/5.0 (Windows NT 5.1; rv:32.0) Gecko/20100101 Firefox/31.0"
94.185.83.100 - - [19/Feb/2016:22:03:34 +0100] "GET http://testp2.czar.bielawa.pl/testproxy.php HTTP/1.1" 404 327 "-" "Mozilla/5.0 (Windows NT 5.1; rv:32.0) Gecko/20100101 Firefox/31.0"
94.185.83.100 - - [19/Feb/2016:22:06:13 +0100] "GET http://testp4.pospr.waw.pl/testproxy.php HTTP/1.1" 404 324 "-" "Mozilla/5.0 (Windows NT 5.1; rv:32.0) Gecko/20100101 Firefox/31.0"
141.212.122.160 - - [19/Feb/2016:22:07:08 +0100] "GET / HTTP/1.1" 200 1229 "-" "Mozilla/5.0 zgrab/0.x"
66.249.69.251 - - [19/Feb/2016:22:13:09 +0100] "GET /robots.txt HTTP/1.1" 404 323 "-" "Mozilla/5.0 (compatible; Googlebot/2.1; +http://www.google.com/bot.html)"
66.249.69.241 - - [19/Feb/2016:22:13:09 +0100] "GET / HTTP/1.1" 200 1229 "-" "Mozilla/5.0 (compatible; Googlebot/2.1; +http://www.google.com/bot.html)"
71.6.158.166 - - [19/Feb/2016:22:34:12 +0100] "GET / HTTP/1.1" 200 1229 "-" "-"
71.6.158.166 - - [19/Feb/2016:22:34:13 +0100] "GET /robots.txt HTTP/1.1" 404 315 "-" "-"
71.6.158.166 - - [19/Feb/2016:22:34:13 +0100] "GET /sitemap.xml HTTP/1.1" 404 316 "-" "-"
141.212.122.160 - - [19/Feb/2016:22:45:18 +0100] "GET / HTTP/1.1" 200 1229 "-" "Mozilla/5.0 zgrab/0.x"
198.20.70.114 - - [19/Feb/2016:23:02:55 +0100] "GET / HTTP/1.1" 200 1229 "-" "-"
198.20.70.114 - - [19/Feb/2016:23:02:56 +0100] "GET /robots.txt HTTP/1.1" 404 315 "-" "-"
198.20.70.114 - - [19/Feb/2016:23:02:56 +0100] "GET /sitemap.xml HTTP/1.1" 404 316 "-" "-"
89.163.251.200 - - [19/Feb/2016:23:26:42 +0100] "GET /pma/scripts/setup.php HTTP/1.0" 404 322 "-" "-"
89.163.251.200 - - [19/Feb/2016:23:28:29 +0100] "GET /pma/scripts/setup.php HTTP/1.0" 404 322 "-" "-"
89.163.251.200 - - [19/Feb/2016:23:28:46 +0100] "GET /pma/scripts/setup.php HTTP/1.0" 404 322 "-" "-"
89.163.251.200 - - [19/Feb/2016:23:28:48 +0100] "GET /pma/scripts/setup.php HTTP/1.0" 404 322 "-" "-"
89.163.251.200 - - [19/Feb/2016:23:28:49 +0100] "GET /pma/scripts/setup.php HTTP/1.0" 404 322 "-" "-"
89.163.251.200 - - [19/Feb/2016:23:33:18 +0100] "GET /pma/scripts/setup.php HTTP/1.0" 404 322 "-" "-"
89.163.251.200 - - [19/Feb/2016:23:33:24 +0100] "GET /pma/scripts/setup.php HTTP/1.0" 404 322 "-" "-"
89.163.251.200 - - [19/Feb/2016:23:34:46 +0100] "GET /pma/scripts/setup.php HTTP/1.0" 404 322 "-" "-"
89.163.251.200 - - [19/Feb/2016:23:34:50 +0100] "GET /pma/scripts/setup.php HTTP/1.0" 404 322 "-" "-"
89.163.251.200 - - [19/Feb/2016:23:35:59 +0100] "GET /pma/scripts/setup.php HTTP/1.0" 404 322 "-" "-"
115.231.222.14 - - [20/Feb/2016:00:04:08 +0100] "GET http://zc.qq.com/cgi-bin/common/attr?id=260714&r=0.8742591546095111 HTTP/1.1" 404 320 "-" "Mozilla/5.0 (compatible; MSIE 9.0; Windows NT 6.1; Trident/5.0; 360SE)"
115.231.222.14 - - [20/Feb/2016:00:04:08 +0100] "GET http://zc.qq.com/cgi-bin/common/attr?id=260714&r=0.0126217562829892 HTTP/1.1" 404 320 "-" "Mozilla/5.0 (compatible; MSIE 9.0; Windows NT 6.1; Trident/5.0; 360SE)"
115.231.222.14 - - [20/Feb/2016:00:04:08 +0100] "GET http://zc.qq.com/cgi-bin/common/attr?id=260714&r=0.7255801787275423 HTTP/1.1" 404 320 "-" "Mozilla/5.0 (compatible; MSIE 9.0; Windows NT 6.1; Trident/5.0; 360SE)"
115.231.222.14 - - [20/Feb/2016:00:04:08 +0100] "GET http://zc.qq.com/cgi-bin/common/attr?id=260714&r=0.1560076221445600 HTTP/1.1" 404 320 "-" "Mozilla/5.0 (compatible; MSIE 9.0; Windows NT 6.1; Trident/5.0; 360SE)"
104.131.97.136 - - [20/Feb/2016:00:18:34 +0100] "GET /robots.txt HTTP/1.1" 404 323 "-" "Mozilla/5.0 (compatible; spbot/5.0; +http://OpenLinkProfiler.org/bot )"
104.131.97.136 - - [20/Feb/2016:00:18:39 +0100] "GET / HTTP/1.1" 200 1229 "-" "Mozilla/5.0 (compatible; spbot/5.0; +http://OpenLinkProfiler.org/bot )"
40.77.167.71 - - [20/Feb/2016:01:17:57 +0100] "GET /robots.txt HTTP/1.1" 404 315 "-" "Mozilla/5.0 (compatible; bingbot/2.0; +http://www.bing.com/bingbot.htm)"
40.77.167.71 - - [20/Feb/2016:01:17:58 +0100] "GET / HTTP/1.1" 200 1229 "-" "Mozilla/5.0 (compatible; bingbot/2.0; +http://www.bing.com/bingbot.htm)"
113.76.90.134 - - [20/Feb/2016:01:44:08 +0100] "GET / HTTP/1.1" 200 1229 "-" "Mozilla/4.0 (compatible; MSIE 8.0; Windows NT 6.1; Trident/4.0; SLCC2; .NET CLR 2.0.50727; .NET CLR 3.5.30729; .NET CLR 3.0.30729; Media Center PC 6.0; InfoPath.2; .NET4.0C; .NET4.0E)"
115.231.222.14 - - [20/Feb/2016:02:16:36 +0100] "GET http://zc.qq.com/cgi-bin/common/attr?id=260714&r=0.1389430562692826 HTTP/1.1" 404 320 "-" "Mozilla/5.0 (compatible; MSIE 9.0; Windows NT 6.1; Trident/5.0; 360SE)"
115.231.222.14 - - [20/Feb/2016:02:16:36 +0100] "GET http://zc.qq.com/cgi-bin/common/attr?id=260714&r=0.7019282569109408 HTTP/1.1" 404 320 "-" "Mozilla/5.0 (compatible; MSIE 9.0; Windows NT 6.1; Trident/5.0; 360SE)"
115.231.222.14 - - [20/Feb/2016:02:16:36 +0100] "GET http://zc.qq.com/cgi-bin/common/attr?id=260714&r=0.9860995896182898 HTTP/1.1" 404 320 "-" "Mozilla/5.0 (compatible; MSIE 9.0; Windows NT 6.1; Trident/5.0; 360SE)"
115.231.222.14 - - [20/Feb/2016:02:16:36 +0100] "GET http://zc.qq.com/cgi-bin/common/attr?id=260714&r=0.3113427078981669 HTTP/1.1" 404 320 "-" "Mozilla/5.0 (compatible; MSIE 9.0; Windows NT 6.1; Trident/5.0; 360SE)"
78.46.50.246 - - [20/Feb/2016:04:15:47 +0100] "GET /robots.txt HTTP/1.0" 404 328 "-" "Mozilla/5.0 (compatible; MJ12bot/v1.4.5; http://www.majestic12.co.uk/bot.php?+)"
78.46.50.246 - - [20/Feb/2016:04:15:48 +0100] "GET / HTTP/1.0" 200 1229 "-" "Mozilla/5.0 (compatible; MJ12bot/v1.4.5; http://www.majestic12.co.uk/bot.php?+)"
115.231.222.14 - - [20/Feb/2016:04:28:35 +0100] "GET http://zc.qq.com/cgi-bin/common/attr?id=260714&r=0.6184248480761218 HTTP/1.1" 404 320 "-" "Mozilla/5.0 (compatible; MSIE 9.0; Windows NT 6.1; Trident/5.0; 360SE)"
115.231.222.14 - - [20/Feb/2016:04:28:35 +0100] "GET http://zc.qq.com/cgi-bin/common/attr?id=260714&r=0.1515750861028881 HTTP/1.1" 404 320 "-" "Mozilla/5.0 (compatible; MSIE 9.0; Windows NT 6.1; Trident/5.0; 360SE)"
115.231.222.14 - - [20/Feb/2016:04:28:36 +0100] "GET http://zc.qq.com/cgi-bin/common/attr?id=260714&r=0.5840907632388923 HTTP/1.1" 404 320 "-" "Mozilla/5.0 (compatible; MSIE 9.0; Windows NT 6.1; Trident/5.0; 360SE)"
115.231.222.14 - - [20/Feb/2016:04:28:36 +0100] "GET http://zc.qq.com/cgi-bin/common/attr?id=260714&r=0.7866466073817416 HTTP/1.1" 404 320 "-" "Mozilla/5.0 (compatible; MSIE 9.0; Windows NT 6.1; Trident/5.0; 360SE)"
84.229.28.162 - - [20/Feb/2016:05:13:13 +0100] "GET / HTTP/1.0" 200 1229 "-" "masscan/1.0 (https://github.com/robertdavidgraham/masscan)"
84.229.28.162 - - [20/Feb/2016:05:13:24 +0100] "GET / HTTP/1.0" 200 1229 "-" "masscan/1.0 (https://github.com/robertdavidgraham/masscan)"
84.229.28.162 - - [20/Feb/2016:05:13:43 +0100] "GET / HTTP/1.0" 200 1229 "-" "masscan/1.0 (https://github.com/robertdavidgraham/masscan)"
111.248.113.50 - - [20/Feb/2016:05:28:35 +0100] "CONNECT 163mx03.mxmail.netease.com:25 HTTP/1.0" 405 355 "-" "-"
162.210.196.129 - - [20/Feb/2016:05:40:54 +0100] "GET /robots.txt HTTP/1.0" 404 327 "-" "Mozilla/5.0 (compatible; MJ12bot/v1.4.5; http://www.majestic12.co.uk/bot.php?+)"
162.210.196.129 - - [20/Feb/2016:05:40:55 +0100] "GET / HTTP/1.0" 200 1229 "-" "Mozilla/5.0 (compatible; MJ12bot/v1.4.5; http://www.majestic12.co.uk/bot.php?+)"
207.46.13.89 - - [20/Feb/2016:05:49:23 +0100] "GET /robots.txt HTTP/1.1" 404 323 "-" "Mozilla/5.0 (compatible; bingbot/2.0; +http://www.bing.com/bingbot.htm)"
207.46.13.89 - - [20/Feb/2016:05:49:27 +0100] "GET /service-frankfurt.html HTTP/1.1" 404 335 "-" "Mozilla/5.0 (compatible; bingbot/2.0; +http://www.bing.com/bingbot.htm)"
198.20.87.98 - - [20/Feb/2016:06:00:29 +0100] "GET / HTTP/1.1" 200 1229 "-" "-"
198.20.87.98 - - [20/Feb/2016:06:00:29 +0100] "GET /robots.txt HTTP/1.1" 404 315 "-" "-"
198.20.87.98 - - [20/Feb/2016:06:00:30 +0100] "GET /sitemap.xml HTTP/1.1" 404 316 "-" "-"
198.20.87.98 - - [20/Feb/2016:06:48:01 +0100] "GET / HTTP/1.1" 200 1229 "-" "-"
198.20.87.98 - - [20/Feb/2016:06:48:01 +0100] "GET /robots.txt HTTP/1.1" 404 315 "-" "-"
198.20.87.98 - - [20/Feb/2016:06:48:01 +0100] "GET /sitemap.xml HTTP/1.1" 404 316 "-" "-"
88.198.230.79 - - [20/Feb/2016:06:52:29 +0100] "GET /robots.txt HTTP/1.0" 404 334 "-" "Mozilla/5.0 (compatible; MJ12bot/v1.4.5; http://www.majestic12.co.uk/bot.php?+)"
88.198.230.79 - - [20/Feb/2016:06:52:31 +0100] "GET / HTTP/1.0" 200 1229 "-" "Mozilla/5.0 (compatible; MJ12bot/v1.4.5; http://www.majestic12.co.uk/bot.php?+)"
146.185.239.100 - - [20/Feb/2016:07:15:49 +0100] "GET http://24x7-allrequestsallowed.com/?PHPSESSID=aab45f4f00143SSQJ_W_EFBF%5CN HTTP/1.1" 200 1229 "-" "-"
113.76.90.84 - - [20/Feb/2016:07:19:57 +0100] "GET / HTTP/1.1" 200 1229 "-" "Mozilla/4.0 (compatible; MSIE 8.0; Windows NT 6.1; Trident/4.0; SLCC2; .NET CLR 2.0.50727; .NET CLR 3.5.30729; .NET CLR 3.0.30729; Media Center PC 6.0; InfoPath.2; .NET4.0C; .NET4.0E)"
141.212.122.160 - - [20/Feb/2016:07:21:58 +0100] "GET / HTTP/1.1" 200 1229 "-" "Mozilla/5.0 zgrab/0.x"
141.212.122.160 - - [20/Feb/2016:07:33:59 +0100] "GET / HTTP/1.1" 200 1229 "-" "Mozilla/5.0 zgrab/0.x"
193.111.140.153 - - [20/Feb/2016:07:36:20 +0100] "GET /robots.txt HTTP/1.0" 404 328 "-" "Mozilla/5.0 (compatible; MJ12bot/v1.4.5; http://www.majestic12.co.uk/bot.php?+)"
193.111.140.153 - - [20/Feb/2016:07:36:23 +0100] "GET / HTTP/1.0" 200 1229 "-" "Mozilla/5.0 (compatible; MJ12bot/v1.4.5; http://www.majestic12.co.uk/bot.php?+)"
115.231.222.14 - - [20/Feb/2016:08:52:16 +0100] "GET http://zc.qq.com/cgi-bin/common/attr?id=260714&r=0.4037198556052325 HTTP/1.1" 404 320 "-" "Mozilla/5.0 (compatible; MSIE 9.0; Windows NT 6.1; Trident/5.0; 360SE)"
115.231.222.14 - - [20/Feb/2016:08:52:22 +0100] "GET http://zc.qq.com/cgi-bin/common/attr?id=260714&r=0.8518861316664064 HTTP/1.1" 404 320 "-" "Mozilla/5.0 (compatible; MSIE 9.0; Windows NT 6.1; Trident/5.0; 360SE)"
115.231.222.14 - - [20/Feb/2016:08:52:22 +0100] "GET http://zc.qq.com/cgi-bin/common/attr?id=260714&r=0.8535791309252876 HTTP/1.1" 404 320 "-" "Mozilla/5.0 (compatible; MSIE 9.0; Windows NT 6.1; Trident/5.0; 360SE)"
146.185.239.100 - - [20/Feb/2016:10:35:37 +0100] "GET http://24x7-allrequestsallowed.com/?PHPSESSID=aab45f4f00143SSQJ_W_EFBF%5CF HTTP/1.1" 200 1229 "-" "-"
169.229.3.91 - - [20/Feb/2016:11:47:41 +0100] "c\x01N\xa0\x9c\xfe\xb1_\x02\x9c@\xc7\x1c" 501 328 "-" "-"
66.249.66.25 - - [20/Feb/2016:11:51:18 +0100] "GET /robots.txt HTTP/1.1" 404 318 "-" "Mozilla/5.0 (compatible; Googlebot/2.1; +http://www.google.com/bot.html)"
66.249.66.22 - - [20/Feb/2016:11:51:18 +0100] "GET / HTTP/1.1" 200 1229 "-" "Mozilla/5.0 (compatible; Googlebot/2.1; +http://www.google.com/bot.html)"
128.232.110.28 - - [20/Feb/2016:12:42:18 +0100] "GET / HTTP/1.1" 200 1229 "-" "Mozilla/5.0 zgrab/0.x"
141.212.122.160 - - [20/Feb/2016:12:49:18 +0100] "GET / HTTP/1.1" 200 1229 "-" "Mozilla/5.0 zgrab/0.x"
66.249.66.22 - - [20/Feb/2016:12:53:08 +0100] "GET / HTTP/1.1" 200 1229 "-" "Mozilla/5.0 (compatible; Googlebot/2.1; +http://www.google.com/bot.html)"
115.231.222.14 - - [20/Feb/2016:13:15:55 +0100] "GET http://zc.qq.com/cgi-bin/common/attr?id=260714&r=0.7944705479994502 HTTP/1.1" 404 320 "-" "Mozilla/5.0 (compatible; MSIE 9.0; Windows NT 6.1; Trident/5.0; 360SE)"
115.231.222.14 - - [20/Feb/2016:13:15:55 +0100] "GET http://zc.qq.com/cgi-bin/common/attr?id=260714&r=0.1497099557893628 HTTP/1.1" 404 320 "-" "Mozilla/5.0 (compatible; MSIE 9.0; Windows NT 6.1; Trident/5.0; 360SE)"
115.231.222.14 - - [20/Feb/2016:13:15:56 +0100] "GET http://zc.qq.com/cgi-bin/common/attr?id=260714&r=0.9928602158147281 HTTP/1.1" 404 320 "-" "Mozilla/5.0 (compatible; MSIE 9.0; Windows NT 6.1; Trident/5.0; 360SE)"
115.231.222.14 - - [20/Feb/2016:13:15:56 +0100] "GET http://zc.qq.com/cgi-bin/common/attr?id=260714&r=0.2373194956206564 HTTP/1.1" 404 320 "-" "Mozilla/5.0 (compatible; MSIE 9.0; Windows NT 6.1; Trident/5.0; 360SE)"
61.231.1.130 - - [20/Feb/2016:13:28:11 +0100] "CONNECT vip163mx00.mxmail.netease.com:25 HTTP/1.0" 405 358 "-" "-"
128.232.110.28 - - [20/Feb/2016:13:28:16 +0100] "GET / HTTP/1.1" 200 1229 "-" "Mozilla/5.0 zgrab/0.x"
128.232.110.28 - - [20/Feb/2016:14:14:45 +0100] "GET / HTTP/1.1" 200 1229 "-" "Mozilla/5.0 zgrab/0.x"
128.232.110.28 - - [20/Feb/2016:14:21:11 +0100] "GET / HTTP/1.1" 200 1229 "-" "Mozilla/5.0 zgrab/0.x"
91.108.179.42 - - [20/Feb/2016:16:19:41 +0100] "GET /administrator/ HTTP/1.1" 404 319 "-" "python-requests/2.2.1 CPython/2.7.6 Linux/2.6.32-042stab092.1"
37.139.14.126 - - [20/Feb/2016:16:25:37 +0100] "GET /api/ HTTP/1.1" 404 309 "-" "Python-urllib/2.6"
37.139.14.126 - - [20/Feb/2016:16:25:42 +0100] "GET /api/ HTTP/1.1" 404 309 "-" "Python-urllib/2.6"
37.139.14.126 - - [20/Feb/2016:16:26:03 +0100] "GET /api/ HTTP/1.1" 404 309 "-" "Python-urllib/2.6"
37.139.14.126 - - [20/Feb/2016:16:26:11 +0100] "GET /api/ HTTP/1.1" 404 309 "-" "Python-urllib/2.6"
37.139.14.126 - - [20/Feb/2016:16:26:13 +0100] "GET /api/ HTTP/1.1" 404 309 "-" "Python-urllib/2.6"
37.139.14.126 - - [20/Feb/2016:16:26:23 +0100] "GET /api/ HTTP/1.1" 404 309 "-" "Python-urllib/2.6"
37.139.14.126 - - [20/Feb/2016:16:26:34 +0100] "GET /api/ HTTP/1.1" 404 309 "-" "Python-urllib/2.6"
37.139.14.126 - - [20/Feb/2016:16:26:34 +0100] "GET /api/ HTTP/1.1" 404 309 "-" "Python-urllib/2.6"
37.139.14.126 - - [20/Feb/2016:16:26:39 +0100] "GET /api/ HTTP/1.1" 404 309 "-" "Python-urllib/2.6"
37.139.14.126 - - [20/Feb/2016:16:26:44 +0100] "GET /api/ HTTP/1.1" 404 309 "-" "Python-urllib/2.6"
204.145.94.210 - - [20/Feb/2016:16:39:57 +0100] "GET / HTTP/1.1" 200 1229 "-" "Python-urllib/2.6"
204.145.94.210 - - [20/Feb/2016:16:40:08 +0100] "GET / HTTP/1.1" 200 1229 "-" "Python-urllib/2.6"
204.145.94.210 - - [20/Feb/2016:16:40:56 +0100] "GET / HTTP/1.1" 200 1229 "-" "Python-urllib/2.6"
204.145.94.210 - - [20/Feb/2016:16:41:11 +0100] "GET / HTTP/1.1" 200 1229 "-" "Python-urllib/2.6"
204.145.94.210 - - [20/Feb/2016:16:41:18 +0100] "GET / HTTP/1.1" 200 1229 "-" "Python-urllib/2.6"
204.145.94.210 - - [20/Feb/2016:16:41:40 +0100] "GET / HTTP/1.1" 200 1229 "-" "Python-urllib/2.6"
204.145.94.210 - - [20/Feb/2016:16:42:03 +0100] "GET / HTTP/1.1" 200 1229 "-" "Python-urllib/2.6"
204.145.94.210 - - [20/Feb/2016:16:42:04 +0100] "GET / HTTP/1.1" 200 1229 "-" "Python-urllib/2.6"
204.145.94.210 - - [20/Feb/2016:16:42:14 +0100] "GET / HTTP/1.1" 200 1229 "-" "Python-urllib/2.6"
204.145.94.210 - - [20/Feb/2016:16:42:26 +0100] "GET / HTTP/1.1" 200 1229 "-" "Python-urllib/2.6"
37.139.14.126 - - [20/Feb/2016:16:42:39 +0100] "GET / HTTP/1.1" 200 1229 "-" "Python-urllib/2.6"
37.139.14.126 - - [20/Feb/2016:16:42:45 +0100] "GET / HTTP/1.1" 200 1229 "-" "Python-urllib/2.6"
37.139.14.126 - - [20/Feb/2016:16:43:06 +0100] "GET / HTTP/1.1" 200 1229 "-" "Python-urllib/2.6"
37.139.14.126 - - [20/Feb/2016:16:43:13 +0100] "GET / HTTP/1.1" 200 1229 "-" "Python-urllib/2.6"
37.139.14.126 - - [20/Feb/2016:16:43:16 +0100] "GET / HTTP/1.1" 200 1229 "-" "Python-urllib/2.6"
37.139.14.126 - - [20/Feb/2016:16:43:26 +0100] "GET / HTTP/1.1" 200 1229 "-" "Python-urllib/2.6"
37.139.14.126 - - [20/Feb/2016:16:43:37 +0100] "GET / HTTP/1.1" 200 1229 "-" "Python-urllib/2.6"
37.139.14.126 - - [20/Feb/2016:16:43:38 +0100] "GET / HTTP/1.1" 200 1229 "-" "Python-urllib/2.6"
37.139.14.126 - - [20/Feb/2016:16:43:42 +0100] "GET / HTTP/1.1" 200 1229 "-" "Python-urllib/2.6"
37.139.14.126 - - [20/Feb/2016:16:43:47 +0100] "GET / HTTP/1.1" 200 1229 "-" "Python-urllib/2.6"
193.92.3.66 - - [20/Feb/2016:17:09:02 +0100] "GET / HTTP/1.0" 200 1229 "-" "-"
193.92.3.66 - - [20/Feb/2016:17:11:19 +0100] "GET / HTTP/1.0" 200 1229 "-" "-"
193.92.3.66 - - [20/Feb/2016:17:12:26 +0100] "GET / HTTP/1.0" 200 1229 "-" "-"
193.92.3.66 - - [20/Feb/2016:17:13:20 +0100] "GET / HTTP/1.0" 200 1229 "-" "-"
193.92.3.66 - - [20/Feb/2016:17:16:49 +0100] "GET / HTTP/1.0" 200 1229 "-" "-"
193.92.3.66 - - [20/Feb/2016:17:17:43 +0100] "GET / HTTP/1.0" 200 1229 "-" "-"
193.92.3.66 - - [20/Feb/2016:17:23:05 +0100] "GET / HTTP/1.0" 200 1229 "-" "-"
193.92.3.66 - - [20/Feb/2016:17:23:18 +0100] "GET / HTTP/1.0" 200 1229 "-" "-"
193.92.3.66 - - [20/Feb/2016:17:23:21 +0100] "GET / HTTP/1.0" 200 1229 "-" "-"
193.92.3.66 - - [20/Feb/2016:17:23:37 +0100] "GET / HTTP/1.0" 200 1229 "-" "-"
128.232.110.28 - - [20/Feb/2016:17:41:51 +0100] "GET / HTTP/1.1" 200 1229 "-" "Mozilla/5.0 zgrab/0.x"
128.232.110.28 - - [20/Feb/2016:19:39:55 +0100] "GET / HTTP/1.1" 200 1229 "-" "Mozilla/5.0 zgrab/0.x"
115.231.222.14 - - [20/Feb/2016:21:41:39 +0100] "GET http://zc.qq.com/cgi-bin/common/attr?id=260714&r=0.2824470594952079 HTTP/1.1" 404 320 "-" "Mozilla/5.0 (compatible; MSIE 9.0; Windows NT 6.1; Trident/5.0; 360SE)"
115.231.222.14 - - [20/Feb/2016:21:41:39 +0100] "GET http://zc.qq.com/cgi-bin/common/attr?id=260714&r=0.0278330578294730 HTTP/1.1" 404 320 "-" "Mozilla/5.0 (compatible; MSIE 9.0; Windows NT 6.1; Trident/5.0; 360SE)"
115.231.222.14 - - [20/Feb/2016:21:41:39 +0100] "GET http://zc.qq.com/cgi-bin/common/attr?id=260714&r=0.4313666340563078 HTTP/1.1" 404 320 "-" "Mozilla/5.0 (compatible; MSIE 9.0; Windows NT 6.1; Trident/5.0; 360SE)"
115.231.222.14 - - [20/Feb/2016:21:41:39 +0100] "GET http://zc.qq.com/cgi-bin/common/attr?id=260714&r=0.5564427229412690 HTTP/1.1" 404 320 "-" "Mozilla/5.0 (compatible; MSIE 9.0; Windows NT 6.1; Trident/5.0; 360SE)"
40.115.22.29 - - [20/Feb/2016:22:33:09 +0100] "GET /w00tw00t.at.blackhats.romanian.anti-sec:) HTTP/1.1" 404 346 "-" "ZmEu"
40.115.22.29 - - [20/Feb/2016:22:33:09 +0100] "GET /phpMyAdmin/scripts/setup.php HTTP/1.1" 404 333 "-" "ZmEu"
40.115.22.29 - - [20/Feb/2016:22:33:09 +0100] "GET /w00tw00t.at.blackhats.romanian.anti-sec:) HTTP/1.1" 404 346 "-" "ZmEu"
40.115.22.29 - - [20/Feb/2016:22:33:09 +0100] "GET /w00tw00t.at.blackhats.romanian.anti-sec:) HTTP/1.1" 404 346 "-" "ZmEu"
40.115.22.29 - - [20/Feb/2016:22:33:09 +0100] "GET /w00tw00t.at.blackhats.romanian.anti-sec:) HTTP/1.1" 404 346 "-" "ZmEu"
40.115.22.29 - - [20/Feb/2016:22:33:09 +0100] "GET /phpmyadmin/scripts/setup.php HTTP/1.1" 404 333 "-" "ZmEu"
40.115.22.29 - - [20/Feb/2016:22:33:09 +0100] "GET /w00tw00t.at.blackhats.romanian.anti-sec:) HTTP/1.1" 404 346 "-" "ZmEu"
40.115.22.29 - - [20/Feb/2016:22:33:09 +0100] "GET /w00tw00t.at.blackhats.romanian.anti-sec:) HTTP/1.1" 404 346 "-" "ZmEu"
40.115.22.29 - - [20/Feb/2016:22:33:09 +0100] "GET /phpMyAdmin/scripts/setup.php HTTP/1.1" 404 333 "-" "ZmEu"
40.115.22.29 - - [20/Feb/2016:22:33:09 +0100] "GET /phpMyAdmin/scripts/setup.php HTTP/1.1" 404 333 "-" "ZmEu"
40.115.22.29 - - [20/Feb/2016:22:33:10 +0100] "GET /phpMyAdmin/scripts/setup.php HTTP/1.1" 404 333 "-" "ZmEu"
40.115.22.29 - - [20/Feb/2016:22:33:11 +0100] "GET /w00tw00t.at.blackhats.romanian.anti-sec:) HTTP/1.1" 404 346 "-" "ZmEu"
40.115.22.29 - - [20/Feb/2016:22:33:11 +0100] "GET /pma/scripts/setup.php HTTP/1.1" 404 326 "-" "ZmEu"
40.115.22.29 - - [20/Feb/2016:22:33:11 +0100] "GET /phpMyAdmin/scripts/setup.php HTTP/1.1" 404 333 "-" "ZmEu"
40.115.22.29 - - [20/Feb/2016:22:33:11 +0100] "GET /phpMyAdmin/scripts/setup.php HTTP/1.1" 404 333 "-" "ZmEu"
40.115.22.29 - - [20/Feb/2016:22:33:11 +0100] "GET /phpmyadmin/scripts/setup.php HTTP/1.1" 404 333 "-" "ZmEu"
40.115.22.29 - - [20/Feb/2016:22:33:11 +0100] "GET /phpmyadmin/scripts/setup.php HTTP/1.1" 404 333 "-" "ZmEu"
40.115.22.29 - - [20/Feb/2016:22:33:11 +0100] "GET /w00tw00t.at.blackhats.romanian.anti-sec:) HTTP/1.1" 404 346 "-" "ZmEu"
40.115.22.29 - - [20/Feb/2016:22:33:11 +0100] "GET /w00tw00t.at.blackhats.romanian.anti-sec:) HTTP/1.1" 404 346 "-" "ZmEu"
40.115.22.29 - - [20/Feb/2016:22:33:11 +0100] "GET /w00tw00t.at.blackhats.romanian.anti-sec:) HTTP/1.1" 404 346 "-" "ZmEu"
40.115.22.29 - - [20/Feb/2016:22:33:11 +0100] "GET /phpmyadmin/scripts/setup.php HTTP/1.1" 404 333 "-" "ZmEu"
40.115.22.29 - - [20/Feb/2016:22:33:11 +0100] "GET /phpMyAdmin/scripts/setup.php HTTP/1.1" 404 333 "-" "ZmEu"
40.115.22.29 - - [20/Feb/2016:22:33:11 +0100] "GET /myadmin/scripts/setup.php HTTP/1.1" 404 330 "-" "ZmEu"
40.115.22.29 - - [20/Feb/2016:22:33:12 +0100] "GET /phpmyadmin/scripts/setup.php HTTP/1.1" 404 333 "-" "ZmEu"
40.115.22.29 - - [20/Feb/2016:22:33:12 +0100] "GET /phpmyadmin/scripts/setup.php HTTP/1.1" 404 333 "-" "ZmEu"
40.115.22.29 - - [20/Feb/2016:22:33:12 +0100] "GET /pma/scripts/setup.php HTTP/1.1" 404 326 "-" "ZmEu"
40.115.22.29 - - [20/Feb/2016:22:33:12 +0100] "GET /pma/scripts/setup.php HTTP/1.1" 404 326 "-" "ZmEu"
40.115.22.29 - - [20/Feb/2016:22:33:12 +0100] "GET /phpMyAdmin/scripts/setup.php HTTP/1.1" 404 333 "-" "ZmEu"
40.115.22.29 - - [20/Feb/2016:22:33:13 +0100] "GET /phpMyAdmin/scripts/setup.php HTTP/1.1" 404 333 "-" "ZmEu"
40.115.22.29 - - [20/Feb/2016:22:33:13 +0100] "GET /phpMyAdmin/scripts/setup.php HTTP/1.1" 404 333 "-" "ZmEu"
40.115.22.29 - - [20/Feb/2016:22:33:13 +0100] "GET /pma/scripts/setup.php HTTP/1.1" 404 326 "-" "ZmEu"
40.115.22.29 - - [20/Feb/2016:22:33:13 +0100] "GET /phpmyadmin/scripts/setup.php HTTP/1.1" 404 333 "-" "ZmEu"
40.115.22.29 - - [20/Feb/2016:22:33:13 +0100] "GET /MyAdmin/scripts/setup.php HTTP/1.1" 404 330 "-" "ZmEu"
40.115.22.29 - - [20/Feb/2016:22:33:13 +0100] "GET /pma/scripts/setup.php HTTP/1.1" 404 326 "-" "ZmEu"
40.115.22.29 - - [20/Feb/2016:22:33:13 +0100] "GET /myadmin/scripts/setup.php HTTP/1.1" 404 330 "-" "ZmEu"
40.115.22.29 - - [20/Feb/2016:22:33:13 +0100] "GET /myadmin/scripts/setup.php HTTP/1.1" 404 330 "-" "ZmEu"
40.115.22.29 - - [20/Feb/2016:22:33:13 +0100] "GET /phpmyadmin/scripts/setup.php HTTP/1.1" 404 333 "-" "ZmEu"
40.115.22.29 - - [20/Feb/2016:22:33:13 +0100] "GET /pma/scripts/setup.php HTTP/1.1" 404 326 "-" "ZmEu"
40.115.22.29 - - [20/Feb/2016:22:33:13 +0100] "GET /phpmyadmin/scripts/setup.php HTTP/1.1" 404 333 "-" "ZmEu"
40.115.22.29 - - [20/Feb/2016:22:33:13 +0100] "GET /phpmyadmin/scripts/setup.php HTTP/1.1" 404 333 "-" "ZmEu"
40.115.22.29 - - [20/Feb/2016:22:33:13 +0100] "GET /myadmin/scripts/setup.php HTTP/1.1" 404 330 "-" "ZmEu"
40.115.22.29 - - [20/Feb/2016:22:33:13 +0100] "GET /pma/scripts/setup.php HTTP/1.1" 404 326 "-" "ZmEu"
40.115.22.29 - - [20/Feb/2016:22:33:13 +0100] "GET /myadmin/scripts/setup.php HTTP/1.1" 404 330 "-" "ZmEu"
40.115.22.29 - - [20/Feb/2016:22:33:13 +0100] "GET /MyAdmin/scripts/setup.php HTTP/1.1" 404 330 "-" "ZmEu"
40.115.22.29 - - [20/Feb/2016:22:33:13 +0100] "GET /MyAdmin/scripts/setup.php HTTP/1.1" 404 330 "-" "ZmEu"
40.115.22.29 - - [20/Feb/2016:22:33:13 +0100] "GET /pma/scripts/setup.php HTTP/1.1" 404 326 "-" "ZmEu"
40.115.22.29 - - [20/Feb/2016:22:33:13 +0100] "GET /pma/scripts/setup.php HTTP/1.1" 404 326 "-" "ZmEu"
40.115.22.29 - - [20/Feb/2016:22:33:13 +0100] "GET /myadmin/scripts/setup.php HTTP/1.1" 404 330 "-" "ZmEu"
40.115.22.29 - - [20/Feb/2016:22:33:13 +0100] "GET /pma/scripts/setup.php HTTP/1.1" 404 326 "-" "ZmEu"
40.115.22.29 - - [20/Feb/2016:22:33:13 +0100] "GET /MyAdmin/scripts/setup.php HTTP/1.1" 404 330 "-" "ZmEu"
40.115.22.29 - - [20/Feb/2016:22:33:13 +0100] "GET /myadmin/scripts/setup.php HTTP/1.1" 404 330 "-" "ZmEu"
40.115.22.29 - - [20/Feb/2016:22:33:13 +0100] "GET /MyAdmin/scripts/setup.php HTTP/1.1" 404 330 "-" "ZmEu"
40.115.22.29 - - [20/Feb/2016:22:33:13 +0100] "GET /myadmin/scripts/setup.php HTTP/1.1" 404 330 "-" "ZmEu"
40.115.22.29 - - [20/Feb/2016:22:33:13 +0100] "GET /myadmin/scripts/setup.php HTTP/1.1" 404 330 "-" "ZmEu"
40.115.22.29 - - [20/Feb/2016:22:33:13 +0100] "GET /MyAdmin/scripts/setup.php HTTP/1.1" 404 330 "-" "ZmEu"
40.115.22.29 - - [20/Feb/2016:22:33:13 +0100] "GET /MyAdmin/scripts/setup.php HTTP/1.1" 404 330 "-" "ZmEu"
40.115.22.29 - - [20/Feb/2016:22:33:13 +0100] "GET /myadmin/scripts/setup.php HTTP/1.1" 404 330 "-" "ZmEu"
40.115.22.29 - - [20/Feb/2016:22:33:13 +0100] "GET /MyAdmin/scripts/setup.php HTTP/1.1" 404 330 "-" "ZmEu"
40.115.22.29 - - [20/Feb/2016:22:33:13 +0100] "GET /MyAdmin/scripts/setup.php HTTP/1.1" 404 330 "-" "ZmEu"
40.115.22.29 - - [20/Feb/2016:22:33:14 +0100] "GET /MyAdmin/scripts/setup.php HTTP/1.1" 404 330 "-" "ZmEu"
61.228.89.253 - - [20/Feb/2016:22:36:43 +0100] "CONNECT vip163mx01.mxmail.netease.com:25 HTTP/1.0" 405 358 "-" "-"
91.108.179.42 - - [20/Feb/2016:23:13:00 +0100] "GET /administrator/ HTTP/1.1" 404 319 "-" "python-requests/2.2.1 CPython/2.7.6 Linux/2.6.32-042stab092.1"
128.232.110.28 - - [20/Feb/2016:23:14:30 +0100] "GET / HTTP/1.1" 200 1229 "-" "Mozilla/5.0 zgrab/0.x"
199.115.117.88 - - [20/Feb/2016:23:31:15 +0100] "GET /admin/basic HTTP/1.1" 404 316 "-" "python-requests/2.8.0"
199.115.117.88 - - [20/Feb/2016:23:31:15 +0100] "GET /admin/basic HTTP/1.1" 404 316 "-" "python-requests/2.8.0"
199.115.117.88 - - [20/Feb/2016:23:31:15 +0100] "GET /admin/basic HTTP/1.1" 404 316 "-" "python-requests/2.8.0"
199.115.117.88 - - [20/Feb/2016:23:31:15 +0100] "GET /admin/basic HTTP/1.1" 404 316 "-" "python-requests/2.8.0"
199.115.117.88 - - [20/Feb/2016:23:31:15 +0100] "GET /admin/basic HTTP/1.1" 404 316 "-" "python-requests/2.8.0"
199.115.117.88 - - [20/Feb/2016:23:31:15 +0100] "GET /admin/basic HTTP/1.1" 404 316 "-" "python-requests/2.8.0"
199.115.117.88 - - [20/Feb/2016:23:31:15 +0100] "GET /admin/basic HTTP/1.1" 404 316 "-" "python-requests/2.8.0"
199.115.117.88 - - [20/Feb/2016:23:31:15 +0100] "GET /admin/basic HTTP/1.1" 404 316 "-" "python-requests/2.8.0"
199.115.117.88 - - [20/Feb/2016:23:31:15 +0100] "GET /admin/basic HTTP/1.1" 404 316 "-" "python-requests/2.8.0"
199.115.117.88 - - [20/Feb/2016:23:31:16 +0100] "GET /admin/basic HTTP/1.1" 404 316 "-" "python-requests/2.8.0"
128.232.110.28 - - [20/Feb/2016:23:45:03 +0100] "GET / HTTP/1.1" 200 1229 "-" "Mozilla/5.0 zgrab/0.x"
128.232.110.28 - - [20/Feb/2016:23:51:20 +0100] "GET / HTTP/1.1" 200 1229 "-" "Mozilla/5.0 zgrab/0.x"
115.231.222.14 - - [20/Feb/2016:23:55:34 +0100] "GET http://zc.qq.com/cgi-bin/common/attr?id=260714&r=0.0829732755376337 HTTP/1.1" 404 320 "-" "Mozilla/5.0 (compatible; MSIE 9.0; Windows NT 6.1; Trident/5.0; 360SE)"
115.231.222.14 - - [20/Feb/2016:23:55:34 +0100] "GET http://zc.qq.com/cgi-bin/common/attr?id=260714&r=0.5646888919027544 HTTP/1.1" 404 320 "-" "Mozilla/5.0 (compatible; MSIE 9.0; Windows NT 6.1; Trident/5.0; 360SE)"
128.232.110.28 - - [21/Feb/2016:00:34:56 +0100] "GET / HTTP/1.1" 200 1229 "-" "Mozilla/5.0 zgrab/0.x"
111.243.254.29 - - [21/Feb/2016:01:09:44 +0100] "CONNECT vip163mx00.mxmail.netease.com:25 HTTP/1.0" 405 358 "-" "-"
151.80.31.128 - - [21/Feb/2016:03:26:33 +0100] "GET /robots.txt HTTP/1.1" 404 328 "-" "Mozilla/5.0 (compatible; AhrefsBot/5.0; +http://ahrefs.com/robot/)"
111.248.100.48 - - [21/Feb/2016:03:39:14 +0100] "CONNECT 163mx03.mxmail.netease.com:25 HTTP/1.0" 405 355 "-" "-"
188.165.196.25 - - [21/Feb/2016:03:56:50 +0100] "GET /robots.txt HTTP/1.0" 404 327 "-" ""
188.165.196.25 - - [21/Feb/2016:03:56:50 +0100] "GET / HTTP/1.1" 206 1229 "-" "Mozilla/5.0 (X11; Linux i686) AppleWebKit/534.30 (KHTML, like Gecko) Ubuntu/11.04 Chromium/12.0.742.112 Chrome/12.0.742.112 Safari/534.30"
185.122.200.128 - - [21/Feb/2016:04:09:18 +0100] "GET /phpMyAdmin/scripts/setup.php HTTP/1.1" 404 333 "-" "-"
185.122.200.128 - - [21/Feb/2016:04:09:24 +0100] "GET /pma/scripts/setup.php HTTP/1.1" 404 326 "-" "-"
185.122.200.128 - - [21/Feb/2016:04:09:29 +0100] "GET /myadmin/scripts/setup.php HTTP/1.1" 404 330 "-" "-"
36.229.234.25 - - [21/Feb/2016:04:20:10 +0100] "CONNECT 163mx03.mxmail.netease.com:25 HTTP/1.0" 405 355 "-" "-"
115.231.222.14 - - [21/Feb/2016:04:23:32 +0100] "GET http://zc.qq.com/cgi-bin/common/attr?id=260714&r=0.9889028832339299 HTTP/1.1" 404 320 "-" "Mozilla/5.0 (compatible; MSIE 9.0; Windows NT 6.1; Trident/5.0; 360SE)"
115.231.222.14 - - [21/Feb/2016:04:23:33 +0100] "GET http://zc.qq.com/cgi-bin/common/attr?id=260714&r=0.5631209036904745 HTTP/1.1" 404 320 "-" "Mozilla/5.0 (compatible; MSIE 9.0; Windows NT 6.1; Trident/5.0; 360SE)"
115.231.222.14 - - [21/Feb/2016:04:23:33 +0100] "GET http://zc.qq.com/cgi-bin/common/attr?id=260714&r=0.1245486811688948 HTTP/1.1" 404 320 "-" "Mozilla/5.0 (compatible; MSIE 9.0; Windows NT 6.1; Trident/5.0; 360SE)"
111.248.113.212 - - [21/Feb/2016:05:21:19 +0100] "CONNECT vip163mx01.mxmail.netease.com:25 HTTP/1.0" 405 358 "-" "-"
113.76.90.21 - - [21/Feb/2016:05:45:39 +0100] "GET / HTTP/1.1" 200 1229 "-" "Mozilla/4.0 (compatible; MSIE 8.0; Windows NT 6.1; Trident/4.0; SLCC2; .NET CLR 2.0.50727; .NET CLR 3.5.30729; .NET CLR 3.0.30729; Media Center PC 6.0; InfoPath.2; .NET4.0C; .NET4.0E)"
91.108.179.42 - - [21/Feb/2016:05:53:40 +0100] "GET /administrator/ HTTP/1.1" 404 319 "-" "python-requests/2.2.1 CPython/2.7.6 Linux/2.6.32-042stab092.1"
128.232.110.28 - - [21/Feb/2016:06:32:00 +0100] "GET / HTTP/1.1" 200 1229 "-" "Mozilla/5.0 zgrab/0.x"
115.231.222.14 - - [21/Feb/2016:06:37:17 +0100] "GET http://zc.qq.com/cgi-bin/common/attr?id=260714&r=0.1836754619353871 HTTP/1.1" 404 320 "-" "Mozilla/5.0 (compatible; MSIE 9.0; Windows NT 6.1; Trident/5.0; 360SE)"
115.231.222.14 - - [21/Feb/2016:06:37:17 +0100] "GET http://zc.qq.com/cgi-bin/common/attr?id=260714&r=0.4992497405961836 HTTP/1.1" 404 320 "-" "Mozilla/5.0 (compatible; MSIE 9.0; Windows NT 6.1; Trident/5.0; 360SE)"
111.243.205.75 - - [21/Feb/2016:06:59:31 +0100] "CONNECT vip163mx00.mxmail.netease.com:25 HTTP/1.0" 405 358 "-" "-"
208.100.26.229 - - [21/Feb/2016:07:12:43 +0100] "GET / HTTP/1.0" 200 1229 "-" "-"
208.100.26.229 - - [21/Feb/2016:07:13:56 +0100] "GET / HTTP/1.0" 200 1229 "-" "-"
208.100.26.232 - - [21/Feb/2016:07:14:29 +0100] "GET / HTTP/1.0" 200 1229 "-" "-"
208.100.26.229 - - [21/Feb/2016:07:14:52 +0100] "HEAD / HTTP/1.1" 200 - "-" "Mozilla/5.0 (compatible; Nmap Scripting Engine; http://nmap.org/book/nse.html)"
208.100.26.232 - - [21/Feb/2016:07:15:11 +0100] "GET / HTTP/1.0" 200 1229 "-" "-"
208.100.26.229 - - [21/Feb/2016:07:16:05 +0100] "HEAD / HTTP/1.1" 200 - "-" "Mozilla/5.0 (compatible; Nmap Scripting Engine; http://nmap.org/book/nse.html)"
208.100.26.232 - - [21/Feb/2016:07:16:38 +0100] "HEAD / HTTP/1.1" 200 - "-" "Mozilla/5.0 (compatible; Nmap Scripting Engine; http://nmap.org/book/nse.html)"
208.100.26.232 - - [21/Feb/2016:07:17:20 +0100] "HEAD / HTTP/1.1" 200 - "-" "Mozilla/5.0 (compatible; Nmap Scripting Engine; http://nmap.org/book/nse.html)"
66.240.219.146 - - [21/Feb/2016:07:32:26 +0100] "GET / HTTP/1.1" 200 1229 "-" "-"
66.240.219.146 - - [21/Feb/2016:07:32:26 +0100] "GET /robots.txt HTTP/1.1" 404 315 "-" "-"
66.240.219.146 - - [21/Feb/2016:07:32:26 +0100] "GET /sitemap.xml HTTP/1.1" 404 316 "-" "-"
208.100.26.231 - - [21/Feb/2016:07:38:17 +0100] "GET / HTTP/1.0" 200 1229 "-" "-"
208.100.26.230 - - [21/Feb/2016:07:38:29 +0100] "GET / HTTP/1.0" 200 1229 "-" "-"
208.100.26.232 - - [21/Feb/2016:07:39:58 +0100] "GET / HTTP/1.0" 200 1229 "-" "-"
208.100.26.231 - - [21/Feb/2016:07:40:27 +0100] "HEAD / HTTP/1.1" 200 - "-" "Mozilla/5.0 (compatible; Nmap Scripting Engine; http://nmap.org/book/nse.html)"
208.100.26.230 - - [21/Feb/2016:07:40:38 +0100] "HEAD / HTTP/1.1" 200 - "-" "Mozilla/5.0 (compatible; Nmap Scripting Engine; http://nmap.org/book/nse.html)"
208.100.26.232 - - [21/Feb/2016:07:42:04 +0100] "HEAD / HTTP/1.1" 200 - "-" "Mozilla/5.0 (compatible; Nmap Scripting Engine; http://nmap.org/book/nse.html)"
208.100.26.229 - - [21/Feb/2016:08:14:30 +0100] "GET / HTTP/1.0" 200 1229 "-" "-"
208.100.26.229 - - [21/Feb/2016:08:15:42 +0100] "GET / HTTP/1.0" 200 1229 "-" "-"
208.100.26.229 - - [21/Feb/2016:08:16:39 +0100] "HEAD / HTTP/1.1" 200 - "-" "Mozilla/5.0 (compatible; Nmap Scripting Engine; http://nmap.org/book/nse.html)"
208.100.26.229 - - [21/Feb/2016:08:17:54 +0100] "HEAD / HTTP/1.1" 200 - "-" "Mozilla/5.0 (compatible; Nmap Scripting Engine; http://nmap.org/book/nse.html)"
141.212.122.129 - - [21/Feb/2016:08:33:48 +0100] "GET /x HTTP/1.1" 400 329 "-" "Telesphoreo"
115.231.222.14 - - [21/Feb/2016:08:51:17 +0100] "GET http://zc.qq.com/cgi-bin/common/attr?id=260714&r=0.1609147194153862 HTTP/1.1" 404 320 "-" "Mozilla/5.0 (compatible; MSIE 9.0; Windows NT 6.1; Trident/5.0; 360SE)"
141.212.122.129 - - [21/Feb/2016:09:52:49 +0100] "GET /x HTTP/1.1" 400 329 "-" "Telesphoreo"
141.212.122.129 - - [21/Feb/2016:09:59:24 +0100] "GET /x HTTP/1.1" 400 329 "-" "Telesphoreo"
111.248.97.222 - - [21/Feb/2016:10:08:16 +0100] "CONNECT vip163mx00.mxmail.netease.com:25 HTTP/1.0" 405 358 "-" "-"
208.100.26.232 - - [21/Feb/2016:10:42:28 +0100] "GET / HTTP/1.0" 200 1229 "-" "-"
208.100.26.232 - - [21/Feb/2016:10:44:07 +0100] "HEAD / HTTP/1.1" 200 - "-" "Mozilla/5.0 (compatible; Nmap Scripting Engine; http://nmap.org/book/nse.html)"
128.232.110.28 - - [21/Feb/2016:10:55:27 +0100] "GET / HTTP/1.1" 200 1229 "-" "Mozilla/5.0 zgrab/0.x"
115.231.222.14 - - [21/Feb/2016:11:05:09 +0100] "GET http://zc.qq.com/cgi-bin/common/attr?id=260714&r=0.3876007162713551 HTTP/1.1" 404 320 "-" "Mozilla/5.0 (compatible; MSIE 9.0; Windows NT 6.1; Trident/5.0; 360SE)"
89.163.251.200 - - [21/Feb/2016:11:12:41 +0100] "GET /myadmin/scripts/setup.php HTTP/1.0" 404 326 "-" "-"
89.163.251.200 - - [21/Feb/2016:11:12:57 +0100] "GET /myadmin/scripts/setup.php HTTP/1.0" 404 326 "-" "-"
89.163.251.200 - - [21/Feb/2016:11:12:58 +0100] "GET /myadmin/scripts/setup.php HTTP/1.0" 404 326 "-" "-"
89.163.251.200 - - [21/Feb/2016:11:12:59 +0100] "GET /myadmin/scripts/setup.php HTTP/1.0" 404 326 "-" "-"
89.163.251.200 - - [21/Feb/2016:11:13:03 +0100] "GET /myadmin/scripts/setup.php HTTP/1.0" 404 326 "-" "-"
89.163.251.200 - - [21/Feb/2016:11:13:13 +0100] "GET /myadmin/scripts/setup.php HTTP/1.0" 404 326 "-" "-"
89.163.251.200 - - [21/Feb/2016:11:19:30 +0100] "GET /myadmin/scripts/setup.php HTTP/1.0" 404 326 "-" "-"
89.163.251.200 - - [21/Feb/2016:11:19:32 +0100] "GET /myadmin/scripts/setup.php HTTP/1.0" 404 326 "-" "-"
89.163.251.200 - - [21/Feb/2016:11:21:37 +0100] "GET /myadmin/scripts/setup.php HTTP/1.0" 404 326 "-" "-"
89.163.251.200 - - [21/Feb/2016:11:21:40 +0100] "GET /myadmin/scripts/setup.php HTTP/1.0" 404 326 "-" "-"
61.228.92.19 - - [21/Feb/2016:12:11:32 +0100] "CONNECT 163mx00.mxmail.netease.com:25 HTTP/1.0" 405 355 "-" "-"
5.9.151.22 - - [21/Feb/2016:12:32:47 +0100] "GET /robots.txt HTTP/1.0" 404 328 "-" "Mozilla/5.0 (compatible; MJ12bot/v1.4.5; http://www.majestic12.co.uk/bot.php?+)"
5.9.151.22 - - [21/Feb/2016:12:32:48 +0100] "GET / HTTP/1.0" 200 1229 "-" "Mozilla/5.0 (compatible; MJ12bot/v1.4.5; http://www.majestic12.co.uk/bot.php?+)"
199.115.117.88 - - [21/Feb/2016:12:57:02 +0100] "GET /admin/basic HTTP/1.1" 404 316 "-" "python-requests/2.8.0"
199.115.117.88 - - [21/Feb/2016:12:57:02 +0100] "GET /admin/basic HTTP/1.1" 404 316 "-" "python-requests/2.8.0"
199.115.117.88 - - [21/Feb/2016:12:57:02 +0100] "GET /admin/basic HTTP/1.1" 404 316 "-" "python-requests/2.8.0"
199.115.117.88 - - [21/Feb/2016:12:57:02 +0100] "GET /admin/basic HTTP/1.1" 404 316 "-" "python-requests/2.8.0"
199.115.117.88 - - [21/Feb/2016:12:57:02 +0100] "GET /admin/basic HTTP/1.1" 404 316 "-" "python-requests/2.8.0"
199.115.117.88 - - [21/Feb/2016:12:57:02 +0100] "GET /admin/basic HTTP/1.1" 404 316 "-" "python-requests/2.8.0"
199.115.117.88 - - [21/Feb/2016:12:57:02 +0100] "GET /admin/basic HTTP/1.1" 404 316 "-" "python-requests/2.8.0"
199.115.117.88 - - [21/Feb/2016:12:57:02 +0100] "GET /admin/basic HTTP/1.1" 404 316 "-" "python-requests/2.8.0"
199.115.117.88 - - [21/Feb/2016:12:57:02 +0100] "GET /admin/basic HTTP/1.1" 404 316 "-" "python-requests/2.8.0"
199.115.117.88 - - [21/Feb/2016:12:57:02 +0100] "GET /admin/basic HTTP/1.1" 404 316 "-" "python-requests/2.8.0"
113.76.90.34 - - [21/Feb/2016:13:07:38 +0100] "GET / HTTP/1.1" 200 1229 "-" "Mozilla/4.0 (compatible; MSIE 8.0; Windows NT 6.1; Trident/4.0; SLCC2; .NET CLR 2.0.50727; .NET CLR 3.5.30729; .NET CLR 3.0.30729; Media Center PC 6.0; InfoPath.2; .NET4.0C; .NET4.0E)"
115.231.222.14 - - [21/Feb/2016:13:19:00 +0100] "GET http://zc.qq.com/cgi-bin/common/attr?id=260714&r=0.3757176436002667 HTTP/1.1" 404 320 "-" "Mozilla/5.0 (compatible; MSIE 9.0; Windows NT 6.1; Trident/5.0; 360SE)"
169.229.3.91 - - [21/Feb/2016:14:24:37 +0100] "\x1d\xa4\xb8\xcc@\x9e\xc1\xbfNn\xd4\x13\xe2[G3v\xbf\xb7;\xf7i?\x81\xc9\x88." 501 342 "-" "-"
141.212.122.129 - - [21/Feb/2016:14:51:39 +0100] "GET /x HTTP/1.1" 400 329 "-" "Telesphoreo"
128.232.110.28 - - [21/Feb/2016:14:55:44 +0100] "GET / HTTP/1.1" 200 1229 "-" "Mozilla/5.0 zgrab/0.x"
91.108.179.42 - - [21/Feb/2016:14:57:50 +0100] "GET /administrator/ HTTP/1.1" 404 319 "-" "python-requests/2.2.1 CPython/2.7.6 Linux/2.6.32-042stab092.1"
115.231.222.14 - - [21/Feb/2016:15:32:47 +0100] "GET http://zc.qq.com/cgi-bin/common/attr?id=260714&r=0.6014196051706722 HTTP/1.1" 404 320 "-" "Mozilla/5.0 (compatible; MSIE 9.0; Windows NT 6.1; Trident/5.0; 360SE)"
141.212.122.129 - - [21/Feb/2016:15:55:27 +0100] "GET /x HTTP/1.1" 400 329 "-" "Telesphoreo"
157.55.39.18 - - [21/Feb/2016:16:22:37 +0100] "GET /robots.txt HTTP/1.1" 404 333 "-" "Mozilla/5.0 (compatible; bingbot/2.0; +http://www.bing.com/bingbot.htm)"
157.55.39.18 - - [21/Feb/2016:16:23:04 +0100] "GET / HTTP/1.1" 200 1229 "-" "Mozilla/5.0 (iPhone; CPU iPhone OS 7_0 like Mac OS X) AppleWebKit/537.51.1 (KHTML, like Gecko) Version/7.0 Mobile/11A465 Safari/9537.53 (compatible; bingbot/2.0; http://www.bing.com/bingbot.htm)"
207.46.13.116 - - [21/Feb/2016:16:23:11 +0100] "GET /robots.txt HTTP/1.1" 404 333 "-" "Mozilla/5.0 (compatible; bingbot/2.0; +http://www.bing.com/bingbot.htm)"
111.248.114.19 - - [21/Feb/2016:16:41:58 +0100] "CONNECT vip163mx00.mxmail.netease.com:25 HTTP/1.0" 405 358 "-" "-"
128.232.110.28 - - [21/Feb/2016:17:26:13 +0100] "GET / HTTP/1.1" 200 1229 "-" "Mozilla/5.0 zgrab/0.x"
141.212.122.129 - - [21/Feb/2016:18:01:03 +0100] "GET /x HTTP/1.1" 400 329 "-" "Telesphoreo"
77.81.6.234 - - [21/Feb/2016:18:03:33 +0100] "GET / HTTP/1.1" 200 1229 "-" "-"
61.231.6.88 - - [21/Feb/2016:18:09:30 +0100] "CONNECT vip163mx01.mxmail.netease.com:25 HTTP/1.0" 405 358 "-" "-"
141.212.122.129 - - [21/Feb/2016:18:32:06 +0100] "GET /x HTTP/1.1" 400 329 "-" "Telesphoreo"
157.55.39.18 - - [21/Feb/2016:18:45:04 +0100] "GET / HTTP/1.1" 304 - "-" "Mozilla/5.0 (compatible; bingbot/2.0; +http://www.bing.com/bingbot.htm)"
141.212.122.129 - - [21/Feb/2016:19:19:36 +0100] "GET /x HTTP/1.1" 400 329 "-" "Telesphoreo"
128.232.110.28 - - [21/Feb/2016:19:51:07 +0100] "GET / HTTP/1.1" 200 1229 "-" "Mozilla/5.0 zgrab/0.x"
115.231.222.14 - - [21/Feb/2016:20:00:48 +0100] "GET http://zc.qq.com/cgi-bin/common/attr?id=260714&r=0.4771257182826537 HTTP/1.1" 404 320 "-" "Mozilla/5.0 (compatible; MSIE 9.0; Windows NT 6.1; Trident/5.0; 360SE)"
115.231.222.14 - - [21/Feb/2016:20:00:52 +0100] "GET http://zc.qq.com/cgi-bin/common/attr?id=260714&r=0.2031412237429686 HTTP/1.1" 404 320 "-" "Mozilla/5.0 (compatible; MSIE 9.0; Windows NT 6.1; Trident/5.0; 360SE)"
141.212.122.129 - - [21/Feb/2016:20:21:51 +0100] "GET /x HTTP/1.1" 400 329 "-" "Telesphoreo"
5.39.222.159 - - [21/Feb/2016:20:37:42 +0100] "GET /rom-0 HTTP/1.1" 404 310 "-" "Mozilla/5.0 zgrab/0.x"
144.76.29.66 - - [21/Feb/2016:21:06:26 +0100] "GET /robots.txt HTTP/1.0" 404 323 "-" "Mozilla/5.0 (compatible; MJ12bot/v1.4.5; http://www.majestic12.co.uk/bot.php?+)"
144.76.29.66 - - [21/Feb/2016:21:06:28 +0100] "GET / HTTP/1.0" 200 1229 "-" "Mozilla/5.0 (compatible; MJ12bot/v1.4.5; http://www.majestic12.co.uk/bot.php?+)"
91.223.25.134 - - [21/Feb/2016:22:00:37 +0100] "GET / HTTP/1.0" 200 1229 "-" "masscan/1.0 (https://github.com/robertdavidgraham/masscan)"
157.55.39.79 - - [21/Feb/2016:22:03:18 +0100] "GET /robots.txt HTTP/1.1" 404 323 "-" "Mozilla/5.0 (compatible; bingbot/2.0; +http://www.bing.com/bingbot.htm)"
157.55.39.79 - - [21/Feb/2016:22:03:21 +0100] "GET /haftungsausschluss.html HTTP/1.1" 404 336 "-" "Mozilla/5.0 (compatible; bingbot/2.0; +http://www.bing.com/bingbot.htm)"
61.231.0.18 - - [21/Feb/2016:22:21:53 +0100] "CONNECT 126mx00.mxmail.netease.com:25 HTTP/1.0" 405 355 "-" "-"
36.225.234.230 - - [21/Feb/2016:22:55:48 +0100] "CONNECT 163mx02.mxmail.netease.com:25 HTTP/1.0" 405 355 "-" "-"
54.183.152.226 - - [21/Feb/2016:23:30:57 +0100] "GET / HTTP/1.0" 200 1229 "-" "Mozilla/5.0 (Windows NT 6.3; rv:36.0 Gecko/20100101 Firefox/36.0"
36.229.247.1 - - [21/Feb/2016:23:56:13 +0100] "CONNECT 163mx03.mxmail.netease.com:25 HTTP/1.0" 405 355 "-" "-"
115.231.222.14 - - [22/Feb/2016:00:28:24 +0100] "GET http://zc.qq.com/cgi-bin/common/attr?id=260714&r=0.6709361338158667 HTTP/1.1" 404 320 "-" "Mozilla/5.0 (compatible; MSIE 9.0; Windows NT 6.1; Trident/5.0; 360SE)"
115.231.222.14 - - [22/Feb/2016:00:28:24 +0100] "GET http://zc.qq.com/cgi-bin/common/attr?id=260714&r=0.1774669593533003 HTTP/1.1" 404 320 "-" "Mozilla/5.0 (compatible; MSIE 9.0; Windows NT 6.1; Trident/5.0; 360SE)"
115.231.222.14 - - [22/Feb/2016:00:28:26 +0100] "GET http://zc.qq.com/cgi-bin/common/attr?id=260714&r=0.4310587471715181 HTTP/1.1" 404 320 "-" "Mozilla/5.0 (compatible; MSIE 9.0; Windows NT 6.1; Trident/5.0; 360SE)"
198.20.69.74 - - [22/Feb/2016:01:00:35 +0100] "GET / HTTP/1.1" 200 1229 "-" "-"
198.20.69.74 - - [22/Feb/2016:01:00:36 +0100] "GET /robots.txt HTTP/1.1" 404 315 "-" "-"
198.20.69.74 - - [22/Feb/2016:01:00:36 +0100] "GET /sitemap.xml HTTP/1.1" 404 316 "-" "-"
193.92.3.66 - - [22/Feb/2016:01:10:58 +0100] "GET / HTTP/1.0" 200 1229 "-" "-"
193.92.3.66 - - [22/Feb/2016:01:11:29 +0100] "GET / HTTP/1.0" 200 1229 "-" "-"
193.92.3.66 - - [22/Feb/2016:01:11:34 +0100] "GET / HTTP/1.0" 200 1229 "-" "-"
66.240.236.119 - - [22/Feb/2016:01:12:15 +0100] "GET / HTTP/1.1" 200 1229 "-" "-"
66.240.236.119 - - [22/Feb/2016:01:12:15 +0100] "GET /robots.txt HTTP/1.1" 404 315 "-" "-"
66.240.236.119 - - [22/Feb/2016:01:12:16 +0100] "GET /sitemap.xml HTTP/1.1" 404 316 "-" "-"
193.92.3.66 - - [22/Feb/2016:01:12:48 +0100] "GET / HTTP/1.0" 200 1229 "-" "-"
193.92.3.66 - - [22/Feb/2016:01:17:16 +0100] "GET / HTTP/1.0" 200 1229 "-" "-"
193.92.3.66 - - [22/Feb/2016:01:17:49 +0100] "GET / HTTP/1.0" 200 1229 "-" "-"
193.92.3.66 - - [22/Feb/2016:01:18:57 +0100] "GET / HTTP/1.0" 200 1229 "-" "-"
193.92.3.66 - - [22/Feb/2016:01:19:05 +0100] "GET / HTTP/1.0" 200 1229 "-" "-"
193.92.3.66 - - [22/Feb/2016:01:20:40 +0100] "GET / HTTP/1.0" 200 1229 "-" "-"
193.92.3.66 - - [22/Feb/2016:01:21:19 +0100] "GET / HTTP/1.0" 200 1229 "-" "-"
193.92.3.66 - - [22/Feb/2016:02:09:45 +0100] "GET / HTTP/1.0" 200 1229 "-" "-"
193.92.3.66 - - [22/Feb/2016:02:09:47 +0100] "GET / HTTP/1.0" 200 1229 "-" "-"
193.92.3.66 - - [22/Feb/2016:02:10:11 +0100] "GET / HTTP/1.0" 200 1229 "-" "-"
193.92.3.66 - - [22/Feb/2016:02:10:15 +0100] "GET / HTTP/1.0" 200 1229 "-" "-"
193.92.3.66 - - [22/Feb/2016:02:13:24 +0100] "GET / HTTP/1.0" 200 1229 "-" "-"
193.92.3.66 - - [22/Feb/2016:02:13:29 +0100] "GET / HTTP/1.0" 200 1229 "-" "-"
193.92.3.66 - - [22/Feb/2016:02:15:08 +0100] "GET / HTTP/1.0" 200 1229 "-" "-"
193.92.3.66 - - [22/Feb/2016:02:15:10 +0100] "GET / HTTP/1.0" 200 1229 "-" "-"
193.92.3.66 - - [22/Feb/2016:02:15:58 +0100] "GET / HTTP/1.0" 200 1229 "-" "-"
