157.55.33.40 - - [23/Mar/2013:09:25:29 +0100] "GET /robots.txt HTTP/1.1" 404 320 "-" "Mozilla/5.0 (compatible; bingbot/2.0; +http://www.bing.com/bingbot.htm)"
157.55.33.40 - - [23/Mar/2013:09:27:29 +0100] "GET / HTTP/1.1" 200 1229 "-" "Mozilla/5.0 (compatible; bingbot/2.0; +http://www.bing.com/bingbot.htm)"
31.172.30.2 - - [23/Mar/2013:09:47:41 +0100] "GET /.svn/entries HTTP/1.1" 404 322 "-" "-"
146.0.74.37 - - [23/Mar/2013:09:57:40 +0100] "GET / HTTP/1.1" 200 1229 "-" "Mozilla/5.0"
206.83.68.144 - - [23/Mar/2013:10:11:00 +0100] "GET //web-console/css//dtree.css HTTP/1.1" 404 331 "-" "Plesk"
206.83.68.144 - - [23/Mar/2013:10:11:00 +0100] "GET //web-console/css//dtree.css HTTP/1.1" 404 331 "-" "Plesk"
206.83.68.144 - - [23/Mar/2013:10:11:01 +0100] "GET //web-console/css//dtree.css HTTP/1.1" 404 331 "-" "Plesk"
206.83.68.144 - - [23/Mar/2013:10:11:01 +0100] "GET //web-console/css//dtree.css HTTP/1.1" 404 331 "-" "Plesk"
206.83.68.144 - - [23/Mar/2013:10:11:01 +0100] "GET //web-console/css//dtree.css HTTP/1.1" 404 331 "-" "Plesk"
206.83.68.144 - - [23/Mar/2013:10:11:01 +0100] "GET //web-console/css//dtree.css HTTP/1.1" 404 331 "-" "Plesk"
206.83.68.144 - - [23/Mar/2013:10:11:01 +0100] "GET //web-console/css//dtree.css HTTP/1.1" 404 331 "-" "Plesk"
206.83.68.144 - - [23/Mar/2013:10:11:01 +0100] "GET //web-console/css//dtree.css HTTP/1.1" 404 331 "-" "Plesk"
206.83.68.144 - - [23/Mar/2013:10:11:01 +0100] "GET //web-console/css//dtree.css HTTP/1.1" 404 331 "-" "Plesk"
206.83.68.144 - - [23/Mar/2013:10:11:01 +0100] "GET //web-console/css//dtree.css HTTP/1.1" 404 331 "-" "Plesk"
146.0.74.37 - - [23/Mar/2013:10:15:12 +0100] "GET / HTTP/1.1" 200 1229 "-" "Mozilla/5.0"
94.23.45.14 - - [23/Mar/2013:10:40:15 +0100] "HEAD / HTTP/1.0" 200 - "-" "-"
64.246.165.50 - - [23/Mar/2013:11:40:00 +0100] "GET /robots.txt HTTP/1.0" 404 332 "-" "Mozilla/5.0 (Windows; U; Windows NT 5.1; en; rv:1.9.0.13) Gecko/2009073022 Firefox/3.5.2 (.NET CLR 3.5.30729) SurveyBot/2.3 (DomainTools)"
64.246.165.50 - - [23/Mar/2013:11:40:00 +0100] "GET / HTTP/1.1" 200 1229 "http://whois.domaintools.com/bauaufzuege-hebetechnik.de" "Mozilla/5.0 (Windows; U; Windows NT 5.1; en; rv:1.9.0.13) Gecko/2009073022 Firefox/3.5.2 (.NET CLR 3.5.30729) SurveyBot/2.3 (DomainTools)"
204.12.208.162 - - [23/Mar/2013:12:23:08 +0100] "GET /robots.txt HTTP/1.0" 404 328 "-" "Mozilla/5.0 (compatible; MJ12bot/v1.4.3; http://www.majestic12.co.uk/bot.php?+)"
204.12.208.162 - - [23/Mar/2013:12:23:11 +0100] "GET /seiten/impressum.htm HTTP/1.0" 404 338 "-" "Mozilla/5.0 (compatible; MJ12bot/v1.4.3; http://www.majestic12.co.uk/bot.php?+)"
204.12.208.162 - - [23/Mar/2013:12:23:13 +0100] "GET /seiten/main.htm HTTP/1.0" 404 333 "-" "Mozilla/5.0 (compatible; MJ12bot/v1.4.3; http://www.majestic12.co.uk/bot.php?+)"
204.12.208.162 - - [23/Mar/2013:12:23:14 +0100] "GET /seiten/schmier.htm HTTP/1.0" 404 336 "-" "Mozilla/5.0 (compatible; MJ12bot/v1.4.3; http://www.majestic12.co.uk/bot.php?+)"
204.12.208.162 - - [23/Mar/2013:12:23:16 +0100] "GET /seiten/service.htm HTTP/1.0" 404 336 "-" "Mozilla/5.0 (compatible; MJ12bot/v1.4.3; http://www.majestic12.co.uk/bot.php?+)"
204.12.208.162 - - [23/Mar/2013:12:23:18 +0100] "GET /seiten/spar.htm HTTP/1.0" 404 333 "-" "Mozilla/5.0 (compatible; MJ12bot/v1.4.3; http://www.majestic12.co.uk/bot.php?+)"
194.109.159.161 - - [23/Mar/2013:13:24:56 +0100] "HEAD /manager/status HTTP/1.1" 404 - "-" "Java/1.6.0_17"
194.109.159.161 - - [23/Mar/2013:13:24:58 +0100] "HEAD /manager/status HTTP/1.1" 404 - "-" "Java/1.6.0_17"
194.109.159.161 - - [23/Mar/2013:13:25:00 +0100] "HEAD /manager/status HTTP/1.1" 404 - "-" "Java/1.6.0_17"
194.109.159.161 - - [23/Mar/2013:13:25:02 +0100] "HEAD /manager/status HTTP/1.1" 404 - "-" "Java/1.6.0_17"
194.109.159.161 - - [23/Mar/2013:13:25:04 +0100] "HEAD /manager/status HTTP/1.1" 404 - "-" "Java/1.6.0_17"
194.109.159.161 - - [23/Mar/2013:13:25:06 +0100] "HEAD /manager/status HTTP/1.1" 404 - "-" "Java/1.6.0_17"
194.109.159.161 - - [23/Mar/2013:13:25:08 +0100] "HEAD /manager/status HTTP/1.1" 404 - "-" "Java/1.6.0_17"
194.109.159.161 - - [23/Mar/2013:13:25:10 +0100] "HEAD /manager/status HTTP/1.1" 404 - "-" "Java/1.6.0_17"
194.109.159.161 - - [23/Mar/2013:13:25:12 +0100] "HEAD /manager/status HTTP/1.1" 404 - "-" "Java/1.6.0_17"
194.109.159.161 - - [23/Mar/2013:13:25:14 +0100] "HEAD /manager/status HTTP/1.1" 404 - "-" "Java/1.6.0_17"
173.208.150.250 - - [23/Mar/2013:14:06:32 +0100] "GET /robots.txt HTTP/1.0" 404 322 "-" "Mozilla/5.0 (compatible; MJ12bot/v1.4.3; http://www.majestic12.co.uk/bot.php?+)"
173.208.150.250 - - [23/Mar/2013:14:06:34 +0100] "GET / HTTP/1.0" 200 1229 "-" "Mozilla/5.0 (compatible; MJ12bot/v1.4.3; http://www.majestic12.co.uk/bot.php?+)"
144.76.43.110 - - [23/Mar/2013:14:12:19 +0100] "GET / HTTP/1.1" 200 1229 "-" "Mozilla/4.0 (compatible; MSIE 5.01; Windows NT 5.0)"
78.30.200.81 - - [23/Mar/2013:15:33:52 +0100] "GET /robots.txt HTTP/1.0" 404 320 "-" "Mozilla/5.0 (compatible; MJ12bot/v1.4.3; http://www.majestic12.co.uk/bot.php?+)"
78.30.200.81 - - [23/Mar/2013:15:33:54 +0100] "GET / HTTP/1.0" 200 1229 "-" "Mozilla/5.0 (compatible; MJ12bot/v1.4.3; http://www.majestic12.co.uk/bot.php?+)"
198.20.69.74 - - [23/Mar/2013:16:04:44 +0100] "GET / HTTP/1.1" 200 1229 "-" "-"
198.20.69.74 - - [23/Mar/2013:16:04:45 +0100] "GET /robots.txt HTTP/1.1" 404 315 "-" "-"
64.246.187.42 - - [23/Mar/2013:16:43:22 +0100] "GET /robots.txt HTTP/1.0" 404 315 "-" "Mozilla/5.0 (Windows; U; Windows NT 5.1; en; rv:1.9.0.13) Gecko/2009073022 Firefox/3.5.2 (.NET CLR 3.5.30729) SurveyBot/2.3 (DomainTools)"
64.246.187.42 - - [23/Mar/2013:16:43:23 +0100] "GET / HTTP/1.1" 200 1229 "http://whois.domaintools.com/bmt-it.de" "Mozilla/5.0 (Windows; U; Windows NT 5.1; en; rv:1.9.0.13) Gecko/2009073022 Firefox/3.5.2 (.NET CLR 3.5.30729) SurveyBot/2.3 (DomainTools)"
64.246.165.160 - - [23/Mar/2013:16:44:44 +0100] "GET /robots.txt HTTP/1.0" 404 322 "-" "Mozilla/5.0 (Windows; U; Windows NT 5.1; en; rv:1.9.0.13) Gecko/2009073022 Firefox/3.5.2 (.NET CLR 3.5.30729) SurveyBot/2.3 (DomainTools)"
64.246.165.160 - - [23/Mar/2013:16:44:44 +0100] "GET / HTTP/1.1" 200 1229 "http://whois.domaintools.com/boedenundmehr.de" "Mozilla/5.0 (Windows; U; Windows NT 5.1; en; rv:1.9.0.13) Gecko/2009073022 Firefox/3.5.2 (.NET CLR 3.5.30729) SurveyBot/2.3 (DomainTools)"
178.255.215.64 - - [23/Mar/2013:17:46:45 +0100] "GET /robots.txt HTTP/1.1" 404 322 "-" "Mozilla/5.0 (compatible; Exabot/3.0; +http://www.exabot.com/go/robot)"
178.255.215.64 - - [23/Mar/2013:17:46:45 +0100] "GET / HTTP/1.1" 304 - "-" "Mozilla/5.0 (compatible; Exabot/3.0; +http://www.exabot.com/go/robot)"
141.8.147.12 - - [23/Mar/2013:17:55:09 +0100] "GET /robots.txt HTTP/1.1" 404 333 "-" "Mozilla/5.0 (compatible; YandexBot/3.0; +http://yandex.com/bots)"
24.230.61.142 - - [23/Mar/2013:19:20:55 +0100] "GET /robots.txt HTTP/1.0" 404 320 "-" "Mozilla/5.0 (compatible; MJ12bot/v1.4.3; http://www.majestic12.co.uk/bot.php?+)"
24.230.61.142 - - [23/Mar/2013:19:20:57 +0100] "GET / HTTP/1.1" 200 1229 "-" "Mozilla/5.0 (compatible; MJ12bot/v1.4.3; http://www.majestic12.co.uk/bot.php?+)"
5.9.7.208 - - [23/Mar/2013:20:10:23 +0100] "GET /robots.txt HTTP/1.0" 404 320 "-" "Mozilla/5.0 (compatible; MJ12bot/v1.4.3; http://www.majestic12.co.uk/bot.php?+)"
5.9.7.208 - - [23/Mar/2013:20:10:51 +0100] "GET / HTTP/1.0" 200 1229 "-" "Mozilla/5.0 (compatible; MJ12bot/v1.4.3; http://www.majestic12.co.uk/bot.php?+)"
141.8.147.12 - - [23/Mar/2013:20:56:32 +0100] "GET / HTTP/1.1" 200 1229 "-" "Mozilla/5.0 (compatible; YandexBot/3.0; +http://yandex.com/bots)"
157.55.33.40 - - [23/Mar/2013:21:56:43 +0100] "GET /robots.txt HTTP/1.1" 404 320 "-" "Mozilla/5.0 (compatible; bingbot/2.0; +http://www.bing.com/bingbot.htm)"
157.55.33.40 - - [23/Mar/2013:21:59:39 +0100] "GET / HTTP/1.1" 200 1229 "-" "Mozilla/5.0 (compatible; bingbot/2.0; +http://www.bing.com/bingbot.htm)"
84.202.95.43 - - [24/Mar/2013:00:06:53 +0100] "GET /robots.txt HTTP/1.0" 404 320 "-" "Mozilla/5.0 (compatible; MJ12bot/v1.4.3; http://www.majestic12.co.uk/bot.php?+)"
84.202.95.43 - - [24/Mar/2013:00:06:54 +0100] "GET / HTTP/1.0" 200 1229 "-" "Mozilla/5.0 (compatible; MJ12bot/v1.4.3; http://www.majestic12.co.uk/bot.php?+)"
204.12.228.34 - - [24/Mar/2013:00:36:52 +0100] "GET /robots.txt HTTP/1.0" 404 320 "-" "Mozilla/5.0 (compatible; MJ12bot/v1.4.3; http://www.majestic12.co.uk/bot.php?+)"
204.12.228.34 - - [24/Mar/2013:00:36:55 +0100] "GET / HTTP/1.0" 200 1229 "-" "Mozilla/5.0 (compatible; MJ12bot/v1.4.3; http://www.majestic12.co.uk/bot.php?+)"
94.102.51.246 - - [24/Mar/2013:01:08:39 +0100] "GET http://24x7-allrequestsallowed.com/?PHPSESSID=7jy745aa00143SSQJ_W_EFBF%5CB HTTP/1.1" 200 1229 "-" "Mozilla/5.0 (Windows NT 6.1; rv:16.0) Gecko/20100101 Firefox/16.0"
198.7.63.79 - - [24/Mar/2013:01:50:36 +0100] "GET /w00tw00t.at.blackhats.romanian.anti-sec:) HTTP/1.1" 404 346 "-" "ZmEu"
198.7.63.79 - - [24/Mar/2013:01:50:37 +0100] "GET /w00tw00t.at.blackhats.romanian.anti-sec:) HTTP/1.1" 404 346 "-" "ZmEu"
198.7.63.79 - - [24/Mar/2013:01:50:37 +0100] "GET /w00tw00t.at.blackhats.romanian.anti-sec:) HTTP/1.1" 404 346 "-" "ZmEu"
198.7.63.79 - - [24/Mar/2013:01:50:37 +0100] "GET /w00tw00t.at.blackhats.romanian.anti-sec:) HTTP/1.1" 404 346 "-" "ZmEu"
198.7.63.79 - - [24/Mar/2013:01:50:37 +0100] "GET /w00tw00t.at.blackhats.romanian.anti-sec:) HTTP/1.1" 404 346 "-" "ZmEu"
198.7.63.79 - - [24/Mar/2013:01:50:37 +0100] "GET /w00tw00t.at.blackhats.romanian.anti-sec:) HTTP/1.1" 404 346 "-" "ZmEu"
198.7.63.79 - - [24/Mar/2013:01:50:37 +0100] "GET /w00tw00t.at.blackhats.romanian.anti-sec:) HTTP/1.1" 404 346 "-" "ZmEu"
198.7.63.79 - - [24/Mar/2013:01:50:37 +0100] "GET /w00tw00t.at.blackhats.romanian.anti-sec:) HTTP/1.1" 404 346 "-" "ZmEu"
198.7.63.79 - - [24/Mar/2013:01:50:38 +0100] "GET /w00tw00t.at.blackhats.romanian.anti-sec:) HTTP/1.1" 404 346 "-" "ZmEu"
198.7.63.79 - - [24/Mar/2013:01:50:38 +0100] "GET /w00tw00t.at.blackhats.romanian.anti-sec:) HTTP/1.1" 404 346 "-" "ZmEu"
198.7.63.79 - - [24/Mar/2013:01:50:43 +0100] "GET /phpMyAdmin/scripts/setup.php HTTP/1.1" 404 333 "-" "ZmEu"
198.7.63.79 - - [24/Mar/2013:01:50:43 +0100] "GET /phpMyAdmin/scripts/setup.php HTTP/1.1" 404 333 "-" "ZmEu"
198.7.63.79 - - [24/Mar/2013:01:50:43 +0100] "GET /phpMyAdmin/scripts/setup.php HTTP/1.1" 404 333 "-" "ZmEu"
198.7.63.79 - - [24/Mar/2013:01:50:49 +0100] "GET /phpmyadmin/scripts/setup.php HTTP/1.1" 404 333 "-" "ZmEu"
198.7.63.79 - - [24/Mar/2013:01:50:49 +0100] "GET /phpmyadmin/scripts/setup.php HTTP/1.1" 404 333 "-" "ZmEu"
198.7.63.79 - - [24/Mar/2013:01:50:55 +0100] "GET /pma/scripts/setup.php HTTP/1.1" 404 326 "-" "ZmEu"
204.12.226.2 - - [24/Mar/2013:02:06:33 +0100] "GET /robots.txt HTTP/1.0" 404 320 "-" "Mozilla/5.0 (compatible; MJ12bot/v1.4.3; http://www.majestic12.co.uk/bot.php?+)"
204.12.226.2 - - [24/Mar/2013:02:06:36 +0100] "GET / HTTP/1.0" 200 1229 "-" "Mozilla/5.0 (compatible; MJ12bot/v1.4.3; http://www.majestic12.co.uk/bot.php?+)"
157.56.93.40 - - [24/Mar/2013:02:13:08 +0100] "GET /robots.txt HTTP/1.1" 404 320 "-" "Mozilla/5.0 (compatible; bingbot/2.0; +http://www.bing.com/bingbot.htm)"
157.56.93.40 - - [24/Mar/2013:02:14:46 +0100] "GET /seiten/optiplus_detail.php?det=guete HTTP/1.1" 404 336 "-" "Mozilla/5.0 (compatible; bingbot/2.0; +http://www.bing.com/bingbot.htm)"
94.23.13.153 - - [24/Mar/2013:02:20:25 +0100] "GET /robots.txt HTTP/1.0" 404 320 "-" "Mozilla/5.0 (compatible; MJ12bot/v1.4.3; http://www.majestic12.co.uk/bot.php?+)"
94.23.13.153 - - [24/Mar/2013:02:20:26 +0100] "GET / HTTP/1.0" 200 1229 "-" "Mozilla/5.0 (compatible; MJ12bot/v1.4.3; http://www.majestic12.co.uk/bot.php?+)"
157.55.35.40 - - [24/Mar/2013:03:34:37 +0100] "GET /robots.txt HTTP/1.1" 404 327 "-" "Mozilla/5.0 (compatible; bingbot/2.0; +http://www.bing.com/bingbot.htm)"
157.55.35.40 - - [24/Mar/2013:03:36:13 +0100] "GET / HTTP/1.1" 304 - "-" "Mozilla/5.0 (compatible; bingbot/2.0; +http://www.bing.com/bingbot.htm)"
144.76.43.110 - - [24/Mar/2013:03:42:45 +0100] "GET / HTTP/1.1" 200 1229 "-" "Mozilla/4.0 (compatible; MSIE 5.01; Windows NT 5.0)"
178.77.126.55 - - [24/Mar/2013:04:34:09 +0100] "GET /robots.txt HTTP/1.1" 404 320 "-" "Mozilla/5.0 (compatible; CareerBot/1.1; +http://www.career-x.de/bot.html)"
178.77.126.55 - - [24/Mar/2013:04:34:09 +0100] "GET / HTTP/1.1" 200 1229 "-" "Mozilla/5.0 (compatible; CareerBot/1.1; +http://www.career-x.de/bot.html)"
92.206.101.59 - - [24/Mar/2013:05:21:00 +0100] "GET /robots.txt HTTP/1.0" 404 320 "-" "Mozilla/5.0 (compatible; MJ12bot/v1.4.3; http://www.majestic12.co.uk/bot.php?+)"
92.206.101.59 - - [24/Mar/2013:05:21:04 +0100] "GET / HTTP/1.1" 200 1229 "-" "Mozilla/5.0 (compatible; MJ12bot/v1.4.3; http://www.majestic12.co.uk/bot.php?+)"
204.12.198.106 - - [24/Mar/2013:05:37:50 +0100] "GET /robots.txt HTTP/1.0" 404 320 "-" "Mozilla/5.0 (compatible; MJ12bot/v1.4.3; http://www.majestic12.co.uk/bot.php?+)"
204.12.198.106 - - [24/Mar/2013:05:37:52 +0100] "GET / HTTP/1.0" 200 1229 "-" "Mozilla/5.0 (compatible; MJ12bot/v1.4.3; http://www.majestic12.co.uk/bot.php?+)"
204.12.228.34 - - [24/Mar/2013:05:44:32 +0100] "GET /robots.txt HTTP/1.0" 404 320 "-" "Mozilla/5.0 (compatible; MJ12bot/v1.4.3; http://www.majestic12.co.uk/bot.php?+)"
204.12.228.34 - - [24/Mar/2013:05:44:35 +0100] "GET / HTTP/1.0" 200 1229 "-" "Mozilla/5.0 (compatible; MJ12bot/v1.4.3; http://www.majestic12.co.uk/bot.php?+)"
141.8.147.12 - - [24/Mar/2013:05:44:51 +0100] "GET /robots.txt HTTP/1.1" 404 337 "-" "Mozilla/5.0 (compatible; YandexBot/3.0; +http://yandex.com/bots)"
204.12.228.34 - - [24/Mar/2013:05:55:31 +0100] "GET / HTTP/1.0" 200 1229 "-" "Mozilla/5.0 (compatible; MJ12bot/v1.4.3; http://www.majestic12.co.uk/bot.php?+)"
204.12.228.34 - - [24/Mar/2013:06:04:42 +0100] "GET / HTTP/1.0" 200 1229 "-" "Mozilla/5.0 (compatible; MJ12bot/v1.4.3; http://www.majestic12.co.uk/bot.php?+)"
204.145.90.146 - - [24/Mar/2013:08:06:15 +0100] "GET http://204.145.90.146/proxychecker/check.cgi?action=getinfo HTTP/1.1" 404 328 "http://www.google.com/search?hl=ru&q=free+proxy+checker&sourceid=navclient-ff&ie=UTF-8" "Mozilla/4.0 (compatible; MSIE 6.0; Windows NT 5.1; SV1)"
94.142.155.123 - - [24/Mar/2013:08:43:09 +0100] "GET / HTTP/1.1" 200 1229 "-" "-"
94.142.155.123 - - [24/Mar/2013:08:43:09 +0100] "GET /robots.txt HTTP/1.1" 404 315 "-" "-"
141.8.147.12 - - [24/Mar/2013:09:55:13 +0100] "GET / HTTP/1.1" 200 1229 "-" "Mozilla/5.0 (compatible; YandexBot/3.0; +http://yandex.com/bots)"
66.249.76.162 - - [24/Mar/2013:10:04:04 +0100] "GET /robots.txt HTTP/1.1" 404 322 "-" "Mozilla/5.0 (compatible; Googlebot/2.1; +http://www.google.com/bot.html)"
66.249.76.162 - - [24/Mar/2013:10:04:04 +0100] "GET / HTTP/1.1" 200 1229 "-" "Mozilla/5.0 (compatible; Googlebot/2.1; +http://www.google.com/bot.html)"
157.55.33.40 - - [24/Mar/2013:10:10:59 +0100] "GET /robots.txt HTTP/1.1" 404 320 "-" "Mozilla/5.0 (compatible; bingbot/2.0; +http://www.bing.com/bingbot.htm)"
141.8.147.12 - - [24/Mar/2013:10:12:01 +0100] "GET /robots.txt HTTP/1.1" 404 320 "-" "Mozilla/5.0 (compatible; YandexBot/3.0; +http://yandex.com/bots)"
157.55.33.40 - - [24/Mar/2013:10:14:17 +0100] "GET / HTTP/1.1" 200 1229 "-" "Mozilla/5.0 (compatible; bingbot/2.0; +http://www.bing.com/bingbot.htm)"
64.246.161.190 - - [24/Mar/2013:11:41:06 +0100] "GET /leer.htm HTTP/1.1" 404 313 "http://whois.domaintools.com/dialyse-schoenebeck.de" "Mozilla/5.0 (Windows; U; Windows NT 5.1; en; rv:1.9.0.13) Gecko/2009073022 Firefox/3.5.2 (.NET CLR 3.5.30729) SurveyBot/2.3 (DomainTools)"
64.246.161.190 - - [24/Mar/2013:11:41:06 +0100] "GET /leer.htm HTTP/1.1" 404 313 "http://whois.domaintools.com/dialyse-schoenebeck.de" "Mozilla/5.0 (Windows; U; Windows NT 5.1; en; rv:1.9.0.13) Gecko/2009073022 Firefox/3.5.2 (.NET CLR 3.5.30729) SurveyBot/2.3 (DomainTools)"
64.246.161.190 - - [24/Mar/2013:11:41:07 +0100] "GET /leer.htm HTTP/1.1" 404 313 "http://whois.domaintools.com/dialyse-schoenebeck.de" "Mozilla/5.0 (Windows; U; Windows NT 5.1; en; rv:1.9.0.13) Gecko/2009073022 Firefox/3.5.2 (.NET CLR 3.5.30729) SurveyBot/2.3 (DomainTools)"
184.154.42.194 - - [24/Mar/2013:11:49:35 +0100] "GET / HTTP/1.0" 200 1229 "-" "-"
69.30.238.162 - - [24/Mar/2013:11:51:21 +0100] "GET /robots.txt HTTP/1.0" 404 320 "-" "Mozilla/5.0 (compatible; MJ12bot/v1.4.3; http://www.majestic12.co.uk/bot.php?+)"
69.30.238.162 - - [24/Mar/2013:11:51:23 +0100] "GET / HTTP/1.0" 200 1229 "-" "Mozilla/5.0 (compatible; MJ12bot/v1.4.3; http://www.majestic12.co.uk/bot.php?+)"
204.145.90.146 - - [24/Mar/2013:12:13:48 +0100] "GET http://204.145.90.146/proxychecker/check.cgi?action=getinfo HTTP/1.1" 404 328 "http://www.google.com/search?hl=ru&q=free+proxy+checker&sourceid=navclient-ff&ie=UTF-8" "Mozilla/4.0 (compatible; MSIE 6.0; Windows NT 5.1; SV1)"
64.246.165.170 - - [24/Mar/2013:12:33:30 +0100] "GET /frameset/left.htm HTTP/1.1" 404 322 "http://whois.domaintools.com/die-sehnsucht.com" "Mozilla/5.0 (Windows; U; Windows NT 5.1; en; rv:1.9.0.13) Gecko/2009073022 Firefox/3.5.2 (.NET CLR 3.5.30729) SurveyBot/2.3 (DomainTools)"
64.246.165.170 - - [24/Mar/2013:12:33:31 +0100] "GET /frameset/top.htm HTTP/1.1" 404 321 "http://whois.domaintools.com/die-sehnsucht.com" "Mozilla/5.0 (Windows; U; Windows NT 5.1; en; rv:1.9.0.13) Gecko/2009073022 Firefox/3.5.2 (.NET CLR 3.5.30729) SurveyBot/2.3 (DomainTools)"
64.246.165.170 - - [24/Mar/2013:12:33:31 +0100] "GET /neue_seite_1.htm HTTP/1.1" 404 321 "http://whois.domaintools.com/die-sehnsucht.com" "Mozilla/5.0 (Windows; U; Windows NT 5.1; en; rv:1.9.0.13) Gecko/2009073022 Firefox/3.5.2 (.NET CLR 3.5.30729) SurveyBot/2.3 (DomainTools)"
144.76.43.110 - - [24/Mar/2013:12:39:38 +0100] "GET / HTTP/1.1" 200 1229 "-" "Mozilla/4.0 (compatible; MSIE 5.01; Windows NT 5.0)"
173.208.150.250 - - [24/Mar/2013:12:50:32 +0100] "GET /robots.txt HTTP/1.0" 404 320 "-" "Mozilla/5.0 (compatible; MJ12bot/v1.4.3; http://www.majestic12.co.uk/bot.php?+)"
173.208.150.250 - - [24/Mar/2013:12:50:34 +0100] "GET / HTTP/1.0" 200 1229 "-" "Mozilla/5.0 (compatible; MJ12bot/v1.4.3; http://www.majestic12.co.uk/bot.php?+)"
141.8.147.12 - - [24/Mar/2013:12:56:53 +0100] "GET / HTTP/1.1" 200 1229 "-" "Mozilla/5.0 (compatible; YandexBot/3.0; +http://yandex.com/bots)"
198.20.69.74 - - [24/Mar/2013:13:53:49 +0100] "GET / HTTP/1.1" 200 1229 "-" "-"
198.20.69.74 - - [24/Mar/2013:13:53:49 +0100] "GET /robots.txt HTTP/1.1" 404 315 "-" "-"
141.8.147.12 - - [24/Mar/2013:15:37:37 +0100] "GET /robots.txt HTTP/1.1" 404 322 "-" "Mozilla/5.0 (compatible; YandexBot/3.0; +http://yandex.com/bots)"
204.145.90.146 - - [24/Mar/2013:16:22:20 +0100] "GET http://204.145.90.146/proxychecker/check.cgi?action=getinfo HTTP/1.1" 404 328 "http://www.google.com/search?hl=ru&q=free+proxy+checker&sourceid=navclient-ff&ie=UTF-8" "Mozilla/4.0 (compatible; MSIE 6.0; Windows NT 5.1; SV1)"
187.157.137.34 - - [24/Mar/2013:17:00:28 +0100] "GET /w00tw00t.at.ISC.SANS.DFind:) HTTP/1.1" 400 329 "-" "-"
187.157.137.34 - - [24/Mar/2013:17:00:28 +0100] "GET /w00tw00t.at.ISC.SANS.DFind:) HTTP/1.1" 400 329 "-" "-"
187.157.137.34 - - [24/Mar/2013:17:00:28 +0100] "GET /w00tw00t.at.ISC.SANS.DFind:) HTTP/1.1" 400 329 "-" "-"
187.157.137.34 - - [24/Mar/2013:17:00:28 +0100] "GET /w00tw00t.at.ISC.SANS.DFind:) HTTP/1.1" 400 329 "-" "-"
187.157.137.34 - - [24/Mar/2013:17:00:28 +0100] "GET /w00tw00t.at.ISC.SANS.DFind:) HTTP/1.1" 400 329 "-" "-"
187.157.137.34 - - [24/Mar/2013:17:00:28 +0100] "GET /w00tw00t.at.ISC.SANS.DFind:) HTTP/1.1" 400 329 "-" "-"
187.157.137.34 - - [24/Mar/2013:17:00:28 +0100] "GET /w00tw00t.at.ISC.SANS.DFind:) HTTP/1.1" 400 329 "-" "-"
187.157.137.34 - - [24/Mar/2013:17:00:28 +0100] "GET /w00tw00t.at.ISC.SANS.DFind:) HTTP/1.1" 400 329 "-" "-"
187.157.137.34 - - [24/Mar/2013:17:00:28 +0100] "GET /w00tw00t.at.ISC.SANS.DFind:) HTTP/1.1" 400 329 "-" "-"
187.157.137.34 - - [24/Mar/2013:17:00:28 +0100] "GET /w00tw00t.at.ISC.SANS.DFind:) HTTP/1.1" 400 329 "-" "-"
66.193.171.205 - - [24/Mar/2013:17:10:45 +0100] "GET /user/soapCaller.bs HTTP/1.1" 404 323 "-" "Morfeus Fucking Scanner"
66.193.171.205 - - [24/Mar/2013:17:10:45 +0100] "GET /user/soapCaller.bs HTTP/1.1" 404 323 "-" "Morfeus Fucking Scanner"
66.193.171.205 - - [24/Mar/2013:17:10:45 +0100] "GET /user/soapCaller.bs HTTP/1.1" 404 323 "-" "Morfeus Fucking Scanner"
66.193.171.205 - - [24/Mar/2013:17:11:28 +0100] "GET /user/soapCaller.bs HTTP/1.1" 404 323 "-" "Morfeus Fucking Scanner"
204.145.90.146 - - [24/Mar/2013:20:30:10 +0100] "GET http://204.145.90.146/proxychecker/check.cgi?action=getinfo HTTP/1.1" 404 328 "http://www.google.com/search?hl=ru&q=free+proxy+checker&sourceid=navclient-ff&ie=UTF-8" "Mozilla/4.0 (compatible; MSIE 6.0; Windows NT 5.1; SV1)"
67.19.79.218 - - [24/Mar/2013:21:12:36 +0100] "GET /robots.txt HTTP/1.0" 404 311 "-" "Mozilla/4.0 (compatible; MSIE 5.01; Windows NT)"
157.55.33.40 - - [24/Mar/2013:21:57:48 +0100] "GET /robots.txt HTTP/1.1" 404 320 "-" "Mozilla/5.0 (compatible; bingbot/2.0; +http://www.bing.com/bingbot.htm)"
157.55.33.40 - - [24/Mar/2013:22:00:27 +0100] "GET / HTTP/1.1" 200 1229 "-" "Mozilla/5.0 (compatible; bingbot/2.0; +http://www.bing.com/bingbot.htm)"
66.249.76.80 - - [24/Mar/2013:23:39:11 +0100] "GET /robots.txt HTTP/1.1" 404 320 "-" "Mozilla/5.0 (compatible; Googlebot/2.1; +http://www.google.com/bot.html)"
66.249.76.80 - - [24/Mar/2013:23:39:11 +0100] "GET / HTTP/1.1" 200 1229 "-" "Mozilla/5.0 (compatible; Googlebot/2.1; +http://www.google.com/bot.html)"
141.8.147.12 - - [25/Mar/2013:00:10:55 +0100] "GET / HTTP/1.1" 200 1229 "-" "Mozilla/5.0 (compatible; YandexBot/3.0; +http://yandex.com/bots)"
204.145.90.146 - - [25/Mar/2013:00:38:32 +0100] "GET http://204.145.90.146/proxychecker/check.cgi?action=getinfo HTTP/1.1" 404 328 "http://www.google.com/search?hl=ru&q=free+proxy+checker&sourceid=navclient-ff&ie=UTF-8" "Mozilla/4.0 (compatible; MSIE 6.0; Windows NT 5.1; SV1)"
66.249.76.139 - - [25/Mar/2013:01:26:01 +0100] "GET /robots.txt HTTP/1.1" 404 337 "-" "Mozilla/5.0 (compatible; Googlebot/2.1; +http://www.google.com/bot.html)"
66.249.76.139 - - [25/Mar/2013:01:26:01 +0100] "GET / HTTP/1.1" 200 1229 "-" "Mozilla/5.0 (compatible; Googlebot/2.1; +http://www.google.com/bot.html)"
66.249.76.183 - - [25/Mar/2013:01:44:25 +0100] "GET /robots.txt HTTP/1.1" 404 328 "-" "Mozilla/5.0 (compatible; Googlebot/2.1; +http://www.google.com/bot.html)"
66.249.76.183 - - [25/Mar/2013:01:44:25 +0100] "GET / HTTP/1.1" 200 1229 "-" "Mozilla/5.0 (compatible; Googlebot/2.1; +http://www.google.com/bot.html)"
66.249.76.56 - - [25/Mar/2013:02:34:50 +0100] "GET /robots.txt HTTP/1.1" 404 332 "-" "Mozilla/5.0 (compatible; Googlebot/2.1; +http://www.google.com/bot.html)"
66.249.76.56 - - [25/Mar/2013:02:34:50 +0100] "GET / HTTP/1.1" 200 1229 "-" "Mozilla/5.0 (compatible; Googlebot/2.1; +http://www.google.com/bot.html)"
184.154.48.82 - - [25/Mar/2013:02:40:21 +0100] "GET /robots.txt HTTP/1.0" 404 327 "-" "Mozilla/5.0 (compatible; MJ12bot/v1.4.3; http://www.majestic12.co.uk/bot.php?+)"
184.154.48.82 - - [25/Mar/2013:02:40:23 +0100] "GET /Diesel.htm HTTP/1.0" 404 327 "-" "Mozilla/5.0 (compatible; MJ12bot/v1.4.3; http://www.majestic12.co.uk/bot.php?+)"
184.154.48.82 - - [25/Mar/2013:02:40:24 +0100] "GET /Heizoel-Berlin-2.html HTTP/1.0" 404 338 "-" "Mozilla/5.0 (compatible; MJ12bot/v1.4.3; http://www.majestic12.co.uk/bot.php?+)"
184.154.48.82 - - [25/Mar/2013:02:40:26 +0100] "GET /Heizoel-Berlin.htm HTTP/1.0" 404 335 "-" "Mozilla/5.0 (compatible; MJ12bot/v1.4.3; http://www.majestic12.co.uk/bot.php?+)"
184.154.48.82 - - [25/Mar/2013:02:40:27 +0100] "GET /Heizoel.htm HTTP/1.0" 404 328 "-" "Mozilla/5.0 (compatible; MJ12bot/v1.4.3; http://www.majestic12.co.uk/bot.php?+)"
184.154.48.82 - - [25/Mar/2013:02:40:29 +0100] "GET /li_esso.htm HTTP/1.0" 404 328 "-" "Mozilla/5.0 (compatible; MJ12bot/v1.4.3; http://www.majestic12.co.uk/bot.php?+)"
184.154.48.82 - - [25/Mar/2013:02:40:31 +0100] "GET /seiten/impressum.htm HTTP/1.0" 404 337 "-" "Mozilla/5.0 (compatible; MJ12bot/v1.4.3; http://www.majestic12.co.uk/bot.php?+)"
184.154.48.82 - - [25/Mar/2013:02:40:32 +0100] "GET /seiten/main.htm HTTP/1.0" 404 332 "-" "Mozilla/5.0 (compatible; MJ12bot/v1.4.3; http://www.majestic12.co.uk/bot.php?+)"
184.154.48.82 - - [25/Mar/2013:02:40:34 +0100] "GET /seiten/schmier.htm HTTP/1.0" 404 335 "-" "Mozilla/5.0 (compatible; MJ12bot/v1.4.3; http://www.majestic12.co.uk/bot.php?+)"
184.154.48.82 - - [25/Mar/2013:02:40:36 +0100] "GET /seiten/service.htm HTTP/1.0" 404 335 "-" "Mozilla/5.0 (compatible; MJ12bot/v1.4.3; http://www.majestic12.co.uk/bot.php?+)"
184.154.48.82 - - [25/Mar/2013:02:40:38 +0100] "GET /seiten/start.htm HTTP/1.0" 404 333 "-" "Mozilla/5.0 (compatible; MJ12bot/v1.4.3; http://www.majestic12.co.uk/bot.php?+)"
157.56.92.150 - - [25/Mar/2013:03:57:15 +0100] "GET /robots.txt HTTP/1.1" 404 322 "-" "Mozilla/5.0 (compatible; bingbot/2.0; +http://www.bing.com/bingbot.htm)"
23.22.131.19 - - [25/Mar/2013:04:20:32 +0100] "GET / HTTP/1.0" 200 1229 "http://www.go-profitclicking.com" "Mozilla/5.0 (compatible; MSIE 9.0; Windows NT 6.1; Trident/5.0)"
204.145.90.146 - - [25/Mar/2013:04:46:59 +0100] "GET http://204.145.90.146/proxychecker/check.cgi?action=getinfo HTTP/1.1" 404 328 "http://www.google.com/search?hl=ru&q=free+proxy+checker&sourceid=navclient-ff&ie=UTF-8" "Mozilla/4.0 (compatible; MSIE 6.0; Windows NT 5.1; SV1)"
157.56.92.150 - - [25/Mar/2013:05:04:32 +0100] "GET / HTTP/1.0" 304 - "-" "Mozilla/5.0 (compatible; bingbot/2.0; +http://www.bing.com/bingbot.htm)"
204.145.90.146 - - [25/Mar/2013:08:54:01 +0100] "GET http://204.145.90.146/proxychecker/check.cgi?action=getinfo HTTP/1.1" 404 328 "http://www.google.com/search?hl=ru&q=free+proxy+checker&sourceid=navclient-ff&ie=UTF-8" "Mozilla/4.0 (compatible; MSIE 6.0; Windows NT 5.1; SV1)"
157.55.33.40 - - [25/Mar/2013:10:14:40 +0100] "GET /robots.txt HTTP/1.1" 404 320 "-" "Mozilla/5.0 (compatible; bingbot/2.0; +http://www.bing.com/bingbot.htm)"
157.55.33.40 - - [25/Mar/2013:10:16:36 +0100] "GET / HTTP/1.1" 200 1229 "-" "Mozilla/5.0 (compatible; bingbot/2.0; +http://www.bing.com/bingbot.htm)"
157.56.93.85 - - [25/Mar/2013:10:29:15 +0100] "GET /robots.txt HTTP/1.1" 404 328 "-" "Mozilla/5.0 (compatible; bingbot/2.0; +http://www.bing.com/bingbot.htm)"
157.56.93.85 - - [25/Mar/2013:10:31:24 +0100] "GET / HTTP/1.1" 304 - "-" "Mozilla/5.0 (compatible; bingbot/2.0; +http://www.bing.com/bingbot.htm)"
157.55.32.115 - - [25/Mar/2013:11:08:24 +0100] "GET /robots.txt HTTP/1.1" 404 320 "-" "Mozilla/5.0 (compatible; bingbot/2.0; +http://www.bing.com/bingbot.htm)"
157.55.32.115 - - [25/Mar/2013:11:10:14 +0100] "GET /seiten/produkte_hzoel.php HTTP/1.1" 404 335 "-" "Mozilla/5.0 (compatible; bingbot/2.0; +http://www.bing.com/bingbot.htm)"
157.55.35.35 - - [25/Mar/2013:11:25:37 +0100] "GET /Heizoel.htm HTTP/1.1" 404 321 "-" "Mozilla/5.0 (compatible; bingbot/2.0; +http://www.bing.com/bingbot.htm)"
46.31.32.21 - - [25/Mar/2013:11:49:54 +0100] "GET / HTTP/1.0" 200 1229 "-" "-"
5.9.6.232 - - [25/Mar/2013:12:11:16 +0100] "GET / HTTP/1.1" 200 1229 "-" "Mozilla/5.0 (X11; Ubuntu; Linux x86_64; rv:19.0) Gecko/20100101 Firefox/19.0"
5.9.6.232 - - [25/Mar/2013:12:11:19 +0100] "GET / HTTP/1.1" 200 1229 "-" "Mozilla/5.0 (iPhone; U; CPU iPhone OS 3_0 like Mac OS X; en-us) AppleWebKit/528.18 (KHTML, like Gecko) Version/4.0 Mobile/7A341 Safari/528.16"
66.249.76.75 - - [25/Mar/2013:13:00:29 +0100] "GET /robots.txt HTTP/1.1" 404 333 "-" "Mozilla/5.0 (compatible; Googlebot/2.1; +http://www.google.com/bot.html)"
66.249.76.75 - - [25/Mar/2013:13:00:29 +0100] "GET / HTTP/1.1" 200 1229 "-" "Mozilla/5.0 (compatible; Googlebot/2.1; +http://www.google.com/bot.html)"
204.145.90.146 - - [25/Mar/2013:13:02:33 +0100] "GET http://204.145.90.146/proxychecker/check.cgi?action=getinfo HTTP/1.1" 404 328 "http://www.google.com/search?hl=ru&q=free+proxy+checker&sourceid=navclient-ff&ie=UTF-8" "Mozilla/4.0 (compatible; MSIE 6.0; Windows NT 5.1; SV1)"
88.72.29.63 - - [25/Mar/2013:13:50:35 +0100] "GET / HTTP/1.1" 200 1229 "http://berlin.kauperts.de/eintrag/Herbert-Mink-GmbH-Mariendorfer-Damm-161A-12107-Berlin" "Mozilla/5.0 (Windows NT 6.0; rv:19.0) Gecko/20100101 Firefox/19.0"
88.72.29.63 - - [25/Mar/2013:13:50:36 +0100] "GET /favicon.ico HTTP/1.1" 404 321 "-" "Mozilla/5.0 (Windows NT 6.0; rv:19.0) Gecko/20100101 Firefox/19.0"
88.72.29.63 - - [25/Mar/2013:13:50:36 +0100] "GET /favicon.ico HTTP/1.1" 404 321 "-" "Mozilla/5.0 (Windows NT 6.0; rv:19.0) Gecko/20100101 Firefox/19.0"
198.20.69.74 - - [25/Mar/2013:15:00:41 +0100] "GET / HTTP/1.1" 200 1229 "-" "-"
198.20.69.74 - - [25/Mar/2013:15:00:41 +0100] "GET /robots.txt HTTP/1.1" 404 315 "-" "-"
141.8.147.12 - - [25/Mar/2013:15:48:32 +0100] "GET /robots.txt HTTP/1.1" 404 320 "-" "Mozilla/5.0 (compatible; YandexBot/3.0; +http://yandex.com/bots)"
178.154.243.115 - - [25/Mar/2013:15:48:34 +0100] "GET / HTTP/1.1" 200 1229 "-" "Mozilla/5.0 (compatible; YandexBot/3.0; +http://yandex.com/bots)"
204.145.90.146 - - [25/Mar/2013:17:11:19 +0100] "GET http://204.145.90.146/proxychecker/check.cgi?action=getinfo HTTP/1.1" 404 328 "http://www.google.com/search?hl=ru&q=free+proxy+checker&sourceid=navclient-ff&ie=UTF-8" "Mozilla/4.0 (compatible; MSIE 6.0; Windows NT 5.1; SV1)"
212.113.37.106 - - [25/Mar/2013:18:13:54 +0100] "GET / HTTP/1.1" 200 1229 "-" "Mozilla/5.0 (compatible; AhrefsBot/4.0; +http://ahrefs.com/robot/)"
5.9.58.176 - - [25/Mar/2013:19:42:48 +0100] "GET / HTTP/1.1" 200 1229 "-" "Mozilla/5.0 (Windows NT 6.1; rv:8.0) Gecko/20100101 Firefox/8.0"
5.9.58.176 - - [25/Mar/2013:19:42:53 +0100] "GET / HTTP/1.1" 200 1229 "-" "Mozilla/5.0 (Windows NT 6.1; rv:8.0) Gecko/20100101 Firefox/8.0"
5.9.58.176 - - [25/Mar/2013:19:42:59 +0100] "GET / HTTP/1.1" 200 1229 "-" "Mozilla/5.0 (Windows NT 6.1; rv:8.0) Gecko/20100101 Firefox/8.0"
204.145.90.146 - - [25/Mar/2013:21:18:58 +0100] "GET http://204.145.90.146/proxychecker/check.cgi?action=getinfo HTTP/1.1" 404 328 "http://www.google.com/search?hl=ru&q=free+proxy+checker&sourceid=navclient-ff&ie=UTF-8" "Mozilla/4.0 (compatible; MSIE 6.0; Windows NT 5.1; SV1)"
157.55.35.105 - - [25/Mar/2013:22:02:27 +0100] "GET /robots.txt HTTP/1.1" 404 337 "-" "Mozilla/5.0 (compatible; bingbot/2.0; +http://www.bing.com/bingbot.htm)"
157.55.35.105 - - [25/Mar/2013:22:05:45 +0100] "GET / HTTP/1.1" 200 1229 "-" "Mozilla/5.0 (compatible; bingbot/2.0; +http://www.bing.com/bingbot.htm)"
157.55.33.40 - - [25/Mar/2013:22:10:02 +0100] "GET /robots.txt HTTP/1.1" 404 320 "-" "Mozilla/5.0 (compatible; bingbot/2.0; +http://www.bing.com/bingbot.htm)"
157.55.33.40 - - [25/Mar/2013:22:11:45 +0100] "GET / HTTP/1.1" 200 1229 "-" "Mozilla/5.0 (compatible; bingbot/2.0; +http://www.bing.com/bingbot.htm)"
141.8.147.12 - - [26/Mar/2013:00:09:23 +0100] "GET /robots.txt HTTP/1.1" 404 328 "-" "Mozilla/5.0 (compatible; YandexBot/3.0; +http://yandex.com/bots)"
91.194.251.194 - - [26/Mar/2013:03:21:52 +0100] "GET /w00tw00t.at.blackhats.romanian.anti-sec:) HTTP/1.1" 404 346 "-" "ZmEu"
91.194.251.194 - - [26/Mar/2013:03:21:52 +0100] "GET /w00tw00t.at.blackhats.romanian.anti-sec:) HTTP/1.1" 404 346 "-" "ZmEu"
91.194.251.194 - - [26/Mar/2013:03:21:52 +0100] "GET /w00tw00t.at.blackhats.romanian.anti-sec:) HTTP/1.1" 404 346 "-" "ZmEu"
91.194.251.194 - - [26/Mar/2013:03:21:52 +0100] "GET /w00tw00t.at.blackhats.romanian.anti-sec:) HTTP/1.1" 404 346 "-" "ZmEu"
91.194.251.194 - - [26/Mar/2013:03:21:52 +0100] "GET /w00tw00t.at.blackhats.romanian.anti-sec:) HTTP/1.1" 404 346 "-" "ZmEu"
91.194.251.194 - - [26/Mar/2013:03:21:52 +0100] "GET /w00tw00t.at.blackhats.romanian.anti-sec:) HTTP/1.1" 404 346 "-" "ZmEu"
91.194.251.194 - - [26/Mar/2013:03:21:52 +0100] "GET /w00tw00t.at.blackhats.romanian.anti-sec:) HTTP/1.1" 404 346 "-" "ZmEu"
91.194.251.194 - - [26/Mar/2013:03:21:52 +0100] "GET /w00tw00t.at.blackhats.romanian.anti-sec:) HTTP/1.1" 404 346 "-" "ZmEu"
91.194.251.194 - - [26/Mar/2013:03:21:52 +0100] "GET /w00tw00t.at.blackhats.romanian.anti-sec:) HTTP/1.1" 404 346 "-" "ZmEu"
91.194.251.194 - - [26/Mar/2013:03:21:52 +0100] "GET /w00tw00t.at.blackhats.romanian.anti-sec:) HTTP/1.1" 404 346 "-" "ZmEu"
91.194.251.194 - - [26/Mar/2013:03:21:58 +0100] "GET /phpMyAdmin/scripts/setup.php HTTP/1.1" 404 333 "-" "ZmEu"
91.194.251.194 - - [26/Mar/2013:03:21:58 +0100] "GET /phpMyAdmin/scripts/setup.php HTTP/1.1" 404 333 "-" "ZmEu"
91.194.251.194 - - [26/Mar/2013:03:21:58 +0100] "GET /phpMyAdmin/scripts/setup.php HTTP/1.1" 404 333 "-" "ZmEu"
91.194.251.194 - - [26/Mar/2013:03:22:04 +0100] "GET /phpmyadmin/scripts/setup.php HTTP/1.1" 404 333 "-" "ZmEu"
91.194.251.194 - - [26/Mar/2013:03:22:10 +0100] "GET /pma/scripts/setup.php HTTP/1.1" 404 326 "-" "ZmEu"
66.249.76.17 - - [26/Mar/2013:03:48:31 +0100] "GET /robots.txt HTTP/1.1" 404 327 "-" "Mozilla/5.0 (compatible; Googlebot/2.1; +http://www.google.com/bot.html)"
66.249.76.17 - - [26/Mar/2013:03:48:31 +0100] "GET / HTTP/1.1" 200 1229 "-" "Mozilla/5.0 (compatible; Googlebot/2.1; +http://www.google.com/bot.html)"
141.8.147.12 - - [26/Mar/2013:07:45:20 +0100] "GET / HTTP/1.1" 200 1229 "-" "Mozilla/5.0 (compatible; YandexBot/3.0; +http://yandex.com/bots)"
198.20.69.74 - - [26/Mar/2013:08:28:15 +0100] "GET / HTTP/1.1" 200 1229 "-" "-"
198.20.69.74 - - [26/Mar/2013:08:28:15 +0100] "GET /robots.txt HTTP/1.1" 404 315 "-" "-"
66.249.76.129 - - [26/Mar/2013:08:31:08 +0100] "GET /robots.txt HTTP/1.1" 404 315 "-" "Mozilla/5.0 (compatible; Googlebot/2.1; +http://www.google.com/bot.html)"
66.249.76.129 - - [26/Mar/2013:08:31:08 +0100] "GET / HTTP/1.1" 200 1229 "-" "Mozilla/5.0 (compatible; Googlebot/2.1; +http://www.google.com/bot.html)"
157.55.33.40 - - [26/Mar/2013:13:19:56 +0100] "GET /robots.txt HTTP/1.1" 404 320 "-" "Mozilla/5.0 (compatible; bingbot/2.0; +http://www.bing.com/bingbot.htm)"
157.55.33.40 - - [26/Mar/2013:13:21:47 +0100] "GET / HTTP/1.1" 200 1229 "-" "Mozilla/5.0 (compatible; bingbot/2.0; +http://www.bing.com/bingbot.htm)"
174.37.209.220 - - [26/Mar/2013:13:22:40 +0100] "HEAD / HTTP/1.0" 200 - "-" "-"
174.37.209.220 - - [26/Mar/2013:13:22:40 +0100] "HEAD / HTTP/1.0" 200 - "-" "-"
174.37.209.220 - - [26/Mar/2013:13:22:40 +0100] "HEAD / HTTP/1.0" 200 - "-" "-"
174.37.209.220 - - [26/Mar/2013:13:22:40 +0100] "HEAD / HTTP/1.0" 200 - "-" "-"
174.37.209.220 - - [26/Mar/2013:13:22:40 +0100] "HEAD / HTTP/1.0" 200 - "-" "-"
174.37.209.220 - - [26/Mar/2013:13:22:40 +0100] "HEAD / HTTP/1.0" 200 - "-" "-"
174.37.209.220 - - [26/Mar/2013:13:22:40 +0100] "HEAD / HTTP/1.0" 200 - "-" "-"
174.37.209.220 - - [26/Mar/2013:13:22:40 +0100] "HEAD / HTTP/1.0" 200 - "-" "-"
174.37.209.220 - - [26/Mar/2013:13:22:40 +0100] "HEAD / HTTP/1.0" 200 - "-" "-"
174.37.209.220 - - [26/Mar/2013:13:22:40 +0100] "HEAD / HTTP/1.0" 200 - "-" "-"
66.249.76.158 - - [26/Mar/2013:15:02:06 +0100] "GET /robots.txt HTTP/1.1" 404 328 "-" "Mozilla/5.0 (compatible; Googlebot/2.1; +http://www.google.com/bot.html)"
66.249.76.158 - - [26/Mar/2013:15:02:06 +0100] "GET / HTTP/1.1" 200 1229 "-" "Mozilla/5.0 (compatible; Googlebot/2.1; +http://www.google.com/bot.html)"
146.0.74.37 - - [26/Mar/2013:19:47:53 +0100] "GET / HTTP/1.1" 200 1229 "-" "Mozilla/5.0"
209.190.1.133 - - [26/Mar/2013:20:18:40 +0100] "GET / HTTP/1.1" 200 1229 "-" "Mozilla/5.0 (compatible; MSIE 8.0; Windows NT 5.1) KomodiaBot/1.0"
141.8.147.12 - - [26/Mar/2013:21:04:04 +0100] "GET /robots.txt HTTP/1.1" 404 333 "-" "Mozilla/5.0 (compatible; YandexBot/3.0; +http://yandex.com/bots)"
146.0.74.37 - - [26/Mar/2013:21:28:01 +0100] "GET / HTTP/1.1" 200 1229 "-" "Mozilla/5.0"
209.190.1.134 - - [26/Mar/2013:23:47:42 +0100] "GET / HTTP/1.1" 200 1229 "-" "Mozilla/5.0 (compatible; MSIE 8.0; Windows NT 5.1) KomodiaBot/1.0"
198.20.69.74 - - [27/Mar/2013:00:19:27 +0100] "GET / HTTP/1.1" 200 1229 "-" "-"
198.20.69.74 - - [27/Mar/2013:00:19:28 +0100] "GET /robots.txt HTTP/1.1" 404 315 "-" "-"
198.20.69.74 - - [27/Mar/2013:00:53:06 +0100] "GET / HTTP/1.1" 200 1229 "-" "-"
198.20.69.74 - - [27/Mar/2013:00:53:06 +0100] "GET /robots.txt HTTP/1.1" 404 315 "-" "-"
157.55.33.40 - - [27/Mar/2013:01:13:29 +0100] "GET /robots.txt HTTP/1.1" 404 320 "-" "Mozilla/5.0 (compatible; bingbot/2.0; +http://www.bing.com/bingbot.htm)"
157.55.33.40 - - [27/Mar/2013:01:15:56 +0100] "GET / HTTP/1.1" 200 1229 "-" "Mozilla/5.0 (compatible; bingbot/2.0; +http://www.bing.com/bingbot.htm)"
64.246.165.160 - - [27/Mar/2013:01:23:28 +0100] "GET /robots.txt HTTP/1.0" 404 320 "-" "Mozilla/5.0 (Windows; U; Windows NT 5.1; en; rv:1.9.0.13) Gecko/2009073022 Firefox/3.5.2 (.NET CLR 3.5.30729) SurveyBot/2.3 (DomainTools)"
64.246.165.160 - - [27/Mar/2013:01:23:28 +0100] "GET / HTTP/1.1" 200 1229 "http://whois.domaintools.com/mink-berlin.de" "Mozilla/5.0 (Windows; U; Windows NT 5.1; en; rv:1.9.0.13) Gecko/2009073022 Firefox/3.5.2 (.NET CLR 3.5.30729) SurveyBot/2.3 (DomainTools)"
141.8.147.12 - - [27/Mar/2013:04:42:46 +0100] "GET / HTTP/1.1" 200 1229 "-" "Mozilla/5.0 (compatible; YandexBot/3.0; +http://yandex.com/bots)"
178.77.126.55 - - [27/Mar/2013:05:17:17 +0100] "GET /robots.txt HTTP/1.1" 404 320 "-" "Mozilla/5.0 (compatible; CareerBot/1.1; +http://www.career-x.de/bot.html)"
178.77.126.55 - - [27/Mar/2013:05:17:17 +0100] "GET / HTTP/1.1" 200 1229 "-" "Mozilla/5.0 (compatible; CareerBot/1.1; +http://www.career-x.de/bot.html)"
37.221.197.86 - - [27/Mar/2013:07:01:30 +0100] "GET /buildingtechnologies/de/ HTTP/1.1" 404 339 "-" "Mozilla/5.0 (Windows; U; Windows NT 5.1; en-US; rv:1.9.1.3) Gecko/20090824 Firefox/3.5.3 (.NET CLR 3.5.30729)"
176.9.50.103 - - [27/Mar/2013:08:37:51 +0100] "GET /robots.txt HTTP/1.1" 404 333 "-" "Mozilla/5.0 (compatible; SISTRIX Crawler; http://crawler.sistrix.net/)"
176.9.50.103 - - [27/Mar/2013:08:37:51 +0100] "GET / HTTP/1.1" 200 1229 "-" "Mozilla/5.0 (compatible; SISTRIX Crawler; http://crawler.sistrix.net/)"
66.249.76.56 - - [27/Mar/2013:09:37:31 +0100] "GET /robots.txt HTTP/1.1" 404 329 "-" "Mozilla/5.0 (compatible; Googlebot/2.1; +http://www.google.com/bot.html)"
66.249.76.56 - - [27/Mar/2013:09:37:32 +0100] "GET / HTTP/1.1" 200 1229 "-" "Mozilla/5.0 (compatible; Googlebot/2.1; +http://www.google.com/bot.html)"
141.8.147.12 - - [27/Mar/2013:10:32:19 +0100] "GET /robots.txt HTTP/1.1" 404 337 "-" "Mozilla/5.0 (compatible; YandexBot/3.0; +http://yandex.com/bots)"
184.154.42.194 - - [27/Mar/2013:12:06:26 +0100] "GET / HTTP/1.0" 200 1229 "-" "-"
157.55.32.236 - - [27/Mar/2013:12:33:11 +0100] "GET /robots.txt HTTP/1.1" 404 320 "-" "Mozilla/5.0 (compatible; bingbot/2.0; +http://www.bing.com/bingbot.htm)"
157.55.32.236 - - [27/Mar/2013:12:34:48 +0100] "GET / HTTP/1.1" 200 1229 "-" "Mozilla/5.0 (compatible; bingbot/2.0; +http://www.bing.com/bingbot.htm)"
141.8.147.12 - - [27/Mar/2013:13:45:16 +0100] "GET /robots.txt HTTP/1.1" 404 320 "-" "Mozilla/5.0 (compatible; YandexBot/3.0; +http://yandex.com/bots)"
141.8.147.12 - - [27/Mar/2013:14:19:01 +0100] "GET / HTTP/1.1" 200 1229 "-" "Mozilla/5.0 (compatible; YandexBot/3.0; +http://yandex.com/bots)"
141.8.147.12 - - [27/Mar/2013:16:14:53 +0100] "GET /robots.txt HTTP/1.1" 404 333 "-" "Mozilla/5.0 (compatible; YandexBot/3.0; +http://yandex.com/bots)"
141.8.147.12 - - [27/Mar/2013:16:37:59 +0100] "GET / HTTP/1.1" 200 1229 "-" "Mozilla/5.0 (compatible; YandexBot/3.0; +http://yandex.com/bots)"
198.20.69.74 - - [27/Mar/2013:16:38:53 +0100] "GET / HTTP/1.1" 200 1229 "-" "-"
198.20.69.74 - - [27/Mar/2013:16:38:53 +0100] "GET /robots.txt HTTP/1.1" 404 315 "-" "-"
157.55.32.236 - - [27/Mar/2013:17:17:34 +0100] "GET /robots.txt HTTP/1.1" 404 320 "-" "Mozilla/5.0 (compatible; bingbot/2.0; +http://www.bing.com/bingbot.htm)"
157.55.32.236 - - [27/Mar/2013:17:19:26 +0100] "GET / HTTP/1.1" 200 1229 "-" "Mozilla/5.0 (compatible; bingbot/2.0; +http://www.bing.com/bingbot.htm)"
84.38.65.176 - - [27/Mar/2013:23:41:07 +0100] "GET / HTTP/1.0" 200 1229 "http://www.backlink-webkatalog.de/" "T-Online Browser"
173.208.165.194 - - [28/Mar/2013:00:13:38 +0100] "GET /robots.txt HTTP/1.0" 404 320 "-" "Mozilla/5.0 (compatible; MJ12bot/v1.4.3; http://www.majestic12.co.uk/bot.php?+)"
173.208.165.194 - - [28/Mar/2013:00:13:39 +0100] "GET / HTTP/1.0" 200 1229 "-" "Mozilla/5.0 (compatible; MJ12bot/v1.4.3; http://www.majestic12.co.uk/bot.php?+)"
62.141.45.101 - - [28/Mar/2013:00:16:52 +0100] "GET /robots.txt HTTP/1.0" 404 320 "-" "Mozilla/5.0 (compatible; MJ12bot/v1.4.3; http://www.majestic12.co.uk/bot.php?+)"
62.141.45.101 - - [28/Mar/2013:00:16:58 +0100] "GET / HTTP/1.0" 200 1229 "-" "Mozilla/5.0 (compatible; MJ12bot/v1.4.3; http://www.majestic12.co.uk/bot.php?+)"
157.55.32.101 - - [28/Mar/2013:00:40:57 +0100] "GET /robots.txt HTTP/1.1" 404 320 "-" "Mozilla/5.0 (compatible; bingbot/2.0; +http://www.bing.com/bingbot.htm)"
157.55.32.101 - - [28/Mar/2013:00:43:28 +0100] "GET / HTTP/1.1" 200 1229 "-" "Mozilla/5.0 (compatible; bingbot/2.0; +http://www.bing.com/bingbot.htm)"
90.30.100.3 - - [28/Mar/2013:00:44:22 +0100] "GET /robots.txt HTTP/1.0" 404 320 "-" "Mozilla/5.0 (compatible; MJ12bot/v1.4.3; http://www.majestic12.co.uk/bot.php?+)"
90.30.100.3 - - [28/Mar/2013:00:44:24 +0100] "GET / HTTP/1.1" 200 1229 "-" "Mozilla/5.0 (compatible; MJ12bot/v1.4.3; http://www.majestic12.co.uk/bot.php?+)"
173.208.180.58 - - [28/Mar/2013:01:15:32 +0100] "GET /robots.txt HTTP/1.0" 404 320 "-" "Mozilla/5.0 (compatible; MJ12bot/v1.4.3; http://www.majestic12.co.uk/bot.php?+)"
173.208.180.58 - - [28/Mar/2013:01:15:33 +0100] "GET / HTTP/1.0" 200 1229 "-" "Mozilla/5.0 (compatible; MJ12bot/v1.4.3; http://www.majestic12.co.uk/bot.php?+)"
157.56.93.206 - - [28/Mar/2013:01:30:59 +0100] "GET /seiten/produkte_hzoel.php HTTP/1.1" 404 335 "-" "Mozilla/5.0 (compatible; bingbot/2.0; +http://www.bing.com/bingbot.htm)"
78.30.200.81 - - [28/Mar/2013:02:17:17 +0100] "GET /robots.txt HTTP/1.0" 404 320 "-" "Mozilla/5.0 (compatible; MJ12bot/v1.4.3; http://www.majestic12.co.uk/bot.php?+)"
78.30.200.81 - - [28/Mar/2013:02:17:19 +0100] "GET / HTTP/1.0" 200 1229 "-" "Mozilla/5.0 (compatible; MJ12bot/v1.4.3; http://www.majestic12.co.uk/bot.php?+)"
141.8.147.12 - - [28/Mar/2013:02:55:18 +0100] "GET /robots.txt HTTP/1.1" 404 322 "-" "Mozilla/5.0 (compatible; YandexBot/3.0; +http://yandex.com/bots)"
85.19.205.124 - - [28/Mar/2013:03:30:19 +0100] "GET /robots.txt HTTP/1.0" 404 320 "-" "Mozilla/5.0 (compatible; MJ12bot/v1.4.3; http://www.majestic12.co.uk/bot.php?+)"
85.19.205.124 - - [28/Mar/2013:03:30:21 +0100] "GET / HTTP/1.1" 200 1229 "-" "Mozilla/5.0 (compatible; MJ12bot/v1.4.3; http://www.majestic12.co.uk/bot.php?+)"
204.12.208.218 - - [28/Mar/2013:03:44:39 +0100] "GET /robots.txt HTTP/1.0" 404 320 "-" "Mozilla/5.0 (compatible; MJ12bot/v1.4.3; http://www.majestic12.co.uk/bot.php?+)"
204.12.208.218 - - [28/Mar/2013:03:44:42 +0100] "GET / HTTP/1.0" 200 1229 "-" "Mozilla/5.0 (compatible; MJ12bot/v1.4.3; http://www.majestic12.co.uk/bot.php?+)"
198.20.69.74 - - [28/Mar/2013:04:09:08 +0100] "GET / HTTP/1.1" 200 1229 "-" "-"
198.20.69.74 - - [28/Mar/2013:04:09:09 +0100] "GET /robots.txt HTTP/1.1" 404 315 "-" "-"
141.8.147.12 - - [28/Mar/2013:05:43:28 +0100] "GET / HTTP/1.1" 200 1229 "-" "Mozilla/5.0 (compatible; YandexBot/3.0; +http://yandex.com/bots)"
64.246.161.42 - - [28/Mar/2013:07:03:07 +0100] "GET /robots.txt HTTP/1.0" 404 334 "-" "Mozilla/5.0 (Windows; U; Windows NT 5.1; en; rv:1.9.0.13) Gecko/2009073022 Firefox/3.5.2 (.NET CLR 3.5.30729) SurveyBot/2.3 (DomainTools)"
64.246.161.42 - - [28/Mar/2013:07:03:08 +0100] "GET / HTTP/1.1" 200 1229 "http://whois.domaintools.com/schraeg-senkrechtaufzuege.de" "Mozilla/5.0 (Windows; U; Windows NT 5.1; en; rv:1.9.0.13) Gecko/2009073022 Firefox/3.5.2 (.NET CLR 3.5.30729) SurveyBot/2.3 (DomainTools)"
94.102.51.246 - - [28/Mar/2013:07:29:03 +0100] "GET http://24x7-allrequestsallowed.com/?PHPSESSID=7jy745aa00143SSQJ_W_EFBF%5CC HTTP/1.1" 200 1229 "-" "Mozilla/5.0 (Windows NT 6.1; rv:16.0) Gecko/20100101 Firefox/16.0"
204.12.198.106 - - [28/Mar/2013:07:57:17 +0100] "GET /robots.txt HTTP/1.0" 404 320 "-" "Mozilla/5.0 (compatible; MJ12bot/v1.4.3; http://www.majestic12.co.uk/bot.php?+)"
204.12.198.106 - - [28/Mar/2013:07:57:22 +0100] "GET / HTTP/1.0" 200 1229 "-" "Mozilla/5.0 (compatible; MJ12bot/v1.4.3; http://www.majestic12.co.uk/bot.php?+)"
188.165.248.204 - - [28/Mar/2013:08:26:45 +0100] "GET /robots.txt HTTP/1.0" 404 320 "-" "Mozilla/5.0 (compatible; MJ12bot/v1.4.3; http://www.majestic12.co.uk/bot.php?+)"
188.165.248.204 - - [28/Mar/2013:08:26:50 +0100] "GET / HTTP/1.0" 200 1229 "-" "Mozilla/5.0 (compatible; MJ12bot/v1.4.3; http://www.majestic12.co.uk/bot.php?+)"
65.55.24.218 - - [28/Mar/2013:08:42:15 +0100] "GET /robots.txt HTTP/1.1" 404 322 "-" "Mozilla/5.0 (compatible; bingbot/2.0; +http://www.bing.com/bingbot.htm)"
65.55.24.218 - - [28/Mar/2013:08:44:38 +0100] "GET /impressum.htm HTTP/1.1" 404 325 "-" "Mozilla/5.0 (compatible; bingbot/2.0; +http://www.bing.com/bingbot.htm)"
69.30.238.26 - - [28/Mar/2013:08:45:57 +0100] "GET /robots.txt HTTP/1.0" 404 320 "-" "Mozilla/5.0 (compatible; MJ12bot/v1.4.3; http://www.majestic12.co.uk/bot.php?+)"
69.30.238.26 - - [28/Mar/2013:08:45:59 +0100] "GET / HTTP/1.0" 200 1229 "-" "Mozilla/5.0 (compatible; MJ12bot/v1.4.3; http://www.majestic12.co.uk/bot.php?+)"
141.8.147.12 - - [28/Mar/2013:09:33:04 +0100] "GET /robots.txt HTTP/1.1" 404 337 "-" "Mozilla/5.0 (compatible; YandexBot/3.0; +http://yandex.com/bots)"
141.8.147.12 - - [28/Mar/2013:10:39:01 +0100] "GET /robots.txt HTTP/1.1" 404 333 "-" "Mozilla/5.0 (compatible; YandexBot/3.0; +http://yandex.com/bots)"
141.8.147.12 - - [28/Mar/2013:11:12:11 +0100] "GET / HTTP/1.1" 200 1229 "-" "Mozilla/5.0 (compatible; YandexBot/3.0; +http://yandex.com/bots)"
88.73.81.103 - - [28/Mar/2013:12:06:47 +0100] "GET /favicon.ico HTTP/1.1" 404 316 "-" "Mozilla/5.0 (Windows NT 6.1; rv:19.0) Gecko/20100101 Firefox/19.0"
88.73.81.103 - - [28/Mar/2013:12:27:39 +0100] "GET /favicon.ico HTTP/1.1" 404 316 "-" "Mozilla/5.0 (Windows NT 6.1; rv:19.0) Gecko/20100101 Firefox/19.0"
46.118.158.87 - - [28/Mar/2013:13:05:18 +0100] "GET /robots.txt HTTP/1.0" 404 320 "-" "Mozilla/5.0 (compatible; MJ12bot/v1.4.3; http://www.majestic12.co.uk/bot.php?+)"
46.118.158.87 - - [28/Mar/2013:13:05:21 +0100] "GET / HTTP/1.1" 200 1229 "-" "Mozilla/5.0 (compatible; MJ12bot/v1.4.3; http://www.majestic12.co.uk/bot.php?+)"
195.3.146.94 - - [28/Mar/2013:13:22:49 +0100] "HEAD /?q=admin&destination=admin HTTP/1.0" 400 - "-" "Mozilla/5.0 (Windows NT 6.1; WOW64) AppleWebKit/535.19 (KHTML, like Gecko) Chrome/18.0.1025.162 Safari/535.19"
195.3.146.94 - - [28/Mar/2013:13:22:50 +0100] "HEAD /typo3/backend.php HTTP/1.0" 400 - "-" "Mozilla/5.0 (Windows NT 6.1; WOW64) AppleWebKit/535.19 (KHTML, like Gecko) Chrome/18.0.1025.162 Safari/535.19"
195.3.146.94 - - [28/Mar/2013:13:22:50 +0100] "HEAD /admin.php HTTP/1.0" 400 - "-" "Mozilla/5.0 (Windows NT 6.1; WOW64) AppleWebKit/535.19 (KHTML, like Gecko) Chrome/18.0.1025.162 Safari/535.19"
195.3.146.94 - - [28/Mar/2013:13:22:50 +0100] "HEAD /index.php HTTP/1.0" 400 - "-" "Mozilla/5.0 (Windows NT 6.1; WOW64) AppleWebKit/535.19 (KHTML, like Gecko) Chrome/18.0.1025.162 Safari/535.19"
195.3.146.94 - - [28/Mar/2013:13:22:50 +0100] "HEAD /admin.php HTTP/1.0" 400 - "-" "Mozilla/5.0 (Windows NT 6.1; WOW64) AppleWebKit/535.19 (KHTML, like Gecko) Chrome/18.0.1025.162 Safari/535.19"
195.3.146.94 - - [28/Mar/2013:13:57:54 +0100] "HEAD /?q=admin&destination=admin HTTP/1.0" 400 - "-" "Mozilla/5.0 (Windows NT 6.1; WOW64) AppleWebKit/535.19 (KHTML, like Gecko) Chrome/18.0.1025.162 Safari/535.19"
195.3.146.94 - - [28/Mar/2013:13:57:55 +0100] "HEAD /typo3/backend.php HTTP/1.0" 400 - "-" "Mozilla/5.0 (Windows NT 6.1; WOW64) AppleWebKit/535.19 (KHTML, like Gecko) Chrome/18.0.1025.162 Safari/535.19"
195.3.146.94 - - [28/Mar/2013:13:57:55 +0100] "HEAD /admin.php HTTP/1.0" 400 - "-" "Mozilla/5.0 (Windows NT 6.1; WOW64) AppleWebKit/535.19 (KHTML, like Gecko) Chrome/18.0.1025.162 Safari/535.19"
195.3.146.94 - - [28/Mar/2013:13:57:55 +0100] "HEAD /index.php HTTP/1.0" 400 - "-" "Mozilla/5.0 (Windows NT 6.1; WOW64) AppleWebKit/535.19 (KHTML, like Gecko) Chrome/18.0.1025.162 Safari/535.19"
195.3.146.94 - - [28/Mar/2013:13:57:56 +0100] "HEAD /admin.php HTTP/1.0" 400 - "-" "Mozilla/5.0 (Windows NT 6.1; WOW64) AppleWebKit/535.19 (KHTML, like Gecko) Chrome/18.0.1025.162 Safari/535.19"
157.55.32.101 - - [28/Mar/2013:14:02:07 +0100] "GET /robots.txt HTTP/1.1" 404 320 "-" "Mozilla/5.0 (compatible; bingbot/2.0; +http://www.bing.com/bingbot.htm)"
157.55.32.101 - - [28/Mar/2013:14:04:08 +0100] "GET / HTTP/1.1" 200 1229 "-" "Mozilla/5.0 (compatible; bingbot/2.0; +http://www.bing.com/bingbot.htm)"
204.12.208.218 - - [28/Mar/2013:14:11:19 +0100] "GET /robots.txt HTTP/1.0" 404 320 "-" "Mozilla/5.0 (compatible; MJ12bot/v1.4.3; http://www.majestic12.co.uk/bot.php?+)"
204.12.208.218 - - [28/Mar/2013:14:11:22 +0100] "GET / HTTP/1.0" 200 1229 "-" "Mozilla/5.0 (compatible; MJ12bot/v1.4.3; http://www.majestic12.co.uk/bot.php?+)"
88.190.44.26 - - [28/Mar/2013:14:46:11 +0100] "GET / HTTP/1.1" 200 1229 "-" "Mozilla/5.0 (compatible; MJ12bot/v1.4.3; http://www.majestic12.co.uk/bot.php?+)"
5.9.112.180 - - [28/Mar/2013:15:54:00 +0100] "GET /robots.txt HTTP/1.1" 404 337 "-" "Mozilla/5.0 (compatible; SISTRIX Crawler; http://crawler.sistrix.net/)"
5.9.112.180 - - [28/Mar/2013:15:54:00 +0100] "GET / HTTP/1.1" 200 1229 "-" "Mozilla/5.0 (compatible; SISTRIX Crawler; http://crawler.sistrix.net/)"
141.8.147.12 - - [28/Mar/2013:16:16:17 +0100] "GET /robots.txt HTTP/1.1" 404 320 "-" "Mozilla/5.0 (compatible; YandexBot/3.0; +http://yandex.com/bots)"
198.20.69.74 - - [28/Mar/2013:17:22:56 +0100] "GET / HTTP/1.1" 200 1229 "-" "-"
198.20.69.74 - - [28/Mar/2013:17:22:56 +0100] "GET /robots.txt HTTP/1.1" 404 315 "-" "-"
141.8.147.12 - - [28/Mar/2013:18:05:29 +0100] "GET / HTTP/1.1" 200 1229 "-" "Mozilla/5.0 (compatible; YandexBot/3.0; +http://yandex.com/bots)"
195.3.146.94 - - [28/Mar/2013:20:35:30 +0100] "HEAD /?q=admin&destination=admin HTTP/1.0" 400 - "-" "Mozilla/5.0 (Windows NT 6.1; WOW64) AppleWebKit/535.19 (KHTML, like Gecko) Chrome/18.0.1025.162 Safari/535.19"
195.3.146.94 - - [28/Mar/2013:20:35:30 +0100] "HEAD /typo3/backend.php HTTP/1.0" 400 - "-" "Mozilla/5.0 (Windows NT 6.1; WOW64) AppleWebKit/535.19 (KHTML, like Gecko) Chrome/18.0.1025.162 Safari/535.19"
