198.20.69.74 - - [12/Mar/2013:02:12:56 +0100] "GET / HTTP/1.1" 200 1229 "-" "-"
198.20.69.74 - - [12/Mar/2013:02:12:57 +0100] "GET /robots.txt HTTP/1.1" 404 315 "-" "-"
141.8.147.12 - - [12/Mar/2013:03:55:44 +0100] "GET / HTTP/1.1" 200 1229 "-" "Mozilla/5.0 (compatible; YandexBot/3.0; +http://yandex.com/bots)"
64.246.161.30 - - [12/Mar/2013:05:36:26 +0100] "GET /robots.txt HTTP/1.0" 404 328 "-" "Mozilla/5.0 (Windows; U; Windows NT 5.1; en; rv:1.9.0.13) Gecko/2009073022 Firefox/3.5.2 (.NET CLR 3.5.30729) SurveyBot/2.3 (DomainTools)"
64.246.161.30 - - [12/Mar/2013:05:36:26 +0100] "GET / HTTP/1.1" 200 1229 "http://whois.domaintools.com/aufzugs-hebetechnik.de" "Mozilla/5.0 (Windows; U; Windows NT 5.1; en; rv:1.9.0.13) Gecko/2009073022 Firefox/3.5.2 (.NET CLR 3.5.30729) SurveyBot/2.3 (DomainTools)"
198.20.69.74 - - [12/Mar/2013:07:14:44 +0100] "GET / HTTP/1.1" 200 1229 "-" "-"
198.20.69.74 - - [12/Mar/2013:07:14:44 +0100] "GET /robots.txt HTTP/1.1" 404 315 "-" "-"
66.249.78.165 - - [12/Mar/2013:08:08:16 +0100] "GET /robots.txt HTTP/1.1" 404 315 "-" "Mozilla/5.0 (compatible; Googlebot/2.1; +http://www.google.com/bot.html)"
66.249.75.129 - - [12/Mar/2013:08:08:16 +0100] "GET / HTTP/1.1" 200 1229 "-" "Mozilla/5.0 (compatible; Googlebot/2.1; +http://www.google.com/bot.html)"
64.246.161.30 - - [12/Mar/2013:08:43:05 +0100] "GET /robots.txt HTTP/1.0" 404 332 "-" "Mozilla/5.0 (Windows; U; Windows NT 5.1; en; rv:1.9.0.13) Gecko/2009073022 Firefox/3.5.2 (.NET CLR 3.5.30729) SurveyBot/2.3 (DomainTools)"
64.246.161.30 - - [12/Mar/2013:08:43:05 +0100] "GET / HTTP/1.1" 200 1229 "http://whois.domaintools.com/bauaufzuege-hebetechnik.de" "Mozilla/5.0 (Windows; U; Windows NT 5.1; en; rv:1.9.0.13) Gecko/2009073022 Firefox/3.5.2 (.NET CLR 3.5.30729) SurveyBot/2.3 (DomainTools)"
195.42.102.21 - - [12/Mar/2013:09:16:19 +0100] "GET / HTTP/1.1" 200 1229 "-" "Mozilla/5.0 (compatible; WBSearchBot/1.1; +http://www.warebay.com/bot.html)"
65.55.213.244 - - [12/Mar/2013:09:17:03 +0100] "GET /trafficbasedsspsitemap.xml HTTP/1.1" 404 336 "-" "Mozilla/5.0 (compatible; bingbot/2.0; +http://www.bing.com/bingbot.htm) SitemapProbe"
176.74.192.84 - - [12/Mar/2013:11:00:40 +0100] "GET / HTTP/1.1" 200 1229 "-" "Mozilla/5.0 (X11; U; Linux; en-US) AppleWebKit/532.4 (KHTML, like Gecko) Qt/4.6.3 Safari/532.4"
176.74.192.81 - - [12/Mar/2013:11:00:42 +0100] "GET / HTTP/1.1" 200 1229 "-" "Mozilla/5.0 (X11; U; Linux; en-US) AppleWebKit/532.4 (KHTML, like Gecko) Qt/4.6.3 Safari/532.4"
64.246.165.150 - - [12/Mar/2013:13:12:03 +0100] "GET /robots.txt HTTP/1.0" 404 315 "-" "Mozilla/5.0 (Windows; U; Windows NT 5.1; en; rv:1.9.0.13) Gecko/2009073022 Firefox/3.5.2 (.NET CLR 3.5.30729) SurveyBot/2.3 (DomainTools)"
64.246.165.150 - - [12/Mar/2013:13:12:04 +0100] "GET / HTTP/1.1" 200 1229 "http://whois.domaintools.com/bmt-it.de" "Mozilla/5.0 (Windows; U; Windows NT 5.1; en; rv:1.9.0.13) Gecko/2009073022 Firefox/3.5.2 (.NET CLR 3.5.30729) SurveyBot/2.3 (DomainTools)"
64.246.165.180 - - [12/Mar/2013:13:31:59 +0100] "GET /robots.txt HTTP/1.0" 404 322 "-" "Mozilla/5.0 (Windows; U; Windows NT 5.1; en; rv:1.9.0.13) Gecko/2009073022 Firefox/3.5.2 (.NET CLR 3.5.30729) SurveyBot/2.3 (DomainTools)"
64.246.165.180 - - [12/Mar/2013:13:31:59 +0100] "GET / HTTP/1.1" 200 1229 "http://whois.domaintools.com/boedenundmehr.de" "Mozilla/5.0 (Windows; U; Windows NT 5.1; en; rv:1.9.0.13) Gecko/2009073022 Firefox/3.5.2 (.NET CLR 3.5.30729) SurveyBot/2.3 (DomainTools)"
65.55.52.97 - - [12/Mar/2013:15:21:33 +0100] "GET /robots.txt HTTP/1.1" 404 320 "-" "Mozilla/5.0 (compatible; bingbot/2.0; +http://www.bing.com/bingbot.htm)"
65.55.52.97 - - [12/Mar/2013:15:22:54 +0100] "GET / HTTP/1.1" 200 1229 "-" "Mozilla/5.0 (compatible; bingbot/2.0; +http://www.bing.com/bingbot.htm)"
178.49.13.182 - - [12/Mar/2013:22:19:59 +0100] "GET /w00tw00t.at.blackhats.romanian.anti-sec:) HTTP/1.1" 404 346 "-" "ZmEu"
99.177.96.73 - - [12/Mar/2013:22:53:06 +0100] "GET /w00tw00t.at.blackhats.romanian.anti-sec:) HTTP/1.1" 404 346 "-" "ZmEu"
91.226.212.41 - - [13/Mar/2013:01:05:08 +0100] "GET http://www.proxy-alert.com/remote.php HTTP/1.1" 404 321 "-" "-"
91.226.212.41 - - [13/Mar/2013:02:05:36 +0100] "GET http://www.proxy-alert.com/remote.php HTTP/1.1" 404 321 "-" "-"
65.55.52.97 - - [13/Mar/2013:03:39:05 +0100] "GET /robots.txt HTTP/1.1" 404 320 "-" "Mozilla/5.0 (compatible; bingbot/2.0; +http://www.bing.com/bingbot.htm)"
65.55.52.97 - - [13/Mar/2013:03:41:00 +0100] "GET / HTTP/1.1" 200 1229 "-" "Mozilla/5.0 (compatible; bingbot/2.0; +http://www.bing.com/bingbot.htm)"
91.226.212.41 - - [13/Mar/2013:05:34:53 +0100] "GET http://www.proxy-alert.com/remote.php HTTP/1.1" 404 321 "-" "-"
91.226.212.41 - - [13/Mar/2013:05:52:57 +0100] "GET http://www.proxy-alert.com/remote.php HTTP/1.1" 404 321 "-" "-"
178.255.215.64 - - [13/Mar/2013:06:36:37 +0100] "GET /robots.txt HTTP/1.1" 404 322 "-" "Mozilla/5.0 (compatible; Exabot/3.0; +http://www.exabot.com/go/robot)"
178.255.215.64 - - [13/Mar/2013:06:36:37 +0100] "GET / HTTP/1.1" 304 - "-" "Mozilla/5.0 (compatible; Exabot/3.0; +http://www.exabot.com/go/robot)"
91.226.212.41 - - [13/Mar/2013:07:11:48 +0100] "GET http://www.proxy-alert.com/remote.php HTTP/1.1" 404 321 "-" "-"
91.226.212.41 - - [13/Mar/2013:07:32:18 +0100] "GET http://www.proxy-alert.com/remote.php HTTP/1.1" 404 321 "-" "-"
91.226.212.41 - - [13/Mar/2013:07:33:36 +0100] "GET http://www.proxy-alert.com/remote.php HTTP/1.1" 404 321 "-" "-"
91.226.212.41 - - [13/Mar/2013:07:48:47 +0100] "GET http://www.proxy-alert.com/remote.php HTTP/1.1" 404 321 "-" "-"
91.226.212.41 - - [13/Mar/2013:08:27:19 +0100] "GET http://www.proxy-alert.com/remote.php HTTP/1.1" 404 321 "-" "-"
91.226.212.41 - - [13/Mar/2013:08:57:39 +0100] "GET http://www.proxy-alert.com/remote.php HTTP/1.1" 404 321 "-" "-"
88.80.40.123 - - [13/Mar/2013:09:03:08 +0100] "GET / HTTP/1.0" 200 1229 "-" "-"
176.9.148.197 - - [13/Mar/2013:09:14:49 +0100] "GET /robots.txt HTTP/1.1" 404 333 "-" "Mozilla/5.0 (compatible; SISTRIX Crawler; http://crawler.sistrix.net/)"
176.9.148.197 - - [13/Mar/2013:09:14:49 +0100] "GET / HTTP/1.1" 200 1229 "-" "Mozilla/5.0 (compatible; SISTRIX Crawler; http://crawler.sistrix.net/)"
65.55.213.193 - - [13/Mar/2013:09:20:22 +0100] "GET /trafficbasedsspsitemap.xml HTTP/1.1" 404 336 "-" "Mozilla/5.0 (compatible; bingbot/2.0; +http://www.bing.com/bingbot.htm) SitemapProbe"
64.246.161.190 - - [13/Mar/2013:09:25:05 +0100] "GET /leer.htm HTTP/1.1" 404 313 "http://whois.domaintools.com/dialyse-schoenebeck.de" "Mozilla/5.0 (Windows; U; Windows NT 5.1; en; rv:1.9.0.13) Gecko/2009073022 Firefox/3.5.2 (.NET CLR 3.5.30729) SurveyBot/2.3 (DomainTools)"
64.246.161.190 - - [13/Mar/2013:09:25:05 +0100] "GET /leer.htm HTTP/1.1" 404 313 "http://whois.domaintools.com/dialyse-schoenebeck.de" "Mozilla/5.0 (Windows; U; Windows NT 5.1; en; rv:1.9.0.13) Gecko/2009073022 Firefox/3.5.2 (.NET CLR 3.5.30729) SurveyBot/2.3 (DomainTools)"
64.246.161.190 - - [13/Mar/2013:09:25:05 +0100] "GET /leer.htm HTTP/1.1" 404 313 "http://whois.domaintools.com/dialyse-schoenebeck.de" "Mozilla/5.0 (Windows; U; Windows NT 5.1; en; rv:1.9.0.13) Gecko/2009073022 Firefox/3.5.2 (.NET CLR 3.5.30729) SurveyBot/2.3 (DomainTools)"
64.246.165.210 - - [13/Mar/2013:09:30:39 +0100] "GET /frameset/left.htm HTTP/1.1" 404 322 "http://whois.domaintools.com/die-sehnsucht.com" "Mozilla/5.0 (Windows; U; Windows NT 5.1; en; rv:1.9.0.13) Gecko/2009073022 Firefox/3.5.2 (.NET CLR 3.5.30729) SurveyBot/2.3 (DomainTools)"
64.246.165.210 - - [13/Mar/2013:09:30:39 +0100] "GET /frameset/top.htm HTTP/1.1" 404 321 "http://whois.domaintools.com/die-sehnsucht.com" "Mozilla/5.0 (Windows; U; Windows NT 5.1; en; rv:1.9.0.13) Gecko/2009073022 Firefox/3.5.2 (.NET CLR 3.5.30729) SurveyBot/2.3 (DomainTools)"
64.246.165.210 - - [13/Mar/2013:09:30:39 +0100] "GET /neue_seite_1.htm HTTP/1.1" 404 321 "http://whois.domaintools.com/die-sehnsucht.com" "Mozilla/5.0 (Windows; U; Windows NT 5.1; en; rv:1.9.0.13) Gecko/2009073022 Firefox/3.5.2 (.NET CLR 3.5.30729) SurveyBot/2.3 (DomainTools)"
71.31.31.154 - - [13/Mar/2013:09:33:02 +0100] "GET / HTTP/1.0" 200 1229 "-" "-"
199.30.228.154 - - [13/Mar/2013:11:01:25 +0100] "GET / HTTP/1.1" 200 1229 "-" "Mozilla/4.0 (compatible; MSIE 7.0; Windows NT 5.1; Trident/4.0)"
178.77.126.55 - - [13/Mar/2013:13:03:14 +0100] "GET /robots.txt HTTP/1.1" 404 320 "-" "Mozilla/5.0 (compatible; CareerBot/1.1; +http://www.career-x.de/bot.html)"
178.77.126.55 - - [13/Mar/2013:13:03:14 +0100] "GET / HTTP/1.1" 200 1229 "-" "Mozilla/5.0 (compatible; CareerBot/1.1; +http://www.career-x.de/bot.html)"
65.55.52.97 - - [13/Mar/2013:15:40:46 +0100] "GET /robots.txt HTTP/1.1" 404 320 "-" "Mozilla/5.0 (compatible; bingbot/2.0; +http://www.bing.com/bingbot.htm)"
65.55.52.97 - - [13/Mar/2013:15:42:39 +0100] "GET / HTTP/1.1" 304 - "-" "Mozilla/5.0 (compatible; bingbot/2.0; +http://www.bing.com/bingbot.htm)"
65.55.52.97 - - [13/Mar/2013:15:42:39 +0100] "GET / HTTP/1.1" 200 1229 "-" "Mozilla/5.0 (compatible; bingbot/2.0; +http://www.bing.com/bingbot.htm)"
94.23.45.14 - - [13/Mar/2013:17:10:14 +0100] "HEAD / HTTP/1.0" 200 - "-" "-"
194.153.113.7 - - [13/Mar/2013:19:10:07 +0100] "HEAD / HTTP/1.1" 200 - "-" "Mozilla/5.0 (compatible; oBot/2.3.1; +http://filterdb.iss.net/crawler/)"
66.249.76.162 - - [13/Mar/2013:20:45:31 +0100] "GET /robots.txt HTTP/1.1" 404 322 "-" "Mozilla/5.0 (compatible; Googlebot/2.1; +http://www.google.com/bot.html)"
66.249.76.162 - - [13/Mar/2013:20:45:31 +0100] "GET / HTTP/1.1" 200 1229 "-" "Mozilla/5.0 (compatible; Googlebot/2.1; +http://www.google.com/bot.html)"
89.27.65.106 - - [13/Mar/2013:23:15:16 +0100] "GET /robots.txt HTTP/1.0" 404 320 "-" "Mozilla/5.0 (compatible; MJ12bot/v1.4.3; http://www.majestic12.co.uk/bot.php?+)"
89.27.65.106 - - [13/Mar/2013:23:15:17 +0100] "GET / HTTP/1.1" 200 1229 "-" "Mozilla/5.0 (compatible; MJ12bot/v1.4.3; http://www.majestic12.co.uk/bot.php?+)"
204.12.214.170 - - [13/Mar/2013:23:23:14 +0100] "GET /robots.txt HTTP/1.0" 404 320 "-" "Mozilla/5.0 (compatible; MJ12bot/v1.4.3; http://www.majestic12.co.uk/bot.php?+)"
204.12.214.170 - - [13/Mar/2013:23:23:16 +0100] "GET / HTTP/1.0" 200 1229 "-" "Mozilla/5.0 (compatible; MJ12bot/v1.4.3; http://www.majestic12.co.uk/bot.php?+)"
78.30.200.81 - - [13/Mar/2013:23:30:48 +0100] "GET /robots.txt HTTP/1.0" 404 320 "-" "Mozilla/5.0 (compatible; MJ12bot/v1.4.3; http://www.majestic12.co.uk/bot.php?+)"
78.30.200.81 - - [13/Mar/2013:23:30:49 +0100] "GET / HTTP/1.0" 200 1229 "-" "Mozilla/5.0 (compatible; MJ12bot/v1.4.3; http://www.majestic12.co.uk/bot.php?+)"
85.17.29.107 - - [13/Mar/2013:23:36:33 +0100] "GET / HTTP/1.1" 200 1229 "-" "Mozilla/5.0 (compatible; WBSearchBot/1.1; +http://www.warebay.com/bot.html)"
204.12.208.162 - - [14/Mar/2013:00:15:33 +0100] "GET /robots.txt HTTP/1.0" 404 320 "-" "Mozilla/5.0 (compatible; MJ12bot/v1.4.3; http://www.majestic12.co.uk/bot.php?+)"
204.12.208.162 - - [14/Mar/2013:00:15:35 +0100] "GET / HTTP/1.0" 200 1229 "-" "Mozilla/5.0 (compatible; MJ12bot/v1.4.3; http://www.majestic12.co.uk/bot.php?+)"
173.208.165.90 - - [14/Mar/2013:01:09:48 +0100] "GET /robots.txt HTTP/1.0" 404 320 "-" "Mozilla/5.0 (compatible; MJ12bot/v1.4.3; http://www.majestic12.co.uk/bot.php?+)"
173.208.165.90 - - [14/Mar/2013:01:09:50 +0100] "GET / HTTP/1.0" 200 1229 "-" "Mozilla/5.0 (compatible; MJ12bot/v1.4.3; http://www.majestic12.co.uk/bot.php?+)"
69.30.238.18 - - [14/Mar/2013:02:26:07 +0100] "GET /robots.txt HTTP/1.0" 404 320 "-" "Mozilla/5.0 (compatible; MJ12bot/v1.4.3; http://www.majestic12.co.uk/bot.php?+)"
69.30.238.18 - - [14/Mar/2013:02:26:10 +0100] "GET / HTTP/1.0" 200 1229 "-" "Mozilla/5.0 (compatible; MJ12bot/v1.4.3; http://www.majestic12.co.uk/bot.php?+)"
91.64.204.137 - - [14/Mar/2013:03:03:15 +0100] "GET /robots.txt HTTP/1.0" 404 320 "-" "Mozilla/5.0 (compatible; MJ12bot/v1.4.3; http://www.majestic12.co.uk/bot.php?+)"
91.64.204.137 - - [14/Mar/2013:03:03:17 +0100] "GET / HTTP/1.0" 200 1229 "-" "Mozilla/5.0 (compatible; MJ12bot/v1.4.3; http://www.majestic12.co.uk/bot.php?+)"
65.55.52.97 - - [14/Mar/2013:03:44:19 +0100] "GET /robots.txt HTTP/1.1" 404 320 "-" "Mozilla/5.0 (compatible; bingbot/2.0; +http://www.bing.com/bingbot.htm)"
65.55.52.97 - - [14/Mar/2013:03:46:15 +0100] "GET / HTTP/1.1" 200 1229 "-" "Mozilla/5.0 (compatible; bingbot/2.0; +http://www.bing.com/bingbot.htm)"
194.153.113.35 - - [14/Mar/2013:05:30:51 +0100] "HEAD / HTTP/1.1" 200 - "-" "Mozilla/5.0 (compatible; oBot/2.3.1; +http://filterdb.iss.net/crawler/)"
204.12.198.106 - - [14/Mar/2013:07:00:25 +0100] "GET /robots.txt HTTP/1.0" 404 320 "-" "Mozilla/5.0 (compatible; MJ12bot/v1.4.3; http://www.majestic12.co.uk/bot.php?+)"
204.12.198.106 - - [14/Mar/2013:07:00:30 +0100] "GET / HTTP/1.0" 200 1229 "-" "Mozilla/5.0 (compatible; MJ12bot/v1.4.3; http://www.majestic12.co.uk/bot.php?+)"
83.149.126.98 - - [14/Mar/2013:07:14:51 +0100] "GET /robots.txt HTTP/1.0" 404 320 "-" "Mozilla/5.0 (compatible; MJ12bot/v1.4.3; http://www.majestic12.co.uk/bot.php?+)"
83.149.126.98 - - [14/Mar/2013:07:14:53 +0100] "GET / HTTP/1.0" 200 1229 "-" "Mozilla/5.0 (compatible; MJ12bot/v1.4.3; http://www.majestic12.co.uk/bot.php?+)"
173.208.180.58 - - [14/Mar/2013:07:25:39 +0100] "GET /robots.txt HTTP/1.0" 404 320 "-" "Mozilla/5.0 (compatible; MJ12bot/v1.4.3; http://www.majestic12.co.uk/bot.php?+)"
173.208.180.58 - - [14/Mar/2013:07:25:42 +0100] "GET / HTTP/1.0" 200 1229 "-" "Mozilla/5.0 (compatible; MJ12bot/v1.4.3; http://www.majestic12.co.uk/bot.php?+)"
66.249.76.80 - - [14/Mar/2013:08:07:22 +0100] "GET /robots.txt HTTP/1.1" 404 320 "-" "Mozilla/5.0 (compatible; Googlebot/2.1; +http://www.google.com/bot.html)"
66.249.76.80 - - [14/Mar/2013:08:07:22 +0100] "GET / HTTP/1.1" 200 1229 "-" "Mozilla/5.0 (compatible; Googlebot/2.1; +http://www.google.com/bot.html)"
209.190.1.134 - - [14/Mar/2013:08:32:26 +0100] "GET / HTTP/1.1" 200 1229 "-" "Mozilla/5.0 (compatible; MSIE 8.0; Windows NT 5.1) KomodiaBot/1.0"
5.9.7.208 - - [14/Mar/2013:09:24:26 +0100] "GET /robots.txt HTTP/1.0" 404 320 "-" "Mozilla/5.0 (compatible; MJ12bot/v1.4.3; http://www.majestic12.co.uk/bot.php?+)"
5.9.7.208 - - [14/Mar/2013:09:24:29 +0100] "GET / HTTP/1.0" 200 1229 "-" "Mozilla/5.0 (compatible; MJ12bot/v1.4.3; http://www.majestic12.co.uk/bot.php?+)"
93.222.211.248 - - [14/Mar/2013:10:12:01 +0100] "GET /favicon.ico HTTP/1.1" 404 316 "-" "Mozilla/5.0 (Windows NT 6.1; WOW64; rv:19.0) Gecko/20100101 Firefox/19.0"
5.9.7.208 - - [14/Mar/2013:12:24:59 +0100] "GET /robots.txt HTTP/1.0" 404 320 "-" "Mozilla/5.0 (compatible; MJ12bot/v1.4.3; http://www.majestic12.co.uk/bot.php?+)"
5.9.7.208 - - [14/Mar/2013:12:25:07 +0100] "GET / HTTP/1.0" 200 1229 "-" "Mozilla/5.0 (compatible; MJ12bot/v1.4.3; http://www.majestic12.co.uk/bot.php?+)"
217.69.133.67 - - [14/Mar/2013:12:45:25 +0100] "GET /robots.txt HTTP/1.0" 404 320 "-" "Mozilla/5.0 (compatible; Mail.RU_Bot/2.0; +http://go.mail.ru/help/robots)"
92.240.68.153 - - [14/Mar/2013:12:51:31 +0100] "GET http://i13.tinypic.com/2q2li7r.jpg HTTP/1.1" 404 318 "-" "webcollage/1.135a"
209.190.1.133 - - [14/Mar/2013:13:00:39 +0100] "GET / HTTP/1.1" 200 1229 "-" "Mozilla/5.0 (compatible; MSIE 8.0; Windows NT 5.1) KomodiaBot/1.0"
94.102.51.246 - - [14/Mar/2013:13:08:31 +0100] "GET http://24x7-allrequestsallowed.com/?PHPSESSID=7jy745aa00143SSQJ_W_EFBF%5CE HTTP/1.1" 200 1229 "-" "Mozilla/5.0 (Windows NT 6.1; rv:16.0) Gecko/20100101 Firefox/16.0"
23.22.131.19 - - [14/Mar/2013:13:14:25 +0100] "GET / HTTP/1.0" 200 1229 "http://www.go-profitclicking.com" "-"
5.9.7.208 - - [14/Mar/2013:13:29:06 +0100] "GET /robots.txt HTTP/1.0" 404 320 "-" "Mozilla/5.0 (compatible; MJ12bot/v1.4.3; http://www.majestic12.co.uk/bot.php?+)"
5.9.7.208 - - [14/Mar/2013:13:29:10 +0100] "GET / HTTP/1.0" 200 1229 "-" "Mozilla/5.0 (compatible; MJ12bot/v1.4.3; http://www.majestic12.co.uk/bot.php?+)"
176.9.148.194 - - [14/Mar/2013:14:07:02 +0100] "GET /robots.txt HTTP/1.1" 404 337 "-" "Mozilla/5.0 (compatible; SISTRIX Crawler; http://crawler.sistrix.net/)"
176.9.148.194 - - [14/Mar/2013:14:07:02 +0100] "GET / HTTP/1.1" 200 1229 "-" "Mozilla/5.0 (compatible; SISTRIX Crawler; http://crawler.sistrix.net/)"
204.12.198.106 - - [14/Mar/2013:14:16:31 +0100] "GET /robots.txt HTTP/1.0" 404 320 "-" "Mozilla/5.0 (compatible; MJ12bot/v1.4.3; http://www.majestic12.co.uk/bot.php?+)"
204.12.198.106 - - [14/Mar/2013:14:16:33 +0100] "GET / HTTP/1.0" 200 1229 "-" "Mozilla/5.0 (compatible; MJ12bot/v1.4.3; http://www.majestic12.co.uk/bot.php?+)"
93.128.174.63 - - [14/Mar/2013:15:01:11 +0100] "GET / HTTP/1.1" 200 1229 "-" "Mozilla/5.0 (compatible; MJ12bot/v1.4.3; http://www.majestic12.co.uk/bot.php?+)"
208.107.54.150 - - [14/Mar/2013:15:15:16 +0100] "GET /robots.txt HTTP/1.0" 404 320 "-" "Mozilla/5.0 (compatible; MJ12bot/v1.4.3; http://www.majestic12.co.uk/bot.php?+)"
208.107.54.150 - - [14/Mar/2013:15:15:19 +0100] "GET / HTTP/1.1" 200 1229 "-" "Mozilla/5.0 (compatible; MJ12bot/v1.4.3; http://www.majestic12.co.uk/bot.php?+)"
157.56.93.214 - - [14/Mar/2013:15:35:11 +0100] "GET /robots.txt HTTP/1.1" 404 320 "-" "Mozilla/5.0 (compatible; bingbot/2.0; +http://www.bing.com/bingbot.htm)"
157.56.93.214 - - [14/Mar/2013:15:36:54 +0100] "GET / HTTP/1.1" 200 1229 "-" "Mozilla/5.0 (compatible; bingbot/2.0; +http://www.bing.com/bingbot.htm)"
173.227.230.232 - - [14/Mar/2013:17:41:26 +0100] "GET / HTTP/1.1" 200 1229 "-" "Mozilla/5.0 (Windows; U; Windows NT 5.1; en-US; rv:1.9.2.8) Gecko/20100721 Firefox/3.6.8"
173.227.230.232 - - [14/Mar/2013:17:41:35 +0100] "GET / HTTP/1.1" 200 1229 "http://212.91.246.80/" "Mozilla/5.0 (Windows; U; Windows NT 5.1; en-US; rv:1.9.2.8) Gecko/20100721 Firefox/3.6.8"
207.189.121.41 - - [14/Mar/2013:18:21:35 +0100] "GET / HTTP/1.1" 200 1229 "-" "Mozilla/5.0 (Windows; U; Windows NT 5.1; en-US; rv:1.9.2.8) Gecko/20100721 Firefox/3.6.8"
173.227.230.236 - - [14/Mar/2013:18:24:50 +0100] "GET / HTTP/1.1" 200 1229 "-" "Mozilla/5.0 (Windows; U; Windows NT 5.1; en-US; rv:1.9.2.8) Gecko/20100721 Firefox/3.6.8"
173.227.230.236 - - [14/Mar/2013:18:43:50 +0100] "GET / HTTP/1.1" 200 1229 "-" "Mozilla/5.0 (Windows; U; Windows NT 5.1; en-US; rv:1.9.2.8) Gecko/20100721 Firefox/3.6.8"
207.189.121.41 - - [14/Mar/2013:19:11:52 +0100] "GET / HTTP/1.1" 200 1229 "-" "Mozilla/5.0 (Windows; U; Windows NT 5.1; en-US; rv:1.9.2.8) Gecko/20100721 Firefox/3.6.8"
194.153.113.7 - - [14/Mar/2013:19:12:27 +0100] "HEAD / HTTP/1.1" 200 - "-" "Mozilla/5.0 (compatible; oBot/2.3.1; +http://filterdb.iss.net/crawler/)"
141.8.147.12 - - [14/Mar/2013:19:14:15 +0100] "GET /robots.txt HTTP/1.1" 404 328 "-" "Mozilla/5.0 (compatible; YandexBot/3.0; +http://yandex.com/bots)"
66.249.75.139 - - [14/Mar/2013:19:23:48 +0100] "GET /robots.txt HTTP/1.1" 404 337 "-" "Mozilla/5.0 (compatible; Googlebot/2.1; +http://www.google.com/bot.html)"
66.249.75.139 - - [14/Mar/2013:19:23:48 +0100] "GET / HTTP/1.1" 200 1229 "-" "Mozilla/5.0 (compatible; Googlebot/2.1; +http://www.google.com/bot.html)"
173.208.165.194 - - [14/Mar/2013:19:30:38 +0100] "GET /robots.txt HTTP/1.0" 404 320 "-" "Mozilla/5.0 (compatible; MJ12bot/v1.4.3; http://www.majestic12.co.uk/bot.php?+)"
173.208.165.194 - - [14/Mar/2013:19:30:40 +0100] "GET / HTTP/1.0" 200 1229 "-" "Mozilla/5.0 (compatible; MJ12bot/v1.4.3; http://www.majestic12.co.uk/bot.php?+)"
69.30.242.234 - - [14/Mar/2013:19:47:10 +0100] "GET /robots.txt HTTP/1.0" 404 320 "-" "Mozilla/5.0 (compatible; MJ12bot/v1.4.3; http://www.majestic12.co.uk/bot.php?+)"
69.30.242.234 - - [14/Mar/2013:19:47:12 +0100] "GET / HTTP/1.0" 200 1229 "-" "Mozilla/5.0 (compatible; MJ12bot/v1.4.3; http://www.majestic12.co.uk/bot.php?+)"
173.208.165.90 - - [14/Mar/2013:20:00:48 +0100] "GET /robots.txt HTTP/1.0" 404 320 "-" "Mozilla/5.0 (compatible; MJ12bot/v1.4.3; http://www.majestic12.co.uk/bot.php?+)"
173.208.165.90 - - [14/Mar/2013:20:00:49 +0100] "GET / HTTP/1.0" 200 1229 "-" "Mozilla/5.0 (compatible; MJ12bot/v1.4.3; http://www.majestic12.co.uk/bot.php?+)"
69.30.238.18 - - [14/Mar/2013:20:16:07 +0100] "GET /robots.txt HTTP/1.0" 404 320 "-" "Mozilla/5.0 (compatible; MJ12bot/v1.4.3; http://www.majestic12.co.uk/bot.php?+)"
69.30.238.18 - - [14/Mar/2013:20:16:08 +0100] "GET / HTTP/1.0" 200 1229 "-" "Mozilla/5.0 (compatible; MJ12bot/v1.4.3; http://www.majestic12.co.uk/bot.php?+)"
66.249.75.183 - - [14/Mar/2013:20:28:22 +0100] "GET /robots.txt HTTP/1.1" 404 328 "-" "Mozilla/5.0 (compatible; Googlebot/2.1; +http://www.google.com/bot.html)"
66.249.75.183 - - [14/Mar/2013:20:28:22 +0100] "GET / HTTP/1.1" 200 1229 "-" "Mozilla/5.0 (compatible; Googlebot/2.1; +http://www.google.com/bot.html)"
66.249.75.56 - - [14/Mar/2013:20:41:19 +0100] "GET /robots.txt HTTP/1.1" 404 332 "-" "Mozilla/5.0 (compatible; Googlebot/2.1; +http://www.google.com/bot.html)"
66.249.75.56 - - [14/Mar/2013:20:41:19 +0100] "GET / HTTP/1.1" 200 1229 "-" "Mozilla/5.0 (compatible; Googlebot/2.1; +http://www.google.com/bot.html)"
66.249.75.75 - - [14/Mar/2013:21:13:35 +0100] "GET /robots.txt HTTP/1.1" 404 333 "-" "Mozilla/5.0 (compatible; Googlebot/2.1; +http://www.google.com/bot.html)"
66.249.75.75 - - [14/Mar/2013:21:13:36 +0100] "GET / HTTP/1.1" 200 1229 "-" "Mozilla/5.0 (compatible; Googlebot/2.1; +http://www.google.com/bot.html)"
5.9.107.48 - - [14/Mar/2013:21:22:41 +0100] "GET /robots.txt HTTP/1.0" 404 320 "-" "Mozilla/5.0 (compatible; MJ12bot/v1.4.3; http://www.majestic12.co.uk/bot.php?+)"
5.9.107.48 - - [14/Mar/2013:21:22:42 +0100] "GET / HTTP/1.0" 200 1229 "-" "Mozilla/5.0 (compatible; MJ12bot/v1.4.3; http://www.majestic12.co.uk/bot.php?+)"
157.55.35.88 - - [14/Mar/2013:21:59:50 +0100] "GET /robots.txt HTTP/1.1" 404 328 "-" "Mozilla/5.0 (compatible; bingbot/2.0; +http://www.bing.com/bingbot.htm)"
157.55.35.88 - - [14/Mar/2013:22:01:29 +0100] "GET / HTTP/1.1" 304 - "-" "Mozilla/5.0 (compatible; bingbot/2.0; +http://www.bing.com/bingbot.htm)"
46.229.164.99 - - [14/Mar/2013:23:52:15 +0100] "GET / HTTP/1.1" 200 1229 "-" "Mozilla/5.0 (compatible; SemrushBot/0.95; +http://www.semrush.com/bot.html)"
176.9.146.19 - - [15/Mar/2013:00:28:07 +0100] "GET /robots.txt HTTP/1.1" 404 328 "-" "Mozilla/5.0 (compatible; SISTRIX Crawler; http://crawler.sistrix.net/)"
176.9.146.19 - - [15/Mar/2013:00:28:07 +0100] "GET / HTTP/1.1" 200 1229 "-" "Mozilla/5.0 (compatible; SISTRIX Crawler; http://crawler.sistrix.net/)"
176.9.50.103 - - [15/Mar/2013:01:16:14 +0100] "GET /robots.txt HTTP/1.1" 404 320 "-" "Mozilla/5.0 (compatible; SISTRIX Crawler; http://crawler.sistrix.net/)"
176.9.50.103 - - [15/Mar/2013:01:16:14 +0100] "GET / HTTP/1.1" 200 1229 "-" "Mozilla/5.0 (compatible; SISTRIX Crawler; http://crawler.sistrix.net/)"
78.46.109.71 - - [15/Mar/2013:02:31:53 +0100] "GET / HTTP/1.1" 200 1229 "-" "-"
141.8.147.12 - - [15/Mar/2013:02:37:06 +0100] "GET /robots.txt HTTP/1.1" 404 333 "-" "Mozilla/5.0 (compatible; YandexBot/3.0; +http://yandex.com/bots)"
23.22.131.19 - - [15/Mar/2013:03:12:23 +0100] "GET / HTTP/1.0" 200 1229 "http://www.go-profitclicking.com" "-"
157.55.33.40 - - [15/Mar/2013:04:25:02 +0100] "GET /robots.txt HTTP/1.1" 404 320 "-" "Mozilla/5.0 (compatible; bingbot/2.0; +http://www.bing.com/bingbot.htm)"
141.8.147.12 - - [15/Mar/2013:04:25:34 +0100] "GET / HTTP/1.1" 200 1229 "-" "Mozilla/5.0 (compatible; YandexBot/3.0; +http://yandex.com/bots)"
157.55.33.40 - - [15/Mar/2013:04:26:31 +0100] "GET / HTTP/1.1" 200 1229 "-" "Mozilla/5.0 (compatible; bingbot/2.0; +http://www.bing.com/bingbot.htm)"
141.8.147.12 - - [15/Mar/2013:05:12:17 +0100] "GET /robots.txt HTTP/1.1" 404 320 "-" "Mozilla/5.0 (compatible; YandexBot/3.0; +http://yandex.com/bots)"
77.78.109.71 - - [15/Mar/2013:05:33:45 +0100] "GET /robots.txt HTTP/1.1" 404 320 "-" "PagesInventory (robot http://www.pagesinvenotry.com)"
77.78.109.71 - - [15/Mar/2013:05:33:45 +0100] "GET / HTTP/1.1" 200 1229 "-" "PagesInventory (robot +http://www.pagesinventory.com)"
141.8.147.12 - - [15/Mar/2013:06:37:56 +0100] "GET / HTTP/1.1" 200 1229 "-" "Mozilla/5.0 (compatible; YandexBot/3.0; +http://yandex.com/bots)"
66.249.75.17 - - [15/Mar/2013:06:44:13 +0100] "GET /robots.txt HTTP/1.1" 404 327 "-" "Mozilla/5.0 (compatible; Googlebot/2.1; +http://www.google.com/bot.html)"
66.249.75.17 - - [15/Mar/2013:06:44:13 +0100] "GET / HTTP/1.1" 200 1229 "-" "Mozilla/5.0 (compatible; Googlebot/2.1; +http://www.google.com/bot.html)"
94.23.225.68 - - [15/Mar/2013:06:55:01 +0100] "GET / HTTP/1.1" 200 1229 "-" "Mozilla/5.0 (X11; Linux i686; rv:6.0) Gecko/20100101 Firefox/6.0"
157.55.33.40 - - [15/Mar/2013:07:24:04 +0100] "GET /robots.txt HTTP/1.1" 404 320 "-" "Mozilla/5.0 (compatible; bingbot/2.0; +http://www.bing.com/bingbot.htm)"
92.240.68.153 - - [15/Mar/2013:07:24:52 +0100] "GET http://texcap.files.wordpress.com/2008/07/frazetta_pom-l22.jpg HTTP/1.1" 404 346 "-" "webcollage/1.135a"
157.55.33.40 - - [15/Mar/2013:07:25:35 +0100] "GET / HTTP/1.1" 200 1229 "-" "Mozilla/5.0 (compatible; bingbot/2.0; +http://www.bing.com/bingbot.htm)"
141.8.147.12 - - [15/Mar/2013:08:13:03 +0100] "GET / HTTP/1.1" 200 1229 "-" "Mozilla/5.0 (compatible; YandexBot/3.0; +http://yandex.com/bots)"
50.57.71.20 - - [15/Mar/2013:09:26:26 +0100] "HEAD / HTTP/1.0" 200 - "-" "-"
50.57.71.20 - - [15/Mar/2013:09:26:26 +0100] "HEAD / HTTP/1.0" 200 - "-" "-"
50.57.71.20 - - [15/Mar/2013:09:26:26 +0100] "HEAD / HTTP/1.0" 200 - "-" "-"
50.57.71.20 - - [15/Mar/2013:09:26:26 +0100] "HEAD / HTTP/1.0" 200 - "-" "-"
50.57.71.20 - - [15/Mar/2013:09:26:26 +0100] "HEAD / HTTP/1.0" 200 - "-" "-"
50.57.71.20 - - [15/Mar/2013:09:26:26 +0100] "HEAD / HTTP/1.0" 200 - "-" "-"
50.57.71.20 - - [15/Mar/2013:09:26:26 +0100] "HEAD / HTTP/1.0" 200 - "-" "-"
50.57.71.20 - - [15/Mar/2013:09:26:26 +0100] "HEAD / HTTP/1.0" 200 - "-" "-"
50.57.71.20 - - [15/Mar/2013:09:26:26 +0100] "HEAD / HTTP/1.0" 200 - "-" "-"
50.57.71.20 - - [15/Mar/2013:09:26:26 +0100] "HEAD / HTTP/1.0" 200 - "-" "-"
176.9.148.194 - - [15/Mar/2013:10:26:32 +0100] "GET /robots.txt HTTP/1.1" 404 322 "-" "Mozilla/5.0 (compatible; SISTRIX Crawler; http://crawler.sistrix.net/)"
176.9.148.194 - - [15/Mar/2013:10:26:32 +0100] "GET / HTTP/1.1" 200 1229 "-" "Mozilla/5.0 (compatible; SISTRIX Crawler; http://crawler.sistrix.net/)"
176.10.35.241 - - [15/Mar/2013:10:44:05 +0100] "GET / HTTP/1.1" 200 1229 "-" "-"
176.10.35.241 - - [15/Mar/2013:10:44:05 +0100] "GET /robots.txt HTTP/1.1" 404 315 "-" "-"
207.189.121.44 - - [15/Mar/2013:11:02:56 +0100] "GET /leistungen.html HTTP/1.1" 404 320 "-" "Mozilla/5.0 (Windows; U; Windows NT 5.1; en-US; rv:1.9.2.8) Gecko/20100721 Firefox/3.6.8"
76.222.193.2 - - [15/Mar/2013:12:01:59 +0100] "HEAD / HTTP/1.0" 200 - "-" "-"
76.222.193.2 - - [15/Mar/2013:12:01:59 +0100] "HEAD / HTTP/1.0" 200 - "-" "-"
76.222.193.2 - - [15/Mar/2013:12:01:59 +0100] "HEAD / HTTP/1.0" 200 - "-" "-"
76.222.193.2 - - [15/Mar/2013:12:01:59 +0100] "HEAD / HTTP/1.0" 200 - "-" "-"
76.222.193.2 - - [15/Mar/2013:12:01:59 +0100] "HEAD / HTTP/1.0" 200 - "-" "-"
76.222.193.2 - - [15/Mar/2013:12:01:59 +0100] "HEAD / HTTP/1.0" 200 - "-" "-"
76.222.193.2 - - [15/Mar/2013:12:01:59 +0100] "HEAD / HTTP/1.0" 200 - "-" "-"
76.222.193.2 - - [15/Mar/2013:12:01:59 +0100] "HEAD / HTTP/1.0" 200 - "-" "-"
76.222.193.2 - - [15/Mar/2013:12:01:59 +0100] "HEAD / HTTP/1.0" 200 - "-" "-"
76.222.193.2 - - [15/Mar/2013:12:01:59 +0100] "HEAD / HTTP/1.0" 200 - "-" "-"
94.102.51.246 - - [15/Mar/2013:12:08:55 +0100] "GET http://24x7-allrequestsallowed.com/?PHPSESSID=7jy745aa00143SSQJ_W_EFBF%5C%40 HTTP/1.1" 200 1229 "-" "Mozilla/5.0 (Windows NT 6.1; rv:16.0) Gecko/20100101 Firefox/16.0"
5.9.81.44 - - [15/Mar/2013:12:47:27 +0100] "GET /robots.txt HTTP/1.1" 404 327 "-" "Mozilla/5.0 (compatible; SISTRIX Crawler; http://crawler.sistrix.net/)"
5.9.81.44 - - [15/Mar/2013:12:47:27 +0100] "GET / HTTP/1.1" 200 1229 "-" "Mozilla/5.0 (compatible; SISTRIX Crawler; http://crawler.sistrix.net/)"
23.22.131.19 - - [15/Mar/2013:13:17:15 +0100] "GET / HTTP/1.0" 200 1229 "http://www.go-profitclicking.com" "Mozilla/5.0 (compatible; MSIE 9.0; Windows NT 6.1; Trident/5.0)"
157.55.33.40 - - [15/Mar/2013:14:54:55 +0100] "GET /robots.txt HTTP/1.1" 404 320 "-" "Mozilla/5.0 (compatible; bingbot/2.0; +http://www.bing.com/bingbot.htm)"
157.55.33.40 - - [15/Mar/2013:14:56:46 +0100] "GET / HTTP/1.1" 200 1229 "-" "Mozilla/5.0 (compatible; bingbot/2.0; +http://www.bing.com/bingbot.htm)"
23.22.131.19 - - [15/Mar/2013:15:35:28 +0100] "GET / HTTP/1.0" 200 1229 "http://www.go-profitclicking.com" "-"
194.153.113.7 - - [15/Mar/2013:16:57:07 +0100] "HEAD / HTTP/1.1" 200 - "-" "Mozilla/5.0 (compatible; oBot/2.3.1; +http://filterdb.iss.net/crawler/)"
220.226.22.52 - - [15/Mar/2013:17:01:23 +0100] "HEAD / HTTP/1.0" 200 - "-" "-"
220.226.22.52 - - [15/Mar/2013:17:01:23 +0100] "HEAD / HTTP/1.0" 200 - "-" "-"
220.226.22.52 - - [15/Mar/2013:17:01:23 +0100] "HEAD / HTTP/1.0" 200 - "-" "-"
220.226.22.52 - - [15/Mar/2013:17:01:23 +0100] "HEAD / HTTP/1.0" 200 - "-" "-"
220.226.22.52 - - [15/Mar/2013:17:01:23 +0100] "HEAD / HTTP/1.0" 200 - "-" "-"
220.226.22.52 - - [15/Mar/2013:17:01:23 +0100] "HEAD / HTTP/1.0" 200 - "-" "-"
220.226.22.52 - - [15/Mar/2013:17:01:23 +0100] "HEAD / HTTP/1.0" 200 - "-" "-"
220.226.22.52 - - [15/Mar/2013:17:01:23 +0100] "HEAD / HTTP/1.0" 200 - "-" "-"
220.226.22.52 - - [15/Mar/2013:17:01:23 +0100] "HEAD / HTTP/1.0" 200 - "-" "-"
176.107.120.53 - - [15/Mar/2013:17:51:14 +0100] "HEAD /manager/html HTTP/1.0" 404 - "-" "-"
176.107.120.53 - - [15/Mar/2013:17:51:14 +0100] "HEAD /manager/html HTTP/1.0" 404 - "-" "-"
176.107.120.53 - - [15/Mar/2013:17:51:14 +0100] "HEAD /manager/html HTTP/1.0" 404 - "-" "-"
176.107.120.53 - - [15/Mar/2013:17:51:14 +0100] "HEAD /manager/html HTTP/1.0" 404 - "-" "-"
176.107.120.53 - - [15/Mar/2013:17:51:14 +0100] "HEAD /manager/html HTTP/1.0" 404 - "-" "-"
176.107.120.53 - - [15/Mar/2013:17:51:14 +0100] "HEAD /manager/html HTTP/1.0" 404 - "-" "-"
176.107.120.53 - - [15/Mar/2013:17:51:14 +0100] "HEAD /manager/html HTTP/1.0" 404 - "-" "-"
176.107.120.53 - - [15/Mar/2013:17:51:14 +0100] "HEAD /manager/html HTTP/1.0" 404 - "-" "-"
176.107.120.53 - - [15/Mar/2013:17:51:14 +0100] "HEAD /manager/html HTTP/1.0" 404 - "-" "-"
176.107.120.53 - - [15/Mar/2013:17:51:14 +0100] "HEAD /manager/html HTTP/1.0" 404 - "-" "-"
66.249.78.65 - - [15/Mar/2013:17:51:29 +0100] "GET /robots.txt HTTP/1.1" 404 328 "-" "Mozilla/5.0 (compatible; Googlebot/2.1; +http://www.google.com/bot.html)"
66.249.76.158 - - [15/Mar/2013:17:51:29 +0100] "GET / HTTP/1.1" 200 1229 "-" "Mozilla/5.0 (compatible; Googlebot/2.1; +http://www.google.com/bot.html)"
194.153.113.7 - - [15/Mar/2013:19:19:52 +0100] "HEAD / HTTP/1.1" 200 - "-" "Mozilla/5.0 (compatible; oBot/2.3.1; +http://filterdb.iss.net/crawler/)"
92.240.68.152 - - [15/Mar/2013:20:06:26 +0100] "GET http://storage.canalblog.com/34/22/99562/7230639.gif HTTP/1.1" 404 336 "-" "webcollage/1.135a"
141.8.147.12 - - [15/Mar/2013:20:33:21 +0100] "GET /robots.txt HTTP/1.1" 404 337 "-" "Mozilla/5.0 (compatible; YandexBot/3.0; +http://yandex.com/bots)"
173.199.118.171 - - [15/Mar/2013:20:44:44 +0100] "GET /robots.txt HTTP/1.1" 404 320 "-" "Mozilla/5.0 (compatible; AhrefsBot/4.0; +http://ahrefs.com/robot/)"
37.46.194.6 - - [15/Mar/2013:21:57:33 +0100] "GET /.svn/entries HTTP/1.1" 404 322 "-" "-"
64.246.165.160 - - [16/Mar/2013:00:13:00 +0100] "GET /robots.txt HTTP/1.0" 404 320 "-" "Mozilla/5.0 (Windows; U; Windows NT 5.1; en; rv:1.9.0.13) Gecko/2009073022 Firefox/3.5.2 (.NET CLR 3.5.30729) SurveyBot/2.3 (DomainTools)"
64.246.165.160 - - [16/Mar/2013:00:13:01 +0100] "GET / HTTP/1.1" 200 1229 "http://whois.domaintools.com/mink-berlin.de" "Mozilla/5.0 (Windows; U; Windows NT 5.1; en; rv:1.9.0.13) Gecko/2009073022 Firefox/3.5.2 (.NET CLR 3.5.30729) SurveyBot/2.3 (DomainTools)"
141.8.147.12 - - [16/Mar/2013:00:17:57 +0100] "GET / HTTP/1.1" 200 1229 "-" "Mozilla/5.0 (compatible; YandexBot/3.0; +http://yandex.com/bots)"
65.55.213.193 - - [16/Mar/2013:02:16:49 +0100] "GET /trafficbasedsspsitemap.xml HTTP/1.1" 404 336 "-" "Mozilla/5.0 (compatible; bingbot/2.0; +http://www.bing.com/bingbot.htm) SitemapProbe"
157.55.33.40 - - [16/Mar/2013:03:12:24 +0100] "GET /robots.txt HTTP/1.1" 404 320 "-" "Mozilla/5.0 (compatible; bingbot/2.0; +http://www.bing.com/bingbot.htm)"
157.55.33.40 - - [16/Mar/2013:03:13:52 +0100] "GET / HTTP/1.1" 200 1229 "-" "Mozilla/5.0 (compatible; bingbot/2.0; +http://www.bing.com/bingbot.htm)"
92.240.68.153 - - [16/Mar/2013:03:25:05 +0100] "GET http://www.lynnlambert.ca/img/nonsmokernow_150.jpg HTTP/1.1" 404 334 "-" "webcollage/1.135a"
119.63.196.125 - - [16/Mar/2013:03:33:28 +0100] "GET / HTTP/1.1" 200 1229 "-" "Mozilla/5.0 (compatible; Baiduspider/2.0; +http://www.baidu.com/search/spider.html)"
206.253.226.18 - - [16/Mar/2013:05:19:06 +0100] "HEAD / HTTP/1.1" 200 - "-" "Mozilla/5.0 (compatible; oBot/2.3.1; +http://filterdb.iss.net/crawler/)"
194.153.113.7 - - [16/Mar/2013:06:33:13 +0100] "HEAD / HTTP/1.1" 200 - "-" "Mozilla/5.0 (compatible; oBot/2.3.1; +http://filterdb.iss.net/crawler/)"
66.249.78.103 - - [16/Mar/2013:07:21:15 +0100] "GET /robots.txt HTTP/1.1" 404 329 "-" "Mozilla/5.0 (compatible; Googlebot/2.1; +http://www.google.com/bot.html)"
66.249.76.56 - - [16/Mar/2013:07:21:16 +0100] "GET / HTTP/1.1" 200 1229 "-" "Mozilla/5.0 (compatible; Googlebot/2.1; +http://www.google.com/bot.html)"
124.115.6.11 - - [16/Mar/2013:12:28:50 +0100] "GET /robots.txt HTTP/1.1" 404 328 "-" "Mozilla/5.0(compatible; Sosospider/2.0; +http://help.soso.com/webspider.htm)"
204.12.226.2 - - [16/Mar/2013:13:53:50 +0100] "GET /robots.txt HTTP/1.0" 404 322 "-" "Mozilla/5.0 (compatible; MJ12bot/v1.4.3; http://www.majestic12.co.uk/bot.php?+)"
204.12.226.2 - - [16/Mar/2013:13:53:52 +0100] "GET / HTTP/1.0" 200 1229 "-" "Mozilla/5.0 (compatible; MJ12bot/v1.4.3; http://www.majestic12.co.uk/bot.php?+)"
178.77.126.55 - - [16/Mar/2013:13:56:59 +0100] "GET /robots.txt HTTP/1.1" 404 320 "-" "Mozilla/5.0 (compatible; CareerBot/1.1; +http://www.career-x.de/bot.html)"
178.77.126.55 - - [16/Mar/2013:13:56:59 +0100] "GET / HTTP/1.1" 200 1229 "-" "Mozilla/5.0 (compatible; CareerBot/1.1; +http://www.career-x.de/bot.html)"
157.55.33.40 - - [16/Mar/2013:15:05:10 +0100] "GET /robots.txt HTTP/1.1" 404 320 "-" "Mozilla/5.0 (compatible; bingbot/2.0; +http://www.bing.com/bingbot.htm)"
157.55.33.40 - - [16/Mar/2013:15:07:00 +0100] "GET / HTTP/1.1" 200 1229 "-" "Mozilla/5.0 (compatible; bingbot/2.0; +http://www.bing.com/bingbot.htm)"
78.30.200.81 - - [16/Mar/2013:15:16:39 +0100] "GET /robots.txt HTTP/1.0" 404 320 "-" "Mozilla/5.0 (compatible; MJ12bot/v1.4.3; http://www.majestic12.co.uk/bot.php?+)"
78.30.200.81 - - [16/Mar/2013:15:16:40 +0100] "GET / HTTP/1.0" 200 1229 "-" "Mozilla/5.0 (compatible; MJ12bot/v1.4.3; http://www.majestic12.co.uk/bot.php?+)"
173.199.120.83 - - [16/Mar/2013:15:49:01 +0100] "GET / HTTP/1.1" 200 1229 "-" "Mozilla/5.0 (compatible; AhrefsBot/4.0; +http://ahrefs.com/robot/)"
141.8.147.12 - - [16/Mar/2013:17:01:17 +0100] "GET /robots.txt HTTP/1.1" 404 333 "-" "Mozilla/5.0 (compatible; YandexBot/3.0; +http://yandex.com/bots)"
188.138.48.235 - - [16/Mar/2013:17:22:43 +0100] "GET /robots.txt HTTP/1.1" 404 326 "-" "Mozilla/5.0 (compatible; WBSearchBot/1.1; +http://www.warebay.com/bot.html)"
188.138.48.235 - - [16/Mar/2013:17:23:00 +0100] "GET / HTTP/1.1" 200 1229 "-" "Mozilla/5.0 (compatible; WBSearchBot/1.1; +http://www.warebay.com/bot.html)"
88.72.11.161 - - [16/Mar/2013:17:35:35 +0100] "GET / HTTP/1.1" 200 1229 "-" "Mozilla/5.0 (compatible; MSIE 9.0; Windows NT 6.1; WOW64; Trident/5.0)"
88.72.11.161 - - [16/Mar/2013:17:35:35 +0100] "GET /favicon.ico HTTP/1.1" 404 323 "-" "Mozilla/5.0 (compatible; MSIE 9.0; Windows NT 6.1; WOW64; Trident/5.0)"
173.208.150.250 - - [16/Mar/2013:19:04:50 +0100] "GET /robots.txt HTTP/1.0" 404 320 "-" "Mozilla/5.0 (compatible; MJ12bot/v1.4.3; http://www.majestic12.co.uk/bot.php?+)"
173.208.150.250 - - [16/Mar/2013:19:04:52 +0100] "GET / HTTP/1.0" 200 1229 "-" "Mozilla/5.0 (compatible; MJ12bot/v1.4.3; http://www.majestic12.co.uk/bot.php?+)"
78.30.200.81 - - [16/Mar/2013:19:35:57 +0100] "GET /robots.txt HTTP/1.0" 404 320 "-" "Mozilla/5.0 (compatible; MJ12bot/v1.4.3; http://www.majestic12.co.uk/bot.php?+)"
78.30.200.81 - - [16/Mar/2013:19:35:59 +0100] "GET / HTTP/1.0" 200 1229 "-" "Mozilla/5.0 (compatible; MJ12bot/v1.4.3; http://www.majestic12.co.uk/bot.php?+)"
141.8.147.12 - - [16/Mar/2013:19:57:40 +0100] "GET / HTTP/1.1" 200 1229 "-" "Mozilla/5.0 (compatible; YandexBot/3.0; +http://yandex.com/bots)"
173.199.119.35 - - [16/Mar/2013:21:49:02 +0100] "GET / HTTP/1.1" 200 1229 "-" "Mozilla/5.0 (compatible; AhrefsBot/4.0; +http://ahrefs.com/robot/)"
119.63.196.31 - - [16/Mar/2013:22:22:12 +0100] "GET / HTTP/1.1" 200 1229 "-" "Mozilla/5.0 (compatible; Baiduspider/2.0; +http://www.baidu.com/search/spider.html)"
78.30.200.81 - - [16/Mar/2013:23:20:18 +0100] "GET /robots.txt HTTP/1.0" 404 320 "-" "Mozilla/5.0 (compatible; MJ12bot/v1.4.3; http://www.majestic12.co.uk/bot.php?+)"
78.30.200.81 - - [16/Mar/2013:23:20:19 +0100] "GET / HTTP/1.0" 200 1229 "-" "Mozilla/5.0 (compatible; MJ12bot/v1.4.3; http://www.majestic12.co.uk/bot.php?+)"
46.118.158.87 - - [17/Mar/2013:00:14:10 +0100] "GET /robots.txt HTTP/1.0" 404 320 "-" "Mozilla/5.0 (compatible; MJ12bot/v1.4.3; http://www.majestic12.co.uk/bot.php?+)"
46.118.158.87 - - [17/Mar/2013:00:14:12 +0100] "GET / HTTP/1.1" 200 1229 "-" "Mozilla/5.0 (compatible; MJ12bot/v1.4.3; http://www.majestic12.co.uk/bot.php?+)"
85.25.109.138 - - [17/Mar/2013:01:04:52 +0100] "HEAD / HTTP/1.0" 200 - "-" "-"
85.25.109.138 - - [17/Mar/2013:01:04:52 +0100] "HEAD / HTTP/1.0" 200 - "-" "-"
85.25.109.138 - - [17/Mar/2013:01:04:52 +0100] "HEAD / HTTP/1.0" 200 - "-" "-"
85.25.109.138 - - [17/Mar/2013:01:04:52 +0100] "HEAD / HTTP/1.0" 200 - "-" "-"
85.25.109.138 - - [17/Mar/2013:01:04:52 +0100] "HEAD / HTTP/1.0" 200 - "-" "-"
85.25.109.138 - - [17/Mar/2013:01:04:52 +0100] "HEAD / HTTP/1.0" 200 - "-" "-"
85.25.109.138 - - [17/Mar/2013:01:04:52 +0100] "HEAD / HTTP/1.0" 200 - "-" "-"
85.25.109.138 - - [17/Mar/2013:01:04:52 +0100] "HEAD / HTTP/1.0" 200 - "-" "-"
85.25.109.138 - - [17/Mar/2013:01:04:52 +0100] "HEAD / HTTP/1.0" 200 - "-" "-"
95.96.224.110 - - [17/Mar/2013:01:50:13 +0100] "GET /robots.txt HTTP/1.0" 404 320 "-" "Mozilla/5.0 (compatible; MJ12bot/v1.4.3; http://www.majestic12.co.uk/bot.php?+)"
95.96.224.110 - - [17/Mar/2013:01:50:15 +0100] "GET / HTTP/1.1" 200 1229 "-" "Mozilla/5.0 (compatible; MJ12bot/v1.4.3; http://www.majestic12.co.uk/bot.php?+)"
204.12.226.2 - - [17/Mar/2013:01:56:43 +0100] "GET /robots.txt HTTP/1.0" 404 320 "-" "Mozilla/5.0 (compatible; MJ12bot/v1.4.3; http://www.majestic12.co.uk/bot.php?+)"
204.12.226.2 - - [17/Mar/2013:01:56:46 +0100] "GET / HTTP/1.0" 200 1229 "-" "Mozilla/5.0 (compatible; MJ12bot/v1.4.3; http://www.majestic12.co.uk/bot.php?+)"
157.56.92.175 - - [17/Mar/2013:02:06:25 +0100] "GET /robots.txt HTTP/1.1" 404 327 "-" "Mozilla/5.0 (compatible; bingbot/2.0; +http://www.bing.com/bingbot.htm)"
157.56.92.175 - - [17/Mar/2013:02:08:08 +0100] "GET / HTTP/1.1" 200 1229 "-" "Mozilla/5.0 (compatible; bingbot/2.0; +http://www.bing.com/bingbot.htm)"
157.55.33.40 - - [17/Mar/2013:03:00:21 +0100] "GET /robots.txt HTTP/1.1" 404 320 "-" "Mozilla/5.0 (compatible; bingbot/2.0; +http://www.bing.com/bingbot.htm)"
157.55.33.40 - - [17/Mar/2013:03:02:08 +0100] "GET / HTTP/1.1" 200 1229 "-" "Mozilla/5.0 (compatible; bingbot/2.0; +http://www.bing.com/bingbot.htm)"
46.4.120.2 - - [17/Mar/2013:03:09:43 +0100] "GET / HTTP/1.0" 200 1229 "-" "-"
46.4.120.2 - - [17/Mar/2013:03:09:43 +0100] "GET / HTTP/1.0" 200 1229 "-" "-"
173.208.150.250 - - [17/Mar/2013:04:20:26 +0100] "GET /robots.txt HTTP/1.0" 404 320 "-" "Mozilla/5.0 (compatible; MJ12bot/v1.4.3; http://www.majestic12.co.uk/bot.php?+)"
173.208.150.250 - - [17/Mar/2013:04:20:28 +0100] "GET / HTTP/1.0" 200 1229 "-" "Mozilla/5.0 (compatible; MJ12bot/v1.4.3; http://www.majestic12.co.uk/bot.php?+)"
69.30.238.18 - - [17/Mar/2013:05:13:48 +0100] "GET /robots.txt HTTP/1.0" 404 320 "-" "Mozilla/5.0 (compatible; MJ12bot/v1.4.3; http://www.majestic12.co.uk/bot.php?+)"
69.30.238.18 - - [17/Mar/2013:05:13:50 +0100] "GET / HTTP/1.0" 200 1229 "-" "Mozilla/5.0 (compatible; MJ12bot/v1.4.3; http://www.majestic12.co.uk/bot.php?+)"
95.96.224.110 - - [17/Mar/2013:05:21:36 +0100] "GET /robots.txt HTTP/1.0" 404 320 "-" "Mozilla/5.0 (compatible; MJ12bot/v1.4.3; http://www.majestic12.co.uk/bot.php?+)"
95.96.224.110 - - [17/Mar/2013:05:21:37 +0100] "GET / HTTP/1.1" 200 1229 "-" "Mozilla/5.0 (compatible; MJ12bot/v1.4.3; http://www.majestic12.co.uk/bot.php?+)"
194.153.113.7 - - [17/Mar/2013:06:55:50 +0100] "HEAD / HTTP/1.1" 200 - "-" "Mozilla/5.0 (compatible; oBot/2.3.1; +http://filterdb.iss.net/crawler/)"
64.246.161.30 - - [17/Mar/2013:07:22:04 +0100] "GET /robots.txt HTTP/1.0" 404 334 "-" "Mozilla/5.0 (Windows; U; Windows NT 5.1; en; rv:1.9.0.13) Gecko/2009073022 Firefox/3.5.2 (.NET CLR 3.5.30729) SurveyBot/2.3 (DomainTools)"
64.246.161.30 - - [17/Mar/2013:07:22:04 +0100] "GET / HTTP/1.1" 200 1229 "http://whois.domaintools.com/schraeg-senkrechtaufzuege.de" "Mozilla/5.0 (Windows; U; Windows NT 5.1; en; rv:1.9.0.13) Gecko/2009073022 Firefox/3.5.2 (.NET CLR 3.5.30729) SurveyBot/2.3 (DomainTools)"
119.147.6.60 - - [17/Mar/2013:07:29:03 +0100] "GET / HTTP/1.1" 200 1229 "-" "Mozilla/4.0 (compatible; MSIE 6.0; Windows NT 5.1)"
124.115.1.7 - - [17/Mar/2013:09:09:07 +0100] "GET / HTTP/1.1" 200 1229 "-" "Mozilla/4.0 (compatible; MSIE 6.0; Windows NT 5.1)"
183.62.115.227 - - [17/Mar/2013:09:22:34 +0100] "GET / HTTP/1.1" 200 1229 "-" "Mozilla/4.0 (compatible; MSIE 6.0; Windows NT 5.1)"
184.154.42.194 - - [17/Mar/2013:10:01:38 +0100] "GET / HTTP/1.0" 200 1229 "-" "-"
92.240.68.153 - - [17/Mar/2013:10:14:48 +0100] "GET http://www.bigtenrentals.com/generators/Group-generators-L2.jpg HTTP/1.1" 404 347 "-" "webcollage/1.135a"
119.147.75.140 - - [17/Mar/2013:10:58:15 +0100] "GET / HTTP/1.1" 200 1229 "-" "Mozilla/4.0 (compatible; MSIE 6.0; Windows NT 5.1)"
85.23.163.182 - - [17/Mar/2013:11:28:55 +0100] "GET /robots.txt HTTP/1.0" 404 320 "-" "Mozilla/5.0 (compatible; MJ12bot/v1.4.3; http://www.majestic12.co.uk/bot.php?+)"
85.23.163.182 - - [17/Mar/2013:11:28:58 +0100] "GET / HTTP/1.0" 200 1229 "-" "Mozilla/5.0 (compatible; MJ12bot/v1.4.3; http://www.majestic12.co.uk/bot.php?+)"
204.12.208.162 - - [17/Mar/2013:12:23:12 +0100] "GET /robots.txt HTTP/1.0" 404 320 "-" "Mozilla/5.0 (compatible; MJ12bot/v1.4.3; http://www.majestic12.co.uk/bot.php?+)"
204.12.208.162 - - [17/Mar/2013:12:23:14 +0100] "GET / HTTP/1.0" 200 1229 "-" "Mozilla/5.0 (compatible; MJ12bot/v1.4.3; http://www.majestic12.co.uk/bot.php?+)"
198.20.69.74 - - [17/Mar/2013:12:41:47 +0100] "GET / HTTP/1.1" 200 1229 "-" "-"
198.20.69.74 - - [17/Mar/2013:12:41:47 +0100] "GET /robots.txt HTTP/1.1" 404 315 "-" "-"
124.115.6.11 - - [17/Mar/2013:13:35:34 +0100] "GET /robots.txt HTTP/1.1" 404 328 "-" "Mozilla/5.0(compatible; Sosospider/2.0; +http://help.soso.com/webspider.htm)"
157.55.33.40 - - [17/Mar/2013:14:53:53 +0100] "GET /robots.txt HTTP/1.1" 404 320 "-" "Mozilla/5.0 (compatible; bingbot/2.0; +http://www.bing.com/bingbot.htm)"
157.55.33.40 - - [17/Mar/2013:14:55:47 +0100] "GET / HTTP/1.1" 200 1229 "-" "Mozilla/5.0 (compatible; bingbot/2.0; +http://www.bing.com/bingbot.htm)"
64.15.129.182 - - [17/Mar/2013:16:39:37 +0100] "HEAD / HTTP/1.0" 200 - "-" "-"
64.15.129.182 - - [17/Mar/2013:16:39:37 +0100] "HEAD / HTTP/1.0" 200 - "-" "-"
64.15.129.182 - - [17/Mar/2013:16:39:37 +0100] "HEAD / HTTP/1.0" 200 - "-" "-"
64.15.129.182 - - [17/Mar/2013:16:39:37 +0100] "HEAD / HTTP/1.0" 200 - "-" "-"
64.15.129.182 - - [17/Mar/2013:16:39:37 +0100] "HEAD / HTTP/1.0" 200 - "-" "-"
64.15.129.182 - - [17/Mar/2013:16:39:37 +0100] "HEAD / HTTP/1.0" 200 - "-" "-"
64.15.129.182 - - [17/Mar/2013:16:39:37 +0100] "HEAD / HTTP/1.0" 200 - "-" "-"
64.15.129.182 - - [17/Mar/2013:16:39:37 +0100] "HEAD / HTTP/1.0" 200 - "-" "-"
64.15.129.182 - - [17/Mar/2013:16:39:37 +0100] "HEAD / HTTP/1.0" 200 - "-" "-"
64.15.129.182 - - [17/Mar/2013:16:39:37 +0100] "HEAD / HTTP/1.0" 200 - "-" "-"
173.199.116.227 - - [17/Mar/2013:19:11:38 +0100] "GET / HTTP/1.1" 200 1229 "-" "Mozilla/5.0 (compatible; AhrefsBot/4.0; +http://ahrefs.com/robot/)"
157.56.92.146 - - [17/Mar/2013:19:24:01 +0100] "GET /robots.txt HTTP/1.1" 404 333 "-" "Mozilla/5.0 (compatible; bingbot/2.0; +http://www.bing.com/bingbot.htm)"
157.56.92.146 - - [17/Mar/2013:19:25:49 +0100] "GET / HTTP/1.1" 200 1229 "-" "Mozilla/5.0 (compatible; bingbot/2.0; +http://www.bing.com/bingbot.htm)"
74.50.126.174 - - [17/Mar/2013:19:29:42 +0100] "HEAD / HTTP/1.0" 200 - "-" "-"
74.50.126.174 - - [17/Mar/2013:19:29:42 +0100] "HEAD / HTTP/1.0" 200 - "-" "-"
74.50.126.174 - - [17/Mar/2013:19:29:42 +0100] "HEAD / HTTP/1.0" 200 - "-" "-"
74.50.126.174 - - [17/Mar/2013:19:29:42 +0100] "HEAD / HTTP/1.0" 200 - "-" "-"
74.50.126.174 - - [17/Mar/2013:19:29:42 +0100] "HEAD / HTTP/1.0" 200 - "-" "-"
74.50.126.174 - - [17/Mar/2013:19:29:42 +0100] "HEAD / HTTP/1.0" 200 - "-" "-"
74.50.126.174 - - [17/Mar/2013:19:29:42 +0100] "HEAD / HTTP/1.0" 200 - "-" "-"
74.50.126.174 - - [17/Mar/2013:19:29:42 +0100] "HEAD / HTTP/1.0" 200 - "-" "-"
199.30.228.144 - - [17/Mar/2013:19:42:51 +0100] "GET / HTTP/1.1" 200 1229 "-" "Mozilla/4.0 (compatible; MSIE 7.0; Windows NT 5.1; Trident/4.0)"
87.249.221.180 - - [17/Mar/2013:22:56:11 +0100] "GET http://www.scanproxy.net:80/p-80.html HTTP/1.0" 404 318 "-" "Mozilla/4.0 (compatible; MSIE 6.0; Windows NT 5.1; KuKu 0.65)"
87.249.221.180 - - [17/Mar/2013:22:56:11 +0100] "GET http://www.scanproxy.net:80/p-80.html HTTP/1.0" 404 318 "-" "Mozilla/4.0 (compatible; MSIE 6.0; Windows NT 5.1; KuKu 0.65)"
87.249.221.180 - - [17/Mar/2013:22:56:11 +0100] "GET http://www.scanproxy.net:80/p-80.html HTTP/1.0" 404 318 "-" "Mozilla/4.0 (compatible; MSIE 6.0; Windows NT 5.1; KuKu 0.65)"
87.249.221.180 - - [17/Mar/2013:22:56:11 +0100] "GET http://www.scanproxy.net:80/p-80.html HTTP/1.0" 404 318 "-" "Mozilla/4.0 (compatible; MSIE 6.0; Windows NT 5.1; KuKu 0.65)"
87.249.221.180 - - [17/Mar/2013:22:56:11 +0100] "GET http://www.scanproxy.net:80/p-80.html HTTP/1.0" 404 318 "-" "Mozilla/4.0 (compatible; MSIE 6.0; Windows NT 5.1; KuKu 0.65)"
87.249.221.180 - - [17/Mar/2013:22:56:11 +0100] "GET http://www.scanproxy.net:80/p-80.html HTTP/1.0" 404 318 "-" "Mozilla/4.0 (compatible; MSIE 6.0; Windows NT 5.1; KuKu 0.65)"
87.249.221.180 - - [17/Mar/2013:22:56:11 +0100] "GET http://www.scanproxy.net:80/p-80.html HTTP/1.0" 404 318 "-" "Mozilla/4.0 (compatible; MSIE 6.0; Windows NT 5.1; KuKu 0.65)"
87.249.221.180 - - [17/Mar/2013:22:56:11 +0100] "GET http://www.scanproxy.net:80/p-80.html HTTP/1.0" 404 318 "-" "Mozilla/4.0 (compatible; MSIE 6.0; Windows NT 5.1; KuKu 0.65)"
87.249.221.180 - - [17/Mar/2013:22:56:13 +0100] "GET http://www.scanproxy.net:80/p-80.html HTTP/1.0" 404 318 "-" "Mozilla/4.0 (compatible; MSIE 6.0; Windows NT 5.1; KuKu 0.65)"
87.249.221.180 - - [17/Mar/2013:22:56:13 +0100] "GET http://www.scanproxy.net:80/p-80.html HTTP/1.0" 404 318 "-" "Mozilla/4.0 (compatible; MSIE 6.0; Windows NT 5.1; KuKu 0.65)"
119.147.6.60 - - [18/Mar/2013:02:38:00 +0100] "GET / HTTP/1.1" 200 1229 "-" "Mozilla/4.0 (compatible; MSIE 6.0; Windows NT 5.1)"
157.55.33.40 - - [18/Mar/2013:03:11:44 +0100] "GET /robots.txt HTTP/1.1" 404 320 "-" "Mozilla/5.0 (compatible; bingbot/2.0; +http://www.bing.com/bingbot.htm)"
157.55.33.40 - - [18/Mar/2013:03:13:20 +0100] "GET / HTTP/1.1" 200 1229 "-" "Mozilla/5.0 (compatible; bingbot/2.0; +http://www.bing.com/bingbot.htm)"
124.115.1.7 - - [18/Mar/2013:03:27:03 +0100] "GET / HTTP/1.1" 200 1229 "-" "Mozilla/4.0 (compatible; MSIE 6.0; Windows NT 5.1)"
141.8.147.12 - - [18/Mar/2013:06:03:18 +0100] "GET /robots.txt HTTP/1.1" 404 320 "-" "Mozilla/5.0 (compatible; YandexBot/3.0; +http://yandex.com/bots)"
183.62.115.227 - - [18/Mar/2013:06:15:21 +0100] "GET / HTTP/1.1" 200 1229 "-" "Mozilla/4.0 (compatible; MSIE 6.0; Windows NT 5.1)"
85.25.109.138 - - [18/Mar/2013:06:41:23 +0100] "HEAD / HTTP/1.0" 200 - "-" "-"
85.25.109.138 - - [18/Mar/2013:06:41:23 +0100] "HEAD / HTTP/1.0" 200 - "-" "-"
85.25.109.138 - - [18/Mar/2013:06:41:23 +0100] "HEAD / HTTP/1.0" 200 - "-" "-"
85.25.109.138 - - [18/Mar/2013:06:41:23 +0100] "HEAD / HTTP/1.0" 200 - "-" "-"
85.25.109.138 - - [18/Mar/2013:06:41:23 +0100] "HEAD / HTTP/1.0" 200 - "-" "-"
85.25.109.138 - - [18/Mar/2013:06:41:23 +0100] "HEAD / HTTP/1.0" 200 - "-" "-"
85.25.109.138 - - [18/Mar/2013:06:41:23 +0100] "HEAD / HTTP/1.0" 200 - "-" "-"
85.25.109.138 - - [18/Mar/2013:06:41:23 +0100] "HEAD / HTTP/1.0" 200 - "-" "-"
85.25.109.138 - - [18/Mar/2013:06:41:23 +0100] "HEAD / HTTP/1.0" 200 - "-" "-"
85.25.109.138 - - [18/Mar/2013:06:41:23 +0100] "HEAD / HTTP/1.0" 200 - "-" "-"
119.147.75.140 - - [18/Mar/2013:07:54:11 +0100] "GET / HTTP/1.1" 200 1229 "-" "Mozilla/4.0 (compatible; MSIE 6.0; Windows NT 5.1)"
141.8.147.12 - - [18/Mar/2013:08:17:34 +0100] "GET / HTTP/1.1" 200 1229 "-" "Mozilla/5.0 (compatible; YandexBot/3.0; +http://yandex.com/bots)"
124.115.6.11 - - [18/Mar/2013:14:42:43 +0100] "GET /robots.txt HTTP/1.1" 404 328 "-" "Mozilla/5.0(compatible; Sosospider/2.0; +http://help.soso.com/webspider.htm)"
157.55.33.40 - - [18/Mar/2013:15:01:27 +0100] "GET /robots.txt HTTP/1.1" 404 320 "-" "Mozilla/5.0 (compatible; bingbot/2.0; +http://www.bing.com/bingbot.htm)"
157.55.33.40 - - [18/Mar/2013:15:03:31 +0100] "GET / HTTP/1.1" 200 1229 "-" "Mozilla/5.0 (compatible; bingbot/2.0; +http://www.bing.com/bingbot.htm)"
23.22.131.19 - - [18/Mar/2013:18:25:29 +0100] "GET / HTTP/1.0" 200 1229 "http://www.go-profitclicking.com" "-"
94.102.51.246 - - [18/Mar/2013:19:31:00 +0100] "GET http://24x7-allrequestsallowed.com/?PHPSESSID=7jy745aa00143SSQJ_W_EFBF%5CF HTTP/1.1" 200 1229 "-" "Mozilla/5.0 (Windows NT 6.1; rv:16.0) Gecko/20100101 Firefox/16.0"
64.246.161.42 - - [18/Mar/2013:19:37:48 +0100] "GET /robots.txt HTTP/1.0" 404 327 "-" "Mozilla/5.0 (Windows; U; Windows NT 5.1; en; rv:1.9.0.13) Gecko/2009073022 Firefox/3.5.2 (.NET CLR 3.5.30729) SurveyBot/2.3 (DomainTools)"
