213.146.146.172 - - [13/Jan/2013:23:36:08 +0100] "GET /manager/html HTTP/1.1" 404 317 "-" "Mozilla/5.0 (Windows NT 5.1; rv:5.0) Gecko/20100101 Firefox/5.0"
213.146.146.172 - - [13/Jan/2013:23:36:08 +0100] "GET /manager/html HTTP/1.1" 404 317 "-" "Mozilla/5.0 (Windows NT 5.1; rv:5.0) Gecko/20100101 Firefox/5.0"
213.146.146.172 - - [13/Jan/2013:23:36:08 +0100] "GET /manager/html HTTP/1.1" 404 317 "-" "Mozilla/5.0 (Windows NT 5.1; rv:5.0) Gecko/20100101 Firefox/5.0"
213.146.146.172 - - [13/Jan/2013:23:36:08 +0100] "GET /manager/html HTTP/1.1" 404 317 "-" "Mozilla/5.0 (Windows NT 5.1; rv:5.0) Gecko/20100101 Firefox/5.0"
176.9.148.194 - - [14/Jan/2013:00:03:58 +0100] "GET /robots.txt HTTP/1.1" 404 337 "-" "Mozilla/5.0 (compatible; SISTRIX Crawler; http://crawler.sistrix.net/)"
176.9.148.194 - - [14/Jan/2013:00:03:58 +0100] "GET / HTTP/1.1" 200 1229 "-" "Mozilla/5.0 (compatible; SISTRIX Crawler; http://crawler.sistrix.net/)"
186.45.2.32 - - [14/Jan/2013:01:22:08 +0100] "GET / HTTP/1.0" 200 1229 "-" "-"
184.73.55.214 - - [14/Jan/2013:02:35:20 +0100] "GET / HTTP/1.0" 200 1229 "http://www.go-profitclicking.com" "Mozilla/5.0 (compatible; MSIE 9.0; Windows NT 6.1; Trident/5.0)"
122.103.249.107 - - [14/Jan/2013:02:47:18 +0100] "GET / HTTP/1.0" 200 1229 "-" "-"
80.109.10.89 - - [14/Jan/2013:06:38:03 +0100] "GET / HTTP/1.0" 200 1229 "-" "-"
66.249.78.165 - - [14/Jan/2013:07:12:31 +0100] "GET /robots.txt HTTP/1.1" 404 315 "-" "Mozilla/5.0 (compatible; Googlebot/2.1; +http://www.google.com/bot.html)"
66.249.78.165 - - [14/Jan/2013:07:12:31 +0100] "GET / HTTP/1.1" 200 1229 "-" "Mozilla/5.0 (compatible; Googlebot/2.1; +http://www.google.com/bot.html)"
78.45.158.190 - - [14/Jan/2013:07:21:17 +0100] "GET / HTTP/1.0" 200 1229 "-" "-"
84.151.13.101 - - [14/Jan/2013:08:33:50 +0100] "GET / HTTP/1.0" 200 1229 "-" "-"
223.133.29.232 - - [14/Jan/2013:08:43:16 +0100] "GET / HTTP/1.0" 200 1229 "-" "-"
83.194.143.1 - - [14/Jan/2013:09:07:18 +0100] "GET / HTTP/1.0" 200 1229 "-" "-"
141.8.147.1 - - [14/Jan/2013:09:19:07 +0100] "GET /robots.txt HTTP/1.1" 404 322 "-" "Mozilla/5.0 (compatible; YandexBot/3.0; +http://yandex.com/bots)"
60.239.23.252 - - [14/Jan/2013:09:22:17 +0100] "GET / HTTP/1.0" 200 1229 "-" "-"
62.178.194.81 - - [14/Jan/2013:09:48:11 +0100] "GET / HTTP/1.0" 200 1229 "-" "-"
186.45.2.32 - - [14/Jan/2013:10:22:10 +0100] "GET / HTTP/1.0" 200 1229 "-" "-"
186.45.2.32 - - [14/Jan/2013:11:35:49 +0100] "GET / HTTP/1.0" 200 1229 "-" "-"
95.241.135.135 - - [14/Jan/2013:12:10:14 +0100] "GET / HTTP/1.0" 200 1229 "-" "-"
213.60.47.113 - - [14/Jan/2013:12:46:59 +0100] "GET / HTTP/1.0" 200 1229 "-" "-"
94.103.201.212 - - [14/Jan/2013:12:49:35 +0100] "GET / HTTP/1.0" 200 1229 "-" "-"
176.9.36.67 - - [14/Jan/2013:13:12:15 +0100] "GET /robots.txt HTTP/1.0" 404 320 "-" "Mozilla/5.0 (compatible; MJ12bot/v1.4.3; http://www.majestic12.co.uk/bot.php?+)"
176.9.36.67 - - [14/Jan/2013:13:12:18 +0100] "GET / HTTP/1.0" 200 1229 "-" "Mozilla/5.0 (compatible; MJ12bot/v1.4.3; http://www.majestic12.co.uk/bot.php?+)"
178.63.76.218 - - [14/Jan/2013:13:16:30 +0100] "GET /robots.txt HTTP/1.0" 404 320 "-" "Mozilla/5.0 (compatible; MJ12bot/v1.4.3; http://www.majestic12.co.uk/bot.php?+)"
178.63.76.218 - - [14/Jan/2013:13:16:32 +0100] "GET / HTTP/1.0" 200 1229 "-" "Mozilla/5.0 (compatible; MJ12bot/v1.4.3; http://www.majestic12.co.uk/bot.php?+)"
46.4.67.132 - - [14/Jan/2013:13:17:43 +0100] "GET /robots.txt HTTP/1.0" 404 320 "-" "Mozilla/5.0 (compatible; MJ12bot/v1.4.3; http://www.majestic12.co.uk/bot.php?+)"
46.4.67.132 - - [14/Jan/2013:13:17:45 +0100] "GET / HTTP/1.0" 200 1229 "-" "Mozilla/5.0 (compatible; MJ12bot/v1.4.3; http://www.majestic12.co.uk/bot.php?+)"
85.25.246.225 - - [14/Jan/2013:13:25:46 +0100] "GET /robots.txt HTTP/1.0" 404 320 "-" "Mozilla/5.0 (compatible; MJ12bot/v1.4.3; http://www.majestic12.co.uk/bot.php?+)"
85.25.246.225 - - [14/Jan/2013:13:25:51 +0100] "GET / HTTP/1.0" 200 1229 "-" "Mozilla/5.0 (compatible; MJ12bot/v1.4.3; http://www.majestic12.co.uk/bot.php?+)"
46.4.67.132 - - [14/Jan/2013:13:34:38 +0100] "GET /robots.txt HTTP/1.0" 404 320 "-" "Mozilla/5.0 (compatible; MJ12bot/v1.4.3; http://www.majestic12.co.uk/bot.php?+)"
46.4.67.132 - - [14/Jan/2013:13:34:42 +0100] "GET / HTTP/1.0" 200 1229 "-" "Mozilla/5.0 (compatible; MJ12bot/v1.4.3; http://www.majestic12.co.uk/bot.php?+)"
85.25.246.225 - - [14/Jan/2013:13:40:12 +0100] "GET /robots.txt HTTP/1.0" 404 320 "-" "Mozilla/5.0 (compatible; MJ12bot/v1.4.3; http://www.majestic12.co.uk/bot.php?+)"
85.25.246.225 - - [14/Jan/2013:13:40:14 +0100] "GET / HTTP/1.0" 200 1229 "-" "Mozilla/5.0 (compatible; MJ12bot/v1.4.3; http://www.majestic12.co.uk/bot.php?+)"
85.25.246.225 - - [14/Jan/2013:13:42:19 +0100] "GET /robots.txt HTTP/1.0" 404 320 "-" "Mozilla/5.0 (compatible; MJ12bot/v1.4.3; http://www.majestic12.co.uk/bot.php?+)"
85.25.246.225 - - [14/Jan/2013:13:42:24 +0100] "GET / HTTP/1.0" 200 1229 "-" "Mozilla/5.0 (compatible; MJ12bot/v1.4.3; http://www.majestic12.co.uk/bot.php?+)"
176.9.36.67 - - [14/Jan/2013:13:43:42 +0100] "GET /robots.txt HTTP/1.0" 404 320 "-" "Mozilla/5.0 (compatible; MJ12bot/v1.4.3; http://www.majestic12.co.uk/bot.php?+)"
176.9.36.67 - - [14/Jan/2013:13:43:48 +0100] "GET / HTTP/1.0" 200 1229 "-" "Mozilla/5.0 (compatible; MJ12bot/v1.4.3; http://www.majestic12.co.uk/bot.php?+)"
176.9.36.67 - - [14/Jan/2013:13:47:19 +0100] "GET /robots.txt HTTP/1.0" 404 320 "-" "Mozilla/5.0 (compatible; MJ12bot/v1.4.3; http://www.majestic12.co.uk/bot.php?+)"
176.9.36.67 - - [14/Jan/2013:13:47:22 +0100] "GET / HTTP/1.0" 200 1229 "-" "Mozilla/5.0 (compatible; MJ12bot/v1.4.3; http://www.majestic12.co.uk/bot.php?+)"
195.23.144.70 - - [14/Jan/2013:13:47:26 +0100] "GET / HTTP/1.0" 200 1229 "-" "-"
176.9.36.67 - - [14/Jan/2013:13:47:51 +0100] "GET /robots.txt HTTP/1.0" 404 320 "-" "Mozilla/5.0 (compatible; MJ12bot/v1.4.3; http://www.majestic12.co.uk/bot.php?+)"
176.9.36.67 - - [14/Jan/2013:13:47:54 +0100] "GET / HTTP/1.0" 200 1229 "-" "Mozilla/5.0 (compatible; MJ12bot/v1.4.3; http://www.majestic12.co.uk/bot.php?+)"
178.63.76.218 - - [14/Jan/2013:13:47:59 +0100] "GET /robots.txt HTTP/1.0" 404 320 "-" "Mozilla/5.0 (compatible; MJ12bot/v1.4.3; http://www.majestic12.co.uk/bot.php?+)"
178.63.76.218 - - [14/Jan/2013:13:48:03 +0100] "GET / HTTP/1.0" 200 1229 "-" "Mozilla/5.0 (compatible; MJ12bot/v1.4.3; http://www.majestic12.co.uk/bot.php?+)"
176.9.36.67 - - [14/Jan/2013:13:48:59 +0100] "GET /robots.txt HTTP/1.0" 404 320 "-" "Mozilla/5.0 (compatible; MJ12bot/v1.4.3; http://www.majestic12.co.uk/bot.php?+)"
176.9.36.67 - - [14/Jan/2013:13:49:01 +0100] "GET / HTTP/1.0" 200 1229 "-" "Mozilla/5.0 (compatible; MJ12bot/v1.4.3; http://www.majestic12.co.uk/bot.php?+)"
85.25.246.225 - - [14/Jan/2013:14:02:02 +0100] "GET /robots.txt HTTP/1.0" 404 320 "-" "Mozilla/5.0 (compatible; MJ12bot/v1.4.3; http://www.majestic12.co.uk/bot.php?+)"
85.25.246.225 - - [14/Jan/2013:14:02:09 +0100] "GET / HTTP/1.0" 200 1229 "-" "Mozilla/5.0 (compatible; MJ12bot/v1.4.3; http://www.majestic12.co.uk/bot.php?+)"
71.127.198.254 - - [14/Jan/2013:14:05:06 +0100] "GET /robots.txt HTTP/1.0" 404 320 "-" "Mozilla/5.0 (compatible; MJ12bot/v1.4.3; http://www.majestic12.co.uk/bot.php?+)"
71.127.198.254 - - [14/Jan/2013:14:05:08 +0100] "GET / HTTP/1.0" 200 1229 "-" "Mozilla/5.0 (compatible; MJ12bot/v1.4.3; http://www.majestic12.co.uk/bot.php?+)"
157.55.35.46 - - [14/Jan/2013:14:08:29 +0100] "GET /robots.txt HTTP/1.1" 404 320 "-" "Mozilla/5.0 (compatible; bingbot/2.0; +http://www.bing.com/bingbot.htm)"
157.55.35.46 - - [14/Jan/2013:14:11:23 +0100] "GET /Schmierstoffe.htm HTTP/1.1" 404 327 "-" "Mozilla/5.0 (compatible; bingbot/2.0; +http://www.bing.com/bingbot.htm)"
176.9.36.67 - - [14/Jan/2013:14:14:04 +0100] "GET /robots.txt HTTP/1.0" 404 320 "-" "Mozilla/5.0 (compatible; MJ12bot/v1.4.3; http://www.majestic12.co.uk/bot.php?+)"
176.9.36.67 - - [14/Jan/2013:14:14:09 +0100] "GET / HTTP/1.0" 200 1229 "-" "Mozilla/5.0 (compatible; MJ12bot/v1.4.3; http://www.majestic12.co.uk/bot.php?+)"
85.25.246.225 - - [14/Jan/2013:14:15:04 +0100] "GET /robots.txt HTTP/1.0" 404 320 "-" "Mozilla/5.0 (compatible; MJ12bot/v1.4.3; http://www.majestic12.co.uk/bot.php?+)"
85.25.246.225 - - [14/Jan/2013:14:15:07 +0100] "GET / HTTP/1.0" 200 1229 "-" "Mozilla/5.0 (compatible; MJ12bot/v1.4.3; http://www.majestic12.co.uk/bot.php?+)"
46.4.67.132 - - [14/Jan/2013:14:19:52 +0100] "GET /robots.txt HTTP/1.0" 404 320 "-" "Mozilla/5.0 (compatible; MJ12bot/v1.4.3; http://www.majestic12.co.uk/bot.php?+)"
46.4.67.132 - - [14/Jan/2013:14:19:58 +0100] "GET / HTTP/1.0" 200 1229 "-" "Mozilla/5.0 (compatible; MJ12bot/v1.4.3; http://www.majestic12.co.uk/bot.php?+)"
46.4.67.132 - - [14/Jan/2013:14:26:43 +0100] "GET /robots.txt HTTP/1.0" 404 330 "-" "Mozilla/5.0 (compatible; MJ12bot/v1.4.3; http://www.majestic12.co.uk/bot.php?+)"
46.4.67.132 - - [14/Jan/2013:14:26:45 +0100] "GET / HTTP/1.0" 200 1229 "-" "Mozilla/5.0 (compatible; MJ12bot/v1.4.3; http://www.majestic12.co.uk/bot.php?+)"
46.4.67.132 - - [14/Jan/2013:14:27:34 +0100] "GET /robots.txt HTTP/1.0" 404 321 "-" "Mozilla/5.0 (compatible; MJ12bot/v1.4.3; http://www.majestic12.co.uk/bot.php?+)"
46.4.67.132 - - [14/Jan/2013:14:27:35 +0100] "GET / HTTP/1.0" 200 1229 "-" "Mozilla/5.0 (compatible; MJ12bot/v1.4.3; http://www.majestic12.co.uk/bot.php?+)"
46.4.67.132 - - [14/Jan/2013:14:30:20 +0100] "GET /robots.txt HTTP/1.0" 404 317 "-" "Mozilla/5.0 (compatible; MJ12bot/v1.4.3; http://www.majestic12.co.uk/bot.php?+)"
46.4.67.132 - - [14/Jan/2013:14:30:21 +0100] "GET /pages/71652/Uitslag_Warmup1_8.html HTTP/1.0" 404 341 "-" "Mozilla/5.0 (compatible; MJ12bot/v1.4.3; http://www.majestic12.co.uk/bot.php?+)"
46.4.67.132 - - [14/Jan/2013:14:30:24 +0100] "GET /pages/90394/Info_flyer_Mach_One.html HTTP/1.0" 404 343 "-" "Mozilla/5.0 (compatible; MJ12bot/v1.4.3; http://www.majestic12.co.uk/bot.php?+)"
46.4.67.132 - - [14/Jan/2013:14:30:25 +0100] "GET /pages/sub/38481/Uitslag.html HTTP/1.0" 404 335 "-" "Mozilla/5.0 (compatible; MJ12bot/v1.4.3; http://www.majestic12.co.uk/bot.php?+)"
46.4.67.132 - - [14/Jan/2013:14:30:28 +0100] "GET /pages/sub/48020/Uitslagen_2WD_O_C_1_6_.html HTTP/1.0" 404 350 "-" "Mozilla/5.0 (compatible; MJ12bot/v1.4.3; http://www.majestic12.co.uk/bot.php?+)"
46.4.67.132 - - [14/Jan/2013:14:30:32 +0100] "GET /pages/sub/48021/Uitslagen_4WD_O_C_1_6.html HTTP/1.0" 404 349 "-" "Mozilla/5.0 (compatible; MJ12bot/v1.4.3; http://www.majestic12.co.uk/bot.php?+)"
85.25.246.225 - - [14/Jan/2013:14:30:37 +0100] "GET /robots.txt HTTP/1.0" 404 320 "-" "Mozilla/5.0 (compatible; MJ12bot/v1.4.3; http://www.majestic12.co.uk/bot.php?+)"
85.25.246.225 - - [14/Jan/2013:14:30:42 +0100] "GET / HTTP/1.0" 200 1229 "-" "Mozilla/5.0 (compatible; MJ12bot/v1.4.3; http://www.majestic12.co.uk/bot.php?+)"
85.25.246.225 - - [14/Jan/2013:14:38:21 +0100] "GET /robots.txt HTTP/1.0" 404 320 "-" "Mozilla/5.0 (compatible; MJ12bot/v1.4.3; http://www.majestic12.co.uk/bot.php?+)"
85.25.246.225 - - [14/Jan/2013:14:38:31 +0100] "GET / HTTP/1.0" 200 1229 "-" "Mozilla/5.0 (compatible; MJ12bot/v1.4.3; http://www.majestic12.co.uk/bot.php?+)"
46.4.67.132 - - [14/Jan/2013:14:40:49 +0100] "GET /robots.txt HTTP/1.0" 404 320 "-" "Mozilla/5.0 (compatible; MJ12bot/v1.4.3; http://www.majestic12.co.uk/bot.php?+)"
46.4.67.132 - - [14/Jan/2013:14:40:55 +0100] "GET / HTTP/1.0" 200 1229 "-" "Mozilla/5.0 (compatible; MJ12bot/v1.4.3; http://www.majestic12.co.uk/bot.php?+)"
80.134.193.189 - - [14/Jan/2013:14:48:20 +0100] "GET /favicon.ico HTTP/1.1" 404 316 "-" "Mozilla/5.0 (Windows NT 6.1; WOW64; rv:17.0) Gecko/20100101 Firefox/17.0"
46.4.67.132 - - [14/Jan/2013:14:49:51 +0100] "GET /robots.txt HTTP/1.0" 404 320 "-" "Mozilla/5.0 (compatible; MJ12bot/v1.4.3; http://www.majestic12.co.uk/bot.php?+)"
46.4.67.132 - - [14/Jan/2013:14:49:55 +0100] "GET / HTTP/1.0" 200 1229 "-" "Mozilla/5.0 (compatible; MJ12bot/v1.4.3; http://www.majestic12.co.uk/bot.php?+)"
178.63.76.218 - - [14/Jan/2013:15:00:14 +0100] "GET /robots.txt HTTP/1.0" 404 320 "-" "Mozilla/5.0 (compatible; MJ12bot/v1.4.3; http://www.majestic12.co.uk/bot.php?+)"
178.63.76.218 - - [14/Jan/2013:15:00:21 +0100] "GET / HTTP/1.0" 200 1229 "-" "Mozilla/5.0 (compatible; MJ12bot/v1.4.3; http://www.majestic12.co.uk/bot.php?+)"
176.9.36.67 - - [14/Jan/2013:15:00:25 +0100] "GET / HTTP/1.0" 200 1229 "-" "Mozilla/5.0 (compatible; MJ12bot/v1.4.3; http://www.majestic12.co.uk/bot.php?+)"
141.8.147.1 - - [14/Jan/2013:15:01:43 +0100] "GET / HTTP/1.1" 200 1229 "-" "Mozilla/5.0 (compatible; YandexBot/3.0; +http://yandex.com/bots)"
85.25.246.225 - - [14/Jan/2013:15:12:08 +0100] "GET /robots.txt HTTP/1.0" 404 320 "-" "Mozilla/5.0 (compatible; MJ12bot/v1.4.3; http://www.majestic12.co.uk/bot.php?+)"
85.25.246.225 - - [14/Jan/2013:15:12:19 +0100] "GET / HTTP/1.0" 200 1229 "-" "Mozilla/5.0 (compatible; MJ12bot/v1.4.3; http://www.majestic12.co.uk/bot.php?+)"
85.25.246.225 - - [14/Jan/2013:15:18:47 +0100] "GET /robots.txt HTTP/1.0" 404 320 "-" "Mozilla/5.0 (compatible; MJ12bot/v1.4.3; http://www.majestic12.co.uk/bot.php?+)"
85.25.246.225 - - [14/Jan/2013:15:18:53 +0100] "GET / HTTP/1.0" 200 1229 "-" "Mozilla/5.0 (compatible; MJ12bot/v1.4.3; http://www.majestic12.co.uk/bot.php?+)"
46.4.67.132 - - [14/Jan/2013:15:19:47 +0100] "GET /robots.txt HTTP/1.0" 404 320 "-" "Mozilla/5.0 (compatible; MJ12bot/v1.4.3; http://www.majestic12.co.uk/bot.php?+)"
46.4.67.132 - - [14/Jan/2013:15:19:49 +0100] "GET / HTTP/1.0" 200 1229 "-" "Mozilla/5.0 (compatible; MJ12bot/v1.4.3; http://www.majestic12.co.uk/bot.php?+)"
178.63.76.218 - - [14/Jan/2013:15:37:07 +0100] "GET /robots.txt HTTP/1.0" 404 320 "-" "Mozilla/5.0 (compatible; MJ12bot/v1.4.3; http://www.majestic12.co.uk/bot.php?+)"
178.63.76.218 - - [14/Jan/2013:15:37:10 +0100] "GET / HTTP/1.0" 200 1229 "-" "Mozilla/5.0 (compatible; MJ12bot/v1.4.3; http://www.majestic12.co.uk/bot.php?+)"
65.55.213.79 - - [14/Jan/2013:15:44:17 +0100] "GET /robots.txt HTTP/1.1" 404 320 "-" "msnbot/2.0b (+http://search.msn.com/msnbot.htm)"
65.55.213.79 - - [14/Jan/2013:15:44:17 +0100] "GET / HTTP/1.1" 200 1229 "-" "msnbot/2.0b (+http://search.msn.com/msnbot.htm)"
178.25.93.230 - - [14/Jan/2013:15:49:33 +0100] "GET /robots.txt HTTP/1.0" 404 320 "-" "Mozilla/5.0 (compatible; MJ12bot/v1.4.3; http://www.majestic12.co.uk/bot.php?+)"
178.25.93.230 - - [14/Jan/2013:15:49:36 +0100] "GET / HTTP/1.1" 200 1229 "-" "Mozilla/5.0 (compatible; MJ12bot/v1.4.3; http://www.majestic12.co.uk/bot.php?+)"
141.8.147.1 - - [14/Jan/2013:15:55:18 +0100] "GET /robots.txt HTTP/1.1" 404 333 "-" "Mozilla/5.0 (compatible; YandexBot/3.0; +http://yandex.com/bots)"
157.55.32.189 - - [14/Jan/2013:15:56:01 +0100] "GET /robots.txt HTTP/1.1" 404 327 "-" "Mozilla/5.0 (compatible; bingbot/2.0; +http://www.bing.com/bingbot.htm)"
157.55.32.189 - - [14/Jan/2013:16:00:20 +0100] "GET / HTTP/1.1" 304 - "-" "Mozilla/5.0 (compatible; bingbot/2.0; +http://www.bing.com/bingbot.htm)"
85.25.246.225 - - [14/Jan/2013:16:09:52 +0100] "GET /robots.txt HTTP/1.0" 404 320 "-" "Mozilla/5.0 (compatible; MJ12bot/v1.4.3; http://www.majestic12.co.uk/bot.php?+)"
85.25.246.225 - - [14/Jan/2013:16:10:00 +0100] "GET / HTTP/1.0" 200 1229 "-" "Mozilla/5.0 (compatible; MJ12bot/v1.4.3; http://www.majestic12.co.uk/bot.php?+)"
178.63.76.218 - - [14/Jan/2013:16:26:08 +0100] "GET /robots.txt HTTP/1.0" 404 320 "-" "Mozilla/5.0 (compatible; MJ12bot/v1.4.3; http://www.majestic12.co.uk/bot.php?+)"
178.63.76.218 - - [14/Jan/2013:16:26:11 +0100] "GET / HTTP/1.0" 200 1229 "-" "Mozilla/5.0 (compatible; MJ12bot/v1.4.3; http://www.majestic12.co.uk/bot.php?+)"
176.9.148.194 - - [14/Jan/2013:16:40:16 +0100] "GET /robots.txt HTTP/1.1" 404 337 "-" "Mozilla/5.0 (compatible; SISTRIX Crawler; http://crawler.sistrix.net/)"
176.9.148.194 - - [14/Jan/2013:16:40:16 +0100] "GET / HTTP/1.1" 200 1229 "-" "Mozilla/5.0 (compatible; SISTRIX Crawler; http://crawler.sistrix.net/)"
141.8.147.1 - - [14/Jan/2013:17:47:49 +0100] "GET / HTTP/1.1" 200 1229 "-" "Mozilla/5.0 (compatible; YandexBot/3.0; +http://yandex.com/bots)"
84.141.35.111 - - [14/Jan/2013:19:04:12 +0100] "GET / HTTP/1.1" 200 1229 "http://www.webwiki.de/mink-berlin.de" "Mozilla/5.0 (Windows NT 5.1; rv:16.0) Gecko/20100101 Firefox/16.0"
84.141.35.111 - - [14/Jan/2013:19:04:12 +0100] "GET /favicon.ico HTTP/1.1" 404 321 "-" "Mozilla/5.0 (Windows NT 5.1; rv:16.0) Gecko/20100101 Firefox/16.0"
84.141.35.111 - - [14/Jan/2013:19:04:13 +0100] "GET /favicon.ico HTTP/1.1" 404 321 "-" "Mozilla/5.0 (Windows NT 5.1; rv:16.0) Gecko/20100101 Firefox/16.0"
216.240.136.96 - - [14/Jan/2013:19:25:26 +0100] "GET / HTTP/1.1" 200 1229 "-" "Mozilla/5.0 (Windows; U; Windows NT 6.0; en-US; rv:1.9.1.2) Gecko/20090729 Firefox/3.5.2 (.NET CLR 3.5.30729)"
157.55.33.112 - - [14/Jan/2013:20:23:10 +0100] "GET /robots.txt HTTP/1.1" 404 320 "-" "Mozilla/5.0 (compatible; bingbot/2.0; +http://www.bing.com/bingbot.htm)"
157.55.33.112 - - [14/Jan/2013:20:25:23 +0100] "GET /seiten/optiplus_detail.php?det=betrieb HTTP/1.1" 404 336 "-" "Mozilla/5.0 (compatible; bingbot/2.0; +http://www.bing.com/bingbot.htm)"
157.55.32.103 - - [14/Jan/2013:20:25:23 +0100] "GET /seiten/optiplus_detail.php?det=geru HTTP/1.1" 404 336 "-" "Mozilla/5.0 (compatible; bingbot/2.0; +http://www.bing.com/bingbot.htm)"
195.23.157.191 - - [14/Jan/2013:21:05:31 +0100] "GET / HTTP/1.0" 200 1229 "-" "-"
83.194.143.1 - - [15/Jan/2013:01:35:36 +0100] "GET / HTTP/1.0" 200 1229 "-" "-"
78.46.109.71 - - [15/Jan/2013:01:35:42 +0100] "GET / HTTP/1.1" 200 1229 "-" "-"
91.66.184.220 - - [15/Jan/2013:02:18:50 +0100] "GET / HTTP/1.1" 200 1229 "-" "-"
186.19.157.234 - - [15/Jan/2013:02:31:29 +0100] "GET / HTTP/1.0" 200 1229 "-" "-"
186.19.157.234 - - [15/Jan/2013:02:37:17 +0100] "GET / HTTP/1.0" 200 1229 "-" "-"
84.151.13.101 - - [15/Jan/2013:03:56:56 +0100] "GET / HTTP/1.0" 200 1229 "-" "-"
194.153.113.7 - - [15/Jan/2013:05:28:52 +0100] "HEAD / HTTP/1.1" 200 - "-" "Mozilla/5.0 (compatible; oBot/2.3.1; +http://filterdb.iss.net/crawler/)"
194.153.113.7 - - [15/Jan/2013:05:28:52 +0100] "GET / HTTP/1.1" 200 1229 "-" "Mozilla/5.0 (compatible; oBot/2.3.1; +http://filterdb.iss.net/crawler/)"
186.19.157.234 - - [15/Jan/2013:06:18:21 +0100] "GET / HTTP/1.0" 200 1229 "-" "-"
176.9.148.194 - - [15/Jan/2013:08:12:02 +0100] "GET /robots.txt HTTP/1.1" 404 337 "-" "Mozilla/5.0 (compatible; SISTRIX Crawler; http://crawler.sistrix.net/)"
176.9.148.194 - - [15/Jan/2013:08:12:02 +0100] "GET / HTTP/1.1" 200 1229 "-" "Mozilla/5.0 (compatible; SISTRIX Crawler; http://crawler.sistrix.net/)"
141.8.147.1 - - [15/Jan/2013:08:12:54 +0100] "GET /robots.txt HTTP/1.1" 404 328 "-" "Mozilla/5.0 (compatible; YandexBot/3.0; +http://yandex.com/bots)"
173.185.182.253 - - [15/Jan/2013:09:24:35 +0100] "GET http://www.microsoft.com/ HTTP/1.0" 200 1229 "-" "Mozilla/4.0 (compatible; MSIE 6.0; Windows NT 5.1; SV1; .NET CLR 1.1.4322)"
173.185.182.253 - - [15/Jan/2013:09:24:35 +0100] "POST http://lti-mail01.ltinetworks.com:25/ HTTP/1.0" 200 1229 "-" "-"
173.185.182.253 - - [15/Jan/2013:09:24:38 +0100] "CONNECT http://lti-mail01.ltinetworks.com:25 HTTP/1.0" 400 328 "-" "-"
157.55.32.107 - - [15/Jan/2013:10:33:15 +0100] "GET /robots.txt HTTP/1.1" 404 320 "-" "Mozilla/5.0 (compatible; bingbot/2.0; +http://www.bing.com/bingbot.htm)"
157.55.32.107 - - [15/Jan/2013:10:35:05 +0100] "GET / HTTP/1.1" 200 1229 "-" "Mozilla/5.0 (compatible; bingbot/2.0; +http://www.bing.com/bingbot.htm)"
83.133.125.202 - - [15/Jan/2013:10:52:52 +0100] "GET / HTTP/1.1" 200 1229 "http://www.bigfinder.de/home-11.html" "Mozilla/5.0 (Macintosh; U; Intel Mac OS X 10.6; de-DE; rv:1.9.2.8) Gecko/20100722 Firefox/3.6.8"
69.167.176.128 - - [15/Jan/2013:12:24:19 +0100] "HEAD / HTTP/1.0" 200 - "-" "-"
69.167.176.128 - - [15/Jan/2013:12:24:19 +0100] "HEAD / HTTP/1.0" 200 - "-" "-"
69.167.176.128 - - [15/Jan/2013:12:24:19 +0100] "HEAD / HTTP/1.0" 200 - "-" "-"
69.167.176.128 - - [15/Jan/2013:12:24:19 +0100] "HEAD / HTTP/1.0" 200 - "-" "-"
69.167.176.128 - - [15/Jan/2013:12:24:19 +0100] "HEAD / HTTP/1.0" 200 - "-" "-"
69.167.176.128 - - [15/Jan/2013:12:24:19 +0100] "HEAD / HTTP/1.0" 200 - "-" "-"
69.167.176.128 - - [15/Jan/2013:12:24:19 +0100] "HEAD / HTTP/1.0" 200 - "-" "-"
69.167.176.128 - - [15/Jan/2013:12:24:19 +0100] "HEAD / HTTP/1.0" 200 - "-" "-"
69.167.176.128 - - [15/Jan/2013:12:24:19 +0100] "HEAD / HTTP/1.0" 200 - "-" "-"
69.167.176.128 - - [15/Jan/2013:12:24:19 +0100] "HEAD / HTTP/1.0" 200 - "-" "-"
85.25.246.225 - - [15/Jan/2013:13:16:50 +0100] "GET /robots.txt HTTP/1.0" 404 320 "-" "Mozilla/5.0 (compatible; MJ12bot/v1.4.3; http://www.majestic12.co.uk/bot.php?+)"
85.25.246.225 - - [15/Jan/2013:13:17:02 +0100] "GET / HTTP/1.0" 200 1229 "-" "Mozilla/5.0 (compatible; MJ12bot/v1.4.3; http://www.majestic12.co.uk/bot.php?+)"
141.8.147.1 - - [15/Jan/2013:13:30:37 +0100] "GET / HTTP/1.1" 200 1229 "-" "Mozilla/5.0 (compatible; YandexBot/3.0; +http://yandex.com/bots)"
157.55.35.46 - - [15/Jan/2013:14:30:43 +0100] "GET /robots.txt HTTP/1.1" 404 320 "-" "Mozilla/5.0 (compatible; bingbot/2.0; +http://www.bing.com/bingbot.htm)"
157.55.35.46 - - [15/Jan/2013:14:32:40 +0100] "GET /Schmierstoffe.htm HTTP/1.1" 404 327 "-" "Mozilla/5.0 (compatible; bingbot/2.0; +http://www.bing.com/bingbot.htm)"
141.8.147.1 - - [15/Jan/2013:14:33:14 +0100] "GET /robots.txt HTTP/1.1" 404 320 "-" "Mozilla/5.0 (compatible; YandexBot/3.0; +http://yandex.com/bots)"
88.134.133.230 - - [15/Jan/2013:14:45:57 +0100] "GET /robots.txt HTTP/1.0" 404 320 "-" "Mozilla/5.0 (compatible; MJ12bot/v1.4.3; http://www.majestic12.co.uk/bot.php?+)"
88.134.133.230 - - [15/Jan/2013:14:45:58 +0100] "GET / HTTP/1.1" 200 1229 "-" "Mozilla/5.0 (compatible; MJ12bot/v1.4.3; http://www.majestic12.co.uk/bot.php?+)"
69.175.126.170 - - [15/Jan/2013:15:27:49 +0100] "GET / HTTP/1.0" 200 1229 "-" "-"
65.55.213.79 - - [15/Jan/2013:15:33:31 +0100] "GET /robots.txt HTTP/1.1" 404 320 "-" "msnbot/2.0b (+http://search.msn.com/msnbot.htm)"
65.55.213.79 - - [15/Jan/2013:15:33:31 +0100] "GET / HTTP/1.1" 200 1229 "-" "msnbot/2.0b (+http://search.msn.com/msnbot.htm)"
78.30.200.81 - - [15/Jan/2013:16:33:07 +0100] "GET /robots.txt HTTP/1.0" 404 320 "-" "Mozilla/5.0 (compatible; MJ12bot/v1.4.3; http://www.majestic12.co.uk/bot.php?+)"
78.30.200.81 - - [15/Jan/2013:16:33:09 +0100] "GET / HTTP/1.0" 200 1229 "-" "Mozilla/5.0 (compatible; MJ12bot/v1.4.3; http://www.majestic12.co.uk/bot.php?+)"
141.8.147.1 - - [15/Jan/2013:16:42:33 +0100] "GET / HTTP/1.1" 200 1229 "-" "Mozilla/5.0 (compatible; YandexBot/3.0; +http://yandex.com/bots)"
223.85.245.54 - - [15/Jan/2013:17:44:40 +0100] "GET /phpmyadmin/scripts/setup.php HTTP/1.1" 404 333 "-" "ZmEu"
223.85.245.54 - - [15/Jan/2013:17:44:40 +0100] "GET /phpmyadmin/scripts/setup.php HTTP/1.1" 404 333 "-" "ZmEu"
223.85.245.54 - - [15/Jan/2013:17:44:46 +0100] "GET /pma/scripts/setup.php HTTP/1.1" 404 326 "-" "ZmEu"
223.85.245.54 - - [15/Jan/2013:17:45:10 +0100] "GET /MyAdmin/scripts/setup.php HTTP/1.1" 404 330 "-" "ZmEu"
188.40.82.78 - - [15/Jan/2013:17:54:42 +0100] "HEAD / HTTP/1.1" 200 - "-" "Mozilla/5.0 (X11; Ubuntu; Linux x86_64; rv:17.0) Gecko/20100101 Firefox/17.0"
188.40.82.78 - - [15/Jan/2013:17:54:47 +0100] "GET / HTTP/1.1" 200 1229 "-" "Mozilla/5.0 (X11; Ubuntu; Linux x86_64; rv:17.0) Gecko/20100101 Firefox/17.0"
157.55.33.125 - - [15/Jan/2013:20:28:57 +0100] "GET /robots.txt HTTP/1.1" 404 328 "-" "Mozilla/5.0 (compatible; bingbot/2.0; +http://www.bing.com/bingbot.htm)"
157.55.33.125 - - [15/Jan/2013:20:30:25 +0100] "GET / HTTP/1.1" 304 - "-" "Mozilla/5.0 (compatible; bingbot/2.0; +http://www.bing.com/bingbot.htm)"
157.55.33.125 - - [15/Jan/2013:22:15:52 +0100] "GET /robots.txt HTTP/1.1" 404 328 "-" "Mozilla/5.0 (compatible; bingbot/2.0; +http://www.bing.com/bingbot.htm)"
157.55.33.125 - - [15/Jan/2013:22:17:53 +0100] "GET / HTTP/1.1" 200 1229 "-" "Mozilla/5.0 (compatible; bingbot/2.0; +http://www.bing.com/bingbot.htm)"
5.9.7.208 - - [15/Jan/2013:22:24:43 +0100] "GET /robots.txt HTTP/1.0" 404 320 "-" "Mozilla/5.0 (compatible; MJ12bot/v1.4.3; http://www.majestic12.co.uk/bot.php?+)"
5.9.7.208 - - [15/Jan/2013:22:24:46 +0100] "GET /links HTTP/1.0" 404 315 "-" "Mozilla/5.0 (compatible; MJ12bot/v1.4.3; http://www.majestic12.co.uk/bot.php?+)"
188.40.82.78 - - [16/Jan/2013:00:14:04 +0100] "HEAD / HTTP/1.1" 200 - "-" "Mozilla/5.0 (X11; Ubuntu; Linux x86_64; rv:17.0) Gecko/20100101 Firefox/17.0"
188.40.82.78 - - [16/Jan/2013:00:14:09 +0100] "GET / HTTP/1.1" 200 1229 "-" "Mozilla/5.0 (X11; Ubuntu; Linux x86_64; rv:17.0) Gecko/20100101 Firefox/17.0"
157.56.93.192 - - [16/Jan/2013:01:44:44 +0100] "GET /robots.txt HTTP/1.1" 404 322 "-" "Mozilla/5.0 (compatible; bingbot/2.0; +http://www.bing.com/bingbot.htm)"
157.56.93.192 - - [16/Jan/2013:01:46:17 +0100] "GET / HTTP/1.1" 304 - "-" "Mozilla/5.0 (compatible; bingbot/2.0; +http://www.bing.com/bingbot.htm)"
85.214.134.96 - - [16/Jan/2013:02:03:57 +0100] "GET / HTTP/1.1" 200 1229 "-" "Mozilla/4.0 (compatible; MSIE 8.0; Windows NT 6.0; Trident/4.0; SLCC1;)"
54.243.1.44 - - [16/Jan/2013:02:41:57 +0100] "GET / HTTP/1.0" 200 1229 "http://www.eatree.com" "Mozilla/5.0 (compatible; MSIE 9.0; Windows NT 6.1; Trident/5.0)"
94.102.51.246 - - [16/Jan/2013:03:07:34 +0100] "GET http://24x7-allrequestsallowed.com/?PHPSESSID=7jy745aa00143SSQJ_W_EFBF%5CB HTTP/1.1" 200 1229 "-" "Mozilla/5.0 (Windows NT 6.1; rv:16.0) Gecko/20100101 Firefox/16.0"
71.126.120.232 - - [16/Jan/2013:03:21:40 +0100] "HEAD /phpmyadmin/print.css HTTP/1.1" 404 - "http://212.91.246.85/phpmyadmin/print.css" "Mozilla/5.0 (Windows; U; Windows NT 5.1; en; rv:1.8.1.8) Gecko/20071008 Firefox/2.0.0.8"
85.13.147.71 - - [16/Jan/2013:03:58:20 +0100] "HEAD / HTTP/1.1" 200 - "-" "-"
71.126.120.232 - - [16/Jan/2013:04:40:37 +0100] "HEAD /phpmyadmin/print.css HTTP/1.1" 404 - "http://212.91.246.83/phpmyadmin/print.css" "Mozilla/5.0 (Windows; U; Windows NT 5.1; en; rv:1.8.1.8) Gecko/20071008 Firefox/2.0.0.8"
85.25.246.225 - - [16/Jan/2013:04:49:39 +0100] "GET /robots.txt HTTP/1.0" 404 322 "-" "Mozilla/5.0 (compatible; MJ12bot/v1.4.3; http://www.majestic12.co.uk/bot.php?+)"
141.8.147.1 - - [16/Jan/2013:06:13:26 +0100] "GET /robots.txt HTTP/1.1" 404 333 "-" "Mozilla/5.0 (compatible; YandexBot/3.0; +http://yandex.com/bots)"
5.9.7.208 - - [16/Jan/2013:06:14:33 +0100] "GET /seiten/service.htm HTTP/1.0" 404 336 "-" "Mozilla/5.0 (compatible; MJ12bot/v1.4.3; http://www.majestic12.co.uk/bot.php?+)"
5.9.7.208 - - [16/Jan/2013:06:14:42 +0100] "GET /seiten/spar.htm HTTP/1.0" 404 333 "-" "Mozilla/5.0 (compatible; MJ12bot/v1.4.3; http://www.majestic12.co.uk/bot.php?+)"
66.249.75.103 - - [16/Jan/2013:06:48:33 +0100] "GET /robots.txt HTTP/1.1" 404 329 "-" "Mozilla/5.0 (compatible; Googlebot/2.1; +http://www.google.com/bot.html)"
66.249.78.103 - - [16/Jan/2013:06:48:33 +0100] "GET / HTTP/1.1" 200 1229 "-" "Mozilla/5.0 (compatible; Googlebot/2.1; +http://www.google.com/bot.html)"
66.249.75.154 - - [16/Jan/2013:07:21:55 +0100] "GET /robots.txt HTTP/1.1" 404 337 "-" "Mozilla/5.0 (compatible; Googlebot/2.1; +http://www.google.com/bot.html)"
66.249.78.154 - - [16/Jan/2013:07:21:55 +0100] "GET / HTTP/1.1" 200 1229 "-" "Mozilla/5.0 (compatible; Googlebot/2.1; +http://www.google.com/bot.html)"
66.249.78.111 - - [16/Jan/2013:07:58:48 +0100] "GET /robots.txt HTTP/1.1" 404 328 "-" "Mozilla/5.0 (compatible; Googlebot/2.1; +http://www.google.com/bot.html)"
66.249.78.111 - - [16/Jan/2013:07:58:48 +0100] "GET / HTTP/1.1" 200 1229 "-" "Mozilla/5.0 (compatible; Googlebot/2.1; +http://www.google.com/bot.html)"
66.249.78.171 - - [16/Jan/2013:08:10:40 +0100] "GET /robots.txt HTTP/1.1" 404 332 "-" "Mozilla/5.0 (compatible; Googlebot/2.1; +http://www.google.com/bot.html)"
66.249.78.171 - - [16/Jan/2013:08:10:40 +0100] "GET / HTTP/1.1" 200 1229 "-" "Mozilla/5.0 (compatible; Googlebot/2.1; +http://www.google.com/bot.html)"
141.8.147.1 - - [16/Jan/2013:08:51:22 +0100] "GET /robots.txt HTTP/1.1" 404 320 "-" "Mozilla/5.0 (compatible; YandexBot/3.0; +http://yandex.com/bots)"
71.126.124.35 - - [16/Jan/2013:09:23:55 +0100] "HEAD /phpmyadmin/print.css HTTP/1.1" 404 - "http://212.91.246.80/phpmyadmin/print.css" "Mozilla/5.0 (Windows; U; Windows NT 5.1; en; rv:1.8.1.8) Gecko/20071008 Firefox/2.0.0.8"
66.249.78.36 - - [16/Jan/2013:09:41:34 +0100] "GET /robots.txt HTTP/1.1" 404 333 "-" "Mozilla/5.0 (compatible; Googlebot/2.1; +http://www.google.com/bot.html)"
66.249.78.36 - - [16/Jan/2013:09:41:34 +0100] "GET / HTTP/1.1" 200 1229 "-" "Mozilla/5.0 (compatible; Googlebot/2.1; +http://www.google.com/bot.html)"
141.8.147.1 - - [16/Jan/2013:10:12:58 +0100] "GET / HTTP/1.1" 200 1229 "-" "Mozilla/5.0 (compatible; YandexBot/3.0; +http://yandex.com/bots)"
157.55.35.85 - - [16/Jan/2013:12:01:33 +0100] "GET /robots.txt HTTP/1.1" 404 337 "-" "Mozilla/5.0 (compatible; bingbot/2.0; +http://www.bing.com/bingbot.htm)"
157.55.35.85 - - [16/Jan/2013:12:03:19 +0100] "GET / HTTP/1.1" 304 - "-" "Mozilla/5.0 (compatible; bingbot/2.0; +http://www.bing.com/bingbot.htm)"
85.13.147.71 - - [16/Jan/2013:12:26:21 +0100] "GET / HTTP/1.1" 200 1229 "-" "-"
216.240.136.96 - - [16/Jan/2013:14:04:29 +0100] "GET / HTTP/1.1" 200 1229 "-" "Mozilla/5.0 (Windows; U; Windows NT 6.0; en-US; rv:1.9.1.2) Gecko/20090729 Firefox/3.5.2 (.NET CLR 3.5.30729)"
178.77.126.55 - - [16/Jan/2013:14:10:07 +0100] "GET /robots.txt HTTP/1.1" 404 320 "-" "Mozilla/5.0 (compatible; CareerBot/1.1; +http://www.career-x.de/bot.html)"
178.77.126.55 - - [16/Jan/2013:14:10:07 +0100] "GET / HTTP/1.1" 200 1229 "-" "Mozilla/5.0 (compatible; CareerBot/1.1; +http://www.career-x.de/bot.html)"
76.99.197.68 - - [16/Jan/2013:15:35:04 +0100] "GET / HTTP/1.0" 200 1229 "-" "-"
157.56.93.194 - - [16/Jan/2013:15:36:11 +0100] "GET /robots.txt HTTP/1.1" 404 320 "-" "Mozilla/5.0 (compatible; bingbot/2.0; +http://www.bing.com/bingbot.htm)"
157.56.93.194 - - [16/Jan/2013:15:38:26 +0100] "GET /Schmierstoffe.htm HTTP/1.1" 404 327 "-" "Mozilla/5.0 (compatible; bingbot/2.0; +http://www.bing.com/bingbot.htm)"
85.214.130.217 - - [16/Jan/2013:16:35:03 +0100] "GET / HTTP/1.1" 200 1229 "-" "Mozilla/4.0 (compatible; MSIE 7.0; Windows NT 6.1; Trident/5.0; SLCC2; .NET CLR 2.0.50727; .NET4.0C)"
206.253.226.18 - - [16/Jan/2013:16:54:38 +0100] "HEAD / HTTP/1.1" 200 - "-" "Mozilla/5.0 (compatible; oBot/2.3.1; +http://filterdb.iss.net/crawler/)"
184.73.55.214 - - [16/Jan/2013:18:14:04 +0100] "GET / HTTP/1.0" 200 1229 "http://www.go-profitclicking.com" "-"
65.55.213.73 - - [16/Jan/2013:18:49:30 +0100] "GET /robots.txt HTTP/1.1" 404 320 "-" "msnbot/2.0b (+http://search.msn.com/msnbot.htm)"
65.55.213.73 - - [16/Jan/2013:18:49:30 +0100] "GET / HTTP/1.1" 200 1229 "-" "msnbot/2.0b (+http://search.msn.com/msnbot.htm)"
188.40.82.78 - - [16/Jan/2013:19:02:06 +0100] "HEAD / HTTP/1.1" 200 - "-" "Mozilla/5.0 (X11; Ubuntu; Linux x86_64; rv:17.0) Gecko/20100101 Firefox/17.0"
188.40.82.78 - - [16/Jan/2013:19:02:06 +0100] "GET / HTTP/1.1" 200 1229 "-" "Mozilla/5.0 (X11; Ubuntu; Linux x86_64; rv:17.0) Gecko/20100101 Firefox/17.0"
5.9.7.208 - - [16/Jan/2013:19:55:29 +0100] "GET /robots.txt HTTP/1.0" 404 320 "-" "Mozilla/5.0 (compatible; MJ12bot/v1.4.3; http://www.majestic12.co.uk/bot.php?+)"
5.9.7.208 - - [16/Jan/2013:19:55:32 +0100] "GET /reiseoptimo.htm HTTP/1.0" 404 325 "-" "Mozilla/5.0 (compatible; MJ12bot/v1.4.3; http://www.majestic12.co.uk/bot.php?+)"
5.9.7.208 - - [16/Jan/2013:20:04:11 +0100] "GET /robots.txt HTTP/1.0" 404 327 "-" "Mozilla/5.0 (compatible; MJ12bot/v1.4.3; http://www.majestic12.co.uk/bot.php?+)"
5.9.7.208 - - [16/Jan/2013:20:04:48 +0100] "GET / HTTP/1.0" 200 1229 "-" "Mozilla/5.0 (compatible; MJ12bot/v1.4.3; http://www.majestic12.co.uk/bot.php?+)"
5.9.7.208 - - [16/Jan/2013:20:12:58 +0100] "GET /robots.txt HTTP/1.0" 404 322 "-" "Mozilla/5.0 (compatible; MJ12bot/v1.4.3; http://www.majestic12.co.uk/bot.php?+)"
5.9.7.208 - - [16/Jan/2013:20:13:01 +0100] "GET /Heizoel.htm HTTP/1.0" 404 321 "-" "Mozilla/5.0 (compatible; MJ12bot/v1.4.3; http://www.majestic12.co.uk/bot.php?+)"
188.40.82.78 - - [16/Jan/2013:22:16:33 +0100] "HEAD / HTTP/1.1" 200 - "-" "Mozilla/5.0 (X11; Ubuntu; Linux x86_64; rv:17.0) Gecko/20100101 Firefox/17.0"
188.40.82.78 - - [16/Jan/2013:22:16:39 +0100] "GET / HTTP/1.1" 200 1229 "-" "Mozilla/5.0 (X11; Ubuntu; Linux x86_64; rv:17.0) Gecko/20100101 Firefox/17.0"
151.236.216.11 - - [17/Jan/2013:01:54:13 +0100] "GET / HTTP/1.1" 200 1229 "-" "Mozilla/5.0 (compatible; MSIE 8.0; Windows NT 5.1; SLCC1; .NET CLR 1.1.4322)"
216.145.5.42 - - [17/Jan/2013:02:20:51 +0100] "GET /robots.txt HTTP/1.0" 404 328 "-" "Mozilla/5.0 (Windows; U; Windows NT 5.1; en; rv:1.9.0.13) Gecko/2009073022 Firefox/3.5.2 (.NET CLR 3.5.30729) SurveyBot/2.3 (DomainTools)"
216.145.5.42 - - [17/Jan/2013:02:20:51 +0100] "GET / HTTP/1.1" 200 1229 "http://whois.domaintools.com/aufzugs-hebetechnik.de" "Mozilla/5.0 (Windows; U; Windows NT 5.1; en; rv:1.9.0.13) Gecko/2009073022 Firefox/3.5.2 (.NET CLR 3.5.30729) SurveyBot/2.3 (DomainTools)"
64.246.165.10 - - [17/Jan/2013:05:17:10 +0100] "GET /robots.txt HTTP/1.0" 404 332 "-" "Mozilla/5.0 (Windows; U; Windows NT 5.1; en; rv:1.9.0.13) Gecko/2009073022 Firefox/3.5.2 (.NET CLR 3.5.30729) SurveyBot/2.3 (DomainTools)"
64.246.165.10 - - [17/Jan/2013:05:17:10 +0100] "GET / HTTP/1.1" 200 1229 "http://whois.domaintools.com/bauaufzuege-hebetechnik.de" "Mozilla/5.0 (Windows; U; Windows NT 5.1; en; rv:1.9.0.13) Gecko/2009073022 Firefox/3.5.2 (.NET CLR 3.5.30729) SurveyBot/2.3 (DomainTools)"
216.240.136.96 - - [17/Jan/2013:06:02:50 +0100] "GET / HTTP/1.1" 200 1229 "-" "Mozilla/5.0 (Windows; U; Windows NT 6.0; en-US; rv:1.9.1.2) Gecko/20090729 Firefox/3.5.2 (.NET CLR 3.5.30729)"
178.255.215.74 - - [17/Jan/2013:06:43:01 +0100] "GET /robots.txt HTTP/1.1" 404 320 "-" "Mozilla/5.0 (compatible; Exabot/3.0; +http://www.exabot.com/go/robot)"
178.255.215.74 - - [17/Jan/2013:06:43:01 +0100] "GET / HTTP/1.1" 304 - "-" "Mozilla/5.0 (compatible; Exabot/3.0; +http://www.exabot.com/go/robot)"
157.55.32.107 - - [17/Jan/2013:06:46:17 +0100] "GET /robots.txt HTTP/1.1" 404 320 "-" "Mozilla/5.0 (compatible; bingbot/2.0; +http://www.bing.com/bingbot.htm)"
157.55.32.107 - - [17/Jan/2013:06:48:14 +0100] "GET / HTTP/1.1" 304 - "-" "Mozilla/5.0 (compatible; bingbot/2.0; +http://www.bing.com/bingbot.htm)"
81.169.188.167 - - [17/Jan/2013:06:54:39 +0100] "GET / HTTP/1.1" 200 1229 "-" "Mozilla/5.0 (X11; Linux x86_64) AppleWebKit/535.24 (KHTML, like Gecko) Chrome/19.0.1055.1 Safari/535.24"
5.9.112.68 - - [17/Jan/2013:07:09:01 +0100] "GET /robots.txt HTTP/1.1" 404 333 "-" "Mozilla/5.0 (compatible; SISTRIX Crawler; http://crawler.sistrix.net/)"
5.9.112.68 - - [17/Jan/2013:07:09:01 +0100] "GET / HTTP/1.1" 200 1229 "-" "Mozilla/5.0 (compatible; SISTRIX Crawler; http://crawler.sistrix.net/)"
81.169.188.167 - - [17/Jan/2013:07:55:56 +0100] "GET / HTTP/1.1" 200 1229 "-" "Mozilla/4.0 (compatible; MSIE 8.0; Windows NT 5.1; Trident/4.0; .NET CLR 1.1.4322; InfoPath.1; FDM; .NET CLR 2.0.50727)"
92.240.68.152 - - [17/Jan/2013:09:01:56 +0100] "GET http://netdna.copyblogger.com/images/eight.jpg HTTP/1.1" 404 330 "-" "webcollage/1.135a"
66.249.73.197 - - [17/Jan/2013:09:33:10 +0100] "GET /robots.txt HTTP/1.1" 404 327 "-" "Mozilla/5.0 (compatible; Googlebot/2.1; +http://www.google.com/bot.html)"
66.249.73.197 - - [17/Jan/2013:09:33:10 +0100] "GET / HTTP/1.1" 200 1229 "-" "Mozilla/5.0 (compatible; Googlebot/2.1; +http://www.google.com/bot.html)"
64.246.161.30 - - [17/Jan/2013:09:58:06 +0100] "GET /robots.txt HTTP/1.0" 404 315 "-" "Mozilla/5.0 (Windows; U; Windows NT 5.1; en; rv:1.9.0.13) Gecko/2009073022 Firefox/3.5.2 (.NET CLR 3.5.30729) SurveyBot/2.3 (DomainTools)"
64.246.161.30 - - [17/Jan/2013:09:58:07 +0100] "GET / HTTP/1.1" 200 1229 "http://whois.domaintools.com/bmt-it.de" "Mozilla/5.0 (Windows; U; Windows NT 5.1; en; rv:1.9.0.13) Gecko/2009073022 Firefox/3.5.2 (.NET CLR 3.5.30729) SurveyBot/2.3 (DomainTools)"
64.246.165.10 - - [17/Jan/2013:10:09:10 +0100] "GET /robots.txt HTTP/1.0" 404 322 "-" "Mozilla/5.0 (Windows; U; Windows NT 5.1; en; rv:1.9.0.13) Gecko/2009073022 Firefox/3.5.2 (.NET CLR 3.5.30729) SurveyBot/2.3 (DomainTools)"
64.246.165.10 - - [17/Jan/2013:10:09:10 +0100] "GET / HTTP/1.1" 200 1229 "http://whois.domaintools.com/boedenundmehr.de" "Mozilla/5.0 (Windows; U; Windows NT 5.1; en; rv:1.9.0.13) Gecko/2009073022 Firefox/3.5.2 (.NET CLR 3.5.30729) SurveyBot/2.3 (DomainTools)"
188.40.82.78 - - [17/Jan/2013:10:32:24 +0100] "HEAD / HTTP/1.1" 200 - "-" "Mozilla/5.0 (X11; Ubuntu; Linux x86_64; rv:17.0) Gecko/20100101 Firefox/17.0"
188.40.82.78 - - [17/Jan/2013:10:32:24 +0100] "GET / HTTP/1.1" 200 1229 "-" "Mozilla/5.0 (X11; Ubuntu; Linux x86_64; rv:17.0) Gecko/20100101 Firefox/17.0"
91.224.160.35 - - [17/Jan/2013:11:18:23 +0100] "HEAD /typo3/backend.php HTTP/1.0" 400 - "-" "Mozilla/5.0 (Windows NT 6.1; WOW64) AppleWebKit/535.19 (KHTML, like Gecko) Chrome/18.0.1025.162 Safari/535.19"
91.224.160.35 - - [17/Jan/2013:13:12:34 +0100] "HEAD /typo3/backend.php HTTP/1.0" 400 - "-" "Mozilla/5.0 (Windows NT 6.1; WOW64) AppleWebKit/535.19 (KHTML, like Gecko) Chrome/18.0.1025.162 Safari/535.19"
91.224.160.35 - - [17/Jan/2013:13:52:29 +0100] "HEAD /typo3/backend.php HTTP/1.0" 400 - "-" "Mozilla/5.0 (Windows NT 6.1; WOW64) AppleWebKit/535.19 (KHTML, like Gecko) Chrome/18.0.1025.162 Safari/535.19"
188.40.82.78 - - [17/Jan/2013:13:59:08 +0100] "HEAD / HTTP/1.1" 200 - "-" "Mozilla/5.0 (X11; Ubuntu; Linux x86_64; rv:17.0) Gecko/20100101 Firefox/17.0"
188.40.82.78 - - [17/Jan/2013:13:59:14 +0100] "GET / HTTP/1.1" 200 1229 "-" "Mozilla/5.0 (X11; Ubuntu; Linux x86_64; rv:17.0) Gecko/20100101 Firefox/17.0"
84.151.5.176 - - [17/Jan/2013:14:55:55 +0100] "GET / HTTP/1.0" 200 1229 "-" "-"
141.8.147.1 - - [17/Jan/2013:15:12:33 +0100] "GET /robots.txt HTTP/1.1" 404 328 "-" "Mozilla/5.0 (compatible; YandexBot/3.0; +http://yandex.com/bots)"
65.55.213.73 - - [17/Jan/2013:16:19:30 +0100] "GET /robots.txt HTTP/1.1" 404 320 "-" "msnbot/2.0b (+http://search.msn.com/msnbot.htm)"
65.55.213.73 - - [17/Jan/2013:16:19:31 +0100] "GET / HTTP/1.1" 200 1229 "-" "msnbot/2.0b (+http://search.msn.com/msnbot.htm)"
5.9.7.208 - - [17/Jan/2013:16:27:25 +0100] "GET /memberlist.php?mode=viewprofile&u=33230 HTTP/1.0" 404 317 "-" "Mozilla/5.0 (compatible; MJ12bot/v1.4.3; http://www.majestic12.co.uk/bot.php?+)"
5.9.7.208 - - [17/Jan/2013:16:27:27 +0100] "GET /viewtopic.php?f=2&t=130959 HTTP/1.0" 404 316 "-" "Mozilla/5.0 (compatible; MJ12bot/v1.4.3; http://www.majestic12.co.uk/bot.php?+)"
5.9.7.208 - - [17/Jan/2013:16:27:29 +0100] "GET /viewtopic.php?f=2&t=131347 HTTP/1.0" 404 316 "-" "Mozilla/5.0 (compatible; MJ12bot/v1.4.3; http://www.majestic12.co.uk/bot.php?+)"
5.9.7.208 - - [17/Jan/2013:16:27:31 +0100] "GET /viewtopic.php?f=2&t=131379 HTTP/1.0" 404 316 "-" "Mozilla/5.0 (compatible; MJ12bot/v1.4.3; http://www.majestic12.co.uk/bot.php?+)"
5.9.7.208 - - [17/Jan/2013:16:27:33 +0100] "GET /viewtopic.php?f=2&t=132113 HTTP/1.0" 404 316 "-" "Mozilla/5.0 (compatible; MJ12bot/v1.4.3; http://www.majestic12.co.uk/bot.php?+)"
5.9.7.208 - - [17/Jan/2013:16:27:35 +0100] "GET /viewtopic.php?f=28&t=129839 HTTP/1.0" 404 316 "-" "Mozilla/5.0 (compatible; MJ12bot/v1.4.3; http://www.majestic12.co.uk/bot.php?+)"
141.8.147.1 - - [17/Jan/2013:17:15:32 +0100] "GET /robots.txt HTTP/1.1" 404 337 "-" "Mozilla/5.0 (compatible; YandexBot/3.0; +http://yandex.com/bots)"
91.224.160.35 - - [17/Jan/2013:18:29:32 +0100] "HEAD /typo3/backend.php HTTP/1.0" 400 - "-" "Mozilla/5.0 (Windows NT 6.1; WOW64) AppleWebKit/535.19 (KHTML, like Gecko) Chrome/18.0.1025.162 Safari/535.19"
54.243.1.44 - - [17/Jan/2013:18:36:17 +0100] "GET / HTTP/1.0" 200 1229 "http://www.eatree.com" "-"
141.8.147.1 - - [17/Jan/2013:18:37:10 +0100] "GET / HTTP/1.1" 200 1229 "-" "Mozilla/5.0 (compatible; YandexBot/3.0; +http://yandex.com/bots)"
91.224.160.35 - - [17/Jan/2013:19:05:45 +0100] "HEAD /typo3/backend.php HTTP/1.0" 400 - "-" "Mozilla/5.0 (Windows NT 6.1; WOW64) AppleWebKit/535.19 (KHTML, like Gecko) Chrome/18.0.1025.162 Safari/535.19"
84.151.5.176 - - [17/Jan/2013:21:24:13 +0100] "GET / HTTP/1.0" 200 1229 "-" "-"
141.8.147.1 - - [17/Jan/2013:21:34:36 +0100] "GET / HTTP/1.1" 200 1229 "-" "Mozilla/5.0 (compatible; YandexBot/3.0; +http://yandex.com/bots)"
91.224.160.35 - - [17/Jan/2013:23:56:08 +0100] "HEAD /typo3/backend.php HTTP/1.0" 400 - "-" "Mozilla/5.0 (Windows NT 6.1; WOW64) AppleWebKit/535.19 (KHTML, like Gecko) Chrome/18.0.1025.162 Safari/535.19"
204.145.90.146 - - [18/Jan/2013:02:34:52 +0100] "GET http://204.145.90.146/proxychecker/check.cgi?action=getinfo HTTP/1.1" 404 328 "http://www.google.com/search?hl=ru&q=free+proxy+checker&sourceid=navclient-ff&ie=UTF-8" "Mozilla/4.0 (compatible; MSIE 6.0; Windows NT 5.1; SV1)"
92.240.68.152 - - [18/Jan/2013:03:38:04 +0100] "GET http://media.wiley.com/Lux/87/24887.nfg001.gif HTTP/1.1" 404 330 "-" "webcollage/1.135a"
157.55.33.49 - - [18/Jan/2013:05:03:27 +0100] "GET /robots.txt HTTP/1.1" 404 320 "-" "Mozilla/5.0 (compatible; bingbot/2.0; +http://www.bing.com/bingbot.htm)"
157.55.33.49 - - [18/Jan/2013:05:05:17 +0100] "GET /Heizoel.htm HTTP/1.1" 404 321 "-" "Mozilla/5.0 (compatible; bingbot/2.0; +http://www.bing.com/bingbot.htm)"
216.145.11.94 - - [18/Jan/2013:05:21:50 +0100] "GET /leer.htm HTTP/1.1" 404 313 "http://whois.domaintools.com/dialyse-schoenebeck.de" "Mozilla/5.0 (Windows; U; Windows NT 5.1; en; rv:1.9.0.13) Gecko/2009073022 Firefox/3.5.2 (.NET CLR 3.5.30729) SurveyBot/2.3 (DomainTools)"
216.145.11.94 - - [18/Jan/2013:05:21:50 +0100] "GET /leer.htm HTTP/1.1" 404 313 "http://whois.domaintools.com/dialyse-schoenebeck.de" "Mozilla/5.0 (Windows; U; Windows NT 5.1; en; rv:1.9.0.13) Gecko/2009073022 Firefox/3.5.2 (.NET CLR 3.5.30729) SurveyBot/2.3 (DomainTools)"
216.145.11.94 - - [18/Jan/2013:05:21:51 +0100] "GET /leer.htm HTTP/1.1" 404 313 "http://whois.domaintools.com/dialyse-schoenebeck.de" "Mozilla/5.0 (Windows; U; Windows NT 5.1; en; rv:1.9.0.13) Gecko/2009073022 Firefox/3.5.2 (.NET CLR 3.5.30729) SurveyBot/2.3 (DomainTools)"
157.55.32.189 - - [18/Jan/2013:06:00:38 +0100] "GET /robots.txt HTTP/1.1" 404 320 "-" "Mozilla/5.0 (compatible; bingbot/2.0; +http://www.bing.com/bingbot.htm)"
157.55.32.189 - - [18/Jan/2013:06:03:24 +0100] "GET /Heizoel-Berlin.htm HTTP/1.1" 404 328 "-" "Mozilla/5.0 (compatible; bingbot/2.0; +http://www.bing.com/bingbot.htm)"
64.246.178.34 - - [18/Jan/2013:06:24:24 +0100] "GET /frameset/left.htm HTTP/1.1" 404 322 "http://whois.domaintools.com/die-sehnsucht.com" "Mozilla/5.0 (Windows; U; Windows NT 5.1; en; rv:1.9.0.13) Gecko/2009073022 Firefox/3.5.2 (.NET CLR 3.5.30729) SurveyBot/2.3 (DomainTools)"
64.246.178.34 - - [18/Jan/2013:06:24:24 +0100] "GET /frameset/top.htm HTTP/1.1" 404 321 "http://whois.domaintools.com/die-sehnsucht.com" "Mozilla/5.0 (Windows; U; Windows NT 5.1; en; rv:1.9.0.13) Gecko/2009073022 Firefox/3.5.2 (.NET CLR 3.5.30729) SurveyBot/2.3 (DomainTools)"
64.246.178.34 - - [18/Jan/2013:06:24:24 +0100] "GET /neue_seite_1.htm HTTP/1.1" 404 321 "http://whois.domaintools.com/die-sehnsucht.com" "Mozilla/5.0 (Windows; U; Windows NT 5.1; en; rv:1.9.0.13) Gecko/2009073022 Firefox/3.5.2 (.NET CLR 3.5.30729) SurveyBot/2.3 (DomainTools)"
204.145.90.146 - - [18/Jan/2013:06:41:04 +0100] "GET http://204.145.90.146/proxychecker/check.cgi?action=getinfo HTTP/1.1" 404 328 "http://www.google.com/search?hl=ru&q=free+proxy+checker&sourceid=navclient-ff&ie=UTF-8" "Mozilla/4.0 (compatible; MSIE 6.0; Windows NT 5.1; SV1)"
204.145.90.146 - - [18/Jan/2013:10:49:48 +0100] "GET http://204.145.90.146/proxychecker/check.cgi?action=getinfo HTTP/1.1" 404 328 "http://www.google.com/search?hl=ru&q=free+proxy+checker&sourceid=navclient-ff&ie=UTF-8" "Mozilla/4.0 (compatible; MSIE 6.0; Windows NT 5.1; SV1)"
141.8.147.1 - - [18/Jan/2013:10:54:14 +0100] "GET /robots.txt HTTP/1.1" 404 328 "-" "Mozilla/5.0 (compatible; YandexBot/3.0; +http://yandex.com/bots)"
141.8.147.1 - - [18/Jan/2013:11:52:57 +0100] "GET / HTTP/1.1" 200 1229 "-" "Mozilla/5.0 (compatible; YandexBot/3.0; +http://yandex.com/bots)"
66.249.75.66 - - [18/Jan/2013:12:26:06 +0100] "GET /robots.txt HTTP/1.1" 404 328 "-" "Mozilla/5.0 (compatible; Googlebot/2.1; +http://www.google.com/bot.html)"
66.249.75.66 - - [18/Jan/2013:12:26:06 +0100] "GET / HTTP/1.1" 200 1229 "-" "Mozilla/5.0 (compatible; Googlebot/2.1; +http://www.google.com/bot.html)"
204.145.90.146 - - [18/Jan/2013:14:59:02 +0100] "GET http://204.145.90.146/proxychecker/check.cgi?action=getinfo HTTP/1.1" 404 328 "http://www.google.com/search?hl=ru&q=free+proxy+checker&sourceid=navclient-ff&ie=UTF-8" "Mozilla/4.0 (compatible; MSIE 6.0; Windows NT 5.1; SV1)"
92.240.68.152 - - [18/Jan/2013:16:19:37 +0100] "GET http://cf2.imgobject.com/t/p/w185/ewMQFdAByOfQsgHIB5mEBVyOxxL.jpg HTTP/1.1" 404 349 "-" "webcollage/1.135a"
141.8.147.1 - - [18/Jan/2013:16:36:03 +0100] "GET /robots.txt HTTP/1.1" 404 320 "-" "Mozilla/5.0 (compatible; YandexBot/3.0; +http://yandex.com/bots)"
65.55.213.73 - - [18/Jan/2013:17:12:01 +0100] "GET /robots.txt HTTP/1.1" 404 320 "-" "msnbot/2.0b (+http://search.msn.com/msnbot.htm)"
65.55.213.73 - - [18/Jan/2013:17:12:01 +0100] "GET / HTTP/1.1" 200 1229 "-" "msnbot/2.0b (+http://search.msn.com/msnbot.htm)"
204.145.90.146 - - [18/Jan/2013:19:06:38 +0100] "GET http://204.145.90.146/proxychecker/check.cgi?action=getinfo HTTP/1.1" 404 328 "http://www.google.com/search?hl=ru&q=free+proxy+checker&sourceid=navclient-ff&ie=UTF-8" "Mozilla/4.0 (compatible; MSIE 6.0; Windows NT 5.1; SV1)"
141.8.147.1 - - [18/Jan/2013:19:06:43 +0100] "GET / HTTP/1.1" 200 1229 "-" "Mozilla/5.0 (compatible; YandexBot/3.0; +http://yandex.com/bots)"
90.142.152.172 - - [18/Jan/2013:20:51:52 +0100] "GET / HTTP/1.1" 200 1229 "http://www.maxxmagie.de" "Mozilla/5.0 (Windows; U; Windows NT 6.1; rv:11.0) Gecko/20100101 Firefox/11.0"
176.58.119.152 - - [18/Jan/2013:22:49:56 +0100] "GET / HTTP/1.1" 200 1229 "-" "Mozilla/5.0 (compatible; MSIE 8.0; Windows NT 5.1; SLCC1; .NET CLR 1.1.4322)"
204.145.90.146 - - [18/Jan/2013:23:13:07 +0100] "GET http://204.145.90.146/proxychecker/check.cgi?action=getinfo HTTP/1.1" 404 328 "http://www.google.com/search?hl=ru&q=free+proxy+checker&sourceid=navclient-ff&ie=UTF-8" "Mozilla/4.0 (compatible; MSIE 6.0; Windows NT 5.1; SV1)"
176.9.148.194 - - [18/Jan/2013:23:30:17 +0100] "GET /robots.txt HTTP/1.1" 404 327 "-" "Mozilla/5.0 (compatible; SISTRIX Crawler; http://crawler.sistrix.net/)"
176.9.148.194 - - [18/Jan/2013:23:30:17 +0100] "GET / HTTP/1.1" 200 1229 "-" "Mozilla/5.0 (compatible; SISTRIX Crawler; http://crawler.sistrix.net/)"
217.69.133.67 - - [18/Jan/2013:23:38:15 +0100] "GET /robots.txt HTTP/1.0" 404 320 "-" "Mozilla/5.0 (compatible; Mail.RU_Bot/2.0; +http://go.mail.ru/help/robots)"
92.240.68.153 - - [18/Jan/2013:23:39:07 +0100] "GET http://savoringsarah.files.wordpress.com/2010/12/n498.jpg HTTP/1.1" 404 341 "-" "webcollage/1.135a"
157.55.32.107 - - [19/Jan/2013:00:55:15 +0100] "GET /robots.txt HTTP/1.1" 404 320 "-" "Mozilla/5.0 (compatible; bingbot/2.0; +http://www.bing.com/bingbot.htm)"
65.55.215.244 - - [19/Jan/2013:00:56:59 +0100] "GET / HTTP/1.1" 200 1229 "-" "Mozilla/4.0 (compatible; MSIE 7.0; Windows NT 5.1; SLCC1; .NET CLR 1.1.4325; .NET CLR 2.0.40607; .NET CLR 3.0.04506.648)"
157.55.32.107 - - [19/Jan/2013:00:57:57 +0100] "GET / HTTP/1.1" 200 1229 "-" "Mozilla/5.0 (compatible; bingbot/2.0; +http://www.bing.com/bingbot.htm)"
54.243.1.44 - - [19/Jan/2013:02:43:34 +0100] "GET / HTTP/1.0" 200 1229 "http://www.eatree.com" "Mozilla/5.0 (compatible; MSIE 9.0; Windows NT 6.1; Trident/5.0)"
204.145.90.146 - - [19/Jan/2013:03:19:49 +0100] "GET http://204.145.90.146/proxychecker/check.cgi?action=getinfo HTTP/1.1" 404 328 "http://www.google.com/search?hl=ru&q=free+proxy+checker&sourceid=navclient-ff&ie=UTF-8" "Mozilla/4.0 (compatible; MSIE 6.0; Windows NT 5.1; SV1)"
178.77.126.55 - - [19/Jan/2013:03:56:32 +0100] "GET /robots.txt HTTP/1.1" 404 320 "-" "Mozilla/5.0 (compatible; CareerBot/1.1; +http://www.career-x.de/bot.html)"
178.77.126.55 - - [19/Jan/2013:03:56:32 +0100] "GET / HTTP/1.1" 200 1229 "-" "Mozilla/5.0 (compatible; CareerBot/1.1; +http://www.career-x.de/bot.html)"
157.55.33.40 - - [19/Jan/2013:05:48:54 +0100] "GET /robots.txt HTTP/1.1" 404 320 "-" "Mozilla/5.0 (compatible; bingbot/2.0; +http://www.bing.com/bingbot.htm)"
157.55.33.40 - - [19/Jan/2013:05:50:54 +0100] "GET /seiten/produkte_hzoel.php HTTP/1.1" 404 335 "-" "Mozilla/5.0 (compatible; bingbot/2.0; +http://www.bing.com/bingbot.htm)"
204.145.90.146 - - [19/Jan/2013:07:26:32 +0100] "GET http://204.145.90.146/proxychecker/check.cgi?action=getinfo HTTP/1.1" 404 328 "http://www.google.com/search?hl=ru&q=free+proxy+checker&sourceid=navclient-ff&ie=UTF-8" "Mozilla/4.0 (compatible; MSIE 6.0; Windows NT 5.1; SV1)"
141.8.147.1 - - [19/Jan/2013:08:17:41 +0100] "GET /robots.txt HTTP/1.1" 404 333 "-" "Mozilla/5.0 (compatible; YandexBot/3.0; +http://yandex.com/bots)"
157.55.33.125 - - [19/Jan/2013:08:57:15 +0100] "GET /robots.txt HTTP/1.1" 404 328 "-" "Mozilla/5.0 (compatible; bingbot/2.0; +http://www.bing.com/bingbot.htm)"
157.55.33.125 - - [19/Jan/2013:08:58:59 +0100] "GET / HTTP/1.1" 200 1229 "-" "Mozilla/5.0 (compatible; bingbot/2.0; +http://www.bing.com/bingbot.htm)"
54.243.1.44 - - [19/Jan/2013:09:02:44 +0100] "GET / HTTP/1.0" 200 1229 "http://www.eatree.com" "-"
66.249.78.40 - - [19/Jan/2013:09:09:31 +0100] "GET /robots.txt HTTP/1.1" 404 320 "-" "Mozilla/5.0 (compatible; Googlebot/2.1; +http://www.google.com/bot.html)"
66.249.75.40 - - [19/Jan/2013:09:09:32 +0100] "GET /seiten/optiplus_detail.php?det=guete HTTP/1.1" 404 336 "-" "Mozilla/5.0 (compatible; Googlebot/2.1; +http://www.google.com/bot.html)"
66.249.75.40 - - [19/Jan/2013:09:49:34 +0100] "GET / HTTP/1.1" 200 1229 "-" "Mozilla/5.0 (compatible; Googlebot/2.1; +http://www.google.com/bot.html)"
204.145.90.146 - - [19/Jan/2013:11:34:04 +0100] "GET http://204.145.90.146/proxychecker/check.cgi?action=getinfo HTTP/1.1" 404 328 "http://www.google.com/search?hl=ru&q=free+proxy+checker&sourceid=navclient-ff&ie=UTF-8" "Mozilla/4.0 (compatible; MSIE 6.0; Windows NT 5.1; SV1)"
141.8.147.1 - - [19/Jan/2013:11:39:52 +0100] "GET /robots.txt HTTP/1.1" 404 320 "-" "Mozilla/5.0 (compatible; YandexBot/3.0; +http://yandex.com/bots)"
