220.226.103.254 - - [19/Sep/2011:14:23:10 +0200] "GET /w00tw00t.at.blackhats.romanian.anti-sec:) HTTP/1.1" 404 346 "-" "ZmEu"
220.226.103.254 - - [19/Sep/2011:14:23:11 +0200] "GET /w00tw00t.at.blackhats.romanian.anti-sec:) HTTP/1.1" 404 346 "-" "ZmEu"
220.226.103.254 - - [19/Sep/2011:14:23:11 +0200] "GET /w00tw00t.at.blackhats.romanian.anti-sec:) HTTP/1.1" 404 346 "-" "ZmEu"
220.226.103.254 - - [19/Sep/2011:14:23:11 +0200] "GET /phpMyAdmin/scripts/setup.php HTTP/1.1" 404 333 "-" "ZmEu"
220.226.103.254 - - [19/Sep/2011:14:23:11 +0200] "GET /w00tw00t.at.blackhats.romanian.anti-sec:) HTTP/1.1" 404 346 "-" "ZmEu"
220.226.103.254 - - [19/Sep/2011:14:23:12 +0200] "GET /phpmyadmin/scripts/setup.php HTTP/1.1" 404 333 "-" "ZmEu"
220.226.103.254 - - [19/Sep/2011:14:23:12 +0200] "GET /w00tw00t.at.blackhats.romanian.anti-sec:) HTTP/1.1" 404 346 "-" "ZmEu"
220.226.103.254 - - [19/Sep/2011:14:23:12 +0200] "GET /phpMyAdmin/scripts/setup.php HTTP/1.1" 404 333 "-" "ZmEu"
220.226.103.254 - - [19/Sep/2011:14:23:12 +0200] "GET /phpmyadmin/scripts/setup.php HTTP/1.1" 404 333 "-" "ZmEu"
220.226.103.254 - - [19/Sep/2011:14:23:12 +0200] "GET /phpmyadmin/scripts/setup.php HTTP/1.1" 404 333 "-" "ZmEu"
220.226.103.254 - - [19/Sep/2011:14:23:12 +0200] "GET /phpMyAdmin/scripts/setup.php HTTP/1.1" 404 333 "-" "ZmEu"
220.226.103.254 - - [19/Sep/2011:14:23:12 +0200] "GET /phpMyAdmin/scripts/setup.php HTTP/1.1" 404 333 "-" "ZmEu"
220.226.103.254 - - [19/Sep/2011:14:23:12 +0200] "GET /phpMyAdmin/scripts/setup.php HTTP/1.1" 404 333 "-" "ZmEu"
220.226.103.254 - - [19/Sep/2011:14:23:12 +0200] "GET /w00tw00t.at.blackhats.romanian.anti-sec:) HTTP/1.1" 404 346 "-" "ZmEu"
220.226.103.254 - - [19/Sep/2011:14:23:12 +0200] "GET /w00tw00t.at.blackhats.romanian.anti-sec:) HTTP/1.1" 404 346 "-" "ZmEu"
220.226.103.254 - - [19/Sep/2011:14:23:12 +0200] "GET /w00tw00t.at.blackhats.romanian.anti-sec:) HTTP/1.1" 404 346 "-" "ZmEu"
220.226.103.254 - - [19/Sep/2011:14:23:12 +0200] "GET /phpmyadmin/scripts/setup.php HTTP/1.1" 404 333 "-" "ZmEu"
220.226.103.254 - - [19/Sep/2011:14:23:12 +0200] "GET /phpMyAdmin/scripts/setup.php HTTP/1.1" 404 333 "-" "ZmEu"
220.226.103.254 - - [19/Sep/2011:14:23:13 +0200] "GET /pma/scripts/setup.php HTTP/1.1" 404 326 "-" "ZmEu"
220.226.103.254 - - [19/Sep/2011:14:23:13 +0200] "GET /phpmyadmin/scripts/setup.php HTTP/1.1" 404 333 "-" "ZmEu"
220.226.103.254 - - [19/Sep/2011:14:23:13 +0200] "GET /phpMyAdmin/scripts/setup.php HTTP/1.1" 404 333 "-" "ZmEu"
220.226.103.254 - - [19/Sep/2011:14:23:13 +0200] "GET /pma/scripts/setup.php HTTP/1.1" 404 326 "-" "ZmEu"
220.226.103.254 - - [19/Sep/2011:14:23:13 +0200] "GET /pma/scripts/setup.php HTTP/1.1" 404 326 "-" "ZmEu"
220.226.103.254 - - [19/Sep/2011:14:23:13 +0200] "GET /phpmyadmin/scripts/setup.php HTTP/1.1" 404 333 "-" "ZmEu"
220.226.103.254 - - [19/Sep/2011:14:23:13 +0200] "GET /phpMyAdmin/scripts/setup.php HTTP/1.1" 404 333 "-" "ZmEu"
220.226.103.254 - - [19/Sep/2011:14:23:13 +0200] "GET /phpmyadmin/scripts/setup.php HTTP/1.1" 404 333 "-" "ZmEu"
220.226.103.254 - - [19/Sep/2011:14:23:13 +0200] "GET /phpmyadmin/scripts/setup.php HTTP/1.1" 404 333 "-" "ZmEu"
220.226.103.254 - - [19/Sep/2011:14:23:13 +0200] "GET /phpMyAdmin/scripts/setup.php HTTP/1.1" 404 333 "-" "ZmEu"
220.226.103.254 - - [19/Sep/2011:14:23:13 +0200] "GET /pma/scripts/setup.php HTTP/1.1" 404 326 "-" "ZmEu"
220.226.103.254 - - [19/Sep/2011:14:23:13 +0200] "GET /phpMyAdmin/scripts/setup.php HTTP/1.1" 404 333 "-" "ZmEu"
220.226.103.254 - - [19/Sep/2011:14:23:14 +0200] "GET /phpmyadmin/scripts/setup.php HTTP/1.1" 404 333 "-" "ZmEu"
220.226.103.254 - - [19/Sep/2011:14:23:14 +0200] "GET /pma/scripts/setup.php HTTP/1.1" 404 326 "-" "ZmEu"
220.226.103.254 - - [19/Sep/2011:14:23:14 +0200] "GET /myadmin/scripts/setup.php HTTP/1.1" 404 330 "-" "ZmEu"
220.226.103.254 - - [19/Sep/2011:14:23:14 +0200] "GET /phpmyadmin/scripts/setup.php HTTP/1.1" 404 333 "-" "ZmEu"
220.226.103.254 - - [19/Sep/2011:14:23:14 +0200] "GET /phpmyadmin/scripts/setup.php HTTP/1.1" 404 333 "-" "ZmEu"
220.226.103.254 - - [19/Sep/2011:14:23:14 +0200] "GET /phpmyadmin/scripts/setup.php HTTP/1.1" 404 333 "-" "ZmEu"
220.226.103.254 - - [19/Sep/2011:14:23:14 +0200] "GET /pma/scripts/setup.php HTTP/1.1" 404 326 "-" "ZmEu"
220.226.103.254 - - [19/Sep/2011:14:23:14 +0200] "GET /pma/scripts/setup.php HTTP/1.1" 404 326 "-" "ZmEu"
220.226.103.254 - - [19/Sep/2011:14:23:14 +0200] "GET /phpmyadmin/scripts/setup.php HTTP/1.1" 404 333 "-" "ZmEu"
220.226.103.254 - - [19/Sep/2011:14:23:14 +0200] "GET /myadmin/scripts/setup.php HTTP/1.1" 404 330 "-" "ZmEu"
220.226.103.254 - - [19/Sep/2011:14:23:14 +0200] "GET /myadmin/scripts/setup.php HTTP/1.1" 404 330 "-" "ZmEu"
220.226.103.254 - - [19/Sep/2011:14:23:14 +0200] "GET /pma/scripts/setup.php HTTP/1.1" 404 326 "-" "ZmEu"
220.226.103.254 - - [19/Sep/2011:14:23:14 +0200] "GET /myadmin/scripts/setup.php HTTP/1.1" 404 330 "-" "ZmEu"
220.226.103.254 - - [19/Sep/2011:14:23:15 +0200] "GET /pma/scripts/setup.php HTTP/1.1" 404 326 "-" "ZmEu"
220.226.103.254 - - [19/Sep/2011:14:23:15 +0200] "GET /myadmin/scripts/setup.php HTTP/1.1" 404 330 "-" "ZmEu"
220.226.103.254 - - [19/Sep/2011:14:23:15 +0200] "GET /MyAdmin/scripts/setup.php HTTP/1.1" 404 330 "-" "ZmEu"
220.226.103.254 - - [19/Sep/2011:14:23:15 +0200] "GET /pma/scripts/setup.php HTTP/1.1" 404 326 "-" "ZmEu"
220.226.103.254 - - [19/Sep/2011:14:23:15 +0200] "GET /pma/scripts/setup.php HTTP/1.1" 404 326 "-" "ZmEu"
220.226.103.254 - - [19/Sep/2011:14:23:15 +0200] "GET /myadmin/scripts/setup.php HTTP/1.1" 404 330 "-" "ZmEu"
220.226.103.254 - - [19/Sep/2011:14:23:15 +0200] "GET /pma/scripts/setup.php HTTP/1.1" 404 326 "-" "ZmEu"
220.226.103.254 - - [19/Sep/2011:14:23:15 +0200] "GET /pma/scripts/setup.php HTTP/1.1" 404 326 "-" "ZmEu"
220.226.103.254 - - [19/Sep/2011:14:23:15 +0200] "GET /myadmin/scripts/setup.php HTTP/1.1" 404 330 "-" "ZmEu"
220.226.103.254 - - [19/Sep/2011:14:23:15 +0200] "GET /MyAdmin/scripts/setup.php HTTP/1.1" 404 330 "-" "ZmEu"
220.226.103.254 - - [19/Sep/2011:14:23:15 +0200] "GET /myadmin/scripts/setup.php HTTP/1.1" 404 330 "-" "ZmEu"
220.226.103.254 - - [19/Sep/2011:14:23:15 +0200] "GET /MyAdmin/scripts/setup.php HTTP/1.1" 404 330 "-" "ZmEu"
220.226.103.254 - - [19/Sep/2011:14:23:15 +0200] "GET /MyAdmin/scripts/setup.php HTTP/1.1" 404 330 "-" "ZmEu"
220.226.103.254 - - [19/Sep/2011:14:23:15 +0200] "GET /MyAdmin/scripts/setup.php HTTP/1.1" 404 330 "-" "ZmEu"
220.226.103.254 - - [19/Sep/2011:14:23:15 +0200] "GET /myadmin/scripts/setup.php HTTP/1.1" 404 330 "-" "ZmEu"
220.226.103.254 - - [19/Sep/2011:14:23:15 +0200] "GET /myadmin/scripts/setup.php HTTP/1.1" 404 330 "-" "ZmEu"
220.226.103.254 - - [19/Sep/2011:14:23:15 +0200] "GET /myadmin/scripts/setup.php HTTP/1.1" 404 330 "-" "ZmEu"
220.226.103.254 - - [19/Sep/2011:14:23:15 +0200] "GET /MyAdmin/scripts/setup.php HTTP/1.1" 404 330 "-" "ZmEu"
220.226.103.254 - - [19/Sep/2011:14:23:16 +0200] "GET /myadmin/scripts/setup.php HTTP/1.1" 404 330 "-" "ZmEu"
220.226.103.254 - - [19/Sep/2011:14:23:16 +0200] "GET /myadmin/scripts/setup.php HTTP/1.1" 404 330 "-" "ZmEu"
220.226.103.254 - - [19/Sep/2011:14:23:16 +0200] "GET /MyAdmin/scripts/setup.php HTTP/1.1" 404 330 "-" "ZmEu"
220.226.103.254 - - [19/Sep/2011:14:23:16 +0200] "GET /MyAdmin/scripts/setup.php HTTP/1.1" 404 330 "-" "ZmEu"
220.226.103.254 - - [19/Sep/2011:14:23:16 +0200] "GET /MyAdmin/scripts/setup.php HTTP/1.1" 404 330 "-" "ZmEu"
220.226.103.254 - - [19/Sep/2011:14:23:16 +0200] "GET /MyAdmin/scripts/setup.php HTTP/1.1" 404 330 "-" "ZmEu"
220.226.103.254 - - [19/Sep/2011:14:23:16 +0200] "GET /MyAdmin/scripts/setup.php HTTP/1.1" 404 330 "-" "ZmEu"
220.226.103.254 - - [19/Sep/2011:14:23:16 +0200] "GET /MyAdmin/scripts/setup.php HTTP/1.1" 404 330 "-" "ZmEu"
220.226.103.254 - - [19/Sep/2011:14:23:16 +0200] "GET /MyAdmin/scripts/setup.php HTTP/1.1" 404 330 "-" "ZmEu"
65.52.104.27 - - [19/Sep/2011:15:32:21 +0200] "GET /robots.txt HTTP/1.1" 404 319 "-" "Mozilla/5.0 (compatible; bingbot/2.0; +http://www.bing.com/bingbot.htm)"
65.52.104.27 - - [19/Sep/2011:15:33:06 +0200] "GET / HTTP/1.1" 304 - "-" "Mozilla/5.0 (compatible; bingbot/2.0; +http://www.bing.com/bingbot.htm)"
123.125.71.24 - - [19/Sep/2011:16:23:14 +0200] "GET / HTTP/1.1" 200 1229 "-" "Mozilla/5.0 (compatible; Baiduspider/2.0; +http://www.baidu.com/search/spider.html)"
220.181.108.82 - - [19/Sep/2011:16:23:22 +0200] "GET / HTTP/1.1" 200 1229 "-" "Mozilla/5.0 (compatible; Baiduspider/2.0; +http://www.baidu.com/search/spider.html)"
83.133.125.202 - - [19/Sep/2011:16:58:47 +0200] "GET / HTTP/1.1" 200 1229 "http://www.bigfinder.de/" "Mozilla/4.0 (compatible; MSIE 8.0; Windows NT 6.0; Trident/4.0; GTB0.0; SLCC1; .NET CLR 2.0.50727; Media Center PC 5.0; .NET CLR 3.5.30729; .NET CLR 3.0.30729; .NET4.0C)"
64.246.165.10 - - [19/Sep/2011:17:12:26 +0200] "GET /robots.txt HTTP/1.0" 404 322 "-" "Mozilla/5.0 (Windows; U; Windows NT 5.1; en; rv:1.9.0.13) Gecko/2009073022 Firefox/3.5.2 (.NET CLR 3.5.30729) SurveyBot/2.3 (DomainTools)"
64.246.165.10 - - [19/Sep/2011:17:12:26 +0200] "GET / HTTP/1.1" 200 1229 "http://whois.domaintools.com/boedenundmehr.de" "Mozilla/5.0 (Windows; U; Windows NT 5.1; en; rv:1.9.0.13) Gecko/2009073022 Firefox/3.5.2 (.NET CLR 3.5.30729) SurveyBot/2.3 (DomainTools)"
220.181.108.91 - - [19/Sep/2011:17:23:04 +0200] "GET / HTTP/1.1" 200 1229 "-" "Mozilla/5.0 (compatible; Baiduspider/2.0; +http://www.baidu.com/search/spider.html)"
123.125.71.14 - - [19/Sep/2011:17:23:04 +0200] "GET / HTTP/1.1" 200 1229 "-" "Mozilla/5.0 (compatible; Baiduspider/2.0; +http://www.baidu.com/search/spider.html)"
83.133.125.202 - - [19/Sep/2011:18:23:55 +0200] "GET / HTTP/1.1" 200 1229 "http://www.bigfinder.de/" "Mozilla/5.0 (Windows; U; Windows NT 6.0; en-US) AppleWebKit/533.4 (KHTML, like Gecko) Chrome/5.0.375.126 Safari/533.4"
83.133.125.202 - - [19/Sep/2011:19:44:09 +0200] "GET / HTTP/1.1" 200 1229 "http://www.bigfinder.de/" "T-Online Browser (Windows NT 6.1; de)"
157.55.17.145 - - [19/Sep/2011:20:06:06 +0200] "GET /robots.txt HTTP/1.1" 404 322 "-" "Mozilla/5.0 (compatible; bingbot/2.0; +http://www.bing.com/bingbot.htm)"
157.55.17.145 - - [19/Sep/2011:20:06:41 +0200] "GET / HTTP/1.1" 304 - "-" "Mozilla/5.0 (compatible; bingbot/2.0; +http://www.bing.com/bingbot.htm)"
109.86.192.200 - - [19/Sep/2011:21:00:38 +0200] "GET /robots.txt HTTP/1.0" 404 319 "-" "Mozilla/5.0 (compatible; MJ12bot/v1.4.0; http://www.majestic12.co.uk/bot.php?+)"
109.86.192.200 - - [19/Sep/2011:21:00:40 +0200] "GET /seiten/default.html HTTP/1.0" 404 328 "-" "Mozilla/5.0 (compatible; MJ12bot/v1.4.0; http://www.majestic12.co.uk/bot.php?+)"
83.133.125.202 - - [19/Sep/2011:22:18:09 +0200] "GET / HTTP/1.1" 200 1229 "http://www.bigfinder.de/" "T-Online Browser (Windows NT 6.1; de)"
66.249.72.68 - - [20/Sep/2011:00:19:46 +0200] "GET /robots.txt HTTP/1.1" 404 337 "-" "Mozilla/5.0 (compatible; Googlebot/2.1; +http://www.google.com/bot.html)"
66.249.72.68 - - [20/Sep/2011:00:19:46 +0200] "GET / HTTP/1.1" 304 - "-" "Mozilla/5.0 (compatible; Googlebot/2.1; +http://www.google.com/bot.html)"
123.125.71.69 - - [20/Sep/2011:00:21:00 +0200] "GET / HTTP/1.1" 200 1229 "-" "Mozilla/5.0 (compatible; Baiduspider/2.0; +http://www.baidu.com/search/spider.html)"
92.240.68.153 - - [20/Sep/2011:01:11:12 +0200] "GET http://www.dl-digital.com/images/z_oldimages/2002-10-d30-bug-fr2ed.jpg HTTP/1.1" 404 354 "-" "webcollage/1.135a"
217.170.69.22 - - [20/Sep/2011:02:56:28 +0200] "GET /test.w00t:) HTTP/1.1" 400 329 "-" "-"
217.170.69.22 - - [20/Sep/2011:02:56:28 +0200] "GET /test.w00t:) HTTP/1.1" 400 329 "-" "-"
217.170.69.22 - - [20/Sep/2011:02:56:28 +0200] "GET /test.w00t:) HTTP/1.1" 400 329 "-" "-"
217.170.69.22 - - [20/Sep/2011:02:56:28 +0200] "GET /test.w00t:) HTTP/1.1" 400 329 "-" "-"
217.170.69.22 - - [20/Sep/2011:02:56:28 +0200] "GET /test.w00t:) HTTP/1.1" 400 329 "-" "-"
217.170.69.22 - - [20/Sep/2011:02:56:28 +0200] "GET /test.w00t:) HTTP/1.1" 400 329 "-" "-"
217.170.69.22 - - [20/Sep/2011:02:56:28 +0200] "GET /test.w00t:) HTTP/1.1" 400 329 "-" "-"
217.170.69.22 - - [20/Sep/2011:02:56:28 +0200] "GET /test.w00t:) HTTP/1.1" 400 329 "-" "-"
217.170.69.22 - - [20/Sep/2011:02:56:28 +0200] "GET /test.w00t:) HTTP/1.1" 400 329 "-" "-"
217.170.69.22 - - [20/Sep/2011:02:56:28 +0200] "GET /test.w00t:) HTTP/1.1" 400 329 "-" "-"
217.170.69.22 - - [20/Sep/2011:02:56:28 +0200] "GET /test.w00t:) HTTP/1.1" 400 329 "-" "-"
217.170.69.22 - - [20/Sep/2011:02:56:28 +0200] "GET /test.w00t:) HTTP/1.1" 400 329 "-" "-"
217.170.69.22 - - [20/Sep/2011:02:56:28 +0200] "GET /test.w00t:) HTTP/1.1" 400 329 "-" "-"
217.170.69.22 - - [20/Sep/2011:02:56:28 +0200] "GET /test.w00t:) HTTP/1.1" 400 329 "-" "-"
217.170.69.22 - - [20/Sep/2011:02:56:28 +0200] "GET /test.w00t:) HTTP/1.1" 400 329 "-" "-"
217.170.69.22 - - [20/Sep/2011:02:56:28 +0200] "GET /test.w00t:) HTTP/1.1" 400 329 "-" "-"
217.170.69.22 - - [20/Sep/2011:02:56:28 +0200] "GET /test.w00t:) HTTP/1.1" 400 329 "-" "-"
217.170.69.22 - - [20/Sep/2011:02:56:28 +0200] "GET /test.w00t:) HTTP/1.1" 400 329 "-" "-"
85.118.226.155 - - [20/Sep/2011:09:57:12 +0200] "GET / HTTP/1.1" 200 1229 "-" "Opera/9.951 (Windows NT 6.0; U; nl) Presto/621.11.261 Version/141.801"
88.74.234.208 - - [20/Sep/2011:10:22:57 +0200] "GET / HTTP/1.0" 200 1229 "http://www.klicktel.de/homepage/index/search?method=searchSimple&location_id=&trade_id=&_dvform_posted=1&term=gauff&zipCity=10119&radial=Umkreis" "Mozilla/4.0 (compatible; MSIE 8.0; Windows NT 5.1; Trident/4.0; .NET CLR 2.0.50727; .NET CLR 3.0.4506.2152; .NET CLR 3.5.30729; .NET4.0C; .NET4.0E; AskTbNRO2/5.12.2.16749)"
88.74.234.208 - - [20/Sep/2011:10:22:57 +0200] "GET /favicon.ico HTTP/1.0" 404 320 "-" "Mozilla/4.0 (compatible; MSIE 8.0; Windows NT 5.1; Trident/4.0; .NET CLR 2.0.50727; .NET CLR 3.0.4506.2152; .NET CLR 3.5.30729; .NET4.0C; .NET4.0E; AskTbNRO2/5.12.2.16749)"
88.74.234.208 - - [20/Sep/2011:10:23:13 +0200] "GET / HTTP/1.0" 304 - "-" "Mozilla/4.0 (compatible; MSIE 8.0; Windows NT 5.1; Trident/4.0; .NET CLR 2.0.50727; .NET CLR 3.0.4506.2152; .NET CLR 3.5.30729; .NET4.0C; .NET4.0E; AskTbNRO2/5.12.2.16749)"
88.74.234.208 - - [20/Sep/2011:10:24:03 +0200] "GET / HTTP/1.0" 304 - "-" "Mozilla/4.0 (compatible; MSIE 8.0; Windows NT 5.1; Trident/4.0; .NET CLR 2.0.50727; .NET CLR 3.0.4506.2152; .NET CLR 3.5.30729; .NET4.0C; .NET4.0E; AskTbNRO2/5.12.2.16749)"
92.240.68.152 - - [20/Sep/2011:10:50:00 +0200] "GET http://img.dailymail.co.uk/i/pix/2007/01/lionAP070107_468x602.jpg HTTP/1.1" 404 349 "http://random.yahoo.com/fast/ryl" "webcollage/1.135a"
213.186.122.3 - - [20/Sep/2011:10:53:05 +0200] "GET /robots.txt HTTP/1.1" 404 319 "-" "Mozilla/5.0 (compatible; AhrefsBot/1.0; +http://ahrefs.com/robot/)"
213.186.122.3 - - [20/Sep/2011:10:53:06 +0200] "GET / HTTP/1.1" 200 1229 "-" "Mozilla/5.0 (compatible; AhrefsBot/1.0; +http://ahrefs.com/robot/)"
84.19.215.196 - - [20/Sep/2011:12:14:20 +0200] "GET / HTTP/1.1" 200 1229 "-" "Mozilla/4.0 (compatible; MSIE 8.0; Windows NT 6.1; WOW64; Trident/4.0; SLCC2; .NET CLR 2.0.50727; .NET CLR 3.5.30729; .NET CLR 3.0.30729; Media Center PC 6.0; InfoPath.3)"
84.19.215.196 - - [20/Sep/2011:12:14:20 +0200] "GET /favicon.ico HTTP/1.1" 404 320 "-" "Mozilla/4.0 (compatible; MSIE 8.0; Windows NT 6.1; WOW64; Trident/4.0; SLCC2; .NET CLR 2.0.50727; .NET CLR 3.5.30729; .NET CLR 3.0.30729; Media Center PC 6.0; InfoPath.3)"
84.19.215.196 - - [20/Sep/2011:12:14:22 +0200] "GET /crossdomain.xml HTTP/1.1" 404 324 "-" "Mozilla/4.0 (compatible; MSIE 8.0; Windows NT 6.1; WOW64; Trident/4.0; SLCC2; .NET CLR 2.0.50727; .NET CLR 3.5.30729; .NET CLR 3.0.30729; Media Center PC 6.0; InfoPath.3)"
31.44.184.50 - - [20/Sep/2011:12:28:30 +0200] "GET http://allrequestsallowed.com/?PHPSESSID=5gh6ncjh00043SSQH_W_EFB%5C%5CG HTTP/1.1" 200 1229 "-" "Mozilla/5.0 (Windows; U; Windows NT 5.0; en-US; rv:1.8.1.12) Gecko/20080201 Firefox/2.0.0.12"
123.125.71.21 - - [20/Sep/2011:13:22:05 +0200] "GET / HTTP/1.1" 200 1229 "-" "Mozilla/5.0 (compatible; Baiduspider/2.0; +http://www.baidu.com/search/spider.html)"
220.181.108.85 - - [20/Sep/2011:13:22:12 +0200] "GET / HTTP/1.1" 200 1229 "-" "Mozilla/5.0 (compatible; Baiduspider/2.0; +http://www.baidu.com/search/spider.html)"
176.9.246.147 - - [20/Sep/2011:13:37:06 +0200] "GET / HTTP/1.1" 200 1229 "-" "Mozilla/5.0 (Windows; U; Windows NT 5.1; de; rv:1.9.1.6) Gecko/20091201 YFF35 Firefox/3.5.6 BLNGBAR"
176.9.246.147 - - [20/Sep/2011:13:37:07 +0200] "GET / HTTP/1.1" 200 1229 "-" "Mozilla/5.0 (Windows; U; Windows NT 5.1; de; rv:1.9.1.6) Gecko/20091201 YFF35 Firefox/3.5.6 BLNGBAR"
93.219.183.131 - - [20/Sep/2011:17:01:00 +0200] "GET / HTTP/1.1" 200 1229 "-" "Mozilla/5.0 (Windows; U; Windows NT 6.0; de; rv:1.9.2.3) Gecko/20100401 Firefox/3.6.3 ( .NET CLR 3.5.30729)"
208.80.194.26 - - [20/Sep/2011:17:56:26 +0200] "GET / HTTP/1.0" 200 1229 "-" "Mozilla/4.0 (compatible; MSIE 6.0; Windows NT 5.1; SV1; Hotbar4.5.3.0; .NET CLR 1.0.3705; .NET CLR 1.1.4322; .NET CLR 2.0.50727)"
67.195.37.123 - - [20/Sep/2011:18:44:58 +0200] "GET /robots.txt HTTP/1.0" 404 319 "-" "Mozilla/5.0 (compatible; Yahoo! Slurp; http://help.yahoo.com/help/us/ysearch/slurp)"
67.195.37.123 - - [20/Sep/2011:18:44:58 +0200] "GET / HTTP/1.0" 200 1229 "-" "Mozilla/5.0 (compatible; Yahoo! Slurp; http://help.yahoo.com/help/us/ysearch/slurp)"
123.125.71.98 - - [20/Sep/2011:18:56:29 +0200] "GET / HTTP/1.1" 200 1229 "-" "Mozilla/5.0 (compatible; Baiduspider/2.0; +http://www.baidu.com/search/spider.html)"
92.240.68.153 - - [20/Sep/2011:19:12:33 +0200] "GET http://images4.byinter.net/PL3303390.gif HTTP/1.1" 404 324 "-" "webcollage/1.135a"
217.212.224.183 - - [20/Sep/2011:19:17:13 +0200] "GET /robots.txt HTTP/1.0" 404 319 "-" "psbot/0.1 (+http://www.picsearch.com/bot.html)"
217.212.224.181 - - [20/Sep/2011:19:17:13 +0200] "GET / HTTP/1.0" 304 - "-" "psbot/0.1 (+http://www.picsearch.com/bot.html)"
180.76.5.62 - - [20/Sep/2011:20:52:35 +0200] "GET /robots.txt HTTP/1.1" 404 319 "-" "Baiduspider+(+http://www.baidu.com/search/spider.htm)"
124.115.6.16 - - [20/Sep/2011:21:47:43 +0200] "GET /robots.txt HTTP/1.1" 404 319 "-" "Sosospider+(+http://help.soso.com/webspider.htm)"
85.13.139.231 - - [20/Sep/2011:22:01:01 +0200] "HEAD / HTTP/1.1" 200 - "-" "-"
220.181.108.141 - - [20/Sep/2011:23:17:23 +0200] "GET /robots.txt HTTP/1.1" 404 319 "-" "Baiduspider+(+http://www.baidu.com/search/spider.htm)"
65.52.104.27 - - [20/Sep/2011:23:36:52 +0200] "GET /robots.txt HTTP/1.1" 404 319 "-" "Mozilla/5.0 (compatible; bingbot/2.0; +http://www.bing.com/bingbot.htm)"
65.52.104.27 - - [20/Sep/2011:23:37:41 +0200] "GET / HTTP/1.1" 304 - "-" "Mozilla/5.0 (compatible; bingbot/2.0; +http://www.bing.com/bingbot.htm)"
95.108.128.242 - - [21/Sep/2011:00:20:13 +0200] "GET /robots.txt HTTP/1.1" 404 319 "-" "Mozilla/5.0 (compatible; YandexBot/3.0; +http://yandex.com/bots)"
123.125.71.23 - - [21/Sep/2011:01:20:18 +0200] "GET / HTTP/1.1" 200 1229 "-" "Mozilla/5.0 (compatible; Baiduspider/2.0; +http://www.baidu.com/search/spider.html)"
220.181.108.78 - - [21/Sep/2011:01:20:23 +0200] "GET / HTTP/1.1" 200 1229 "-" "Mozilla/5.0 (compatible; Baiduspider/2.0; +http://www.baidu.com/search/spider.html)"
220.181.51.123 - - [21/Sep/2011:05:56:13 +0200] "GET / HTTP/1.1" 200 1229 "-" "Mozilla/5.0 (compatible; Baiduspider/2.0; +http://www.baidu.com/search/spider.html)"
220.181.108.147 - - [21/Sep/2011:09:00:14 +0200] "GET /robots.txt HTTP/1.1" 404 319 "-" "Baiduspider+(+http://www.baidu.com/search/spider.htm)"
123.125.71.21 - - [21/Sep/2011:09:20:33 +0200] "GET / HTTP/1.1" 200 1229 "-" "Mozilla/5.0 (compatible; Baiduspider/2.0; +http://www.baidu.com/search/spider.html)"
220.181.108.89 - - [21/Sep/2011:09:20:38 +0200] "GET / HTTP/1.1" 200 1229 "-" "Mozilla/5.0 (compatible; Baiduspider/2.0; +http://www.baidu.com/search/spider.html)"
95.108.128.242 - - [21/Sep/2011:10:32:45 +0200] "GET /robots.txt HTTP/1.1" 404 328 "-" "Mozilla/5.0 (compatible; YandexBot/3.0; +http://yandex.com/bots)"
31.44.184.50 - - [21/Sep/2011:11:27:40 +0200] "GET http://allrequestsallowed.com/?PHPSESSID=5gh6ncjh00043SSQH_W_EFB%5C%5C%40 HTTP/1.1" 200 1229 "-" "Mozilla/5.0 (Windows; U; Windows NT 5.0; en-US; rv:1.8.1.12) Gecko/20080201 Firefox/2.0.0.12"
78.130.194.74 - - [21/Sep/2011:11:35:37 +0200] "GET / HTTP/1.1" 200 1229 "http://www.bayern-international.de/nc/en/business-in-bavaria/key-technologies-in-bavaria/company-details/key-tech/h-p-gauff-ingenieure-gmbh-co-kg.html?tx_hbkeytech_pi2%5BkeyTechID%5D=1406" "Mozilla/5.0 (Windows NT 5.1) AppleWebKit/535.1 (KHTML, like Gecko) Chrome/14.0.835.186 Safari/535.1"
78.130.194.74 - - [21/Sep/2011:11:35:37 +0200] "GET /favicon.ico HTTP/1.1" 404 320 "-" "Mozilla/5.0 (Windows NT 5.1) AppleWebKit/535.1 (KHTML, like Gecko) Chrome/14.0.835.186 Safari/535.1"
78.130.194.74 - - [21/Sep/2011:11:36:12 +0200] "GET / HTTP/1.1" 200 1229 "-" "Mozilla/4.0 (compatible; MSIE 8.0; Windows NT 5.1; Trident/4.0; GTB7.1; .NET CLR 2.0.50727; InfoPath.1; .NET CLR 3.0.4506.2152; .NET CLR 3.5.30729)"
78.130.194.74 - - [21/Sep/2011:11:36:12 +0200] "GET /favicon.ico HTTP/1.1" 404 320 "-" "Mozilla/4.0 (compatible; MSIE 8.0; Windows NT 5.1; Trident/4.0; GTB7.1; .NET CLR 2.0.50727; InfoPath.1; .NET CLR 3.0.4506.2152; .NET CLR 3.5.30729)"
176.9.4.245 - - [21/Sep/2011:12:17:03 +0200] "HEAD /robots.txt HTTP/1.1" 404 - "-" "Mozilla/5.0 (compatible; ExDomain; http://www.ex-domain.de/bot.html)"
176.9.4.245 - - [21/Sep/2011:12:17:03 +0200] "GET /robots.txt HTTP/1.1" 404 319 "-" "Mozilla/5.0 (compatible; ExDomain; http://www.ex-domain.de/bot.html)"
176.9.4.245 - - [21/Sep/2011:12:17:04 +0200] "HEAD / HTTP/1.1" 200 - "-" "Mozilla/5.0 (compatible; ExDomain; http://www.ex-domain.de/bot.html)"
176.9.4.245 - - [21/Sep/2011:12:17:04 +0200] "GET / HTTP/1.1" 200 1229 "-" "Mozilla/5.0 (compatible; ExDomain; http://www.ex-domain.de/bot.html)"
81.200.198.20 - - [21/Sep/2011:12:44:08 +0200] "GET /favicon.ico HTTP/1.1" 404 320 "-" "Mozilla/4.0 (compatible; MSIE 7.0; Windows NT 6.0; SLCC1; .NET CLR 2.0.50727; .NET CLR 3.0.30729; .NET CLR 1.1.4322; .NET CLR 3.5.30729; .NET4.0C; .NET4.0E)"
81.200.198.20 - - [21/Sep/2011:12:44:08 +0200] "GET / HTTP/1.1" 200 1229 "http://www.unternehmen-db.de/firma/323981" "Mozilla/4.0 (compatible; MSIE 7.0; Windows NT 6.0; SLCC1; .NET CLR 2.0.50727; .NET CLR 3.0.30729; .NET CLR 1.1.4322; .NET CLR 3.5.30729; .NET4.0C; .NET4.0E)"
123.125.71.16 - - [21/Sep/2011:13:20:22 +0200] "GET / HTTP/1.1" 200 1229 "-" "Mozilla/5.0 (compatible; Baiduspider/2.0; +http://www.baidu.com/search/spider.html)"
220.181.108.76 - - [21/Sep/2011:13:20:28 +0200] "GET / HTTP/1.1" 200 1229 "-" "Mozilla/5.0 (compatible; Baiduspider/2.0; +http://www.baidu.com/search/spider.html)"
58.64.139.173 - - [21/Sep/2011:14:57:01 +0200] "GET / HTTP/1.1" 200 1229 "-" "Python-urllib/2.6"
58.64.139.173 - - [21/Sep/2011:14:57:01 +0200] "GET / HTTP/1.1" 200 1229 "-" "Python-urllib/2.6"
58.64.139.173 - - [21/Sep/2011:14:57:01 +0200] "GET / HTTP/1.1" 200 1229 "-" "Python-urllib/2.6"
58.64.139.173 - - [21/Sep/2011:14:57:01 +0200] "GET / HTTP/1.1" 200 1229 "-" "Python-urllib/2.6"
58.64.139.173 - - [21/Sep/2011:14:57:02 +0200] "GET / HTTP/1.1" 200 1229 "-" "Python-urllib/2.6"
95.108.128.242 - - [21/Sep/2011:15:35:18 +0200] "GET /robots.txt HTTP/1.1" 404 327 "-" "Mozilla/5.0 (compatible; YandexBot/3.0; +http://yandex.com/bots)"
95.108.128.242 - - [21/Sep/2011:16:18:30 +0200] "GET / HTTP/1.1" 200 1229 "-" "Mozilla/5.0 (compatible; YandexBot/3.0; +http://yandex.com/bots)"
123.125.71.29 - - [21/Sep/2011:16:21:49 +0200] "GET / HTTP/1.1" 200 1229 "-" "Mozilla/5.0 (compatible; Baiduspider/2.0; +http://www.baidu.com/search/spider.html)"
220.181.108.89 - - [21/Sep/2011:16:21:57 +0200] "GET / HTTP/1.1" 200 1229 "-" "Mozilla/5.0 (compatible; Baiduspider/2.0; +http://www.baidu.com/search/spider.html)"
123.125.71.18 - - [21/Sep/2011:17:21:09 +0200] "GET / HTTP/1.1" 200 1229 "-" "Mozilla/5.0 (compatible; Baiduspider/2.0; +http://www.baidu.com/search/spider.html)"
220.181.108.80 - - [21/Sep/2011:17:21:16 +0200] "GET / HTTP/1.1" 200 1229 "-" "Mozilla/5.0 (compatible; Baiduspider/2.0; +http://www.baidu.com/search/spider.html)"
95.108.128.242 - - [21/Sep/2011:18:02:50 +0200] "GET / HTTP/1.1" 200 1229 "-" "Mozilla/5.0 (compatible; YandexBot/3.0; +http://yandex.com/bots)"
41.206.84.223 - - [21/Sep/2011:20:15:34 +0200] "GET / HTTP/1.1" 200 1229 "-" "Mozilla/4.0 (compatible; MSIE 5.0; Windows NT; DigExt; DTS Agent"
94.178.92.56 - - [21/Sep/2011:21:04:22 +0200] "GET http://www.google.com/ HTTP/1.0" 200 1229 "-" "Mozilla/4.0 (compatible; MSIE 6.0; Windows NT 5.1)"
94.178.92.56 - - [21/Sep/2011:21:04:22 +0200] "GET http://www.google.com/ HTTP/1.0" 200 1229 "-" "Mozilla/4.0 (compatible; MSIE 6.0; Windows NT 5.1)"
94.178.92.56 - - [21/Sep/2011:21:04:23 +0200] "GET http://www.google.com/ HTTP/1.0" 200 1229 "-" "Mozilla/4.0 (compatible; MSIE 6.0; Windows NT 5.1)"
94.178.92.56 - - [21/Sep/2011:21:04:23 +0200] "GET http://www.google.com/ HTTP/1.0" 200 1229 "-" "Mozilla/4.0 (compatible; MSIE 6.0; Windows NT 5.1)"
94.178.92.56 - - [21/Sep/2011:21:04:23 +0200] "GET http://www.google.com/ HTTP/1.0" 200 1229 "-" "Mozilla/4.0 (compatible; MSIE 6.0; Windows NT 5.1)"
94.178.92.56 - - [21/Sep/2011:21:04:24 +0200] "GET http://www.google.com/ HTTP/1.0" 200 1229 "-" "Mozilla/4.0 (compatible; MSIE 6.0; Windows NT 5.1)"
94.178.92.56 - - [21/Sep/2011:21:04:25 +0200] "GET http://www.google.com/ HTTP/1.0" 200 1229 "-" "Mozilla/4.0 (compatible; MSIE 6.0; Windows NT 5.1)"
94.178.92.56 - - [21/Sep/2011:21:04:26 +0200] "GET http://www.google.com/ HTTP/1.0" 200 1229 "-" "Mozilla/4.0 (compatible; MSIE 6.0; Windows NT 5.1)"
94.178.92.56 - - [21/Sep/2011:21:04:26 +0200] "GET http://www.google.com/ HTTP/1.0" 200 1229 "-" "Mozilla/4.0 (compatible; MSIE 6.0; Windows NT 5.1)"
94.178.92.56 - - [21/Sep/2011:21:04:26 +0200] "GET http://www.google.com/ HTTP/1.0" 200 1229 "-" "Mozilla/4.0 (compatible; MSIE 6.0; Windows NT 5.1)"
94.178.92.56 - - [21/Sep/2011:21:04:27 +0200] "GET http://www.google.com/ HTTP/1.0" 200 1229 "-" "Mozilla/4.0 (compatible; MSIE 6.0; Windows NT 5.1)"
94.178.92.56 - - [21/Sep/2011:21:04:29 +0200] "GET http://www.google.com/ HTTP/1.0" 200 1229 "-" "Mozilla/4.0 (compatible; MSIE 6.0; Windows NT 5.1)"
94.178.92.56 - - [21/Sep/2011:21:04:29 +0200] "GET http://www.google.com/ HTTP/1.0" 200 1229 "-" "Mozilla/4.0 (compatible; MSIE 6.0; Windows NT 5.1)"
94.178.92.56 - - [21/Sep/2011:21:04:30 +0200] "GET http://www.google.com/ HTTP/1.0" 200 1229 "-" "Mozilla/4.0 (compatible; MSIE 6.0; Windows NT 5.1)"
94.178.92.56 - - [21/Sep/2011:21:04:30 +0200] "GET http://www.google.com/ HTTP/1.0" 200 1229 "-" "Mozilla/4.0 (compatible; MSIE 6.0; Windows NT 5.1)"
94.178.92.56 - - [21/Sep/2011:21:04:31 +0200] "GET http://www.google.com/ HTTP/1.0" 200 1229 "-" "Mozilla/4.0 (compatible; MSIE 6.0; Windows NT 5.1)"
94.178.92.56 - - [21/Sep/2011:21:04:33 +0200] "GET http://www.google.com/ HTTP/1.0" 200 1229 "-" "Mozilla/4.0 (compatible; MSIE 6.0; Windows NT 5.1)"
94.178.92.56 - - [21/Sep/2011:21:04:35 +0200] "GET http://www.google.com/ HTTP/1.0" 200 1229 "-" "Mozilla/4.0 (compatible; MSIE 6.0; Windows NT 5.1)"
64.246.165.190 - - [21/Sep/2011:22:02:14 +0200] "GET /robots.txt HTTP/1.0" 404 319 "-" "Mozilla/5.0 (Windows; U; Windows NT 5.1; en; rv:1.9.0.13) Gecko/2009073022 Firefox/3.5.2 (.NET CLR 3.5.30729) SurveyBot/2.3 (DomainTools)"
64.246.165.190 - - [21/Sep/2011:22:02:14 +0200] "GET / HTTP/1.1" 200 1229 "http://whois.domaintools.com/gauff-rail.de" "Mozilla/5.0 (Windows; U; Windows NT 5.1; en; rv:1.9.0.13) Gecko/2009073022 Firefox/3.5.2 (.NET CLR 3.5.30729) SurveyBot/2.3 (DomainTools)"
78.51.166.228 - - [21/Sep/2011:22:18:13 +0200] "GET / HTTP/1.1" 200 1229 "http://www.windbergbahn.de/sponsoren.htm" "Mozilla/5.0 (compatible; MSIE 9.0; Windows NT 6.1; WOW64; Trident/5.0)"
78.51.166.228 - - [21/Sep/2011:22:18:13 +0200] "GET /favicon.ico HTTP/1.1" 404 320 "-" "Mozilla/5.0 (compatible; MSIE 9.0; Windows NT 6.1; WOW64; Trident/5.0)"
78.51.166.228 - - [21/Sep/2011:22:18:26 +0200] "GET /favicon.ico HTTP/1.1" 404 320 "-" "Mozilla/5.0 (compatible; MSIE 9.0; Windows NT 6.1; WOW64; Trident/5.0)"
66.249.71.171 - - [21/Sep/2011:23:37:21 +0200] "GET /robots.txt HTTP/1.1" 404 322 "-" "Mozilla/5.0 (compatible; Googlebot/2.1; +http://www.google.com/bot.html)"
66.249.71.171 - - [21/Sep/2011:23:37:21 +0200] "GET / HTTP/1.1" 200 1229 "-" "Mozilla/5.0 (compatible; Googlebot/2.1; +http://www.google.com/bot.html)"
123.125.71.29 - - [22/Sep/2011:00:20:34 +0200] "GET / HTTP/1.1" 200 1229 "-" "Mozilla/5.0 (compatible; Baiduspider/2.0; +http://www.baidu.com/search/spider.html)"
220.181.108.95 - - [22/Sep/2011:00:20:39 +0200] "GET / HTTP/1.1" 200 1229 "-" "Mozilla/5.0 (compatible; Baiduspider/2.0; +http://www.baidu.com/search/spider.html)"
220.181.108.161 - - [22/Sep/2011:01:07:26 +0200] "GET /robots.txt HTTP/1.1" 404 319 "-" "Baiduspider+(+http://www.baidu.com/search/spider.htm)"
123.125.71.23 - - [22/Sep/2011:01:20:02 +0200] "GET / HTTP/1.1" 200 1229 "-" "Mozilla/5.0 (compatible; Baiduspider/2.0; +http://www.baidu.com/search/spider.html)"
220.181.108.78 - - [22/Sep/2011:01:20:08 +0200] "GET / HTTP/1.1" 200 1229 "-" "Mozilla/5.0 (compatible; Baiduspider/2.0; +http://www.baidu.com/search/spider.html)"
193.252.118.173 - - [22/Sep/2011:01:24:10 +0200] "GET /robots.txt HTTP/1.1" 404 319 "-" "Mozilla/5.0 (Windows; U; Windows NT 5.1; fr; rv:1.8.1) VoilaBot BETA 1.2 (support.voilabot@orange-ftgroup.com)"
193.252.118.173 - - [22/Sep/2011:01:24:12 +0200] "GET / HTTP/1.1" 200 1229 "-" "Mozilla/5.0 (Windows; U; Windows NT 5.1; fr; rv:1.8.1) VoilaBot BETA 1.2 (support.voilabot@orange-ftgroup.com)"
208.101.2.194 - - [22/Sep/2011:01:46:07 +0200] "GET / HTTP/1.1" 200 1229 "-" "Mozilla/4.0 (compatible; MSIE 8.0; Windows NT 6.0; WOW64; Trident/4.0; SLCC1; .NET CLR 2.0.50727; .NET CLR 1.1.4322; .NET CLR 3.0.30729; .NET CLR 3.5.30729; .NET4.0C; .NET4.0E)"
77.20.40.89 - - [22/Sep/2011:02:05:59 +0200] "GET /robots.txt HTTP/1.1" 404 319 "-" "findlinks/2.0.2 (+http://wortschatz.uni-leipzig.de/findlinks/)"
65.52.104.27 - - [22/Sep/2011:02:32:46 +0200] "GET /robots.txt HTTP/1.1" 404 319 "-" "Mozilla/5.0 (compatible; bingbot/2.0; +http://www.bing.com/bingbot.htm)"
65.52.104.27 - - [22/Sep/2011:02:33:36 +0200] "GET /seiten/ndl_wien01.html HTTP/1.1" 404 331 "-" "Mozilla/5.0 (compatible; bingbot/2.0; +http://www.bing.com/bingbot.htm)"
94.23.230.171 - - [22/Sep/2011:02:39:36 +0200] "GET /robots.txt HTTP/1.0" 404 319 "-" "Mozilla/5.0 (compatible; MJ12bot/v1.4.0; http://www.majestic12.co.uk/bot.php?+)"
94.23.230.171 - - [22/Sep/2011:02:39:37 +0200] "GET / HTTP/1.0" 200 1229 "-" "Mozilla/5.0 (compatible; MJ12bot/v1.4.0; http://www.majestic12.co.uk/bot.php?+)"
123.125.71.17 - - [22/Sep/2011:03:14:49 +0200] "GET / HTTP/1.1" 200 1229 "-" "Mozilla/5.0 (compatible; Baiduspider/2.0; +http://www.baidu.com/search/spider.html)"
123.125.71.25 - - [22/Sep/2011:03:21:33 +0200] "GET / HTTP/1.1" 200 1229 "-" "Mozilla/5.0 (compatible; Baiduspider/2.0; +http://www.baidu.com/search/spider.html)"
220.181.108.95 - - [22/Sep/2011:03:21:43 +0200] "GET / HTTP/1.1" 200 1229 "-" "Mozilla/5.0 (compatible; Baiduspider/2.0; +http://www.baidu.com/search/spider.html)"
83.133.125.202 - - [22/Sep/2011:03:33:58 +0200] "GET / HTTP/1.1" 200 1229 "http://www.bigfinder.de/" "Mozilla/5.0 (Macintosh; U; Intel Mac OS X 10.6; de-DE; rv:1.9.2.8) Gecko/20100722 Firefox/3.6.8"
208.80.194.26 - - [22/Sep/2011:03:53:44 +0200] "GET / HTTP/1.0" 200 1229 "-" "Mozilla/4.0 (compatible; MSIE 6.0; Windows NT 5.1; SV1; .NET CLR 1.0.3705; .NET CLR 1.1.4322; Media Center PC 4.0; .NET CLR 2.0.50727; (R1 1.5))"
220.181.51.84 - - [22/Sep/2011:04:02:22 +0200] "GET / HTTP/1.1" 200 1229 "-" "Mozilla/5.0 (compatible; Baiduspider/2.0; +http://www.baidu.com/search/spider.html)"
123.125.71.32 - - [22/Sep/2011:04:21:14 +0200] "GET / HTTP/1.1" 200 1229 "-" "Mozilla/5.0 (compatible; Baiduspider/2.0; +http://www.baidu.com/search/spider.html)"
220.181.108.93 - - [22/Sep/2011:04:21:22 +0200] "GET / HTTP/1.1" 200 1229 "-" "Mozilla/5.0 (compatible; Baiduspider/2.0; +http://www.baidu.com/search/spider.html)"
95.108.128.242 - - [22/Sep/2011:04:22:12 +0200] "GET / HTTP/1.1" 200 1229 "-" "Mozilla/5.0 (compatible; YandexBot/3.0; +http://yandex.com/bots)"
82.128.206.87 - - [22/Sep/2011:06:01:24 +0200] "GET /robots.txt HTTP/1.0" 404 322 "-" "Mozilla/5.0 (compatible; MJ12bot/v1.4.0; http://www.majestic12.co.uk/bot.php?+)"
82.128.206.87 - - [22/Sep/2011:06:01:25 +0200] "GET / HTTP/1.1" 200 1229 "-" "Mozilla/5.0 (compatible; MJ12bot/v1.4.0; http://www.majestic12.co.uk/bot.php?+)"
92.240.68.153 - - [22/Sep/2011:06:12:05 +0200] "GET http://imgs.xkcd.com/comics/1337_part_4.png HTTP/1.1" 404 327 "http://www.altavista.com/image/randomlink" "webcollage/1.135a"
124.115.6.16 - - [22/Sep/2011:07:57:43 +0200] "GET /robots.txt HTTP/1.1" 404 319 "-" "Sosospider+(+http://help.soso.com/webspider.htm)"
180.76.5.158 - - [22/Sep/2011:08:55:47 +0200] "GET / HTTP/1.1" 200 1229 "-" "Mozilla/5.0 (compatible; Baiduspider/2.0; +http://www.baidu.com/search/spider.html)"
188.165.195.156 - - [22/Sep/2011:09:28:26 +0200] "HEAD / HTTP/1.1" 200 - "-" "Mozilla/4.0 (compatible; MSIE 5.01; Windows NT 5.0)"
31.44.184.50 - - [22/Sep/2011:10:27:33 +0200] "GET http://allrequestsallowed.com/?PHPSESSID=5gh6ncjh00043SSQH_W_EFB%5C%5DG HTTP/1.1" 200 1229 "-" "Mozilla/5.0 (Windows; U; Windows NT 5.0; en-US; rv:1.8.1.12) Gecko/20080201 Firefox/2.0.0.12"
83.133.125.202 - - [22/Sep/2011:10:33:42 +0200] "GET / HTTP/1.1" 200 1229 "http://www.bigfinder.de/" "Mozilla/4.0 (compatible; MSIE 8.0; Windows NT 6.0; Trident/4.0; GTB0.0; SLCC1; .NET CLR 2.0.50727; Media Center PC 5.0; .NET CLR 3.5.30729; .NET CLR 3.0.30729; .NET4.0C)"
83.133.125.202 - - [22/Sep/2011:11:46:27 +0200] "GET / HTTP/1.1" 200 1229 "http://www.bigfinder.de/" "Mozilla/4.0 (compatible; MSIE 8.0; Windows NT 6.0; Trident/4.0; GTB0.0; SLCC1; .NET CLR 2.0.50727; Media Center PC 5.0; .NET CLR 3.5.30729; .NET CLR 3.0.30729; .NET4.0C)"
95.108.128.242 - - [22/Sep/2011:12:35:30 +0200] "GET /robots.txt HTTP/1.1" 404 333 "-" "Mozilla/5.0 (compatible; YandexBot/3.0; +http://yandex.com/bots)"
67.205.124.6 - - [22/Sep/2011:13:06:35 +0200] "GET /appConf.htm HTTP/1.1" 404 316 "-" "Python-urllib/2.4"
67.205.124.6 - - [22/Sep/2011:13:06:35 +0200] "GET /appConf.htm HTTP/1.1" 404 316 "-" "Python-urllib/2.4"
67.205.124.6 - - [22/Sep/2011:13:06:35 +0200] "GET /appConf.htm HTTP/1.1" 404 316 "-" "Python-urllib/2.4"
67.205.124.6 - - [22/Sep/2011:13:06:35 +0200] "GET /appConf.htm HTTP/1.1" 404 316 "-" "Python-urllib/2.4"
67.205.124.6 - - [22/Sep/2011:13:06:36 +0200] "GET /appConf.htm HTTP/1.1" 404 316 "-" "Python-urllib/2.4"
67.205.124.6 - - [22/Sep/2011:13:06:36 +0200] "GET /appConf.htm HTTP/1.1" 404 316 "-" "Python-urllib/2.4"
67.205.124.6 - - [22/Sep/2011:13:06:36 +0200] "GET /appConf.htm HTTP/1.1" 404 316 "-" "Python-urllib/2.4"
67.205.124.6 - - [22/Sep/2011:13:06:36 +0200] "GET /appConf.htm HTTP/1.1" 404 316 "-" "Python-urllib/2.4"
67.205.124.6 - - [22/Sep/2011:13:06:36 +0200] "GET /appConf.htm HTTP/1.1" 404 316 "-" "Python-urllib/2.4"
67.205.124.6 - - [22/Sep/2011:13:06:36 +0200] "GET /appConf.htm HTTP/1.1" 404 316 "-" "Python-urllib/2.4"
67.205.124.6 - - [22/Sep/2011:13:06:36 +0200] "GET /appConf.htm HTTP/1.1" 404 316 "-" "Python-urllib/2.4"
67.205.124.6 - - [22/Sep/2011:13:06:36 +0200] "GET /appConf.htm HTTP/1.1" 404 316 "-" "Python-urllib/2.4"
123.125.71.16 - - [22/Sep/2011:13:21:07 +0200] "GET / HTTP/1.1" 200 1229 "-" "Mozilla/5.0 (compatible; Baiduspider/2.0; +http://www.baidu.com/search/spider.html)"
220.181.108.88 - - [22/Sep/2011:13:21:14 +0200] "GET / HTTP/1.1" 200 1229 "-" "Mozilla/5.0 (compatible; Baiduspider/2.0; +http://www.baidu.com/search/spider.html)"
95.108.128.242 - - [22/Sep/2011:13:25:42 +0200] "GET /robots.txt HTTP/1.1" 404 322 "-" "Mozilla/5.0 (compatible; YandexBot/3.0; +http://yandex.com/bots)"
85.25.26.251 - - [22/Sep/2011:14:04:26 +0200] "GET //web-console/css//dtree.css HTTP/1.1" 404 331 "-" "Plesk"
95.108.128.242 - - [22/Sep/2011:14:15:55 +0200] "GET /robots.txt HTTP/1.1" 404 337 "-" "Mozilla/5.0 (compatible; YandexBot/3.0; +http://yandex.com/bots)"
65.52.110.146 - - [22/Sep/2011:14:25:08 +0200] "GET /robots.txt HTTP/1.1" 404 322 "-" "Mozilla/5.0 (compatible; bingbot/2.0; +http://www.bing.com/bingbot.htm)"
65.52.110.146 - - [22/Sep/2011:14:26:05 +0200] "GET /trittschall.htm HTTP/1.1" 404 327 "-" "Mozilla/5.0 (compatible; bingbot/2.0; +http://www.bing.com/bingbot.htm)"
123.125.71.36 - - [22/Sep/2011:17:22:26 +0200] "GET / HTTP/1.1" 200 1229 "-" "Mozilla/5.0 (compatible; Baiduspider/2.0; +http://www.baidu.com/search/spider.html)"
220.181.108.91 - - [22/Sep/2011:17:22:35 +0200] "GET / HTTP/1.1" 200 1229 "-" "Mozilla/5.0 (compatible; Baiduspider/2.0; +http://www.baidu.com/search/spider.html)"
65.52.104.27 - - [22/Sep/2011:19:12:27 +0200] "GET /robots.txt HTTP/1.1" 404 319 "-" "Mozilla/5.0 (compatible; bingbot/2.0; +http://www.bing.com/bingbot.htm)"
65.52.104.27 - - [22/Sep/2011:19:13:03 +0200] "GET / HTTP/1.1" 304 - "-" "Mozilla/5.0 (compatible; bingbot/2.0; +http://www.bing.com/bingbot.htm)"
65.52.104.27 - - [22/Sep/2011:19:13:03 +0200] "GET /seiten/ndl_budapest.html HTTP/1.1" 404 333 "-" "Mozilla/5.0 (compatible; bingbot/2.0; +http://www.bing.com/bingbot.htm)"
95.108.128.242 - - [22/Sep/2011:19:33:40 +0200] "GET / HTTP/1.1" 200 1229 "-" "Mozilla/5.0 (compatible; YandexBot/3.0; +http://yandex.com/bots)"
95.108.128.242 - - [22/Sep/2011:21:16:37 +0200] "GET / HTTP/1.1" 200 1229 "-" "Mozilla/5.0 (compatible; YandexBot/3.0; +http://yandex.com/bots)"
95.108.128.242 - - [22/Sep/2011:21:16:39 +0200] "GET / HTTP/1.1" 200 1229 "-" "Mozilla/5.0 (compatible; YandexBot/3.0; +http://yandex.com/bots)"
123.125.71.19 - - [22/Sep/2011:21:20:55 +0200] "GET / HTTP/1.1" 200 1229 "-" "Mozilla/5.0 (compatible; Baiduspider/2.0; +http://www.baidu.com/search/spider.html)"
220.181.108.78 - - [22/Sep/2011:21:21:01 +0200] "GET / HTTP/1.1" 200 1229 "-" "Mozilla/5.0 (compatible; Baiduspider/2.0; +http://www.baidu.com/search/spider.html)"
65.52.110.146 - - [22/Sep/2011:21:22:20 +0200] "GET /robots.txt HTTP/1.1" 404 322 "-" "Mozilla/5.0 (compatible; bingbot/2.0; +http://www.bing.com/bingbot.htm)"
65.52.110.146 - - [22/Sep/2011:21:23:03 +0200] "GET /trittschall.htm HTTP/1.1" 404 327 "-" "Mozilla/5.0 (compatible; bingbot/2.0; +http://www.bing.com/bingbot.htm)"
92.97.181.209 - - [22/Sep/2011:21:46:13 +0200] "GET / HTTP/1.1" 200 1229 "http://www.rail-industry.info/consult.htm" "Mozilla/4.0 (compatible; MSIE 8.0; Windows NT 5.1; Trident/4.0; GTB7.1; .NET CLR 2.0.50727; .NET CLR 3.0.4506.2152; .NET CLR 3.5.30729; AskTbARS/5.13.1.18107)"
92.97.181.209 - - [22/Sep/2011:21:46:14 +0200] "GET /favicon.ico HTTP/1.1" 404 320 "-" "Mozilla/4.0 (compatible; MSIE 8.0; Windows NT 5.1; Trident/4.0; GTB7.1; .NET CLR 2.0.50727; .NET CLR 3.0.4506.2152; .NET CLR 3.5.30729; AskTbARS/5.13.1.18107)"
92.97.181.209 - - [22/Sep/2011:21:46:33 +0200] "GET /favicon.ico HTTP/1.1" 404 320 "-" "Mozilla/4.0 (compatible; MSIE 8.0; Windows NT 5.1; Trident/4.0; GTB7.1; .NET CLR 2.0.50727; .NET CLR 3.0.4506.2152; .NET CLR 3.5.30729; AskTbARS/5.13.1.18107)"
65.52.104.27 - - [23/Sep/2011:00:03:52 +0200] "GET /robots.txt HTTP/1.1" 404 319 "-" "Mozilla/5.0 (compatible; bingbot/2.0; +http://www.bing.com/bingbot.htm)"
65.52.104.27 - - [23/Sep/2011:00:04:35 +0200] "GET /seiten/ndl_nuernberg01.html HTTP/1.1" 404 336 "-" "Mozilla/5.0 (compatible; bingbot/2.0; +http://www.bing.com/bingbot.htm)"
65.52.104.27 - - [23/Sep/2011:00:04:35 +0200] "GET /seiten/ndl_Frankfurt01.html HTTP/1.1" 404 336 "-" "Mozilla/5.0 (compatible; bingbot/2.0; +http://www.bing.com/bingbot.htm)"
123.125.71.33 - - [23/Sep/2011:00:21:03 +0200] "GET / HTTP/1.1" 200 1229 "-" "Mozilla/5.0 (compatible; Baiduspider/2.0; +http://www.baidu.com/search/spider.html)"
220.181.108.95 - - [23/Sep/2011:00:21:08 +0200] "GET / HTTP/1.1" 200 1229 "-" "Mozilla/5.0 (compatible; Baiduspider/2.0; +http://www.baidu.com/search/spider.html)"
61.183.23.146 - - [23/Sep/2011:00:30:47 +0200] "HEAD / HTTP/1.0" 200 - "-" "-"
61.183.23.146 - - [23/Sep/2011:00:30:47 +0200] "HEAD / HTTP/1.0" 200 - "-" "-"
61.183.23.146 - - [23/Sep/2011:00:30:47 +0200] "HEAD / HTTP/1.0" 200 - "-" "-"
61.183.23.146 - - [23/Sep/2011:00:30:47 +0200] "HEAD / HTTP/1.0" 200 - "-" "-"
61.183.23.146 - - [23/Sep/2011:00:30:47 +0200] "HEAD / HTTP/1.0" 200 - "-" "-"
61.183.23.146 - - [23/Sep/2011:00:30:47 +0200] "HEAD / HTTP/1.0" 200 - "-" "-"
61.183.23.146 - - [23/Sep/2011:00:30:47 +0200] "HEAD / HTTP/1.0" 200 - "-" "-"
61.183.23.146 - - [23/Sep/2011:00:30:47 +0200] "HEAD / HTTP/1.0" 200 - "-" "-"
61.183.23.146 - - [23/Sep/2011:00:30:47 +0200] "HEAD / HTTP/1.0" 200 - "-" "-"
61.183.23.146 - - [23/Sep/2011:00:30:47 +0200] "HEAD / HTTP/1.0" 200 - "-" "-"
61.183.23.146 - - [23/Sep/2011:00:30:47 +0200] "HEAD / HTTP/1.0" 200 - "-" "-"
61.183.23.146 - - [23/Sep/2011:00:30:47 +0200] "HEAD / HTTP/1.0" 200 - "-" "-"
61.183.23.146 - - [23/Sep/2011:00:30:47 +0200] "HEAD / HTTP/1.0" 200 - "-" "-"
61.183.23.146 - - [23/Sep/2011:00:30:48 +0200] "HEAD / HTTP/1.0" 200 - "-" "-"
61.183.23.146 - - [23/Sep/2011:00:30:48 +0200] "HEAD / HTTP/1.0" 200 - "-" "-"
61.183.23.146 - - [23/Sep/2011:00:30:48 +0200] "HEAD / HTTP/1.0" 200 - "-" "-"
61.183.23.146 - - [23/Sep/2011:00:30:48 +0200] "HEAD / HTTP/1.0" 200 - "-" "-"
61.183.23.146 - - [23/Sep/2011:00:30:48 +0200] "HEAD / HTTP/1.0" 200 - "-" "-"
123.125.71.39 - - [23/Sep/2011:00:51:23 +0200] "GET / HTTP/1.1" 200 1229 "-" "Mozilla/5.0 (compatible; Baiduspider/2.0; +http://www.baidu.com/search/spider.html)"
95.108.128.242 - - [23/Sep/2011:01:00:28 +0200] "GET /robots.txt HTTP/1.1" 404 319 "-" "Mozilla/5.0 (compatible; YandexBot/3.0; +http://yandex.com/bots)"
123.125.71.34 - - [23/Sep/2011:01:20:57 +0200] "GET / HTTP/1.1" 200 1229 "-" "Mozilla/5.0 (compatible; Baiduspider/2.0; +http://www.baidu.com/search/spider.html)"
220.181.108.81 - - [23/Sep/2011:01:21:02 +0200] "GET / HTTP/1.1" 200 1229 "-" "Mozilla/5.0 (compatible; Baiduspider/2.0; +http://www.baidu.com/search/spider.html)"
208.115.113.89 - - [23/Sep/2011:02:10:44 +0200] "GET /robots.txt HTTP/1.1" 404 319 "-" "Mozilla/5.0 (compatible; Ezooms/1.0; ezooms.bot@gmail.com)"
208.68.138.5 - - [23/Sep/2011:02:10:44 +0200] "GET /robots.txt HTTP/1.1" 404 319 "-" "zibber-v0.1(www.zibb.com/crawler/)"
208.68.138.5 - - [23/Sep/2011:02:10:44 +0200] "GET / HTTP/1.1" 304 - "-" "zibber-v0.1(www.zibb.com/crawler/)"
65.52.104.27 - - [23/Sep/2011:03:18:45 +0200] "GET /robots.txt HTTP/1.1" 404 319 "-" "Mozilla/5.0 (compatible; bingbot/2.0; +http://www.bing.com/bingbot.htm)"
65.52.104.27 - - [23/Sep/2011:03:19:35 +0200] "GET / HTTP/1.1" 200 1229 "-" "Mozilla/5.0 (compatible; bingbot/2.0; +http://www.bing.com/bingbot.htm)"
65.52.110.146 - - [23/Sep/2011:04:11:14 +0200] "GET /robots.txt HTTP/1.1" 404 322 "-" "Mozilla/5.0 (compatible; bingbot/2.0; +http://www.bing.com/bingbot.htm)"
65.52.110.146 - - [23/Sep/2011:04:12:03 +0200] "GET /kontakt.htm HTTP/1.1" 404 323 "-" "Mozilla/5.0 (compatible; bingbot/2.0; +http://www.bing.com/bingbot.htm)"
65.52.110.146 - - [23/Sep/2011:04:12:06 +0200] "GET / HTTP/1.1" 304 - "-" "Mozilla/5.0 (compatible; bingbot/2.0; +http://www.bing.com/bingbot.htm)"
82.130.21.47 - - [23/Sep/2011:08:08:50 +0200] "GET /robots.txt HTTP/1.0" 404 319 "-" "Mozilla/5.0 (compatible; MJ12bot/v1.4.0; http://www.majestic12.co.uk/bot.php?+)"
82.130.21.47 - - [23/Sep/2011:08:08:52 +0200] "GET /seiten/default.html HTTP/1.0" 404 328 "-" "Mozilla/5.0 (compatible; MJ12bot/v1.4.0; http://www.majestic12.co.uk/bot.php?+)"
213.186.122.3 - - [23/Sep/2011:08:48:58 +0200] "GET /robots.txt HTTP/1.1" 404 319 "-" "Mozilla/5.0 (compatible; AhrefsBot/1.0; +http://ahrefs.com/robot/)"
213.186.122.3 - - [23/Sep/2011:08:48:59 +0200] "GET / HTTP/1.1" 200 1229 "-" "Mozilla/5.0 (compatible; AhrefsBot/1.0; +http://ahrefs.com/robot/)"
31.44.184.50 - - [23/Sep/2011:09:27:37 +0200] "GET http://allrequestsallowed.com/?PHPSESSID=5gh6ncjh00043SSQH_W_EFB%5C%5D%40 HTTP/1.1" 200 1229 "-" "Mozilla/5.0 (Windows; U; Windows NT 5.0; en-US; rv:1.8.1.12) Gecko/20080201 Firefox/2.0.0.12"
92.240.68.152 - - [23/Sep/2011:10:47:09 +0200] "GET http://imgs.xkcd.com/comics/the_sierpinski_penis_game.jpg HTTP/1.1" 404 341 "http://random.yahoo.com/fast/ryl" "webcollage/1.135a"
77.20.40.173 - - [23/Sep/2011:11:01:11 +0200] "GET / HTTP/1.1" 200 1229 "-" "findlinks/2.0.2 (+http://wortschatz.uni-leipzig.de/findlinks/)"
208.80.194.28 - - [23/Sep/2011:12:19:04 +0200] "GET / HTTP/1.0" 200 1229 "-" "Mozilla/4.0 (compatible; MSIE 6.0; Windows NT 5.1; SV1; DFAIT; .NET CLR 1.1.4322)"
220.181.51.121 - - [23/Sep/2011:12:50:00 +0200] "GET / HTTP/1.1" 200 1229 "-" "Mozilla/5.0 (compatible; Baiduspider/2.0; +http://www.baidu.com/search/spider.html)"
95.108.128.242 - - [23/Sep/2011:14:41:34 +0200] "GET / HTTP/1.1" 200 1229 "-" "Mozilla/5.0 (compatible; YandexBot/3.0; +http://yandex.com/bots)"
174.129.142.171 - - [23/Sep/2011:15:17:45 +0200] "HEAD / HTTP/1.1" 200 - "http://www.netcraft.com/survey/" "Mozilla/4.0 (compatible; Netcraft Web Server Survey)"
107.20.129.255 - - [23/Sep/2011:15:18:38 +0200] "HEAD / HTTP/1.1" 200 - "http://www.netcraft.com/survey/" "Mozilla/4.0 (compatible; Netcraft Web Server Survey)"
107.20.83.60 - - [23/Sep/2011:15:34:48 +0200] "HEAD / HTTP/1.1" 200 - "http://www.netcraft.com/survey/" "Mozilla/4.0 (compatible; Netcraft Web Server Survey)"
67.19.79.218 - - [23/Sep/2011:19:32:26 +0200] "GET /robots.txt HTTP/1.0" 404 311 "-" "Mozilla/4.0 (compatible; MSIE 5.01; Windows NT)"
92.240.68.152 - - [23/Sep/2011:19:33:38 +0200] "GET http://images4.byinter.net/image1530.jpg HTTP/1.1" 404 324 "http://random.yahoo.com/fast/ryl" "webcollage/1.135a"
88.80.10.1 - - [23/Sep/2011:19:55:09 +0200] "GET http://88.80.10.1/pp/anp.php?a=VUVH_W_EFB%5C%5CE&b=1155&c=7a73 HTTP/1.1" 404 312 "-" "Mozilla/4.0 (compatible; MSIE 6.0; Windows NT 5.1)"
123.125.71.29 - - [23/Sep/2011:20:22:40 +0200] "GET / HTTP/1.1" 200 1229 "-" "Mozilla/5.0 (compatible; Baiduspider/2.0; +http://www.baidu.com/search/spider.html)"
220.181.108.95 - - [23/Sep/2011:20:22:46 +0200] "GET / HTTP/1.1" 200 1229 "-" "Mozilla/5.0 (compatible; Baiduspider/2.0; +http://www.baidu.com/search/spider.html)"
123.125.71.20 - - [23/Sep/2011:21:21:00 +0200] "GET / HTTP/1.1" 200 1229 "-" "Mozilla/5.0 (compatible; Baiduspider/2.0; +http://www.baidu.com/search/spider.html)"
220.181.108.95 - - [23/Sep/2011:21:21:06 +0200] "GET / HTTP/1.1" 200 1229 "-" "Mozilla/5.0 (compatible; Baiduspider/2.0; +http://www.baidu.com/search/spider.html)"
65.52.104.27 - - [23/Sep/2011:22:54:54 +0200] "GET /robots.txt HTTP/1.1" 404 319 "-" "Mozilla/5.0 (compatible; bingbot/2.0; +http://www.bing.com/bingbot.htm)"
65.52.104.27 - - [23/Sep/2011:22:55:35 +0200] "GET / HTTP/1.1" 304 - "-" "Mozilla/5.0 (compatible; bingbot/2.0; +http://www.bing.com/bingbot.htm)"
85.13.139.231 - - [23/Sep/2011:23:00:16 +0200] "HEAD / HTTP/1.1" 200 - "-" "-"
123.125.71.112 - - [23/Sep/2011:23:33:45 +0200] "GET / HTTP/1.1" 200 1229 "-" "Mozilla/5.0 (compatible; Baiduspider/2.0; +http://www.baidu.com/search/spider.html)"
65.52.104.27 - - [23/Sep/2011:23:39:36 +0200] "GET /seiten/ndl_dresden01.html HTTP/1.1" 404 334 "-" "Mozilla/5.0 (compatible; bingbot/2.0; +http://www.bing.com/bingbot.htm)"
10.10.10.8 - - [25/Sep/2011:11:29:38 +0200] "GET / HTTP/1.1" 200 1229 "-" "Mozilla/4.0 (compatible; MSIE 7.0; Windows NT 6.1; Trident/5.0; SLCC2; .NET CLR 2.0.50727; .NET CLR 3.5.30729; .NET CLR 3.0.30729; Media Center PC 6.0; FDM; .NET4.0C; OfficeLiveConnector.1.5; OfficeLivePatch.1.3)"
10.10.10.8 - - [25/Sep/2011:11:29:38 +0200] "GET /favicon.ico HTTP/1.1" 404 327 "-" "Mozilla/4.0 (compatible; MSIE 7.0; Windows NT 6.1; Trident/5.0; SLCC2; .NET CLR 2.0.50727; .NET CLR 3.5.30729; .NET CLR 3.0.30729; Media Center PC 6.0; FDM; .NET4.0C; OfficeLiveConnector.1.5; OfficeLivePatch.1.3)"
95.108.128.242 - - [25/Sep/2011:11:29:43 +0200] "GET /robots.txt HTTP/1.1" 404 327 "-" "Mozilla/5.0 (compatible; YandexBot/3.0; +http://yandex.com/bots)"
10.10.10.8 - - [25/Sep/2011:11:29:46 +0200] "GET / HTTP/1.1" 304 - "-" "Mozilla/4.0 (compatible; MSIE 7.0; Windows NT 6.1; Trident/5.0; SLCC2; .NET CLR 2.0.50727; .NET CLR 3.5.30729; .NET CLR 3.0.30729; Media Center PC 6.0; FDM; .NET4.0C; OfficeLiveConnector.1.5; OfficeLivePatch.1.3)"
10.10.10.8 - - [25/Sep/2011:11:29:46 +0200] "GET /favicon.ico HTTP/1.1" 404 327 "-" "Mozilla/4.0 (compatible; MSIE 7.0; Windows NT 6.1; Trident/5.0; SLCC2; .NET CLR 2.0.50727; .NET CLR 3.5.30729; .NET CLR 3.0.30729; Media Center PC 6.0; FDM; .NET4.0C; OfficeLiveConnector.1.5; OfficeLivePatch.1.3)"
95.108.128.242 - - [25/Sep/2011:11:34:21 +0200] "GET /robots.txt HTTP/1.1" 404 328 "-" "Mozilla/5.0 (compatible; YandexBot/3.0; +http://yandex.com/bots)"
95.108.128.242 - - [25/Sep/2011:11:34:22 +0200] "GET /robots.txt HTTP/1.1" 404 333 "-" "Mozilla/5.0 (compatible; YandexBot/3.0; +http://yandex.com/bots)"
202.160.179.90 - - [25/Sep/2011:12:39:09 +0200] "GET /robots.txt HTTP/1.0" 404 319 "-" "Mozilla/5.0 (compatible; Yahoo! Slurp China; http://misc.yahoo.com.cn/help.html)"
202.160.180.189 - - [25/Sep/2011:12:40:08 +0200] "GET / HTTP/1.0" 200 1229 "-" "Mozilla/5.0 (compatible; Yahoo! Slurp China; http://misc.yahoo.com.cn/help.html)"
83.133.125.202 - - [25/Sep/2011:12:41:48 +0200] "GET / HTTP/1.1" 200 1229 "http://www.bigfinder.de/" "Mozilla/5.0 (Macintosh; U; Intel Mac OS X 10.6; de-DE; rv:1.9.2.8) Gecko/20100722 Firefox/3.6.8"
92.240.68.152 - - [25/Sep/2011:12:42:58 +0200] "GET http://www.boltcity.com/copper/copperstrips/copper_035_bunny_web.gif HTTP/1.1" 404 352 "http://www.altavista.com/image/randomlink" "webcollage/1.135a"
95.108.128.242 - - [25/Sep/2011:13:09:29 +0200] "GET /robots.txt HTTP/1.1" 404 319 "-" "Mozilla/5.0 (compatible; YandexBot/3.0; +http://yandex.com/bots)"
123.125.71.30 - - [25/Sep/2011:13:20:46 +0200] "GET / HTTP/1.1" 200 1229 "-" "Mozilla/5.0 (compatible; Baiduspider/2.0; +http://www.baidu.com/search/spider.html)"
220.181.108.96 - - [25/Sep/2011:13:20:53 +0200] "GET / HTTP/1.1" 200 1229 "-" "Mozilla/5.0 (compatible; Baiduspider/2.0; +http://www.baidu.com/search/spider.html)"
