208.97.52.20 - - [15/Sep/2011:03:27:37 +0200] "GET /pma/index.php HTTP/1.1" 404 318 "-" "Mozilla/5.0 (Windows NT 6.1) AppleWebKit/535.1 (KHTML, like Gecko) Chrome/13.0.782.220 Safari/535.1"
208.97.52.20 - - [15/Sep/2011:03:27:37 +0200] "GET /pma/index.php HTTP/1.1" 404 318 "-" "Mozilla/5.0 (Windows NT 6.1) AppleWebKit/535.1 (KHTML, like Gecko) Chrome/13.0.782.220 Safari/535.1"
208.97.52.20 - - [15/Sep/2011:03:27:37 +0200] "GET /pma/index.php HTTP/1.1" 404 318 "-" "Mozilla/5.0 (Windows NT 6.1) AppleWebKit/535.1 (KHTML, like Gecko) Chrome/13.0.782.220 Safari/535.1"
208.97.52.20 - - [15/Sep/2011:03:27:37 +0200] "GET /mysql/index.php HTTP/1.1" 404 320 "-" "Mozilla/5.0 (Windows NT 6.1) AppleWebKit/535.1 (KHTML, like Gecko) Chrome/13.0.782.220 Safari/535.1"
208.97.52.20 - - [15/Sep/2011:03:27:37 +0200] "GET /mysql/index.php HTTP/1.1" 404 320 "-" "Mozilla/5.0 (Windows NT 6.1) AppleWebKit/535.1 (KHTML, like Gecko) Chrome/13.0.782.220 Safari/535.1"
208.97.52.20 - - [15/Sep/2011:03:27:37 +0200] "GET /pma/index.php HTTP/1.1" 404 318 "-" "Mozilla/5.0 (Windows NT 6.1) AppleWebKit/535.1 (KHTML, like Gecko) Chrome/13.0.782.220 Safari/535.1"
208.97.52.20 - - [15/Sep/2011:03:27:37 +0200] "GET /mysql/index.php HTTP/1.1" 404 320 "-" "Mozilla/5.0 (Windows NT 6.1) AppleWebKit/535.1 (KHTML, like Gecko) Chrome/13.0.782.220 Safari/535.1"
208.97.52.20 - - [15/Sep/2011:03:27:38 +0200] "GET /pma/index.php HTTP/1.1" 404 318 "-" "Mozilla/5.0 (Windows NT 6.1) AppleWebKit/535.1 (KHTML, like Gecko) Chrome/13.0.782.220 Safari/535.1"
208.97.52.20 - - [15/Sep/2011:03:27:38 +0200] "GET /mysql/index.php HTTP/1.1" 404 320 "-" "Mozilla/5.0 (Windows NT 6.1) AppleWebKit/535.1 (KHTML, like Gecko) Chrome/13.0.782.220 Safari/535.1"
208.97.52.20 - - [15/Sep/2011:03:27:38 +0200] "GET /pma/index.php HTTP/1.1" 404 318 "-" "Mozilla/5.0 (Windows NT 6.1) AppleWebKit/535.1 (KHTML, like Gecko) Chrome/13.0.782.220 Safari/535.1"
208.97.52.20 - - [15/Sep/2011:03:27:38 +0200] "GET /mysql/index.php HTTP/1.1" 404 320 "-" "Mozilla/5.0 (Windows NT 6.1) AppleWebKit/535.1 (KHTML, like Gecko) Chrome/13.0.782.220 Safari/535.1"
208.97.52.20 - - [15/Sep/2011:03:27:38 +0200] "GET /mysql/index.php HTTP/1.1" 404 320 "-" "Mozilla/5.0 (Windows NT 6.1) AppleWebKit/535.1 (KHTML, like Gecko) Chrome/13.0.782.220 Safari/535.1"
208.97.52.20 - - [15/Sep/2011:03:27:38 +0200] "GET /pma/index.php HTTP/1.1" 404 318 "-" "Mozilla/5.0 (Windows NT 6.1) AppleWebKit/535.1 (KHTML, like Gecko) Chrome/13.0.782.220 Safari/535.1"
208.97.52.20 - - [15/Sep/2011:03:27:38 +0200] "GET /pma/index.php HTTP/1.1" 404 318 "-" "Mozilla/5.0 (Windows NT 6.1) AppleWebKit/535.1 (KHTML, like Gecko) Chrome/13.0.782.220 Safari/535.1"
208.97.52.20 - - [15/Sep/2011:03:27:38 +0200] "GET /mysql/index.php HTTP/1.1" 404 320 "-" "Mozilla/5.0 (Windows NT 6.1) AppleWebKit/535.1 (KHTML, like Gecko) Chrome/13.0.782.220 Safari/535.1"
208.97.52.20 - - [15/Sep/2011:03:27:38 +0200] "GET /mysql/index.php HTTP/1.1" 404 320 "-" "Mozilla/5.0 (Windows NT 6.1) AppleWebKit/535.1 (KHTML, like Gecko) Chrome/13.0.782.220 Safari/535.1"
208.97.52.20 - - [15/Sep/2011:03:27:38 +0200] "GET /pma/index.php HTTP/1.1" 404 318 "-" "Mozilla/5.0 (Windows NT 6.1) AppleWebKit/535.1 (KHTML, like Gecko) Chrome/13.0.782.220 Safari/535.1"
208.97.52.20 - - [15/Sep/2011:03:27:38 +0200] "GET /pma/index.php HTTP/1.1" 404 318 "-" "Mozilla/5.0 (Windows NT 6.1) AppleWebKit/535.1 (KHTML, like Gecko) Chrome/13.0.782.220 Safari/535.1"
208.97.52.20 - - [15/Sep/2011:03:27:38 +0200] "GET /mysql/index.php HTTP/1.1" 404 320 "-" "Mozilla/5.0 (Windows NT 6.1) AppleWebKit/535.1 (KHTML, like Gecko) Chrome/13.0.782.220 Safari/535.1"
208.97.52.20 - - [15/Sep/2011:03:27:38 +0200] "GET /mysql/index.php HTTP/1.1" 404 320 "-" "Mozilla/5.0 (Windows NT 6.1) AppleWebKit/535.1 (KHTML, like Gecko) Chrome/13.0.782.220 Safari/535.1"
208.97.52.20 - - [15/Sep/2011:03:27:38 +0200] "GET /mysql/index.php HTTP/1.1" 404 320 "-" "Mozilla/5.0 (Windows NT 6.1) AppleWebKit/535.1 (KHTML, like Gecko) Chrome/13.0.782.220 Safari/535.1"
208.97.52.20 - - [15/Sep/2011:03:27:38 +0200] "GET /myadmin/index.php HTTP/1.1" 404 322 "-" "Mozilla/5.0 (Windows NT 6.1) AppleWebKit/535.1 (KHTML, like Gecko) Chrome/13.0.782.220 Safari/535.1"
208.97.52.20 - - [15/Sep/2011:03:27:38 +0200] "GET /myadmin/index.php HTTP/1.1" 404 322 "-" "Mozilla/5.0 (Windows NT 6.1) AppleWebKit/535.1 (KHTML, like Gecko) Chrome/13.0.782.220 Safari/535.1"
208.97.52.20 - - [15/Sep/2011:03:27:38 +0200] "GET /mysql/index.php HTTP/1.1" 404 320 "-" "Mozilla/5.0 (Windows NT 6.1) AppleWebKit/535.1 (KHTML, like Gecko) Chrome/13.0.782.220 Safari/535.1"
208.97.52.20 - - [15/Sep/2011:03:27:38 +0200] "GET /myadmin/index.php HTTP/1.1" 404 322 "-" "Mozilla/5.0 (Windows NT 6.1) AppleWebKit/535.1 (KHTML, like Gecko) Chrome/13.0.782.220 Safari/535.1"
208.97.52.20 - - [15/Sep/2011:03:27:38 +0200] "GET /myadmin/index.php HTTP/1.1" 404 322 "-" "Mozilla/5.0 (Windows NT 6.1) AppleWebKit/535.1 (KHTML, like Gecko) Chrome/13.0.782.220 Safari/535.1"
208.97.52.20 - - [15/Sep/2011:03:27:38 +0200] "GET /mysql/index.php HTTP/1.1" 404 320 "-" "Mozilla/5.0 (Windows NT 6.1) AppleWebKit/535.1 (KHTML, like Gecko) Chrome/13.0.782.220 Safari/535.1"
208.97.52.20 - - [15/Sep/2011:03:27:38 +0200] "GET /mysql/index.php HTTP/1.1" 404 320 "-" "Mozilla/5.0 (Windows NT 6.1) AppleWebKit/535.1 (KHTML, like Gecko) Chrome/13.0.782.220 Safari/535.1"
208.97.52.20 - - [15/Sep/2011:03:27:38 +0200] "GET /myadmin/index.php HTTP/1.1" 404 322 "-" "Mozilla/5.0 (Windows NT 6.1) AppleWebKit/535.1 (KHTML, like Gecko) Chrome/13.0.782.220 Safari/535.1"
208.97.52.20 - - [15/Sep/2011:03:27:38 +0200] "GET /myadmin/index.php HTTP/1.1" 404 322 "-" "Mozilla/5.0 (Windows NT 6.1) AppleWebKit/535.1 (KHTML, like Gecko) Chrome/13.0.782.220 Safari/535.1"
208.97.52.20 - - [15/Sep/2011:03:27:38 +0200] "GET /myadmin/index.php HTTP/1.1" 404 322 "-" "Mozilla/5.0 (Windows NT 6.1) AppleWebKit/535.1 (KHTML, like Gecko) Chrome/13.0.782.220 Safari/535.1"
208.97.52.20 - - [15/Sep/2011:03:27:38 +0200] "GET /mysql/index.php HTTP/1.1" 404 320 "-" "Mozilla/5.0 (Windows NT 6.1) AppleWebKit/535.1 (KHTML, like Gecko) Chrome/13.0.782.220 Safari/535.1"
208.97.52.20 - - [15/Sep/2011:03:27:38 +0200] "GET /mysql/index.php HTTP/1.1" 404 320 "-" "Mozilla/5.0 (Windows NT 6.1) AppleWebKit/535.1 (KHTML, like Gecko) Chrome/13.0.782.220 Safari/535.1"
208.97.52.20 - - [15/Sep/2011:03:27:38 +0200] "GET /mysql/index.php HTTP/1.1" 404 320 "-" "Mozilla/5.0 (Windows NT 6.1) AppleWebKit/535.1 (KHTML, like Gecko) Chrome/13.0.782.220 Safari/535.1"
208.97.52.20 - - [15/Sep/2011:03:27:38 +0200] "GET /myadmin/index.php HTTP/1.1" 404 322 "-" "Mozilla/5.0 (Windows NT 6.1) AppleWebKit/535.1 (KHTML, like Gecko) Chrome/13.0.782.220 Safari/535.1"
208.97.52.20 - - [15/Sep/2011:03:27:38 +0200] "GET /mysql/index.php HTTP/1.1" 404 320 "-" "Mozilla/5.0 (Windows NT 6.1) AppleWebKit/535.1 (KHTML, like Gecko) Chrome/13.0.782.220 Safari/535.1"
208.97.52.20 - - [15/Sep/2011:03:27:38 +0200] "GET /myadmin/index.php HTTP/1.1" 404 322 "-" "Mozilla/5.0 (Windows NT 6.1) AppleWebKit/535.1 (KHTML, like Gecko) Chrome/13.0.782.220 Safari/535.1"
208.97.52.20 - - [15/Sep/2011:03:27:38 +0200] "GET /myadmin/index.php HTTP/1.1" 404 322 "-" "Mozilla/5.0 (Windows NT 6.1) AppleWebKit/535.1 (KHTML, like Gecko) Chrome/13.0.782.220 Safari/535.1"
208.97.52.20 - - [15/Sep/2011:03:27:38 +0200] "GET /myadmin/index.php HTTP/1.1" 404 322 "-" "Mozilla/5.0 (Windows NT 6.1) AppleWebKit/535.1 (KHTML, like Gecko) Chrome/13.0.782.220 Safari/535.1"
208.97.52.20 - - [15/Sep/2011:03:27:38 +0200] "GET /myadmin/index.php HTTP/1.1" 404 322 "-" "Mozilla/5.0 (Windows NT 6.1) AppleWebKit/535.1 (KHTML, like Gecko) Chrome/13.0.782.220 Safari/535.1"
208.97.52.20 - - [15/Sep/2011:03:27:38 +0200] "GET /myadmin/index.php HTTP/1.1" 404 322 "-" "Mozilla/5.0 (Windows NT 6.1) AppleWebKit/535.1 (KHTML, like Gecko) Chrome/13.0.782.220 Safari/535.1"
208.97.52.20 - - [15/Sep/2011:03:27:38 +0200] "GET /myadmin/index.php HTTP/1.1" 404 322 "-" "Mozilla/5.0 (Windows NT 6.1) AppleWebKit/535.1 (KHTML, like Gecko) Chrome/13.0.782.220 Safari/535.1"
208.97.52.20 - - [15/Sep/2011:03:27:38 +0200] "GET /myadmin/index.php HTTP/1.1" 404 322 "-" "Mozilla/5.0 (Windows NT 6.1) AppleWebKit/535.1 (KHTML, like Gecko) Chrome/13.0.782.220 Safari/535.1"
208.97.52.20 - - [15/Sep/2011:03:27:38 +0200] "GET /myadmin/index.php HTTP/1.1" 404 322 "-" "Mozilla/5.0 (Windows NT 6.1) AppleWebKit/535.1 (KHTML, like Gecko) Chrome/13.0.782.220 Safari/535.1"
208.97.52.20 - - [15/Sep/2011:03:27:38 +0200] "GET /myadmin/index.php HTTP/1.1" 404 322 "-" "Mozilla/5.0 (Windows NT 6.1) AppleWebKit/535.1 (KHTML, like Gecko) Chrome/13.0.782.220 Safari/535.1"
208.97.52.20 - - [15/Sep/2011:03:27:38 +0200] "GET /myadmin/index.php HTTP/1.1" 404 322 "-" "Mozilla/5.0 (Windows NT 6.1) AppleWebKit/535.1 (KHTML, like Gecko) Chrome/13.0.782.220 Safari/535.1"
64.246.165.160 - - [15/Sep/2011:03:34:38 +0200] "GET /robots.txt HTTP/1.0" 404 325 "-" "Mozilla/5.0 (Windows; U; Windows NT 5.1; en; rv:1.9.0.13) Gecko/2009073022 Firefox/3.5.2 (.NET CLR 3.5.30729) SurveyBot/2.3 (DomainTools)"
64.246.165.160 - - [15/Sep/2011:03:34:38 +0200] "GET / HTTP/1.1" 200 1229 "http://whois.domaintools.com/xn--premiuml-t4a.de" "Mozilla/5.0 (Windows; U; Windows NT 5.1; en; rv:1.9.0.13) Gecko/2009073022 Firefox/3.5.2 (.NET CLR 3.5.30729) SurveyBot/2.3 (DomainTools)"
64.246.178.34 - - [15/Sep/2011:04:04:11 +0200] "GET /robots.txt HTTP/1.0" 404 328 "-" "Mozilla/5.0 (Windows; U; Windows NT 5.1; en; rv:1.9.0.13) Gecko/2009073022 Firefox/3.5.2 (.NET CLR 3.5.30729) SurveyBot/2.3 (DomainTools)"
64.246.178.34 - - [15/Sep/2011:04:04:11 +0200] "GET / HTTP/1.1" 200 1229 "http://whois.domaintools.com/xn--heizlberlin-ufb.de" "Mozilla/5.0 (Windows; U; Windows NT 5.1; en; rv:1.9.0.13) Gecko/2009073022 Firefox/3.5.2 (.NET CLR 3.5.30729) SurveyBot/2.3 (DomainTools)"
93.219.234.252 - - [15/Sep/2011:04:32:00 +0200] "GET / HTTP/1.1" 200 1229 "-" "Mozilla/5.0 (Windows; U; Windows NT 5.1; de; rv:1.9.0.10) Gecko/2009042316 Firefox/3.0.10"
93.219.234.252 - - [15/Sep/2011:04:32:03 +0200] "GET / HTTP/1.1" 200 1229 "-" "Java/1.6.0_22"
123.125.71.42 - - [15/Sep/2011:04:36:39 +0200] "GET /robots.txt HTTP/1.1" 404 319 "-" "Baiduspider+(+http://www.baidu.com/search/spider.htm)"
216.145.14.142 - - [15/Sep/2011:05:57:06 +0200] "GET /robots.txt HTTP/1.0" 404 333 "-" "Mozilla/5.0 (Windows; U; Windows NT 5.1; en; rv:1.9.0.13) Gecko/2009073022 Firefox/3.5.2 (.NET CLR 3.5.30729) SurveyBot/2.3 (DomainTools)"
216.145.14.142 - - [15/Sep/2011:05:57:06 +0200] "GET / HTTP/1.1" 200 1229 "http://whois.domaintools.com/xn--heizllieferungen-pwb.de" "Mozilla/5.0 (Windows; U; Windows NT 5.1; en; rv:1.9.0.13) Gecko/2009073022 Firefox/3.5.2 (.NET CLR 3.5.30729) SurveyBot/2.3 (DomainTools)"
64.246.187.42 - - [15/Sep/2011:06:03:48 +0200] "GET /robots.txt HTTP/1.0" 404 334 "-" "Mozilla/5.0 (Windows; U; Windows NT 5.1; en; rv:1.9.0.13) Gecko/2009073022 Firefox/3.5.2 (.NET CLR 3.5.30729) SurveyBot/2.3 (DomainTools)"
64.246.187.42 - - [15/Sep/2011:06:03:48 +0200] "GET / HTTP/1.1" 200 1229 "http://whois.domaintools.com/xn--heizlpreiseberlin-2zb.de" "Mozilla/5.0 (Windows; U; Windows NT 5.1; en; rv:1.9.0.13) Gecko/2009073022 Firefox/3.5.2 (.NET CLR 3.5.30729) SurveyBot/2.3 (DomainTools)"
123.125.71.15 - - [15/Sep/2011:06:22:33 +0200] "GET / HTTP/1.1" 200 1229 "-" "Mozilla/5.0 (compatible; Baiduspider/2.0; +http://www.baidu.com/search/spider.html)"
220.181.108.82 - - [15/Sep/2011:06:22:37 +0200] "GET / HTTP/1.1" 200 1229 "-" "Mozilla/5.0 (compatible; Baiduspider/2.0; +http://www.baidu.com/search/spider.html)"
95.108.128.242 - - [15/Sep/2011:06:32:38 +0200] "GET / HTTP/1.1" 200 1229 "-" "Mozilla/5.0 (compatible; YandexBot/3.0; +http://yandex.com/bots)"
216.145.5.42 - - [15/Sep/2011:07:10:24 +0200] "GET /robots.txt HTTP/1.0" 404 327 "-" "Mozilla/5.0 (Windows; U; Windows NT 5.1; en; rv:1.9.0.13) Gecko/2009073022 Firefox/3.5.2 (.NET CLR 3.5.30729) SurveyBot/2.3 (DomainTools)"
216.145.5.42 - - [15/Sep/2011:07:10:24 +0200] "GET / HTTP/1.1" 200 1229 "http://whois.domaintools.com/xn--essohndler-u5a.de" "Mozilla/5.0 (Windows; U; Windows NT 5.1; en; rv:1.9.0.13) Gecko/2009073022 Firefox/3.5.2 (.NET CLR 3.5.30729) SurveyBot/2.3 (DomainTools)"
95.108.128.242 - - [15/Sep/2011:07:27:59 +0200] "GET / HTTP/1.1" 200 1229 "-" "Mozilla/5.0 (compatible; YandexBot/3.0; +http://yandex.com/bots)"
64.246.165.210 - - [15/Sep/2011:07:39:28 +0200] "GET /robots.txt HTTP/1.0" 404 337 "-" "Mozilla/5.0 (Windows; U; Windows NT 5.1; en; rv:1.9.0.13) Gecko/2009073022 Firefox/3.5.2 (.NET CLR 3.5.30729) SurveyBot/2.3 (DomainTools)"
64.246.165.210 - - [15/Sep/2011:07:39:28 +0200] "GET / HTTP/1.1" 200 1229 "http://whois.domaintools.com/xn--heizllieferantberlin-69b.de" "Mozilla/5.0 (Windows; U; Windows NT 5.1; en; rv:1.9.0.13) Gecko/2009073022 Firefox/3.5.2 (.NET CLR 3.5.30729) SurveyBot/2.3 (DomainTools)"
217.7.206.226 - - [15/Sep/2011:08:24:28 +0200] "GET / HTTP/1.1" 200 1229 "http://www.unternehmen-db.de/firma/323981" "Mozilla/5.0 (Windows NT 5.1; rv:6.0.2) Gecko/20100101 Firefox/6.0.2"
217.7.206.226 - - [15/Sep/2011:08:24:29 +0200] "GET /favicon.ico HTTP/1.1" 404 320 "-" "Mozilla/5.0 (Windows NT 5.1; rv:6.0.2) Gecko/20100101 Firefox/6.0.2"
217.7.206.226 - - [15/Sep/2011:08:24:29 +0200] "GET /favicon.ico HTTP/1.1" 404 320 "-" "Mozilla/5.0 (Windows NT 5.1; rv:6.0.2) Gecko/20100101 Firefox/6.0.2"
208.115.111.74 - - [15/Sep/2011:09:26:26 +0200] "GET /robots.txt HTTP/1.1" 404 319 "-" "Mozilla/5.0 (compatible; Ezooms/1.0; ezooms.bot@gmail.com)"
95.108.128.242 - - [15/Sep/2011:09:36:30 +0200] "GET / HTTP/1.1" 200 1229 "-" "Mozilla/5.0 (compatible; YandexBot/3.0; +http://yandex.com/bots)"
208.115.111.74 - - [15/Sep/2011:09:54:01 +0200] "GET /seiten/ndl_dresden01.html HTTP/1.1" 404 334 "-" "Mozilla/5.0 (compatible; Ezooms/1.0; ezooms.bot@gmail.com)"
95.108.128.242 - - [15/Sep/2011:09:56:06 +0200] "GET / HTTP/1.1" 200 1229 "-" "Mozilla/5.0 (compatible; YandexBot/3.0; +http://yandex.com/bots)"
208.80.194.30 - - [15/Sep/2011:10:06:02 +0200] "GET / HTTP/1.0" 200 1229 "-" "Mozilla/4.0 (compatible; MSIE 6.0; AOL 9.0; Windows NT 5.1; SV1; .NET CLR 1.0.3705; Media Center PC 2.8)"
124.115.6.16 - - [15/Sep/2011:12:31:07 +0200] "GET /robots.txt HTTP/1.1" 404 319 "-" "Sosospider+(+http://help.soso.com/webspider.htm)"
157.55.17.145 - - [15/Sep/2011:12:41:01 +0200] "GET /robots.txt HTTP/1.1" 404 322 "-" "Mozilla/5.0 (compatible; bingbot/2.0; +http://www.bing.com/bingbot.htm)"
157.55.17.145 - - [15/Sep/2011:12:41:35 +0200] "GET /leistungen.htm HTTP/1.1" 404 326 "-" "Mozilla/5.0 (compatible; bingbot/2.0; +http://www.bing.com/bingbot.htm)"
93.219.234.252 - - [15/Sep/2011:16:43:44 +0200] "GET / HTTP/1.1" 200 1229 "-" "Mozilla/5.0 (Windows; U; Windows NT 5.1; de; rv:1.9.0.10) Gecko/2009042316 Firefox/3.0.10"
93.219.234.252 - - [15/Sep/2011:16:43:47 +0200] "GET / HTTP/1.1" 200 1229 "-" "Java/1.6.0_22"
88.80.10.1 - - [15/Sep/2011:22:37:06 +0200] "GET http://88.80.10.1/pp/anp.php?a=VUVH_W_EFB%5C%5DG&b=1155&c=5fc2 HTTP/1.1" 404 312 "-" "Mozilla/4.0 (compatible; MSIE 6.0; Windows NT 5.1)"
85.118.226.155 - - [15/Sep/2011:23:38:48 +0200] "GET / HTTP/1.1" 200 1229 "-" "Opera/9.711 (Windows NT 6.0; U; nl) Presto/811.751.911 Version/691.741"
193.252.118.173 - - [16/Sep/2011:01:13:31 +0200] "GET /robots.txt HTTP/1.1" 404 319 "-" "Mozilla/5.0 (Windows; U; Windows NT 5.1; fr; rv:1.8.1) VoilaBot BETA 1.2 (support.voilabot@orange-ftgroup.com)"
193.252.118.173 - - [16/Sep/2011:01:13:33 +0200] "GET / HTTP/1.1" 200 1229 "-" "Mozilla/5.0 (Windows; U; Windows NT 5.1; fr; rv:1.8.1) VoilaBot BETA 1.2 (support.voilabot@orange-ftgroup.com)"
123.125.71.59 - - [16/Sep/2011:01:15:41 +0200] "GET /robots.txt HTTP/1.1" 404 319 "-" "Baiduspider+(+http://www.baidu.com/search/spider.htm)"
217.211.254.173 - - [16/Sep/2011:01:23:23 +0200] "GET /robots.txt HTTP/1.0" 404 319 "-" "Mozilla/5.0 (compatible; MJ12bot/v1.4.0; http://www.majestic12.co.uk/bot.php?+)"
217.211.254.173 - - [16/Sep/2011:01:23:25 +0200] "GET / HTTP/1.1" 200 1229 "-" "Mozilla/5.0 (compatible; MJ12bot/v1.4.0; http://www.majestic12.co.uk/bot.php?+)"
123.125.71.84 - - [16/Sep/2011:01:27:41 +0200] "GET / HTTP/1.1" 200 1229 "-" "Mozilla/5.0 (compatible; Baiduspider/2.0; +http://www.baidu.com/search/spider.html)"
77.20.40.173 - - [16/Sep/2011:04:31:37 +0200] "GET / HTTP/1.1" 200 1229 "-" "findlinks/2.0.2 (+http://wortschatz.uni-leipzig.de/findlinks/)"
123.125.71.19 - - [16/Sep/2011:05:23:25 +0200] "GET / HTTP/1.1" 200 1229 "-" "Mozilla/5.0 (compatible; Baiduspider/2.0; +http://www.baidu.com/search/spider.html)"
220.181.108.75 - - [16/Sep/2011:05:23:31 +0200] "GET / HTTP/1.1" 200 1229 "-" "Mozilla/5.0 (compatible; Baiduspider/2.0; +http://www.baidu.com/search/spider.html)"
77.92.233.198 - - [16/Sep/2011:05:32:50 +0200] "GET /seiten/agb.html HTTP/1.0" 404 324 "http://www.gauff-rail.de/seiten/agb.html" "Mozilla/4.0 (compatible; MSIE 5.0; Windows 95) Opera 6.01 [en]"
77.92.233.198 - - [16/Sep/2011:05:32:50 +0200] "GET / HTTP/1.0" 200 1229 "http://www.gauff-rail.de/" "Mozilla/4.0 (compatible; MSIE 5.0; Windows 95) Opera 6.01 [en]"
65.52.104.27 - - [16/Sep/2011:05:33:47 +0200] "GET /robots.txt HTTP/1.1" 404 319 "-" "Mozilla/5.0 (compatible; bingbot/2.0; +http://www.bing.com/bingbot.htm)"
65.52.104.27 - - [16/Sep/2011:05:34:31 +0200] "GET / HTTP/1.1" 304 - "-" "Mozilla/5.0 (compatible; bingbot/2.0; +http://www.bing.com/bingbot.htm)"
83.133.125.202 - - [16/Sep/2011:06:10:01 +0200] "GET / HTTP/1.1" 200 1229 "http://www.bigfinder.de/" "Mozilla/4.0 (compatible; MSIE 8.0; Windows NT 5.1; Trident/4.0; FBSMTWB; ATC/1.0; .NET CLR 1.1.4322; ATC/1.0; .NET CLR 2.0.50727; .NET CLR 3.0.4506.2152; .NET CLR 3.5.30729)"
31.44.184.50 - - [16/Sep/2011:06:19:24 +0200] "GET http://allrequestsallowed.com/?PHPSESSID=5gh6ncjh00043SSQH_W_EFB%5C%5CD HTTP/1.1" 200 1229 "-" "Mozilla/5.0 (Windows; U; Windows NT 5.0; en-US; rv:1.8.1.12) Gecko/20080201 Firefox/2.0.0.12"
83.133.125.202 - - [16/Sep/2011:06:32:56 +0200] "GET / HTTP/1.1" 200 1229 "http://www.bigfinder.de/" "Mozilla/5.0 (Windows; U; Windows NT 6.1; de; rv:1.9.2.8) Gecko/20100722 Firefox/3.6.8 GTB7.1"
88.80.10.1 - - [16/Sep/2011:06:35:32 +0200] "GET http://88.80.10.1/pp/anp.php?a=VUVH_W_EFB%5C%5CF&b=1155&c=b67f HTTP/1.1" 404 312 "-" "Mozilla/4.0 (compatible; MSIE 6.0; Windows NT 5.1)"
83.133.125.202 - - [16/Sep/2011:06:48:07 +0200] "GET / HTTP/1.1" 200 1229 "http://www.bigfinder.de/" "Mozilla/4.0 (compatible; MSIE 8.0; Windows NT 6.0; Trident/4.0; GTB0.0; SLCC1; .NET CLR 2.0.50727; Media Center PC 5.0; .NET CLR 3.5.30729; .NET CLR 3.0.30729; .NET4.0C)"
123.125.71.30 - - [16/Sep/2011:08:21:47 +0200] "GET / HTTP/1.1" 200 1229 "-" "Mozilla/5.0 (compatible; Baiduspider/2.0; +http://www.baidu.com/search/spider.html)"
220.181.108.78 - - [16/Sep/2011:08:21:51 +0200] "GET / HTTP/1.1" 200 1229 "-" "Mozilla/5.0 (compatible; Baiduspider/2.0; +http://www.baidu.com/search/spider.html)"
83.133.125.202 - - [16/Sep/2011:08:44:37 +0200] "GET / HTTP/1.1" 200 1229 "http://www.bigfinder.de/" "Mozilla/4.0 (compatible; MSIE 8.0; Windows NT 6.0; Trident/4.0; GTB0.0; SLCC1; .NET CLR 2.0.50727; Media Center PC 5.0; .NET CLR 3.5.30729; .NET CLR 3.0.30729; .NET4.0C)"
193.47.80.82 - - [16/Sep/2011:09:19:45 +0200] "GET / HTTP/1.1" 200 1229 "-" "Mozilla/5.0 (compatible; Konqueror/3.5; Linux) KHTML/3.5.5 (like Gecko) (Exabot-Thumbnails)"
208.115.111.74 - - [16/Sep/2011:09:30:11 +0200] "GET /robots.txt HTTP/1.1" 404 319 "-" "Mozilla/5.0 (compatible; Ezooms/1.0; ezooms.bot@gmail.com)"
208.115.111.74 - - [16/Sep/2011:09:58:44 +0200] "GET /seiten/ndl_dresden01.html HTTP/1.1" 404 334 "-" "Mozilla/5.0 (compatible; Ezooms/1.0; ezooms.bot@gmail.com)"
92.240.68.153 - - [16/Sep/2011:11:04:57 +0200] "GET http://img1.socwall.com/Art/General/200926013504-11805.jpg HTTP/1.1" 404 342 "http://random.yahoo.com/fast/ryl" "webcollage/1.135a"
206.253.224.23 - - [16/Sep/2011:13:12:30 +0200] "HEAD / HTTP/1.1" 200 - "-" "Mozilla/5.0 (compatible; oBot/2.3.1; +http://www-935.ibm.com/services/us/index.wss/detail/iss/a1029077?cntxt=a1027244)"
220.181.108.92 - - [16/Sep/2011:13:22:29 +0200] "GET / HTTP/1.1" 200 1229 "-" "Mozilla/5.0 (compatible; Baiduspider/2.0; +http://www.baidu.com/search/spider.html)"
123.125.71.34 - - [16/Sep/2011:13:22:47 +0200] "GET / HTTP/1.1" 200 1229 "-" "Mozilla/5.0 (compatible; Baiduspider/2.0; +http://www.baidu.com/search/spider.html)"
83.12.212.250 - - [16/Sep/2011:13:28:32 +0200] "GET / HTTP/1.0" 200 1229 "http://www.rail-industry.info/consult.htm" "Mozilla/5.0 (Windows; U; Windows NT 5.1; pl; rv:1.9.2.22) Gecko/20110902 Firefox/3.6.22"
83.12.212.250 - - [16/Sep/2011:13:28:33 +0200] "GET /favicon.ico HTTP/1.0" 404 320 "-" "Mozilla/5.0 (Windows; U; Windows NT 5.1; pl; rv:1.9.2.22) Gecko/20110902 Firefox/3.6.22"
180.76.5.197 - - [16/Sep/2011:13:41:06 +0200] "GET /robots.txt HTTP/1.1" 404 319 "-" "Baiduspider+(+http://www.baidu.com/search/spider.htm)"
85.118.226.155 - - [16/Sep/2011:15:58:39 +0200] "GET / HTTP/1.1" 200 1229 "-" "Opera/9.501 (Windows NT 6.0; U; nl) Presto/951.111.911 Version/361.141"
189.51.129.99 - - [16/Sep/2011:16:03:03 +0200] "GET / HTTP/1.1" 200 1229 "-" "Mozilla/5.0 (Windows NT 6.1) AppleWebKit/535.1 (KHTML, like Gecko) Chrome/13.0.782.220 Safari/535.1"
189.51.129.99 - - [16/Sep/2011:16:03:03 +0200] "GET /favicon.ico HTTP/1.1" 404 320 "-" "Mozilla/5.0 (Windows NT 6.1) AppleWebKit/535.1 (KHTML, like Gecko) Chrome/13.0.782.220 Safari/535.1"
92.240.68.152 - - [16/Sep/2011:16:30:19 +0200] "GET http://www.defendersofanimals.org/img/lost-found-animals.jpg HTTP/1.1" 404 344 "http://random.yahoo.com/fast/ryl" "webcollage/1.135a"
93.219.174.175 - - [16/Sep/2011:17:01:00 +0200] "GET / HTTP/1.1" 200 1229 "-" "Mozilla/5.0 (Windows; U; Windows NT 6.0; de; rv:1.9.2.3) Gecko/20100401 Firefox/3.6.3 ( .NET CLR 3.5.30729)"
87.118.124.26 - - [16/Sep/2011:17:33:41 +0200] "GET /robots.txt HTTP/1.1" 404 319 "-" "UnisterBot (Mozilla/5.0 compatible; crawler@unister-gmbh.de)"
87.118.124.26 - - [16/Sep/2011:17:53:13 +0200] "GET / HTTP/1.1" 200 1229 "-" "UnisterBot (Mozilla/5.0 compatible; crawler@unister-gmbh.de)"
208.80.194.29 - - [16/Sep/2011:19:00:12 +0200] "GET / HTTP/1.0" 200 1229 "-" "Mozilla/4.0 (compatible; MSIE 6.0; Windows NT 5.1; {A27ECA0B-C251-2094-665D-96829544DFF7}; SpamBlockerUtility 4.8.4)"
92.240.68.152 - - [16/Sep/2011:19:20:45 +0200] "GET http://images4.byinter.net/DSC0000875.jpg HTTP/1.1" 404 325 "http://random.yahoo.com/fast/ryl" "webcollage/1.135a"
124.115.6.16 - - [16/Sep/2011:19:27:57 +0200] "GET /robots.txt HTTP/1.1" 404 319 "-" "Sosospider+(+http://help.soso.com/webspider.htm)"
65.52.104.27 - - [16/Sep/2011:21:50:10 +0200] "GET /robots.txt HTTP/1.1" 404 319 "-" "Mozilla/5.0 (compatible; bingbot/2.0; +http://www.bing.com/bingbot.htm)"
65.52.104.27 - - [16/Sep/2011:21:51:05 +0200] "GET / HTTP/1.1" 304 - "-" "Mozilla/5.0 (compatible; bingbot/2.0; +http://www.bing.com/bingbot.htm)"
95.27.138.205 - - [16/Sep/2011:23:15:17 +0200] "GET / HTTP/1.1" 200 1229 "http://yandex.ru/yandsearch?text=Adresse+in+der+Adresszeile" "Mozilla/5.0 (Windows; U; Windows NT 6.1; ru; rv:1.9.1.15) Gecko/20101026 Firefox/3.5.15"
216.16.231.94 - - [17/Sep/2011:00:23:00 +0200] "GET / HTTP/1.1" 200 1229 "http://www.europages.co.uk/H-P-GAUFF-INGENIEURE-GMBH-CO-KG/bch-EUR-DEU488065-00101-28-de/company-information.html" "Mozilla/5.0 (Windows NT 5.1) AppleWebKit/535.1 (KHTML, like Gecko) Chrome/13.0.782.220 Safari/535.1"
216.16.231.94 - - [17/Sep/2011:00:23:00 +0200] "GET /favicon.ico HTTP/1.1" 404 320 "-" "Mozilla/5.0 (Windows NT 5.1) AppleWebKit/535.1 (KHTML, like Gecko) Chrome/13.0.782.220 Safari/535.1"
123.125.71.25 - - [17/Sep/2011:01:21:02 +0200] "GET / HTTP/1.1" 200 1229 "-" "Mozilla/5.0 (compatible; Baiduspider/2.0; +http://www.baidu.com/search/spider.html)"
220.181.108.81 - - [17/Sep/2011:01:21:07 +0200] "GET / HTTP/1.1" 200 1229 "-" "Mozilla/5.0 (compatible; Baiduspider/2.0; +http://www.baidu.com/search/spider.html)"
123.125.71.31 - - [17/Sep/2011:02:55:20 +0200] "GET / HTTP/1.1" 200 1229 "-" "Mozilla/5.0 (compatible; Baiduspider/2.0; +http://www.baidu.com/search/spider.html)"
123.125.71.49 - - [17/Sep/2011:03:10:43 +0200] "GET /robots.txt HTTP/1.1" 404 319 "-" "Baiduspider+(+http://www.baidu.com/search/spider.htm)"
74.208.194.101 - - [17/Sep/2011:04:35:41 +0200] "GET // HTTP/1.1" 200 1229 "-" "Mozilla/5.0 (X11; U; Linux x86_64; en-US; rv:1.9.2.2pre) Gecko Namoroka/3.6.2pre"
74.208.194.101 - - [17/Sep/2011:04:35:57 +0200] "GET / HTTP/1.1" 200 1229 "-" "Mozilla/5.0 (X11; U; Linux x86_64; en-US; rv:1.9.2.2pre) Gecko Namoroka/3.6.2pre"
180.76.5.18 - - [17/Sep/2011:04:54:08 +0200] "GET /robots.txt HTTP/1.1" 404 319 "-" "Baiduspider+(+http://www.baidu.com/search/spider.htm)"
31.44.184.50 - - [17/Sep/2011:05:18:36 +0200] "GET http://allrequestsallowed.com/?PHPSESSID=5gh6ncjh00043SSQH_W_EFB%5C%5CA HTTP/1.1" 200 1229 "-" "Mozilla/5.0 (Windows; U; Windows NT 5.0; en-US; rv:1.8.1.12) Gecko/20080201 Firefox/2.0.0.12"
123.125.71.18 - - [17/Sep/2011:05:22:46 +0200] "GET / HTTP/1.1" 200 1229 "-" "Mozilla/5.0 (compatible; Baiduspider/2.0; +http://www.baidu.com/search/spider.html)"
220.181.108.84 - - [17/Sep/2011:05:22:54 +0200] "GET / HTTP/1.1" 200 1229 "-" "Mozilla/5.0 (compatible; Baiduspider/2.0; +http://www.baidu.com/search/spider.html)"
77.20.40.89 - - [17/Sep/2011:06:44:58 +0200] "GET /robots.txt HTTP/1.1" 404 319 "-" "findlinks/2.0.2 (+http://wortschatz.uni-leipzig.de/findlinks/)"
208.90.127.217 - - [17/Sep/2011:07:42:33 +0200] "GET / HTTP/1.0" 200 1229 "-" "-"
208.90.127.217 - - [17/Sep/2011:07:42:33 +0200] "GET / HTTP/1.0" 200 1229 "-" "-"
123.125.71.14 - - [17/Sep/2011:09:21:14 +0200] "GET / HTTP/1.1" 200 1229 "-" "Mozilla/5.0 (compatible; Baiduspider/2.0; +http://www.baidu.com/search/spider.html)"
220.181.108.77 - - [17/Sep/2011:09:21:20 +0200] "GET / HTTP/1.1" 200 1229 "-" "Mozilla/5.0 (compatible; Baiduspider/2.0; +http://www.baidu.com/search/spider.html)"
208.115.111.74 - - [17/Sep/2011:09:32:03 +0200] "GET /robots.txt HTTP/1.1" 404 319 "-" "Mozilla/5.0 (compatible; Ezooms/1.0; ezooms.bot@gmail.com)"
208.115.111.74 - - [17/Sep/2011:10:00:03 +0200] "GET /seiten/ndl_dresden01.html HTTP/1.1" 404 334 "-" "Mozilla/5.0 (compatible; Ezooms/1.0; ezooms.bot@gmail.com)"
95.108.128.242 - - [17/Sep/2011:15:05:06 +0200] "GET /robots.txt HTTP/1.1" 404 328 "-" "Mozilla/5.0 (compatible; YandexBot/3.0; +http://yandex.com/bots)"
123.125.71.13 - - [17/Sep/2011:15:22:42 +0200] "GET / HTTP/1.1" 200 1229 "-" "Mozilla/5.0 (compatible; Baiduspider/2.0; +http://www.baidu.com/search/spider.html)"
95.108.128.242 - - [17/Sep/2011:15:33:46 +0200] "GET /robots.txt HTTP/1.1" 404 319 "-" "Mozilla/5.0 (compatible; YandexBot/3.0; +http://yandex.com/bots)"
95.108.128.242 - - [17/Sep/2011:15:33:46 +0200] "GET / HTTP/1.1" 304 - "-" "Mozilla/5.0 (compatible; YandexBot/3.0; +http://yandex.com/bots)"
208.90.127.217 - - [17/Sep/2011:16:06:34 +0200] "GET /appConf.htm HTTP/1.1" 404 317 "-" "Python-urllib/2.4"
208.90.127.217 - - [17/Sep/2011:16:06:34 +0200] "GET /appConf.htm HTTP/1.1" 404 317 "-" "Python-urllib/2.4"
208.90.127.217 - - [17/Sep/2011:16:06:35 +0200] "GET /appConf.htm HTTP/1.1" 404 317 "-" "Python-urllib/2.4"
208.90.127.217 - - [17/Sep/2011:16:06:37 +0200] "GET /appConf.htm HTTP/1.1" 404 317 "-" "Python-urllib/2.4"
208.90.127.217 - - [17/Sep/2011:16:06:38 +0200] "GET /appConf.htm HTTP/1.1" 404 317 "-" "Python-urllib/2.4"
208.90.127.217 - - [17/Sep/2011:16:06:38 +0200] "GET /appConf.htm HTTP/1.1" 404 317 "-" "Python-urllib/2.4"
92.240.68.153 - - [17/Sep/2011:16:14:29 +0200] "GET http://gaygamer.net/images/pewter_trophy_lrg.jpg HTTP/1.1" 404 332 "-" "webcollage/1.135a"
123.125.71.16 - - [17/Sep/2011:16:23:31 +0200] "GET / HTTP/1.1" 200 1229 "-" "Mozilla/5.0 (compatible; Baiduspider/2.0; +http://www.baidu.com/search/spider.html)"
220.181.108.83 - - [17/Sep/2011:16:23:32 +0200] "GET / HTTP/1.1" 200 1229 "-" "Mozilla/5.0 (compatible; Baiduspider/2.0; +http://www.baidu.com/search/spider.html)"
92.240.68.153 - - [17/Sep/2011:16:30:20 +0200] "GET http://images4.byinter.net/s-164001.gif HTTP/1.1" 404 323 "-" "webcollage/1.135a"
208.115.113.89 - - [17/Sep/2011:16:32:08 +0200] "GET /robots.txt HTTP/1.1" 404 319 "-" "Mozilla/5.0 (compatible; Ezooms/1.0; ezooms.bot@gmail.com)"
220.181.108.86 - - [17/Sep/2011:17:22:57 +0200] "GET / HTTP/1.1" 200 1229 "-" "Mozilla/5.0 (compatible; Baiduspider/2.0; +http://www.baidu.com/search/spider.html)"
123.125.71.29 - - [17/Sep/2011:17:24:15 +0200] "GET / HTTP/1.1" 200 1229 "-" "Mozilla/5.0 (compatible; Baiduspider/2.0; +http://www.baidu.com/search/spider.html)"
208.115.113.89 - - [17/Sep/2011:18:06:46 +0200] "GET /seiten/ndl_dresden01.html HTTP/1.1" 404 334 "-" "Mozilla/5.0 (compatible; Ezooms/1.0; ezooms.bot@gmail.com)"
85.118.226.155 - - [17/Sep/2011:19:17:47 +0200] "GET / HTTP/1.1" 200 1229 "-" "Opera/9.611 (Windows NT 6.0; U; nl) Presto/841.821.821 Version/611.821"
92.240.68.152 - - [17/Sep/2011:19:28:14 +0200] "GET http://www.flyworld.com.au/upload/products/lls/lls.jpg HTTP/1.1" 404 338 "-" "webcollage/1.135a"
123.125.71.28 - - [17/Sep/2011:20:50:12 +0200] "GET / HTTP/1.1" 200 1229 "-" "Mozilla/5.0 (compatible; Baiduspider/2.0; +http://www.baidu.com/search/spider.html)"
95.108.128.242 - - [17/Sep/2011:20:53:54 +0200] "GET /robots.txt HTTP/1.1" 404 337 "-" "Mozilla/5.0 (compatible; YandexBot/3.0; +http://yandex.com/bots)"
85.13.139.231 - - [17/Sep/2011:21:00:16 +0200] "HEAD / HTTP/1.1" 200 - "-" "-"
123.125.71.17 - - [17/Sep/2011:21:21:30 +0200] "GET / HTTP/1.1" 200 1229 "-" "Mozilla/5.0 (compatible; Baiduspider/2.0; +http://www.baidu.com/search/spider.html)"
220.181.108.83 - - [17/Sep/2011:21:21:35 +0200] "GET / HTTP/1.1" 200 1229 "-" "Mozilla/5.0 (compatible; Baiduspider/2.0; +http://www.baidu.com/search/spider.html)"
95.28.163.13 - - [18/Sep/2011:00:21:10 +0200] "GET / HTTP/1.1" 200 1229 "http://yandex.ru/yandsearch?text=Adresse+in+der+Adresszeile" "Mozilla/5.0 (Windows; U; Windows NT 6.1; ru; rv:1.9.1.15) Gecko/20101026 Firefox/3.5.15"
66.249.72.7 - - [18/Sep/2011:00:50:01 +0200] "GET /robots.txt HTTP/1.1" 404 327 "-" "Mozilla/5.0 (compatible; Googlebot/2.1; +http://www.google.com/bot.html)"
66.249.72.7 - - [18/Sep/2011:00:50:01 +0200] "GET / HTTP/1.1" 304 - "-" "Mozilla/5.0 (compatible; Googlebot/2.1; +http://www.google.com/bot.html)"
220.181.108.86 - - [18/Sep/2011:01:21:02 +0200] "GET / HTTP/1.1" 200 1229 "-" "Mozilla/5.0 (compatible; Baiduspider/2.0; +http://www.baidu.com/search/spider.html)"
123.125.71.29 - - [18/Sep/2011:01:21:04 +0200] "GET / HTTP/1.1" 200 1229 "-" "Mozilla/5.0 (compatible; Baiduspider/2.0; +http://www.baidu.com/search/spider.html)"
213.186.122.3 - - [18/Sep/2011:01:21:27 +0200] "GET /robots.txt HTTP/1.1" 404 319 "-" "Mozilla/5.0 (compatible; AhrefsBot/1.0; +http://ahrefs.com/robot/)"
213.186.122.3 - - [18/Sep/2011:01:21:28 +0200] "GET / HTTP/1.1" 200 1229 "-" "Mozilla/5.0 (compatible; AhrefsBot/1.0; +http://ahrefs.com/robot/)"
180.76.5.17 - - [18/Sep/2011:01:41:41 +0200] "GET /robots.txt HTTP/1.1" 404 319 "-" "Baiduspider+(+http://www.baidu.com/search/spider.htm)"
66.249.72.226 - - [18/Sep/2011:01:50:19 +0200] "GET /robots.txt HTTP/1.1" 404 328 "-" "Mozilla/5.0 (compatible; Googlebot/2.1; +http://www.google.com/bot.html)"
66.249.72.226 - - [18/Sep/2011:01:50:19 +0200] "GET / HTTP/1.1" 304 - "-" "Mozilla/5.0 (compatible; Googlebot/2.1; +http://www.google.com/bot.html)"
95.108.128.242 - - [18/Sep/2011:02:03:47 +0200] "GET /robots.txt HTTP/1.1" 404 327 "-" "Mozilla/5.0 (compatible; YandexBot/3.0; +http://yandex.com/bots)"
83.133.125.202 - - [18/Sep/2011:02:12:19 +0200] "GET / HTTP/1.1" 200 1229 "http://www.bigfinder.de/" "T-Online Browser (Windows NT 6.1; de)"
208.80.194.34 - - [18/Sep/2011:02:41:24 +0200] "GET / HTTP/1.0" 200 1229 "-" "Mozilla/4.0 (compatible; MSIE 7.0; AOL 9.0; Windows NT 5.1; YPC 3.2.0; (R1 1.3); .NET CLR 1.1.4322)"
124.115.6.16 - - [18/Sep/2011:03:28:06 +0200] "GET /robots.txt HTTP/1.1" 404 319 "-" "Sosospider+(+http://help.soso.com/webspider.htm)"
95.108.128.242 - - [18/Sep/2011:03:46:50 +0200] "GET / HTTP/1.1" 200 1229 "-" "Mozilla/5.0 (compatible; YandexBot/3.0; +http://yandex.com/bots)"
202.46.121.196 - - [18/Sep/2011:04:09:02 +0200] "GET /user/soapCaller.bs HTTP/1.1" 404 323 "-" "Morfeus Fucking Scanner"
202.46.121.196 - - [18/Sep/2011:04:09:02 +0200] "GET /user/soapCaller.bs HTTP/1.1" 404 323 "-" "Morfeus Fucking Scanner"
202.46.121.196 - - [18/Sep/2011:04:09:02 +0200] "GET /user/soapCaller.bs HTTP/1.1" 404 323 "-" "Morfeus Fucking Scanner"
202.46.121.196 - - [18/Sep/2011:04:09:02 +0200] "GET /user/soapCaller.bs HTTP/1.1" 404 323 "-" "Morfeus Fucking Scanner"
202.46.121.196 - - [18/Sep/2011:04:09:02 +0200] "GET /user/soapCaller.bs HTTP/1.1" 404 323 "-" "Morfeus Fucking Scanner"
202.46.121.196 - - [18/Sep/2011:04:09:02 +0200] "GET /user/soapCaller.bs HTTP/1.1" 404 323 "-" "Morfeus Fucking Scanner"
202.46.121.196 - - [18/Sep/2011:04:09:02 +0200] "GET /user/soapCaller.bs HTTP/1.1" 404 323 "-" "Morfeus Fucking Scanner"
202.46.121.196 - - [18/Sep/2011:04:09:02 +0200] "GET /user/soapCaller.bs HTTP/1.1" 404 323 "-" "Morfeus Fucking Scanner"
202.46.121.196 - - [18/Sep/2011:04:09:02 +0200] "GET /user/soapCaller.bs HTTP/1.1" 404 323 "-" "Morfeus Fucking Scanner"
202.46.121.196 - - [18/Sep/2011:04:09:02 +0200] "GET /user/soapCaller.bs HTTP/1.1" 404 323 "-" "Morfeus Fucking Scanner"
202.46.121.196 - - [18/Sep/2011:04:09:02 +0200] "GET /user/soapCaller.bs HTTP/1.1" 404 323 "-" "Morfeus Fucking Scanner"
202.46.121.196 - - [18/Sep/2011:04:09:03 +0200] "GET /user/soapCaller.bs HTTP/1.1" 404 323 "-" "Morfeus Fucking Scanner"
202.46.121.196 - - [18/Sep/2011:04:09:03 +0200] "GET /user/soapCaller.bs HTTP/1.1" 404 323 "-" "Morfeus Fucking Scanner"
202.46.121.196 - - [18/Sep/2011:04:09:03 +0200] "GET /user/soapCaller.bs HTTP/1.1" 404 323 "-" "Morfeus Fucking Scanner"
202.46.121.196 - - [18/Sep/2011:04:09:03 +0200] "GET /user/soapCaller.bs HTTP/1.1" 404 323 "-" "Morfeus Fucking Scanner"
202.46.121.196 - - [18/Sep/2011:04:09:03 +0200] "GET /user/soapCaller.bs HTTP/1.1" 404 323 "-" "Morfeus Fucking Scanner"
202.46.121.196 - - [18/Sep/2011:04:09:03 +0200] "GET /user/soapCaller.bs HTTP/1.1" 404 323 "-" "Morfeus Fucking Scanner"
31.44.184.50 - - [18/Sep/2011:04:17:58 +0200] "GET http://allrequestsallowed.com/?PHPSESSID=5gh6ncjh00043SSQH_W_EFB%5C%5DD HTTP/1.1" 200 1229 "-" "Mozilla/5.0 (Windows; U; Windows NT 5.0; en-US; rv:1.8.1.12) Gecko/20080201 Firefox/2.0.0.12"
220.181.108.94 - - [18/Sep/2011:05:22:05 +0200] "GET / HTTP/1.1" 200 1229 "-" "Mozilla/5.0 (compatible; Baiduspider/2.0; +http://www.baidu.com/search/spider.html)"
123.125.71.28 - - [18/Sep/2011:05:22:08 +0200] "GET / HTTP/1.1" 200 1229 "-" "Mozilla/5.0 (compatible; Baiduspider/2.0; +http://www.baidu.com/search/spider.html)"
123.125.71.36 - - [18/Sep/2011:08:21:19 +0200] "GET / HTTP/1.1" 200 1229 "-" "Mozilla/5.0 (compatible; Baiduspider/2.0; +http://www.baidu.com/search/spider.html)"
220.181.108.89 - - [18/Sep/2011:08:21:25 +0200] "GET / HTTP/1.1" 200 1229 "-" "Mozilla/5.0 (compatible; Baiduspider/2.0; +http://www.baidu.com/search/spider.html)"
123.125.71.34 - - [18/Sep/2011:09:21:07 +0200] "GET / HTTP/1.1" 200 1229 "-" "Mozilla/5.0 (compatible; Baiduspider/2.0; +http://www.baidu.com/search/spider.html)"
220.181.108.86 - - [18/Sep/2011:09:21:13 +0200] "GET / HTTP/1.1" 200 1229 "-" "Mozilla/5.0 (compatible; Baiduspider/2.0; +http://www.baidu.com/search/spider.html)"
92.240.68.153 - - [18/Sep/2011:09:47:46 +0200] "GET http://imgs.xkcd.com/comics/the_sierpinski_penis_game.jpg HTTP/1.1" 404 341 "-" "webcollage/1.135a"
95.108.128.242 - - [18/Sep/2011:10:23:34 +0200] "GET / HTTP/1.1" 200 1229 "-" "Mozilla/5.0 (compatible; YandexBot/3.0; +http://yandex.com/bots)"
95.108.128.242 - - [18/Sep/2011:12:11:48 +0200] "GET / HTTP/1.1" 200 1229 "-" "Mozilla/5.0 (compatible; YandexBot/3.0; +http://yandex.com/bots)"
202.160.179.90 - - [18/Sep/2011:12:12:32 +0200] "GET /robots.txt HTTP/1.0" 404 319 "-" "Mozilla/5.0 (compatible; Yahoo! Slurp China; http://misc.yahoo.com.cn/help.html)"
202.160.180.189 - - [18/Sep/2011:12:13:33 +0200] "GET / HTTP/1.0" 200 1229 "-" "Mozilla/5.0 (compatible; Yahoo! Slurp China; http://misc.yahoo.com.cn/help.html)"
95.108.128.242 - - [18/Sep/2011:14:38:20 +0200] "GET / HTTP/1.1" 200 1229 "-" "Mozilla/5.0 (compatible; YandexBot/3.0; +http://yandex.com/bots)"
220.181.108.86 - - [18/Sep/2011:15:23:03 +0200] "GET / HTTP/1.1" 200 1229 "-" "Mozilla/5.0 (compatible; Baiduspider/2.0; +http://www.baidu.com/search/spider.html)"
123.125.71.29 - - [18/Sep/2011:15:23:13 +0200] "GET / HTTP/1.1" 200 1229 "-" "Mozilla/5.0 (compatible; Baiduspider/2.0; +http://www.baidu.com/search/spider.html)"
123.125.71.24 - - [18/Sep/2011:16:22:49 +0200] "GET / HTTP/1.1" 200 1229 "-" "Mozilla/5.0 (compatible; Baiduspider/2.0; +http://www.baidu.com/search/spider.html)"
220.181.108.80 - - [18/Sep/2011:16:23:00 +0200] "GET / HTTP/1.1" 200 1229 "-" "Mozilla/5.0 (compatible; Baiduspider/2.0; +http://www.baidu.com/search/spider.html)"
123.125.71.102 - - [18/Sep/2011:19:28:56 +0200] "GET / HTTP/1.1" 200 1229 "-" "Mozilla/5.0 (compatible; Baiduspider/2.0; +http://www.baidu.com/search/spider.html)"
61.19.246.169 - - [18/Sep/2011:19:42:17 +0200] "GET /w00tw00t.at.ISC.SANS.DFind:) HTTP/1.1" 400 329 "-" "-"
61.19.246.169 - - [18/Sep/2011:19:42:17 +0200] "GET /w00tw00t.at.ISC.SANS.DFind:) HTTP/1.1" 400 329 "-" "-"
61.19.246.169 - - [18/Sep/2011:19:42:17 +0200] "GET /w00tw00t.at.ISC.SANS.DFind:) HTTP/1.1" 400 329 "-" "-"
61.19.246.169 - - [18/Sep/2011:19:42:17 +0200] "GET /w00tw00t.at.ISC.SANS.DFind:) HTTP/1.1" 400 329 "-" "-"
61.19.246.169 - - [18/Sep/2011:19:42:17 +0200] "GET /w00tw00t.at.ISC.SANS.DFind:) HTTP/1.1" 400 329 "-" "-"
61.19.246.169 - - [18/Sep/2011:19:42:17 +0200] "GET /w00tw00t.at.ISC.SANS.DFind:) HTTP/1.1" 400 329 "-" "-"
61.19.246.169 - - [18/Sep/2011:19:42:17 +0200] "GET /w00tw00t.at.ISC.SANS.DFind:) HTTP/1.1" 400 329 "-" "-"
61.19.246.169 - - [18/Sep/2011:19:42:17 +0200] "GET /w00tw00t.at.ISC.SANS.DFind:) HTTP/1.1" 400 329 "-" "-"
61.19.246.169 - - [18/Sep/2011:19:42:17 +0200] "GET /w00tw00t.at.ISC.SANS.DFind:) HTTP/1.1" 400 329 "-" "-"
61.19.246.169 - - [18/Sep/2011:19:42:17 +0200] "GET /w00tw00t.at.ISC.SANS.DFind:) HTTP/1.1" 400 329 "-" "-"
61.19.246.169 - - [18/Sep/2011:19:42:17 +0200] "GET /w00tw00t.at.ISC.SANS.DFind:) HTTP/1.1" 400 329 "-" "-"
61.19.246.169 - - [18/Sep/2011:19:42:17 +0200] "GET /w00tw00t.at.ISC.SANS.DFind:) HTTP/1.1" 400 329 "-" "-"
61.19.246.169 - - [18/Sep/2011:19:42:17 +0200] "GET /w00tw00t.at.ISC.SANS.DFind:) HTTP/1.1" 400 329 "-" "-"
61.19.246.169 - - [18/Sep/2011:19:42:17 +0200] "GET /w00tw00t.at.ISC.SANS.DFind:) HTTP/1.1" 400 329 "-" "-"
61.19.246.169 - - [18/Sep/2011:19:42:17 +0200] "GET /w00tw00t.at.ISC.SANS.DFind:) HTTP/1.1" 400 329 "-" "-"
61.19.246.169 - - [18/Sep/2011:19:42:17 +0200] "GET /w00tw00t.at.ISC.SANS.DFind:) HTTP/1.1" 400 329 "-" "-"
61.19.246.169 - - [18/Sep/2011:19:42:17 +0200] "GET /w00tw00t.at.ISC.SANS.DFind:) HTTP/1.1" 400 329 "-" "-"
61.19.246.169 - - [18/Sep/2011:19:42:17 +0200] "GET /w00tw00t.at.ISC.SANS.DFind:) HTTP/1.1" 400 329 "-" "-"
208.115.113.89 - - [18/Sep/2011:19:45:40 +0200] "GET /robots.txt HTTP/1.1" 404 319 "-" "Mozilla/5.0 (compatible; Ezooms/1.0; ezooms.bot@gmail.com)"
208.115.113.89 - - [18/Sep/2011:21:03:50 +0200] "GET /seiten/ndl_dresden01.html HTTP/1.1" 404 334 "-" "Mozilla/5.0 (compatible; Ezooms/1.0; ezooms.bot@gmail.com)"
95.108.128.242 - - [18/Sep/2011:21:43:01 +0200] "GET /robots.txt HTTP/1.1" 404 333 "-" "Mozilla/5.0 (compatible; YandexBot/3.0; +http://yandex.com/bots)"
95.108.128.242 - - [18/Sep/2011:21:47:22 +0200] "GET /robots.txt HTTP/1.1" 404 322 "-" "Mozilla/5.0 (compatible; YandexBot/3.0; +http://yandex.com/bots)"
68.64.37.142 - - [18/Sep/2011:22:36:37 +0200] "GET / HTTP/1.1" 200 1229 "-" "Java/1.6.0_04"
180.76.5.170 - - [18/Sep/2011:22:44:17 +0200] "GET / HTTP/1.1" 200 1229 "-" "Mozilla/5.0 (compatible; Baiduspider/2.0; +http://www.baidu.com/search/spider.html)"
89.182.4.179 - - [18/Sep/2011:23:00:44 +0200] "GET / HTTP/1.1" 200 1229 "-" "findlinks/2.0.2 (+http://wortschatz.uni-leipzig.de/findlinks/)"
89.178.255.83 - - [18/Sep/2011:23:14:46 +0200] "GET / HTTP/1.1" 200 1229 "http://yandex.ru/yandsearch?text=Adresse+in+der+Adresszeile" "Mozilla/5.0 (Windows; U; Windows NT 6.1; ru; rv:1.9.1.15) Gecko/20101026 Firefox/3.5.15"
123.125.71.17 - - [19/Sep/2011:00:20:46 +0200] "GET / HTTP/1.1" 200 1229 "-" "Mozilla/5.0 (compatible; Baiduspider/2.0; +http://www.baidu.com/search/spider.html)"
220.181.108.94 - - [19/Sep/2011:00:20:51 +0200] "GET / HTTP/1.1" 200 1229 "-" "Mozilla/5.0 (compatible; Baiduspider/2.0; +http://www.baidu.com/search/spider.html)"
193.252.118.173 - - [19/Sep/2011:00:27:47 +0200] "GET / HTTP/1.1" 200 1229 "-" "Mozilla/5.0 (Windows; U; Windows NT 5.1; fr; rv:1.8.1) VoilaBot BETA 1.2 (support.voilabot@orange-ftgroup.com)"
65.52.104.27 - - [19/Sep/2011:00:47:48 +0200] "GET /robots.txt HTTP/1.1" 404 319 "-" "Mozilla/5.0 (compatible; bingbot/2.0; +http://www.bing.com/bingbot.htm)"
65.52.104.27 - - [19/Sep/2011:00:48:43 +0200] "GET / HTTP/1.1" 304 - "-" "Mozilla/5.0 (compatible; bingbot/2.0; +http://www.bing.com/bingbot.htm)"
123.125.71.15 - - [19/Sep/2011:01:20:56 +0200] "GET / HTTP/1.1" 200 1229 "-" "Mozilla/5.0 (compatible; Baiduspider/2.0; +http://www.baidu.com/search/spider.html)"
220.181.108.96 - - [19/Sep/2011:01:21:02 +0200] "GET / HTTP/1.1" 200 1229 "-" "Mozilla/5.0 (compatible; Baiduspider/2.0; +http://www.baidu.com/search/spider.html)"
93.219.111.42 - - [19/Sep/2011:02:12:54 +0200] "GET /robots.txt HTTP/1.0" 404 319 "-" "Mozilla/5.0 (compatible; MJ12bot/v1.4.0; http://www.majestic12.co.uk/bot.php?+)"
93.219.111.42 - - [19/Sep/2011:02:13:02 +0200] "GET / HTTP/1.0" 200 1229 "-" "Mozilla/5.0 (compatible; MJ12bot/v1.4.0; http://www.majestic12.co.uk/bot.php?+)"
31.44.184.50 - - [19/Sep/2011:03:17:28 +0200] "GET http://allrequestsallowed.com/?PHPSESSID=5gh6ncjh00043SSQH_W_EFB%5C%5DA HTTP/1.1" 200 1229 "-" "Mozilla/5.0 (Windows; U; Windows NT 5.0; en-US; rv:1.8.1.12) Gecko/20080201 Firefox/2.0.0.12"
123.125.71.23 - - [19/Sep/2011:03:22:18 +0200] "GET / HTTP/1.1" 200 1229 "-" "Mozilla/5.0 (compatible; Baiduspider/2.0; +http://www.baidu.com/search/spider.html)"
220.181.108.86 - - [19/Sep/2011:03:22:25 +0200] "GET / HTTP/1.1" 200 1229 "-" "Mozilla/5.0 (compatible; Baiduspider/2.0; +http://www.baidu.com/search/spider.html)"
95.108.128.242 - - [19/Sep/2011:04:52:43 +0200] "GET / HTTP/1.1" 200 1229 "-" "Mozilla/5.0 (compatible; YandexBot/3.0; +http://yandex.com/bots)"
123.125.71.25 - - [19/Sep/2011:05:21:15 +0200] "GET / HTTP/1.1" 200 1229 "-" "Mozilla/5.0 (compatible; Baiduspider/2.0; +http://www.baidu.com/search/spider.html)"
220.181.108.83 - - [19/Sep/2011:05:21:22 +0200] "GET / HTTP/1.1" 200 1229 "-" "Mozilla/5.0 (compatible; Baiduspider/2.0; +http://www.baidu.com/search/spider.html)"
109.87.138.56 - - [19/Sep/2011:05:37:35 +0200] "GET /robots.txt HTTP/1.0" 404 322 "-" "Mozilla/5.0 (compatible; MJ12bot/v1.4.0; http://www.majestic12.co.uk/bot.php?+)"
109.87.138.56 - - [19/Sep/2011:05:37:37 +0200] "GET / HTTP/1.1" 200 1229 "-" "Mozilla/5.0 (compatible; MJ12bot/v1.4.0; http://www.majestic12.co.uk/bot.php?+)"
95.108.128.242 - - [19/Sep/2011:06:38:39 +0200] "GET / HTTP/1.1" 200 1229 "-" "Mozilla/5.0 (compatible; YandexBot/3.0; +http://yandex.com/bots)"
184.154.48.82 - - [19/Sep/2011:08:51:08 +0200] "GET /robots.txt HTTP/1.0" 404 319 "-" "Mozilla/5.0 (compatible; MJ12bot/v1.4.0; http://www.majestic12.co.uk/bot.php?+)"
184.154.48.82 - - [19/Sep/2011:08:51:10 +0200] "GET /seiten/default.html HTTP/1.0" 404 328 "-" "Mozilla/5.0 (compatible; MJ12bot/v1.4.0; http://www.majestic12.co.uk/bot.php?+)"
208.80.194.26 - - [19/Sep/2011:09:46:50 +0200] "GET / HTTP/1.0" 200 1229 "-" "Mozilla/4.0 (compatible; MSIE 7.0; Windows NT 5.1; YPC 3.0.2; FunWebProducts-MyWay; .NET CLR 1.1.4322; IEMB3; IEMB3)"
180.76.5.176 - - [19/Sep/2011:10:43:47 +0200] "GET /robots.txt HTTP/1.1" 404 319 "-" "Baiduspider+(+http://www.baidu.com/search/spider.htm)"
86.39.154.88 - - [19/Sep/2011:11:39:11 +0200] "GET /w00tw00t.at.ISC.SANS.DFind:) HTTP/1.1" 400 329 "-" "-"
86.39.154.88 - - [19/Sep/2011:11:39:11 +0200] "GET /w00tw00t.at.ISC.SANS.DFind:) HTTP/1.1" 400 329 "-" "-"
86.39.154.88 - - [19/Sep/2011:11:39:11 +0200] "GET /w00tw00t.at.ISC.SANS.DFind:) HTTP/1.1" 400 329 "-" "-"
86.39.154.88 - - [19/Sep/2011:11:39:11 +0200] "GET /w00tw00t.at.ISC.SANS.DFind:) HTTP/1.1" 400 329 "-" "-"
86.39.154.88 - - [19/Sep/2011:11:39:11 +0200] "GET /w00tw00t.at.ISC.SANS.DFind:) HTTP/1.1" 400 329 "-" "-"
86.39.154.88 - - [19/Sep/2011:11:39:11 +0200] "GET /w00tw00t.at.ISC.SANS.DFind:) HTTP/1.1" 400 329 "-" "-"
86.39.154.88 - - [19/Sep/2011:11:39:11 +0200] "GET /w00tw00t.at.ISC.SANS.DFind:) HTTP/1.1" 400 329 "-" "-"
86.39.154.88 - - [19/Sep/2011:11:39:11 +0200] "GET /w00tw00t.at.ISC.SANS.DFind:) HTTP/1.1" 400 329 "-" "-"
86.39.154.88 - - [19/Sep/2011:11:39:11 +0200] "GET /w00tw00t.at.ISC.SANS.DFind:) HTTP/1.1" 400 329 "-" "-"
86.39.154.88 - - [19/Sep/2011:11:39:11 +0200] "GET /w00tw00t.at.ISC.SANS.DFind:) HTTP/1.1" 400 329 "-" "-"
86.39.154.88 - - [19/Sep/2011:11:39:11 +0200] "GET /w00tw00t.at.ISC.SANS.DFind:) HTTP/1.1" 400 329 "-" "-"
86.39.154.88 - - [19/Sep/2011:11:39:11 +0200] "GET /w00tw00t.at.ISC.SANS.DFind:) HTTP/1.1" 400 329 "-" "-"
86.39.154.88 - - [19/Sep/2011:11:39:11 +0200] "GET /w00tw00t.at.ISC.SANS.DFind:) HTTP/1.1" 400 329 "-" "-"
86.39.154.88 - - [19/Sep/2011:11:39:11 +0200] "GET /w00tw00t.at.ISC.SANS.DFind:) HTTP/1.1" 400 329 "-" "-"
86.39.154.88 - - [19/Sep/2011:11:39:11 +0200] "GET /w00tw00t.at.ISC.SANS.DFind:) HTTP/1.1" 400 329 "-" "-"
86.39.154.88 - - [19/Sep/2011:11:39:11 +0200] "GET /w00tw00t.at.ISC.SANS.DFind:) HTTP/1.1" 400 329 "-" "-"
86.39.154.88 - - [19/Sep/2011:11:39:11 +0200] "GET /w00tw00t.at.ISC.SANS.DFind:) HTTP/1.1" 400 329 "-" "-"
86.39.154.88 - - [19/Sep/2011:11:39:11 +0200] "GET /w00tw00t.at.ISC.SANS.DFind:) HTTP/1.1" 400 329 "-" "-"
86.39.154.89 - - [19/Sep/2011:12:00:29 +0200] "GET /w00tw00t.at.ISC.SANS.DFind:) HTTP/1.1" 400 329 "-" "-"
86.39.154.89 - - [19/Sep/2011:12:00:29 +0200] "GET /w00tw00t.at.ISC.SANS.DFind:) HTTP/1.1" 400 329 "-" "-"
86.39.154.89 - - [19/Sep/2011:12:00:29 +0200] "GET /w00tw00t.at.ISC.SANS.DFind:) HTTP/1.1" 400 329 "-" "-"
86.39.154.89 - - [19/Sep/2011:12:00:29 +0200] "GET /w00tw00t.at.ISC.SANS.DFind:) HTTP/1.1" 400 329 "-" "-"
86.39.154.89 - - [19/Sep/2011:12:00:29 +0200] "GET /w00tw00t.at.ISC.SANS.DFind:) HTTP/1.1" 400 329 "-" "-"
86.39.154.89 - - [19/Sep/2011:12:00:29 +0200] "GET /w00tw00t.at.ISC.SANS.DFind:) HTTP/1.1" 400 329 "-" "-"
86.39.154.89 - - [19/Sep/2011:12:00:29 +0200] "GET /w00tw00t.at.ISC.SANS.DFind:) HTTP/1.1" 400 329 "-" "-"
86.39.154.89 - - [19/Sep/2011:12:00:29 +0200] "GET /w00tw00t.at.ISC.SANS.DFind:) HTTP/1.1" 400 329 "-" "-"
86.39.154.89 - - [19/Sep/2011:12:00:29 +0200] "GET /w00tw00t.at.ISC.SANS.DFind:) HTTP/1.1" 400 329 "-" "-"
86.39.154.89 - - [19/Sep/2011:12:00:29 +0200] "GET /w00tw00t.at.ISC.SANS.DFind:) HTTP/1.1" 400 329 "-" "-"
86.39.154.89 - - [19/Sep/2011:12:00:29 +0200] "GET /w00tw00t.at.ISC.SANS.DFind:) HTTP/1.1" 400 329 "-" "-"
86.39.154.89 - - [19/Sep/2011:12:00:29 +0200] "GET /w00tw00t.at.ISC.SANS.DFind:) HTTP/1.1" 400 329 "-" "-"
86.39.154.89 - - [19/Sep/2011:12:00:29 +0200] "GET /w00tw00t.at.ISC.SANS.DFind:) HTTP/1.1" 400 329 "-" "-"
86.39.154.89 - - [19/Sep/2011:12:00:29 +0200] "GET /w00tw00t.at.ISC.SANS.DFind:) HTTP/1.1" 400 329 "-" "-"
86.39.154.89 - - [19/Sep/2011:12:00:29 +0200] "GET /w00tw00t.at.ISC.SANS.DFind:) HTTP/1.1" 400 329 "-" "-"
86.39.154.89 - - [19/Sep/2011:12:00:29 +0200] "GET /w00tw00t.at.ISC.SANS.DFind:) HTTP/1.1" 400 329 "-" "-"
86.39.154.89 - - [19/Sep/2011:12:00:29 +0200] "GET /w00tw00t.at.ISC.SANS.DFind:) HTTP/1.1" 400 329 "-" "-"
86.39.154.89 - - [19/Sep/2011:12:00:29 +0200] "GET /w00tw00t.at.ISC.SANS.DFind:) HTTP/1.1" 400 329 "-" "-"
124.115.6.16 - - [19/Sep/2011:12:16:36 +0200] "GET /robots.txt HTTP/1.1" 404 319 "-" "Sosospider+(+http://help.soso.com/webspider.htm)"
220.181.108.77 - - [19/Sep/2011:13:22:17 +0200] "GET / HTTP/1.1" 200 1229 "-" "Mozilla/5.0 (compatible; Baiduspider/2.0; +http://www.baidu.com/search/spider.html)"
123.125.71.32 - - [19/Sep/2011:13:22:30 +0200] "GET / HTTP/1.1" 200 1229 "-" "Mozilla/5.0 (compatible; Baiduspider/2.0; +http://www.baidu.com/search/spider.html)"
213.61.141.90 - - [19/Sep/2011:13:53:09 +0200] "GET /seiten/default.html HTTP/1.1" 404 328 "-" "Mozilla/4.0 (compatible; MSIE 8.0; Windows NT 5.1; Trident/4.0; .NET CLR 2.0.50727; .NET CLR 3.0.4506.2152; .NET CLR 3.5.30729)"
213.61.141.90 - - [19/Sep/2011:13:56:52 +0200] "GET /seiten/default.html HTTP/1.1" 404 328 "-" "Mozilla/4.0 (compatible; MSIE 8.0; Windows NT 5.1; Trident/4.0; .NET CLR 2.0.50727; .NET CLR 3.0.4506.2152; .NET CLR 3.5.30729)"
193.47.80.37 - - [19/Sep/2011:14:05:39 +0200] "GET /robots.txt HTTP/1.1" 404 319 "-" "Mozilla/5.0 (compatible; Exabot/3.0; +http://www.exabot.com/go/robot)"
193.47.80.37 - - [19/Sep/2011:14:05:39 +0200] "GET / HTTP/1.1" 304 - "-" "Mozilla/5.0 (compatible; Exabot/3.0; +http://www.exabot.com/go/robot)"
220.226.103.254 - - [19/Sep/2011:14:23:10 +0200] "GET /w00tw00t.at.blackhats.romanian.anti-sec:) HTTP/1.1" 404 346 "-" "ZmEu"
220.226.103.254 - - [19/Sep/2011:14:23:10 +0200] "GET /w00tw00t.at.blackhats.romanian.anti-sec:) HTTP/1.1" 404 346 "-" "ZmEu"
220.226.103.254 - - [19/Sep/2011:14:23:10 +0200] "GET /w00tw00t.at.blackhats.romanian.anti-sec:) HTTP/1.1" 404 346 "-" "ZmEu"
220.226.103.254 - - [19/Sep/2011:14:23:10 +0200] "GET /w00tw00t.at.blackhats.romanian.anti-sec:) HTTP/1.1" 404 346 "-" "ZmEu"
220.226.103.254 - - [19/Sep/2011:14:23:10 +0200] "GET /phpMyAdmin/scripts/setup.php HTTP/1.1" 404 333 "-" "ZmEu"
220.226.103.254 - - [19/Sep/2011:14:23:10 +0200] "GET /w00tw00t.at.blackhats.romanian.anti-sec:) HTTP/1.1" 404 346 "-" "ZmEu"
220.226.103.254 - - [19/Sep/2011:14:23:10 +0200] "GET /phpMyAdmin/scripts/setup.php HTTP/1.1" 404 333 "-" "ZmEu"
220.226.103.254 - - [19/Sep/2011:14:23:10 +0200] "GET /phpMyAdmin/scripts/setup.php HTTP/1.1" 404 333 "-" "ZmEu"
