81.7.171.117 - - [23/May/2010:21:55:48 +0200] "GET //phpMyAdmin/config/config.inc.php?p=phpinfo(); HTTP/1.1" 404 337 "-" "Mozilla/4.0 (compatible; MSIE 6.0; Windows 98)"
81.7.171.117 - - [23/May/2010:21:55:48 +0200] "GET //phpMyAdmin/config/config.inc.php?p=phpinfo(); HTTP/1.1" 404 337 "-" "Mozilla/4.0 (compatible; MSIE 6.0; Windows 98)"
81.7.171.117 - - [23/May/2010:21:55:48 +0200] "GET //phpMyAdmin/config/config.inc.php?p=phpinfo(); HTTP/1.1" 404 337 "-" "Mozilla/4.0 (compatible; MSIE 6.0; Windows 98)"
81.7.171.117 - - [23/May/2010:21:55:48 +0200] "GET //phpMyAdmin/config/config.inc.php?p=phpinfo(); HTTP/1.1" 404 337 "-" "Mozilla/4.0 (compatible; MSIE 6.0; Windows 98)"
81.7.171.117 - - [23/May/2010:21:55:48 +0200] "GET //phpMyAdmin/config/config.inc.php?p=phpinfo(); HTTP/1.1" 404 337 "-" "Mozilla/4.0 (compatible; MSIE 6.0; Windows 98)"
81.7.171.117 - - [23/May/2010:21:55:48 +0200] "GET //phpMyAdmin/config/config.inc.php?p=phpinfo(); HTTP/1.1" 404 337 "-" "Mozilla/4.0 (compatible; MSIE 6.0; Windows 98)"
81.7.171.117 - - [23/May/2010:21:55:48 +0200] "GET //p/m/a/config/config.inc.php?p=phpinfo(); HTTP/1.1" 404 332 "-" "Mozilla/4.0 (compatible; MSIE 6.0; Windows 98)"
81.7.171.117 - - [23/May/2010:21:55:48 +0200] "GET //p/m/a/config/config.inc.php?p=phpinfo(); HTTP/1.1" 404 332 "-" "Mozilla/4.0 (compatible; MSIE 6.0; Windows 98)"
81.7.171.117 - - [23/May/2010:21:55:48 +0200] "GET //p/m/a/config/config.inc.php?p=phpinfo(); HTTP/1.1" 404 332 "-" "Mozilla/4.0 (compatible; MSIE 6.0; Windows 98)"
81.7.171.117 - - [23/May/2010:21:55:48 +0200] "GET //p/m/a/config/config.inc.php?p=phpinfo(); HTTP/1.1" 404 332 "-" "Mozilla/4.0 (compatible; MSIE 6.0; Windows 98)"
81.7.171.117 - - [23/May/2010:21:55:48 +0200] "GET //p/m/a/config/config.inc.php?p=phpinfo(); HTTP/1.1" 404 332 "-" "Mozilla/4.0 (compatible; MSIE 6.0; Windows 98)"
81.7.171.117 - - [23/May/2010:21:55:48 +0200] "GET //p/m/a/config/config.inc.php?p=phpinfo(); HTTP/1.1" 404 332 "-" "Mozilla/4.0 (compatible; MSIE 6.0; Windows 98)"
81.7.171.117 - - [23/May/2010:21:55:48 +0200] "GET //p/m/a/config/config.inc.php?p=phpinfo(); HTTP/1.1" 404 332 "-" "Mozilla/4.0 (compatible; MSIE 6.0; Windows 98)"
81.7.171.117 - - [23/May/2010:21:55:48 +0200] "GET //p/m/a/config/config.inc.php?p=phpinfo(); HTTP/1.1" 404 332 "-" "Mozilla/4.0 (compatible; MSIE 6.0; Windows 98)"
81.7.171.117 - - [23/May/2010:21:55:48 +0200] "GET //p/m/a/config/config.inc.php?p=phpinfo(); HTTP/1.1" 404 332 "-" "Mozilla/4.0 (compatible; MSIE 6.0; Windows 98)"
81.7.171.117 - - [23/May/2010:21:55:48 +0200] "GET //p/m/a/config/config.inc.php?p=phpinfo(); HTTP/1.1" 404 332 "-" "Mozilla/4.0 (compatible; MSIE 6.0; Windows 98)"
81.7.171.117 - - [23/May/2010:21:55:48 +0200] "GET //p/m/a/config/config.inc.php?p=phpinfo(); HTTP/1.1" 404 332 "-" "Mozilla/4.0 (compatible; MSIE 6.0; Windows 98)"
81.7.171.117 - - [23/May/2010:21:55:48 +0200] "GET //p/m/a/config/config.inc.php?p=phpinfo(); HTTP/1.1" 404 332 "-" "Mozilla/4.0 (compatible; MSIE 6.0; Windows 98)"
81.7.171.117 - - [23/May/2010:21:55:48 +0200] "GET //p/m/a/config/config.inc.php?p=phpinfo(); HTTP/1.1" 404 332 "-" "Mozilla/4.0 (compatible; MSIE 6.0; Windows 98)"
81.7.171.117 - - [23/May/2010:21:55:48 +0200] "GET //p/m/a/config/config.inc.php?p=phpinfo(); HTTP/1.1" 404 332 "-" "Mozilla/4.0 (compatible; MSIE 6.0; Windows 98)"
178.63.41.15 - - [23/May/2010:23:42:52 +0200] "GET /robots.txt HTTP/1.1" 404 322 "-" "Cityreview Robot (+http://www.cityreview.org/crawler/)"
178.63.41.15 - - [23/May/2010:23:42:52 +0200] "GET / HTTP/1.1" 200 1229 "-" "Cityreview Robot (+http://www.cityreview.org/crawler/)"
88.80.10.1 - - [24/May/2010:04:27:44 +0200] "GET http://88.80.10.1/pp/anp.php?a=VUVH_W_EFB%5C%5CE&b=1155&c=7a73 HTTP/1.1" 404 312 "-" "Mozilla/4.0 (compatible; MSIE 6.0; Windows NT 5.1)"
83.133.125.202 - - [24/May/2010:06:07:55 +0200] "GET / HTTP/1.1" 200 1229 "http://www.bigfinder.de/index.php" "Mozilla/4.0 (compatible; MSIE 6.0; Windows NT 5.1)"
66.249.67.167 - - [24/May/2010:07:03:21 +0200] "GET /robots.txt HTTP/1.1" 404 322 "-" "Googlebot-Image/1.0"
66.249.67.167 - - [24/May/2010:07:03:21 +0200] "GET /fotos/thumbnails/fotogalerie_04.jpg HTTP/1.1" 404 347 "-" "Googlebot-Image/1.0"
66.249.67.167 - - [24/May/2010:07:36:22 +0200] "GET /fotos/linoleum.jpg HTTP/1.1" 404 330 "-" "Googlebot-Image/1.0"
91.32.254.46 - - [24/May/2010:12:41:19 +0200] "GET /img/schritt_3.gif HTTP/1.1" 400 329 "-" "Opera/9.80 (Windows NT 5.1; U; de) Presto/2.5.24 Version/10.53"
92.240.68.152 - - [24/May/2010:14:13:23 +0200] "GET http://www.hometips.com/catimages/012610_wood_shingle_roof.jpg HTTP/1.1" 404 346 "http://random.yahoo.com/fast/ryl" "webcollage/1.135a"
92.240.68.153 - - [24/May/2010:19:39:57 +0200] "GET http://www.geekalerts.com/u/ace-pilot.jpg HTTP/1.1" 404 325 "http://random.yahoo.com/fast/ryl" "webcollage/1.135a"
91.212.127.100 - - [24/May/2010:20:18:55 +0200] "GET http://allrequestsallowed.com/?PHPSESSID=5gh6ncjh00043SSQH_W_EFB%5C%5D%40 HTTP/1.1" 200 1229 "-" "Mozilla/5.0 (Windows; U; Windows NT 5.0; en-US; rv:1.8.1.12) Gecko/20080201 Firefox/2.0.0.12"
67.195.37.174 - - [24/May/2010:21:23:27 +0200] "GET /robots.txt HTTP/1.0" 404 322 "-" "Mozilla/5.0 (compatible; Yahoo! Slurp; http://help.yahoo.com/help/us/ysearch/slurp)"
67.195.37.174 - - [24/May/2010:21:23:28 +0200] "GET /fotoshow/fotoshow.htm HTTP/1.0" 404 333 "-" "Mozilla/5.0 (compatible; Yahoo! Slurp/3.0; http://help.yahoo.com/help/us/ysearch/slurp)"
92.240.68.153 - - [24/May/2010:22:32:50 +0200] "GET http://www.shanghaipeacehotel.com/jazz4.jpg HTTP/1.1" 404 327 "-" "webcollage/1.135a"
64.246.165.210 - - [25/May/2010:05:18:37 +0200] "GET /robots.txt HTTP/1.0" 404 322 "-" "Mozilla/5.0 (Windows; U; Windows NT 5.1; en; rv:1.9.0.13) Gecko/2009073022 Firefox/3.5.2 (.NET CLR 3.5.30729) SurveyBot/2.3 (DomainTools)"
64.246.165.210 - - [25/May/2010:05:18:37 +0200] "GET / HTTP/1.1" 200 1229 "http://whois.domaintools.com/boedenundmehr.de" "Mozilla/5.0 (Windows; U; Windows NT 5.1; en; rv:1.9.0.13) Gecko/2009073022 Firefox/3.5.2 (.NET CLR 3.5.30729) SurveyBot/2.3 (DomainTools)"
88.80.10.1 - - [25/May/2010:07:44:04 +0200] "GET http://88.80.10.1/pp/anp.php?a=VUVH_W_EFB%5C%5C%40&b=1155&c=0f47 HTTP/1.1" 404 312 "-" "Mozilla/4.0 (compatible; MSIE 6.0; Windows NT 5.1)"
195.127.173.170 - - [25/May/2010:08:09:51 +0200] "HEAD / HTTP/1.1" 200 - "-" "oBot"
195.127.173.170 - - [25/May/2010:12:06:43 +0200] "HEAD / HTTP/1.1" 200 - "-" "oBot"
77.104.217.233 - - [25/May/2010:14:20:28 +0200] "GET /w00tw00t.at.ISC.SANS.DFind:) HTTP/1.1" 400 329 "-" "-"
77.104.217.233 - - [25/May/2010:14:20:28 +0200] "GET /w00tw00t.at.ISC.SANS.DFind:) HTTP/1.1" 400 329 "-" "-"
77.104.217.233 - - [25/May/2010:14:20:28 +0200] "GET /w00tw00t.at.ISC.SANS.DFind:) HTTP/1.1" 400 329 "-" "-"
77.104.217.233 - - [25/May/2010:14:20:28 +0200] "GET /w00tw00t.at.ISC.SANS.DFind:) HTTP/1.1" 400 329 "-" "-"
77.104.217.233 - - [25/May/2010:14:20:28 +0200] "GET /w00tw00t.at.ISC.SANS.DFind:) HTTP/1.1" 400 329 "-" "-"
77.104.217.233 - - [25/May/2010:14:20:28 +0200] "GET /w00tw00t.at.ISC.SANS.DFind:) HTTP/1.1" 400 329 "-" "-"
77.104.217.233 - - [25/May/2010:14:20:28 +0200] "GET /w00tw00t.at.ISC.SANS.DFind:) HTTP/1.1" 400 329 "-" "-"
77.104.217.233 - - [25/May/2010:14:20:28 +0200] "GET /w00tw00t.at.ISC.SANS.DFind:) HTTP/1.1" 400 329 "-" "-"
77.104.217.233 - - [25/May/2010:14:20:28 +0200] "GET /w00tw00t.at.ISC.SANS.DFind:) HTTP/1.1" 400 329 "-" "-"
77.104.217.233 - - [25/May/2010:14:20:28 +0200] "GET /w00tw00t.at.ISC.SANS.DFind:) HTTP/1.1" 400 329 "-" "-"
77.104.217.233 - - [25/May/2010:14:20:28 +0200] "GET /w00tw00t.at.ISC.SANS.DFind:) HTTP/1.1" 400 329 "-" "-"
77.104.217.233 - - [25/May/2010:14:20:28 +0200] "GET /w00tw00t.at.ISC.SANS.DFind:) HTTP/1.1" 400 329 "-" "-"
77.104.217.233 - - [25/May/2010:14:20:28 +0200] "GET /w00tw00t.at.ISC.SANS.DFind:) HTTP/1.1" 400 329 "-" "-"
77.104.217.233 - - [25/May/2010:14:20:28 +0200] "GET /w00tw00t.at.ISC.SANS.DFind:) HTTP/1.1" 400 329 "-" "-"
77.104.217.233 - - [25/May/2010:14:20:28 +0200] "GET /w00tw00t.at.ISC.SANS.DFind:) HTTP/1.1" 400 329 "-" "-"
77.104.217.233 - - [25/May/2010:14:20:28 +0200] "GET /w00tw00t.at.ISC.SANS.DFind:) HTTP/1.1" 400 329 "-" "-"
77.104.217.233 - - [25/May/2010:14:20:31 +0200] "GET /w00tw00t.at.ISC.SANS.DFind:) HTTP/1.1" 400 329 "-" "-"
77.104.217.233 - - [25/May/2010:14:20:31 +0200] "GET /w00tw00t.at.ISC.SANS.DFind:) HTTP/1.1" 400 329 "-" "-"
92.240.68.153 - - [25/May/2010:19:54:24 +0200] "GET http://optics.kulgun.net/GreenClouds/white-cloud.jpg HTTP/1.1" 404 336 "http://www.altavista.com/image/randomlink" "webcollage/1.135a"
92.240.68.153 - - [25/May/2010:20:10:54 +0200] "GET http://www.h4x3d.com/feat/themes/tennis.jpg HTTP/1.1" 404 327 "http://www.altavista.com/image/randomlink" "webcollage/1.135a"
216.129.119.43 - - [25/May/2010:20:34:32 +0200] "GET /robots.txt HTTP/1.1" 404 322 "-" "Mozilla/5.0 (Twiceler-0.9 http://www.cuil.com/twiceler/robot.html)"
92.240.68.153 - - [25/May/2010:23:17:13 +0200] "GET http://www.ulster.ac.uk/sportscentre/try_martial_arts.jpg HTTP/1.1" 404 341 "-" "webcollage/1.135a"
66.235.124.8 - - [26/May/2010:00:24:33 +0200] "GET /robots.txt HTTP/1.1" 404 322 "-" "Mozilla/5.0 (compatible; Ask Jeeves/Teoma; +http://about.ask.com/en/docs/about/webmasters.shtml)"
66.235.124.8 - - [26/May/2010:00:24:34 +0200] "GET / HTTP/1.1" 200 1229 "-" "Mozilla/5.0 (compatible; Ask Jeeves/Teoma; +http://about.ask.com/en/docs/about/webmasters.shtml)"
83.133.125.202 - - [26/May/2010:05:42:27 +0200] "GET / HTTP/1.1" 200 1229 "http://www.bigfinder.de/index.php" "Mozilla/4.0 (compatible; MSIE 7.0; Windows NT 6.0; SLCC1; .NET CLR 2.0.50727; .NET CLR 3.0.04506)"
88.80.10.1 - - [26/May/2010:11:03:07 +0200] "GET http://88.80.10.1/pp/anp.php?a=VUVH_W_EFB%5C%5CO&b=1155&c=c8e8 HTTP/1.1" 404 312 "-" "Mozilla/4.0 (compatible; MSIE 6.0; Windows NT 5.1)"
92.240.68.152 - - [26/May/2010:13:53:44 +0200] "GET http://www.dominicwilcox.com/images/birdcage/bird.jpg HTTP/1.1" 404 337 "http://www.altavista.com/image/randomlink" "webcollage/1.135a"
87.172.188.31 - - [26/May/2010:14:36:58 +0200] "GET / HTTP/1.1" 200 1229 "http://www.gewusst-wo.de/?kw=Parkettarbeiten&cmd=hitlist&js=1&_rpage=COMMLIST&ctv=8423d1ef0d8a7446f95e430cc228bff66378a6c867ee543213ee663ef15d9218cd1fcdec20f6&kgs=11000000&_search=1" "Mozilla/5.0 (Macintosh; U; Intel Mac OS X 10_4_11; de-de) AppleWebKit/531.22.7 (KHTML, like Gecko) Version/4.0.5 Safari/531.22.7"
87.172.188.31 - - [26/May/2010:14:36:58 +0200] "GET /favicon.ico HTTP/1.1" 404 323 "http://www.boedenundmehr.de/" "Mozilla/5.0 (Macintosh; U; Intel Mac OS X 10_4_11; de-de) AppleWebKit/531.22.7 (KHTML, like Gecko) Version/4.0.5 Safari/531.22.7"
192.168.142.12 - - [26/May/2010:15:06:46 +0200] "GET /leistungen.htm HTTP/1.1" 404 326 "http://www.google.de/url?sa=t&source=web&ct=res&cd=1&ved=0CBkQFjAA&url=http%3A%2F%2Fwww.boedenundmehr.de%2Fleistungen.htm&rct=j&q=steinkrau%C3%9F+b%C3%B6den&ei=4hz9S6OlIMresgbAp7ifCA&usg=AFQjCNF5aPRl_373nrrazQMkfm3-k3vH1w" "Mozilla/4.0 (compatible; MSIE 8.0; Windows NT 6.0; Trident/4.0; SLCC1; .NET CLR 2.0.50727; Media Center PC 5.0; .NET CLR 3.5.30729; .NET CLR 3.0.30618)"
192.168.142.11 - - [26/May/2010:15:14:24 +0200] "GET /favicon.ico HTTP/1.1" 404 323 "-" "Mozilla/4.0 (compatible; MSIE 7.0; Windows NT 5.1; GTB6.4; .NET CLR 2.0.50727)"
192.168.142.11 - - [26/May/2010:15:14:24 +0200] "GET / HTTP/1.1" 200 1229 "http://www.gewusst-wo.de/Berlin/Fertigparkett/405bd2e90dd82712fa5e4159902bb6262a/detail/bebad7e90d892711ac5e430c9928b7f66278f4c860ee533248ee643ca3019740820894f8439eb6d533c3061e8524d7/" "Mozilla/4.0 (compatible; MSIE 7.0; Windows NT 5.1; GTB6.4; .NET CLR 2.0.50727)"
92.225.123.42 - - [26/May/2010:17:03:16 +0200] "GET / HTTP/1.1" 200 1229 "http://www.gewusst-wo.de/Berlin/Fertigparkett/405bd2e90dd82712fa5e4159902bb6262a/detail/bebad7e90d892711ac5e430c9928b7f66278f4c860ee533248ee643ca3019740820894f8439eb6d533c3061e8524d7/" "Mozilla/5.0 (Macintosh; U; Intel Mac OS X 10_5_8; de-de) AppleWebKit/531.22.7 (KHTML, like Gecko) Version/4.0.5 Safari/531.22.7"
92.225.123.42 - - [26/May/2010:17:03:16 +0200] "GET /favicon.ico HTTP/1.1" 404 323 "http://www.boedenundmehr.de/" "Mozilla/5.0 (Macintosh; U; Intel Mac OS X 10_5_8; de-de) AppleWebKit/531.22.7 (KHTML, like Gecko) Version/4.0.5 Safari/531.22.7"
92.225.123.42 - - [26/May/2010:17:03:34 +0200] "GET / HTTP/1.1" 200 1229 "-" "Mozilla/5.0 (Macintosh; U; Intel Mac OS X 10_5_8; de-de) AppleWebKit/531.22.7 (KHTML, like Gecko) Version/4.0.5 Safari/531.22.7"
92.225.123.42 - - [26/May/2010:17:03:37 +0200] "GET / HTTP/1.1" 200 1229 "-" "Mozilla/5.0 (Macintosh; U; Intel Mac OS X 10_5_8; de-de) AppleWebKit/531.22.7 (KHTML, like Gecko) Version/4.0.5 Safari/531.22.7"
84.189.190.200 - - [26/May/2010:19:15:16 +0200] "GET /impressum.htm HTTP/1.1" 404 325 "http://www.google.de/search?q=adrian+steinkrau%C3%9F+berlin&ie=utf-8&oe=utf-8&aq=t&rls=org.mozilla:de:official&client=firefox-a" "Mozilla/5.0 (Windows; U; Windows NT 6.1; de; rv:1.9.2.3) Gecko/20100401 Firefox/3.6.3"
84.189.190.200 - - [26/May/2010:19:15:16 +0200] "GET /favicon.ico HTTP/1.1" 404 323 "-" "Mozilla/5.0 (Windows; U; Windows NT 6.1; de; rv:1.9.2.3) Gecko/20100401 Firefox/3.6.3"
84.189.190.200 - - [26/May/2010:19:15:16 +0200] "GET /favicon.ico HTTP/1.1" 404 323 "-" "Mozilla/5.0 (Windows; U; Windows NT 6.1; de; rv:1.9.2.3) Gecko/20100401 Firefox/3.6.3"
84.189.190.200 - - [26/May/2010:19:15:19 +0200] "GET /favicon.ico HTTP/1.1" 404 323 "-" "Mozilla/5.0 (Windows; U; Windows NT 6.1; de; rv:1.9.2.3) Gecko/20100401 Firefox/3.6.3"
216.129.119.43 - - [26/May/2010:19:52:45 +0200] "GET /robots.txt HTTP/1.1" 404 322 "-" "Mozilla/5.0 (Twiceler-0.9 http://www.cuil.com/twiceler/robot.html)"
91.212.127.100 - - [27/May/2010:00:18:33 +0200] "GET http://allrequestsallowed.com/?PHPSESSID=5gh6ncjh00043SSQH_W_EFB%5C%5CC HTTP/1.1" 200 1229 "-" "Mozilla/5.0 (Windows; U; Windows NT 5.0; en-US; rv:1.8.1.12) Gecko/20080201 Firefox/2.0.0.12"
207.46.194.129 - - [27/May/2010:06:41:25 +0200] "GET /robots.txt HTTP/1.1" 404 322 "-" "msnbot-media/1.1 (+http://search.msn.com/msnbot.htm)"
207.46.194.129 - - [27/May/2010:06:41:25 +0200] "GET /images/headpic3.jpg HTTP/1.1" 404 331 "-" "msnbot-media/1.1 (+http://search.msn.com/msnbot.htm)"
62.117.13.181 - - [27/May/2010:11:43:29 +0200] "GET / HTTP/1.1" 200 1229 "http://www.gewusst-wo.de/Berlin/Fertigparkett/405bd2e90dd82712fa5e4159902bb6262a/detail/bebad7e90d892711ac5e430c9928b7f66278f4c860ee533248ee643ca3019740820894f8439eb6d533c3061e8524d7/" "Mozilla/4.0 (compatible; MSIE 8.0; Windows NT 6.1; WOW64; Trident/4.0; SLCC2; .NET CLR 2.0.50727; .NET CLR 3.5.30729; .NET CLR 3.0.30729; Media Center PC 6.0)"
86.56.24.104 - - [27/May/2010:12:58:32 +0200] "GET /img/gogreen_zertifikat.png HTTP/1.1" 400 329 "http://www.kennzeichenversand.de/index.php?action=list&command=selectCategory&component=categoryTree&categoryId=rootA&gclid=CInEtquU8qECFYuB3godpGfWmQ" "Mozilla/4.0 (compatible; MSIE 8.0; Windows NT 5.1; Trident/4.0; Mozilla/4.0 (compatible; MSIE 8.0; Win32; WEB.DE); (webde/1.1.0.21); .NET CLR 2.0.50727; .NET CLR 3.0.4506.2152; .NET CLR 3.5.30729; OfficeLiveConnector.1.4; OfficeLivePatch.1.3)"
88.80.10.1 - - [27/May/2010:14:09:22 +0200] "GET http://88.80.10.1/pp/anp.php?a=VUVH_W_EFB%5C%5DD&b=1155&c=8e25 HTTP/1.1" 404 312 "-" "Mozilla/4.0 (compatible; MSIE 6.0; Windows NT 5.1)"
88.80.10.1 - - [27/May/2010:15:24:46 +0200] "GET http://88.80.10.1/pp/anp.php?a=VUVH_W_EFB%5C%5CG&b=1155&c=adcf HTTP/1.1" 404 312 "-" "Mozilla/4.0 (compatible; MSIE 6.0; Windows NT 5.1)"
91.63.172.94 - - [27/May/2010:17:33:28 +0200] "GET / HTTP/1.1" 200 1229 "-" "Mozilla/5.0 (Windows; U; Windows NT 5.1; de; rv:1.9) Gecko/2008052906 Firefox/3.0 (.NET CLR 3.5.30729)"
91.63.172.94 - - [27/May/2010:17:33:28 +0200] "GET /favicon.ico HTTP/1.1" 404 323 "-" "Mozilla/5.0 (Windows; U; Windows NT 5.1; de; rv:1.9) Gecko/2008052906 Firefox/3.0 (.NET CLR 3.5.30729)"
91.63.172.94 - - [27/May/2010:17:33:31 +0200] "GET /favicon.ico HTTP/1.1" 404 323 "-" "Mozilla/5.0 (Windows; U; Windows NT 5.1; de; rv:1.9) Gecko/2008052906 Firefox/3.0 (.NET CLR 3.5.30729)"
91.63.172.94 - - [27/May/2010:17:34:08 +0200] "GET /favicon.ico HTTP/1.1" 404 323 "-" "Mozilla/5.0 (Windows; U; Windows NT 5.1; de; rv:1.9) Gecko/2008052906 Firefox/3.0 (.NET CLR 3.5.30729)"
216.129.119.43 - - [27/May/2010:19:56:21 +0200] "GET /robots.txt HTTP/1.1" 404 322 "-" "Mozilla/5.0 (Twiceler-0.9 http://www.cuil.com/twiceler/robot.html)"
91.62.112.242 - - [27/May/2010:21:51:45 +0200] "GET /img/wk_parkplatzschild.gif HTTP/1.1" 400 329 "-" "Opera/9.80 (Windows NT 6.1; U; de) Presto/2.5.22 Version/10.51"
201.234.204.140 - - [28/May/2010:04:22:49 +0200] "GET /e107/contact.php HTTP/1.1" 404 321 "-" "Mozilla/4.0 (compatible; MSIE 6.0; Windows 98)"
201.234.204.140 - - [28/May/2010:04:22:49 +0200] "GET /e107/contact.php HTTP/1.1" 404 321 "-" "Mozilla/4.0 (compatible; MSIE 6.0; Windows 98)"
201.234.204.140 - - [28/May/2010:04:22:49 +0200] "GET /e107/contact.php HTTP/1.1" 404 321 "-" "Mozilla/4.0 (compatible; MSIE 6.0; Windows 98)"
201.234.204.140 - - [28/May/2010:04:22:49 +0200] "GET /e107/contact.php HTTP/1.1" 404 321 "-" "Mozilla/4.0 (compatible; MSIE 6.0; Windows 98)"
201.234.204.140 - - [28/May/2010:04:22:49 +0200] "GET /e107/contact.php HTTP/1.1" 404 321 "-" "Mozilla/4.0 (compatible; MSIE 6.0; Windows 98)"
201.234.204.140 - - [28/May/2010:04:22:49 +0200] "GET /e107/contact.php HTTP/1.1" 404 321 "-" "Mozilla/4.0 (compatible; MSIE 6.0; Windows 98)"
201.234.204.140 - - [28/May/2010:04:22:49 +0200] "GET /e107/contact.php HTTP/1.1" 404 321 "-" "Mozilla/4.0 (compatible; MSIE 6.0; Windows 98)"
201.234.204.140 - - [28/May/2010:04:22:49 +0200] "GET /e107/contact.php HTTP/1.1" 404 321 "-" "Mozilla/4.0 (compatible; MSIE 6.0; Windows 98)"
201.234.204.140 - - [28/May/2010:04:22:49 +0200] "GET /e107/contact.php HTTP/1.1" 404 321 "-" "Mozilla/4.0 (compatible; MSIE 6.0; Windows 98)"
201.234.204.140 - - [28/May/2010:04:22:49 +0200] "GET /e107/contact.php HTTP/1.1" 404 321 "-" "Mozilla/4.0 (compatible; MSIE 6.0; Windows 98)"
201.234.204.140 - - [28/May/2010:04:22:50 +0200] "GET /e107/contact.php HTTP/1.1" 404 321 "-" "Mozilla/4.0 (compatible; MSIE 6.0; Windows 98)"
201.234.204.140 - - [28/May/2010:04:22:51 +0200] "GET /e107/contact.php HTTP/1.1" 404 321 "-" "Mozilla/4.0 (compatible; MSIE 6.0; Windows 98)"
201.234.204.140 - - [28/May/2010:04:22:51 +0200] "GET /e107/contact.php HTTP/1.1" 404 321 "-" "Mozilla/4.0 (compatible; MSIE 6.0; Windows 98)"
201.234.204.140 - - [28/May/2010:04:22:51 +0200] "GET /e107/contact.php HTTP/1.1" 404 321 "-" "Mozilla/4.0 (compatible; MSIE 6.0; Windows 98)"
201.234.204.140 - - [28/May/2010:04:22:51 +0200] "GET /e107/contact.php HTTP/1.1" 404 321 "-" "Mozilla/4.0 (compatible; MSIE 6.0; Windows 98)"
201.234.204.140 - - [28/May/2010:04:22:51 +0200] "GET /e107/contact.php HTTP/1.1" 404 321 "-" "Mozilla/4.0 (compatible; MSIE 6.0; Windows 98)"
201.234.204.140 - - [28/May/2010:04:22:51 +0200] "GET /e107/contact.php HTTP/1.1" 404 321 "-" "Mozilla/4.0 (compatible; MSIE 6.0; Windows 98)"
201.234.204.140 - - [28/May/2010:04:22:51 +0200] "GET /e107/contact.php HTTP/1.1" 404 321 "-" "Mozilla/4.0 (compatible; MSIE 6.0; Windows 98)"
201.234.204.140 - - [28/May/2010:04:22:51 +0200] "GET //contact.php HTTP/1.1" 404 316 "-" "Mozilla/4.0 (compatible; MSIE 6.0; Windows 98)"
201.234.204.140 - - [28/May/2010:04:22:51 +0200] "GET //contact.php HTTP/1.1" 404 316 "-" "Mozilla/4.0 (compatible; MSIE 6.0; Windows 98)"
201.234.204.140 - - [28/May/2010:04:22:51 +0200] "GET //contact.php HTTP/1.1" 404 316 "-" "Mozilla/4.0 (compatible; MSIE 6.0; Windows 98)"
201.234.204.140 - - [28/May/2010:04:22:51 +0200] "GET //contact.php HTTP/1.1" 404 316 "-" "Mozilla/4.0 (compatible; MSIE 6.0; Windows 98)"
201.234.204.140 - - [28/May/2010:04:22:51 +0200] "GET //contact.php HTTP/1.1" 404 316 "-" "Mozilla/4.0 (compatible; MSIE 6.0; Windows 98)"
201.234.204.140 - - [28/May/2010:04:22:51 +0200] "GET //contact.php HTTP/1.1" 404 316 "-" "Mozilla/4.0 (compatible; MSIE 6.0; Windows 98)"
201.234.204.140 - - [28/May/2010:04:22:51 +0200] "GET //contact.php HTTP/1.1" 404 316 "-" "Mozilla/4.0 (compatible; MSIE 6.0; Windows 98)"
201.234.204.140 - - [28/May/2010:04:22:51 +0200] "GET //contact.php HTTP/1.1" 404 316 "-" "Mozilla/4.0 (compatible; MSIE 6.0; Windows 98)"
201.234.204.140 - - [28/May/2010:04:22:51 +0200] "GET //contact.php HTTP/1.1" 404 316 "-" "Mozilla/4.0 (compatible; MSIE 6.0; Windows 98)"
201.234.204.140 - - [28/May/2010:04:22:51 +0200] "GET //contact.php HTTP/1.1" 404 316 "-" "Mozilla/4.0 (compatible; MSIE 6.0; Windows 98)"
201.234.204.140 - - [28/May/2010:04:22:51 +0200] "GET //contact.php HTTP/1.1" 404 316 "-" "Mozilla/4.0 (compatible; MSIE 6.0; Windows 98)"
201.234.204.140 - - [28/May/2010:04:22:52 +0200] "GET //contact.php HTTP/1.1" 404 316 "-" "Mozilla/4.0 (compatible; MSIE 6.0; Windows 98)"
201.234.204.140 - - [28/May/2010:04:22:52 +0200] "GET //contact.php HTTP/1.1" 404 316 "-" "Mozilla/4.0 (compatible; MSIE 6.0; Windows 98)"
201.234.204.140 - - [28/May/2010:04:22:52 +0200] "GET //contact.php HTTP/1.1" 404 316 "-" "Mozilla/4.0 (compatible; MSIE 6.0; Windows 98)"
201.234.204.140 - - [28/May/2010:04:22:52 +0200] "GET //contact.php HTTP/1.1" 404 316 "-" "Mozilla/4.0 (compatible; MSIE 6.0; Windows 98)"
201.234.204.140 - - [28/May/2010:04:22:52 +0200] "GET //contact.php HTTP/1.1" 404 316 "-" "Mozilla/4.0 (compatible; MSIE 6.0; Windows 98)"
201.234.204.140 - - [28/May/2010:04:22:52 +0200] "GET //contact.php HTTP/1.1" 404 316 "-" "Mozilla/4.0 (compatible; MSIE 6.0; Windows 98)"
201.234.204.140 - - [28/May/2010:04:22:52 +0200] "GET //contact.php HTTP/1.1" 404 316 "-" "Mozilla/4.0 (compatible; MSIE 6.0; Windows 98)"
66.235.124.8 - - [28/May/2010:04:51:09 +0200] "GET /robots.txt HTTP/1.1" 404 322 "-" "Mozilla/5.0 (compatible; Ask Jeeves/Teoma; +http://about.ask.com/en/docs/about/webmasters.shtml)"
66.235.124.8 - - [28/May/2010:04:51:09 +0200] "GET / HTTP/1.1" 200 1229 "-" "Mozilla/5.0 (compatible; Ask Jeeves/Teoma; +http://about.ask.com/en/docs/about/webmasters.shtml)"
65.55.3.177 - - [28/May/2010:05:30:33 +0200] "GET /robots.txt HTTP/1.1" 404 322 "-" "msnbot/2.0b (+http://search.msn.com/msnbot.htm)._"
65.55.3.177 - - [28/May/2010:05:30:34 +0200] "GET / HTTP/1.1" 200 1229 "-" "msnbot/2.0b (+http://search.msn.com/msnbot.htm)._"
92.240.68.153 - - [28/May/2010:05:47:26 +0200] "GET http://www.germes-online.com/direct/dbimage/50258655/Paper_Tea_Cups.jpg HTTP/1.1" 404 355 "-" "webcollage/1.135a"
207.46.199.251 - - [28/May/2010:06:23:25 +0200] "GET /robots.txt HTTP/1.1" 404 322 "-" "msnbot-media/1.1 (+http://search.msn.com/msnbot.htm)"
207.46.199.251 - - [28/May/2010:06:23:26 +0200] "GET /images/headpic2.jpg HTTP/1.1" 404 331 "-" "msnbot-media/1.1 (+http://search.msn.com/msnbot.htm)"
195.69.220.2 - - [28/May/2010:06:51:31 +0200] "GET /contact.php HTTP/1.1" 404 316 "-" "-"
195.69.220.2 - - [28/May/2010:06:51:31 +0200] "GET /contact.php HTTP/1.1" 404 316 "-" "-"
195.69.220.2 - - [28/May/2010:06:51:31 +0200] "GET /contact.php HTTP/1.1" 404 316 "-" "-"
195.69.220.2 - - [28/May/2010:06:51:31 +0200] "GET /contact.php HTTP/1.1" 404 316 "-" "-"
195.69.220.2 - - [28/May/2010:06:51:31 +0200] "GET /contact.php HTTP/1.1" 404 316 "-" "-"
195.69.220.2 - - [28/May/2010:06:51:31 +0200] "GET /contact.php HTTP/1.1" 404 316 "-" "-"
195.69.220.2 - - [28/May/2010:06:51:31 +0200] "GET /e107/contact.php HTTP/1.1" 404 321 "-" "-"
195.69.220.2 - - [28/May/2010:06:51:31 +0200] "GET /e107/contact.php HTTP/1.1" 404 321 "-" "-"
195.69.220.2 - - [28/May/2010:06:51:31 +0200] "GET /e107/contact.php HTTP/1.1" 404 321 "-" "-"
195.69.220.2 - - [28/May/2010:06:51:31 +0200] "GET /e107/contact.php HTTP/1.1" 404 321 "-" "-"
195.69.220.2 - - [28/May/2010:06:51:31 +0200] "GET /e107/contact.php HTTP/1.1" 404 321 "-" "-"
195.69.220.2 - - [28/May/2010:06:51:31 +0200] "GET /e107/contact.php HTTP/1.1" 404 321 "-" "-"
195.69.220.2 - - [28/May/2010:06:51:31 +0200] "GET /contact.php HTTP/1.1" 404 316 "-" "-"
195.69.220.2 - - [28/May/2010:06:51:31 +0200] "GET /contact.php HTTP/1.1" 404 316 "-" "-"
195.69.220.2 - - [28/May/2010:06:51:31 +0200] "GET /e107/contact.php HTTP/1.1" 404 321 "-" "-"
195.69.220.2 - - [28/May/2010:06:51:31 +0200] "GET /e107/contact.php HTTP/1.1" 404 321 "-" "-"
195.69.220.2 - - [28/May/2010:06:51:33 +0200] "GET /e107/contact.php HTTP/1.1" 404 321 "-" "-"
195.69.220.2 - - [28/May/2010:06:51:33 +0200] "GET /e107/contact.php HTTP/1.1" 404 321 "-" "-"
195.69.220.2 - - [28/May/2010:06:51:33 +0200] "GET /e107/contact.php HTTP/1.1" 404 321 "-" "-"
195.69.220.2 - - [28/May/2010:06:51:33 +0200] "GET /e107/contact.php HTTP/1.1" 404 321 "-" "-"
195.69.220.2 - - [28/May/2010:06:51:33 +0200] "GET /e107/contact.php HTTP/1.1" 404 321 "-" "-"
66.249.71.174 - - [28/May/2010:07:47:35 +0200] "GET /robots.txt HTTP/1.1" 404 322 "-" "Googlebot-Image/1.0"
66.249.71.174 - - [28/May/2010:07:47:35 +0200] "GET /fotos/thumbnails/fotogalerie_02.jpg HTTP/1.1" 404 347 "-" "Googlebot-Image/1.0"
70.16.145.127 - - [28/May/2010:12:40:40 +0200] "HEAD /phpmyadmin/scripts/setup.php HTTP/1.1" 404 - "-" "Mozilla/5.0 (Windows; U; Windows NT 5.1; en; rv:1.8.1.8) Gecko/20071008 Firefox/2.0.0.8"
70.16.145.127 - - [28/May/2010:13:06:31 +0200] "HEAD /phpmyadmin/scripts/setup.php HTTP/1.1" 404 - "-" "Mozilla/5.0 (Windows; U; Windows NT 5.1; en; rv:1.8.1.8) Gecko/20071008 Firefox/2.0.0.8"
70.16.145.127 - - [28/May/2010:15:17:23 +0200] "HEAD /phpmyadmin/scripts/setup.php HTTP/1.1" 404 - "-" "Mozilla/5.0 (Windows; U; Windows NT 5.1; en; rv:1.8.1.8) Gecko/20071008 Firefox/2.0.0.8"
92.240.68.152 - - [28/May/2010:15:36:43 +0200] "GET http://www.robertcampbellphotography.com/Images/Clouds/Clouds4.jpg HTTP/1.1" 404 350 "-" "webcollage/1.135a"
70.16.145.127 - - [28/May/2010:16:18:06 +0200] "HEAD /phpmyadmin/scripts/setup.php HTTP/1.1" 404 - "-" "Mozilla/5.0 (Windows; U; Windows NT 5.1; en; rv:1.8.1.8) Gecko/20071008 Firefox/2.0.0.8"
83.133.125.202 - - [28/May/2010:17:22:08 +0200] "GET / HTTP/1.1" 200 1229 "http://www.bigfinder.de/index.php" "Mozilla/3.01 (compatible;)"
88.80.10.1 - - [28/May/2010:18:28:49 +0200] "GET http://88.80.10.1/pp/anp.php?a=VUVH_W_EFB%5C%5CB&b=1155&c=8a94 HTTP/1.1" 404 312 "-" "Mozilla/4.0 (compatible; MSIE 6.0; Windows NT 5.1)"
70.16.145.127 - - [28/May/2010:18:53:53 +0200] "HEAD /phpmyadmin/scripts/setup.php HTTP/1.1" 404 - "-" "Mozilla/5.0 (Windows; U; Windows NT 5.1; en; rv:1.8.1.8) Gecko/20071008 Firefox/2.0.0.8"
79.240.10.73 - - [28/May/2010:20:04:51 +0200] "GET /img/wk_parkplatzschild.gif HTTP/1.1" 400 329 "-" "Opera/9.80 (Windows NT 6.1; U; de) Presto/2.5.24 Version/10.53"
70.16.145.127 - - [28/May/2010:20:17:54 +0200] "HEAD /phpmyadmin/scripts/setup.php HTTP/1.1" 404 - "-" "Mozilla/5.0 (Windows; U; Windows NT 5.1; en; rv:1.8.1.8) Gecko/20071008 Firefox/2.0.0.8"
216.129.119.43 - - [28/May/2010:20:40:37 +0200] "GET /robots.txt HTTP/1.1" 404 322 "-" "Mozilla/5.0 (Twiceler-0.9 http://www.cuil.com/twiceler/robot.html)"
92.240.68.152 - - [29/May/2010:00:04:02 +0200] "GET http://www.wisconsinforestry.org/images/Craft6.jpg HTTP/1.1" 404 334 "http://www.altavista.com/image/randomlink" "webcollage/1.135a"
83.133.125.202 - - [29/May/2010:02:23:38 +0200] "GET / HTTP/1.1" 200 1229 "http://www.bigfinder.de/index.php" "Mozilla/3.01 (compatible;)"
83.133.125.202 - - [29/May/2010:03:32:52 +0200] "GET / HTTP/1.1" 200 1229 "http://www.bigfinder.de/index.php" "Mozilla/4.0 (compatible; MSIE 7.0; Windows NT 5.1; .NET CLR 2.0.50727)"
70.16.145.127 - - [29/May/2010:04:01:24 +0200] "HEAD /phpmyadmin/scripts/setup.php HTTP/1.1" 404 - "-" "Mozilla/5.0 (Windows; U; Windows NT 5.1; en; rv:1.8.1.8) Gecko/20071008 Firefox/2.0.0.8"
83.133.125.202 - - [29/May/2010:05:01:28 +0200] "GET / HTTP/1.1" 200 1229 "http://www.bigfinder.de/index.php" "Mozilla/3.01 (compatible;)"
83.133.125.202 - - [29/May/2010:05:27:28 +0200] "GET / HTTP/1.1" 200 1229 "http://www.bigfinder.de/index.php" "Mozilla/3.01 (compatible;)"
195.127.173.169 - - [29/May/2010:06:01:48 +0200] "HEAD / HTTP/1.1" 200 - "-" "oBot"
70.16.145.127 - - [29/May/2010:06:13:55 +0200] "HEAD /phpmyadmin/scripts/setup.php HTTP/1.1" 404 - "-" "Mozilla/5.0 (Windows; U; Windows NT 5.1; en; rv:1.8.1.8) Gecko/20071008 Firefox/2.0.0.8"
70.16.145.127 - - [29/May/2010:06:38:22 +0200] "HEAD /phpmyadmin/scripts/setup.php HTTP/1.1" 404 - "-" "Mozilla/5.0 (Windows; U; Windows NT 5.1; en; rv:1.8.1.8) Gecko/20071008 Firefox/2.0.0.8"
70.16.145.127 - - [29/May/2010:07:07:11 +0200] "HEAD /phpmyadmin/scripts/setup.php HTTP/1.1" 404 - "-" "Mozilla/5.0 (Windows; U; Windows NT 5.1; en; rv:1.8.1.8) Gecko/20071008 Firefox/2.0.0.8"
70.16.145.127 - - [29/May/2010:07:15:38 +0200] "HEAD /phpmyadmin/scripts/setup.php HTTP/1.1" 404 - "-" "Mozilla/5.0 (Windows; U; Windows NT 5.1; en; rv:1.8.1.8) Gecko/20071008 Firefox/2.0.0.8"
83.133.125.202 - - [29/May/2010:07:59:21 +0200] "GET / HTTP/1.1" 200 1229 "http://www.bigfinder.de/index.php" "Mozilla/4.0 (compatible; MSIE 7.0; Windows NT 5.1; .NET CLR 2.0.50727)"
70.16.145.127 - - [29/May/2010:08:13:45 +0200] "HEAD /phpmyadmin/scripts/setup.php HTTP/1.1" 404 - "-" "Mozilla/5.0 (Windows; U; Windows NT 5.1; en; rv:1.8.1.8) Gecko/20071008 Firefox/2.0.0.8"
70.16.145.127 - - [29/May/2010:08:25:51 +0200] "HEAD /phpmyadmin/scripts/setup.php HTTP/1.1" 404 - "-" "Mozilla/5.0 (Windows; U; Windows NT 5.1; en; rv:1.8.1.8) Gecko/20071008 Firefox/2.0.0.8"
70.16.145.127 - - [29/May/2010:08:44:12 +0200] "HEAD /phpmyadmin/scripts/setup.php HTTP/1.1" 404 - "-" "Mozilla/5.0 (Windows; U; Windows NT 5.1; en; rv:1.8.1.8) Gecko/20071008 Firefox/2.0.0.8"
70.16.145.127 - - [29/May/2010:08:51:18 +0200] "HEAD /phpmyadmin/scripts/setup.php HTTP/1.1" 404 - "-" "Mozilla/5.0 (Windows; U; Windows NT 5.1; en; rv:1.8.1.8) Gecko/20071008 Firefox/2.0.0.8"
208.94.234.247 - - [29/May/2010:10:41:03 +0200] "GET /index.php?action=template&template=hilfe.php&sid=bfe4b3416fe36c563d36b43f69b8967a HTTP/1.1" 404 314 "-" "Mozilla/5.0 (Macintosh; U; Intel Mac OS X 10.5; en-US; rv:1.9.2.3) Gecko/20100401 Firefox/3.6.3"
70.16.145.127 - - [29/May/2010:10:41:18 +0200] "HEAD /phpmyadmin/scripts/setup.php HTTP/1.1" 404 - "-" "Mozilla/5.0 (Windows; U; Windows NT 5.1; en; rv:1.8.1.8) Gecko/20071008 Firefox/2.0.0.8"
70.16.145.127 - - [29/May/2010:10:47:25 +0200] "HEAD /phpmyadmin/scripts/setup.php HTTP/1.1" 404 - "-" "Mozilla/5.0 (Windows; U; Windows NT 5.1; en; rv:1.8.1.8) Gecko/20071008 Firefox/2.0.0.8"
67.195.113.224 - - [29/May/2010:13:25:15 +0200] "GET /robots.txt HTTP/1.0" 404 322 "-" "Mozilla/5.0 (compatible; Yahoo! Slurp; http://help.yahoo.com/help/us/ysearch/slurp)"
67.195.113.224 - - [29/May/2010:13:25:15 +0200] "GET / HTTP/1.0" 200 1229 "-" "Mozilla/5.0 (compatible; Yahoo! Slurp/3.0; http://help.yahoo.com/help/us/ysearch/slurp)"
217.73.1.16 - - [29/May/2010:15:35:46 +0200] "GET /w00tw00t.at.ISC.SANS.DFind:) HTTP/1.1" 400 329 "-" "-"
217.73.1.16 - - [29/May/2010:15:35:46 +0200] "GET /w00tw00t.at.ISC.SANS.DFind:) HTTP/1.1" 400 329 "-" "-"
217.73.1.16 - - [29/May/2010:15:35:46 +0200] "GET /w00tw00t.at.ISC.SANS.DFind:) HTTP/1.1" 400 329 "-" "-"
217.73.1.16 - - [29/May/2010:15:35:46 +0200] "GET /w00tw00t.at.ISC.SANS.DFind:) HTTP/1.1" 400 329 "-" "-"
217.73.1.16 - - [29/May/2010:15:35:46 +0200] "GET /w00tw00t.at.ISC.SANS.DFind:) HTTP/1.1" 400 329 "-" "-"
217.73.1.16 - - [29/May/2010:15:35:46 +0200] "GET /w00tw00t.at.ISC.SANS.DFind:) HTTP/1.1" 400 329 "-" "-"
217.73.1.16 - - [29/May/2010:15:35:46 +0200] "GET /w00tw00t.at.ISC.SANS.DFind:) HTTP/1.1" 400 329 "-" "-"
217.73.1.16 - - [29/May/2010:15:35:46 +0200] "GET /w00tw00t.at.ISC.SANS.DFind:) HTTP/1.1" 400 329 "-" "-"
217.73.1.16 - - [29/May/2010:15:35:46 +0200] "GET /w00tw00t.at.ISC.SANS.DFind:) HTTP/1.1" 400 329 "-" "-"
217.73.1.16 - - [29/May/2010:15:35:46 +0200] "GET /w00tw00t.at.ISC.SANS.DFind:) HTTP/1.1" 400 329 "-" "-"
217.73.1.16 - - [29/May/2010:15:35:46 +0200] "GET /w00tw00t.at.ISC.SANS.DFind:) HTTP/1.1" 400 329 "-" "-"
217.73.1.16 - - [29/May/2010:15:35:46 +0200] "GET /w00tw00t.at.ISC.SANS.DFind:) HTTP/1.1" 400 329 "-" "-"
217.73.1.16 - - [29/May/2010:15:35:46 +0200] "GET /w00tw00t.at.ISC.SANS.DFind:) HTTP/1.1" 400 329 "-" "-"
217.73.1.16 - - [29/May/2010:15:35:46 +0200] "GET /w00tw00t.at.ISC.SANS.DFind:) HTTP/1.1" 400 329 "-" "-"
217.73.1.16 - - [29/May/2010:15:35:46 +0200] "GET /w00tw00t.at.ISC.SANS.DFind:) HTTP/1.1" 400 329 "-" "-"
217.73.1.16 - - [29/May/2010:15:35:46 +0200] "GET /w00tw00t.at.ISC.SANS.DFind:) HTTP/1.1" 400 329 "-" "-"
217.73.1.16 - - [29/May/2010:15:35:46 +0200] "GET /w00tw00t.at.ISC.SANS.DFind:) HTTP/1.1" 400 329 "-" "-"
217.73.1.16 - - [29/May/2010:15:35:46 +0200] "GET /w00tw00t.at.ISC.SANS.DFind:) HTTP/1.1" 400 329 "-" "-"
216.129.119.43 - - [29/May/2010:20:40:53 +0200] "GET /robots.txt HTTP/1.1" 404 322 "-" "Mozilla/5.0 (Twiceler-0.9 http://www.cuil.com/twiceler/robot.html)"
88.80.10.1 - - [29/May/2010:21:44:21 +0200] "GET http://88.80.10.1/pp/anp.php?a=VUVH_W_EFB%5C%5CA&b=1155&c=85df HTTP/1.1" 404 312 "-" "Mozilla/4.0 (compatible; MSIE 6.0; Windows NT 5.1)"
83.133.125.202 - - [29/May/2010:23:55:30 +0200] "GET / HTTP/1.1" 200 1229 "http://www.bigfinder.de/index.php" "T-Online Browser (Windows NT 5.1; U; de)"
24.173.124.246 - - [30/May/2010:08:04:12 +0200] "GET /w00tw00t.at.ISC.SANS.DFind:) HTTP/1.1" 400 329 "-" "-"
24.173.124.246 - - [30/May/2010:08:04:12 +0200] "GET /w00tw00t.at.ISC.SANS.DFind:) HTTP/1.1" 400 329 "-" "-"
24.173.124.246 - - [30/May/2010:08:04:12 +0200] "GET /w00tw00t.at.ISC.SANS.DFind:) HTTP/1.1" 400 329 "-" "-"
24.173.124.246 - - [30/May/2010:08:04:12 +0200] "GET /w00tw00t.at.ISC.SANS.DFind:) HTTP/1.1" 400 329 "-" "-"
24.173.124.246 - - [30/May/2010:08:04:12 +0200] "GET /w00tw00t.at.ISC.SANS.DFind:) HTTP/1.1" 400 329 "-" "-"
24.173.124.246 - - [30/May/2010:08:04:12 +0200] "GET /w00tw00t.at.ISC.SANS.DFind:) HTTP/1.1" 400 329 "-" "-"
24.173.124.246 - - [30/May/2010:08:04:12 +0200] "GET /w00tw00t.at.ISC.SANS.DFind:) HTTP/1.1" 400 329 "-" "-"
24.173.124.246 - - [30/May/2010:08:04:12 +0200] "GET /w00tw00t.at.ISC.SANS.DFind:) HTTP/1.1" 400 329 "-" "-"
24.173.124.246 - - [30/May/2010:08:04:12 +0200] "GET /w00tw00t.at.ISC.SANS.DFind:) HTTP/1.1" 400 329 "-" "-"
24.173.124.246 - - [30/May/2010:08:04:12 +0200] "GET /w00tw00t.at.ISC.SANS.DFind:) HTTP/1.1" 400 329 "-" "-"
24.173.124.246 - - [30/May/2010:08:04:13 +0200] "GET /w00tw00t.at.ISC.SANS.DFind:) HTTP/1.1" 400 329 "-" "-"
24.173.124.246 - - [30/May/2010:08:04:13 +0200] "GET /w00tw00t.at.ISC.SANS.DFind:) HTTP/1.1" 400 329 "-" "-"
24.173.124.246 - - [30/May/2010:08:04:13 +0200] "GET /w00tw00t.at.ISC.SANS.DFind:) HTTP/1.1" 400 329 "-" "-"
24.173.124.246 - - [30/May/2010:08:04:13 +0200] "GET /w00tw00t.at.ISC.SANS.DFind:) HTTP/1.1" 400 329 "-" "-"
24.173.124.246 - - [30/May/2010:08:04:13 +0200] "GET /w00tw00t.at.ISC.SANS.DFind:) HTTP/1.1" 400 329 "-" "-"
24.173.124.246 - - [30/May/2010:08:04:13 +0200] "GET /w00tw00t.at.ISC.SANS.DFind:) HTTP/1.1" 400 329 "-" "-"
24.173.124.246 - - [30/May/2010:08:04:13 +0200] "GET /w00tw00t.at.ISC.SANS.DFind:) HTTP/1.1" 400 329 "-" "-"
24.173.124.246 - - [30/May/2010:08:04:13 +0200] "GET /w00tw00t.at.ISC.SANS.DFind:) HTTP/1.1" 400 329 "-" "-"
213.253.181.61 - - [30/May/2010:08:16:32 +0200] "GET /w00tw00t.at.ISC.SANS.DFind:) HTTP/1.1" 400 329 "-" "-"
213.253.181.61 - - [30/May/2010:08:16:32 +0200] "GET /w00tw00t.at.ISC.SANS.DFind:) HTTP/1.1" 400 329 "-" "-"
213.253.181.61 - - [30/May/2010:08:16:32 +0200] "GET /w00tw00t.at.ISC.SANS.DFind:) HTTP/1.1" 400 329 "-" "-"
213.253.181.61 - - [30/May/2010:08:16:32 +0200] "GET /w00tw00t.at.ISC.SANS.DFind:) HTTP/1.1" 400 329 "-" "-"
213.253.181.61 - - [30/May/2010:08:16:32 +0200] "GET /w00tw00t.at.ISC.SANS.DFind:) HTTP/1.1" 400 329 "-" "-"
213.253.181.61 - - [30/May/2010:08:16:32 +0200] "GET /w00tw00t.at.ISC.SANS.DFind:) HTTP/1.1" 400 329 "-" "-"
213.253.181.61 - - [30/May/2010:08:16:32 +0200] "GET /w00tw00t.at.ISC.SANS.DFind:) HTTP/1.1" 400 329 "-" "-"
213.253.181.61 - - [30/May/2010:08:16:32 +0200] "GET /w00tw00t.at.ISC.SANS.DFind:) HTTP/1.1" 400 329 "-" "-"
213.253.181.61 - - [30/May/2010:08:16:32 +0200] "GET /w00tw00t.at.ISC.SANS.DFind:) HTTP/1.1" 400 329 "-" "-"
213.253.181.61 - - [30/May/2010:08:16:32 +0200] "GET /w00tw00t.at.ISC.SANS.DFind:) HTTP/1.1" 400 329 "-" "-"
213.253.181.61 - - [30/May/2010:08:16:32 +0200] "GET /w00tw00t.at.ISC.SANS.DFind:) HTTP/1.1" 400 329 "-" "-"
213.253.181.61 - - [30/May/2010:08:16:32 +0200] "GET /w00tw00t.at.ISC.SANS.DFind:) HTTP/1.1" 400 329 "-" "-"
213.253.181.61 - - [30/May/2010:08:16:32 +0200] "GET /w00tw00t.at.ISC.SANS.DFind:) HTTP/1.1" 400 329 "-" "-"
213.253.181.61 - - [30/May/2010:08:16:32 +0200] "GET /w00tw00t.at.ISC.SANS.DFind:) HTTP/1.1" 400 329 "-" "-"
213.253.181.61 - - [30/May/2010:08:16:32 +0200] "GET /w00tw00t.at.ISC.SANS.DFind:) HTTP/1.1" 400 329 "-" "-"
213.253.181.61 - - [30/May/2010:08:16:32 +0200] "GET /w00tw00t.at.ISC.SANS.DFind:) HTTP/1.1" 400 329 "-" "-"
213.253.181.61 - - [30/May/2010:08:16:32 +0200] "GET /w00tw00t.at.ISC.SANS.DFind:) HTTP/1.1" 400 329 "-" "-"
213.253.181.61 - - [30/May/2010:08:16:32 +0200] "GET /w00tw00t.at.ISC.SANS.DFind:) HTTP/1.1" 400 329 "-" "-"
67.195.113.224 - - [30/May/2010:10:35:20 +0200] "GET /robots.txt HTTP/1.0" 404 322 "-" "Mozilla/5.0 (compatible; Yahoo! Slurp; http://help.yahoo.com/help/us/ysearch/slurp)"
67.195.113.224 - - [30/May/2010:10:35:21 +0200] "GET /trittschall.htm HTTP/1.0" 404 327 "-" "Mozilla/5.0 (compatible; Yahoo! Slurp/3.0; http://help.yahoo.com/help/us/ysearch/slurp)"
92.240.68.152 - - [30/May/2010:11:36:46 +0200] "GET http://www.treehugger.com/air-motorcycle-002.jpg HTTP/1.1" 404 332 "http://random.yahoo.com/fast/ryl" "webcollage/1.135a"
91.212.127.100 - - [30/May/2010:13:38:41 +0200] "GET http://allrequestsallowed.com/?PHPSESSID=5gh6ncjh00043SSQH_W_EFB%5C%5DA HTTP/1.1" 200 1229 "-" "Mozilla/5.0 (Windows; U; Windows NT 5.0; en-US; rv:1.8.1.12) Gecko/20080201 Firefox/2.0.0.12"
79.190.115.83 - - [30/May/2010:19:21:37 +0200] "GET HTTP/1.1 HTTP/1.1" 400 333 "-" "Mozilla/4.0 (compatible; MSIE 6.0; Windows 98)"
79.190.115.83 - - [30/May/2010:19:21:38 +0200] "GET /e107/contact.php HTTP/1.1" 404 321 "-" "Mozilla/4.0 (compatible; MSIE 6.0; Windows 98)"
95.108.158.134 - - [30/May/2010:19:34:46 +0200] "GET /robots.txt HTTP/1.1" 404 322 "-" "Yandex/1.01.001 (compatible; Win16; I)"
216.129.119.43 - - [30/May/2010:20:11:10 +0200] "GET /robots.txt HTTP/1.1" 404 322 "-" "Mozilla/5.0 (Twiceler-0.9 http://www.cuil.com/twiceler/robot.html)"
79.190.115.83 - - [30/May/2010:20:20:57 +0200] "GET /thisdoesnotexistahaha.php HTTP/1.1" 404 330 "-" "Mozilla/4.0 (compatible; MSIE 6.0; Windows 98)"
79.190.115.83 - - [30/May/2010:20:20:57 +0200] "GET /thisdoesnotexistahaha.php HTTP/1.1" 404 330 "-" "Mozilla/4.0 (compatible; MSIE 6.0; Windows 98)"
79.190.115.83 - - [30/May/2010:20:20:57 +0200] "GET /thisdoesnotexistahaha.php HTTP/1.1" 404 330 "-" "Mozilla/4.0 (compatible; MSIE 6.0; Windows 98)"
79.190.115.83 - - [30/May/2010:20:20:57 +0200] "GET /thisdoesnotexistahaha.php HTTP/1.1" 404 330 "-" "Mozilla/4.0 (compatible; MSIE 6.0; Windows 98)"
79.190.115.83 - - [30/May/2010:20:20:58 +0200] "GET /e107/contact.php HTTP/1.1" 404 321 "-" "Mozilla/4.0 (compatible; MSIE 6.0; Windows 98)"
79.190.115.83 - - [30/May/2010:20:20:58 +0200] "GET /e107/contact.php HTTP/1.1" 404 321 "-" "Mozilla/4.0 (compatible; MSIE 6.0; Windows 98)"
79.190.115.83 - - [30/May/2010:20:20:58 +0200] "GET /e107/contact.php HTTP/1.1" 404 321 "-" "Mozilla/4.0 (compatible; MSIE 6.0; Windows 98)"
79.190.115.83 - - [30/May/2010:20:20:58 +0200] "GET /e107/contact.php HTTP/1.1" 404 321 "-" "Mozilla/4.0 (compatible; MSIE 6.0; Windows 98)"
91.212.127.100 - - [30/May/2010:22:38:24 +0200] "GET http://allrequestsallowed.com/?PHPSESSID=5gh6ncjh00043SSQH_W_EFB%5C%5CF HTTP/1.1" 200 1229 "-" "Mozilla/5.0 (Windows; U; Windows NT 5.0; en-US; rv:1.8.1.12) Gecko/20080201 Firefox/2.0.0.12"
216.129.119.43 - - [30/May/2010:23:34:21 +0200] "GET / HTTP/1.1" 200 1229 "-" "Mozilla/5.0 (Twiceler-0.9 http://www.cuil.com/twiceler/robot.html)"
64.22.75.195 - - [31/May/2010:07:09:48 +0200] "GET /w00tw00t.at.ISC.SANS.test0:) HTTP/1.1" 400 329 "-" "-"
64.22.75.195 - - [31/May/2010:07:09:48 +0200] "GET /w00tw00t.at.ISC.SANS.test0:) HTTP/1.1" 400 329 "-" "-"
64.22.75.195 - - [31/May/2010:07:09:48 +0200] "GET /w00tw00t.at.ISC.SANS.test0:) HTTP/1.1" 400 329 "-" "-"
64.22.75.195 - - [31/May/2010:07:09:48 +0200] "GET /w00tw00t.at.ISC.SANS.test0:) HTTP/1.1" 400 329 "-" "-"
64.22.75.195 - - [31/May/2010:07:09:48 +0200] "GET /w00tw00t.at.ISC.SANS.test0:) HTTP/1.1" 400 329 "-" "-"
64.22.75.195 - - [31/May/2010:07:09:48 +0200] "GET /w00tw00t.at.ISC.SANS.test0:) HTTP/1.1" 400 329 "-" "-"
64.22.75.195 - - [31/May/2010:07:09:48 +0200] "GET /w00tw00t.at.ISC.SANS.test0:) HTTP/1.1" 400 329 "-" "-"
207.46.194.114 - - [31/May/2010:07:16:14 +0200] "GET /robots.txt HTTP/1.1" 404 322 "-" "msnbot-media/1.1 (+http://search.msn.com/msnbot.htm)"
207.46.194.114 - - [31/May/2010:07:16:14 +0200] "GET /fotos/kompass.jpg HTTP/1.1" 404 329 "-" "msnbot-media/1.1 (+http://search.msn.com/msnbot.htm)"
82.165.130.74 - - [31/May/2010:08:00:27 +0200] "GET /roundcubemail/README HTTP/1.1" 404 325 "-" "Morfeus strikes again."
82.165.130.74 - - [31/May/2010:08:00:27 +0200] "GET /roundcubemail/README HTTP/1.1" 404 325 "-" "Morfeus strikes again."
82.165.130.74 - - [31/May/2010:08:00:27 +0200] "GET /roundcubemail/README HTTP/1.1" 404 325 "-" "Morfeus strikes again."
82.165.130.74 - - [31/May/2010:08:00:27 +0200] "GET /roundcubemail/README HTTP/1.1" 404 325 "-" "Morfeus strikes again."
82.165.130.74 - - [31/May/2010:08:00:27 +0200] "GET /roundcubemail/README HTTP/1.1" 404 325 "-" "Morfeus strikes again."
82.165.130.74 - - [31/May/2010:08:00:27 +0200] "GET /roundcubemail/README HTTP/1.1" 404 325 "-" "Morfeus strikes again."
82.165.130.74 - - [31/May/2010:08:00:27 +0200] "GET /roundcubemail/README HTTP/1.1" 404 325 "-" "Morfeus strikes again."
82.165.130.74 - - [31/May/2010:08:00:27 +0200] "GET /roundcubemail/README HTTP/1.1" 404 325 "-" "Morfeus strikes again."
82.165.130.74 - - [31/May/2010:08:00:27 +0200] "GET /roundcubemail/README HTTP/1.1" 404 325 "-" "Morfeus strikes again."
82.165.130.74 - - [31/May/2010:08:00:27 +0200] "GET /roundcubemail/README HTTP/1.1" 404 325 "-" "Morfeus strikes again."
82.165.130.74 - - [31/May/2010:08:00:27 +0200] "GET /roundcubemail/README HTTP/1.1" 404 325 "-" "Morfeus strikes again."
82.165.130.74 - - [31/May/2010:08:00:28 +0200] "GET /roundcubemail/README HTTP/1.1" 404 325 "-" "Morfeus strikes again."
82.165.130.74 - - [31/May/2010:08:00:28 +0200] "GET /roundcubemail/README HTTP/1.1" 404 325 "-" "Morfeus strikes again."
82.165.130.74 - - [31/May/2010:08:00:29 +0200] "GET /roundcubemail/README HTTP/1.1" 404 325 "-" "Morfeus strikes again."
82.165.130.74 - - [31/May/2010:08:00:29 +0200] "GET /roundcubemail/README HTTP/1.1" 404 325 "-" "Morfeus strikes again."
82.165.130.74 - - [31/May/2010:08:00:29 +0200] "GET /rc/README HTTP/1.1" 404 314 "-" "Morfeus strikes again."
82.165.130.74 - - [31/May/2010:08:00:29 +0200] "GET /roundcubemail/README HTTP/1.1" 404 325 "-" "Morfeus strikes again."
82.165.130.74 - - [31/May/2010:08:00:29 +0200] "GET /roundcubemail/README HTTP/1.1" 404 325 "-" "Morfeus strikes again."
82.165.130.74 - - [31/May/2010:08:00:29 +0200] "GET /roundcubemail/README HTTP/1.1" 404 325 "-" "Morfeus strikes again."
82.165.130.74 - - [31/May/2010:08:00:29 +0200] "GET /rc/README HTTP/1.1" 404 314 "-" "Morfeus strikes again."
82.165.130.74 - - [31/May/2010:08:00:29 +0200] "GET /rc/README HTTP/1.1" 404 314 "-" "Morfeus strikes again."
82.165.130.74 - - [31/May/2010:08:00:29 +0200] "GET /rc/README HTTP/1.1" 404 314 "-" "Morfeus strikes again."
82.165.130.74 - - [31/May/2010:08:00:29 +0200] "GET /rc/README HTTP/1.1" 404 314 "-" "Morfeus strikes again."
82.165.130.74 - - [31/May/2010:08:00:29 +0200] "GET /rc/README HTTP/1.1" 404 314 "-" "Morfeus strikes again."
82.165.130.74 - - [31/May/2010:08:00:29 +0200] "GET /rc/README HTTP/1.1" 404 314 "-" "Morfeus strikes again."
82.165.130.74 - - [31/May/2010:08:00:29 +0200] "GET /rc/README HTTP/1.1" 404 314 "-" "Morfeus strikes again."
82.165.130.74 - - [31/May/2010:08:00:29 +0200] "GET /rc/README HTTP/1.1" 404 314 "-" "Morfeus strikes again."
82.165.130.74 - - [31/May/2010:08:00:29 +0200] "GET /rc/README HTTP/1.1" 404 314 "-" "Morfeus strikes again."
82.165.130.74 - - [31/May/2010:08:00:30 +0200] "GET /rc/README HTTP/1.1" 404 314 "-" "Morfeus strikes again."
82.165.130.74 - - [31/May/2010:08:00:30 +0200] "GET /rc/README HTTP/1.1" 404 314 "-" "Morfeus strikes again."
82.165.130.74 - - [31/May/2010:08:00:30 +0200] "GET /rc/README HTTP/1.1" 404 314 "-" "Morfeus strikes again."
82.165.130.74 - - [31/May/2010:08:00:30 +0200] "GET /rc/README HTTP/1.1" 404 314 "-" "Morfeus strikes again."
82.165.130.74 - - [31/May/2010:08:00:30 +0200] "GET /rc/README HTTP/1.1" 404 314 "-" "Morfeus strikes again."
82.165.130.74 - - [31/May/2010:08:00:30 +0200] "GET /webmail/README HTTP/1.1" 404 319 "-" "Morfeus strikes again."
82.165.130.74 - - [31/May/2010:08:00:30 +0200] "GET /rc/README HTTP/1.1" 404 314 "-" "Morfeus strikes again."
82.165.130.74 - - [31/May/2010:08:00:30 +0200] "GET /rc/README HTTP/1.1" 404 314 "-" "Morfeus strikes again."
82.165.130.74 - - [31/May/2010:08:00:30 +0200] "GET /rc/README HTTP/1.1" 404 314 "-" "Morfeus strikes again."
82.165.130.74 - - [31/May/2010:08:00:30 +0200] "GET /webmail/README HTTP/1.1" 404 319 "-" "Morfeus strikes again."
82.165.130.74 - - [31/May/2010:08:00:31 +0200] "GET /webmail/README HTTP/1.1" 404 319 "-" "Morfeus strikes again."
82.165.130.74 - - [31/May/2010:08:00:31 +0200] "GET /webmail/README HTTP/1.1" 404 319 "-" "Morfeus strikes again."
82.165.130.74 - - [31/May/2010:08:00:31 +0200] "GET /webmail/README HTTP/1.1" 404 319 "-" "Morfeus strikes again."
82.165.130.74 - - [31/May/2010:08:00:31 +0200] "GET /webmail/README HTTP/1.1" 404 319 "-" "Morfeus strikes again."
82.165.130.74 - - [31/May/2010:08:00:31 +0200] "GET /webmail/README HTTP/1.1" 404 319 "-" "Morfeus strikes again."
82.165.130.74 - - [31/May/2010:08:00:31 +0200] "GET /webmail/README HTTP/1.1" 404 319 "-" "Morfeus strikes again."
82.165.130.74 - - [31/May/2010:08:00:31 +0200] "GET /webmail/README HTTP/1.1" 404 319 "-" "Morfeus strikes again."
82.165.130.74 - - [31/May/2010:08:00:31 +0200] "GET /webmail/README HTTP/1.1" 404 319 "-" "Morfeus strikes again."
82.165.130.74 - - [31/May/2010:08:00:31 +0200] "GET /webmail/README HTTP/1.1" 404 319 "-" "Morfeus strikes again."
82.165.130.74 - - [31/May/2010:08:00:31 +0200] "GET /webmail/README HTTP/1.1" 404 319 "-" "Morfeus strikes again."
82.165.130.74 - - [31/May/2010:08:00:31 +0200] "GET /webmail/README HTTP/1.1" 404 319 "-" "Morfeus strikes again."
82.165.130.74 - - [31/May/2010:08:00:31 +0200] "GET /webmail/README HTTP/1.1" 404 319 "-" "Morfeus strikes again."
82.165.130.74 - - [31/May/2010:08:00:31 +0200] "GET /webmail/README HTTP/1.1" 404 319 "-" "Morfeus strikes again."
82.165.130.74 - - [31/May/2010:08:00:31 +0200] "GET /roundcube/README HTTP/1.1" 404 321 "-" "Morfeus strikes again."
82.165.130.74 - - [31/May/2010:08:00:31 +0200] "GET /webmail/README HTTP/1.1" 404 319 "-" "Morfeus strikes again."
82.165.130.74 - - [31/May/2010:08:00:31 +0200] "GET /webmail/README HTTP/1.1" 404 319 "-" "Morfeus strikes again."
82.165.130.74 - - [31/May/2010:08:00:31 +0200] "GET /webmail/README HTTP/1.1" 404 319 "-" "Morfeus strikes again."
82.165.130.74 - - [31/May/2010:08:00:31 +0200] "GET /roundcube/README HTTP/1.1" 404 321 "-" "Morfeus strikes again."
82.165.130.74 - - [31/May/2010:08:00:31 +0200] "GET /roundcube/README HTTP/1.1" 404 321 "-" "Morfeus strikes again."
82.165.130.74 - - [31/May/2010:08:00:31 +0200] "GET /roundcube/README HTTP/1.1" 404 321 "-" "Morfeus strikes again."
82.165.130.74 - - [31/May/2010:08:00:31 +0200] "GET /roundcube/README HTTP/1.1" 404 321 "-" "Morfeus strikes again."
82.165.130.74 - - [31/May/2010:08:00:31 +0200] "GET /roundcube/README HTTP/1.1" 404 321 "-" "Morfeus strikes again."
82.165.130.74 - - [31/May/2010:08:00:31 +0200] "GET /roundcube/README HTTP/1.1" 404 321 "-" "Morfeus strikes again."
82.165.130.74 - - [31/May/2010:08:00:31 +0200] "GET /roundcube/README HTTP/1.1" 404 321 "-" "Morfeus strikes again."
82.165.130.74 - - [31/May/2010:08:00:31 +0200] "GET /roundcube/README HTTP/1.1" 404 321 "-" "Morfeus strikes again."
82.165.130.74 - - [31/May/2010:08:00:31 +0200] "GET /roundcube/README HTTP/1.1" 404 321 "-" "Morfeus strikes again."
82.165.130.74 - - [31/May/2010:08:00:31 +0200] "GET /roundcube/README HTTP/1.1" 404 321 "-" "Morfeus strikes again."
82.165.130.74 - - [31/May/2010:08:00:31 +0200] "GET /roundcube/README HTTP/1.1" 404 321 "-" "Morfeus strikes again."
82.165.130.74 - - [31/May/2010:08:00:31 +0200] "GET /roundcube/README HTTP/1.1" 404 321 "-" "Morfeus strikes again."
82.165.130.74 - - [31/May/2010:08:00:31 +0200] "GET /roundcube/README HTTP/1.1" 404 321 "-" "Morfeus strikes again."
82.165.130.74 - - [31/May/2010:08:00:31 +0200] "GET /roundcube/README HTTP/1.1" 404 321 "-" "Morfeus strikes again."
82.165.130.74 - - [31/May/2010:08:00:32 +0200] "GET /roundcube/README HTTP/1.1" 404 321 "-" "Morfeus strikes again."
82.165.130.74 - - [31/May/2010:08:00:32 +0200] "GET /mail/README HTTP/1.1" 404 316 "-" "Morfeus strikes again."
82.165.130.74 - - [31/May/2010:08:00:32 +0200] "GET /roundcube/README HTTP/1.1" 404 321 "-" "Morfeus strikes again."
82.165.130.74 - - [31/May/2010:08:00:32 +0200] "GET /mail/README HTTP/1.1" 404 316 "-" "Morfeus strikes again."
82.165.130.74 - - [31/May/2010:08:00:32 +0200] "GET /roundcube/README HTTP/1.1" 404 321 "-" "Morfeus strikes again."
82.165.130.74 - - [31/May/2010:08:00:32 +0200] "GET /mail/README HTTP/1.1" 404 316 "-" "Morfeus strikes again."
82.165.130.74 - - [31/May/2010:08:00:32 +0200] "GET /mail/README HTTP/1.1" 404 316 "-" "Morfeus strikes again."
82.165.130.74 - - [31/May/2010:08:00:32 +0200] "GET /mail/README HTTP/1.1" 404 316 "-" "Morfeus strikes again."
82.165.130.74 - - [31/May/2010:08:00:32 +0200] "GET /mail/README HTTP/1.1" 404 316 "-" "Morfeus strikes again."
82.165.130.74 - - [31/May/2010:08:00:32 +0200] "GET /mail/README HTTP/1.1" 404 316 "-" "Morfeus strikes again."
