66.249.71.52 - - [16/Apr/2010:06:52:40 +0200] "GET /content/kalender/jax_calendar.php?Y=-1452&m=9&d=3&cal_id=0&language=german&gmt_ofs=-1&view=d1 HTTP/1.1" 404 345 "-" "Mozilla/5.0 (compatible; Googlebot/2.1; +http://www.google.com/bot.html)"
89.247.239.165 - - [16/Apr/2010:06:53:08 +0200] "GET /fotoshow/fotoshow.htm HTTP/1.1" 404 333 "http://www.google.de/search?q=steinkrau%C3%9F+b%C3%B6den+und+mehr" "Mozilla/4.0 (compatible; MSIE 8.0; Windows NT 5.1; Trident/4.0; InfoPath.1)"
89.247.239.165 - - [16/Apr/2010:06:53:11 +0200] "GET /fotoshow/fotoshow.htm HTTP/1.1" 404 333 "-" "Mozilla/4.0 (compatible; MSIE 8.0; Windows NT 5.1; Trident/4.0; InfoPath.1)"
66.249.71.52 - - [16/Apr/2010:06:53:17 +0200] "GET /content/kalender/jax_calendar.php?Y=-1446&m=7&d=3&cal_id=0&language=german&gmt_ofs=-1&view=d1 HTTP/1.1" 404 345 "-" "Mozilla/5.0 (compatible; Googlebot/2.1; +http://www.google.com/bot.html)"
66.249.71.52 - - [16/Apr/2010:06:53:18 +0200] "GET /content/kalender/jax_calendar.php?Y=-1452&m=2&d=3&cal_id=0&language=german&gmt_ofs=-1&view=d1 HTTP/1.1" 404 345 "-" "Mozilla/5.0 (compatible; Googlebot/2.1; +http://www.google.com/bot.html)"
66.249.71.52 - - [16/Apr/2010:06:53:19 +0200] "GET /content/kalender/jax_calendar.php?Y=246&m=9&d=9&cal_id=0&language=german&gmt_ofs=-1&view=d1 HTTP/1.1" 404 345 "-" "Mozilla/5.0 (compatible; Googlebot/2.1; +http://www.google.com/bot.html)"
66.249.71.52 - - [16/Apr/2010:06:53:20 +0200] "GET /content/kalender/jax_calendar.php?Y=248&m=5&d=9&cal_id=0&language=german&gmt_ofs=-1&view=d1 HTTP/1.1" 404 345 "-" "Mozilla/5.0 (compatible; Googlebot/2.1; +http://www.google.com/bot.html)"
66.249.71.52 - - [16/Apr/2010:06:53:21 +0200] "GET /content/kalender/jax_calendar.php?Y=-1450&m=6&d=3&cal_id=0&language=german&gmt_ofs=-1&view=d1 HTTP/1.1" 404 345 "-" "Mozilla/5.0 (compatible; Googlebot/2.1; +http://www.google.com/bot.html)"
89.247.239.165 - - [16/Apr/2010:06:55:07 +0200] "GET /kontakt.htm HTTP/1.1" 404 323 "http://www.google.de/search?q=steinkrau%C3%9F+b%C3%B6den+und+mehr" "Mozilla/4.0 (compatible; MSIE 8.0; Windows NT 5.1; Trident/4.0; InfoPath.1)"
89.247.239.165 - - [16/Apr/2010:06:55:30 +0200] "GET /fotoshow/fotoshow.htm HTTP/1.1" 404 333 "http://www.google.de/search?q=steinkrau%C3%9F+b%C3%B6den+und+mehr" "Mozilla/4.0 (compatible; MSIE 8.0; Windows NT 5.1; Trident/4.0; InfoPath.1)"
207.46.199.41 - - [16/Apr/2010:06:55:53 +0200] "GET /robots.txt HTTP/1.1" 404 322 "-" "msnbot/2.0b (+http://search.msn.com/msnbot.htm)"
66.249.71.52 - - [16/Apr/2010:06:55:57 +0200] "GET /content/kalender/jax_calendar.php?Y=246&m=7&d=9&cal_id=0&language=german&gmt_ofs=-1&view=d1 HTTP/1.1" 404 345 "-" "Mozilla/5.0 (compatible; Googlebot/2.1; +http://www.google.com/bot.html)"
207.46.199.41 - - [16/Apr/2010:06:56:29 +0200] "GET /content/kalender/jax_calendar.php?Y=2010&m=2&d=22&do=show_event&key=bc78c3a5a4d2a4875707d89e0d443089&cal_id=0&language=german&gmt_ofs=-1&view=d30&evt_date=%3Cb%3E22.02.2010%3C%2Fb%3E+16%3A00&evt_title=Treffen+SHG++%26quot%3BAnfallsleiden%26quot%3B HTTP/1.1" 404 345 "-" "msnbot/2.0b (+http://search.msn.com/msnbot.htm)"
62.159.78.53 - - [16/Apr/2010:06:58:18 +0200] "GET /content/pusteblume/ HTTP/1.1" 404 331 "http://maps.google.de/maps/place?um=1&ie=UTF-8&q=kita+wandlitz&fb=1&gl=de&hq=kita&hnear=wandlitz&cid=11347365782892384693" "Mozilla/4.0 (compatible; MSIE 7.0; Windows NT 5.1; .NET CLR 2.0.50727; .NET CLR 3.0.4506.2152; .NET CLR 3.5.30729; InfoPath.1)"
194.94.134.90 - - [16/Apr/2010:06:58:54 +0200] "GET / HTTP/1.0" 200 1229 "http://www.google.de/search?q=Wohnen+in+wandtlitz" "Mozilla/4.0 (compatible; MSIE 8.0; Windows NT 6.0; Trident/4.0; SLCC1; .NET CLR 2.0.50727; InfoPath.2; .NET CLR 3.5.30729; .NET CLR 3.0.30729)"
194.94.134.90 - - [16/Apr/2010:06:58:54 +0200] "GET /favicon.ico HTTP/1.0" 404 323 "-" "Mozilla/4.0 (compatible; MSIE 8.0; Windows NT 6.0; Trident/4.0; SLCC1; .NET CLR 2.0.50727; InfoPath.2; .NET CLR 3.5.30729; .NET CLR 3.0.30729)"
66.249.71.52 - - [16/Apr/2010:07:07:15 +0200] "GET /content/eltern-kind-zentrum-bernau-sued/ HTTP/1.1" 404 352 "-" "Mozilla/5.0 (compatible; Googlebot/2.1; +http://www.google.com/bot.html)"
66.249.71.52 - - [16/Apr/2010:07:10:00 +0200] "GET /content/kalender/jax_calendar.php?Y=251&m=12&d=9&cal_id=0&language=german&gmt_ofs=-1&view=d1 HTTP/1.1" 404 345 "-" "Mozilla/5.0 (compatible; Googlebot/2.1; +http://www.google.com/bot.html)"
66.249.71.52 - - [16/Apr/2010:07:27:50 +0200] "GET /content/kalender/jax_calendar.php?Y=-1447&m=1&d=3&cal_id=0&language=german&gmt_ofs=-1&view=d1 HTTP/1.1" 404 345 "-" "Mozilla/5.0 (compatible; Googlebot/2.1; +http://www.google.com/bot.html)"
66.249.71.52 - - [16/Apr/2010:07:33:24 +0200] "GET /content/kalender/jax_calendar.php?Y=252&m=9&d=9&cal_id=0&language=german&gmt_ofs=-1&view=d1 HTTP/1.1" 404 345 "-" "Mozilla/5.0 (compatible; Googlebot/2.1; +http://www.google.com/bot.html)"
66.249.71.52 - - [16/Apr/2010:07:36:12 +0200] "GET /content/kalender/jax_calendar.php?Y=249&m=9&d=9&cal_id=0&language=german&gmt_ofs=-1&view=d1 HTTP/1.1" 404 345 "-" "Mozilla/5.0 (compatible; Googlebot/2.1; +http://www.google.com/bot.html)"
66.249.71.52 - - [16/Apr/2010:07:39:00 +0200] "GET /content/kalender/jax_calendar.php?Y=-1447&m=8&d=3&cal_id=0&language=german&gmt_ofs=-1&view=d1 HTTP/1.1" 404 345 "-" "Mozilla/5.0 (compatible; Googlebot/2.1; +http://www.google.com/bot.html)"
87.187.149.52 - - [16/Apr/2010:07:41:17 +0200] "GET /admin HTTP/1.1" 404 317 "-" "Mozilla/5.0 (Windows; U; Windows NT 6.0; de; rv:1.9.2.3) Gecko/20100401 Firefox/3.6.3 (.NET CLR 3.5.30729)"
87.187.149.52 - - [16/Apr/2010:07:41:17 +0200] "GET /favicon.ico HTTP/1.1" 404 323 "-" "Mozilla/5.0 (Windows; U; Windows NT 6.0; de; rv:1.9.2.3) Gecko/20100401 Firefox/3.6.3 (.NET CLR 3.5.30729)"
87.187.149.52 - - [16/Apr/2010:07:41:20 +0200] "GET /favicon.ico HTTP/1.1" 404 323 "-" "Mozilla/5.0 (Windows; U; Windows NT 6.0; de; rv:1.9.2.3) Gecko/20100401 Firefox/3.6.3 (.NET CLR 3.5.30729)"
87.187.149.52 - - [16/Apr/2010:07:41:21 +0200] "GET / HTTP/1.1" 200 1229 "-" "Mozilla/5.0 (Windows; U; Windows NT 6.0; de; rv:1.9.2.3) Gecko/20100401 Firefox/3.6.3 (.NET CLR 3.5.30729)"
66.249.71.52 - - [16/Apr/2010:07:41:47 +0200] "GET /content/kalender/jax_calendar.php?Y=-1448&m=10&d=3&view=d1 HTTP/1.1" 404 345 "-" "Mozilla/5.0 (compatible; Googlebot/2.1; +http://www.google.com/bot.html)"
66.249.71.52 - - [16/Apr/2010:07:47:23 +0200] "GET /content/kalender/jax_calendar.php?Y=241&m=9&d=37&view=d1 HTTP/1.1" 404 345 "-" "Mozilla/5.0 (compatible; Googlebot/2.1; +http://www.google.com/bot.html)"
66.249.71.52 - - [16/Apr/2010:07:50:28 +0200] "GET /content/kalender/jax_calendar.php?Y=-648&m=3&d=1&cal_id=0&language=german&gmt_ofs=-1&view=d1 HTTP/1.1" 404 345 "-" "Mozilla/5.0 (compatible; Googlebot/2.1; +http://www.google.com/bot.html)"
207.46.199.189 - - [16/Apr/2010:07:51:42 +0200] "GET /robots.txt HTTP/1.1" 404 322 "-" "msnbot/2.0b (+http://search.msn.com/msnbot.htm)"
66.249.71.52 - - [16/Apr/2010:07:53:07 +0200] "GET /content/kalender/jax_calendar.php?Y=256&m=10&d=9&cal_id=0&language=german&gmt_ofs=-1&view=d1 HTTP/1.1" 404 345 "-" "Mozilla/5.0 (compatible; Googlebot/2.1; +http://www.google.com/bot.html)"
212.185.234.131 - - [16/Apr/2010:07:57:27 +0200] "GET / HTTP/1.1" 200 1229 "http://suche.t-online.de/fast-cgi/tsc?q=Awo+bernau&wo=&mandant=toi&device=html&portallanguage=de&userlanguage=de&ptl=std&dia=portal&context=internet-tab&tpc=internet&classification=internet-tab_internet_std&suchraum=1&x=30&y=7" "Mozilla/4.0 (compatible; MSIE 7.0; Windows NT 5.1; Trident/4.0; .NET CLR 1.1.4322; .NET CLR 2.0.50727; .NET CLR 3.0.04506.30; .NET CLR 3.0.4506.2152; .NET CLR 3.5.30729; msn OptimizedIE8;DEDE)"
212.185.234.131 - - [16/Apr/2010:07:57:28 +0200] "GET /favicon.ico HTTP/1.1" 404 323 "-" "T-Online Browser"
66.249.71.52 - - [16/Apr/2010:07:57:58 +0200] "GET /content/kalender/jax_calendar.php?Y=251&m=6&d=9&cal_id=0&language=german&gmt_ofs=-1&view=d1 HTTP/1.1" 404 345 "-" "Mozilla/5.0 (compatible; Googlebot/2.1; +http://www.google.com/bot.html)"
66.249.71.52 - - [16/Apr/2010:07:57:59 +0200] "GET /content/kalender/jax_calendar.php?Y=245&m=9&d=9&cal_id=0&language=german&gmt_ofs=-1&view=d1 HTTP/1.1" 404 345 "-" "Mozilla/5.0 (compatible; Googlebot/2.1; +http://www.google.com/bot.html)"
66.249.71.52 - - [16/Apr/2010:08:00:30 +0200] "GET /content/kalender/jax_calendar.php?Y=-1448&m=9&d=3&cal_id=0&language=german&gmt_ofs=-1&view=d1 HTTP/1.1" 404 345 "-" "Mozilla/5.0 (compatible; Googlebot/2.1; +http://www.google.com/bot.html)"
87.187.170.28 - - [16/Apr/2010:08:01:27 +0200] "GET / HTTP/1.1" 304 - "-" "Mozilla/4.0 (compatible; MSIE 7.0; Windows NT 5.1; Trident/4.0)"
87.187.149.52 - - [16/Apr/2010:08:01:45 +0200] "GET / HTTP/1.1" 200 1229 "-" "Mozilla/4.0 (compatible; MSIE 8.0; Windows NT 5.1; Trident/4.0; .NET CLR 2.0.50727; .NET CLR 3.0.4506.2152; .NET CLR 3.5.30729; InfoPath.2)"
87.187.149.52 - - [16/Apr/2010:08:01:46 +0200] "GET /favicon.ico HTTP/1.1" 404 323 "-" "Mozilla/4.0 (compatible; MSIE 8.0; Windows NT 5.1; Trident/4.0; .NET CLR 2.0.50727; .NET CLR 3.0.4506.2152; .NET CLR 3.5.30729; InfoPath.2)"
66.249.71.52 - - [16/Apr/2010:08:03:55 +0200] "GET /content/kalender/jax_calendar.php?Y=-1451&m=5&d=3&cal_id=0&language=german&gmt_ofs=-1&view=d1 HTTP/1.1" 404 345 "-" "Mozilla/5.0 (compatible; Googlebot/2.1; +http://www.google.com/bot.html)"
66.249.71.52 - - [16/Apr/2010:08:07:21 +0200] "GET /content/kalender/jax_calendar.php?Y=240&m=6&d=10&view=d1 HTTP/1.1" 404 345 "-" "Mozilla/5.0 (compatible; Googlebot/2.1; +http://www.google.com/bot.html)"
66.249.71.52 - - [16/Apr/2010:08:10:47 +0200] "GET /content/kalender/jax_calendar.php?Y=-1450&m=4&d=3&cal_id=0&language=german&gmt_ofs=-1&view=d1 HTTP/1.1" 404 345 "-" "Mozilla/5.0 (compatible; Googlebot/2.1; +http://www.google.com/bot.html)"
65.55.207.96 - - [16/Apr/2010:08:11:12 +0200] "GET /robots.txt HTTP/1.1" 404 322 "-" "msnbot/2.0b (+http://search.msn.com/msnbot.htm)"
66.249.71.52 - - [16/Apr/2010:08:14:13 +0200] "GET /content/kalender/jax_calendar.php?Y=253&m=8&d=9&cal_id=0&language=german&gmt_ofs=-1&view=d1 HTTP/1.1" 404 345 "-" "Mozilla/5.0 (compatible; Googlebot/2.1; +http://www.google.com/bot.html)"
87.185.241.242 - - [16/Apr/2010:08:17:44 +0200] "GET /content/awo-ortsverein-bernau/ HTTP/1.1" 404 342 "http://www.google.de/search?q=heuer+awo-treff&ie=utf-8&oe=utf-8&aq=t&rls=org.mozilla:de:official&client=firefox-a" "Mozilla/5.0 (Macintosh; U; PPC Mac OS X Mach-O; de; rv:1.8.1.20) Gecko/20081217 Firefox/2.0.0.20"
87.185.241.242 - - [16/Apr/2010:08:17:45 +0200] "GET /favicon.ico HTTP/1.1" 404 323 "-" "Mozilla/5.0 (Macintosh; U; PPC Mac OS X Mach-O; de; rv:1.8.1.20) Gecko/20081217 Firefox/2.0.0.20"
87.185.241.242 - - [16/Apr/2010:08:17:50 +0200] "GET / HTTP/1.1" 200 1229 "-" "Mozilla/5.0 (Macintosh; U; PPC Mac OS X Mach-O; de; rv:1.8.1.20) Gecko/20081217 Firefox/2.0.0.20"
87.185.241.242 - - [16/Apr/2010:08:18:24 +0200] "GET / HTTP/1.1" 304 - "-" "Mozilla/5.0 (Macintosh; U; PPC Mac OS X Mach-O; de; rv:1.8.1.20) Gecko/20081217 Firefox/2.0.0.20"
87.185.241.242 - - [16/Apr/2010:08:18:39 +0200] "GET / HTTP/1.1" 304 - "-" "Mozilla/5.0 (Macintosh; U; PPC Mac OS X Mach-O; de; rv:1.8.1.20) Gecko/20081217 Firefox/2.0.0.20"
87.185.241.242 - - [16/Apr/2010:08:18:51 +0200] "GET /content/awo-ortsverein-bernau/ HTTP/1.1" 404 342 "http://www.google.de/search?q=heuer+awo-treff&ie=utf-8&oe=utf-8&aq=t&rls=org.mozilla:de:official&client=firefox-a" "Mozilla/5.0 (Macintosh; U; PPC Mac OS X Mach-O; de; rv:1.8.1.20) Gecko/20081217 Firefox/2.0.0.20"
87.185.241.242 - - [16/Apr/2010:08:18:57 +0200] "GET /content/ HTTP/1.1" 404 320 "-" "Mozilla/5.0 (Macintosh; U; PPC Mac OS X Mach-O; de; rv:1.8.1.20) Gecko/20081217 Firefox/2.0.0.20"
87.185.241.242 - - [16/Apr/2010:08:19:05 +0200] "GET /content/ehrenamt/ HTTP/1.1" 404 329 "http://www.google.de/search?q=heuer+awo-treff&ie=utf-8&oe=utf-8&aq=t&rls=org.mozilla:de:official&client=firefox-a" "Mozilla/5.0 (Macintosh; U; PPC Mac OS X Mach-O; de; rv:1.8.1.20) Gecko/20081217 Firefox/2.0.0.20"
66.249.71.52 - - [16/Apr/2010:08:21:05 +0200] "GET /content/kalender/jax_calendar.php?Y=248&m=9&d=9&cal_id=0&language=german&gmt_ofs=-1&view=d1 HTTP/1.1" 404 345 "-" "Mozilla/5.0 (compatible; Googlebot/2.1; +http://www.google.com/bot.html)"
192.168.10.34 - - [16/Apr/2010:08:25:11 +0200] "GET / HTTP/1.1" 200 1229 "-" "Mozilla/5.0 (Windows; U; Windows NT 5.1; de; rv:1.9.2.3) Gecko/20100401 Firefox/3.6.3 (.NET CLR 3.5.30729)"
192.168.10.34 - - [16/Apr/2010:08:25:11 +0200] "GET /favicon.ico HTTP/1.1" 404 316 "-" "Mozilla/5.0 (Windows; U; Windows NT 5.1; de; rv:1.9.2.3) Gecko/20100401 Firefox/3.6.3 (.NET CLR 3.5.30729)"
62.227.224.18 - - [16/Apr/2010:08:25:33 +0200] "GET /content/erziehungs-und-familienberatung HTTP/1.1" 404 351 "-" "Mozilla/4.0 (compatible; MSIE 6.0; Windows NT 5.1; SV1; .NET CLR 1.1.4322; .NET CLR 2.0.50727)"
212.8.193.40 - - [16/Apr/2010:08:27:54 +0200] "GET /content/kontakt-impressum/ HTTP/1.1" 404 338 "http://www.google.de/search?hl=de&source=hp&q=AWO+am+Weinberg+Bernau&btnG=Google-Suche&aq=f&aqi=&aql=&oq=&gs_rfai=" "Mozilla/4.0 (compatible; MSIE 7.0; Windows NT 5.1; .NET CLR 1.1.4322; .NET CLR 2.0.50727; .NET CLR 3.0.4506.2152; .NET CLR 3.5.30729)"
66.249.71.52 - - [16/Apr/2010:08:28:39 +0200] "GET /content/kalender/jax_calendar.php?Y=251&m=10&d=3&view=d1 HTTP/1.1" 404 345 "-" "Mozilla/5.0 (compatible; Googlebot/2.1; +http://www.google.com/bot.html)"
66.249.71.52 - - [16/Apr/2010:08:28:40 +0200] "GET /content/kalender/jax_calendar.php?Y=245&m=5&d=9&cal_id=0&language=german&gmt_ofs=-1&view=d1 HTTP/1.1" 404 345 "-" "Mozilla/5.0 (compatible; Googlebot/2.1; +http://www.google.com/bot.html)"
80.78.165.20 - - [16/Apr/2010:08:30:29 +0200] "GET / HTTP/1.1" 200 1229 "http://www.google.de/search?hl=de&q=awo+kreisverband+bernau&meta=&aq=f&aqi=g1&aql=&oq=&gs_rfai=" "Mozilla/4.0 (compatible; MSIE 7.0; Windows NT 5.1; .NET CLR 2.0.50727; .NET CLR 3.0.4506.2152; .NET CLR 3.5.30729)"
80.78.165.20 - - [16/Apr/2010:08:30:29 +0200] "GET /favicon.ico HTTP/1.1" 404 323 "-" "Mozilla/4.0 (compatible; MSIE 7.0; Windows NT 5.1; .NET CLR 2.0.50727; .NET CLR 3.0.4506.2152; .NET CLR 3.5.30729)"
66.249.71.52 - - [16/Apr/2010:08:31:18 +0200] "GET /content/kalender/jax_calendar.php?Y=-1451&m=9&d=3&cal_id=0&language=german&gmt_ofs=-1&view=d1 HTTP/1.1" 404 345 "-" "Mozilla/5.0 (compatible; Googlebot/2.1; +http://www.google.com/bot.html)"
66.249.71.52 - - [16/Apr/2010:08:31:44 +0200] "GET /content/awo-ortsverein-bernau/ HTTP/1.1" 404 342 "-" "Mozilla/5.0 (compatible; Googlebot/2.1; +http://www.google.com/bot.html)"
66.249.71.11 - - [16/Apr/2010:08:32:31 +0200] "GET /content/assets/Wohnstaette/schulze.jpg HTTP/1.1" 404 355 "-" "Mozilla/5.0 (compatible; Googlebot/2.1; +http://www.google.com/bot.html)"
87.187.149.52 - - [16/Apr/2010:08:36:18 +0200] "GET / HTTP/1.1" 200 1229 "-" "Mozilla/4.0 (compatible; MSIE 8.0; Windows NT 5.1; Trident/4.0; .NET CLR 2.0.50727; .NET CLR 3.0.4506.2152; .NET CLR 3.5.30729; InfoPath.2)"
87.187.149.52 - - [16/Apr/2010:08:36:18 +0200] "GET /favicon.ico HTTP/1.1" 404 323 "-" "Mozilla/4.0 (compatible; MSIE 8.0; Windows NT 5.1; Trident/4.0; .NET CLR 2.0.50727; .NET CLR 3.0.4506.2152; .NET CLR 3.5.30729; InfoPath.2)"
66.249.71.52 - - [16/Apr/2010:08:41:29 +0200] "GET /content/kalender/jax_calendar.php?Y=-1451&m=4&d=3&cal_id=0&language=german&gmt_ofs=-1&view=d1 HTTP/1.1" 404 345 "-" "Mozilla/5.0 (compatible; Googlebot/2.1; +http://www.google.com/bot.html)"
66.249.71.52 - - [16/Apr/2010:08:44:54 +0200] "GET /content/kalender/jax_calendar.php?Y=248&m=6&d=9&cal_id=0&language=german&gmt_ofs=-1&view=d1 HTTP/1.1" 404 345 "-" "Mozilla/5.0 (compatible; Googlebot/2.1; +http://www.google.com/bot.html)"
207.46.195.228 - - [16/Apr/2010:08:48:13 +0200] "GET /content/erziehungs-und-familienberatung/ HTTP/1.1" 404 352 "-" "msnbot/2.0b (+http://search.msn.com/msnbot.htm)"
66.249.71.52 - - [16/Apr/2010:08:48:19 +0200] "GET /content/kalender/jax_calendar.php?Y=249&m=8&d=9&cal_id=0&language=german&gmt_ofs=-1&view=d1 HTTP/1.1" 404 345 "-" "Mozilla/5.0 (compatible; Googlebot/2.1; +http://www.google.com/bot.html)"
66.249.71.52 - - [16/Apr/2010:08:51:44 +0200] "GET /content/kalender/jax_calendar.php?Y=254&m=5&d=9&cal_id=0&language=german&gmt_ofs=-1&view=d1 HTTP/1.1" 404 345 "-" "Mozilla/5.0 (compatible; Googlebot/2.1; +http://www.google.com/bot.html)"
87.187.149.52 - - [16/Apr/2010:08:52:46 +0200] "GET / HTTP/1.1" 200 1229 "-" "Mozilla/4.0 (compatible; MSIE 8.0; Windows NT 5.1; Trident/4.0; .NET CLR 2.0.50727; .NET CLR 3.0.4506.2152; .NET CLR 3.5.30729; InfoPath.2)"
87.187.149.52 - - [16/Apr/2010:08:52:47 +0200] "GET /favicon.ico HTTP/1.1" 404 323 "-" "Mozilla/4.0 (compatible; MSIE 8.0; Windows NT 5.1; Trident/4.0; .NET CLR 2.0.50727; .NET CLR 3.0.4506.2152; .NET CLR 3.5.30729; InfoPath.2)"
91.63.156.14 - - [16/Apr/2010:08:54:02 +0200] "GET /content/awo-treff-angebote/ HTTP/1.1" 404 339 "http://search.incredimail.com/?q=AWO+Treff&lang=german&source=053023105011" "Mozilla/4.0 (compatible; MSIE 7.0; Windows NT 5.1; GTB6.4; .NET CLR 1.1.4322; .NET CLR 2.0.50727; .NET CLR 3.0.4506.2152; .NET CLR 3.5.30729)"
91.63.156.14 - - [16/Apr/2010:08:54:22 +0200] "GET / HTTP/1.1" 304 - "-" "Mozilla/4.0 (compatible; MSIE 7.0; Windows NT 5.1; GTB6.4; .NET CLR 1.1.4322; .NET CLR 2.0.50727; .NET CLR 3.0.4506.2152; .NET CLR 3.5.30729)"
91.63.156.14 - - [16/Apr/2010:08:54:42 +0200] "GET /content/awo-treff-angebote/ HTTP/1.1" 404 339 "http://search.incredimail.com/?q=AWO+Treff&lang=german&source=053023105011" "Mozilla/4.0 (compatible; MSIE 7.0; Windows NT 5.1; GTB6.4; .NET CLR 1.1.4322; .NET CLR 2.0.50727; .NET CLR 3.0.4506.2152; .NET CLR 3.5.30729)"
66.249.71.52 - - [16/Apr/2010:08:55:58 +0200] "GET /content/kalender/jax_calendar.php?Y=-1448&m=6&d=3&cal_id=0&language=german&gmt_ofs=-1&view=d1 HTTP/1.1" 404 345 "-" "Mozilla/5.0 (compatible; Googlebot/2.1; +http://www.google.com/bot.html)"
79.194.60.156 - - [16/Apr/2010:08:56:57 +0200] "GET / HTTP/1.1" 304 - "-" "Mozilla/4.0 (compatible; MSIE 8.0; Windows NT 6.1; Trident/4.0; SLCC2; .NET CLR 2.0.50727; .NET CLR 3.5.30729; .NET CLR 3.0.30729; Media Center PC 6.0; Tablet PC 2.0; InfoPath.2)"
91.63.169.186 - - [16/Apr/2010:08:57:28 +0200] "GET /content/awo-treff-angebote/ HTTP/1.1" 404 339 "http://www.google.de/search?hl=de&source=hp&q=AWO+bernau+floristikkurs&meta=&aq=f&aqi=&aql=&oq=&gs_rfai=" "Mozilla/4.0 (compatible; MSIE 7.0; Windows NT 5.1; .NET CLR 1.1.4322)"
91.63.169.186 - - [16/Apr/2010:08:57:32 +0200] "GET /content/awo-ortsverein-bernau/ HTTP/1.1" 404 342 "http://www.google.de/search?hl=de&source=hp&q=AWO+bernau+floristikkurs&meta=&aq=f&aqi=&aql=&oq=&gs_rfai=" "Mozilla/4.0 (compatible; MSIE 7.0; Windows NT 5.1; .NET CLR 1.1.4322)"
91.63.169.186 - - [16/Apr/2010:08:57:58 +0200] "GET / HTTP/1.1" 200 1229 "http://www.google.de/search?hl=de&q=AWO+bernau&meta=&aq=f&aqi=g2&aql=&oq=&gs_rfai=" "Mozilla/4.0 (compatible; MSIE 7.0; Windows NT 5.1; .NET CLR 1.1.4322)"
91.63.169.186 - - [16/Apr/2010:08:58:58 +0200] "GET / HTTP/1.1" 304 - "http://www.google.de/search?hl=de&source=hp&q=awo+bernau&meta=&aq=f&aqi=g2&aql=&oq=&gs_rfai=" "Mozilla/4.0 (compatible; MSIE 7.0; Windows NT 5.1; .NET CLR 1.1.4322)"
91.63.169.186 - - [16/Apr/2010:08:59:10 +0200] "GET /content/eltern-kind-zentrum-bernau-sued/ HTTP/1.1" 404 352 "http://www.google.de/search?hl=de&source=hp&q=awo+bernau&meta=&aq=f&aqi=g2&aql=&oq=&gs_rfai=" "Mozilla/4.0 (compatible; MSIE 7.0; Windows NT 5.1; .NET CLR 1.1.4322)"
91.63.169.186 - - [16/Apr/2010:08:59:13 +0200] "GET / HTTP/1.1" 200 1229 "http://www.google.de/search?hl=de&source=hp&q=awo+bernau&meta=&aq=f&aqi=g2&aql=&oq=&gs_rfai=" "Mozilla/4.0 (compatible; MSIE 7.0; Windows NT 5.1; .NET CLR 1.1.4322)"
91.63.169.186 - - [16/Apr/2010:08:59:13 +0200] "GET /favicon.ico HTTP/1.1" 404 328 "-" "Mozilla/4.0 (compatible; MSIE 7.0; Windows NT 5.1; .NET CLR 1.1.4322)"
87.187.149.52 - - [16/Apr/2010:08:59:17 +0200] "GET / HTTP/1.1" 200 1229 "-" "Mozilla/4.0 (compatible; MSIE 8.0; Windows NT 5.1; Trident/4.0; .NET CLR 2.0.50727; .NET CLR 3.0.4506.2152; .NET CLR 3.5.30729; InfoPath.2)"
87.187.149.52 - - [16/Apr/2010:08:59:18 +0200] "GET /favicon.ico HTTP/1.1" 404 323 "-" "Mozilla/4.0 (compatible; MSIE 8.0; Windows NT 5.1; Trident/4.0; .NET CLR 2.0.50727; .NET CLR 3.0.4506.2152; .NET CLR 3.5.30729; InfoPath.2)"
66.249.66.11 - - [16/Apr/2010:09:00:32 +0200] "GET /content/kalender/jax_calendar.php?Y=250&m=1&d=9&cal_id=0&language=german&gmt_ofs=-1&view=d1 HTTP/1.1" 404 345 "-" "Mozilla/5.0 (compatible; Googlebot/2.1; +http://www.google.com/bot.html)"
66.249.71.52 - - [16/Apr/2010:09:09:00 +0200] "GET /content/kalender/jax_calendar.php?Y=246&m=4&d=9&cal_id=0&language=german&gmt_ofs=-1&view=d1 HTTP/1.1" 404 345 "-" "Mozilla/5.0 (compatible; Googlebot/2.1; +http://www.google.com/bot.html)"
66.249.71.52 - - [16/Apr/2010:09:11:49 +0200] "GET /content/kalender/jax_calendar.php?Y=258&m=10&d=9&cal_id=0&language=german&gmt_ofs=-1&view=d1 HTTP/1.1" 404 345 "-" "Mozilla/5.0 (compatible; Googlebot/2.1; +http://www.google.com/bot.html)"
66.249.71.52 - - [16/Apr/2010:09:14:49 +0200] "GET /content/kalender/jax_calendar.php?Y=-1450&m=7&d=3&cal_id=0&language=german&gmt_ofs=-1&view=d1 HTTP/1.1" 404 345 "-" "Mozilla/5.0 (compatible; Googlebot/2.1; +http://www.google.com/bot.html)"
66.249.71.52 - - [16/Apr/2010:09:18:05 +0200] "GET /content/kalender/jax_calendar.php?Y=260&m=10&d=9&cal_id=0&language=german&gmt_ofs=-1&view=d1 HTTP/1.1" 404 345 "-" "Mozilla/5.0 (compatible; Googlebot/2.1; +http://www.google.com/bot.html)"
66.249.71.52 - - [16/Apr/2010:09:20:16 +0200] "GET /content/kalender/jax_calendar.php?Y=240&m=8&d=13&view=d1 HTTP/1.1" 404 345 "-" "Mozilla/5.0 (compatible; Googlebot/2.1; +http://www.google.com/bot.html)"
80.78.166.74 - - [16/Apr/2010:09:20:27 +0200] "GET /content/kontakt-und-beratungsstelle/ HTTP/1.0" 404 348 "http://www.bing.com/search?q=beratungsstellen+bernau&src=IE-SearchBox" "Mozilla/4.0 (compatible; MSIE 7.0; Windows NT 5.2; .NET CLR 1.1.4322; .NET CLR 2.0.50727)"
217.199.67.130 - - [16/Apr/2010:09:22:33 +0200] "GET / HTTP/1.1" 200 1229 "http://www.google.de/search?hl=de&q=bernau+awo&meta=&aq=f&aqi=&aql=&oq=&gs_rfai=" "Mozilla/4.0 (compatible; MSIE 7.0; Windows NT 5.1; .NET CLR 1.1.4322; .NET CLR 2.0.50727; .NET CLR 3.0.4506.2152; .NET CLR 3.5.30729)"
217.199.67.130 - - [16/Apr/2010:09:22:33 +0200] "GET /favicon.ico HTTP/1.1" 404 323 "-" "Mozilla/4.0 (compatible; MSIE 7.0; Windows NT 5.1; .NET CLR 1.1.4322; .NET CLR 2.0.50727; .NET CLR 3.0.4506.2152; .NET CLR 3.5.30729)"
66.249.71.52 - - [16/Apr/2010:09:23:06 +0200] "GET /content/kalender/jax_calendar.php?Y=-1450&m=10&d=10&view=d1 HTTP/1.1" 404 345 "-" "Mozilla/5.0 (compatible; Googlebot/2.1; +http://www.google.com/bot.html)"
208.80.193.37 - - [16/Apr/2010:09:28:07 +0200] "GET / HTTP/1.0" 200 1229 "-" "Mozilla/4.0 (compatible; MSIE 6.0; Windows NT 5.1; {23A0C95A-4627-18BB-D719-5B2CDAF5E6D6})"
66.249.71.52 - - [16/Apr/2010:09:28:25 +0200] "GET /content/kalender/jax_calendar.php?Y=251&m=2&d=9&cal_id=0&language=german&gmt_ofs=-1&view=d1 HTTP/1.1" 404 345 "-" "Mozilla/5.0 (compatible; Googlebot/2.1; +http://www.google.com/bot.html)"
66.249.71.52 - - [16/Apr/2010:09:28:26 +0200] "GET /content/kalender/jax_calendar.php?Y=-1451&m=10&d=10&view=d1 HTTP/1.1" 404 345 "-" "Mozilla/5.0 (compatible; Googlebot/2.1; +http://www.google.com/bot.html)"
66.249.71.52 - - [16/Apr/2010:09:28:27 +0200] "GET /content/kalender/jax_calendar.php?Y=247&m=5&d=9&cal_id=0&language=german&gmt_ofs=-1&view=d1 HTTP/1.1" 404 345 "-" "Mozilla/5.0 (compatible; Googlebot/2.1; +http://www.google.com/bot.html)"
66.249.71.52 - - [16/Apr/2010:09:28:27 +0200] "GET /content/kalender/jax_calendar.php?Y=-1448&m=11&d=3&cal_id=0&language=german&gmt_ofs=-1&view=d1 HTTP/1.1" 404 345 "-" "Mozilla/5.0 (compatible; Googlebot/2.1; +http://www.google.com/bot.html)"
66.249.71.52 - - [16/Apr/2010:09:32:47 +0200] "GET /content/kalender/jax_calendar.php?Y=250&m=5&d=9&cal_id=0&language=german&gmt_ofs=-1&view=d1 HTTP/1.1" 404 345 "-" "Mozilla/5.0 (compatible; Googlebot/2.1; +http://www.google.com/bot.html)"
208.80.193.39 - - [16/Apr/2010:09:43:09 +0200] "GET / HTTP/1.0" 200 1229 "-" "Mozilla/4.0 (compatible; MSIE 6.0; Windows NT 5.1; YComp 5.0.2.6; SV1)"
66.249.71.52 - - [16/Apr/2010:09:48:09 +0200] "GET /content/kalender/jax_calendar.php?Y=242&m=8&d=16&view=d1 HTTP/1.1" 404 345 "-" "Mozilla/5.0 (compatible; Googlebot/2.1; +http://www.google.com/bot.html)"
66.249.71.52 - - [16/Apr/2010:09:55:09 +0200] "GET /content/kalender/jax_calendar.php?Y=2010&m=3&d=21&cal_id=0&language=german&gmt_ofs=-1&view=d1&view=d1 HTTP/1.1" 404 345 "-" "Mozilla/5.0 (compatible; Googlebot/2.1; +http://www.google.com/bot.html)"
66.249.71.52 - - [16/Apr/2010:09:55:10 +0200] "GET /content/kalender/jax_calendar.php?Y=251&m=5&d=9&cal_id=0&language=german&gmt_ofs=-1&view=d1 HTTP/1.1" 404 345 "-" "Mozilla/5.0 (compatible; Googlebot/2.1; +http://www.google.com/bot.html)"
66.249.71.52 - - [16/Apr/2010:09:55:12 +0200] "GET /content/kalender/jax_calendar.php?Y=259&m=10&d=9&cal_id=0&language=german&gmt_ofs=-1&view=d1 HTTP/1.1" 404 345 "-" "Mozilla/5.0 (compatible; Googlebot/2.1; +http://www.google.com/bot.html)"
66.249.71.52 - - [16/Apr/2010:09:55:13 +0200] "GET /content/kalender/jax_calendar.php?Y=247&m=11&d=9&cal_id=0&language=german&gmt_ofs=-1&view=d1 HTTP/1.1" 404 345 "-" "Mozilla/5.0 (compatible; Googlebot/2.1; +http://www.google.com/bot.html)"
66.249.71.52 - - [16/Apr/2010:09:55:13 +0200] "GET /content/kalender/jax_calendar.php?Y=-1448&m=5&d=3&cal_id=0&language=german&gmt_ofs=-1&view=d1 HTTP/1.1" 404 345 "-" "Mozilla/5.0 (compatible; Googlebot/2.1; +http://www.google.com/bot.html)"
66.249.71.52 - - [16/Apr/2010:09:55:14 +0200] "GET /content/kalender/jax_calendar.php?Y=247&m=9&d=9&cal_id=0&language=german&gmt_ofs=-1&view=d1 HTTP/1.1" 404 345 "-" "Mozilla/5.0 (compatible; Googlebot/2.1; +http://www.google.com/bot.html)"
66.249.71.52 - - [16/Apr/2010:09:55:15 +0200] "GET /content/kalender/jax_calendar.php?Y=-1451&m=6&d=3&cal_id=0&language=german&gmt_ofs=-1&view=d1 HTTP/1.1" 404 345 "-" "Mozilla/5.0 (compatible; Googlebot/2.1; +http://www.google.com/bot.html)"
84.190.11.102 - - [16/Apr/2010:09:55:43 +0200] "GET / HTTP/1.1" 200 1229 "http://www.berlin.de/branchenbuch/?kw=PVC+Bodenbel%E4ge&cro=30000&_find.x=50&_find.y=10&js=1&cmd=hitlist&_fsp=1&_oc=Berlin&_okgs=&_rpage=HITLIST&ctv=766dd1ef0d8e2413f95e430cc228b3f63c78f6c860ee0e3212ee6131a2019711c805d5ee6a6e&_search=1&mode=stdsearch" "Mozilla/5.0 (Windows; U; Windows NT 5.1; en-US) AppleWebKit/532.5 (KHTML, like Gecko) Chrome/4.1.249.1045 Safari/532.5"
84.190.11.102 - - [16/Apr/2010:09:55:43 +0200] "GET /favicon.ico HTTP/1.1" 404 323 "-" "Mozilla/5.0 (Windows; U; Windows NT 5.1; en-US) AppleWebKit/532.5 (KHTML, like Gecko) Chrome/4.1.249.1045 Safari/532.5"
66.249.71.52 - - [16/Apr/2010:09:56:18 +0200] "GET /content/ueberregionale-fruehfoerder-und-beratungsstelle-hoeren/ HTTP/1.1" 404 375 "-" "Mozilla/5.0 (compatible; Googlebot/2.1; +http://www.google.com/bot.html)"
217.188.97.206 - - [16/Apr/2010:09:56:49 +0200] "GET / HTTP/1.0" 200 1229 "http://www.google.de/search?hl=de&source=hp&q=familienbertung+bernau&meta=&aq=f&aqi=&aql=&oq=&gs_rfai=" "Mozilla/4.0 (compatible; MSIE 6.0; Windows NT 5.1; SV1; .NET CLR 1.1.4322; .NET CLR 2.0.50727)"
217.188.97.206 - - [16/Apr/2010:09:57:18 +0200] "GET /content/fruehfoerder-und-beratungsstelle-barnim/ HTTP/1.0" 404 360 "http://www.google.de/search?hl=de&ei=UxjIS9ePK8_4Oby80LoN&sa=X&oi=spell&resnum=0&ct=result&cd=1&ved=0CAwQBSgA&q=familienberatung+bernau&spell=1" "Mozilla/4.0 (compatible; MSIE 6.0; Windows NT 5.1; SV1; .NET CLR 1.1.4322; .NET CLR 2.0.50727)"
94.222.114.196 - - [16/Apr/2010:10:05:32 +0200] "GET / HTTP/1.1" 200 1229 "http://www.google.de/search?source=ig&hl=de&rlz=1G1GGLQ_DEDE345&=&q=awo+bernau&meta=lr%3Dlang_de&aq=f&aqi=g2&aql=&oq=&gs_rfai=" "Mozilla/5.0 (Windows; U; Windows NT 5.1; de; rv:1.9.2.3) Gecko/20100401 Firefox/3.6.3"
94.222.114.196 - - [16/Apr/2010:10:05:35 +0200] "GET /favicon.ico HTTP/1.1" 404 323 "-" "Mozilla/5.0 (Windows; U; Windows NT 5.1; de; rv:1.9.2.3) Gecko/20100401 Firefox/3.6.3"
94.222.114.196 - - [16/Apr/2010:10:05:35 +0200] "GET /favicon.ico HTTP/1.1" 404 323 "-" "Mozilla/5.0 (Windows; U; Windows NT 5.1; de; rv:1.9.2.3) Gecko/20100401 Firefox/3.6.3"
94.222.114.196 - - [16/Apr/2010:10:05:40 +0200] "GET /content/eltern-kind-zentrum-bernau-sued/ HTTP/1.1" 404 352 "http://www.google.de/search?source=ig&hl=de&rlz=1G1GGLQ_DEDE345&=&q=awo+bernau&meta=lr%3Dlang_de&aq=f&aqi=g2&aql=&oq=&gs_rfai=" "Mozilla/5.0 (Windows; U; Windows NT 5.1; de; rv:1.9.2.3) Gecko/20100401 Firefox/3.6.3"
94.222.114.196 - - [16/Apr/2010:10:05:44 +0200] "GET / HTTP/1.1" 200 1229 "http://www.google.de/search?source=ig&hl=de&rlz=1G1GGLQ_DEDE345&=&q=awo+bernau&meta=lr%3Dlang_de&aq=f&aqi=g2&aql=&oq=&gs_rfai=" "Mozilla/5.0 (Windows; U; Windows NT 5.1; de; rv:1.9.2.3) Gecko/20100401 Firefox/3.6.3"
94.222.114.196 - - [16/Apr/2010:10:05:44 +0200] "GET /favicon.ico HTTP/1.1" 404 328 "-" "Mozilla/5.0 (Windows; U; Windows NT 5.1; de; rv:1.9.2.3) Gecko/20100401 Firefox/3.6.3"
94.222.114.196 - - [16/Apr/2010:10:05:47 +0200] "GET /favicon.ico HTTP/1.1" 404 328 "-" "Mozilla/5.0 (Windows; U; Windows NT 5.1; de; rv:1.9.2.3) Gecko/20100401 Firefox/3.6.3"
94.222.114.196 - - [16/Apr/2010:10:07:09 +0200] "GET /.../eltern-kind-zentrum-bernau-sued/ HTTP/1.1" 404 348 "-" "Mozilla/5.0 (Windows; U; Windows NT 5.1; de; rv:1.9.2.3) Gecko/20100401 Firefox/3.6.3"
87.162.32.27 - - [16/Apr/2010:10:08:35 +0200] "GET / HTTP/1.1" 304 - "http://www.google.de/url?sa=t&source=web&ct=res&cd=1&ved=0CAYQFjAA&url=http%3A%2F%2Fwww.awo-kv-bernau.de%2F&rct=j&q=AWO+Kreisverband+Benau+e.+V.&ei=_xrIS6bNBo6cOJGuzZ8N&usg=AFQjCNFY6jRp0cyjK4eLe9CtgjDN1c4Vuw" "Mozilla/4.0 (compatible; MSIE 8.0; Windows NT 5.1; Trident/4.0; GTB6.4; .NET CLR 2.0.50727; .NET CLR 3.0.4506.2152; .NET CLR 3.5.30729)"
65.55.106.160 - - [16/Apr/2010:10:09:49 +0200] "GET /robots.txt HTTP/1.1" 404 322 "-" "msnbot/2.0b (+http://search.msn.com/msnbot.htm)"
194.6.239.30 - - [16/Apr/2010:10:11:13 +0200] "GET /content/aktuelles/ HTTP/1.1" 404 330 "-" "Mozilla/5.0 (Windows; U; Windows NT 5.1; de; rv:1.9.2.3) Gecko/20100401 Firefox/3.6.3 (.NET CLR 3.5.30729)"
194.6.239.30 - - [16/Apr/2010:10:11:13 +0200] "GET /favicon.ico HTTP/1.1" 404 323 "-" "Mozilla/5.0 (Windows; U; Windows NT 5.1; de; rv:1.9.2.3) Gecko/20100401 Firefox/3.6.3 (.NET CLR 3.5.30729)"
194.6.239.30 - - [16/Apr/2010:10:11:16 +0200] "GET /favicon.ico HTTP/1.1" 404 323 "-" "Mozilla/5.0 (Windows; U; Windows NT 5.1; de; rv:1.9.2.3) Gecko/20100401 Firefox/3.6.3 (.NET CLR 3.5.30729)"
66.249.71.52 - - [16/Apr/2010:10:11:20 +0200] "GET /content/kalender/jax_calendar.php?Y=-1448&m=2&d=3&cal_id=0&language=german&gmt_ofs=-1&view=d1 HTTP/1.1" 404 345 "-" "Mozilla/5.0 (compatible; Googlebot/2.1; +http://www.google.com/bot.html)"
194.6.239.30 - - [16/Apr/2010:10:11:21 +0200] "GET /content/aktuelles/ HTTP/1.1" 404 330 "-" "Mozilla/5.0 (Windows; U; Windows NT 5.1; de; rv:1.9.2.3) Gecko/20100401 Firefox/3.6.3 (.NET CLR 3.5.30729)"
194.6.239.30 - - [16/Apr/2010:10:11:24 +0200] "GET /favicon.ico HTTP/1.1" 404 323 "-" "Mozilla/5.0 (Windows; U; Windows NT 5.1; de; rv:1.9.2.3) Gecko/20100401 Firefox/3.6.3 (.NET CLR 3.5.30729)"
194.6.239.30 - - [16/Apr/2010:10:12:12 +0200] "GET /content/aktuelles/ HTTP/1.1" 404 330 "-" "Mozilla/5.0 (Windows; U; Windows NT 5.1; de; rv:1.9.2.3) Gecko/20100401 Firefox/3.6.3 (.NET CLR 3.5.30729)"
88.131.106.30 - - [16/Apr/2010:10:12:31 +0200] "GET /robots.txt HTTP/1.0" 404 327 "-" "Mozilla/5.0 (Windows; U; Windows NT 5.1; en-US) Speedy Spider (http://www.entireweb.com/about/search_tech/speedy_spider/)"
88.131.106.30 - - [16/Apr/2010:10:12:34 +0200] "GET /content HTTP/1.0" 404 324 "-" "Mozilla/5.0 (Windows; U; Windows NT 5.1; en-US) Speedy Spider (http://www.entireweb.com/about/search_tech/speedy_spider/)"
207.46.13.51 - - [16/Apr/2010:10:12:46 +0200] "GET /content/kalender/jax_calendar.php?Y=2010&m=2&d=9&view=d1 HTTP/1.1" 404 345 "-" "msnbot/2.0b (+http://search.msn.com/msnbot.htm)"
91.63.156.14 - - [16/Apr/2010:10:17:30 +0200] "GET /content/awo-treff-angebote/ HTTP/1.1" 404 339 "http://search.incredimail.com/?q=AWO+Treff&lang=german&source=053023105011" "Mozilla/4.0 (compatible; MSIE 7.0; Windows NT 5.1; GTB6.4; .NET CLR 1.1.4322; .NET CLR 2.0.50727; .NET CLR 3.0.4506.2152; .NET CLR 3.5.30729)"
91.63.156.14 - - [16/Apr/2010:10:17:46 +0200] "GET /content/awo-treff-angebote/ HTTP/1.1" 404 339 "http://www.google.de/search?q=awo+bernau+de+content+treff+angebote&channel=linkdoctor" "Mozilla/4.0 (compatible; MSIE 7.0; Windows NT 5.1; GTB6.4; .NET CLR 1.1.4322; .NET CLR 2.0.50727; .NET CLR 3.0.4506.2152; .NET CLR 3.5.30729)"
91.63.156.14 - - [16/Apr/2010:10:18:02 +0200] "GET /content/assets/Kontakt-und-Beratungsstelle/logo.jpg HTTP/1.1" 404 363 "http://127.0.0.1:4664/preview?event_id=79619&schema_id=2&q=awo+bernau+de+content+treff+angebote&s=000000000000000000000000000" "Mozilla/4.0 (compatible; MSIE 7.0; Windows NT 5.1; GTB6.4; .NET CLR 1.1.4322; .NET CLR 2.0.50727; .NET CLR 3.0.4506.2152; .NET CLR 3.5.30729)"
91.63.156.14 - - [16/Apr/2010:10:18:02 +0200] "GET /content/assets/Kontakt-und-Beratungsstelle/kbs261109.jpg HTTP/1.1" 404 368 "http://127.0.0.1:4664/preview?event_id=79619&schema_id=2&q=awo+bernau+de+content+treff+angebote&s=000000000000000000000000000" "Mozilla/4.0 (compatible; MSIE 7.0; Windows NT 5.1; GTB6.4; .NET CLR 1.1.4322; .NET CLR 2.0.50727; .NET CLR 3.0.4506.2152; .NET CLR 3.5.30729)"
91.63.156.14 - - [16/Apr/2010:10:18:02 +0200] "GET /content/kontakt-und-beratungsstelle/assets/Kontakt-und-Beratungsstelle/logo.jpg HTTP/1.1" 404 391 "http://127.0.0.1:4664/preview?event_id=79619&schema_id=2&q=awo+bernau+de+content+treff+angebote&s=000000000000000000000000000" "Mozilla/4.0 (compatible; MSIE 7.0; Windows NT 5.1; GTB6.4; .NET CLR 1.1.4322; .NET CLR 2.0.50727; .NET CLR 3.0.4506.2152; .NET CLR 3.5.30729)"
91.63.156.14 - - [16/Apr/2010:10:18:02 +0200] "GET /content/kontakt-und-beratungsstelle/assets/Kontakt-und-Beratungsstelle/kbs261109.jpg HTTP/1.1" 404 396 "http://127.0.0.1:4664/preview?event_id=79619&schema_id=2&q=awo+bernau+de+content+treff+angebote&s=000000000000000000000000000" "Mozilla/4.0 (compatible; MSIE 7.0; Windows NT 5.1; GTB6.4; .NET CLR 1.1.4322; .NET CLR 2.0.50727; .NET CLR 3.0.4506.2152; .NET CLR 3.5.30729)"
91.63.156.14 - - [16/Apr/2010:10:18:02 +0200] "GET /content/assets/Kontakt-und-Beratungsstelle/_resampled/ResizedImage130122-logofit211009.jpg HTTP/1.1" 404 402 "http://127.0.0.1:4664/preview?event_id=79619&schema_id=2&q=awo+bernau+de+content+treff+angebote&s=000000000000000000000000000" "Mozilla/4.0 (compatible; MSIE 7.0; Windows NT 5.1; GTB6.4; .NET CLR 1.1.4322; .NET CLR 2.0.50727; .NET CLR 3.0.4506.2152; .NET CLR 3.5.30729)"
91.63.156.14 - - [16/Apr/2010:10:18:02 +0200] "GET /content/assets/Kontakt-und-Beratungsstelle/_resampled/ResizedImage377600-job.jpg HTTP/1.1" 404 392 "http://127.0.0.1:4664/preview?event_id=79619&schema_id=2&q=awo+bernau+de+content+treff+angebote&s=000000000000000000000000000" "Mozilla/4.0 (compatible; MSIE 7.0; Windows NT 5.1; GTB6.4; .NET CLR 1.1.4322; .NET CLR 2.0.50727; .NET CLR 3.0.4506.2152; .NET CLR 3.5.30729)"
91.63.156.14 - - [16/Apr/2010:10:18:02 +0200] "GET /content/kontakt-und-beratungsstelle/assets/Kontakt-und-Beratungsstelle/_resampled/ResizedImage130122-logofit211009.jpg HTTP/1.1" 404 430 "http://127.0.0.1:4664/preview?event_id=79619&schema_id=2&q=awo+bernau+de+content+treff+angebote&s=000000000000000000000000000" "Mozilla/4.0 (compatible; MSIE 7.0; Windows NT 5.1; GTB6.4; .NET CLR 1.1.4322; .NET CLR 2.0.50727; .NET CLR 3.0.4506.2152; .NET CLR 3.5.30729)"
91.63.156.14 - - [16/Apr/2010:10:18:02 +0200] "GET /content/kontakt-und-beratungsstelle/assets/Kontakt-und-Beratungsstelle/_resampled/ResizedImage377600-job.jpg HTTP/1.1" 404 420 "http://127.0.0.1:4664/preview?event_id=79619&schema_id=2&q=awo+bernau+de+content+treff+angebote&s=000000000000000000000000000" "Mozilla/4.0 (compatible; MSIE 7.0; Windows NT 5.1; GTB6.4; .NET CLR 1.1.4322; .NET CLR 2.0.50727; .NET CLR 3.0.4506.2152; .NET CLR 3.5.30729)"
91.63.156.14 - - [16/Apr/2010:10:18:02 +0200] "GET /content/assets/Kontakt-und-Beratungsstelle/_resampled/ResizedImage225192-kub1.jpg HTTP/1.1" 404 393 "http://127.0.0.1:4664/preview?event_id=79619&schema_id=2&q=awo+bernau+de+content+treff+angebote&s=000000000000000000000000000" "Mozilla/4.0 (compatible; MSIE 7.0; Windows NT 5.1; GTB6.4; .NET CLR 1.1.4322; .NET CLR 2.0.50727; .NET CLR 3.0.4506.2152; .NET CLR 3.5.30729)"
91.63.156.14 - - [16/Apr/2010:10:18:02 +0200] "GET /content/assets/Kontakt-und-Beratungsstelle/_resampled/ResizedImage256192-kub2.jpg HTTP/1.1" 404 393 "http://127.0.0.1:4664/preview?event_id=79619&schema_id=2&q=awo+bernau+de+content+treff+angebote&s=000000000000000000000000000" "Mozilla/4.0 (compatible; MSIE 7.0; Windows NT 5.1; GTB6.4; .NET CLR 1.1.4322; .NET CLR 2.0.50727; .NET CLR 3.0.4506.2152; .NET CLR 3.5.30729)"
91.63.156.14 - - [16/Apr/2010:10:18:02 +0200] "GET /content/assets/Kontakt-und-Beratungsstelle/_resampled/ResizedImage256192-kub3.jpg HTTP/1.1" 404 393 "http://127.0.0.1:4664/preview?event_id=79619&schema_id=2&q=awo+bernau+de+content+treff+angebote&s=000000000000000000000000000" "Mozilla/4.0 (compatible; MSIE 7.0; Windows NT 5.1; GTB6.4; .NET CLR 1.1.4322; .NET CLR 2.0.50727; .NET CLR 3.0.4506.2152; .NET CLR 3.5.30729)"
91.63.156.14 - - [16/Apr/2010:10:18:02 +0200] "GET /content/assets/Kontakt-und-Beratungsstelle/_resampled/ResizedImage225192-kub4.jpg HTTP/1.1" 404 393 "http://127.0.0.1:4664/preview?event_id=79619&schema_id=2&q=awo+bernau+de+content+treff+angebote&s=000000000000000000000000000" "Mozilla/4.0 (compatible; MSIE 7.0; Windows NT 5.1; GTB6.4; .NET CLR 1.1.4322; .NET CLR 2.0.50727; .NET CLR 3.0.4506.2152; .NET CLR 3.5.30729)"
91.63.156.14 - - [16/Apr/2010:10:18:02 +0200] "GET /content/assets/Kontakt-und-Beratungsstelle/_resampled/ResizedImage256192-kub5.jpg HTTP/1.1" 404 393 "http://127.0.0.1:4664/preview?event_id=79619&schema_id=2&q=awo+bernau+de+content+treff+angebote&s=000000000000000000000000000" "Mozilla/4.0 (compatible; MSIE 7.0; Windows NT 5.1; GTB6.4; .NET CLR 1.1.4322; .NET CLR 2.0.50727; .NET CLR 3.0.4506.2152; .NET CLR 3.5.30729)"
91.63.156.14 - - [16/Apr/2010:10:18:02 +0200] "GET /content/assets/Kontakt-und-Beratungsstelle/_resampled/ResizedImage256192-kub6.jpg HTTP/1.1" 404 393 "http://127.0.0.1:4664/preview?event_id=79619&schema_id=2&q=awo+bernau+de+content+treff+angebote&s=000000000000000000000000000" "Mozilla/4.0 (compatible; MSIE 7.0; Windows NT 5.1; GTB6.4; .NET CLR 1.1.4322; .NET CLR 2.0.50727; .NET CLR 3.0.4506.2152; .NET CLR 3.5.30729)"
91.63.156.14 - - [16/Apr/2010:10:18:02 +0200] "GET /content/assets/Kontakt-und-Beratungsstelle/kubg1.jpg HTTP/1.1" 404 364 "http://127.0.0.1:4664/preview?event_id=79619&schema_id=2&q=awo+bernau+de+content+treff+angebote&s=000000000000000000000000000" "Mozilla/4.0 (compatible; MSIE 7.0; Windows NT 5.1; GTB6.4; .NET CLR 1.1.4322; .NET CLR 2.0.50727; .NET CLR 3.0.4506.2152; .NET CLR 3.5.30729)"
91.63.156.14 - - [16/Apr/2010:10:18:02 +0200] "GET /content/assets/Kontakt-und-Beratungsstelle/kubg2.jpg HTTP/1.1" 404 364 "http://127.0.0.1:4664/preview?event_id=79619&schema_id=2&q=awo+bernau+de+content+treff+angebote&s=000000000000000000000000000" "Mozilla/4.0 (compatible; MSIE 7.0; Windows NT 5.1; GTB6.4; .NET CLR 1.1.4322; .NET CLR 2.0.50727; .NET CLR 3.0.4506.2152; .NET CLR 3.5.30729)"
91.63.156.14 - - [16/Apr/2010:10:18:02 +0200] "GET /content/assets/Kontakt-und-Beratungsstelle/kubg3.jpg HTTP/1.1" 404 364 "http://127.0.0.1:4664/preview?event_id=79619&schema_id=2&q=awo+bernau+de+content+treff+angebote&s=000000000000000000000000000" "Mozilla/4.0 (compatible; MSIE 7.0; Windows NT 5.1; GTB6.4; .NET CLR 1.1.4322; .NET CLR 2.0.50727; .NET CLR 3.0.4506.2152; .NET CLR 3.5.30729)"
91.63.156.14 - - [16/Apr/2010:10:18:02 +0200] "GET /content/kontakt-und-beratungsstelle/assets/Kontakt-und-Beratungsstelle/_resampled/ResizedImage225192-kub1.jpg HTTP/1.1" 404 421 "http://127.0.0.1:4664/preview?event_id=79619&schema_id=2&q=awo+bernau+de+content+treff+angebote&s=000000000000000000000000000" "Mozilla/4.0 (compatible; MSIE 7.0; Windows NT 5.1; GTB6.4; .NET CLR 1.1.4322; .NET CLR 2.0.50727; .NET CLR 3.0.4506.2152; .NET CLR 3.5.30729)"
91.63.156.14 - - [16/Apr/2010:10:18:02 +0200] "GET /content/kontakt-und-beratungsstelle/assets/Kontakt-und-Beratungsstelle/_resampled/ResizedImage256192-kub2.jpg HTTP/1.1" 404 421 "http://127.0.0.1:4664/preview?event_id=79619&schema_id=2&q=awo+bernau+de+content+treff+angebote&s=000000000000000000000000000" "Mozilla/4.0 (compatible; MSIE 7.0; Windows NT 5.1; GTB6.4; .NET CLR 1.1.4322; .NET CLR 2.0.50727; .NET CLR 3.0.4506.2152; .NET CLR 3.5.30729)"
91.63.156.14 - - [16/Apr/2010:10:18:02 +0200] "GET /content/kontakt-und-beratungsstelle/assets/Kontakt-und-Beratungsstelle/_resampled/ResizedImage256192-kub3.jpg HTTP/1.1" 404 421 "http://127.0.0.1:4664/preview?event_id=79619&schema_id=2&q=awo+bernau+de+content+treff+angebote&s=000000000000000000000000000" "Mozilla/4.0 (compatible; MSIE 7.0; Windows NT 5.1; GTB6.4; .NET CLR 1.1.4322; .NET CLR 2.0.50727; .NET CLR 3.0.4506.2152; .NET CLR 3.5.30729)"
91.63.156.14 - - [16/Apr/2010:10:18:02 +0200] "GET /content/kontakt-und-beratungsstelle/assets/Kontakt-und-Beratungsstelle/_resampled/ResizedImage225192-kub4.jpg HTTP/1.1" 404 421 "http://127.0.0.1:4664/preview?event_id=79619&schema_id=2&q=awo+bernau+de+content+treff+angebote&s=000000000000000000000000000" "Mozilla/4.0 (compatible; MSIE 7.0; Windows NT 5.1; GTB6.4; .NET CLR 1.1.4322; .NET CLR 2.0.50727; .NET CLR 3.0.4506.2152; .NET CLR 3.5.30729)"
91.63.156.14 - - [16/Apr/2010:10:18:02 +0200] "GET /content/kontakt-und-beratungsstelle/assets/Kontakt-und-Beratungsstelle/_resampled/ResizedImage256192-kub5.jpg HTTP/1.1" 404 421 "http://127.0.0.1:4664/preview?event_id=79619&schema_id=2&q=awo+bernau+de+content+treff+angebote&s=000000000000000000000000000" "Mozilla/4.0 (compatible; MSIE 7.0; Windows NT 5.1; GTB6.4; .NET CLR 1.1.4322; .NET CLR 2.0.50727; .NET CLR 3.0.4506.2152; .NET CLR 3.5.30729)"
91.63.156.14 - - [16/Apr/2010:10:18:02 +0200] "GET /content/kontakt-und-beratungsstelle/assets/Kontakt-und-Beratungsstelle/_resampled/ResizedImage256192-kub6.jpg HTTP/1.1" 404 421 "http://127.0.0.1:4664/preview?event_id=79619&schema_id=2&q=awo+bernau+de+content+treff+angebote&s=000000000000000000000000000" "Mozilla/4.0 (compatible; MSIE 7.0; Windows NT 5.1; GTB6.4; .NET CLR 1.1.4322; .NET CLR 2.0.50727; .NET CLR 3.0.4506.2152; .NET CLR 3.5.30729)"
91.63.156.14 - - [16/Apr/2010:10:18:02 +0200] "GET /content/kontakt-und-beratungsstelle/assets/Kontakt-und-Beratungsstelle/kubg1.jpg HTTP/1.1" 404 392 "http://127.0.0.1:4664/preview?event_id=79619&schema_id=2&q=awo+bernau+de+content+treff+angebote&s=000000000000000000000000000" "Mozilla/4.0 (compatible; MSIE 7.0; Windows NT 5.1; GTB6.4; .NET CLR 1.1.4322; .NET CLR 2.0.50727; .NET CLR 3.0.4506.2152; .NET CLR 3.5.30729)"
91.63.156.14 - - [16/Apr/2010:10:18:02 +0200] "GET /content/kontakt-und-beratungsstelle/assets/Kontakt-und-Beratungsstelle/kubg2.jpg HTTP/1.1" 404 392 "http://127.0.0.1:4664/preview?event_id=79619&schema_id=2&q=awo+bernau+de+content+treff+angebote&s=000000000000000000000000000" "Mozilla/4.0 (compatible; MSIE 7.0; Windows NT 5.1; GTB6.4; .NET CLR 1.1.4322; .NET CLR 2.0.50727; .NET CLR 3.0.4506.2152; .NET CLR 3.5.30729)"
91.63.156.14 - - [16/Apr/2010:10:18:02 +0200] "GET /content/kontakt-und-beratungsstelle/assets/Kontakt-und-Beratungsstelle/kubg3.jpg HTTP/1.1" 404 392 "http://127.0.0.1:4664/preview?event_id=79619&schema_id=2&q=awo+bernau+de+content+treff+angebote&s=000000000000000000000000000" "Mozilla/4.0 (compatible; MSIE 7.0; Windows NT 5.1; GTB6.4; .NET CLR 1.1.4322; .NET CLR 2.0.50727; .NET CLR 3.0.4506.2152; .NET CLR 3.5.30729)"
91.63.156.14 - - [16/Apr/2010:10:18:02 +0200] "GET /content/kontakt-und-beratungsstelle/assets/Kontakt-und-Beratungsstelle/kubg4.jpg HTTP/1.1" 404 392 "http://127.0.0.1:4664/preview?event_id=79619&schema_id=2&q=awo+bernau+de+content+treff+angebote&s=000000000000000000000000000" "Mozilla/4.0 (compatible; MSIE 7.0; Windows NT 5.1; GTB6.4; .NET CLR 1.1.4322; .NET CLR 2.0.50727; .NET CLR 3.0.4506.2152; .NET CLR 3.5.30729)"
91.63.156.14 - - [16/Apr/2010:10:18:15 +0200] "GET /content/assets/Kontakt-und-Beratungsstelle/_resampled/ResizedImage377600-job.jpg HTTP/1.1" 404 392 "http://127.0.0.1:4664/cache?event_id=79619&schema_id=2&q=awo+bernau+de+content+treff+angebote&s=000000000000000000000000000" "Mozilla/4.0 (compatible; MSIE 7.0; Windows NT 5.1; GTB6.4; .NET CLR 1.1.4322; .NET CLR 2.0.50727; .NET CLR 3.0.4506.2152; .NET CLR 3.5.30729)"
91.63.156.14 - - [16/Apr/2010:10:18:15 +0200] "GET /content/assets/Kontakt-und-Beratungsstelle/logo.jpg HTTP/1.1" 404 363 "http://127.0.0.1:4664/cache?event_id=79619&schema_id=2&q=awo+bernau+de+content+treff+angebote&s=000000000000000000000000000" "Mozilla/4.0 (compatible; MSIE 7.0; Windows NT 5.1; GTB6.4; .NET CLR 1.1.4322; .NET CLR 2.0.50727; .NET CLR 3.0.4506.2152; .NET CLR 3.5.30729)"
91.63.156.14 - - [16/Apr/2010:10:18:15 +0200] "GET /content/kontakt-und-beratungsstelle/assets/Kontakt-und-Beratungsstelle/_resampled/ResizedImage130122-logofit211009.jpg HTTP/1.1" 404 430 "http://127.0.0.1:4664/cache?event_id=79619&schema_id=2&q=awo+bernau+de+content+treff+angebote&s=000000000000000000000000000" "Mozilla/4.0 (compatible; MSIE 7.0; Windows NT 5.1; GTB6.4; .NET CLR 1.1.4322; .NET CLR 2.0.50727; .NET CLR 3.0.4506.2152; .NET CLR 3.5.30729)"
91.63.156.14 - - [16/Apr/2010:10:18:15 +0200] "GET /content/kontakt-und-beratungsstelle/assets/Kontakt-und-Beratungsstelle/kbs261109.jpg HTTP/1.1" 404 396 "http://127.0.0.1:4664/cache?event_id=79619&schema_id=2&q=awo+bernau+de+content+treff+angebote&s=000000000000000000000000000" "Mozilla/4.0 (compatible; MSIE 7.0; Windows NT 5.1; GTB6.4; .NET CLR 1.1.4322; .NET CLR 2.0.50727; .NET CLR 3.0.4506.2152; .NET CLR 3.5.30729)"
91.63.156.14 - - [16/Apr/2010:10:18:15 +0200] "GET /content/kontakt-und-beratungsstelle/assets/Kontakt-und-Beratungsstelle/_resampled/ResizedImage225192-kub4.jpg HTTP/1.1" 404 421 "http://127.0.0.1:4664/cache?event_id=79619&schema_id=2&q=awo+bernau+de+content+treff+angebote&s=000000000000000000000000000" "Mozilla/4.0 (compatible; MSIE 7.0; Windows NT 5.1; GTB6.4; .NET CLR 1.1.4322; .NET CLR 2.0.50727; .NET CLR 3.0.4506.2152; .NET CLR 3.5.30729)"
91.63.156.14 - - [16/Apr/2010:10:18:15 +0200] "GET /content/kontakt-und-beratungsstelle/assets/Kontakt-und-Beratungsstelle/_resampled/ResizedImage256192-kub5.jpg HTTP/1.1" 404 421 "http://127.0.0.1:4664/cache?event_id=79619&schema_id=2&q=awo+bernau+de+content+treff+angebote&s=000000000000000000000000000" "Mozilla/4.0 (compatible; MSIE 7.0; Windows NT 5.1; GTB6.4; .NET CLR 1.1.4322; .NET CLR 2.0.50727; .NET CLR 3.0.4506.2152; .NET CLR 3.5.30729)"
91.63.156.14 - - [16/Apr/2010:10:18:15 +0200] "GET /content/kontakt-und-beratungsstelle/assets/Kontakt-und-Beratungsstelle/_resampled/ResizedImage256192-kub6.jpg HTTP/1.1" 404 421 "http://127.0.0.1:4664/cache?event_id=79619&schema_id=2&q=awo+bernau+de+content+treff+angebote&s=000000000000000000000000000" "Mozilla/4.0 (compatible; MSIE 7.0; Windows NT 5.1; GTB6.4; .NET CLR 1.1.4322; .NET CLR 2.0.50727; .NET CLR 3.0.4506.2152; .NET CLR 3.5.30729)"
91.63.156.14 - - [16/Apr/2010:10:18:15 +0200] "GET /content/kontakt-und-beratungsstelle/assets/Kontakt-und-Beratungsstelle/kubg1.jpg HTTP/1.1" 404 392 "http://127.0.0.1:4664/cache?event_id=79619&schema_id=2&q=awo+bernau+de+content+treff+angebote&s=000000000000000000000000000" "Mozilla/4.0 (compatible; MSIE 7.0; Windows NT 5.1; GTB6.4; .NET CLR 1.1.4322; .NET CLR 2.0.50727; .NET CLR 3.0.4506.2152; .NET CLR 3.5.30729)"
91.63.156.14 - - [16/Apr/2010:10:18:15 +0200] "GET /content/kontakt-und-beratungsstelle/assets/Kontakt-und-Beratungsstelle/kubg2.jpg HTTP/1.1" 404 392 "http://127.0.0.1:4664/cache?event_id=79619&schema_id=2&q=awo+bernau+de+content+treff+angebote&s=000000000000000000000000000" "Mozilla/4.0 (compatible; MSIE 7.0; Windows NT 5.1; GTB6.4; .NET CLR 1.1.4322; .NET CLR 2.0.50727; .NET CLR 3.0.4506.2152; .NET CLR 3.5.30729)"
91.63.156.14 - - [16/Apr/2010:10:18:15 +0200] "GET /content/kontakt-und-beratungsstelle/assets/Kontakt-und-Beratungsstelle/kubg3.jpg HTTP/1.1" 404 392 "http://127.0.0.1:4664/cache?event_id=79619&schema_id=2&q=awo+bernau+de+content+treff+angebote&s=000000000000000000000000000" "Mozilla/4.0 (compatible; MSIE 7.0; Windows NT 5.1; GTB6.4; .NET CLR 1.1.4322; .NET CLR 2.0.50727; .NET CLR 3.0.4506.2152; .NET CLR 3.5.30729)"
91.63.156.14 - - [16/Apr/2010:10:18:15 +0200] "GET /content/kontakt-und-beratungsstelle/assets/Kontakt-und-Beratungsstelle/kubg4.jpg HTTP/1.1" 404 392 "http://127.0.0.1:4664/cache?event_id=79619&schema_id=2&q=awo+bernau+de+content+treff+angebote&s=000000000000000000000000000" "Mozilla/4.0 (compatible; MSIE 7.0; Windows NT 5.1; GTB6.4; .NET CLR 1.1.4322; .NET CLR 2.0.50727; .NET CLR 3.0.4506.2152; .NET CLR 3.5.30729)"
91.63.156.14 - - [16/Apr/2010:10:18:15 +0200] "GET /content/kontakt-und-beratungsstelle/assets/Kontakt-und-Beratungsstelle/logo.jpg HTTP/1.1" 404 391 "http://127.0.0.1:4664/cache?event_id=79619&schema_id=2&q=awo+bernau+de+content+treff+angebote&s=000000000000000000000000000" "Mozilla/4.0 (compatible; MSIE 7.0; Windows NT 5.1; GTB6.4; .NET CLR 1.1.4322; .NET CLR 2.0.50727; .NET CLR 3.0.4506.2152; .NET CLR 3.5.30729)"
91.63.156.14 - - [16/Apr/2010:10:18:15 +0200] "GET /content/kontakt-und-beratungsstelle/assets/Kontakt-und-Beratungsstelle/_resampled/ResizedImage377600-job.jpg HTTP/1.1" 404 420 "http://127.0.0.1:4664/cache?event_id=79619&schema_id=2&q=awo+bernau+de+content+treff+angebote&s=000000000000000000000000000" "Mozilla/4.0 (compatible; MSIE 7.0; Windows NT 5.1; GTB6.4; .NET CLR 1.1.4322; .NET CLR 2.0.50727; .NET CLR 3.0.4506.2152; .NET CLR 3.5.30729)"
