66.249.65.248 - - [15/Apr/2010:05:29:46 +0200] "GET /content/kalender/jax_calendar.php?Y=235&m=11&d=6&cal_id=0&language=german&gmt_ofs=-1&view=d1 HTTP/1.1" 404 345 "-" "Mozilla/5.0 (compatible; Googlebot/2.1; +http://www.google.com/bot.html)"
66.249.65.248 - - [15/Apr/2010:05:32:16 +0200] "GET /content/kalender/jax_calendar.php?Y=238&m=2&d=18&view=d1 HTTP/1.1" 404 345 "-" "Mozilla/5.0 (compatible; Googlebot/2.1; +http://www.google.com/bot.html)"
66.249.65.248 - - [15/Apr/2010:05:35:00 +0200] "GET /content/kalender/jax_calendar.php?Y=235&m=8&d=6&cal_id=0&language=german&gmt_ofs=-1&view=d1 HTTP/1.1" 404 345 "-" "Mozilla/5.0 (compatible; Googlebot/2.1; +http://www.google.com/bot.html)"
84.186.174.78 - - [15/Apr/2010:05:35:10 +0200] "GET / HTTP/1.1" 200 1229 "" "Mozilla/4.0 (compatible; MSIE 5.01; Windows 98)"
66.249.65.248 - - [15/Apr/2010:05:40:23 +0200] "GET /content/kalender/jax_calendar.php?Y=247&m=2&d=6&cal_id=0&language=german&gmt_ofs=-1&view=d1 HTTP/1.1" 404 345 "-" "Mozilla/5.0 (compatible; Googlebot/2.1; +http://www.google.com/bot.html)"
66.249.65.248 - - [15/Apr/2010:05:45:51 +0200] "GET /content/kalender/jax_calendar.php?Y=248&m=2&d=6&cal_id=0&language=german&gmt_ofs=-1&view=d1 HTTP/1.1" 404 345 "-" "Mozilla/5.0 (compatible; Googlebot/2.1; +http://www.google.com/bot.html)"
66.249.65.248 - - [15/Apr/2010:05:46:35 +0200] "GET /content/kalender/jax_calendar.php?Y=-637&m=2&d=1&cal_id=0&language=german&gmt_ofs=-1&view=d1 HTTP/1.1" 404 345 "-" "Mozilla/5.0 (compatible; Googlebot/2.1; +http://www.google.com/bot.html)"
66.249.65.248 - - [15/Apr/2010:05:46:35 +0200] "GET /content/kalender/jax_calendar.php?Y=-642&m=9&d=1&cal_id=0&language=german&gmt_ofs=-1&view=d1 HTTP/1.1" 404 345 "-" "Mozilla/5.0 (compatible; Googlebot/2.1; +http://www.google.com/bot.html)"
66.249.65.248 - - [15/Apr/2010:05:49:27 +0200] "GET /content/kalender/jax_calendar.php?Y=-648&m=12&d=6&cal_id=0&language=german&gmt_ofs=-1&view=d1 HTTP/1.1" 404 345 "-" "Mozilla/5.0 (compatible; Googlebot/2.1; +http://www.google.com/bot.html)"
66.249.65.248 - - [15/Apr/2010:05:53:08 +0200] "GET /content/kalender/jax_calendar.php?Y=-643&m=1&d=16&view=d1 HTTP/1.1" 404 345 "-" "Mozilla/5.0 (compatible; Googlebot/2.1; +http://www.google.com/bot.html)"
66.249.65.248 - - [15/Apr/2010:05:54:57 +0200] "GET /content/kalender/jax_calendar.php?Y=-642&m=7&d=1&cal_id=0&language=german&gmt_ofs=-1&view=d1 HTTP/1.1" 404 345 "-" "Mozilla/5.0 (compatible; Googlebot/2.1; +http://www.google.com/bot.html)"
66.249.65.248 - - [15/Apr/2010:05:56:45 +0200] "GET /content/kalender/jax_calendar.php?Y=-637&m=1&d=11&view=d1 HTTP/1.1" 404 345 "-" "Mozilla/5.0 (compatible; Googlebot/2.1; +http://www.google.com/bot.html)"
93.111.14.5 - - [15/Apr/2010:05:57:13 +0200] "GET /favicon.ico HTTP/1.1" 404 328 "-" "Mozilla/5.0 (Windows; U; Windows NT 6.1; de; rv:1.9.2.3) Gecko/20100401 Firefox/3.6.3 GTB6"
66.249.65.248 - - [15/Apr/2010:06:00:21 +0200] "GET /content/kalender/jax_calendar.php?Y=-641&m=3&d=1&cal_id=0&language=german&gmt_ofs=-1&view=d1 HTTP/1.1" 404 345 "-" "Mozilla/5.0 (compatible; Googlebot/2.1; +http://www.google.com/bot.html)"
83.167.62.167 - - [15/Apr/2010:06:01:55 +0200] "GET /robots.txt HTTP/1.1" 404 327 "-" "Mozilla/5.0 (compatible; Exabot/3.0 (BiggerBetter); +http://www.exabot.com/go/robot)"
83.167.62.167 - - [15/Apr/2010:06:01:55 +0200] "GET /content HTTP/1.1" 404 324 "-" "Mozilla/5.0 (compatible; Exabot/3.0 (BiggerBetter); +http://www.exabot.com/go/robot)"
66.249.65.248 - - [15/Apr/2010:06:02:10 +0200] "GET /content/kalender/jax_calendar.php?Y=3899&m=4&d=29&view=d1 HTTP/1.1" 404 345 "-" "Mozilla/5.0 (compatible; Googlebot/2.1; +http://www.google.com/bot.html)"
66.249.65.248 - - [15/Apr/2010:06:03:58 +0200] "GET /content/kalender/jax_calendar.php?Y=-643&m=6&d=1&cal_id=0&language=german&gmt_ofs=-1&view=d1 HTTP/1.1" 404 345 "-" "Mozilla/5.0 (compatible; Googlebot/2.1; +http://www.google.com/bot.html)"
83.167.62.167 - - [15/Apr/2010:06:07:02 +0200] "GET /content/ehrenamt/ HTTP/1.1" 404 334 "-" "Mozilla/5.0 (compatible; Exabot/3.0 (BiggerBetter); +http://www.exabot.com/go/robot)"
66.249.65.248 - - [15/Apr/2010:06:09:23 +0200] "GET /content/kalender/jax_calendar.php?Y=-643&m=10&d=1&cal_id=0&language=german&gmt_ofs=-1&view=d1 HTTP/1.1" 404 345 "-" "Mozilla/5.0 (compatible; Googlebot/2.1; +http://www.google.com/bot.html)"
66.249.65.248 - - [15/Apr/2010:06:11:11 +0200] "GET /content/kalender/jax_calendar.php?Y=245&m=2&d=6&cal_id=0&language=german&gmt_ofs=-1&view=d1 HTTP/1.1" 404 345 "-" "Mozilla/5.0 (compatible; Googlebot/2.1; +http://www.google.com/bot.html)"
65.55.207.54 - - [15/Apr/2010:06:11:28 +0200] "GET /robots.txt HTTP/1.1" 404 327 "-" "msnbot/2.0b (+http://search.msn.com/msnbot.htm)"
66.249.65.248 - - [15/Apr/2010:06:12:59 +0200] "GET /content/kalender/jax_calendar.php?Y=-635&m=3&d=7&view=d1 HTTP/1.1" 404 345 "-" "Mozilla/5.0 (compatible; Googlebot/2.1; +http://www.google.com/bot.html)"
66.249.65.248 - - [15/Apr/2010:06:14:48 +0200] "GET /content/kalender/jax_calendar.php?Y=-644&m=9&d=1&cal_id=0&language=german&gmt_ofs=-1&view=d1 HTTP/1.1" 404 345 "-" "Mozilla/5.0 (compatible; Googlebot/2.1; +http://www.google.com/bot.html)"
83.167.62.167 - - [15/Apr/2010:06:16:36 +0200] "GET /content/betreute-wohngruppe/ HTTP/1.1" 404 345 "-" "Mozilla/5.0 (compatible; Exabot/3.0 (BiggerBetter); +http://www.exabot.com/go/robot)"
83.167.62.167 - - [15/Apr/2010:06:21:13 +0200] "GET /content/ueber-uns/ HTTP/1.1" 404 335 "-" "Mozilla/5.0 (compatible; Exabot/3.0 (BiggerBetter); +http://www.exabot.com/go/robot)"
83.167.62.167 - - [15/Apr/2010:06:21:18 +0200] "GET /content/wohnstaette-fuer-psychisch-kranke/ HTTP/1.1" 404 359 "-" "Mozilla/5.0 (compatible; Exabot/3.0 (BiggerBetter); +http://www.exabot.com/go/robot)"
83.167.62.167 - - [15/Apr/2010:06:21:20 +0200] "GET /content/kontakt-impressum/ HTTP/1.1" 404 343 "-" "Mozilla/5.0 (compatible; Exabot/3.0 (BiggerBetter); +http://www.exabot.com/go/robot)"
66.249.65.248 - - [15/Apr/2010:06:22:11 +0200] "GET /content/kalender/jax_calendar.php?Y=3901&m=10&d=1&cal_id=0&language=german&gmt_ofs=-1&view=d1 HTTP/1.1" 404 345 "-" "Mozilla/5.0 (compatible; Googlebot/2.1; +http://www.google.com/bot.html)"
66.249.65.248 - - [15/Apr/2010:06:22:11 +0200] "GET /content/kalender/jax_calendar.php?Y=-639&m=8&d=1&cal_id=0&language=german&gmt_ofs=-1&view=d1 HTTP/1.1" 404 345 "-" "Mozilla/5.0 (compatible; Googlebot/2.1; +http://www.google.com/bot.html)"
66.249.65.248 - - [15/Apr/2010:06:22:12 +0200] "GET /content/kalender/jax_calendar.php?Y=-644&m=11&d=1&cal_id=0&language=german&gmt_ofs=-1&view=d1 HTTP/1.1" 404 345 "-" "Mozilla/5.0 (compatible; Googlebot/2.1; +http://www.google.com/bot.html)"
65.55.207.26 - - [15/Apr/2010:06:22:56 +0200] "GET /robots.txt HTTP/1.1" 404 322 "-" "msnbot/2.0b (+http://search.msn.com/msnbot.htm)"
212.185.234.170 - - [15/Apr/2010:06:23:42 +0200] "GET / HTTP/1.1" 200 1229 "http://suche.t-online.de/fast-cgi/tsc?q=AWO+bernau&wo=&mandant=toi&device=html&portallanguage=de&userlanguage=de&ptl=std&dia=portal&context=internet-tab&tpc=internet&classification=internet-tab_internet_std&suchraum=1&x=31&y=8" "Mozilla/4.0 (compatible; MSIE 7.0; Windows NT 5.1; Trident/4.0; .NET CLR 1.1.4322; .NET CLR 2.0.50727; .NET CLR 3.0.04506.30; .NET CLR 3.0.4506.2152; .NET CLR 3.5.30729; msn OptimizedIE8;DEDE)"
212.185.234.170 - - [15/Apr/2010:06:23:42 +0200] "GET /favicon.ico HTTP/1.1" 404 323 "-" "T-Online Browser"
66.249.65.248 - - [15/Apr/2010:06:25:34 +0200] "GET /content/kalender/jax_calendar.php?Y=3898&m=4&d=39&view=d1 HTTP/1.1" 404 345 "-" "Mozilla/5.0 (compatible; Googlebot/2.1; +http://www.google.com/bot.html)"
83.167.62.167 - - [15/Apr/2010:06:25:52 +0200] "GET /content/altenpflegeheim-wohnen-am-weinberg/ HTTP/1.1" 404 360 "-" "Mozilla/5.0 (compatible; Exabot/3.0 (BiggerBetter); +http://www.exabot.com/go/robot)"
66.249.65.248 - - [15/Apr/2010:06:29:32 +0200] "GET /content/kalender/jax_calendar.php?Y=3901&m=4&d=24&view=d1 HTTP/1.1" 404 345 "-" "Mozilla/5.0 (compatible; Googlebot/2.1; +http://www.google.com/bot.html)"
66.235.124.2 - - [15/Apr/2010:06:30:08 +0200] "GET /robots.txt HTTP/1.1" 404 322 "-" "Mozilla/5.0 (compatible; Ask Jeeves/Teoma; +http://about.ask.com/en/docs/about/webmasters.shtml)"
66.235.124.2 - - [15/Apr/2010:06:30:09 +0200] "GET / HTTP/1.1" 200 1229 "-" "Mozilla/5.0 (compatible; Ask Jeeves/Teoma; +http://about.ask.com/en/docs/about/webmasters.shtml)"
83.167.62.167 - - [15/Apr/2010:06:30:22 +0200] "GET /content/ambulanter-pflegedienst/ HTTP/1.1" 404 349 "-" "Mozilla/5.0 (compatible; Exabot/3.0 (BiggerBetter); +http://www.exabot.com/go/robot)"
83.167.62.167 - - [15/Apr/2010:06:30:24 +0200] "GET /content/stellenangebote/ HTTP/1.1" 404 341 "-" "Mozilla/5.0 (compatible; Exabot/3.0 (BiggerBetter); +http://www.exabot.com/go/robot)"
66.249.65.248 - - [15/Apr/2010:06:34:07 +0200] "GET /content/kalender/jax_calendar.php?Y=-637&m=8&d=1&cal_id=0&language=german&gmt_ofs=-1&view=d1 HTTP/1.1" 404 345 "-" "Mozilla/5.0 (compatible; Googlebot/2.1; +http://www.google.com/bot.html)"
66.249.65.248 - - [15/Apr/2010:06:36:38 +0200] "GET /content/kalender/jax_calendar.php?Y=-643&m=11&d=1&cal_id=0&language=german&gmt_ofs=-1&view=d1 HTTP/1.1" 404 345 "-" "Mozilla/5.0 (compatible; Googlebot/2.1; +http://www.google.com/bot.html)"
66.249.65.248 - - [15/Apr/2010:06:40:18 +0200] "GET /content/kalender/jax_calendar.php?Y=-643&m=7&d=1&cal_id=0&language=german&gmt_ofs=-1&view=d1 HTTP/1.1" 404 345 "-" "Mozilla/5.0 (compatible; Googlebot/2.1; +http://www.google.com/bot.html)"
207.46.204.244 - - [15/Apr/2010:06:44:03 +0200] "GET /robots.txt HTTP/1.1" 404 322 "-" "msnbot/2.0b (+http://search.msn.com/msnbot.htm)"
207.46.204.244 - - [15/Apr/2010:06:44:44 +0200] "GET /content/awo-ortsverein-zepernick/ HTTP/1.1" 404 345 "-" "msnbot/2.0b (+http://search.msn.com/msnbot.htm)"
66.249.65.248 - - [15/Apr/2010:06:47:44 +0200] "GET /content/kalender/jax_calendar.php?Y=-644&m=2&d=1&cal_id=0&language=german&gmt_ofs=-1&view=d1 HTTP/1.1" 404 345 "-" "Mozilla/5.0 (compatible; Googlebot/2.1; +http://www.google.com/bot.html)"
66.249.65.248 - - [15/Apr/2010:06:51:28 +0200] "GET /content/kalender/jax_calendar.php?Y=-644&m=7&d=1&cal_id=0&language=german&gmt_ofs=-1&view=d1 HTTP/1.1" 404 345 "-" "Mozilla/5.0 (compatible; Googlebot/2.1; +http://www.google.com/bot.html)"
66.249.65.248 - - [15/Apr/2010:06:54:17 +0200] "GET /content/kalender/jax_calendar.php?Y=-637&m=9&d=1&cal_id=0&language=german&gmt_ofs=-1&view=d1 HTTP/1.1" 404 345 "-" "Mozilla/5.0 (compatible; Googlebot/2.1; +http://www.google.com/bot.html)"
66.249.65.248 - - [15/Apr/2010:06:54:18 +0200] "GET /content/kalender/jax_calendar.php?Y=-637&m=11&d=1&cal_id=0&language=german&gmt_ofs=-1&view=d1 HTTP/1.1" 404 345 "-" "Mozilla/5.0 (compatible; Googlebot/2.1; +http://www.google.com/bot.html)"
66.249.65.248 - - [15/Apr/2010:06:54:18 +0200] "GET /content/kalender/jax_calendar.php?Y=-643&m=4&d=1&cal_id=0&language=german&gmt_ofs=-1&view=d1 HTTP/1.1" 404 345 "-" "Mozilla/5.0 (compatible; Googlebot/2.1; +http://www.google.com/bot.html)"
66.249.65.248 - - [15/Apr/2010:06:54:20 +0200] "GET /content/kalender/jax_calendar.php?Y=-644&m=6&d=1&cal_id=0&language=german&gmt_ofs=-1&view=d1 HTTP/1.1" 404 345 "-" "Mozilla/5.0 (compatible; Googlebot/2.1; +http://www.google.com/bot.html)"
66.249.65.248 - - [15/Apr/2010:06:54:20 +0200] "GET /content/kalender/jax_calendar.php?Y=-637&m=3&d=1&cal_id=0&language=german&gmt_ofs=-1&view=d1 HTTP/1.1" 404 345 "-" "Mozilla/5.0 (compatible; Googlebot/2.1; +http://www.google.com/bot.html)"
66.249.65.248 - - [15/Apr/2010:06:54:21 +0200] "GET /content/kalender/jax_calendar.php?Y=-645&m=4&d=1&cal_id=0&language=german&gmt_ofs=-1&view=d1 HTTP/1.1" 404 345 "-" "Mozilla/5.0 (compatible; Googlebot/2.1; +http://www.google.com/bot.html)"
66.249.65.248 - - [15/Apr/2010:06:54:22 +0200] "GET /content/kalender/jax_calendar.php?Y=-645&m=11&d=1&cal_id=0&language=german&gmt_ofs=-1&view=d1 HTTP/1.1" 404 345 "-" "Mozilla/5.0 (compatible; Googlebot/2.1; +http://www.google.com/bot.html)"
66.249.65.248 - - [15/Apr/2010:06:54:23 +0200] "GET /content/kalender/jax_calendar.php?Y=-644&m=4&d=1&cal_id=0&language=german&gmt_ofs=-1&view=d1 HTTP/1.1" 404 345 "-" "Mozilla/5.0 (compatible; Googlebot/2.1; +http://www.google.com/bot.html)"
66.249.65.248 - - [15/Apr/2010:06:54:24 +0200] "GET /content/kalender/jax_calendar.php?Y=-644&m=8&d=1&cal_id=0&language=german&gmt_ofs=-1&view=d1 HTTP/1.1" 404 345 "-" "Mozilla/5.0 (compatible; Googlebot/2.1; +http://www.google.com/bot.html)"
87.187.153.152 - - [15/Apr/2010:07:13:38 +0200] "GET /admin HTTP/1.1" 404 317 "-" "Mozilla/5.0 (Windows; U; Windows NT 6.0; de; rv:1.9.2.3) Gecko/20100401 Firefox/3.6.3 (.NET CLR 3.5.30729)"
87.187.153.152 - - [15/Apr/2010:07:13:38 +0200] "GET /favicon.ico HTTP/1.1" 404 323 "-" "Mozilla/5.0 (Windows; U; Windows NT 6.0; de; rv:1.9.2.3) Gecko/20100401 Firefox/3.6.3 (.NET CLR 3.5.30729)"
87.187.153.152 - - [15/Apr/2010:07:13:41 +0200] "GET /favicon.ico HTTP/1.1" 404 323 "-" "Mozilla/5.0 (Windows; U; Windows NT 6.0; de; rv:1.9.2.3) Gecko/20100401 Firefox/3.6.3 (.NET CLR 3.5.30729)"
87.187.153.152 - - [15/Apr/2010:07:13:45 +0200] "GET / HTTP/1.1" 200 1229 "-" "Mozilla/5.0 (Windows; U; Windows NT 6.0; de; rv:1.9.2.3) Gecko/20100401 Firefox/3.6.3 (.NET CLR 3.5.30729)"
207.46.199.54 - - [15/Apr/2010:07:23:50 +0200] "GET /content/awo-ortsverein-wandlitz/ HTTP/1.1" 404 344 "-" "msnbot/2.0b (+http://search.msn.com/msnbot.htm)"
66.249.65.248 - - [15/Apr/2010:07:30:20 +0200] "GET /content/kalender/jax_calendar.php?Y=-644&m=1&d=14&view=d1 HTTP/1.1" 404 345 "-" "Mozilla/5.0 (compatible; Googlebot/2.1; +http://www.google.com/bot.html)"
66.249.65.248 - - [15/Apr/2010:07:36:27 +0200] "GET /content/kalender/jax_calendar.php?Y=-637&m=10&d=1&cal_id=0&language=german&gmt_ofs=-1&view=d1 HTTP/1.1" 404 345 "-" "Mozilla/5.0 (compatible; Googlebot/2.1; +http://www.google.com/bot.html)"
66.249.65.248 - - [15/Apr/2010:07:39:30 +0200] "GET /content/kalender/jax_calendar.php?Y=-641&m=1&d=31&view=d1 HTTP/1.1" 404 345 "-" "Mozilla/5.0 (compatible; Googlebot/2.1; +http://www.google.com/bot.html)"
66.249.65.248 - - [15/Apr/2010:07:42:33 +0200] "GET /content/kalender/jax_calendar.php?Y=-637&m=6&d=1&cal_id=0&language=german&gmt_ofs=-1&view=d1 HTTP/1.1" 404 345 "-" "Mozilla/5.0 (compatible; Googlebot/2.1; +http://www.google.com/bot.html)"
66.249.65.248 - - [15/Apr/2010:07:45:37 +0200] "GET /content/kalender/jax_calendar.php?Y=-644&m=3&d=1&cal_id=0&language=german&gmt_ofs=-1&view=d1 HTTP/1.1" 404 345 "-" "Mozilla/5.0 (compatible; Googlebot/2.1; +http://www.google.com/bot.html)"
66.249.65.248 - - [15/Apr/2010:07:48:40 +0200] "GET /content/kalender/jax_calendar.php?Y=-643&m=9&d=1&cal_id=0&language=german&gmt_ofs=-1&view=d1 HTTP/1.1" 404 345 "-" "Mozilla/5.0 (compatible; Googlebot/2.1; +http://www.google.com/bot.html)"
87.187.153.152 - - [15/Apr/2010:07:51:04 +0200] "GET / HTTP/1.1" 200 1229 "-" "Mozilla/4.0 (compatible; MSIE 7.0; Windows NT 5.1; .NET CLR 1.1.4322)"
66.249.65.248 - - [15/Apr/2010:07:51:44 +0200] "GET /content/kalender/jax_calendar.php?Y=-641&m=4&d=1&cal_id=0&language=german&gmt_ofs=-1&view=d1 HTTP/1.1" 404 345 "-" "Mozilla/5.0 (compatible; Googlebot/2.1; +http://www.google.com/bot.html)"
66.249.65.248 - - [15/Apr/2010:07:54:47 +0200] "GET /content/kalender/jax_calendar.php?Y=-645&m=3&d=1&cal_id=0&language=german&gmt_ofs=-1&view=d1 HTTP/1.1" 404 345 "-" "Mozilla/5.0 (compatible; Googlebot/2.1; +http://www.google.com/bot.html)"
66.249.65.248 - - [15/Apr/2010:07:57:51 +0200] "GET /content/kalender/jax_calendar.php?Y=109&m=4&d=21&view=d1 HTTP/1.1" 404 345 "-" "Mozilla/5.0 (compatible; Googlebot/2.1; +http://www.google.com/bot.html)"
87.187.179.22 - - [15/Apr/2010:07:59:44 +0200] "GET / HTTP/1.1" 304 - "-" "Mozilla/4.0 (compatible; MSIE 7.0; Windows NT 5.1; Trident/4.0)"
66.249.65.248 - - [15/Apr/2010:08:00:51 +0200] "GET /content/kalender/jax_calendar.php?Y=-47&m=8&d=12&view=d1 HTTP/1.1" 404 345 "-" "Mozilla/5.0 (compatible; Googlebot/2.1; +http://www.google.com/bot.html)"
207.46.199.44 - - [15/Apr/2010:08:04:48 +0200] "GET /content/kalender/jax_calendar.php?Y=2010&m=3&d=13&do=show_event&key=9698830d843fbba097c32ad968e0514b&cal_id=0&language=german&gmt_ofs=-1&view=d30&evt_date=%3Cb%3E16.03.2010%3C%2Fb%3E+18%3A30&evt_title=Reiki HTTP/1.1" 404 345 "-" "msnbot/2.0b (+http://search.msn.com/msnbot.htm)"
66.249.65.248 - - [15/Apr/2010:08:06:40 +0200] "GET /content/kalender/jax_calendar.php?Y=-645&m=7&d=1&cal_id=0&language=german&gmt_ofs=-1&view=d1 HTTP/1.1" 404 345 "-" "Mozilla/5.0 (compatible; Googlebot/2.1; +http://www.google.com/bot.html)"
79.194.51.250 - - [15/Apr/2010:08:08:33 +0200] "GET / HTTP/1.1" 304 - "-" "Mozilla/4.0 (compatible; MSIE 8.0; Windows NT 6.1; Trident/4.0; SLCC2; .NET CLR 2.0.50727; .NET CLR 3.5.30729; .NET CLR 3.0.30729; Media Center PC 6.0; Tablet PC 2.0; InfoPath.2)"
79.194.51.250 - - [15/Apr/2010:08:08:46 +0200] "GET / HTTP/1.1" 304 - "-" "Mozilla/4.0 (compatible; MSIE 8.0; Windows NT 6.1; Trident/4.0; SLCC2; .NET CLR 2.0.50727; .NET CLR 3.5.30729; .NET CLR 3.0.30729; Media Center PC 6.0; Tablet PC 2.0; InfoPath.2)"
66.249.65.248 - - [15/Apr/2010:08:09:40 +0200] "GET /content/kalender/jax_calendar.php?Y=-645&m=8&d=1&cal_id=0&language=german&gmt_ofs=-1&view=d1 HTTP/1.1" 404 345 "-" "Mozilla/5.0 (compatible; Googlebot/2.1; +http://www.google.com/bot.html)"
170.56.58.157 - - [15/Apr/2010:08:11:10 +0200] "GET / HTTP/1.0" 200 1229 "http://www.google.de/search?hl=de&source=hp&q=awo+bernau+bei+berlin&meta=&aq=0&aqi=g2&aql=&oq=awo+bernau&gs_rfai=" "Mozilla/4.0 (compatible; MSIE 6.0; Windows NT 5.1; SV1; .NET CLR 1.1.4322; InfoPath.1)"
170.56.58.157 - - [15/Apr/2010:08:12:09 +0200] "GET / HTTP/1.0" 200 1229 "http://www.kliniken.de/pflegeheime/a-z/altenheim/AWO-Altenpflegeheim-Wohnen-Am-Weinberg-Bernau-b-Berlin-33720.htm" "Mozilla/4.0 (compatible; MSIE 6.0; Windows NT 5.1; SV1; .NET CLR 1.1.4322; InfoPath.1)"
170.56.58.157 - - [15/Apr/2010:08:12:48 +0200] "GET /favicon.ico HTTP/1.0" 404 323 "-" "Mozilla/5.0 (Windows; U; Windows NT 5.1; de; rv:1.9.0.19) Gecko/2010031422 Firefox/3.0.19"
170.56.58.157 - - [15/Apr/2010:08:13:01 +0200] "GET /content/schuldnerberatung/ HTTP/1.0" 404 338 "http://www.google.de/url?sa=t&source=web&ct=res&cd=2&ved=0CAsQFjAB&url=http%3A%2F%2Fwww.awo-kv-bernau.de%2Fcontent%2Fschuldnerberatung%2F&rct=j&q=awo+bernau+schuldnerberatung&ei=aa7GS6fqJ5SaOP-HhM0P&usg=AFQjCNH78xCNJBM8XIacsUzjUNeR8rrF3A" "Mozilla/5.0 (Windows; U; Windows NT 5.1; de; rv:1.9.0.19) Gecko/2010031422 Firefox/3.0.19"
66.249.65.248 - - [15/Apr/2010:08:15:42 +0200] "GET /content/kalender/jax_calendar.php?Y=-642&m=4&d=1&cal_id=0&language=german&gmt_ofs=-1&view=d1 HTTP/1.1" 404 345 "-" "Mozilla/5.0 (compatible; Googlebot/2.1; +http://www.google.com/bot.html)"
66.249.65.248 - - [15/Apr/2010:08:21:45 +0200] "GET /content/kalender/jax_calendar.php?Y=-643&m=3&d=1&cal_id=0&language=german&gmt_ofs=-1&view=d1 HTTP/1.1" 404 345 "-" "Mozilla/5.0 (compatible; Googlebot/2.1; +http://www.google.com/bot.html)"
66.249.65.248 - - [15/Apr/2010:08:25:25 +0200] "GET /content/kalender/jax_calendar.php?Y=-50&m=8&d=3&view=d1 HTTP/1.1" 404 345 "-" "Mozilla/5.0 (compatible; Googlebot/2.1; +http://www.google.com/bot.html)"
66.249.65.248 - - [15/Apr/2010:08:27:47 +0200] "GET /content/kalender/jax_calendar.php?Y=-641&m=7&d=1&cal_id=0&language=german&gmt_ofs=-1&view=d1 HTTP/1.1" 404 345 "-" "Mozilla/5.0 (compatible; Googlebot/2.1; +http://www.google.com/bot.html)"
66.249.65.248 - - [15/Apr/2010:08:32:18 +0200] "GET /content/kalender/jax_calendar.php?Y=-645&m=2&d=1&cal_id=0&language=german&gmt_ofs=-1&view=d1 HTTP/1.1" 404 345 "-" "Mozilla/5.0 (compatible; Googlebot/2.1; +http://www.google.com/bot.html)"
66.249.65.248 - - [15/Apr/2010:08:37:03 +0200] "GET /content/kalender/jax_calendar.php?Y=-636&m=8&d=1&cal_id=0&language=german&gmt_ofs=-1&view=d1 HTTP/1.1" 404 345 "-" "Mozilla/5.0 (compatible; Googlebot/2.1; +http://www.google.com/bot.html)"
66.249.65.248 - - [15/Apr/2010:08:39:25 +0200] "GET /content/kalender/jax_calendar.php?Y=-636&m=1&d=19&view=d1 HTTP/1.1" 404 345 "-" "Mozilla/5.0 (compatible; Googlebot/2.1; +http://www.google.com/bot.html)"
66.249.65.248 - - [15/Apr/2010:08:41:48 +0200] "GET /content/kalender/jax_calendar.php?Y=-645&m=10&d=1&cal_id=0&language=german&gmt_ofs=-1&view=d1 HTTP/1.1" 404 345 "-" "Mozilla/5.0 (compatible; Googlebot/2.1; +http://www.google.com/bot.html)"
66.249.65.248 - - [15/Apr/2010:08:44:10 +0200] "GET /content/kalender/jax_calendar.php?Y=-636&m=6&d=1&cal_id=0&language=german&gmt_ofs=-1&view=d1 HTTP/1.1" 404 345 "-" "Mozilla/5.0 (compatible; Googlebot/2.1; +http://www.google.com/bot.html)"
87.187.153.152 - - [15/Apr/2010:08:44:36 +0200] "GET / HTTP/1.1" 304 - "-" "Mozilla/4.0 (compatible; MSIE 7.0; Windows NT 5.1; GTB6.4; .NET CLR 2.0.50727; .NET CLR 3.0.4506.2152; .NET CLR 3.5.30729; AskTB5.6)"
66.249.65.248 - - [15/Apr/2010:08:46:33 +0200] "GET /content/kalender/jax_calendar.php?Y=-641&m=6&d=1&cal_id=0&language=german&gmt_ofs=-1&view=d1 HTTP/1.1" 404 345 "-" "Mozilla/5.0 (compatible; Googlebot/2.1; +http://www.google.com/bot.html)"
66.249.65.248 - - [15/Apr/2010:08:48:55 +0200] "GET /content/kalender/jax_calendar.php?Y=-41&m=6&d=25&view=d1 HTTP/1.1" 404 345 "-" "Mozilla/5.0 (compatible; Googlebot/2.1; +http://www.google.com/bot.html)"
66.249.65.248 - - [15/Apr/2010:08:49:30 +0200] "GET /content/assets/Beratung/Schuldner/spreu.jpg HTTP/1.1" 404 355 "-" "Googlebot-Image/1.0"
207.46.13.101 - - [15/Apr/2010:08:53:13 +0200] "GET /content/insolvenzberatung/ HTTP/1.1" 404 338 "-" "msnbot/2.0b (+http://search.msn.com/msnbot.htm)"
66.249.65.248 - - [15/Apr/2010:08:53:40 +0200] "GET /content/kalender/jax_calendar.php?Y=-638&m=8&d=1&cal_id=0&language=german&gmt_ofs=-1&view=d1 HTTP/1.1" 404 345 "-" "Mozilla/5.0 (compatible; Googlebot/2.1; +http://www.google.com/bot.html)"
91.60.208.24 - - [15/Apr/2010:08:53:57 +0200] "GET /content/ambulanter-pflegedienst/ HTTP/1.1" 404 349 "http://images.google.de/imgres?imgurl=http://www.sozialedienste-awo.de/content/assets/Pflegedienst/auto.jpg&imgrefurl=http://www.sozialedienste-awo.de/content/ambulanter-pflegedienst/&usg=__5cLD-uGUjTL5z7r6JSiDeIuQxEM=&h=301&w=450&sz=38&hl=de&start=20&um=1&itbs=1&tbnid=762oN-lRQJ_vVM:&tbnh=85&tbnw=127&prev=/images%3Fq%3Dambulanter%2Bpflegedienst%26um%3D1%26hl%3Dde%26sa%3DN%26tbs%3Disch:1" "Mozilla/4.0 (compatible; MSIE 7.0; Windows NT 5.1; Trident/4.0)"
91.60.208.24 - - [15/Apr/2010:08:53:59 +0200] "GET /content/assets/Pflegedienst/auto.jpg HTTP/1.1" 404 353 "http://images.google.de/imgres?imgurl=http://www.sozialedienste-awo.de/content/assets/Pflegedienst/auto.jpg&imgrefurl=http://www.sozialedienste-awo.de/content/ambulanter-pflegedienst/&usg=__5cLD-uGUjTL5z7r6JSiDeIuQxEM=&h=301&w=450&sz=38&hl=de&start=20&um=1&itbs=1&tbnid=762oN-lRQJ_vVM:&tbnh=85&tbnw=127&prev=/images%3Fq%3Dambulanter%2Bpflegedienst%26um%3D1%26hl%3Dde%26sa%3DN%26tbs%3Disch:1" "Mozilla/4.0 (compatible; MSIE 8.0; Windows NT 5.1; Trident/4.0)"
91.60.208.24 - - [15/Apr/2010:08:54:01 +0200] "GET /content/ambulanter-pflegedienst/ HTTP/1.1" 404 349 "http://images.google.de/imgres?imgurl=http://www.sozialedienste-awo.de/content/assets/Pflegedienst/auto.jpg&imgrefurl=http://www.sozialedienste-awo.de/content/ambulanter-pflegedienst/&usg=__5cLD-uGUjTL5z7r6JSiDeIuQxEM=&h=301&w=450&sz=38&hl=de&start=20&um=1&itbs=1&tbnid=762oN-lRQJ_vVM:&tbnh=85&tbnw=127&prev=/images%3Fq%3Dambulanter%2Bpflegedienst%26um%3D1%26hl%3Dde%26sa%3DN%26tbs%3Disch:1" "Mozilla/4.0 (compatible; MSIE 7.0; Windows NT 5.1; Trident/4.0)"
66.249.65.248 - - [15/Apr/2010:08:56:03 +0200] "GET /content/kalender/jax_calendar.php?Y=-641&m=8&d=1&cal_id=0&language=german&gmt_ofs=-1&view=d1 HTTP/1.1" 404 345 "-" "Mozilla/5.0 (compatible; Googlebot/2.1; +http://www.google.com/bot.html)"
66.249.65.248 - - [15/Apr/2010:08:58:23 +0200] "GET /content/kalender/jax_calendar.php?Y=2007&m=4&d=9&cal_id=0&language=german&gmt_ofs=-1&view=d1 HTTP/1.1" 404 345 "-" "Mozilla/5.0 (compatible; Googlebot/2.1; +http://www.google.com/bot.html)"
66.249.65.248 - - [15/Apr/2010:08:58:49 +0200] "GET /content/kalender/jax_calendar.php?Y=-636&m=9&d=1&cal_id=0&language=german&gmt_ofs=-1&view=d1 HTTP/1.1" 404 345 "-" "Mozilla/5.0 (compatible; Googlebot/2.1; +http://www.google.com/bot.html)"
66.249.65.248 - - [15/Apr/2010:09:01:30 +0200] "GET /content/kalender/jax_calendar.php?Y=-641&m=2&d=1&cal_id=0&language=german&gmt_ofs=-1&view=d1 HTTP/1.1" 404 345 "-" "Mozilla/5.0 (compatible; Googlebot/2.1; +http://www.google.com/bot.html)"
66.249.65.248 - - [15/Apr/2010:09:06:58 +0200] "GET /content/kalender/jax_calendar.php?Y=-638&m=10&d=1&cal_id=0&language=german&gmt_ofs=-1&view=d1 HTTP/1.1" 404 345 "-" "Mozilla/5.0 (compatible; Googlebot/2.1; +http://www.google.com/bot.html)"
87.187.153.152 - - [15/Apr/2010:09:08:19 +0200] "GET /content/aktuelles/ HTTP/1.1" 404 330 "-" "Mozilla/4.0 (compatible; MSIE 8.0; Windows NT 5.1; Trident/4.0; .NET CLR 2.0.50727; .NET CLR 3.0.4506.2152; .NET CLR 3.5.30729; InfoPath.2)"
207.46.199.177 - - [15/Apr/2010:09:09:04 +0200] "GET /robots.txt HTTP/1.1" 404 322 "-" "msnbot/2.0b (+http://search.msn.com/msnbot.htm)"
87.187.153.152 - - [15/Apr/2010:09:10:48 +0200] "GET / HTTP/1.1" 200 1229 "http://www.google.de/search?hl=de&source=hp&q=awo+bernau&rlz=1W1RNWZ_de" "Mozilla/4.0 (compatible; MSIE 7.0; Windows NT 5.1; GTB0.0)"
87.187.153.152 - - [15/Apr/2010:09:10:48 +0200] "GET /favicon.ico HTTP/1.1" 404 323 "-" "Mozilla/4.0 (compatible; MSIE 7.0; Windows NT 5.1; GTB0.0)"
66.249.65.248 - - [15/Apr/2010:09:12:25 +0200] "GET /content/kalender/jax_calendar.php?Y=-636&m=3&d=1&cal_id=0&language=german&gmt_ofs=-1&view=d1 HTTP/1.1" 404 345 "-" "Mozilla/5.0 (compatible; Googlebot/2.1; +http://www.google.com/bot.html)"
194.6.239.30 - - [15/Apr/2010:09:14:34 +0200] "GET / HTTP/1.1" 200 1229 "http://www.google.de/search?q=awo+bernau&ie=utf-8&oe=utf-8&aq=t&rls=org.mozilla:de:official&client=firefox-a" "Mozilla/5.0 (Windows; U; Windows NT 5.1; de; rv:1.9.2.3) Gecko/20100401 Firefox/3.6.3 (.NET CLR 3.5.30729)"
194.6.239.30 - - [15/Apr/2010:09:14:37 +0200] "GET /favicon.ico HTTP/1.1" 404 323 "-" "Mozilla/5.0 (Windows; U; Windows NT 5.1; de; rv:1.9.2.3) Gecko/20100401 Firefox/3.6.3 (.NET CLR 3.5.30729)"
66.249.65.248 - - [15/Apr/2010:09:15:09 +0200] "GET /content/kalender/jax_calendar.php?Y=-645&m=5&d=1&cal_id=0&language=german&gmt_ofs=-1&view=d1 HTTP/1.1" 404 345 "-" "Mozilla/5.0 (compatible; Googlebot/2.1; +http://www.google.com/bot.html)"
194.6.239.30 - - [15/Apr/2010:09:15:18 +0200] "GET /favicon.ico HTTP/1.1" 404 323 "-" "Mozilla/5.0 (Windows; U; Windows NT 5.1; de; rv:1.9.2.3) Gecko/20100401 Firefox/3.6.3 (.NET CLR 3.5.30729)"
66.249.65.248 - - [15/Apr/2010:09:17:53 +0200] "GET /content/kalender/jax_calendar.php?Y=-654&m=1&d=1&cal_id=0&language=german&gmt_ofs=-1&view=d1 HTTP/1.1" 404 345 "-" "Mozilla/5.0 (compatible; Googlebot/2.1; +http://www.google.com/bot.html)"
66.249.65.248 - - [15/Apr/2010:09:20:37 +0200] "GET /content/kalender/jax_calendar.php?Y=74&m=3&d=1&cal_id=0&language=german&gmt_ofs=-1&view=d1 HTTP/1.1" 404 345 "-" "Mozilla/5.0 (compatible; Googlebot/2.1; +http://www.google.com/bot.html)"
66.249.65.248 - - [15/Apr/2010:09:23:20 +0200] "GET /content/kalender/jax_calendar.php?Y=-641&m=11&d=1&cal_id=0&language=german&gmt_ofs=-1&view=d1 HTTP/1.1" 404 345 "-" "Mozilla/5.0 (compatible; Googlebot/2.1; +http://www.google.com/bot.html)"
208.115.111.246 - - [15/Apr/2010:09:24:44 +0200] "GET /robots.txt HTTP/1.1" 404 322 "-" "Mozilla/5.0 (compatible; DotBot/1.1; http://www.dotnetdotcom.org/, crawler@dotnetdotcom.org)"
66.249.65.248 - - [15/Apr/2010:09:26:56 +0200] "GET /content/kalender/jax_calendar.php?Y=2011&m=7&d=7&cal_id=0&language=german&gmt_ofs=-1&view=d1&view=d1 HTTP/1.1" 404 345 "-" "Mozilla/5.0 (compatible; Googlebot/2.1; +http://www.google.com/bot.html)"
66.249.65.248 - - [15/Apr/2010:09:26:56 +0200] "GET /content/kalender/jax_calendar.php?Y=-638&m=2&d=1&cal_id=0&language=german&gmt_ofs=-1&view=d1 HTTP/1.1" 404 345 "-" "Mozilla/5.0 (compatible; Googlebot/2.1; +http://www.google.com/bot.html)"
66.249.65.248 - - [15/Apr/2010:09:26:57 +0200] "GET /content/kalender/jax_calendar.php?Y=-636&m=2&d=1&cal_id=0&language=german&gmt_ofs=-1&view=d1 HTTP/1.1" 404 345 "-" "Mozilla/5.0 (compatible; Googlebot/2.1; +http://www.google.com/bot.html)"
66.249.65.248 - - [15/Apr/2010:09:26:57 +0200] "GET /content/kalender/jax_calendar.php?Y=-645&m=1&d=16&view=d1 HTTP/1.1" 404 345 "-" "Mozilla/5.0 (compatible; Googlebot/2.1; +http://www.google.com/bot.html)"
66.249.65.248 - - [15/Apr/2010:09:26:58 +0200] "GET /content/kalender/jax_calendar.php?Y=-638&m=7&d=1&cal_id=0&language=german&gmt_ofs=-1&view=d1 HTTP/1.1" 404 345 "-" "Mozilla/5.0 (compatible; Googlebot/2.1; +http://www.google.com/bot.html)"
207.46.204.229 - - [15/Apr/2010:09:27:14 +0200] "GET /content/kalender/jax_calendar.php?Y=2010&m=12&d=23&view=d1 HTTP/1.1" 404 345 "-" "msnbot/2.0b (+http://search.msn.com/msnbot.htm)"
66.249.65.248 - - [15/Apr/2010:09:31:08 +0200] "GET /content/kalender/jax_calendar.php?Y=-641&m=9&d=1&cal_id=0&language=german&gmt_ofs=-1&view=d1 HTTP/1.1" 404 345 "-" "Mozilla/5.0 (compatible; Googlebot/2.1; +http://www.google.com/bot.html)"
66.249.65.248 - - [15/Apr/2010:09:34:32 +0200] "GET /content/kalender/jax_calendar.php?Y=70&m=11&d=5&view=d1 HTTP/1.1" 404 345 "-" "Mozilla/5.0 (compatible; Googlebot/2.1; +http://www.google.com/bot.html)"
173.45.109.19 - - [15/Apr/2010:09:41:00 +0200] "GET / HTTP/1.1" 200 1229 "-" "-"
173.45.109.19 - - [15/Apr/2010:09:41:00 +0200] "GET / HTTP/1.1" 200 1229 "-" "Mozilla/5.0 (Windows; U; Windows NT 6.0; en-US; rv:1.9.2) Gecko/20100115 Firefox/3.6 (.NET CLR 3.5.30729)"
80.187.110.33 - - [15/Apr/2010:09:42:23 +0200] "GET / HTTP/1.1" 200 1229 "http://www.google.de/search?q=wohnen+in+bernau+bei+berlin&rls=com.microsoft:de:IE-SearchBox&ie=UTF-8&oe=UTF-8&sourceid=ie7&rlz=1I7ACAW_deDE312DE312&redir_esc=&ei=OsPGS9i_NIymOMuX6LQP" "Mozilla/4.0 (compatible; MSIE 7.0; Windows NT 5.1; GTB0.0; .NET CLR 1.1.4322; .NET CLR 2.0.50727; .NET CLR 3.0.4506.2152; .NET CLR 3.5.30729; AskTB5.4)"
80.187.110.33 - - [15/Apr/2010:09:42:23 +0200] "GET /favicon.ico HTTP/1.1" 404 323 "-" "Mozilla/4.0 (compatible; MSIE 7.0; Windows NT 5.1; GTB0.0; .NET CLR 1.1.4322; .NET CLR 2.0.50727; .NET CLR 3.0.4506.2152; .NET CLR 3.5.30729; AskTB5.4)"
66.249.65.248 - - [15/Apr/2010:09:42:27 +0200] "GET /content/kalender/jax_calendar.php?Y=-636&m=11&d=1&cal_id=0&language=german&gmt_ofs=-1&view=d1 HTTP/1.1" 404 345 "-" "Mozilla/5.0 (compatible; Googlebot/2.1; +http://www.google.com/bot.html)"
87.187.153.152 - - [15/Apr/2010:09:50:18 +0200] "GET /content/aktuelles/ HTTP/1.1" 404 330 "-" "Mozilla/4.0 (compatible; MSIE 8.0; Windows NT 5.1; Trident/4.0; .NET CLR 2.0.50727; .NET CLR 3.0.4506.2152; .NET CLR 3.5.30729; InfoPath.2)"
207.46.204.242 - - [15/Apr/2010:09:53:16 +0200] "GET /content/kontakt-und-beratungsstelle/ HTTP/1.1" 404 348 "-" "msnbot/2.0b (+http://search.msn.com/msnbot.htm)"
66.249.65.248 - - [15/Apr/2010:09:54:23 +0200] "GET /content/kalender/jax_calendar.php?Y=-645&m=9&d=1&cal_id=0&language=german&gmt_ofs=-1&view=d1 HTTP/1.1" 404 345 "-" "Mozilla/5.0 (compatible; Googlebot/2.1; +http://www.google.com/bot.html)"
207.46.13.87 - - [15/Apr/2010:09:57:14 +0200] "GET /content/kalender/jax_calendar.php?Y=2010&m=3&d=4&do=show_event&key=4b2bb26e110b8a9717991d9d4e8b4b0c&cal_id=0&language=german&gmt_ofs=-1&view=d30&evt_date=%3Cb%3E25.03.2010%3C%2Fb%3E+18%3A00&evt_title=Entspannungstraining HTTP/1.1" 404 345 "-" "msnbot/2.0b (+http://search.msn.com/msnbot.htm)"
66.249.65.248 - - [15/Apr/2010:09:59:00 +0200] "GET /content/kalender/jax_calendar.php?Y=2011&m=8&d=2&cal_id=0&language=german&gmt_ofs=-1&view=d1&view=d1 HTTP/1.1" 404 345 "-" "Mozilla/5.0 (compatible; Googlebot/2.1; +http://www.google.com/bot.html)"
66.249.65.248 - - [15/Apr/2010:09:59:02 +0200] "GET /content/kalender/jax_calendar.php?Y=-639&m=4&d=1&cal_id=0&language=german&gmt_ofs=-1&view=d1 HTTP/1.1" 404 345 "-" "Mozilla/5.0 (compatible; Googlebot/2.1; +http://www.google.com/bot.html)"
66.249.65.248 - - [15/Apr/2010:09:59:03 +0200] "GET /content/kalender/jax_calendar.php?Y=-636&m=10&d=1&cal_id=0&language=german&gmt_ofs=-1&view=d1 HTTP/1.1" 404 345 "-" "Mozilla/5.0 (compatible; Googlebot/2.1; +http://www.google.com/bot.html)"
66.249.65.248 - - [15/Apr/2010:09:59:04 +0200] "GET /content/kalender/jax_calendar.php?Y=-45&m=6&d=6&cal_id=0&language=german&gmt_ofs=-1&view=d1 HTTP/1.1" 404 345 "-" "Mozilla/5.0 (compatible; Googlebot/2.1; +http://www.google.com/bot.html)"
66.249.65.248 - - [15/Apr/2010:09:59:04 +0200] "GET /content/kalender/jax_calendar.php?Y=-642&m=6&d=1&cal_id=0&language=german&gmt_ofs=-1&view=d1 HTTP/1.1" 404 345 "-" "Mozilla/5.0 (compatible; Googlebot/2.1; +http://www.google.com/bot.html)"
66.249.65.248 - - [15/Apr/2010:09:59:05 +0200] "GET /content/kalender/jax_calendar.php?Y=-650&m=1&d=1&cal_id=0&language=german&gmt_ofs=-1&view=d1 HTTP/1.1" 404 345 "-" "Mozilla/5.0 (compatible; Googlebot/2.1; +http://www.google.com/bot.html)"
66.249.65.248 - - [15/Apr/2010:09:59:06 +0200] "GET /content/kalender/jax_calendar.php?Y=-638&m=1&d=12&view=d1 HTTP/1.1" 404 345 "-" "Mozilla/5.0 (compatible; Googlebot/2.1; +http://www.google.com/bot.html)"
90.187.109.95 - - [15/Apr/2010:09:59:06 +0200] "GET / HTTP/1.1" 200 1229 "http://www.google.de/url?sa=t&source=web&ct=res&cd=1&ved=0CAYQFDAA&url=http%3A%2F%2Fwww.boedenundmehr.de%2F&rct=j&q=steinkrau%C3%9F+berlin&ei=RsfGS7bdLciYOOOtiLgP&usg=AFQjCNGrTY8uwc4J_TZjzyRgyJZIxG4XUA" "Mozilla/5.0 (Windows; U; Windows NT 5.1; de; rv:1.9.2.3) Gecko/20100401 Firefox/3.6.3 (.NET CLR 3.5.30729)"
66.249.65.248 - - [15/Apr/2010:09:59:06 +0200] "GET /content/kalender/jax_calendar.php?Y=-638&m=11&d=1&cal_id=0&language=german&gmt_ofs=-1&view=d1 HTTP/1.1" 404 345 "-" "Mozilla/5.0 (compatible; Googlebot/2.1; +http://www.google.com/bot.html)"
90.187.109.95 - - [15/Apr/2010:09:59:06 +0200] "GET /favicon.ico HTTP/1.1" 404 323 "-" "Mozilla/5.0 (Windows; U; Windows NT 5.1; de; rv:1.9.2.3) Gecko/20100401 Firefox/3.6.3 (.NET CLR 3.5.30729)"
66.249.65.248 - - [15/Apr/2010:09:59:07 +0200] "GET /content/kalender/jax_calendar.php?Y=-640&m=11&d=1&cal_id=0&language=german&gmt_ofs=-1&view=d1 HTTP/1.1" 404 345 "-" "Mozilla/5.0 (compatible; Googlebot/2.1; +http://www.google.com/bot.html)"
207.46.13.91 - - [15/Apr/2010:10:08:14 +0200] "GET /content/kalender/jax_calendar.php?Y=2010&m=3&d=13&do=show_event&key=17b1a00cf6c20ee00b945ad796e64224&cal_id=0&language=german&gmt_ofs=-1&view=d30&evt_date=%3Cb%3E07.04.2010%3C%2Fb%3E+14%3A30&evt_title=Seniorentanz HTTP/1.1" 404 345 "-" "msnbot/2.0b (+http://search.msn.com/msnbot.htm)"
79.194.51.250 - - [15/Apr/2010:10:13:57 +0200] "GET / HTTP/1.1" 304 - "-" "Mozilla/4.0 (compatible; MSIE 8.0; Windows NT 6.1; Trident/4.0; SLCC2; .NET CLR 2.0.50727; .NET CLR 3.5.30729; .NET CLR 3.0.30729; Media Center PC 6.0; Tablet PC 2.0; InfoPath.2)"
67.195.112.177 - - [15/Apr/2010:10:25:56 +0200] "GET /robots.txt HTTP/1.0" 404 327 "-" "Mozilla/5.0 (compatible; Yahoo! Slurp; http://help.yahoo.com/help/us/ysearch/slurp)"
67.195.112.177 - - [15/Apr/2010:10:25:57 +0200] "GET /content/ehrenamt/ HTTP/1.0" 404 334 "-" "Mozilla/5.0 (compatible; Yahoo! Slurp/3.0; http://help.yahoo.com/help/us/ysearch/slurp)"
207.46.199.52 - - [15/Apr/2010:10:27:45 +0200] "GET /content/kalender/jax_calendar.php?Y=2010&m=2&d=22&do=show_event&key=5593b0d86f7e9aec1e4bb2bd21b9860c&cal_id=0&language=german&gmt_ofs=-1&view=d30&evt_date=%3Cb%3E15.02.2010%3C%2Fb%3E+15%3A30&evt_title=Grundlagen+des+Strickens HTTP/1.1" 404 345 "-" "msnbot/2.0b (+http://search.msn.com/msnbot.htm)"
66.249.65.248 - - [15/Apr/2010:10:29:09 +0200] "GET /content/kalender/jax_calendar.php?Y=2012&m=9&d=2&cal_id=0&language=german&gmt_ofs=-1&view=d1&view=d1 HTTP/1.1" 404 345 "-" "Mozilla/5.0 (compatible; Googlebot/2.1; +http://www.google.com/bot.html)"
66.249.65.248 - - [15/Apr/2010:10:29:10 +0200] "GET /content/kalender/jax_calendar.php?Y=-638&m=4&d=1&cal_id=0&language=german&gmt_ofs=-1&view=d1 HTTP/1.1" 404 345 "-" "Mozilla/5.0 (compatible; Googlebot/2.1; +http://www.google.com/bot.html)"
66.249.65.248 - - [15/Apr/2010:10:29:11 +0200] "GET /content/kalender/jax_calendar.php?Y=-48&m=8&d=13&view=d1 HTTP/1.1" 404 345 "-" "Mozilla/5.0 (compatible; Googlebot/2.1; +http://www.google.com/bot.html)"
66.249.65.248 - - [15/Apr/2010:10:29:11 +0200] "GET /content/kalender/jax_calendar.php?Y=-642&m=10&d=1&cal_id=0&language=german&gmt_ofs=-1&view=d1 HTTP/1.1" 404 345 "-" "Mozilla/5.0 (compatible; Googlebot/2.1; +http://www.google.com/bot.html)"
66.249.65.248 - - [15/Apr/2010:10:29:12 +0200] "GET /content/kalender/jax_calendar.php?Y=-640&m=1&d=21&view=d1 HTTP/1.1" 404 345 "-" "Mozilla/5.0 (compatible; Googlebot/2.1; +http://www.google.com/bot.html)"
66.249.65.248 - - [15/Apr/2010:10:29:13 +0200] "GET /content/kalender/jax_calendar.php?Y=-639&m=11&d=1&cal_id=0&language=german&gmt_ofs=-1&view=d1 HTTP/1.1" 404 345 "-" "Mozilla/5.0 (compatible; Googlebot/2.1; +http://www.google.com/bot.html)"
66.249.65.248 - - [15/Apr/2010:10:29:14 +0200] "GET /content/kalender/jax_calendar.php?Y=-648&m=1&d=1&cal_id=0&language=german&gmt_ofs=-1&view=d1 HTTP/1.1" 404 345 "-" "Mozilla/5.0 (compatible; Googlebot/2.1; +http://www.google.com/bot.html)"
66.249.65.248 - - [15/Apr/2010:10:29:15 +0200] "GET /content/kalender/jax_calendar.php?Y=-640&m=3&d=1&cal_id=0&language=german&gmt_ofs=-1&view=d1 HTTP/1.1" 404 345 "-" "Mozilla/5.0 (compatible; Googlebot/2.1; +http://www.google.com/bot.html)"
66.249.65.248 - - [15/Apr/2010:10:29:16 +0200] "GET /content/kalender/jax_calendar.php?Y=-640&m=9&d=1&cal_id=0&language=german&gmt_ofs=-1&view=d1 HTTP/1.1" 404 345 "-" "Mozilla/5.0 (compatible; Googlebot/2.1; +http://www.google.com/bot.html)"
66.249.65.248 - - [15/Apr/2010:10:30:14 +0200] "GET /content/kalender/jax_calendar.php?Y=-639&m=1&d=33&view=d1 HTTP/1.1" 404 345 "-" "Mozilla/5.0 (compatible; Googlebot/2.1; +http://www.google.com/bot.html)"
78.55.165.189 - - [15/Apr/2010:10:46:48 +0200] "GET / HTTP/1.1" 200 1229 "http://www.google.de/search?hl=de&source=hp&q=awo+bernau&meta=&aq=f&aqi=g2&aql=&oq=&gs_rfai=&fp=af20d2721f07b915" "Mozilla/5.0 (Windows; U; Windows NT 6.0; de; rv:1.9.0.18) Gecko/2010020220 Firefox/3.0.18 (.NET CLR 3.5.30729)"
78.55.165.189 - - [15/Apr/2010:10:46:50 +0200] "GET /favicon.ico HTTP/1.1" 404 323 "-" "Mozilla/5.0 (Windows; U; Windows NT 6.0; de; rv:1.9.0.18) Gecko/2010020220 Firefox/3.0.18 (.NET CLR 3.5.30729)"
78.55.165.189 - - [15/Apr/2010:10:46:50 +0200] "GET /favicon.ico HTTP/1.1" 404 323 "-" "Mozilla/5.0 (Windows; U; Windows NT 6.0; de; rv:1.9.0.18) Gecko/2010020220 Firefox/3.0.18 (.NET CLR 3.5.30729)"
78.55.165.189 - - [15/Apr/2010:10:46:58 +0200] "GET / HTTP/1.1" 200 1229 "http://www.google.de/url?sa=t&source=web&ct=res&cd=3&ved=0CA8QFjAC&url=http%3A%2F%2Fwww.sozialedienste-awo.de%2F&rct=j&q=awo+bernau&ei=d9LGS4OLNsioOKKZ_NkP&usg=AFQjCNH2Qfmo8nkh5zcrNwd_uJtSWjaknA" "Mozilla/5.0 (Windows; U; Windows NT 6.0; de; rv:1.9.0.18) Gecko/2010020220 Firefox/3.0.18 (.NET CLR 3.5.30729)"
78.55.165.189 - - [15/Apr/2010:10:46:58 +0200] "GET /favicon.ico HTTP/1.1" 404 328 "-" "Mozilla/5.0 (Windows; U; Windows NT 6.0; de; rv:1.9.0.18) Gecko/2010020220 Firefox/3.0.18 (.NET CLR 3.5.30729)"
78.55.165.189 - - [15/Apr/2010:10:47:01 +0200] "GET /favicon.ico HTTP/1.1" 404 328 "-" "Mozilla/5.0 (Windows; U; Windows NT 6.0; de; rv:1.9.0.18) Gecko/2010020220 Firefox/3.0.18 (.NET CLR 3.5.30729)"
66.249.65.248 - - [15/Apr/2010:10:51:47 +0200] "GET /content/assets/Kitas/Traumland/traumland5.jpg HTTP/1.1" 404 357 "-" "Googlebot-Image/1.0"
79.194.51.250 - - [15/Apr/2010:10:52:39 +0200] "GET / HTTP/1.1" 304 - "-" "Mozilla/4.0 (compatible; MSIE 8.0; Windows NT 6.1; Trident/4.0; SLCC2; .NET CLR 2.0.50727; .NET CLR 3.5.30729; .NET CLR 3.0.30729; Media Center PC 6.0; Tablet PC 2.0; InfoPath.2)"
66.249.65.248 - - [15/Apr/2010:10:59:05 +0200] "GET /content/kalender/jax_calendar.php?Y=2001&m=11&d=7&cal_id=0&language=german&gmt_ofs=-1&view=d1&view=d1 HTTP/1.1" 404 345 "-" "Mozilla/5.0 (compatible; Googlebot/2.1; +http://www.google.com/bot.html)"
66.249.65.248 - - [15/Apr/2010:10:59:06 +0200] "GET /content/kalender/jax_calendar.php?Y=-642&m=1&d=15&view=d1 HTTP/1.1" 404 345 "-" "Mozilla/5.0 (compatible; Googlebot/2.1; +http://www.google.com/bot.html)"
66.249.65.248 - - [15/Apr/2010:10:59:06 +0200] "GET /content/kalender/jax_calendar.php?Y=-640&m=6&d=1&cal_id=0&language=german&gmt_ofs=-1&view=d1 HTTP/1.1" 404 345 "-" "Mozilla/5.0 (compatible; Googlebot/2.1; +http://www.google.com/bot.html)"
66.249.65.248 - - [15/Apr/2010:10:59:08 +0200] "GET /content/kalender/jax_calendar.php?Y=-41&m=1&d=34&view=d1 HTTP/1.1" 404 345 "-" "Mozilla/5.0 (compatible; Googlebot/2.1; +http://www.google.com/bot.html)"
66.249.65.248 - - [15/Apr/2010:10:59:09 +0200] "GET /content/kalender/jax_calendar.php?Y=-647&m=1&d=1&cal_id=0&language=german&gmt_ofs=-1&view=d1 HTTP/1.1" 404 345 "-" "Mozilla/5.0 (compatible; Googlebot/2.1; +http://www.google.com/bot.html)"
66.249.65.248 - - [15/Apr/2010:10:59:10 +0200] "GET /content/kalender/jax_calendar.php?Y=-642&m=8&d=1&cal_id=0&language=german&gmt_ofs=-1&view=d1 HTTP/1.1" 404 345 "-" "Mozilla/5.0 (compatible; Googlebot/2.1; +http://www.google.com/bot.html)"
66.249.65.248 - - [15/Apr/2010:10:59:10 +0200] "GET /content/kalender/jax_calendar.php?Y=-649&m=1&d=1&cal_id=0&language=german&gmt_ofs=-1&view=d1 HTTP/1.1" 404 345 "-" "Mozilla/5.0 (compatible; Googlebot/2.1; +http://www.google.com/bot.html)"
66.249.65.248 - - [15/Apr/2010:10:59:11 +0200] "GET /content/kalender/jax_calendar.php?Y=-639&m=2&d=1&cal_id=0&language=german&gmt_ofs=-1&view=d1 HTTP/1.1" 404 345 "-" "Mozilla/5.0 (compatible; Googlebot/2.1; +http://www.google.com/bot.html)"
87.187.153.152 - - [15/Apr/2010:11:04:53 +0200] "GET /content/aktuelles/ HTTP/1.1" 404 330 "-" "Mozilla/4.0 (compatible; MSIE 8.0; Windows NT 5.1; Trident/4.0; .NET CLR 2.0.50727; .NET CLR 3.0.4506.2152; .NET CLR 3.5.30729; InfoPath.2)"
84.190.226.117 - - [15/Apr/2010:11:15:19 +0200] "GET / HTTP/1.1" 200 1229 "http://www.google.de/search?client=firefox-a&rls=org.mozilla%3Ade%3Aofficial&channel=s&hl=de&source=hp&q=awo+bernau&meta=&btnG=Google-Suche" "Mozilla/5.0 (Windows; U; Windows NT 6.1; de; rv:1.9.2.3) Gecko/20100401 Firefox/3.6.3"
88.75.94.110 - - [15/Apr/2010:11:17:57 +0200] "GET /content/betreute-wohngruppe/ HTTP/1.1" 404 345 "http://www.google.de/search?client=firefox-a&rls=org.mozilla%3Ade%3Aofficial&channel=s&hl=de&source=hp&q=Wohnst%C3%A4tte+Fiedler+eberswalde&meta=&btnG=Google-Suche" "Mozilla/5.0 (Windows; U; Windows NT 5.1; de; rv:1.9.2.3) Gecko/20100401 Firefox/3.6.3 (.NET CLR 3.5.30729)"
88.75.94.110 - - [15/Apr/2010:11:17:57 +0200] "GET /favicon.ico HTTP/1.1" 404 328 "-" "Mozilla/5.0 (Windows; U; Windows NT 5.1; de; rv:1.9.2.3) Gecko/20100401 Firefox/3.6.3 (.NET CLR 3.5.30729)"
88.75.94.110 - - [15/Apr/2010:11:18:00 +0200] "GET /favicon.ico HTTP/1.1" 404 328 "-" "Mozilla/5.0 (Windows; U; Windows NT 5.1; de; rv:1.9.2.3) Gecko/20100401 Firefox/3.6.3 (.NET CLR 3.5.30729)"
88.75.94.110 - - [15/Apr/2010:11:19:37 +0200] "GET / HTTP/1.1" 200 1229 "-" "Mozilla/5.0 (Windows; U; Windows NT 5.1; de; rv:1.9.2.3) Gecko/20100401 Firefox/3.6.3 (.NET CLR 3.5.30729)"
88.75.94.110 - - [15/Apr/2010:11:20:19 +0200] "GET / HTTP/1.1" 200 1229 "http://www.google.de/search?hl=de&source=hp&q=awo+Bernau&meta=&cts=1271323223426&aq=f&aqi=g2&aql=&oq=&gs_rfai=" "Mozilla/5.0 (Windows; U; Windows NT 5.1; de; rv:1.9.2.3) Gecko/20100401 Firefox/3.6.3 (.NET CLR 3.5.30729)"
88.75.94.110 - - [15/Apr/2010:11:20:28 +0200] "GET /content/eltern-kind-zentrum-bernau-sued/ HTTP/1.1" 404 352 "http://www.google.de/search?hl=de&source=hp&q=awo+Bernau&meta=&cts=1271323223426&aq=f&aqi=g2&aql=&oq=&gs_rfai=" "Mozilla/5.0 (Windows; U; Windows NT 5.1; de; rv:1.9.2.3) Gecko/20100401 Firefox/3.6.3 (.NET CLR 3.5.30729)"
88.75.94.110 - - [15/Apr/2010:11:20:28 +0200] "GET /favicon.ico HTTP/1.1" 404 323 "-" "Mozilla/5.0 (Windows; U; Windows NT 5.1; de; rv:1.9.2.3) Gecko/20100401 Firefox/3.6.3 (.NET CLR 3.5.30729)"
88.75.94.110 - - [15/Apr/2010:11:20:31 +0200] "GET /favicon.ico HTTP/1.1" 404 323 "-" "Mozilla/5.0 (Windows; U; Windows NT 5.1; de; rv:1.9.2.3) Gecko/20100401 Firefox/3.6.3 (.NET CLR 3.5.30729)"
66.249.65.248 - - [15/Apr/2010:11:29:04 +0200] "GET /content/kalender/jax_calendar.php?Y=2001&m=7&d=8&cal_id=0&language=german&gmt_ofs=-1&view=d30&view=d30 HTTP/1.1" 404 345 "-" "Mozilla/5.0 (compatible; Googlebot/2.1; +http://www.google.com/bot.html)"
66.249.65.248 - - [15/Apr/2010:11:29:04 +0200] "GET /content/kalender/jax_calendar.php?Y=-636&m=4&d=1&cal_id=0&language=german&gmt_ofs=-1&view=d1 HTTP/1.1" 404 345 "-" "Mozilla/5.0 (compatible; Googlebot/2.1; +http://www.google.com/bot.html)"
66.249.65.248 - - [15/Apr/2010:11:29:06 +0200] "GET /content/kalender/jax_calendar.php?Y=-642&m=2&d=1&cal_id=0&language=german&gmt_ofs=-1&view=d1 HTTP/1.1" 404 345 "-" "Mozilla/5.0 (compatible; Googlebot/2.1; +http://www.google.com/bot.html)"
66.249.65.248 - - [15/Apr/2010:11:29:06 +0200] "GET /content/kalender/jax_calendar.php?Y=-651&m=1&d=1&cal_id=0&language=german&gmt_ofs=-1&view=d1 HTTP/1.1" 404 345 "-" "Mozilla/5.0 (compatible; Googlebot/2.1; +http://www.google.com/bot.html)"
66.249.65.248 - - [15/Apr/2010:11:29:07 +0200] "GET /content/kalender/jax_calendar.php?Y=-38&m=8&d=37&view=d1 HTTP/1.1" 404 345 "-" "Mozilla/5.0 (compatible; Googlebot/2.1; +http://www.google.com/bot.html)"
66.249.65.248 - - [15/Apr/2010:11:29:07 +0200] "GET /content/kalender/jax_calendar.php?Y=-642&m=3&d=1&cal_id=0&language=german&gmt_ofs=-1&view=d1 HTTP/1.1" 404 345 "-" "Mozilla/5.0 (compatible; Googlebot/2.1; +http://www.google.com/bot.html)"
66.249.65.248 - - [15/Apr/2010:11:29:09 +0200] "GET /content/kalender/jax_calendar.php?Y=-30&m=8&d=8&cal_id=0&language=german&gmt_ofs=-1&view=d1 HTTP/1.1" 404 345 "-" "Mozilla/5.0 (compatible; Googlebot/2.1; +http://www.google.com/bot.html)"
66.249.65.248 - - [15/Apr/2010:11:29:10 +0200] "GET /content/kalender/jax_calendar.php?Y=-639&m=3&d=1&cal_id=0&language=german&gmt_ofs=-1&view=d1 HTTP/1.1" 404 345 "-" "Mozilla/5.0 (compatible; Googlebot/2.1; +http://www.google.com/bot.html)"
66.249.65.248 - - [15/Apr/2010:11:29:10 +0200] "GET /content/kalender/jax_calendar.php?Y=-8&m=5&d=6&cal_id=0&language=german&gmt_ofs=-1&view=d1 HTTP/1.1" 404 345 "-" "Mozilla/5.0 (compatible; Googlebot/2.1; +http://www.google.com/bot.html)"
87.187.153.152 - - [15/Apr/2010:11:30:14 +0200] "GET / HTTP/1.1" 200 1229 "-" "Mozilla/4.0 (compatible; MSIE 8.0; Windows NT 5.1; Trident/4.0; .NET CLR 2.0.50727; .NET CLR 3.0.4506.2152; .NET CLR 3.5.30729; InfoPath.2)"
87.187.153.152 - - [15/Apr/2010:11:30:15 +0200] "GET /favicon.ico HTTP/1.1" 404 323 "-" "Mozilla/4.0 (compatible; MSIE 8.0; Windows NT 5.1; Trident/4.0; .NET CLR 2.0.50727; .NET CLR 3.0.4506.2152; .NET CLR 3.5.30729; InfoPath.2)"
67.195.111.229 - - [15/Apr/2010:11:33:32 +0200] "GET /robots.txt HTTP/1.0" 404 322 "-" "Mozilla/5.0 (compatible; Yahoo! Slurp; http://help.yahoo.com/help/us/ysearch/slurp)"
67.195.111.229 - - [15/Apr/2010:11:33:33 +0200] "GET /content/aktuelles/ HTTP/1.0" 404 330 "-" "Mozilla/5.0 (compatible; Yahoo! Slurp/3.0; http://help.yahoo.com/help/us/ysearch/slurp)"
65.55.106.232 - - [15/Apr/2010:11:38:01 +0200] "GET /robots.txt HTTP/1.1" 404 322 "-" "msnbot/2.0b (+http://search.msn.com/msnbot.htm)"
77.184.70.213 - - [15/Apr/2010:11:38:46 +0200] "GET /content/awo-ortsverein-zepernick/ HTTP/1.1" 404 345 "http://www.google.de/search?hl=de&source=hp&q=awo+ortsverein+zepernick&meta=&aq=f&aqi=&aql=&oq=&gs_rfai=" "Mozilla/4.0 (compatible; MSIE 7.0; Windows NT 6.0; SLCC1; .NET CLR 2.0.50727; Media Center PC 5.0; eSobiSubscriber 2.0.4.16; .NET CLR 1.1.4322; InfoPath.2; .NET CLR 3.5.30729; .NET CLR 3.0.30618)"
77.184.70.213 - - [15/Apr/2010:11:38:50 +0200] "GET /content/awo-ortsverein-zepernick/ HTTP/1.1" 404 345 "http://www.google.de/search?hl=de&source=hp&q=awo+ortsverein+zepernick&meta=&aq=f&aqi=&aql=&oq=&gs_rfai=" "Mozilla/4.0 (compatible; MSIE 7.0; Windows NT 6.0; SLCC1; .NET CLR 2.0.50727; Media Center PC 5.0; eSobiSubscriber 2.0.4.16; .NET CLR 1.1.4322; InfoPath.2; .NET CLR 3.5.30729; .NET CLR 3.0.30618)"
77.184.70.213 - - [15/Apr/2010:11:38:56 +0200] "GET /content/awo-ortsverein-wandlitz/ HTTP/1.1" 404 344 "http://www.google.de/search?hl=de&source=hp&q=awo+ortsverein+zepernick&meta=&aq=f&aqi=&aql=&oq=&gs_rfai=" "Mozilla/4.0 (compatible; MSIE 7.0; Windows NT 6.0; SLCC1; .NET CLR 2.0.50727; Media Center PC 5.0; eSobiSubscriber 2.0.4.16; .NET CLR 1.1.4322; InfoPath.2; .NET CLR 3.5.30729; .NET CLR 3.0.30618)"
194.5.134.185 - - [15/Apr/2010:11:39:33 +0200] "GET / HTTP/1.1" 200 1229 "http://www.google.de/search?hl=de&source=hp&q=Alten+Pflegeheim+B%C3%B6rnicker+Chaussee+1+Bernau&meta=&aq=f&aqi=&aql=&oq=&gs_rfai=" "Mozilla/4.0 (compatible; MSIE 7.0; Windows NT 5.1; .NET CLR 2.0.50727; .NET CLR 1.1.4322; .NET CLR 3.0.04506.30; .NET CLR 3.0.04506.648; InfoPath.2)"
194.5.134.185 - - [15/Apr/2010:11:39:33 +0200] "GET /favicon.ico HTTP/1.1" 404 323 "-" "Mozilla/4.0 (compatible; MSIE 7.0; Windows NT 5.1; .NET CLR 2.0.50727; .NET CLR 1.1.4322; .NET CLR 3.0.04506.30; .NET CLR 3.0.04506.648; InfoPath.2)"
194.6.239.30 - - [15/Apr/2010:11:41:11 +0200] "GET /content/pusteblume/ HTTP/1.1" 404 331 "http://www.google.de/url?sa=t&source=web&ct=res&cd=15&ved=0CDEQFjAO&url=http%3A%2F%2Fwww.awo-kv-bernau.de%2Fcontent%2Fpusteblume%2F&rct=j&q=kita+wandlitz&ei=AN_GS7vQF86aOJ6D4MQN&usg=AFQjCNHjuVoyywMUNUaz0FeLzvveBmj9JQ" "Mozilla/5.0 (Windows; U; Windows NT 5.1; de; rv:1.9.1.9) Gecko/20100315 Firefox/3.5.9"
194.6.239.30 - - [15/Apr/2010:11:41:11 +0200] "GET /favicon.ico HTTP/1.1" 404 323 "-" "Mozilla/5.0 (Windows; U; Windows NT 5.1; de; rv:1.9.1.9) Gecko/20100315 Firefox/3.5.9"
194.6.239.30 - - [15/Apr/2010:11:41:14 +0200] "GET /favicon.ico HTTP/1.1" 404 323 "-" "Mozilla/5.0 (Windows; U; Windows NT 5.1; de; rv:1.9.1.9) Gecko/20100315 Firefox/3.5.9"
