66.249.65.231 - - [14/Apr/2010:21:27:33 +0200] "GET /content/kalender/jax_calendar.php?Y=-1592&m=6&d=7&cal_id=0&language=german&gmt_ofs=-1&view=d1 HTTP/1.1" 404 345 "-" "Mozilla/5.0 (compatible; Googlebot/2.1; +http://www.google.com/bot.html)"
70.134.90.99 - - [14/Apr/2010:21:27:36 +0200] "GET /robots.txt HTTP/1.1" 404 322 "-" "Mozilla/5.0 (compatible; 008/0.83; http://www.80legs.com/spider.html;) Gecko/2008032620"
70.134.90.99 - - [14/Apr/2010:21:27:37 +0200] "GET / HTTP/1.1" 200 1229 "-" "Mozilla/5.0 (compatible; 008/0.83; http://www.80legs.com/spider.html;) Gecko/2008032620"
207.46.195.231 - - [14/Apr/2010:21:28:47 +0200] "GET /content/kalender/jax_calendar.php?Y=2010&m=3&d=21&do=show_event&key=49d09b8241b63b790c7b66fbe28dd4af&cal_id=0&language=german&gmt_ofs=-1&view=d30&evt_date=%3Cb%3E30.03.2010%3C%2Fb%3E+19%3A30&evt_title=Acht+Schritte+zum+Gl%FCck HTTP/1.1" 404 345 "-" "msnbot/2.0b (+http://search.msn.com/msnbot.htm)"
66.249.65.231 - - [14/Apr/2010:21:29:45 +0200] "GET /content/kalender/jax_calendar.php?Y=-1598&m=5&d=7&cal_id=0&language=german&gmt_ofs=-1&view=d1 HTTP/1.1" 404 345 "-" "Mozilla/5.0 (compatible; Googlebot/2.1; +http://www.google.com/bot.html)"
66.249.65.231 - - [14/Apr/2010:22:00:56 +0200] "GET /content/kalender/jax_calendar.php?Y=-1598&m=7&d=7&cal_id=0&language=german&gmt_ofs=-1&view=d1 HTTP/1.1" 404 345 "-" "Mozilla/5.0 (compatible; Googlebot/2.1; +http://www.google.com/bot.html)"
66.249.65.231 - - [14/Apr/2010:22:00:56 +0200] "GET /content/kalender/jax_calendar.php?Y=-1593&m=1&d=7&cal_id=0&language=german&gmt_ofs=-1&view=d1 HTTP/1.1" 404 345 "-" "Mozilla/5.0 (compatible; Googlebot/2.1; +http://www.google.com/bot.html)"
66.249.65.231 - - [14/Apr/2010:22:00:57 +0200] "GET /content/kalender/jax_calendar.php?Y=241&m=2&d=6&cal_id=0&language=german&gmt_ofs=-1&view=d1 HTTP/1.1" 404 345 "-" "Mozilla/5.0 (compatible; Googlebot/2.1; +http://www.google.com/bot.html)"
66.249.65.231 - - [14/Apr/2010:22:00:57 +0200] "GET /content/kalender/jax_calendar.php?Y=74&m=11&d=1&view=d1 HTTP/1.1" 404 345 "-" "Mozilla/5.0 (compatible; Googlebot/2.1; +http://www.google.com/bot.html)"
66.249.65.231 - - [14/Apr/2010:22:00:59 +0200] "GET /content/kalender/jax_calendar.php?Y=3908&m=4&d=4&cal_id=0&language=german&gmt_ofs=-1&view=d1 HTTP/1.1" 404 345 "-" "Mozilla/5.0 (compatible; Googlebot/2.1; +http://www.google.com/bot.html)"
66.249.65.231 - - [14/Apr/2010:22:01:00 +0200] "GET /content/kalender/jax_calendar.php?Y=237&m=1&d=6&cal_id=0&language=german&gmt_ofs=-1&view=d1 HTTP/1.1" 404 345 "-" "Mozilla/5.0 (compatible; Googlebot/2.1; +http://www.google.com/bot.html)"
66.249.65.231 - - [14/Apr/2010:22:01:00 +0200] "GET /content/kalender/jax_calendar.php?Y=-1588&m=11&d=11&view=d1 HTTP/1.1" 404 345 "-" "Mozilla/5.0 (compatible; Googlebot/2.1; +http://www.google.com/bot.html)"
78.50.209.45 - - [14/Apr/2010:22:03:26 +0200] "GET /content/assets/Kitas/Traumland/traumland7.jpg HTTP/1.1" 404 357 "http://www.jappy.de/user/Dolly2000/gb?&start=1433" "Mozilla/4.0 (compatible; MSIE 7.0; Windows NT 6.0; Trident/4.0; SLCC1; .NET CLR 2.0.50727; .NET CLR 1.1.4322; .NET CLR 3.5.30729; .NET CLR 3.0.30618)"
91.33.178.96 - - [14/Apr/2010:22:05:53 +0200] "GET /content/wohnstaette-fuer-psychisch-kranke/ HTTP/1.1" 404 359 "http://www.google.de/url?sa=t&source=web&ct=res&cd=8&ved=0CB4QFjAH&url=http%3A%2F%2Fwww.sozialedienste-awo.de%2Fcontent%2Fwohnstaette-fuer-psychisch-kranke%2F&rct=j&q=soziale+Betreuung+f%C3%BCr+psychisch+Kranke&ei=9R_GS86VN4KnOOzywbcP&usg=AFQjCNF15ps7DepSr0VL52eE_Hqdqnm7Jg" "Mozilla/5.0 (Windows; U; Windows NT 6.0; de; rv:1.9.2) Gecko/20100115 YFF35 Firefox/3.6"
91.33.178.96 - - [14/Apr/2010:22:05:54 +0200] "GET /content/wohnstaette-fuer-psychisch-kranke/ HTTP/1.1" 404 359 "http://www.google.de/url?sa=t&source=web&ct=res&cd=8&ved=0CB4QFjAH&url=http%3A%2F%2Fwww.sozialedienste-awo.de%2Fcontent%2Fwohnstaette-fuer-psychisch-kranke%2F&rct=j&q=soziale+Betreuung+f%C3%BCr+psychisch+Kranke&ei=9R_GS86VN4KnOOzywbcP&usg=AFQjCNF15ps7DepSr0VL52eE_Hqdqnm7Jg" "Mozilla/5.0 (Windows; U; Windows NT 6.0; de; rv:1.9.2) Gecko/20100115 YFF35 Firefox/3.6"
91.33.178.96 - - [14/Apr/2010:22:05:54 +0200] "GET /favicon.ico HTTP/1.1" 404 328 "-" "Mozilla/5.0 (Windows; U; Windows NT 6.0; de; rv:1.9.2) Gecko/20100115 YFF35 Firefox/3.6"
91.33.178.96 - - [14/Apr/2010:22:05:55 +0200] "GET /WebResource.axd?d=a6yK4MrpNDjlJU0P3I_Rwg2&t=634038207350002500 HTTP/1.1" 404 332 "http://www.sozialedienste-awo.de/content/wohnstaette-fuer-psychisch-kranke/" "Mozilla/5.0 (Windows; U; Windows NT 6.0; de; rv:1.9.2) Gecko/20100115 YFF35 Firefox/3.6"
91.33.178.96 - - [14/Apr/2010:22:05:55 +0200] "GET /WebResource.axd?d=Do7mMIQGvZDx-DxTOvJPMg2&t=634038207350002500 HTTP/1.1" 404 332 "http://www.sozialedienste-awo.de/content/wohnstaette-fuer-psychisch-kranke/" "Mozilla/5.0 (Windows; U; Windows NT 6.0; de; rv:1.9.2) Gecko/20100115 YFF35 Firefox/3.6"
91.33.178.96 - - [14/Apr/2010:22:05:57 +0200] "GET /content/wohnstaette-fuer-psychisch-kranke/ HTTP/1.1" 404 359 "http://www.google.de/url?sa=t&source=web&ct=res&cd=8&ved=0CB4QFjAH&url=http%3A%2F%2Fwww.sozialedienste-awo.de%2Fcontent%2Fwohnstaette-fuer-psychisch-kranke%2F&rct=j&q=soziale+Betreuung+f%C3%BCr+psychisch+Kranke&ei=9R_GS86VN4KnOOzywbcP&usg=AFQjCNF15ps7DepSr0VL52eE_Hqdqnm7Jg" "Mozilla/5.0 (Windows; U; Windows NT 6.0; de; rv:1.9.2) Gecko/20100115 YFF35 Firefox/3.6"
91.33.178.96 - - [14/Apr/2010:22:05:58 +0200] "GET /WebResource.axd?d=a6yK4MrpNDjlJU0P3I_Rwg2&t=634038207350002500 HTTP/1.1" 404 332 "http://www.sozialedienste-awo.de/content/wohnstaette-fuer-psychisch-kranke/" "Mozilla/5.0 (Windows; U; Windows NT 6.0; de; rv:1.9.2) Gecko/20100115 YFF35 Firefox/3.6"
91.33.178.96 - - [14/Apr/2010:22:05:58 +0200] "GET /WebResource.axd?d=Do7mMIQGvZDx-DxTOvJPMg2&t=634038207350002500 HTTP/1.1" 404 332 "http://www.sozialedienste-awo.de/content/wohnstaette-fuer-psychisch-kranke/" "Mozilla/5.0 (Windows; U; Windows NT 6.0; de; rv:1.9.2) Gecko/20100115 YFF35 Firefox/3.6"
91.33.178.96 - - [14/Apr/2010:22:06:00 +0200] "GET /content/wohnstaette-fuer-psychisch-kranke/ HTTP/1.1" 404 359 "http://www.google.de/url?sa=t&source=web&ct=res&cd=8&ved=0CB4QFjAH&url=http%3A%2F%2Fwww.sozialedienste-awo.de%2Fcontent%2Fwohnstaette-fuer-psychisch-kranke%2F&rct=j&q=soziale+Betreuung+f%C3%BCr+psychisch+Kranke&ei=9R_GS86VN4KnOOzywbcP&usg=AFQjCNF15ps7DepSr0VL52eE_Hqdqnm7Jg" "Mozilla/5.0 (Windows; U; Windows NT 6.0; de; rv:1.9.2) Gecko/20100115 YFF35 Firefox/3.6"
80.187.107.62 - - [14/Apr/2010:22:11:54 +0200] "GET / HTTP/1.1" 200 1229 "http://www.zukunftstagbrandenburg.de/unt_detail.php?unt_id=211" "Mozilla/5.0 (Windows; U; Windows NT 6.0; de; rv:1.9.2.3) Gecko/20100401 Firefox/3.6.3 (.NET CLR 3.5.30729)"
80.187.107.62 - - [14/Apr/2010:22:11:55 +0200] "GET /favicon.ico HTTP/1.1" 404 328 "-" "Mozilla/5.0 (Windows; U; Windows NT 6.0; de; rv:1.9.2.3) Gecko/20100401 Firefox/3.6.3 (.NET CLR 3.5.30729)"
178.20.95.14 - - [14/Apr/2010:22:14:06 +0200] "GET /content/regenbogen/ HTTP/1.1" 404 331 "http://www.google.com/search?ie=UTF-8&oe=UTF-8&sourceid=navclient&gfns=1&q=Integrationskindertages-st%C3%A4tte+%E2%80%9ERegenbogen%E2%80%9C" "Mozilla/5.0 (Windows; U; Windows NT 5.1; de; rv:1.9.2.3) Gecko/20100401 Firefox/3.6.3"
178.20.95.14 - - [14/Apr/2010:22:16:21 +0200] "GET /content/regenbogen/ HTTP/1.1" 404 331 "http://www.google.com/search?ie=UTF-8&oe=UTF-8&sourceid=navclient&gfns=1&q=Integrationskindertages-st%C3%A4tte+%E2%80%9ERegenbogen%E2%80%9C" "Mozilla/5.0 (Windows; U; Windows NT 5.1; de; rv:1.9.2.3) Gecko/20100401 Firefox/3.6.3"
178.20.95.14 - - [14/Apr/2010:22:18:52 +0200] "GET /content/regenbogen/ HTTP/1.1" 404 331 "http://www.google.com/search?hl=de&ei=ACLGS4LaEpmiOKWx5agP&sa=X&oi=spell&resnum=0&ct=result&cd=1&ved=0CAUQBSgA&q=Integrationskindertagesst%C3%A4tte+%E2%80%9ERegenbogen%E2%80%9C&spell=1" "Mozilla/5.0 (Windows; U; Windows NT 5.1; de; rv:1.9.2.3) Gecko/20100401 Firefox/3.6.3"
66.249.65.231 - - [14/Apr/2010:22:21:01 +0200] "GET /content/kalender/jax_calendar.php?Y=-1605&m=12&d=7&cal_id=0&language=german&gmt_ofs=-1&view=d1 HTTP/1.1" 404 345 "-" "Mozilla/5.0 (compatible; Googlebot/2.1; +http://www.google.com/bot.html)"
178.20.95.14 - - [14/Apr/2010:22:28:17 +0200] "GET /content/regenbogen/ HTTP/1.1" 404 331 "http://www.google.com/search?hl=de&q=REGENBOGEN+BERNAU&lr=&aq=f&aqi=&aql=&oq=&gs_rfai=" "Mozilla/5.0 (Windows; U; Windows NT 5.1; de; rv:1.9.2.3) Gecko/20100401 Firefox/3.6.3"
178.20.95.14 - - [14/Apr/2010:22:28:35 +0200] "GET /content/regenbogen HTTP/1.1" 404 330 "-" "Mozilla/5.0 (Windows; U; Windows NT 5.1; de; rv:1.9.2.3) Gecko/20100401 Firefox/3.6.3"
66.249.65.231 - - [14/Apr/2010:22:30:09 +0200] "GET /content/kalender/jax_calendar.php?Y=235&m=3&d=6&cal_id=0&language=german&gmt_ofs=-1&view=d1 HTTP/1.1" 404 345 "-" "Mozilla/5.0 (compatible; Googlebot/2.1; +http://www.google.com/bot.html)"
66.249.65.231 - - [14/Apr/2010:22:30:10 +0200] "GET /content/kalender/jax_calendar.php?Y=-1607&m=12&d=7&cal_id=0&language=german&gmt_ofs=-1&view=d1 HTTP/1.1" 404 345 "-" "Mozilla/5.0 (compatible; Googlebot/2.1; +http://www.google.com/bot.html)"
88.72.251.234 - - [14/Apr/2010:22:32:17 +0200] "GET /content/pusteblume/ HTTP/1.1" 404 331 "http://www.google.de/url?sa=t&source=web&ct=res&cd=6&ved=0CCIQFjAF&url=http%3A%2F%2Fwww.awo-kv-bernau.de%2Fcontent%2Fpusteblume%2F&rct=j&q=malen+pusteblume&ei=EibGS-2oL8_4Ocy1-OAM&usg=AFQjCNHjuVoyywMUNUaz0FeLzvveBmj9JQ" "Mozilla/5.0 (Windows; U; Windows NT 5.1; de; rv:1.9.1.9) Gecko/20100315 Firefox/3.5.9 (.NET CLR 3.5.30729)"
88.72.251.234 - - [14/Apr/2010:22:32:17 +0200] "GET /favicon.ico HTTP/1.1" 404 323 "-" "Mozilla/5.0 (Windows; U; Windows NT 5.1; de; rv:1.9.1.9) Gecko/20100315 Firefox/3.5.9 (.NET CLR 3.5.30729)"
88.72.251.234 - - [14/Apr/2010:22:32:18 +0200] "GET /favicon.ico HTTP/1.1" 404 323 "-" "Mozilla/5.0 (Windows; U; Windows NT 5.1; de; rv:1.9.1.9) Gecko/20100315 Firefox/3.5.9 (.NET CLR 3.5.30729)"
66.249.65.231 - - [14/Apr/2010:22:33:15 +0200] "GET /content/kalender/jax_calendar.php?Y=-1593&m=8&d=7&cal_id=0&language=german&gmt_ofs=-1&view=d1 HTTP/1.1" 404 345 "-" "Mozilla/5.0 (compatible; Googlebot/2.1; +http://www.google.com/bot.html)"
216.129.119.44 - - [14/Apr/2010:22:35:38 +0200] "GET /robots.txt HTTP/1.1" 404 327 "-" "Mozilla/5.0 (Twiceler-0.9 http://www.cuil.com/twiceler/robot.html)"
66.249.65.231 - - [14/Apr/2010:22:37:08 +0200] "GET /content/kalender/jax_calendar.php?Y=3908&m=8&d=4&cal_id=0&language=german&gmt_ofs=-1&view=d1 HTTP/1.1" 404 345 "-" "Mozilla/5.0 (compatible; Googlebot/2.1; +http://www.google.com/bot.html)"
66.249.65.231 - - [14/Apr/2010:22:41:03 +0200] "GET /content/kalender/jax_calendar.php?Y=-638&m=12&d=23&view=d1 HTTP/1.1" 404 345 "-" "Mozilla/5.0 (compatible; Googlebot/2.1; +http://www.google.com/bot.html)"
207.46.13.140 - - [14/Apr/2010:22:43:13 +0200] "GET /content/kalender/jax_calendar.php?Y=2005&m=1&d=4&cal_id=0&language=german&gmt_ofs=-1&view=d30 HTTP/1.1" 404 345 "-" "msnbot/2.0b (+http://search.msn.com/msnbot.htm)"
80.226.13.109 - - [14/Apr/2010:22:47:28 +0200] "GET /content/satzung/ HTTP/1.1" 404 328 "-" "Mozilla/5.0 (Windows; U; Windows NT 6.1; de; rv:1.9.2.2) Gecko/20100316 YFF35 Firefox/3.6.2"
80.226.13.109 - - [14/Apr/2010:22:47:29 +0200] "GET /favicon.ico HTTP/1.1" 404 323 "-" "Mozilla/5.0 (Windows; U; Windows NT 6.1; de; rv:1.9.2.2) Gecko/20100316 YFF35 Firefox/3.6.2"
66.249.65.231 - - [14/Apr/2010:22:47:35 +0200] "GET /content/kalender/jax_calendar.php?Y=-1598&m=3&d=7&cal_id=0&language=german&gmt_ofs=-1&view=d1 HTTP/1.1" 404 345 "-" "Mozilla/5.0 (compatible; Googlebot/2.1; +http://www.google.com/bot.html)"
80.226.13.109 - - [14/Apr/2010:22:47:45 +0200] "GET /content/aktuelles/ HTTP/1.1" 404 335 "-" "Mozilla/5.0 (Windows; U; Windows NT 6.1; de; rv:1.9.2.2) Gecko/20100316 YFF35 Firefox/3.6.2"
80.226.13.109 - - [14/Apr/2010:22:47:46 +0200] "GET /favicon.ico HTTP/1.1" 404 328 "-" "Mozilla/5.0 (Windows; U; Windows NT 6.1; de; rv:1.9.2.2) Gecko/20100316 YFF35 Firefox/3.6.2"
66.249.65.231 - - [14/Apr/2010:22:49:29 +0200] "GET /content/kalender/jax_calendar.php?Y=-1597&m=8&d=7&cal_id=0&language=german&gmt_ofs=-1&view=d1 HTTP/1.1" 404 345 "-" "Mozilla/5.0 (compatible; Googlebot/2.1; +http://www.google.com/bot.html)"
79.125.65.174 - - [14/Apr/2010:22:49:30 +0200] "GET /content/awo-ortsverein-bernau/ HTTP/1.1" 404 342 "-" "Mozilla/4.0 (compatible; MSIE 6.0; Windows NT 5.1; SV1)"
80.226.13.109 - - [14/Apr/2010:22:51:53 +0200] "GET /content/pusteblume/ HTTP/1.1" 404 331 "http://search.icq.com/search/results.php?q=pusteblume+wandlitz&ch_id=ff_nt&search_mode=" "Mozilla/5.0 (Windows; U; Windows NT 6.1; de; rv:1.9.2.2) Gecko/20100316 YFF35 Firefox/3.6.2"
66.249.65.231 - - [14/Apr/2010:22:52:27 +0200] "GET /content/kalender/jax_calendar.php?Y=-1598&m=10&d=7&cal_id=0&language=german&gmt_ofs=-1&view=d1 HTTP/1.1" 404 345 "-" "Mozilla/5.0 (compatible; Googlebot/2.1; +http://www.google.com/bot.html)"
178.20.95.14 - - [14/Apr/2010:22:55:28 +0200] "GET /content/themes/blackcandy/css/layout.css?m=1247659745 HTTP/1.1" 404 352 "http://webcache.googleusercontent.com/search?q=cache:hDk3qHywdb8J:www.awo-kv-bernau.de/content/regenbogen/+REGENBOGEN+BERNAU&cd=5&hl=de&ct=clnk" "Mozilla/5.0 (Windows; U; Windows NT 5.1; de; rv:1.9.2.3) Gecko/20100401 Firefox/3.6.3"
178.20.95.14 - - [14/Apr/2010:22:55:28 +0200] "GET /content/themes/blackcandy/css/typography.css?m=1258540740 HTTP/1.1" 404 356 "http://webcache.googleusercontent.com/search?q=cache:hDk3qHywdb8J:www.awo-kv-bernau.de/content/regenbogen/+REGENBOGEN+BERNAU&cd=5&hl=de&ct=clnk" "Mozilla/5.0 (Windows; U; Windows NT 5.1; de; rv:1.9.2.3) Gecko/20100401 Firefox/3.6.3"
178.20.95.14 - - [14/Apr/2010:22:55:28 +0200] "GET /content/themes/blackcandy/css/form.css?m=1237405057 HTTP/1.1" 404 350 "http://webcache.googleusercontent.com/search?q=cache:hDk3qHywdb8J:www.awo-kv-bernau.de/content/regenbogen/+REGENBOGEN+BERNAU&cd=5&hl=de&ct=clnk" "Mozilla/5.0 (Windows; U; Windows NT 5.1; de; rv:1.9.2.3) Gecko/20100401 Firefox/3.6.3"
178.20.95.14 - - [14/Apr/2010:22:55:28 +0200] "GET /content/assets/Kitas/Regenbogen/regenbogen0.jpg HTTP/1.1" 404 359 "http://webcache.googleusercontent.com/search?q=cache:hDk3qHywdb8J:www.awo-kv-bernau.de/content/regenbogen/+REGENBOGEN+BERNAU&cd=5&hl=de&ct=clnk" "Mozilla/5.0 (Windows; U; Windows NT 5.1; de; rv:1.9.2.3) Gecko/20100401 Firefox/3.6.3"
178.20.95.14 - - [14/Apr/2010:22:55:28 +0200] "GET /content/assets/Kitas/Regenbogen/regenbogen1.jpg HTTP/1.1" 404 359 "http://webcache.googleusercontent.com/search?q=cache:hDk3qHywdb8J:www.awo-kv-bernau.de/content/regenbogen/+REGENBOGEN+BERNAU&cd=5&hl=de&ct=clnk" "Mozilla/5.0 (Windows; U; Windows NT 5.1; de; rv:1.9.2.3) Gecko/20100401 Firefox/3.6.3"
178.20.95.14 - - [14/Apr/2010:22:55:28 +0200] "GET /content/assets/Kitas/Regenbogen/regenbogen2.jpg HTTP/1.1" 404 359 "http://webcache.googleusercontent.com/search?q=cache:hDk3qHywdb8J:www.awo-kv-bernau.de/content/regenbogen/+REGENBOGEN+BERNAU&cd=5&hl=de&ct=clnk" "Mozilla/5.0 (Windows; U; Windows NT 5.1; de; rv:1.9.2.3) Gecko/20100401 Firefox/3.6.3"
178.20.95.14 - - [14/Apr/2010:22:55:28 +0200] "GET /content/assets/Kitas/Regenbogen/regenbogen3.jpg HTTP/1.1" 404 359 "http://webcache.googleusercontent.com/search?q=cache:hDk3qHywdb8J:www.awo-kv-bernau.de/content/regenbogen/+REGENBOGEN+BERNAU&cd=5&hl=de&ct=clnk" "Mozilla/5.0 (Windows; U; Windows NT 5.1; de; rv:1.9.2.3) Gecko/20100401 Firefox/3.6.3"
178.20.95.14 - - [14/Apr/2010:22:55:28 +0200] "GET /content/assets/Kitas/Regenbogen/regenbogen4.jpg HTTP/1.1" 404 359 "http://webcache.googleusercontent.com/search?q=cache:hDk3qHywdb8J:www.awo-kv-bernau.de/content/regenbogen/+REGENBOGEN+BERNAU&cd=5&hl=de&ct=clnk" "Mozilla/5.0 (Windows; U; Windows NT 5.1; de; rv:1.9.2.3) Gecko/20100401 Firefox/3.6.3"
178.20.95.14 - - [14/Apr/2010:22:55:43 +0200] "GET /content/eltern-kind-zentrum-bernau-sued/ HTTP/1.1" 404 352 "http://webcache.googleusercontent.com/search?q=cache:hDk3qHywdb8J:www.awo-kv-bernau.de/content/regenbogen/+REGENBOGEN+BERNAU&cd=5&hl=de&ct=clnk" "Mozilla/5.0 (Windows; U; Windows NT 5.1; de; rv:1.9.2.3) Gecko/20100401 Firefox/3.6.3"
178.20.95.14 - - [14/Apr/2010:22:55:46 +0200] "GET /content/eltern-kind-zentrum-bernau-sued/ HTTP/1.1" 404 352 "http://webcache.googleusercontent.com/search?q=cache:hDk3qHywdb8J:www.awo-kv-bernau.de/content/regenbogen/+REGENBOGEN+BERNAU&cd=5&hl=de&ct=clnk" "Mozilla/5.0 (Windows; U; Windows NT 5.1; de; rv:1.9.2.3) Gecko/20100401 Firefox/3.6.3"
178.20.95.14 - - [14/Apr/2010:22:55:54 +0200] "GET /content/kindertagesstaetten/ HTTP/1.1" 404 340 "http://webcache.googleusercontent.com/search?q=cache:hDk3qHywdb8J:www.awo-kv-bernau.de/content/regenbogen/+REGENBOGEN+BERNAU&cd=5&hl=de&ct=clnk" "Mozilla/5.0 (Windows; U; Windows NT 5.1; de; rv:1.9.2.3) Gecko/20100401 Firefox/3.6.3"
80.226.13.109 - - [14/Apr/2010:22:59:45 +0200] "GET / HTTP/1.1" 200 1229 "http://www.lja-brandenburg.de/kita/kita_traeger_info.php?var=TR04426" "Mozilla/5.0 (Windows; U; Windows NT 6.1; de; rv:1.9.2.2) Gecko/20100316 YFF35 Firefox/3.6.2"
87.187.153.152 - - [14/Apr/2010:23:01:28 +0200] "GET / HTTP/1.1" 200 1229 "-" "Mozilla/4.0 (compatible; MSIE 7.0; Windows NT 5.1; .NET CLR 1.1.4322)"
87.187.153.152 - - [14/Apr/2010:23:01:28 +0200] "GET /favicon.ico HTTP/1.1" 404 328 "-" "Mozilla/4.0 (compatible; MSIE 7.0; Windows NT 5.1; .NET CLR 1.1.4322)"
207.46.13.86 - - [14/Apr/2010:23:05:07 +0200] "GET /content/kalender/jax_calendar.php?Y=2010&m=8&d=7&view=d1 HTTP/1.1" 404 345 "-" "msnbot/2.0b (+http://search.msn.com/msnbot.htm)"
66.249.65.231 - - [14/Apr/2010:23:08:10 +0200] "GET /content/kalender/jax_calendar.php?Y=-1598&m=9&d=7&cal_id=0&language=german&gmt_ofs=-1&view=d1 HTTP/1.1" 404 345 "-" "Mozilla/5.0 (compatible; Googlebot/2.1; +http://www.google.com/bot.html)"
66.249.65.231 - - [14/Apr/2010:23:11:44 +0200] "GET /content/kalender/jax_calendar.php?Y=-1592&m=8&d=7&cal_id=0&language=german&gmt_ofs=-1&view=d1 HTTP/1.1" 404 345 "-" "Mozilla/5.0 (compatible; Googlebot/2.1; +http://www.google.com/bot.html)"
66.249.65.231 - - [14/Apr/2010:23:15:01 +0200] "GET /content/kalender/jax_calendar.php?Y=-1600&m=12&d=7&cal_id=0&language=german&gmt_ofs=-1&view=d1 HTTP/1.1" 404 345 "-" "Mozilla/5.0 (compatible; Googlebot/2.1; +http://www.google.com/bot.html)"
66.249.65.231 - - [14/Apr/2010:23:18:28 +0200] "GET /content/kalender/jax_calendar.php?Y=-655&m=12&d=6&cal_id=0&language=german&gmt_ofs=-1&view=d1 HTTP/1.1" 404 345 "-" "Mozilla/5.0 (compatible; Googlebot/2.1; +http://www.google.com/bot.html)"
66.249.65.231 - - [14/Apr/2010:23:21:54 +0200] "GET /content/kalender/jax_calendar.php?Y=-1599&m=12&d=7&cal_id=0&language=german&gmt_ofs=-1&view=d1 HTTP/1.1" 404 345 "-" "Mozilla/5.0 (compatible; Googlebot/2.1; +http://www.google.com/bot.html)"
66.249.65.231 - - [14/Apr/2010:23:25:20 +0200] "GET /content/kalender/jax_calendar.php?Y=-1602&m=12&d=7&cal_id=0&language=german&gmt_ofs=-1&view=d1 HTTP/1.1" 404 345 "-" "Mozilla/5.0 (compatible; Googlebot/2.1; +http://www.google.com/bot.html)"
67.195.111.229 - - [14/Apr/2010:23:28:39 +0200] "GET /robots.txt HTTP/1.0" 404 322 "-" "Mozilla/5.0 (compatible; Yahoo! Slurp; http://help.yahoo.com/help/us/ysearch/slurp)"
67.195.111.229 - - [14/Apr/2010:23:28:39 +0200] "GET /content/kindertagesstaetten/ HTTP/1.0" 404 340 "-" "Mozilla/5.0 (compatible; Yahoo! Slurp/3.0; http://help.yahoo.com/help/us/ysearch/slurp)"
66.249.65.231 - - [14/Apr/2010:23:34:33 +0200] "GET /content/kalender/jax_calendar.php?Y=-1598&m=11&d=7&cal_id=0&language=german&gmt_ofs=-1&view=d1 HTTP/1.1" 404 345 "-" "Mozilla/5.0 (compatible; Googlebot/2.1; +http://www.google.com/bot.html)"
66.249.65.231 - - [14/Apr/2010:23:34:33 +0200] "GET /content/kalender/jax_calendar.php?Y=-1595&m=11&d=7&cal_id=0&language=german&gmt_ofs=-1&view=d1 HTTP/1.1" 404 345 "-" "Mozilla/5.0 (compatible; Googlebot/2.1; +http://www.google.com/bot.html)"
66.249.65.231 - - [14/Apr/2010:23:34:34 +0200] "GET /content/kalender/jax_calendar.php?Y=-1591&m=11&d=7&cal_id=0&language=german&gmt_ofs=-1&view=d1 HTTP/1.1" 404 345 "-" "Mozilla/5.0 (compatible; Googlebot/2.1; +http://www.google.com/bot.html)"
66.249.65.231 - - [14/Apr/2010:23:34:36 +0200] "GET /content/kalender/jax_calendar.php?Y=-1589&m=11&d=7&cal_id=0&language=german&gmt_ofs=-1&view=d1 HTTP/1.1" 404 345 "-" "Mozilla/5.0 (compatible; Googlebot/2.1; +http://www.google.com/bot.html)"
66.249.65.231 - - [14/Apr/2010:23:34:37 +0200] "GET /content/kalender/jax_calendar.php?Y=236&m=7&d=6&cal_id=0&language=german&gmt_ofs=-1&view=d1 HTTP/1.1" 404 345 "-" "Mozilla/5.0 (compatible; Googlebot/2.1; +http://www.google.com/bot.html)"
66.249.65.231 - - [14/Apr/2010:23:34:37 +0200] "GET /content/kalender/jax_calendar.php?Y=-1598&m=8&d=7&cal_id=0&language=german&gmt_ofs=-1&view=d1 HTTP/1.1" 404 345 "-" "Mozilla/5.0 (compatible; Googlebot/2.1; +http://www.google.com/bot.html)"
66.249.65.231 - - [14/Apr/2010:23:34:38 +0200] "GET /content/kalender/jax_calendar.php?Y=-635&m=11&d=19&view=d1 HTTP/1.1" 404 345 "-" "Mozilla/5.0 (compatible; Googlebot/2.1; +http://www.google.com/bot.html)"
66.249.65.231 - - [14/Apr/2010:23:34:39 +0200] "GET /content/kalender/jax_calendar.php?Y=-1594&m=8&d=7&cal_id=0&language=german&gmt_ofs=-1&view=d1 HTTP/1.1" 404 345 "-" "Mozilla/5.0 (compatible; Googlebot/2.1; +http://www.google.com/bot.html)"
66.249.65.231 - - [14/Apr/2010:23:34:40 +0200] "GET /content/kalender/jax_calendar.php?Y=236&m=3&d=6&cal_id=0&language=german&gmt_ofs=-1&view=d1 HTTP/1.1" 404 345 "-" "Mozilla/5.0 (compatible; Googlebot/2.1; +http://www.google.com/bot.html)"
66.249.65.231 - - [14/Apr/2010:23:34:41 +0200] "GET /content/kalender/jax_calendar.php?Y=238&m=3&d=6&cal_id=0&language=german&gmt_ofs=-1&view=d1 HTTP/1.1" 404 345 "-" "Mozilla/5.0 (compatible; Googlebot/2.1; +http://www.google.com/bot.html)"
65.55.107.180 - - [14/Apr/2010:23:40:58 +0200] "GET /robots.txt HTTP/1.1" 404 322 "-" "msnbot/2.0b (+http://search.msn.com/msnbot.htm)"
66.249.65.231 - - [14/Apr/2010:23:43:43 +0200] "GET /content/kalender/jax_calendar.php?Y=2010&m=4&d=3&cal_id=0&language=german&gmt_ofs=-1&view=d30&view=d30 HTTP/1.1" 404 345 "-" "Mozilla/5.0 (compatible; Googlebot/2.1; +http://www.google.com/bot.html)"
69.115.241.123 - - [14/Apr/2010:23:57:05 +0200] "GET /robots.txt HTTP/1.0" 404 327 "http://majestic12.co.uk/bot.php?I=6CCCC8696B-50517E629D585DB3-www_sozialedienste-awo_de" "Mozilla/5.0 (compatible; MJ12bot/v1.3.2; http://www.majestic12.co.uk/bot.php?+)"
69.115.241.123 - - [14/Apr/2010:23:57:13 +0200] "GET / HTTP/1.1" 200 1229 "-" "Mozilla/5.0 (compatible; MJ12bot/v1.3.2; http://www.majestic12.co.uk/bot.php?+)"
207.46.199.184 - - [15/Apr/2010:00:02:47 +0200] "GET /robots.txt HTTP/1.1" 404 322 "-" "msnbot/2.0b (+http://search.msn.com/msnbot.htm)"
66.249.65.231 - - [15/Apr/2010:00:07:38 +0200] "GET /content/kalender/jax_calendar.php?Y=8&m=3&d=8&view=d1 HTTP/1.1" 404 345 "-" "Mozilla/5.0 (compatible; Googlebot/2.1; +http://www.google.com/bot.html)"
66.249.65.231 - - [15/Apr/2010:00:07:39 +0200] "GET /content/kalender/jax_calendar.php?Y=-1590&m=11&d=7&cal_id=0&language=german&gmt_ofs=-1&view=d1 HTTP/1.1" 404 345 "-" "Mozilla/5.0 (compatible; Googlebot/2.1; +http://www.google.com/bot.html)"
66.249.65.231 - - [15/Apr/2010:00:07:39 +0200] "GET /content/kalender/jax_calendar.php?Y=13&m=9&d=3&cal_id=0&language=german&gmt_ofs=-1&view=d1 HTTP/1.1" 404 345 "-" "Mozilla/5.0 (compatible; Googlebot/2.1; +http://www.google.com/bot.html)"
66.249.65.231 - - [15/Apr/2010:00:07:41 +0200] "GET /content/kalender/jax_calendar.php?Y=-642&m=12&d=33&view=d1 HTTP/1.1" 404 345 "-" "Mozilla/5.0 (compatible; Googlebot/2.1; +http://www.google.com/bot.html)"
66.249.65.231 - - [15/Apr/2010:00:07:41 +0200] "GET /content/kalender/jax_calendar.php?Y=237&m=3&d=6&cal_id=0&language=german&gmt_ofs=-1&view=d1 HTTP/1.1" 404 345 "-" "Mozilla/5.0 (compatible; Googlebot/2.1; +http://www.google.com/bot.html)"
66.249.65.231 - - [15/Apr/2010:00:07:42 +0200] "GET /content/kalender/jax_calendar.php?Y=-1592&m=11&d=7&cal_id=0&language=german&gmt_ofs=-1&view=d1 HTTP/1.1" 404 345 "-" "Mozilla/5.0 (compatible; Googlebot/2.1; +http://www.google.com/bot.html)"
66.249.65.231 - - [15/Apr/2010:00:07:43 +0200] "GET /content/kalender/jax_calendar.php?Y=-639&m=12&d=8&view=d1 HTTP/1.1" 404 345 "-" "Mozilla/5.0 (compatible; Googlebot/2.1; +http://www.google.com/bot.html)"
66.249.65.231 - - [15/Apr/2010:00:07:43 +0200] "GET /content/kalender/jax_calendar.php?Y=236&m=4&d=6&cal_id=0&language=german&gmt_ofs=-1&view=d1 HTTP/1.1" 404 345 "-" "Mozilla/5.0 (compatible; Googlebot/2.1; +http://www.google.com/bot.html)"
65.55.106.233 - - [15/Apr/2010:00:20:53 +0200] "GET /robots.txt HTTP/1.1" 404 322 "-" "msnbot/2.0b (+http://search.msn.com/msnbot.htm)"
207.46.13.46 - - [15/Apr/2010:00:21:32 +0200] "GET /robots.txt HTTP/1.1" 404 322 "-" "msnbot/2.0b (+http://search.msn.com/msnbot.htm)"
207.46.13.46 - - [15/Apr/2010:00:22:34 +0200] "GET /content/kalender/jax_calendar.php?Y=2006&m=1&d=4&cal_id=0&language=german&gmt_ofs=-1&view=d30 HTTP/1.1" 404 345 "-" "msnbot/2.0b (+http://search.msn.com/msnbot.htm)"
207.46.199.180 - - [15/Apr/2010:00:22:47 +0200] "GET /robots.txt HTTP/1.1" 404 327 "-" "msnbot/2.0b (+http://search.msn.com/msnbot.htm)"
66.249.65.231 - - [15/Apr/2010:00:40:18 +0200] "GET /content/kalender/jax_calendar.php?Y=-635&m=9&d=15&view=d1 HTTP/1.1" 404 345 "-" "Mozilla/5.0 (compatible; Googlebot/2.1; +http://www.google.com/bot.html)"
66.249.65.231 - - [15/Apr/2010:00:42:24 +0200] "GET /content/kalender/jax_calendar.php?Y=-635&m=7&d=6&view=d1 HTTP/1.1" 404 345 "-" "Mozilla/5.0 (compatible; Googlebot/2.1; +http://www.google.com/bot.html)"
66.249.65.231 - - [15/Apr/2010:00:44:47 +0200] "GET /content/kalender/jax_calendar.php?Y=-1603&m=12&d=7&cal_id=0&language=german&gmt_ofs=-1&view=d1 HTTP/1.1" 404 345 "-" "Mozilla/5.0 (compatible; Googlebot/2.1; +http://www.google.com/bot.html)"
66.249.65.231 - - [15/Apr/2010:00:47:29 +0200] "GET /content/kalender/jax_calendar.php?Y=-1590&m=7&d=7&cal_id=0&language=german&gmt_ofs=-1&view=d1 HTTP/1.1" 404 345 "-" "Mozilla/5.0 (compatible; Googlebot/2.1; +http://www.google.com/bot.html)"
66.249.65.249 - - [15/Apr/2010:00:49:44 +0200] "GET /content/kalender/jax_calendar.php?Y=-650&m=12&d=6&cal_id=0&language=german&gmt_ofs=-1&view=d1 HTTP/1.1" 404 345 "-" "Mozilla/5.0 (compatible; Googlebot/2.1; +http://www.google.com/bot.html)"
66.249.65.227 - - [15/Apr/2010:00:57:10 +0200] "GET /content/kalender/jax_calendar.php?Y=-651&m=12&d=6&cal_id=0&language=german&gmt_ofs=-1&view=d1 HTTP/1.1" 404 345 "-" "Mozilla/5.0 (compatible; Googlebot/2.1; +http://www.google.com/bot.html)"
207.46.199.199 - - [15/Apr/2010:01:00:55 +0200] "GET /robots.txt HTTP/1.1" 404 322 "-" "msnbot/2.0b (+http://search.msn.com/msnbot.htm)"
66.249.65.227 - - [15/Apr/2010:01:02:08 +0200] "GET /content/kalender/jax_calendar.php?Y=-637&m=4&d=1&cal_id=0&language=german&gmt_ofs=-1&view=d1 HTTP/1.1" 404 345 "-" "Mozilla/5.0 (compatible; Googlebot/2.1; +http://www.google.com/bot.html)"
66.249.65.227 - - [15/Apr/2010:01:07:05 +0200] "GET /content/kalender/jax_calendar.php?Y=237&m=11&d=6&cal_id=0&language=german&gmt_ofs=-1&view=d1 HTTP/1.1" 404 345 "-" "Mozilla/5.0 (compatible; Googlebot/2.1; +http://www.google.com/bot.html)"
207.46.204.237 - - [15/Apr/2010:01:09:16 +0200] "GET /content/kalender/jax_calendar.php?Y=2010&m=8&d=3&view=d1 HTTP/1.1" 404 345 "-" "msnbot/2.0b (+http://search.msn.com/msnbot.htm)"
66.249.65.227 - - [15/Apr/2010:01:10:06 +0200] "GET /content/kalender/jax_calendar.php?Y=237&m=12&d=6&cal_id=0&language=german&gmt_ofs=-1&view=d1 HTTP/1.1" 404 345 "-" "Mozilla/5.0 (compatible; Googlebot/2.1; +http://www.google.com/bot.html)"
66.249.65.227 - - [15/Apr/2010:01:12:19 +0200] "GET /content/kalender/jax_calendar.php?Y=-645&m=12&d=17&view=d1 HTTP/1.1" 404 345 "-" "Mozilla/5.0 (compatible; Googlebot/2.1; +http://www.google.com/bot.html)"
66.249.65.227 - - [15/Apr/2010:01:12:29 +0200] "GET /content/kalender/jax_calendar.php?Y=237&m=9&d=6&cal_id=0&language=german&gmt_ofs=-1&view=d1 HTTP/1.1" 404 345 "-" "Mozilla/5.0 (compatible; Googlebot/2.1; +http://www.google.com/bot.html)"
66.249.65.227 - - [15/Apr/2010:01:12:30 +0200] "GET /content/kalender/jax_calendar.php?Y=-635&m=6&d=23&view=d1 HTTP/1.1" 404 345 "-" "Mozilla/5.0 (compatible; Googlebot/2.1; +http://www.google.com/bot.html)"
66.249.65.227 - - [15/Apr/2010:01:12:31 +0200] "GET /content/kalender/jax_calendar.php?Y=236&m=6&d=6&cal_id=0&language=german&gmt_ofs=-1&view=d1 HTTP/1.1" 404 345 "-" "Mozilla/5.0 (compatible; Googlebot/2.1; +http://www.google.com/bot.html)"
66.249.65.227 - - [15/Apr/2010:01:12:31 +0200] "GET /content/kalender/jax_calendar.php?Y=236&m=8&d=6&cal_id=0&language=german&gmt_ofs=-1&view=d1 HTTP/1.1" 404 345 "-" "Mozilla/5.0 (compatible; Googlebot/2.1; +http://www.google.com/bot.html)"
66.249.65.227 - - [15/Apr/2010:01:12:32 +0200] "GET /content/kalender/jax_calendar.php?Y=236&m=12&d=6&cal_id=0&language=german&gmt_ofs=-1&view=d1 HTTP/1.1" 404 345 "-" "Mozilla/5.0 (compatible; Googlebot/2.1; +http://www.google.com/bot.html)"
66.249.65.227 - - [15/Apr/2010:01:12:32 +0200] "GET /content/kalender/jax_calendar.php?Y=-640&m=12&d=28&view=d1 HTTP/1.1" 404 345 "-" "Mozilla/5.0 (compatible; Googlebot/2.1; +http://www.google.com/bot.html)"
66.249.65.227 - - [15/Apr/2010:01:17:07 +0200] "GET /content/kalender/jax_calendar.php?Y=-1596&m=11&d=7&cal_id=0&language=german&gmt_ofs=-1&view=d1 HTTP/1.1" 404 345 "-" "Mozilla/5.0 (compatible; Googlebot/2.1; +http://www.google.com/bot.html)"
66.249.65.227 - - [15/Apr/2010:01:22:55 +0200] "GET /content/kalender/jax_calendar.php?Y=-1606&m=12&d=7&cal_id=0&language=german&gmt_ofs=-1&view=d1 HTTP/1.1" 404 345 "-" "Mozilla/5.0 (compatible; Googlebot/2.1; +http://www.google.com/bot.html)"
66.249.65.227 - - [15/Apr/2010:01:28:35 +0200] "GET /content/kalender/jax_calendar.php?Y=3813&m=7&d=18&view=d1 HTTP/1.1" 404 345 "-" "Mozilla/5.0 (compatible; Googlebot/2.1; +http://www.google.com/bot.html)"
66.249.65.227 - - [15/Apr/2010:01:34:59 +0200] "GET /content/kalender/jax_calendar.php?Y=236&m=9&d=6&cal_id=0&language=german&gmt_ofs=-1&view=d1 HTTP/1.1" 404 345 "-" "Mozilla/5.0 (compatible; Googlebot/2.1; +http://www.google.com/bot.html)"
207.46.204.188 - - [15/Apr/2010:01:43:15 +0200] "GET /content/kalender/jax_calendar.php?Y=2006&m=3&d=21&cal_id=0&language=german&gmt_ofs=-1&view=d30 HTTP/1.1" 404 345 "-" "msnbot/2.0b (+http://search.msn.com/msnbot.htm)"
66.249.65.227 - - [15/Apr/2010:01:46:42 +0200] "GET /content/kalender/jax_calendar.php?Y=2002&m=12&d=8&cal_id=0&language=german&gmt_ofs=-1&view=d1&view=d1 HTTP/1.1" 404 345 "-" "Mozilla/5.0 (compatible; Googlebot/2.1; +http://www.google.com/bot.html)"
66.249.66.11 - - [15/Apr/2010:01:46:44 +0200] "GET /content/kalender/jax_calendar.php?Y=236&m=1&d=6&cal_id=0&language=german&gmt_ofs=-1&view=d1 HTTP/1.1" 404 345 "-" "Mozilla/5.0 (compatible; Googlebot/2.1; +http://www.google.com/bot.html)"
66.249.65.227 - - [15/Apr/2010:01:46:44 +0200] "GET /content/kalender/jax_calendar.php?Y=237&m=7&d=6&cal_id=0&language=german&gmt_ofs=-1&view=d1 HTTP/1.1" 404 345 "-" "Mozilla/5.0 (compatible; Googlebot/2.1; +http://www.google.com/bot.html)"
66.249.65.227 - - [15/Apr/2010:01:46:45 +0200] "GET /content/kalender/jax_calendar.php?Y=236&m=5&d=6&cal_id=0&language=german&gmt_ofs=-1&view=d1 HTTP/1.1" 404 345 "-" "Mozilla/5.0 (compatible; Googlebot/2.1; +http://www.google.com/bot.html)"
66.249.65.227 - - [15/Apr/2010:01:46:46 +0200] "GET /content/kalender/jax_calendar.php?Y=-643&m=2&d=1&cal_id=0&language=german&gmt_ofs=-1&view=d1 HTTP/1.1" 404 345 "-" "Mozilla/5.0 (compatible; Googlebot/2.1; +http://www.google.com/bot.html)"
66.249.65.227 - - [15/Apr/2010:01:46:47 +0200] "GET /content/kalender/jax_calendar.php?Y=-653&m=12&d=6&cal_id=0&language=german&gmt_ofs=-1&view=d1 HTTP/1.1" 404 345 "-" "Mozilla/5.0 (compatible; Googlebot/2.1; +http://www.google.com/bot.html)"
66.249.65.227 - - [15/Apr/2010:01:46:47 +0200] "GET /content/kalender/jax_calendar.php?Y=238&m=9&d=6&cal_id=0&language=german&gmt_ofs=-1&view=d1 HTTP/1.1" 404 345 "-" "Mozilla/5.0 (compatible; Googlebot/2.1; +http://www.google.com/bot.html)"
66.249.65.227 - - [15/Apr/2010:01:46:48 +0200] "GET /content/kalender/jax_calendar.php?Y=-1598&m=12&d=3&view=d1 HTTP/1.1" 404 345 "-" "Mozilla/5.0 (compatible; Googlebot/2.1; +http://www.google.com/bot.html)"
66.249.65.227 - - [15/Apr/2010:01:46:48 +0200] "GET /content/kalender/jax_calendar.php?Y=236&m=11&d=6&cal_id=0&language=german&gmt_ofs=-1&view=d1 HTTP/1.1" 404 345 "-" "Mozilla/5.0 (compatible; Googlebot/2.1; +http://www.google.com/bot.html)"
65.55.106.163 - - [15/Apr/2010:01:50:59 +0200] "GET /robots.txt HTTP/1.1" 404 322 "-" "msnbot/2.0b (+http://search.msn.com/msnbot.htm)"
65.55.207.30 - - [15/Apr/2010:01:58:10 +0200] "GET /robots.txt HTTP/1.1" 404 327 "-" "msnbot/2.0b (+http://search.msn.com/msnbot.htm)"
207.46.13.141 - - [15/Apr/2010:01:58:43 +0200] "GET /content/kalender/jax_calendar.php?Y=2010&m=3&d=21&do=show_event&key=c48341059d88960682a3f54c39a2352b&cal_id=0&language=german&gmt_ofs=-1&view=d30&evt_date=%3Cb%3E24.03.2010%3C%2Fb%3E+09%3A30+-+10%3A30&evt_title=Gemeinsames+Fr%FChst%FCck+-+Kontakt-+und+Beratungsstelle HTTP/1.1" 404 345 "-" "msnbot/2.0b (+http://search.msn.com/msnbot.htm)"
207.46.199.43 - - [15/Apr/2010:02:07:44 +0200] "GET /content/kalender/jax_calendar.php?Y=2014&m=2&d=22&cal_id=0&language=german&gmt_ofs=-1&view=d30 HTTP/1.1" 404 345 "-" "msnbot/2.0b (+http://search.msn.com/msnbot.htm)"
207.46.13.54 - - [15/Apr/2010:02:12:12 +0200] "GET /content/kalender/jax_calendar.php?Y=2008&m=12&d=4&cal_id=0&language=german&gmt_ofs=-1&view=d30 HTTP/1.1" 404 345 "-" "msnbot/2.0b (+http://search.msn.com/msnbot.htm)"
66.249.65.203 - - [15/Apr/2010:02:23:21 +0200] "GET /content/kalender/jax_calendar.php?Y=2007&m=4&d=9&cal_id=0&language=german&gmt_ofs=-1&view=d1&view=d1 HTTP/1.1" 404 345 "-" "Mozilla/5.0 (compatible; Googlebot/2.1; +http://www.google.com/bot.html)"
66.249.65.203 - - [15/Apr/2010:02:23:23 +0200] "GET /content/kalender/jax_calendar.php?Y=238&m=11&d=6&cal_id=0&language=german&gmt_ofs=-1&view=d1 HTTP/1.1" 404 345 "-" "Mozilla/5.0 (compatible; Googlebot/2.1; +http://www.google.com/bot.html)"
66.249.65.203 - - [15/Apr/2010:02:23:23 +0200] "GET /content/kalender/jax_calendar.php?Y=236&m=2&d=19&view=d1 HTTP/1.1" 404 345 "-" "Mozilla/5.0 (compatible; Googlebot/2.1; +http://www.google.com/bot.html)"
66.249.65.203 - - [15/Apr/2010:02:23:24 +0200] "GET /content/kalender/jax_calendar.php?Y=237&m=4&d=6&cal_id=0&language=german&gmt_ofs=-1&view=d1 HTTP/1.1" 404 345 "-" "Mozilla/5.0 (compatible; Googlebot/2.1; +http://www.google.com/bot.html)"
66.249.65.203 - - [15/Apr/2010:02:23:24 +0200] "GET /content/kalender/jax_calendar.php?Y=-652&m=12&d=6&cal_id=0&language=german&gmt_ofs=-1&view=d1 HTTP/1.1" 404 345 "-" "Mozilla/5.0 (compatible; Googlebot/2.1; +http://www.google.com/bot.html)"
66.249.65.203 - - [15/Apr/2010:02:23:26 +0200] "GET /content/kalender/jax_calendar.php?Y=238&m=6&d=6&cal_id=0&language=german&gmt_ofs=-1&view=d1 HTTP/1.1" 404 345 "-" "Mozilla/5.0 (compatible; Googlebot/2.1; +http://www.google.com/bot.html)"
66.249.65.203 - - [15/Apr/2010:02:23:27 +0200] "GET /content/kalender/jax_calendar.php?Y=-637&m=12&d=26&view=d1 HTTP/1.1" 404 345 "-" "Mozilla/5.0 (compatible; Googlebot/2.1; +http://www.google.com/bot.html)"
66.249.65.248 - - [15/Apr/2010:02:30:09 +0200] "GET /robots.txt HTTP/1.1" 404 322 "-" "Mozilla/5.0 (compatible; Googlebot/2.1; +http://www.google.com/bot.html)"
66.249.65.248 - - [15/Apr/2010:02:30:09 +0200] "GET /content/kalender/jax_calendar.php?Y=-649&m=12&d=6&cal_id=0&language=german&gmt_ofs=-1&view=d1 HTTP/1.1" 404 345 "-" "Mozilla/5.0 (compatible; Googlebot/2.1; +http://www.google.com/bot.html)"
67.16.94.2 - - [15/Apr/2010:02:32:20 +0200] "GET /robots.txt HTTP/1.0" 404 327 "-" "Gigabot/3.0 (http://www.gigablast.com/spider.html)"
67.16.94.2 - - [15/Apr/2010:02:32:21 +0200] "GET / HTTP/1.0" 200 1229 "-" "Gigabot/3.0 (http://www.gigablast.com/spider.html)"
66.249.65.248 - - [15/Apr/2010:02:36:32 +0200] "GET /content/kalender/jax_calendar.php?Y=-635&m=8&d=30&view=d1 HTTP/1.1" 404 345 "-" "Mozilla/5.0 (compatible; Googlebot/2.1; +http://www.google.com/bot.html)"
208.80.193.30 - - [15/Apr/2010:02:39:52 +0200] "GET / HTTP/1.0" 200 1229 "-" "Mozilla/4.0 (compatible; MSIE 7.0; Windows NT 5.1; FunWebProducts; Embedded Web Browser from: http://bsalsa.com/; .NET CLR 1.0.3705; .NET CLR 1.1.4322; Media Center PC 4.0)"
66.249.65.248 - - [15/Apr/2010:02:42:57 +0200] "GET /content/kalender/jax_calendar.php?Y=235&m=6&d=6&cal_id=0&language=german&gmt_ofs=-1&view=d1 HTTP/1.1" 404 345 "-" "Mozilla/5.0 (compatible; Googlebot/2.1; +http://www.google.com/bot.html)"
66.249.65.248 - - [15/Apr/2010:02:44:52 +0200] "GET /content/assets/Kitas/Pusteblume/pusteblume2.jpg HTTP/1.1" 404 359 "-" "Mozilla/5.0 (compatible; Googlebot/2.1; +http://www.google.com/bot.html)"
66.249.65.248 - - [15/Apr/2010:02:44:53 +0200] "GET /content/assets/Kitas/Pusteblume/logo.jpg HTTP/1.1" 404 352 "-" "Mozilla/5.0 (compatible; Googlebot/2.1; +http://www.google.com/bot.html)"
66.249.65.248 - - [15/Apr/2010:02:51:04 +0200] "GET /content/kalender/jax_calendar.php?Y=-645&m=6&d=1&cal_id=0&language=german&gmt_ofs=-1&view=d1 HTTP/1.1" 404 345 "-" "Mozilla/5.0 (compatible; Googlebot/2.1; +http://www.google.com/bot.html)"
66.249.65.248 - - [15/Apr/2010:02:52:01 +0200] "GET /content/kalender/jax_calendar.php?Y=2003&m=11&d=8&cal_id=0&language=german&gmt_ofs=-1&view=d1&view=d1 HTTP/1.1" 404 345 "-" "Mozilla/5.0 (compatible; Googlebot/2.1; +http://www.google.com/bot.html)"
66.249.65.248 - - [15/Apr/2010:02:52:02 +0200] "GET /content/kalender/jax_calendar.php?Y=237&m=6&d=6&cal_id=0&language=german&gmt_ofs=-1&view=d1 HTTP/1.1" 404 345 "-" "Mozilla/5.0 (compatible; Googlebot/2.1; +http://www.google.com/bot.html)"
66.249.65.248 - - [15/Apr/2010:02:52:03 +0200] "GET /content/kalender/jax_calendar.php?Y=235&m=9&d=6&cal_id=0&language=german&gmt_ofs=-1&view=d1 HTTP/1.1" 404 345 "-" "Mozilla/5.0 (compatible; Googlebot/2.1; +http://www.google.com/bot.html)"
66.249.65.248 - - [15/Apr/2010:02:52:04 +0200] "GET /content/kalender/jax_calendar.php?Y=3898&m=11&d=4&cal_id=0&language=german&gmt_ofs=-1&view=d1 HTTP/1.1" 404 345 "-" "Mozilla/5.0 (compatible; Googlebot/2.1; +http://www.google.com/bot.html)"
66.249.65.248 - - [15/Apr/2010:02:52:04 +0200] "GET /content/kalender/jax_calendar.php?Y=-643&m=8&d=1&cal_id=0&language=german&gmt_ofs=-1&view=d1 HTTP/1.1" 404 345 "-" "Mozilla/5.0 (compatible; Googlebot/2.1; +http://www.google.com/bot.html)"
66.249.65.248 - - [15/Apr/2010:02:52:05 +0200] "GET /content/kalender/jax_calendar.php?Y=237&m=8&d=6&cal_id=0&language=german&gmt_ofs=-1&view=d1 HTTP/1.1" 404 345 "-" "Mozilla/5.0 (compatible; Googlebot/2.1; +http://www.google.com/bot.html)"
66.249.65.248 - - [15/Apr/2010:02:52:06 +0200] "GET /content/kalender/jax_calendar.php?Y=237&m=2&d=13&view=d1 HTTP/1.1" 404 345 "-" "Mozilla/5.0 (compatible; Googlebot/2.1; +http://www.google.com/bot.html)"
66.249.65.248 - - [15/Apr/2010:02:52:07 +0200] "GET /content/kalender/jax_calendar.php?Y=-643&m=12&d=18&view=d1 HTTP/1.1" 404 345 "-" "Mozilla/5.0 (compatible; Googlebot/2.1; +http://www.google.com/bot.html)"
66.249.65.248 - - [15/Apr/2010:02:52:09 +0200] "GET /content/kalender/jax_calendar.php?Y=-641&m=10&d=1&cal_id=0&language=german&gmt_ofs=-1&view=d1 HTTP/1.1" 404 345 "-" "Mozilla/5.0 (compatible; Googlebot/2.1; +http://www.google.com/bot.html)"
66.249.65.248 - - [15/Apr/2010:02:52:10 +0200] "GET /content/kalender/jax_calendar.php?Y=239&m=2&d=6&cal_id=0&language=german&gmt_ofs=-1&view=d1 HTTP/1.1" 404 345 "-" "Mozilla/5.0 (compatible; Googlebot/2.1; +http://www.google.com/bot.html)"
208.80.193.33 - - [15/Apr/2010:02:59:41 +0200] "GET / HTTP/1.0" 200 1229 "-" "Mozilla/4.0 (compatible; MSIE 6.0; Windows NT 5.1; SV1; snprtz|S88825490000017; InfoPath.1)"
207.46.199.177 - - [15/Apr/2010:03:02:40 +0200] "GET /robots.txt HTTP/1.1" 404 322 "-" "msnbot/2.0b (+http://search.msn.com/msnbot.htm)"
207.46.204.241 - - [15/Apr/2010:03:09:40 +0200] "GET /content/kalender/jax_calendar.php?Y=2010&m=3&d=21&do=show_event&key=c3988b9517cf783bcef951194a986b7f&cal_id=0&language=german&gmt_ofs=-1&view=d30&evt_date=%3Cb%3E17.03.2010%3C%2Fb%3E+09%3A30&evt_title=Gemeinsames+Fr%FChst%FCck+-+Kontakt-+und+Beratungsstelle HTTP/1.1" 404 345 "-" "msnbot/2.0b (+http://search.msn.com/msnbot.htm)"
66.249.65.248 - - [15/Apr/2010:03:25:04 +0200] "GET /content/kalender/jax_calendar.php?Y=2002&m=10&d=8&cal_id=0&language=german&gmt_ofs=-1&view=d1&view=d1 HTTP/1.1" 404 345 "-" "Mozilla/5.0 (compatible; Googlebot/2.1; +http://www.google.com/bot.html)"
66.249.65.248 - - [15/Apr/2010:03:25:06 +0200] "GET /content/kalender/jax_calendar.php?Y=246&m=2&d=6&cal_id=0&language=german&gmt_ofs=-1&view=d1 HTTP/1.1" 404 345 "-" "Mozilla/5.0 (compatible; Googlebot/2.1; +http://www.google.com/bot.html)"
66.249.65.248 - - [15/Apr/2010:03:25:07 +0200] "GET /content/kalender/jax_calendar.php?Y=235&m=4&d=6&cal_id=0&language=german&gmt_ofs=-1&view=d1 HTTP/1.1" 404 345 "-" "Mozilla/5.0 (compatible; Googlebot/2.1; +http://www.google.com/bot.html)"
66.249.65.248 - - [15/Apr/2010:03:25:07 +0200] "GET /content/kalender/jax_calendar.php?Y=243&m=2&d=6&cal_id=0&language=german&gmt_ofs=-1&view=d1 HTTP/1.1" 404 345 "-" "Mozilla/5.0 (compatible; Googlebot/2.1; +http://www.google.com/bot.html)"
66.249.65.248 - - [15/Apr/2010:03:25:08 +0200] "GET /content/kalender/jax_calendar.php?Y=-644&m=12&d=11&view=d1 HTTP/1.1" 404 345 "-" "Mozilla/5.0 (compatible; Googlebot/2.1; +http://www.google.com/bot.html)"
66.249.65.248 - - [15/Apr/2010:03:25:09 +0200] "GET /content/kalender/jax_calendar.php?Y=242&m=2&d=6&cal_id=0&language=german&gmt_ofs=-1&view=d1 HTTP/1.1" 404 345 "-" "Mozilla/5.0 (compatible; Googlebot/2.1; +http://www.google.com/bot.html)"
66.249.65.248 - - [15/Apr/2010:03:25:09 +0200] "GET /content/kalender/jax_calendar.php?Y=-635&m=10&d=24&view=d1 HTTP/1.1" 404 345 "-" "Mozilla/5.0 (compatible; Googlebot/2.1; +http://www.google.com/bot.html)"
66.249.65.248 - - [15/Apr/2010:03:25:11 +0200] "GET /content/kalender/jax_calendar.php?Y=-655&m=1&d=1&cal_id=0&language=german&gmt_ofs=-1&view=d1 HTTP/1.1" 404 345 "-" "Mozilla/5.0 (compatible; Googlebot/2.1; +http://www.google.com/bot.html)"
66.249.65.248 - - [15/Apr/2010:03:25:11 +0200] "GET /content/kalender/jax_calendar.php?Y=238&m=5&d=6&cal_id=0&language=german&gmt_ofs=-1&view=d1 HTTP/1.1" 404 345 "-" "Mozilla/5.0 (compatible; Googlebot/2.1; +http://www.google.com/bot.html)"
66.249.65.248 - - [15/Apr/2010:03:56:57 +0200] "GET /content/kalender/jax_calendar.php?Y=2010&m=4&d=10&cal_id=0&language=german&gmt_ofs=-1&view=d1&view=d1 HTTP/1.1" 404 345 "-" "Mozilla/5.0 (compatible; Googlebot/2.1; +http://www.google.com/bot.html)"
66.249.65.248 - - [15/Apr/2010:03:56:59 +0200] "GET /content/kalender/jax_calendar.php?Y=-636&m=12&d=8&view=d1 HTTP/1.1" 404 345 "-" "Mozilla/5.0 (compatible; Googlebot/2.1; +http://www.google.com/bot.html)"
66.249.65.248 - - [15/Apr/2010:03:56:59 +0200] "GET /content/kalender/jax_calendar.php?Y=235&m=7&d=6&cal_id=0&language=german&gmt_ofs=-1&view=d1 HTTP/1.1" 404 345 "-" "Mozilla/5.0 (compatible; Googlebot/2.1; +http://www.google.com/bot.html)"
66.249.65.248 - - [15/Apr/2010:03:56:59 +0200] "GET /content/kalender/jax_calendar.php?Y=238&m=4&d=6&cal_id=0&language=german&gmt_ofs=-1&view=d1 HTTP/1.1" 404 345 "-" "Mozilla/5.0 (compatible; Googlebot/2.1; +http://www.google.com/bot.html)"
66.249.65.248 - - [15/Apr/2010:03:57:00 +0200] "GET /content/kalender/jax_calendar.php?Y=3902&m=11&d=13&view=d1 HTTP/1.1" 404 345 "-" "Mozilla/5.0 (compatible; Googlebot/2.1; +http://www.google.com/bot.html)"
66.249.65.248 - - [15/Apr/2010:03:57:01 +0200] "GET /content/kalender/jax_calendar.php?Y=-654&m=12&d=6&cal_id=0&language=german&gmt_ofs=-1&view=d1 HTTP/1.1" 404 345 "-" "Mozilla/5.0 (compatible; Googlebot/2.1; +http://www.google.com/bot.html)"
66.249.65.248 - - [15/Apr/2010:03:57:02 +0200] "GET /content/kalender/jax_calendar.php?Y=238&m=1&d=6&cal_id=0&language=german&gmt_ofs=-1&view=d1 HTTP/1.1" 404 345 "-" "Mozilla/5.0 (compatible; Googlebot/2.1; +http://www.google.com/bot.html)"
66.249.65.248 - - [15/Apr/2010:03:57:02 +0200] "GET /content/kalender/jax_calendar.php?Y=235&m=5&d=6&cal_id=0&language=german&gmt_ofs=-1&view=d1 HTTP/1.1" 404 345 "-" "Mozilla/5.0 (compatible; Googlebot/2.1; +http://www.google.com/bot.html)"
66.249.65.248 - - [15/Apr/2010:03:57:03 +0200] "GET /content/kalender/jax_calendar.php?Y=235&m=1&d=6&cal_id=0&language=german&gmt_ofs=-1&view=d1 HTTP/1.1" 404 345 "-" "Mozilla/5.0 (compatible; Googlebot/2.1; +http://www.google.com/bot.html)"
66.249.65.248 - - [15/Apr/2010:03:57:06 +0200] "GET /content/kalender/jax_calendar.php?Y=-646&m=12&d=6&cal_id=0&language=german&gmt_ofs=-1&view=d1 HTTP/1.1" 404 345 "-" "Mozilla/5.0 (compatible; Googlebot/2.1; +http://www.google.com/bot.html)"
207.46.204.197 - - [15/Apr/2010:04:20:16 +0200] "GET /content/kalender/jax_calendar.php?Y=2010&m=3&d=4&do=show_event&key=f68eda5345eafbd53ecc2dfb81837843&cal_id=0&language=german&gmt_ofs=-1&view=d30&evt_date=%3Cb%3E31.03.2010%3C%2Fb%3E+17%3A00&evt_title=Jahreshauptversammlung+des+AWO-Ortsvereines HTTP/1.1" 404 345 "-" "msnbot/2.0b (+http://search.msn.com/msnbot.htm)"
207.46.204.182 - - [15/Apr/2010:04:25:30 +0200] "GET /content/kalender/jax_calendar.php?Y=2010&m=3&d=21&do=show_event&key=e7a4458bf9cccef6484525f2da6aac48&cal_id=0&language=german&gmt_ofs=-1&view=d30&evt_date=%3Cb%3E24.03.2010%3C%2Fb%3E+16%3A00&evt_title=Betreuungsverein+Bernau+e.V. HTTP/1.1" 404 345 "-" "msnbot/2.0b (+http://search.msn.com/msnbot.htm)"
207.46.195.242 - - [15/Apr/2010:04:25:59 +0200] "GET /content/ortsvereine/ HTTP/1.1" 404 332 "-" "msnbot/2.0b (+http://search.msn.com/msnbot.htm)"
66.249.65.248 - - [15/Apr/2010:04:27:09 +0200] "GET /content/kalender/jax_calendar.php?Y=2011&m=5&d=7&cal_id=0&language=german&gmt_ofs=-1&view=d1&view=d1 HTTP/1.1" 404 345 "-" "Mozilla/5.0 (compatible; Googlebot/2.1; +http://www.google.com/bot.html)"
66.249.65.248 - - [15/Apr/2010:04:27:11 +0200] "GET /content/kalender/jax_calendar.php?Y=238&m=12&d=6&cal_id=0&language=german&gmt_ofs=-1&view=d1 HTTP/1.1" 404 345 "-" "Mozilla/5.0 (compatible; Googlebot/2.1; +http://www.google.com/bot.html)"
66.249.65.248 - - [15/Apr/2010:04:27:12 +0200] "GET /content/kalender/jax_calendar.php?Y=-641&m=12&d=30&view=d1 HTTP/1.1" 404 345 "-" "Mozilla/5.0 (compatible; Googlebot/2.1; +http://www.google.com/bot.html)"
66.249.65.248 - - [15/Apr/2010:04:27:12 +0200] "GET /content/kalender/jax_calendar.php?Y=3813&m=12&d=8&cal_id=0&language=german&gmt_ofs=-1&view=d1 HTTP/1.1" 404 345 "-" "Mozilla/5.0 (compatible; Googlebot/2.1; +http://www.google.com/bot.html)"
66.249.65.248 - - [15/Apr/2010:04:27:13 +0200] "GET /content/kalender/jax_calendar.php?Y=238&m=7&d=6&cal_id=0&language=german&gmt_ofs=-1&view=d1 HTTP/1.1" 404 345 "-" "Mozilla/5.0 (compatible; Googlebot/2.1; +http://www.google.com/bot.html)"
66.249.65.248 - - [15/Apr/2010:04:27:13 +0200] "GET /content/kalender/jax_calendar.php?Y=240&m=2&d=6&cal_id=0&language=german&gmt_ofs=-1&view=d1 HTTP/1.1" 404 345 "-" "Mozilla/5.0 (compatible; Googlebot/2.1; +http://www.google.com/bot.html)"
66.249.65.248 - - [15/Apr/2010:04:27:14 +0200] "GET /content/kalender/jax_calendar.php?Y=-647&m=12&d=6&cal_id=0&language=german&gmt_ofs=-1&view=d1 HTTP/1.1" 404 345 "-" "Mozilla/5.0 (compatible; Googlebot/2.1; +http://www.google.com/bot.html)"
66.249.65.248 - - [15/Apr/2010:04:27:15 +0200] "GET /content/kalender/jax_calendar.php?Y=-637&m=7&d=1&cal_id=0&language=german&gmt_ofs=-1&view=d1 HTTP/1.1" 404 345 "-" "Mozilla/5.0 (compatible; Googlebot/2.1; +http://www.google.com/bot.html)"
66.249.65.248 - - [15/Apr/2010:04:27:15 +0200] "GET /content/kalender/jax_calendar.php?Y=-644&m=10&d=1&cal_id=0&language=german&gmt_ofs=-1&view=d1 HTTP/1.1" 404 345 "-" "Mozilla/5.0 (compatible; Googlebot/2.1; +http://www.google.com/bot.html)"
67.195.111.229 - - [15/Apr/2010:04:47:10 +0200] "GET /content/kontakt-impressum/ HTTP/1.0" 404 338 "-" "Mozilla/5.0 (compatible; Yahoo! Slurp/3.0; http://help.yahoo.com/help/us/ysearch/slurp)"
82.130.28.24 - - [15/Apr/2010:05:11:17 +0200] "GET /robots.txt HTTP/1.0" 404 322 "http://majestic12.co.uk/bot.php?I=C7CA494768-5A8E3DCE96728324-www_awo-kv-bernau_de" "Mozilla/5.0 (compatible; MJ12bot/v1.3.2; http://www.majestic12.co.uk/bot.php?+)"
82.130.28.24 - - [15/Apr/2010:05:11:18 +0200] "GET / HTTP/1.0" 200 1229 "-" "Mozilla/5.0 (compatible; MJ12bot/v1.3.2; http://www.majestic12.co.uk/bot.php?+)"
66.249.65.248 - - [15/Apr/2010:05:18:38 +0200] "GET /content/kalender/jax_calendar.php?Y=235&m=2&d=31&view=d1 HTTP/1.1" 404 345 "-" "Mozilla/5.0 (compatible; Googlebot/2.1; +http://www.google.com/bot.html)"
87.230.47.8 - - [15/Apr/2010:05:19:11 +0200] "HEAD / HTTP/1.1" 200 - "-" "-"
207.46.199.190 - - [15/Apr/2010:05:19:22 +0200] "GET /robots.txt HTTP/1.1" 404 322 "-" "msnbot/2.0b (+http://search.msn.com/msnbot.htm)"
66.249.65.248 - - [15/Apr/2010:05:21:17 +0200] "GET /content/kalender/jax_calendar.php?Y=-635&m=4&d=37&view=d1 HTTP/1.1" 404 345 "-" "Mozilla/5.0 (compatible; Googlebot/2.1; +http://www.google.com/bot.html)"
207.46.195.242 - - [15/Apr/2010:05:22:13 +0200] "GET /content/kalender/jax_calendar.php?Y=2010&m=3&d=4&do=show_event&key=998762a144d52c34fc55957cfae8df89&cal_id=0&language=german&gmt_ofs=-1&view=d30&evt_date=%3Cb%3E22.03.2010%3C%2Fb%3E+19%3A00&evt_title=Gemeinschaftst%E4nze HTTP/1.1" 404 345 "-" "msnbot/2.0b (+http://search.msn.com/msnbot.htm)"
66.249.65.248 - - [15/Apr/2010:05:24:06 +0200] "GET /content/kalender/jax_calendar.php?Y=-653&m=1&d=1&cal_id=0&language=german&gmt_ofs=-1&view=d1 HTTP/1.1" 404 345 "-" "Mozilla/5.0 (compatible; Googlebot/2.1; +http://www.google.com/bot.html)"
66.249.65.248 - - [15/Apr/2010:05:26:50 +0200] "GET /content/kalender/jax_calendar.php?Y=238&m=8&d=6&cal_id=0&language=german&gmt_ofs=-1&view=d1 HTTP/1.1" 404 345 "-" "Mozilla/5.0 (compatible; Googlebot/2.1; +http://www.google.com/bot.html)"
