66.249.65.231 - - [14/Apr/2010:16:01:14 +0200] "GET /content/kalender/jax_calendar.php?Y=-1587&m=1&d=12&view=d1 HTTP/1.1" 404 345 "-" "Mozilla/5.0 (compatible; Googlebot/2.1; +http://www.google.com/bot.html)"
66.249.65.231 - - [14/Apr/2010:16:01:15 +0200] "GET /content/kalender/jax_calendar.php?Y=18&m=1&d=28&view=d1 HTTP/1.1" 404 345 "-" "Mozilla/5.0 (compatible; Googlebot/2.1; +http://www.google.com/bot.html)"
66.249.65.231 - - [14/Apr/2010:16:01:16 +0200] "GET /content/kalender/jax_calendar.php?Y=-1586&m=1&d=19&view=d1 HTTP/1.1" 404 345 "-" "Mozilla/5.0 (compatible; Googlebot/2.1; +http://www.google.com/bot.html)"
66.249.65.231 - - [14/Apr/2010:16:01:17 +0200] "GET /content/kalender/jax_calendar.php?Y=-1596&m=4&d=7&cal_id=0&language=german&gmt_ofs=-1&view=d1 HTTP/1.1" 404 345 "-" "Mozilla/5.0 (compatible; Googlebot/2.1; +http://www.google.com/bot.html)"
66.249.65.231 - - [14/Apr/2010:16:01:18 +0200] "GET /content/kalender/jax_calendar.php?Y=13&m=8&d=29&view=d1 HTTP/1.1" 404 345 "-" "Mozilla/5.0 (compatible; Googlebot/2.1; +http://www.google.com/bot.html)"
66.249.65.231 - - [14/Apr/2010:16:01:18 +0200] "GET /content/kalender/jax_calendar.php?Y=-1591&m=7&d=7&cal_id=0&language=german&gmt_ofs=-1&view=d1 HTTP/1.1" 404 345 "-" "Mozilla/5.0 (compatible; Googlebot/2.1; +http://www.google.com/bot.html)"
66.249.65.231 - - [14/Apr/2010:16:04:39 +0200] "GET /content/assets/Kitas/KitaKinderland/kinderlandtop2.jpg HTTP/1.1" 404 366 "-" "Googlebot-Image/1.0"
207.46.204.188 - - [14/Apr/2010:16:07:43 +0200] "GET /content/insolvenzberatung/ HTTP/1.1" 404 338 "-" "msnbot/2.0b (+http://search.msn.com/msnbot.htm)"
207.46.199.46 - - [14/Apr/2010:16:09:13 +0200] "GET /content/kalender/jax_calendar.php?Y=2010&m=8&d=8&view=d1 HTTP/1.1" 404 345 "-" "msnbot/2.0b (+http://search.msn.com/msnbot.htm)"
87.187.153.152 - - [14/Apr/2010:16:10:13 +0200] "GET /content/aktuelles/ HTTP/1.1" 404 330 "-" "Mozilla/4.0 (compatible; MSIE 8.0; Windows NT 5.1; Trident/4.0; .NET CLR 2.0.50727; .NET CLR 3.0.4506.2152; .NET CLR 3.5.30729; InfoPath.2)"
87.187.153.152 - - [14/Apr/2010:16:14:50 +0200] "GET / HTTP/1.1" 200 1229 "-" "Mozilla/4.0 (compatible; MSIE 7.0; Windows NT 5.1; .NET CLR 1.1.4322)"
87.187.153.152 - - [14/Apr/2010:16:14:51 +0200] "GET /favicon.ico HTTP/1.1" 404 328 "-" "Mozilla/4.0 (compatible; MSIE 7.0; Windows NT 5.1; .NET CLR 1.1.4322)"
87.187.153.152 - - [14/Apr/2010:16:19:14 +0200] "GET / HTTP/1.1" 200 1229 "-" "Mozilla/4.0 (compatible; MSIE 7.0; Windows NT 5.1; .NET CLR 1.1.4322)"
87.187.153.152 - - [14/Apr/2010:16:19:14 +0200] "GET /favicon.ico HTTP/1.1" 404 328 "-" "Mozilla/4.0 (compatible; MSIE 7.0; Windows NT 5.1; .NET CLR 1.1.4322)"
207.46.204.227 - - [14/Apr/2010:16:21:45 +0200] "GET / HTTP/1.1" 200 1229 "-" "msnbot/2.0b (+http://search.msn.com/msnbot.htm)"
192.168.10.34 - - [14/Apr/2010:16:24:51 +0200] "GET / HTTP/1.1" 200 1229 "-" "Mozilla/5.0 (Windows; U; Windows NT 5.1; de; rv:1.9.2.3) Gecko/20100401 Firefox/3.6.3 (.NET CLR 3.5.30729)"
192.168.10.34 - - [14/Apr/2010:16:24:52 +0200] "GET /favicon.ico HTTP/1.1" 404 316 "-" "Mozilla/5.0 (Windows; U; Windows NT 5.1; de; rv:1.9.2.3) Gecko/20100401 Firefox/3.6.3 (.NET CLR 3.5.30729)"
65.55.106.229 - - [14/Apr/2010:16:25:51 +0200] "GET /robots.txt HTTP/1.1" 404 322 "-" "msnbot/2.0b (+http://search.msn.com/msnbot.htm)"
66.249.65.231 - - [14/Apr/2010:16:32:02 +0200] "GET /content/kalender/jax_calendar.php?Y=-1596&m=5&d=7&cal_id=0&language=german&gmt_ofs=-1&view=d1 HTTP/1.1" 404 345 "-" "Mozilla/5.0 (compatible; Googlebot/2.1; +http://www.google.com/bot.html)"
66.249.65.231 - - [14/Apr/2010:16:32:03 +0200] "GET /content/kalender/jax_calendar.php?Y=8&m=6&d=2&view=d1 HTTP/1.1" 404 345 "-" "Mozilla/5.0 (compatible; Googlebot/2.1; +http://www.google.com/bot.html)"
66.249.65.231 - - [14/Apr/2010:16:34:50 +0200] "GET /content/kalender/jax_calendar.php?Y=3904&m=7&d=23&view=d1 HTTP/1.1" 404 345 "-" "Mozilla/5.0 (compatible; Googlebot/2.1; +http://www.google.com/bot.html)"
72.30.161.226 - - [14/Apr/2010:16:35:27 +0200] "GET /robots.txt HTTP/1.0" 404 324 "-" "Mozilla/5.0 (compatible; Yahoo! Slurp; http://help.yahoo.com/help/us/ysearch/slurp)"
72.30.161.226 - - [14/Apr/2010:16:35:27 +0200] "GET / HTTP/1.0" 304 - "-" "Mozilla/5.0 (compatible; Yahoo! Slurp; http://help.yahoo.com/help/us/ysearch/slurp)"
66.249.65.231 - - [14/Apr/2010:16:40:52 +0200] "GET /content/kalender/jax_calendar.php?Y=11&m=9&d=15&view=d1 HTTP/1.1" 404 345 "-" "Mozilla/5.0 (compatible; Googlebot/2.1; +http://www.google.com/bot.html)"
66.249.65.231 - - [14/Apr/2010:16:43:53 +0200] "GET /content/kalender/jax_calendar.php?Y=-1589&m=9&d=7&cal_id=0&language=german&gmt_ofs=-1&view=d1 HTTP/1.1" 404 345 "-" "Mozilla/5.0 (compatible; Googlebot/2.1; +http://www.google.com/bot.html)"
66.249.65.231 - - [14/Apr/2010:16:46:54 +0200] "GET /content/kalender/jax_calendar.php?Y=-1594&m=11&d=7&cal_id=0&language=german&gmt_ofs=-1&view=d1 HTTP/1.1" 404 345 "-" "Mozilla/5.0 (compatible; Googlebot/2.1; +http://www.google.com/bot.html)"
66.249.65.231 - - [14/Apr/2010:16:49:56 +0200] "GET /content/kalender/jax_calendar.php?Y=-1592&m=7&d=7&cal_id=0&language=german&gmt_ofs=-1&view=d1 HTTP/1.1" 404 345 "-" "Mozilla/5.0 (compatible; Googlebot/2.1; +http://www.google.com/bot.html)"
66.249.65.231 - - [14/Apr/2010:16:57:17 +0200] "GET /content/kalender/jax_calendar.php?Y=-1588&m=7&d=35&view=d1 HTTP/1.1" 404 345 "-" "Mozilla/5.0 (compatible; Googlebot/2.1; +http://www.google.com/bot.html)"
66.249.65.231 - - [14/Apr/2010:17:00:54 +0200] "GET /content/kalender/jax_calendar.php?Y=-1593&m=9&d=7&cal_id=0&language=german&gmt_ofs=-1&view=d1 HTTP/1.1" 404 345 "-" "Mozilla/5.0 (compatible; Googlebot/2.1; +http://www.google.com/bot.html)"
66.249.65.231 - - [14/Apr/2010:17:00:54 +0200] "GET /content/kalender/jax_calendar.php?Y=78&m=4&d=8&cal_id=0&language=german&gmt_ofs=-1&view=d1 HTTP/1.1" 404 345 "-" "Mozilla/5.0 (compatible; Googlebot/2.1; +http://www.google.com/bot.html)"
66.249.65.231 - - [14/Apr/2010:17:00:55 +0200] "GET /content/kalender/jax_calendar.php?Y=-1586&m=9&d=20&view=d1 HTTP/1.1" 404 345 "-" "Mozilla/5.0 (compatible; Googlebot/2.1; +http://www.google.com/bot.html)"
66.249.65.231 - - [14/Apr/2010:17:00:55 +0200] "GET /content/kalender/jax_calendar.php?Y=-1597&m=6&d=7&cal_id=0&language=german&gmt_ofs=-1&view=d1 HTTP/1.1" 404 345 "-" "Mozilla/5.0 (compatible; Googlebot/2.1; +http://www.google.com/bot.html)"
66.249.65.231 - - [14/Apr/2010:17:00:56 +0200] "GET /content/kalender/jax_calendar.php?Y=-1594&m=9&d=7&cal_id=0&language=german&gmt_ofs=-1&view=d1 HTTP/1.1" 404 345 "-" "Mozilla/5.0 (compatible; Googlebot/2.1; +http://www.google.com/bot.html)"
66.249.65.231 - - [14/Apr/2010:17:00:57 +0200] "GET /content/kalender/jax_calendar.php?Y=-1590&m=6&d=7&cal_id=0&language=german&gmt_ofs=-1&view=d1 HTTP/1.1" 404 345 "-" "Mozilla/5.0 (compatible; Googlebot/2.1; +http://www.google.com/bot.html)"
66.249.65.231 - - [14/Apr/2010:17:00:58 +0200] "GET /content/kalender/jax_calendar.php?Y=-1591&m=9&d=7&cal_id=0&language=german&gmt_ofs=-1&view=d1 HTTP/1.1" 404 345 "-" "Mozilla/5.0 (compatible; Googlebot/2.1; +http://www.google.com/bot.html)"
66.249.65.231 - - [14/Apr/2010:17:00:59 +0200] "GET /content/kalender/jax_calendar.php?Y=12&m=10&d=21&view=d1 HTTP/1.1" 404 345 "-" "Mozilla/5.0 (compatible; Googlebot/2.1; +http://www.google.com/bot.html)"
65.55.207.76 - - [14/Apr/2010:17:02:51 +0200] "GET /robots.txt HTTP/1.1" 404 322 "-" "msnbot/2.0b (+http://search.msn.com/msnbot.htm)"
90.186.254.243 - - [14/Apr/2010:17:04:35 +0200] "GET /content/pusteblume/ HTTP/1.1" 404 331 "http://www.google.de/search?hl=de&rlz=1G1TSEA_DEDE366&q=kita+pusteblume+in+wandlitz&meta=&aq=f&aqi=g1&aql=&oq=&gs_rfai=" "Mozilla/5.0 (Windows; U; Windows NT 6.0; de; rv:1.9.2) Gecko/20100115 YFF35 Firefox/3.6 (.NET CLR 3.5.30729)"
90.186.254.243 - - [14/Apr/2010:17:04:49 +0200] "GET /WebResource.axd?d=DYOE8hILG2ERjvY_24x67w2&t=633716723309300000 HTTP/1.1" 404 327 "http://www.awo-kv-bernau.de/content/pusteblume/" "Mozilla/5.0 (Windows; U; Windows NT 6.0; de; rv:1.9.2) Gecko/20100115 YFF35 Firefox/3.6 (.NET CLR 3.5.30729)"
90.186.254.243 - - [14/Apr/2010:17:04:52 +0200] "GET /WebResource.axd?d=OXNAeGkQoil2nxmyEZSU8A2&t=633716723309300000 HTTP/1.1" 404 327 "http://www.awo-kv-bernau.de/content/pusteblume/" "Mozilla/5.0 (Windows; U; Windows NT 6.0; de; rv:1.9.2) Gecko/20100115 YFF35 Firefox/3.6 (.NET CLR 3.5.30729)"
87.187.153.152 - - [14/Apr/2010:17:21:16 +0200] "GET / HTTP/1.1" 200 1229 "-" "Mozilla/4.0 (compatible; MSIE 7.0; Windows NT 5.1; .NET CLR 1.1.4322)"
93.131.97.195 - - [14/Apr/2010:17:22:43 +0200] "GET /content/betreute-wohngruppe/ HTTP/1.1" 404 345 "http://www.google.de/search?hl=de&source=hp&q=betreute+wohngruppe+dreib%C3%A4umen&btnG=Google-Suche&meta=&aq=f&aqi=&aql=&oq=&gs_rfai=" "Mozilla/5.0 (Macintosh; U; Intel Mac OS X 10_6_3; de-de) AppleWebKit/531.22.7 (KHTML, like Gecko) Version/4.0.5 Safari/531.22.7"
93.131.97.195 - - [14/Apr/2010:17:22:44 +0200] "GET /favicon.ico HTTP/1.1" 404 328 "http://www.sozialedienste-awo.de/content/betreute-wohngruppe/" "Mozilla/5.0 (Macintosh; U; Intel Mac OS X 10_6_3; de-de) AppleWebKit/531.22.7 (KHTML, like Gecko) Version/4.0.5 Safari/531.22.7"
87.187.153.152 - - [14/Apr/2010:17:24:07 +0200] "GET / HTTP/1.1" 304 - "-" "Mozilla/4.0 (compatible; MSIE 7.0; Windows NT 5.1; .NET CLR 1.1.4322)"
87.187.153.152 - - [14/Apr/2010:17:26:33 +0200] "GET / HTTP/1.1" 200 1229 "-" "Mozilla/4.0 (compatible; MSIE 7.0; Windows NT 5.1; .NET CLR 1.1.4322)"
87.187.153.152 - - [14/Apr/2010:17:26:33 +0200] "GET /favicon.ico HTTP/1.1" 404 328 "-" "Mozilla/4.0 (compatible; MSIE 7.0; Windows NT 5.1; .NET CLR 1.1.4322)"
66.249.65.231 - - [14/Apr/2010:17:32:59 +0200] "GET /content/kalender/jax_calendar.php?Y=2015&m=2&d=1&cal_id=0&language=german&gmt_ofs=-1&view=d1&view=d1 HTTP/1.1" 404 345 "-" "Mozilla/5.0 (compatible; Googlebot/2.1; +http://www.google.com/bot.html)"
66.249.65.231 - - [14/Apr/2010:17:35:55 +0200] "GET /content/kalender/jax_calendar.php?Y=-1593&m=11&d=7&cal_id=0&language=german&gmt_ofs=-1&view=d1 HTTP/1.1" 404 345 "-" "Mozilla/5.0 (compatible; Googlebot/2.1; +http://www.google.com/bot.html)"
66.249.65.231 - - [14/Apr/2010:17:38:38 +0200] "GET /content/kalender/jax_calendar.php?Y=-1595&m=9&d=7&cal_id=0&language=german&gmt_ofs=-1&view=d1 HTTP/1.1" 404 345 "-" "Mozilla/5.0 (compatible; Googlebot/2.1; +http://www.google.com/bot.html)"
87.187.233.125 - - [14/Apr/2010:17:41:14 +0200] "GET / HTTP/1.1" 200 1229 "http://www.google.de/search?client=firefox-a&rls=org.mozilla%3Ade%3Aofficial&channel=s&hl=de&source=hp&q=familienberatung+bernau&meta=&btnG=Google-Suche" "Mozilla/5.0 (Windows; U; Windows NT 5.1; de; rv:1.9.0.19) Gecko/2010031422 Firefox/3.0.19 (.NET CLR 3.5.30729)"
87.187.233.125 - - [14/Apr/2010:17:41:14 +0200] "GET /favicon.ico HTTP/1.1" 404 323 "-" "Mozilla/5.0 (Windows; U; Windows NT 5.1; de; rv:1.9.0.19) Gecko/2010031422 Firefox/3.0.19 (.NET CLR 3.5.30729)"
87.187.233.125 - - [14/Apr/2010:17:41:17 +0200] "GET /favicon.ico HTTP/1.1" 404 323 "-" "Mozilla/5.0 (Windows; U; Windows NT 5.1; de; rv:1.9.0.19) Gecko/2010031422 Firefox/3.0.19 (.NET CLR 3.5.30729)"
87.187.233.125 - - [14/Apr/2010:17:41:21 +0200] "GET /content/erziehungs-und-familienberatung/ HTTP/1.1" 404 352 "http://www.google.de/search?client=firefox-a&rls=org.mozilla%3Ade%3Aofficial&channel=s&hl=de&source=hp&q=familienberatung+bernau&meta=&btnG=Google-Suche" "Mozilla/5.0 (Windows; U; Windows NT 5.1; de; rv:1.9.0.19) Gecko/2010031422 Firefox/3.0.19 (.NET CLR 3.5.30729)"
66.249.65.231 - - [14/Apr/2010:17:41:50 +0200] "GET /content/kalender/jax_calendar.php?Y=-1596&m=9&d=7&cal_id=0&language=german&gmt_ofs=-1&view=d1 HTTP/1.1" 404 345 "-" "Mozilla/5.0 (compatible; Googlebot/2.1; +http://www.google.com/bot.html)"
87.187.233.125 - - [14/Apr/2010:17:41:51 +0200] "GET /content/eltern-kind-zentrum-bernau-sued/ HTTP/1.1" 404 352 "http://www.google.de/search?hl=de&client=firefox-a&hs=HJ5&rls=org.mozilla%3Ade%3Aofficial&channel=s&q=awo+bernau&meta=&aq=f&aqi=g2&aql=&oq=&gs_rfai=" "Mozilla/5.0 (Windows; U; Windows NT 5.1; de; rv:1.9.0.19) Gecko/2010031422 Firefox/3.0.19 (.NET CLR 3.5.30729)"
87.187.233.125 - - [14/Apr/2010:17:41:58 +0200] "GET / HTTP/1.1" 200 1229 "http://www.google.de/search?hl=de&client=firefox-a&hs=HJ5&rls=org.mozilla%3Ade%3Aofficial&channel=s&q=awo+bernau&meta=&aq=f&aqi=g2&aql=&oq=&gs_rfai=" "Mozilla/5.0 (Windows; U; Windows NT 5.1; de; rv:1.9.0.19) Gecko/2010031422 Firefox/3.0.19 (.NET CLR 3.5.30729)"
87.187.233.125 - - [14/Apr/2010:17:41:58 +0200] "GET /favicon.ico HTTP/1.1" 404 328 "-" "Mozilla/5.0 (Windows; U; Windows NT 5.1; de; rv:1.9.0.19) Gecko/2010031422 Firefox/3.0.19 (.NET CLR 3.5.30729)"
87.187.233.125 - - [14/Apr/2010:17:42:01 +0200] "GET /favicon.ico HTTP/1.1" 404 328 "-" "Mozilla/5.0 (Windows; U; Windows NT 5.1; de; rv:1.9.0.19) Gecko/2010031422 Firefox/3.0.19 (.NET CLR 3.5.30729)"
66.249.65.231 - - [14/Apr/2010:17:44:42 +0200] "GET /content/kalender/jax_calendar.php?Y=-31&m=9&d=37&view=d1 HTTP/1.1" 404 345 "-" "Mozilla/5.0 (compatible; Googlebot/2.1; +http://www.google.com/bot.html)"
66.249.65.231 - - [14/Apr/2010:17:47:44 +0200] "GET /content/kalender/jax_calendar.php?Y=9&m=9&d=5&view=d1 HTTP/1.1" 404 345 "-" "Mozilla/5.0 (compatible; Googlebot/2.1; +http://www.google.com/bot.html)"
65.55.216.11 - - [14/Apr/2010:17:48:18 +0200] "GET /robots.txt HTTP/1.1" 404 327 "-" "msnbot/2.0b (+http://search.msn.com/msnbot.htm)"
66.249.65.231 - - [14/Apr/2010:17:50:47 +0200] "GET /content/kalender/jax_calendar.php?Y=-1588&m=9&d=12&view=d1 HTTP/1.1" 404 345 "-" "Mozilla/5.0 (compatible; Googlebot/2.1; +http://www.google.com/bot.html)"
207.46.13.135 - - [14/Apr/2010:17:51:33 +0200] "GET /content/kalender/jax_calendar.php?Y=2010&m=2&d=22&do=show_event&key=d090302e59394bd4b8308f517ed951b6&cal_id=0&language=german&gmt_ofs=-1&view=d30&evt_date=%3Cb%3E25.02.2010%3C%2Fb%3E+18%3A00&evt_title=Veranstaltung+der+Kreisverkehrswacht HTTP/1.1" 404 345 "-" "msnbot/2.0b (+http://search.msn.com/msnbot.htm)"
67.195.111.229 - - [14/Apr/2010:17:56:03 +0200] "GET /content/kooperationspartner/ HTTP/1.0" 404 340 "-" "Mozilla/5.0 (compatible; Yahoo! Slurp/3.0; http://help.yahoo.com/help/us/ysearch/slurp)"
88.78.166.50 - - [14/Apr/2010:17:56:51 +0200] "GET /content/wohnstaette-fuer-psychisch-kranke/ HTTP/1.1" 404 359 "http://www.google.de/search?hl=de&client=firefox-a&rls=org.mozilla%3Ade%3Aofficial&channel=s&q=einrichtung+f%C3%BCr+behinderte+menschen+in+eberswalde&btnG=Suche&meta=&aq=f&aqi=&aql=&oq=&gs_rfai=" "Mozilla/5.0 (Windows; U; Windows NT 6.0; de; rv:1.9.0.13) Gecko/2009073022 Firefox/3.0.13 (.NET CLR 3.5.30729)"
88.78.166.50 - - [14/Apr/2010:17:56:51 +0200] "GET /favicon.ico HTTP/1.1" 404 328 "-" "Mozilla/5.0 (Windows; U; Windows NT 6.0; de; rv:1.9.0.13) Gecko/2009073022 Firefox/3.0.13 (.NET CLR 3.5.30729)"
66.249.65.231 - - [14/Apr/2010:17:56:52 +0200] "GET /content/kalender/jax_calendar.php?Y=-1593&m=6&d=7&cal_id=0&language=german&gmt_ofs=-1&view=d1 HTTP/1.1" 404 345 "-" "Mozilla/5.0 (compatible; Googlebot/2.1; +http://www.google.com/bot.html)"
66.249.65.231 - - [14/Apr/2010:17:56:53 +0200] "GET /content/assets/Ortsvereine/OV-Bernau/ovb4.jpg HTTP/1.1" 404 357 "-" "Googlebot-Image/1.0"
88.78.166.50 - - [14/Apr/2010:17:56:54 +0200] "GET /favicon.ico HTTP/1.1" 404 328 "-" "Mozilla/5.0 (Windows; U; Windows NT 6.0; de; rv:1.9.0.13) Gecko/2009073022 Firefox/3.0.13 (.NET CLR 3.5.30729)"
87.187.153.152 - - [14/Apr/2010:17:59:49 +0200] "GET / HTTP/1.1" 304 - "-" "Mozilla/4.0 (compatible; MSIE 7.0; Windows NT 5.1; .NET CLR 1.1.4322)"
66.249.65.231 - - [14/Apr/2010:17:59:54 +0200] "GET /content/kalender/jax_calendar.php?Y=15&m=11&d=12&view=d1 HTTP/1.1" 404 345 "-" "Mozilla/5.0 (compatible; Googlebot/2.1; +http://www.google.com/bot.html)"
66.249.65.231 - - [14/Apr/2010:18:01:53 +0200] "GET /content/kalender/jax_calendar.php?Y=2014&m=1&d=1&cal_id=0&language=german&gmt_ofs=-1&view=d1&view=d1 HTTP/1.1" 404 345 "-" "Mozilla/5.0 (compatible; Googlebot/2.1; +http://www.google.com/bot.html)"
66.249.65.231 - - [14/Apr/2010:18:01:53 +0200] "GET /content/kalender/jax_calendar.php?Y=-1592&m=9&d=7&cal_id=0&language=german&gmt_ofs=-1&view=d1 HTTP/1.1" 404 345 "-" "Mozilla/5.0 (compatible; Googlebot/2.1; +http://www.google.com/bot.html)"
66.249.65.231 - - [14/Apr/2010:18:01:55 +0200] "GET /content/kalender/jax_calendar.php?Y=15&m=6&d=14&view=d1 HTTP/1.1" 404 345 "-" "Mozilla/5.0 (compatible; Googlebot/2.1; +http://www.google.com/bot.html)"
66.249.65.231 - - [14/Apr/2010:18:01:55 +0200] "GET /content/kalender/jax_calendar.php?Y=-1588&m=6&d=37&view=d1 HTTP/1.1" 404 345 "-" "Mozilla/5.0 (compatible; Googlebot/2.1; +http://www.google.com/bot.html)"
66.249.65.231 - - [14/Apr/2010:18:01:56 +0200] "GET /content/kalender/jax_calendar.php?Y=20&m=3&d=5&view=d1 HTTP/1.1" 404 345 "-" "Mozilla/5.0 (compatible; Googlebot/2.1; +http://www.google.com/bot.html)"
66.249.65.231 - - [14/Apr/2010:18:01:57 +0200] "GET /content/kalender/jax_calendar.php?Y=15&m=2&d=17&view=d1 HTTP/1.1" 404 345 "-" "Mozilla/5.0 (compatible; Googlebot/2.1; +http://www.google.com/bot.html)"
66.249.65.231 - - [14/Apr/2010:18:01:58 +0200] "GET /content/kalender/jax_calendar.php?Y=237&m=5&d=6&cal_id=0&language=german&gmt_ofs=-1&view=d1 HTTP/1.1" 404 345 "-" "Mozilla/5.0 (compatible; Googlebot/2.1; +http://www.google.com/bot.html)"
66.249.65.231 - - [14/Apr/2010:18:01:58 +0200] "GET /content/kalender/jax_calendar.php?Y=-1589&m=8&d=7&cal_id=0&language=german&gmt_ofs=-1&view=d1 HTTP/1.1" 404 345 "-" "Mozilla/5.0 (compatible; Googlebot/2.1; +http://www.google.com/bot.html)"
66.249.65.231 - - [14/Apr/2010:18:01:59 +0200] "GET /content/kalender/jax_calendar.php?Y=71&m=4&d=16&view=d1 HTTP/1.1" 404 345 "-" "Mozilla/5.0 (compatible; Googlebot/2.1; +http://www.google.com/bot.html)"
207.46.199.179 - - [14/Apr/2010:18:05:54 +0200] "GET /robots.txt HTTP/1.1" 404 322 "-" "msnbot/2.0b (+http://search.msn.com/msnbot.htm)"
87.187.153.152 - - [14/Apr/2010:18:22:28 +0200] "GET / HTTP/1.1" 304 - "-" "Mozilla/4.0 (compatible; MSIE 7.0; Windows NT 5.1; .NET CLR 1.1.4322)"
207.46.204.183 - - [14/Apr/2010:18:27:32 +0200] "GET /content/kinderland/ HTTP/1.1" 404 331 "-" "msnbot/2.0b (+http://search.msn.com/msnbot.htm)"
66.249.65.231 - - [14/Apr/2010:18:29:14 +0200] "GET /content/kalender/jax_calendar.php?Y=2012&m=4&d=9&cal_id=0&language=german&gmt_ofs=-1&view=d30&view=d30 HTTP/1.1" 404 345 "-" "Mozilla/5.0 (compatible; Googlebot/2.1; +http://www.google.com/bot.html)"
66.249.65.231 - - [14/Apr/2010:18:29:15 +0200] "GET /content/kalender/jax_calendar.php?Y=-1597&m=3&d=7&cal_id=0&language=german&gmt_ofs=-1&view=d1 HTTP/1.1" 404 345 "-" "Mozilla/5.0 (compatible; Googlebot/2.1; +http://www.google.com/bot.html)"
66.249.65.231 - - [14/Apr/2010:18:29:15 +0200] "GET /content/kalender/jax_calendar.php?Y=-1594&m=7&d=7&cal_id=0&language=german&gmt_ofs=-1&view=d1 HTTP/1.1" 404 345 "-" "Mozilla/5.0 (compatible; Googlebot/2.1; +http://www.google.com/bot.html)"
66.249.65.231 - - [14/Apr/2010:18:29:16 +0200] "GET /content/kalender/jax_calendar.php?Y=-1591&m=8&d=7&cal_id=0&language=german&gmt_ofs=-1&view=d1 HTTP/1.1" 404 345 "-" "Mozilla/5.0 (compatible; Googlebot/2.1; +http://www.google.com/bot.html)"
66.249.65.231 - - [14/Apr/2010:18:29:16 +0200] "GET /content/kalender/jax_calendar.php?Y=-1608&m=12&d=7&cal_id=0&language=german&gmt_ofs=-1&view=d1 HTTP/1.1" 404 345 "-" "Mozilla/5.0 (compatible; Googlebot/2.1; +http://www.google.com/bot.html)"
66.249.65.231 - - [14/Apr/2010:18:29:17 +0200] "GET /content/kalender/jax_calendar.php?Y=-1595&m=6&d=7&cal_id=0&language=german&gmt_ofs=-1&view=d1 HTTP/1.1" 404 345 "-" "Mozilla/5.0 (compatible; Googlebot/2.1; +http://www.google.com/bot.html)"
66.249.65.231 - - [14/Apr/2010:18:29:19 +0200] "GET /content/kalender/jax_calendar.php?Y=-1597&m=7&d=7&cal_id=0&language=german&gmt_ofs=-1&view=d1 HTTP/1.1" 404 345 "-" "Mozilla/5.0 (compatible; Googlebot/2.1; +http://www.google.com/bot.html)"
66.249.65.231 - - [14/Apr/2010:18:29:20 +0200] "GET /content/kalender/jax_calendar.php?Y=-1597&m=9&d=7&cal_id=0&language=german&gmt_ofs=-1&view=d1 HTTP/1.1" 404 345 "-" "Mozilla/5.0 (compatible; Googlebot/2.1; +http://www.google.com/bot.html)"
66.249.65.231 - - [14/Apr/2010:18:29:21 +0200] "GET /content/kalender/jax_calendar.php?Y=-1594&m=6&d=7&cal_id=0&language=german&gmt_ofs=-1&view=d1 HTTP/1.1" 404 345 "-" "Mozilla/5.0 (compatible; Googlebot/2.1; +http://www.google.com/bot.html)"
66.249.65.231 - - [14/Apr/2010:18:29:27 +0200] "GET /content/kalender/jax_calendar.php?Y=3908&m=12&d=4&cal_id=0&language=german&gmt_ofs=-1&view=d1 HTTP/1.1" 404 345 "-" "Mozilla/5.0 (compatible; Googlebot/2.1; +http://www.google.com/bot.html)"
207.46.204.194 - - [14/Apr/2010:18:38:01 +0200] "GET /content/kalender/jax_calendar.php?Y=2010&m=2&d=10&view=d1 HTTP/1.1" 404 345 "-" "msnbot/2.0b (+http://search.msn.com/msnbot.htm)"
87.187.153.152 - - [14/Apr/2010:18:51:06 +0200] "GET / HTTP/1.1" 200 1229 "-" "Mozilla/4.0 (compatible; MSIE 7.0; Windows NT 5.1; .NET CLR 1.1.4322)"
87.187.153.152 - - [14/Apr/2010:18:51:06 +0200] "GET /favicon.ico HTTP/1.1" 404 328 "-" "Mozilla/4.0 (compatible; MSIE 7.0; Windows NT 5.1; .NET CLR 1.1.4322)"
87.187.233.125 - - [14/Apr/2010:18:52:30 +0200] "GET /content/themes/blackcandy/css/layout.css?m=1247659745 HTTP/1.1" 404 352 "http://webcache.googleusercontent.com/search?q=cache:6zY79dfYEiYJ:www.awo-kv-bernau.de/+familienberatung+bernau&cd=5&hl=de&ct=clnk&gl=de&client=firefox-a" "Mozilla/5.0 (Windows; U; Windows NT 5.1; de; rv:1.9.0.19) Gecko/2010031422 Firefox/3.0.19 (.NET CLR 3.5.30729)"
87.187.233.125 - - [14/Apr/2010:18:52:30 +0200] "GET /content/themes/blackcandy/css/typography.css?m=1258540740 HTTP/1.1" 404 356 "http://webcache.googleusercontent.com/search?q=cache:6zY79dfYEiYJ:www.awo-kv-bernau.de/+familienberatung+bernau&cd=5&hl=de&ct=clnk&gl=de&client=firefox-a" "Mozilla/5.0 (Windows; U; Windows NT 5.1; de; rv:1.9.0.19) Gecko/2010031422 Firefox/3.0.19 (.NET CLR 3.5.30729)"
87.187.233.125 - - [14/Apr/2010:18:52:30 +0200] "GET /content/themes/blackcandy/css/form.css?m=1237405057 HTTP/1.1" 404 350 "http://webcache.googleusercontent.com/search?q=cache:6zY79dfYEiYJ:www.awo-kv-bernau.de/+familienberatung+bernau&cd=5&hl=de&ct=clnk&gl=de&client=firefox-a" "Mozilla/5.0 (Windows; U; Windows NT 5.1; de; rv:1.9.0.19) Gecko/2010031422 Firefox/3.0.19 (.NET CLR 3.5.30729)"
87.187.233.125 - - [14/Apr/2010:18:52:30 +0200] "GET /content/aktuelles/kalender/jax_calendar.php?language=German HTTP/1.1" 404 355 "http://webcache.googleusercontent.com/search?q=cache:6zY79dfYEiYJ:www.awo-kv-bernau.de/+familienberatung+bernau&cd=5&hl=de&ct=clnk&gl=de&client=firefox-a" "Mozilla/5.0 (Windows; U; Windows NT 5.1; de; rv:1.9.0.19) Gecko/2010031422 Firefox/3.0.19 (.NET CLR 3.5.30729)"
87.187.233.125 - - [14/Apr/2010:18:52:33 +0200] "GET /favicon.ico HTTP/1.1" 404 323 "-" "Mozilla/5.0 (Windows; U; Windows NT 5.1; de; rv:1.9.0.19) Gecko/2010031422 Firefox/3.0.19 (.NET CLR 3.5.30729)"
87.187.233.125 - - [14/Apr/2010:18:52:35 +0200] "GET /content/kontakt-und-beratungsstelle/ HTTP/1.1" 404 348 "http://webcache.googleusercontent.com/search?q=cache:6zY79dfYEiYJ:www.awo-kv-bernau.de/+familienberatung+bernau&cd=5&hl=de&ct=clnk&gl=de&client=firefox-a" "Mozilla/5.0 (Windows; U; Windows NT 5.1; de; rv:1.9.0.19) Gecko/2010031422 Firefox/3.0.19 (.NET CLR 3.5.30729)"
87.187.233.125 - - [14/Apr/2010:18:53:13 +0200] "GET /content/awo-treff/ HTTP/1.1" 404 330 "http://webcache.googleusercontent.com/search?q=cache:6zY79dfYEiYJ:www.awo-kv-bernau.de/+familienberatung+bernau&cd=5&hl=de&ct=clnk&gl=de&client=firefox-a" "Mozilla/5.0 (Windows; U; Windows NT 5.1; de; rv:1.9.0.19) Gecko/2010031422 Firefox/3.0.19 (.NET CLR 3.5.30729)"
87.187.233.125 - - [14/Apr/2010:18:53:18 +0200] "GET /content/aktuelles/ HTTP/1.1" 404 330 "http://webcache.googleusercontent.com/search?q=cache:6zY79dfYEiYJ:www.awo-kv-bernau.de/+familienberatung+bernau&cd=5&hl=de&ct=clnk&gl=de&client=firefox-a" "Mozilla/5.0 (Windows; U; Windows NT 5.1; de; rv:1.9.0.19) Gecko/2010031422 Firefox/3.0.19 (.NET CLR 3.5.30729)"
87.187.233.125 - - [14/Apr/2010:18:53:39 +0200] "GET /content/kontakt-impressum/ HTTP/1.1" 404 343 "http://www.google.de/search?hl=de&client=firefox-a&rls=org.mozilla%3Ade%3Aofficial&channel=s&q=kreisverband+awo+bernau&meta=&aq=f&aqi=&aql=&oq=&gs_rfai=" "Mozilla/5.0 (Windows; U; Windows NT 5.1; de; rv:1.9.0.19) Gecko/2010031422 Firefox/3.0.19 (.NET CLR 3.5.30729)"
87.187.233.125 - - [14/Apr/2010:18:53:42 +0200] "GET /favicon.ico HTTP/1.1" 404 328 "-" "Mozilla/5.0 (Windows; U; Windows NT 5.1; de; rv:1.9.0.19) Gecko/2010031422 Firefox/3.0.19 (.NET CLR 3.5.30729)"
207.46.204.192 - - [14/Apr/2010:18:54:00 +0200] "GET /content/kindertagesstaetten/ HTTP/1.1" 404 340 "-" "msnbot/2.0b (+http://search.msn.com/msnbot.htm)"
87.187.153.152 - - [14/Apr/2010:18:56:11 +0200] "GET / HTTP/1.1" 304 - "-" "Mozilla/4.0 (compatible; MSIE 7.0; Windows NT 5.1; .NET CLR 1.1.4322)"
90.186.45.22 - - [14/Apr/2010:18:56:23 +0200] "GET / HTTP/1.1" 200 1229 "http://www.google.de/search?hl=de&source=hp&q=awo+kv+bernau&btnG=Google-Suche&meta=&aq=f&aqi=&aql=&oq=&gs_rfai=" "HTC_HD2_T8585 Opera/9.70 (Windows NT 5.1; U; de)"
90.186.45.22 - - [14/Apr/2010:18:56:24 +0200] "GET /favicon.ico HTTP/1.1" 404 323 "http://www.awo-kv-bernau.de/" "HTC_HD2_T8585 Opera/9.70 (Windows NT 5.1; U; de)"
207.46.199.38 - - [14/Apr/2010:18:56:30 +0200] "GET /content/kalender/jax_calendar.php?Y=2010&m=12&d=20&view=d1 HTTP/1.1" 404 345 "-" "msnbot/2.0b (+http://search.msn.com/msnbot.htm)"
66.249.65.231 - - [14/Apr/2010:18:56:49 +0200] "GET /content/kalender/jax_calendar.php?Y=2009&m=3&d=9&cal_id=0&language=german&gmt_ofs=-1&view=d30&view=d30 HTTP/1.1" 404 345 "-" "Mozilla/5.0 (compatible; Googlebot/2.1; +http://www.google.com/bot.html)"
66.249.65.231 - - [14/Apr/2010:18:56:50 +0200] "GET /content/kalender/jax_calendar.php?Y=9&m=6&d=6&cal_id=0&language=german&gmt_ofs=-1&view=d1 HTTP/1.1" 404 345 "-" "Mozilla/5.0 (compatible; Googlebot/2.1; +http://www.google.com/bot.html)"
66.249.65.231 - - [14/Apr/2010:18:56:51 +0200] "GET /content/kalender/jax_calendar.php?Y=13&m=2&d=10&view=d1 HTTP/1.1" 404 345 "-" "Mozilla/5.0 (compatible; Googlebot/2.1; +http://www.google.com/bot.html)"
66.249.65.231 - - [14/Apr/2010:18:56:51 +0200] "GET /content/kalender/jax_calendar.php?Y=24&m=8&d=8&view=d1 HTTP/1.1" 404 345 "-" "Mozilla/5.0 (compatible; Googlebot/2.1; +http://www.google.com/bot.html)"
66.249.65.231 - - [14/Apr/2010:18:56:52 +0200] "GET /content/kalender/jax_calendar.php?Y=11&m=2&d=14&view=d1 HTTP/1.1" 404 345 "-" "Mozilla/5.0 (compatible; Googlebot/2.1; +http://www.google.com/bot.html)"
66.249.65.231 - - [14/Apr/2010:18:56:53 +0200] "GET /content/kalender/jax_calendar.php?Y=-1591&m=6&d=7&cal_id=0&language=german&gmt_ofs=-1&view=d1 HTTP/1.1" 404 345 "-" "Mozilla/5.0 (compatible; Googlebot/2.1; +http://www.google.com/bot.html)"
66.249.65.231 - - [14/Apr/2010:18:56:54 +0200] "GET /content/kalender/jax_calendar.php?Y=-1595&m=7&d=7&cal_id=0&language=german&gmt_ofs=-1&view=d1 HTTP/1.1" 404 345 "-" "Mozilla/5.0 (compatible; Googlebot/2.1; +http://www.google.com/bot.html)"
66.249.65.231 - - [14/Apr/2010:18:56:55 +0200] "GET /content/kalender/jax_calendar.php?Y=-1456&m=9&d=5&cal_id=0&language=german&gmt_ofs=-1&view=d1 HTTP/1.1" 404 345 "-" "Mozilla/5.0 (compatible; Googlebot/2.1; +http://www.google.com/bot.html)"
66.249.65.231 - - [14/Apr/2010:18:58:50 +0200] "GET /content/kalender/jax_calendar.php?Y=-1589&m=6&d=7&cal_id=0&language=german&gmt_ofs=-1&view=d1 HTTP/1.1" 404 345 "-" "Mozilla/5.0 (compatible; Googlebot/2.1; +http://www.google.com/bot.html)"
87.160.241.125 - - [14/Apr/2010:18:59:17 +0200] "GET / HTTP/1.1" 200 1229 "http://www.google.de/search?q=awo+bernau+bei+berlin&ie=utf-8&oe=utf-8&aq=t&rls=com.yahoo:de:official&client=firefox" "Mozilla/5.0 (Windows; U; Windows NT 6.0; de; rv:1.9.1.8) Gecko/20100202 YFF35 Firefox/3.5.8 (.NET CLR 3.5.30729)"
207.46.199.49 - - [14/Apr/2010:19:05:00 +0200] "GET /content/kalender/jax_calendar.php?Y=2010&m=10&d=6&cal_id=0&language=german&gmt_ofs=-1&view=d30 HTTP/1.1" 404 345 "-" "msnbot/2.0b (+http://search.msn.com/msnbot.htm)"
65.55.106.115 - - [14/Apr/2010:19:08:10 +0200] "GET /robots.txt HTTP/1.1" 404 327 "-" "msnbot/2.0b (+http://search.msn.com/msnbot.htm)"
91.63.187.175 - - [14/Apr/2010:19:08:13 +0200] "GET / HTTP/1.1" 200 1229 "http://www.zukunftstagbrandenburg.de/unt_detail.php?unt_id=211" "Mozilla/5.0 (Windows; U; Windows NT 6.0; de; rv:1.9.2.3) Gecko/20100401 Firefox/3.6.3 (.NET CLR 3.5.30729)"
91.63.187.175 - - [14/Apr/2010:19:08:13 +0200] "GET /favicon.ico HTTP/1.1" 404 328 "-" "Mozilla/5.0 (Windows; U; Windows NT 6.0; de; rv:1.9.2.3) Gecko/20100401 Firefox/3.6.3 (.NET CLR 3.5.30729)"
91.63.187.175 - - [14/Apr/2010:19:08:16 +0200] "GET /favicon.ico HTTP/1.1" 404 328 "-" "Mozilla/5.0 (Windows; U; Windows NT 6.0; de; rv:1.9.2.3) Gecko/20100401 Firefox/3.6.3 (.NET CLR 3.5.30729)"
207.46.204.243 - - [14/Apr/2010:19:11:04 +0200] "GET /content/kalender/jax_calendar.php?Y=2016&m=2&d=22&cal_id=0&language=german&gmt_ofs=-1&view=d30 HTTP/1.1" 404 345 "-" "msnbot/2.0b (+http://search.msn.com/msnbot.htm)"
66.249.65.231 - - [14/Apr/2010:19:26:40 +0200] "GET /content/kalender/jax_calendar.php?Y=2011&m=3&d=9&cal_id=0&language=german&gmt_ofs=-1&view=d30&view=d30 HTTP/1.1" 404 345 "-" "Mozilla/5.0 (compatible; Googlebot/2.1; +http://www.google.com/bot.html)"
66.249.65.231 - - [14/Apr/2010:19:26:41 +0200] "GET /content/kalender/jax_calendar.php?Y=-1590&m=8&d=7&cal_id=0&language=german&gmt_ofs=-1&view=d1 HTTP/1.1" 404 345 "-" "Mozilla/5.0 (compatible; Googlebot/2.1; +http://www.google.com/bot.html)"
66.249.65.231 - - [14/Apr/2010:19:26:42 +0200] "GET /content/kalender/jax_calendar.php?Y=-1598&m=2&d=7&cal_id=0&language=german&gmt_ofs=-1&view=d1 HTTP/1.1" 404 345 "-" "Mozilla/5.0 (compatible; Googlebot/2.1; +http://www.google.com/bot.html)"
66.249.65.231 - - [14/Apr/2010:19:26:43 +0200] "GET /content/kalender/jax_calendar.php?Y=-1586&m=6&d=15&view=d1 HTTP/1.1" 404 345 "-" "Mozilla/5.0 (compatible; Googlebot/2.1; +http://www.google.com/bot.html)"
66.249.65.231 - - [14/Apr/2010:19:26:44 +0200] "GET /content/kalender/jax_calendar.php?Y=-1593&m=7&d=7&cal_id=0&language=german&gmt_ofs=-1&view=d1 HTTP/1.1" 404 345 "-" "Mozilla/5.0 (compatible; Googlebot/2.1; +http://www.google.com/bot.html)"
66.249.65.231 - - [14/Apr/2010:19:26:45 +0200] "GET /content/kalender/jax_calendar.php?Y=-1590&m=1&d=7&cal_id=0&language=german&gmt_ofs=-1&view=d1 HTTP/1.1" 404 345 "-" "Mozilla/5.0 (compatible; Googlebot/2.1; +http://www.google.com/bot.html)"
66.249.65.231 - - [14/Apr/2010:19:26:45 +0200] "GET /content/kalender/jax_calendar.php?Y=-1586&m=8&d=35&view=d1 HTTP/1.1" 404 345 "-" "Mozilla/5.0 (compatible; Googlebot/2.1; +http://www.google.com/bot.html)"
66.249.65.231 - - [14/Apr/2010:19:26:46 +0200] "GET /content/kalender/jax_calendar.php?Y=3908&m=7&d=18&view=d1 HTTP/1.1" 404 345 "-" "Mozilla/5.0 (compatible; Googlebot/2.1; +http://www.google.com/bot.html)"
66.249.65.231 - - [14/Apr/2010:19:28:13 +0200] "GET /content/kalender/jax_calendar.php?Y=3904&m=5&d=9&view=d1 HTTP/1.1" 404 345 "-" "Mozilla/5.0 (compatible; Googlebot/2.1; +http://www.google.com/bot.html)"
88.80.10.1 - - [14/Apr/2010:19:34:31 +0200] "GET http://88.80.10.1/pp/anp.php?a=VUVH_W_EFB%5C%5DG&b=1155&c=5fc2 HTTP/1.1" 404 312 "-" "Mozilla/4.0 (compatible; MSIE 6.0; Windows NT 5.1)"
207.46.204.243 - - [14/Apr/2010:19:35:01 +0200] "GET /content/kalender/jax_calendar.php?Y=2010&m=5&d=22&cal_id=0&language=german&gmt_ofs=-1&view=d30 HTTP/1.1" 404 345 "-" "msnbot/2.0b (+http://search.msn.com/msnbot.htm)"
90.187.42.210 - - [14/Apr/2010:19:40:53 +0200] "GET / HTTP/1.1" 200 1229 "http://www.google.de/url?sa=t&source=web&ct=res&cd=4&ved=0CBoQFDAD&url=http%3A%2F%2Fwww.awo-kv-bernau.de%2F&rct=j&q=seniorenresidenz+bernau+bei+berlin&ei=DP7FS-XrEIeKOKmj_OQM&usg=AFQjCNFY6jRp0cyjK4eLe9CtgjDN1c4Vuw" "Mozilla/4.0 (compatible; MSIE 8.0; Windows NT 6.0; Trident/4.0; GTB6.4; SLCC1; .NET CLR 2.0.50727; Media Center PC 5.0; .NET CLR 3.5.30729; .NET CLR 3.0.30729)"
90.187.42.210 - - [14/Apr/2010:19:40:54 +0200] "GET /favicon.ico HTTP/1.1" 404 323 "-" "Mozilla/4.0 (compatible; MSIE 8.0; Windows NT 6.0; Trident/4.0; GTB6.4; SLCC1; .NET CLR 2.0.50727; Media Center PC 5.0; .NET CLR 3.5.30729; .NET CLR 3.0.30729)"
84.189.237.67 - - [14/Apr/2010:19:43:55 +0200] "GET /favicon.ico HTTP/1.1" 404 323 "-" "Mozilla/5.0 (Macintosh; U; PPC Mac OS X 10.5; de; rv:1.9.1.9) Gecko/20100315 Firefox/3.5.9"
207.46.199.188 - - [14/Apr/2010:19:52:12 +0200] "GET /robots.txt HTTP/1.1" 404 322 "-" "msnbot/2.0b (+http://search.msn.com/msnbot.htm)"
207.46.195.240 - - [14/Apr/2010:19:54:35 +0200] "GET /content/kalender/jax_calendar.php?Y=2010&m=3&d=21&do=show_event&key=0b3de59b299c9d4123306a69fcd61638&cal_id=0&language=german&gmt_ofs=-1&view=d30&evt_date=%3Cb%3E25.03.2010%3C%2Fb%3E+08%3A00&evt_title=Ausflug+Mecklenburg+Vorpommern HTTP/1.1" 404 345 "-" "msnbot/2.0b (+http://search.msn.com/msnbot.htm)"
66.249.65.231 - - [14/Apr/2010:19:57:31 +0200] "GET /content/kalender/jax_calendar.php?Y=2001&m=11&d=8&cal_id=0&language=german&gmt_ofs=-1&view=d1&view=d1 HTTP/1.1" 404 345 "-" "Mozilla/5.0 (compatible; Googlebot/2.1; +http://www.google.com/bot.html)"
66.249.65.231 - - [14/Apr/2010:19:57:32 +0200] "GET /content/kalender/jax_calendar.php?Y=-1598&m=4&d=7&cal_id=0&language=german&gmt_ofs=-1&view=d1 HTTP/1.1" 404 345 "-" "Mozilla/5.0 (compatible; Googlebot/2.1; +http://www.google.com/bot.html)"
66.249.65.231 - - [14/Apr/2010:19:57:33 +0200] "GET /content/kalender/jax_calendar.php?Y=-1589&m=1&d=7&cal_id=0&language=german&gmt_ofs=-1&view=d1 HTTP/1.1" 404 345 "-" "Mozilla/5.0 (compatible; Googlebot/2.1; +http://www.google.com/bot.html)"
66.249.65.231 - - [14/Apr/2010:19:57:33 +0200] "GET /content/kalender/jax_calendar.php?Y=-1596&m=1&d=7&cal_id=0&language=german&gmt_ofs=-1&view=d1 HTTP/1.1" 404 345 "-" "Mozilla/5.0 (compatible; Googlebot/2.1; +http://www.google.com/bot.html)"
66.249.65.231 - - [14/Apr/2010:19:57:34 +0200] "GET /content/kalender/jax_calendar.php?Y=66&m=4&d=9&view=d1 HTTP/1.1" 404 345 "-" "Mozilla/5.0 (compatible; Googlebot/2.1; +http://www.google.com/bot.html)"
66.249.65.231 - - [14/Apr/2010:19:57:34 +0200] "GET /content/kalender/jax_calendar.php?Y=7&m=10&d=1&cal_id=0&language=german&gmt_ofs=-1&view=d1 HTTP/1.1" 404 345 "-" "Mozilla/5.0 (compatible; Googlebot/2.1; +http://www.google.com/bot.html)"
66.249.65.231 - - [14/Apr/2010:19:57:36 +0200] "GET /content/kalender/jax_calendar.php?Y=244&m=2&d=6&cal_id=0&language=german&gmt_ofs=-1&view=d1 HTTP/1.1" 404 345 "-" "Mozilla/5.0 (compatible; Googlebot/2.1; +http://www.google.com/bot.html)"
66.249.65.231 - - [14/Apr/2010:19:57:37 +0200] "GET /content/kalender/jax_calendar.php?Y=-631&m=6&d=3&view=d1 HTTP/1.1" 404 345 "-" "Mozilla/5.0 (compatible; Googlebot/2.1; +http://www.google.com/bot.html)"
66.249.65.231 - - [14/Apr/2010:19:57:38 +0200] "GET /content/kalender/jax_calendar.php?Y=-1597&m=1&d=7&cal_id=0&language=german&gmt_ofs=-1&view=d1 HTTP/1.1" 404 345 "-" "Mozilla/5.0 (compatible; Googlebot/2.1; +http://www.google.com/bot.html)"
207.46.195.235 - - [14/Apr/2010:20:07:30 +0200] "GET /content/awo-treff-aktuelles/ HTTP/1.1" 404 340 "-" "msnbot/2.0b (+http://search.msn.com/msnbot.htm)"
67.195.111.229 - - [14/Apr/2010:20:12:21 +0200] "GET /content/awo-treff/ HTTP/1.0" 404 330 "-" "Mozilla/5.0 (compatible; Yahoo! Slurp/3.0; http://help.yahoo.com/help/us/ysearch/slurp)"
207.46.195.241 - - [14/Apr/2010:20:13:02 +0200] "GET /content/kalender/jax_calendar.php?Y=2010&m=3&d=29&view=d1 HTTP/1.1" 404 345 "-" "msnbot/2.0b (+http://search.msn.com/msnbot.htm)"
65.55.106.232 - - [14/Apr/2010:20:14:06 +0200] "GET /robots.txt HTTP/1.1" 404 322 "-" "msnbot/2.0b (+http://search.msn.com/msnbot.htm)"
87.187.153.152 - - [14/Apr/2010:20:16:33 +0200] "GET / HTTP/1.1" 200 1229 "-" "Mozilla/4.0 (compatible; MSIE 7.0; Windows NT 5.1; .NET CLR 1.1.4322)"
66.249.65.231 - - [14/Apr/2010:20:27:50 +0200] "GET /content/kalender/jax_calendar.php?Y=-1588&m=1&d=31&view=d1 HTTP/1.1" 404 345 "-" "Mozilla/5.0 (compatible; Googlebot/2.1; +http://www.google.com/bot.html)"
88.131.106.30 - - [14/Apr/2010:20:28:44 +0200] "GET /robots.txt HTTP/1.0" 404 322 "-" "Mozilla/5.0 (Windows; U; Windows NT 5.1; en-US) Speedy Spider (http://www.entireweb.com/about/search_tech/speedy_spider/)"
88.131.106.30 - - [14/Apr/2010:20:28:44 +0200] "GET /content/ortsvereine/ HTTP/1.0" 404 332 "-" "Mozilla/5.0 (Windows; U; Windows NT 5.1; en-US) Speedy Spider (http://www.entireweb.com/about/search_tech/speedy_spider/)"
207.46.199.189 - - [14/Apr/2010:20:29:43 +0200] "GET /robots.txt HTTP/1.1" 404 322 "-" "msnbot/2.0b (+http://search.msn.com/msnbot.htm)"
66.249.65.231 - - [14/Apr/2010:20:30:32 +0200] "GET /content/kalender/jax_calendar.php?Y=-1595&m=1&d=7&cal_id=0&language=german&gmt_ofs=-1&view=d1 HTTP/1.1" 404 345 "-" "Mozilla/5.0 (compatible; Googlebot/2.1; +http://www.google.com/bot.html)"
66.249.65.231 - - [14/Apr/2010:20:33:16 +0200] "GET /content/kalender/jax_calendar.php?Y=-1589&m=7&d=7&cal_id=0&language=german&gmt_ofs=-1&view=d1 HTTP/1.1" 404 345 "-" "Mozilla/5.0 (compatible; Googlebot/2.1; +http://www.google.com/bot.html)"
66.249.65.231 - - [14/Apr/2010:20:38:43 +0200] "GET /content/kalender/jax_calendar.php?Y=11&m=6&d=5&cal_id=0&language=german&gmt_ofs=-1&view=d1 HTTP/1.1" 404 345 "-" "Mozilla/5.0 (compatible; Googlebot/2.1; +http://www.google.com/bot.html)"
66.249.65.231 - - [14/Apr/2010:20:41:26 +0200] "GET /content/kalender/jax_calendar.php?Y=-1598&m=1&d=7&cal_id=0&language=german&gmt_ofs=-1&view=d1 HTTP/1.1" 404 345 "-" "Mozilla/5.0 (compatible; Googlebot/2.1; +http://www.google.com/bot.html)"
207.46.13.89 - - [14/Apr/2010:20:44:13 +0200] "GET /content/kalender/jax_calendar.php?Y=2010&m=2&d=6&cal_id=0&language=german&gmt_ofs=-1&view=d30 HTTP/1.1" 404 345 "-" "msnbot/2.0b (+http://search.msn.com/msnbot.htm)"
66.249.65.231 - - [14/Apr/2010:20:46:54 +0200] "GET /content/kalender/jax_calendar.php?Y=-1596&m=6&d=7&cal_id=0&language=german&gmt_ofs=-1&view=d1 HTTP/1.1" 404 345 "-" "Mozilla/5.0 (compatible; Googlebot/2.1; +http://www.google.com/bot.html)"
207.46.13.142 - - [14/Apr/2010:20:48:44 +0200] "GET /content/kalender/jax_calendar.php?Y=2010&m=2&d=22&do=show_event&key=4dce0da12b663b4214d2143c9686cdcf&cal_id=0&language=german&gmt_ofs=-1&view=d30&evt_date=%3Cb%3E08.02.2010%3C%2Fb%3E+17%3A45&evt_title=Probe+des+AWO+Chors HTTP/1.1" 404 345 "-" "msnbot/2.0b (+http://search.msn.com/msnbot.htm)"
66.249.65.231 - - [14/Apr/2010:20:49:46 +0200] "GET /content/kalender/jax_calendar.php?Y=-1592&m=1&d=7&cal_id=0&language=german&gmt_ofs=-1&view=d1 HTTP/1.1" 404 345 "-" "Mozilla/5.0 (compatible; Googlebot/2.1; +http://www.google.com/bot.html)"
87.187.253.178 - - [14/Apr/2010:20:49:59 +0200] "GET /content/wohnstaette-fuer-psychisch-kranke/ HTTP/1.1" 404 359 "http://www.google.de/search?q=rainer+schulz+bernau&ie=utf-8&oe=utf-8&aq=t&rls=org.mozilla:de:official&client=firefox-a" "Mozilla/5.0 (Windows; U; Windows NT 6.0; de; rv:1.9.2.3) Gecko/20100401 Firefox/3.6.3 (.NET CLR 3.5.30729)"
87.187.253.178 - - [14/Apr/2010:20:49:59 +0200] "GET /favicon.ico HTTP/1.1" 404 328 "-" "Mozilla/5.0 (Windows; U; Windows NT 6.0; de; rv:1.9.2.3) Gecko/20100401 Firefox/3.6.3 (.NET CLR 3.5.30729)"
87.187.253.178 - - [14/Apr/2010:20:50:02 +0200] "GET /favicon.ico HTTP/1.1" 404 328 "-" "Mozilla/5.0 (Windows; U; Windows NT 6.0; de; rv:1.9.2.3) Gecko/20100401 Firefox/3.6.3 (.NET CLR 3.5.30729)"
88.80.10.1 - - [14/Apr/2010:20:51:15 +0200] "GET http://88.80.10.1/pp/anp.php?a=VUVH_W_EFB%5C%5CF&b=1155&c=b67f HTTP/1.1" 404 312 "-" "Mozilla/4.0 (compatible; MSIE 6.0; Windows NT 5.1)"
66.249.65.231 - - [14/Apr/2010:20:55:04 +0200] "GET /content/kalender/jax_calendar.php?Y=-1591&m=1&d=7&cal_id=0&language=german&gmt_ofs=-1&view=d1 HTTP/1.1" 404 345 "-" "Mozilla/5.0 (compatible; Googlebot/2.1; +http://www.google.com/bot.html)"
82.166.163.11 - - [14/Apr/2010:20:57:15 +0200] "GET /content/erziehungs-und-familienberatung/ HTTP/1.1" 404 352 "-" "Mozilla/4.0 (compatible; MSIE 6.0; Windows NT 5.1; SV1; InfoPath.1; .NET CLR 1.1.4322)"
66.249.65.231 - - [14/Apr/2010:20:57:28 +0200] "GET / HTTP/1.1" 200 1229 "-" "Mozilla/5.0 (compatible; Googlebot/2.1; +http://www.google.com/bot.html)"
66.249.65.231 - - [14/Apr/2010:20:57:29 +0200] "GET /content/kalender/jax_calendar.php?Y=-1604&m=12&d=7&cal_id=0&language=german&gmt_ofs=-1&view=d1 HTTP/1.1" 404 345 "-" "Mozilla/5.0 (compatible; Googlebot/2.1; +http://www.google.com/bot.html)"
66.249.65.231 - - [14/Apr/2010:20:57:30 +0200] "GET /content/kalender/jax_calendar.php?Y=-1598&m=6&d=7&cal_id=0&language=german&gmt_ofs=-1&view=d1 HTTP/1.1" 404 345 "-" "Mozilla/5.0 (compatible; Googlebot/2.1; +http://www.google.com/bot.html)"
66.249.65.231 - - [14/Apr/2010:20:57:30 +0200] "GET /content/kalender/jax_calendar.php?Y=-1595&m=8&d=7&cal_id=0&language=german&gmt_ofs=-1&view=d1 HTTP/1.1" 404 345 "-" "Mozilla/5.0 (compatible; Googlebot/2.1; +http://www.google.com/bot.html)"
66.249.65.231 - - [14/Apr/2010:20:57:31 +0200] "GET /content/kalender/jax_calendar.php?Y=-635&m=2&d=14&view=d1 HTTP/1.1" 404 345 "-" "Mozilla/5.0 (compatible; Googlebot/2.1; +http://www.google.com/bot.html)"
91.38.168.141 - - [14/Apr/2010:21:01:57 +0200] "GET /content/rappelkiste/ HTTP/1.1" 404 332 "http://images.google.de/imgres?imgurl=http://www.awo-kv-bernau.de/content/assets/Kitas/Rappelkiste/logo.jpg&imgrefurl=http://www.awo-kv-bernau.de/content/rappelkiste/&usg=__diVO6EhfqQ-aQopxE0h0y_t8AvI=&h=354&w=538&sz=63&hl=de&start=3&um=1&itbs=1&tbnid=9aFosXoBIEXGVM:&tbnh=87&tbnw=132&prev=/images%3Fq%3Dkindergarten%2Blogos%2B(%2522Rappelkiste%2522)%26um%3D1%26hl%3Dde%26tbs%3Disch:1" "Mozilla/5.0 (Windows; U; Windows NT 5.1; de; rv:1.9.1.9) Gecko/20100315 (GMX/1.6.2) Firefox/3.5.9 (.NET CLR 3.5.30729)"
91.38.168.141 - - [14/Apr/2010:21:01:58 +0200] "GET /content/assets/Kitas/Rappelkiste/logo.jpg HTTP/1.1" 404 353 "http://images.google.de/imgres?imgurl=http://www.awo-kv-bernau.de/content/assets/Kitas/Rappelkiste/logo.jpg&imgrefurl=http://www.awo-kv-bernau.de/content/rappelkiste/&usg=__diVO6EhfqQ-aQopxE0h0y_t8AvI=&h=354&w=538&sz=63&hl=de&start=3&um=1&itbs=1&tbnid=9aFosXoBIEXGVM:&tbnh=87&tbnw=132&prev=/images%3Fq%3Dkindergarten%2Blogos%2B(%2522Rappelkiste%2522)%26um%3D1%26hl%3Dde%26tbs%3Disch:1" "Mozilla/5.0 (Windows; U; Windows NT 5.1; de; rv:1.9.1.9) Gecko/20100315 (GMX/1.6.2) Firefox/3.5.9 (.NET CLR 3.5.30729)"
91.38.168.141 - - [14/Apr/2010:21:01:58 +0200] "GET /favicon.ico HTTP/1.1" 404 323 "-" "Mozilla/5.0 (Windows; U; Windows NT 5.1; de; rv:1.9.1.9) Gecko/20100315 (GMX/1.6.2) Firefox/3.5.9 (.NET CLR 3.5.30729)"
66.249.65.231 - - [14/Apr/2010:21:02:07 +0200] "GET /content/kalender/jax_calendar.php?Y=-1597&m=11&d=7&cal_id=0&language=german&gmt_ofs=-1&view=d1 HTTP/1.1" 404 345 "-" "Mozilla/5.0 (compatible; Googlebot/2.1; +http://www.google.com/bot.html)"
91.38.168.141 - - [14/Apr/2010:21:03:53 +0200] "GET /content/rappelkiste/ HTTP/1.1" 404 332 "http://images.google.de/imgres?imgurl=http://www.awo-kv-bernau.de/content/assets/Kitas/Rappelkiste/logo.jpg&imgrefurl=http://www.awo-kv-bernau.de/content/rappelkiste/&usg=__diVO6EhfqQ-aQopxE0h0y_t8AvI=&h=354&w=538&sz=63&hl=de&start=3&um=1&itbs=1&tbnid=9aFosXoBIEXGVM:&tbnh=87&tbnw=132&prev=/images%3Fq%3Dkindergarten%2Blogos%2B(%2522Rappelkiste%2522)%26um%3D1%26hl%3Dde%26sa%3DN%26ndsp%3D18%26tbs%3Disch:1" "Mozilla/5.0 (Windows; U; Windows NT 5.1; de; rv:1.9.1.9) Gecko/20100315 (GMX/1.6.2) Firefox/3.5.9 (.NET CLR 3.5.30729)"
91.38.168.141 - - [14/Apr/2010:21:03:53 +0200] "GET /content/assets/Kitas/Rappelkiste/logo.jpg HTTP/1.1" 404 353 "http://images.google.de/imgres?imgurl=http://www.awo-kv-bernau.de/content/assets/Kitas/Rappelkiste/logo.jpg&imgrefurl=http://www.awo-kv-bernau.de/content/rappelkiste/&usg=__diVO6EhfqQ-aQopxE0h0y_t8AvI=&h=354&w=538&sz=63&hl=de&start=3&um=1&itbs=1&tbnid=9aFosXoBIEXGVM:&tbnh=87&tbnw=132&prev=/images%3Fq%3Dkindergarten%2Blogos%2B(%2522Rappelkiste%2522)%26um%3D1%26hl%3Dde%26sa%3DN%26ndsp%3D18%26tbs%3Disch:1" "Mozilla/5.0 (Windows; U; Windows NT 5.1; de; rv:1.9.1.9) Gecko/20100315 (GMX/1.6.2) Firefox/3.5.9 (.NET CLR 3.5.30729)"
91.38.168.141 - - [14/Apr/2010:21:03:54 +0200] "GET /favicon.ico HTTP/1.1" 404 323 "-" "Mozilla/5.0 (Windows; U; Windows NT 5.1; de; rv:1.9.1.9) Gecko/20100315 (GMX/1.6.2) Firefox/3.5.9 (.NET CLR 3.5.30729)"
77.184.127.129 - - [14/Apr/2010:21:04:05 +0200] "GET /content/kinderland/ HTTP/1.1" 404 331 "http://www.google.de/search?q=kita+kinderland+eberswalde&rls=com.microsoft:de:IE-Address&ie=UTF-8&oe=UTF-8&sourceid=ie7&rlz=1I7SUNA&redir_esc=&ei=nRHGS5K2I96kOKDChKQP" "Mozilla/4.0 (compatible; MSIE 7.0; Windows NT 5.1; snprtz|S24149600001522|2600#Service Pack 2#2#5#1; .NET CLR 1.1.4322)"
91.38.168.141 - - [14/Apr/2010:21:05:14 +0200] "GET /content/rappelkiste/ HTTP/1.1" 404 332 "http://images.google.de/imgres?imgurl=http://www.awo-kv-bernau.de/content/assets/Kitas/Rappelkiste/logo.jpg&imgrefurl=http://www.awo-kv-bernau.de/content/rappelkiste/&usg=__diVO6EhfqQ-aQopxE0h0y_t8AvI=&h=354&w=538&sz=63&hl=de&start=16&um=1&itbs=1&tbnid=9aFosXoBIEXGVM:&tbnh=87&tbnw=132&prev=/images%3Fq%3Dkita%2B%2B(%2522Rappelkiste%2522)%26um%3D1%26hl%3Dde%26tbs%3Disch:1" "Mozilla/5.0 (Windows; U; Windows NT 5.1; de; rv:1.9.1.9) Gecko/20100315 (GMX/1.6.2) Firefox/3.5.9 (.NET CLR 3.5.30729)"
91.38.168.141 - - [14/Apr/2010:21:05:15 +0200] "GET /content/assets/Kitas/Rappelkiste/logo.jpg HTTP/1.1" 404 353 "http://images.google.de/imgres?imgurl=http://www.awo-kv-bernau.de/content/assets/Kitas/Rappelkiste/logo.jpg&imgrefurl=http://www.awo-kv-bernau.de/content/rappelkiste/&usg=__diVO6EhfqQ-aQopxE0h0y_t8AvI=&h=354&w=538&sz=63&hl=de&start=16&um=1&itbs=1&tbnid=9aFosXoBIEXGVM:&tbnh=87&tbnw=132&prev=/images%3Fq%3Dkita%2B%2B(%2522Rappelkiste%2522)%26um%3D1%26hl%3Dde%26tbs%3Disch:1" "Mozilla/5.0 (Windows; U; Windows NT 5.1; de; rv:1.9.1.9) Gecko/20100315 (GMX/1.6.2) Firefox/3.5.9 (.NET CLR 3.5.30729)"
91.38.168.141 - - [14/Apr/2010:21:05:15 +0200] "GET /favicon.ico HTTP/1.1" 404 323 "-" "Mozilla/5.0 (Windows; U; Windows NT 5.1; de; rv:1.9.1.9) Gecko/20100315 (GMX/1.6.2) Firefox/3.5.9 (.NET CLR 3.5.30729)"
91.38.168.141 - - [14/Apr/2010:21:05:16 +0200] "GET /content/rappelkiste/ HTTP/1.1" 404 332 "http://images.google.de/imgres?imgurl=http://www.awo-kv-bernau.de/content/assets/Kitas/Rappelkiste/logo.jpg&imgrefurl=http://www.awo-kv-bernau.de/content/rappelkiste/&usg=__diVO6EhfqQ-aQopxE0h0y_t8AvI=&h=354&w=538&sz=63&hl=de&start=16&um=1&itbs=1&tbnid=9aFosXoBIEXGVM:&tbnh=87&tbnw=132&prev=/images%3Fq%3Dkita%2B%2B(%2522Rappelkiste%2522)%26um%3D1%26hl%3Dde%26tbs%3Disch:1" "Mozilla/5.0 (Windows; U; Windows NT 5.1; de; rv:1.9.1.9) Gecko/20100315 (GMX/1.6.2) Firefox/3.5.9 (.NET CLR 3.5.30729)"
66.249.65.231 - - [14/Apr/2010:21:05:26 +0200] "GET /content/kalender/jax_calendar.php?language=German HTTP/1.1" 404 345 "-" "Mozilla/5.0 (compatible; Googlebot/2.1; +http://www.google.com/bot.html)"
66.249.65.231 - - [14/Apr/2010:21:07:11 +0200] "GET /content/kalender/jax_calendar.php?Y=24&m=2&d=27&view=d1 HTTP/1.1" 404 345 "-" "Mozilla/5.0 (compatible; Googlebot/2.1; +http://www.google.com/bot.html)"
66.249.65.231 - - [14/Apr/2010:21:12:27 +0200] "GET /content/kalender/jax_calendar.php?Y=14&m=9&d=8&cal_id=0&language=german&gmt_ofs=-1&view=d1 HTTP/1.1" 404 345 "-" "Mozilla/5.0 (compatible; Googlebot/2.1; +http://www.google.com/bot.html)"
66.249.65.231 - - [14/Apr/2010:21:17:41 +0200] "GET /content/kalender/jax_calendar.php?Y=-1588&m=8&d=34&view=d1 HTTP/1.1" 404 345 "-" "Mozilla/5.0 (compatible; Googlebot/2.1; +http://www.google.com/bot.html)"
178.20.95.14 - - [14/Apr/2010:21:19:32 +0200] "GET / HTTP/1.1" 200 1229 "http://www.netmoms.de/lokaleangebote/detail/4022" "Mozilla/5.0 (Windows; U; Windows NT 5.1; de; rv:1.9.2.3) Gecko/20100401 Firefox/3.6.3"
178.20.95.14 - - [14/Apr/2010:21:19:33 +0200] "GET /favicon.ico HTTP/1.1" 404 323 "-" "Mozilla/5.0 (Windows; U; Windows NT 5.1; de; rv:1.9.2.3) Gecko/20100401 Firefox/3.6.3"
178.20.95.14 - - [14/Apr/2010:21:19:36 +0200] "GET /favicon.ico HTTP/1.1" 404 323 "-" "Mozilla/5.0 (Windows; U; Windows NT 5.1; de; rv:1.9.2.3) Gecko/20100401 Firefox/3.6.3"
71.50.128.157 - - [14/Apr/2010:21:24:45 +0200] "GET /robots.txt HTTP/1.1" 404 322 "-" "Mozilla/5.0 (compatible; 008/0.83; http://www.80legs.com/spider.html;) Gecko/2008032620"
71.50.128.157 - - [14/Apr/2010:21:24:46 +0200] "GET / HTTP/1.1" 200 1229 "-" "Mozilla/5.0 (compatible; 008/0.83; http://www.80legs.com/spider.html;) Gecko/2008032620"
66.249.65.231 - - [14/Apr/2010:21:27:28 +0200] "GET /content/kalender/jax_calendar.php?Y=-1601&m=12&d=7&cal_id=0&language=german&gmt_ofs=-1&view=d1 HTTP/1.1" 404 345 "-" "Mozilla/5.0 (compatible; Googlebot/2.1; +http://www.google.com/bot.html)"
66.249.65.231 - - [14/Apr/2010:21:27:28 +0200] "GET /content/kalender/jax_calendar.php?Y=-1596&m=8&d=7&cal_id=0&language=german&gmt_ofs=-1&view=d1 HTTP/1.1" 404 345 "-" "Mozilla/5.0 (compatible; Googlebot/2.1; +http://www.google.com/bot.html)"
66.249.65.231 - - [14/Apr/2010:21:27:29 +0200] "GET /content/kalender/jax_calendar.php?Y=15&m=3&d=29&view=d1 HTTP/1.1" 404 345 "-" "Mozilla/5.0 (compatible; Googlebot/2.1; +http://www.google.com/bot.html)"
66.249.65.231 - - [14/Apr/2010:21:27:30 +0200] "GET /content/kalender/jax_calendar.php?Y=-1594&m=1&d=7&cal_id=0&language=german&gmt_ofs=-1&view=d1 HTTP/1.1" 404 345 "-" "Mozilla/5.0 (compatible; Googlebot/2.1; +http://www.google.com/bot.html)"
66.249.65.231 - - [14/Apr/2010:21:27:30 +0200] "GET /content/kalender/jax_calendar.php?Y=19&m=3&d=2&view=d1 HTTP/1.1" 404 345 "-" "Mozilla/5.0 (compatible; Googlebot/2.1; +http://www.google.com/bot.html)"
66.249.65.231 - - [14/Apr/2010:21:27:31 +0200] "GET /content/kalender/jax_calendar.php?Y=-1596&m=7&d=7&cal_id=0&language=german&gmt_ofs=-1&view=d1 HTTP/1.1" 404 345 "-" "Mozilla/5.0 (compatible; Googlebot/2.1; +http://www.google.com/bot.html)"
66.249.65.231 - - [14/Apr/2010:21:27:32 +0200] "GET /content/kalender/jax_calendar.php?Y=14&m=1&d=4&view=d1 HTTP/1.1" 404 345 "-" "Mozilla/5.0 (compatible; Googlebot/2.1; +http://www.google.com/bot.html)"
