122.183.209.50 - - [14/Apr/2010:02:22:34 +0200] "GET //phpMyAdmin//scripts/setup.php HTTP/1.1" 404 334 "-" "Mozilla/4.0 (compatible; MSIE 6.0; MSIE 5.5; Windows NT 5.1) Opera 7.01 [en]"
122.183.209.50 - - [14/Apr/2010:02:22:49 +0200] "GET //phpmyadmin//scripts/setup.php HTTP/1.1" 404 334 "-" "Mozilla/4.0 (compatible; MSIE 6.0; MSIE 5.5; Windows NT 5.1) Opera 7.01 [en]"
122.183.209.50 - - [14/Apr/2010:02:22:49 +0200] "GET //phpmyadmin//scripts/setup.php HTTP/1.1" 404 334 "-" "Mozilla/4.0 (compatible; MSIE 6.0; MSIE 5.5; Windows NT 5.1) Opera 7.01 [en]"
122.183.209.50 - - [14/Apr/2010:02:22:49 +0200] "GET //phpmyadmin//scripts/setup.php HTTP/1.1" 404 334 "-" "Mozilla/4.0 (compatible; MSIE 6.0; MSIE 5.5; Windows NT 5.1) Opera 7.01 [en]"
122.183.209.50 - - [14/Apr/2010:02:22:50 +0200] "GET //phpmyadmin//scripts/setup.php HTTP/1.1" 404 334 "-" "Mozilla/4.0 (compatible; MSIE 6.0; MSIE 5.5; Windows NT 5.1) Opera 7.01 [en]"
122.183.209.50 - - [14/Apr/2010:02:22:50 +0200] "GET //phpmyadmin//scripts/setup.php HTTP/1.1" 404 334 "-" "Mozilla/4.0 (compatible; MSIE 6.0; MSIE 5.5; Windows NT 5.1) Opera 7.01 [en]"
122.183.209.50 - - [14/Apr/2010:02:22:50 +0200] "GET //phpmyadmin//scripts/setup.php HTTP/1.1" 404 334 "-" "Mozilla/4.0 (compatible; MSIE 6.0; MSIE 5.5; Windows NT 5.1) Opera 7.01 [en]"
122.183.209.50 - - [14/Apr/2010:02:22:50 +0200] "GET //phpmyadmin//scripts/setup.php HTTP/1.1" 404 334 "-" "Mozilla/4.0 (compatible; MSIE 6.0; MSIE 5.5; Windows NT 5.1) Opera 7.01 [en]"
122.183.209.50 - - [14/Apr/2010:02:22:55 +0200] "GET //pma//scripts/setup.php HTTP/1.1" 404 327 "-" "Mozilla/4.0 (compatible; MSIE 6.0; MSIE 5.5; Windows NT 5.1) Opera 7.01 [en]"
122.183.209.50 - - [14/Apr/2010:02:22:55 +0200] "GET //pma//scripts/setup.php HTTP/1.1" 404 327 "-" "Mozilla/4.0 (compatible; MSIE 6.0; MSIE 5.5; Windows NT 5.1) Opera 7.01 [en]"
122.183.209.50 - - [14/Apr/2010:02:22:55 +0200] "GET //pma//scripts/setup.php HTTP/1.1" 404 327 "-" "Mozilla/4.0 (compatible; MSIE 6.0; MSIE 5.5; Windows NT 5.1) Opera 7.01 [en]"
122.183.209.50 - - [14/Apr/2010:02:22:55 +0200] "GET //pma//scripts/setup.php HTTP/1.1" 404 327 "-" "Mozilla/4.0 (compatible; MSIE 6.0; MSIE 5.5; Windows NT 5.1) Opera 7.01 [en]"
122.183.209.50 - - [14/Apr/2010:02:22:55 +0200] "GET //pma//scripts/setup.php HTTP/1.1" 404 327 "-" "Mozilla/4.0 (compatible; MSIE 6.0; MSIE 5.5; Windows NT 5.1) Opera 7.01 [en]"
122.183.209.50 - - [14/Apr/2010:02:22:55 +0200] "GET //pma//scripts/setup.php HTTP/1.1" 404 327 "-" "Mozilla/4.0 (compatible; MSIE 6.0; MSIE 5.5; Windows NT 5.1) Opera 7.01 [en]"
122.183.209.50 - - [14/Apr/2010:02:22:58 +0200] "GET //pma//scripts/setup.php HTTP/1.1" 404 327 "-" "Mozilla/4.0 (compatible; MSIE 6.0; MSIE 5.5; Windows NT 5.1) Opera 7.01 [en]"
122.183.209.50 - - [14/Apr/2010:02:23:14 +0200] "GET //mysql//scripts/setup.php HTTP/1.1" 404 329 "-" "Mozilla/4.0 (compatible; MSIE 6.0; MSIE 5.5; Windows NT 5.1) Opera 7.01 [en]"
122.183.209.50 - - [14/Apr/2010:02:23:14 +0200] "GET //mysql//scripts/setup.php HTTP/1.1" 404 329 "-" "Mozilla/4.0 (compatible; MSIE 6.0; MSIE 5.5; Windows NT 5.1) Opera 7.01 [en]"
122.183.209.50 - - [14/Apr/2010:02:23:14 +0200] "GET //mysql//scripts/setup.php HTTP/1.1" 404 329 "-" "Mozilla/4.0 (compatible; MSIE 6.0; MSIE 5.5; Windows NT 5.1) Opera 7.01 [en]"
122.183.209.50 - - [14/Apr/2010:02:23:15 +0200] "GET //mysql//scripts/setup.php HTTP/1.1" 404 329 "-" "Mozilla/4.0 (compatible; MSIE 6.0; MSIE 5.5; Windows NT 5.1) Opera 7.01 [en]"
122.183.209.50 - - [14/Apr/2010:02:23:15 +0200] "GET //mysql//scripts/setup.php HTTP/1.1" 404 329 "-" "Mozilla/4.0 (compatible; MSIE 6.0; MSIE 5.5; Windows NT 5.1) Opera 7.01 [en]"
122.183.209.50 - - [14/Apr/2010:02:23:17 +0200] "GET //mysql//scripts/setup.php HTTP/1.1" 404 329 "-" "Mozilla/4.0 (compatible; MSIE 6.0; MSIE 5.5; Windows NT 5.1) Opera 7.01 [en]"
122.183.209.50 - - [14/Apr/2010:02:23:18 +0200] "GET //mysql//scripts/setup.php HTTP/1.1" 404 329 "-" "Mozilla/4.0 (compatible; MSIE 6.0; MSIE 5.5; Windows NT 5.1) Opera 7.01 [en]"
122.183.209.50 - - [14/Apr/2010:02:23:34 +0200] "GET //phpadmin//scripts/setup.php HTTP/1.1" 404 332 "-" "Mozilla/4.0 (compatible; MSIE 6.0; MSIE 5.5; Windows NT 5.1) Opera 7.01 [en]"
122.183.209.50 - - [14/Apr/2010:02:23:34 +0200] "GET //phpadmin//scripts/setup.php HTTP/1.1" 404 332 "-" "Mozilla/4.0 (compatible; MSIE 6.0; MSIE 5.5; Windows NT 5.1) Opera 7.01 [en]"
122.183.209.50 - - [14/Apr/2010:02:23:34 +0200] "GET //phpadmin//scripts/setup.php HTTP/1.1" 404 332 "-" "Mozilla/4.0 (compatible; MSIE 6.0; MSIE 5.5; Windows NT 5.1) Opera 7.01 [en]"
122.183.209.50 - - [14/Apr/2010:02:23:34 +0200] "GET //phpadmin//scripts/setup.php HTTP/1.1" 404 332 "-" "Mozilla/4.0 (compatible; MSIE 6.0; MSIE 5.5; Windows NT 5.1) Opera 7.01 [en]"
122.183.209.50 - - [14/Apr/2010:02:23:34 +0200] "GET //phpadmin//scripts/setup.php HTTP/1.1" 404 332 "-" "Mozilla/4.0 (compatible; MSIE 6.0; MSIE 5.5; Windows NT 5.1) Opera 7.01 [en]"
122.183.209.50 - - [14/Apr/2010:02:23:34 +0200] "GET //phpadmin//scripts/setup.php HTTP/1.1" 404 332 "-" "Mozilla/4.0 (compatible; MSIE 6.0; MSIE 5.5; Windows NT 5.1) Opera 7.01 [en]"
122.183.209.50 - - [14/Apr/2010:02:23:37 +0200] "GET //phpadmin//scripts/setup.php HTTP/1.1" 404 332 "-" "Mozilla/4.0 (compatible; MSIE 6.0; MSIE 5.5; Windows NT 5.1) Opera 7.01 [en]"
122.183.209.50 - - [14/Apr/2010:02:23:52 +0200] "GET //phpAdmin//scripts/setup.php HTTP/1.1" 404 332 "-" "Mozilla/4.0 (compatible; MSIE 6.0; MSIE 5.5; Windows NT 5.1) Opera 7.01 [en]"
122.183.209.50 - - [14/Apr/2010:02:23:52 +0200] "GET //phpAdmin//scripts/setup.php HTTP/1.1" 404 332 "-" "Mozilla/4.0 (compatible; MSIE 6.0; MSIE 5.5; Windows NT 5.1) Opera 7.01 [en]"
122.183.209.50 - - [14/Apr/2010:02:23:53 +0200] "GET //phpAdmin//scripts/setup.php HTTP/1.1" 404 332 "-" "Mozilla/4.0 (compatible; MSIE 6.0; MSIE 5.5; Windows NT 5.1) Opera 7.01 [en]"
122.183.209.50 - - [14/Apr/2010:02:23:53 +0200] "GET //phpAdmin//scripts/setup.php HTTP/1.1" 404 332 "-" "Mozilla/4.0 (compatible; MSIE 6.0; MSIE 5.5; Windows NT 5.1) Opera 7.01 [en]"
122.183.209.50 - - [14/Apr/2010:02:23:55 +0200] "GET //phpAdmin//scripts/setup.php HTTP/1.1" 404 332 "-" "Mozilla/4.0 (compatible; MSIE 6.0; MSIE 5.5; Windows NT 5.1) Opera 7.01 [en]"
122.183.209.50 - - [14/Apr/2010:02:23:58 +0200] "GET //phpAdmin//scripts/setup.php HTTP/1.1" 404 332 "-" "Mozilla/4.0 (compatible; MSIE 6.0; MSIE 5.5; Windows NT 5.1) Opera 7.01 [en]"
122.183.209.50 - - [14/Apr/2010:02:23:58 +0200] "GET //phpAdmin//scripts/setup.php HTTP/1.1" 404 332 "-" "Mozilla/4.0 (compatible; MSIE 6.0; MSIE 5.5; Windows NT 5.1) Opera 7.01 [en]"
122.183.209.50 - - [14/Apr/2010:02:24:13 +0200] "GET //myAdmin//scripts/setup.php HTTP/1.1" 404 331 "-" "Mozilla/4.0 (compatible; MSIE 6.0; MSIE 5.5; Windows NT 5.1) Opera 7.01 [en]"
122.183.209.50 - - [14/Apr/2010:02:24:13 +0200] "GET //myAdmin//scripts/setup.php HTTP/1.1" 404 331 "-" "Mozilla/4.0 (compatible; MSIE 6.0; MSIE 5.5; Windows NT 5.1) Opera 7.01 [en]"
122.183.209.50 - - [14/Apr/2010:02:24:13 +0200] "GET //myAdmin//scripts/setup.php HTTP/1.1" 404 331 "-" "Mozilla/4.0 (compatible; MSIE 6.0; MSIE 5.5; Windows NT 5.1) Opera 7.01 [en]"
122.183.209.50 - - [14/Apr/2010:02:24:13 +0200] "GET //myAdmin//scripts/setup.php HTTP/1.1" 404 331 "-" "Mozilla/4.0 (compatible; MSIE 6.0; MSIE 5.5; Windows NT 5.1) Opera 7.01 [en]"
122.183.209.50 - - [14/Apr/2010:02:24:16 +0200] "GET //myAdmin//scripts/setup.php HTTP/1.1" 404 331 "-" "Mozilla/4.0 (compatible; MSIE 6.0; MSIE 5.5; Windows NT 5.1) Opera 7.01 [en]"
122.183.209.50 - - [14/Apr/2010:02:24:18 +0200] "GET //myAdmin//scripts/setup.php HTTP/1.1" 404 331 "-" "Mozilla/4.0 (compatible; MSIE 6.0; MSIE 5.5; Windows NT 5.1) Opera 7.01 [en]"
122.183.209.50 - - [14/Apr/2010:02:24:19 +0200] "GET //myAdmin//scripts/setup.php HTTP/1.1" 404 331 "-" "Mozilla/4.0 (compatible; MSIE 6.0; MSIE 5.5; Windows NT 5.1) Opera 7.01 [en]"
66.249.65.230 - - [14/Apr/2010:02:24:24 +0200] "GET /robots.txt HTTP/1.1" 404 322 "-" "Mozilla/5.0 (compatible; Googlebot/2.1; +http://www.google.com/bot.html)"
66.249.65.230 - - [14/Apr/2010:02:24:24 +0200] "GET /content/erziehungs-und-familienberatung/ HTTP/1.1" 404 352 "-" "Mozilla/5.0 (compatible; Googlebot/2.1; +http://www.google.com/bot.html)"
66.249.65.230 - - [14/Apr/2010:02:24:26 +0200] "GET /content/kalender/jax_calendar.php?Y=-1462&m=7&d=5&cal_id=0&language=german&gmt_ofs=-1&view=d1 HTTP/1.1" 404 345 "-" "Mozilla/5.0 (compatible; Googlebot/2.1; +http://www.google.com/bot.html)"
66.249.65.230 - - [14/Apr/2010:02:24:28 +0200] "GET /content/kalender/jax_calendar.php?Y=-1454&m=5&d=5&cal_id=0&language=german&gmt_ofs=-1&view=d1 HTTP/1.1" 404 345 "-" "Mozilla/5.0 (compatible; Googlebot/2.1; +http://www.google.com/bot.html)"
66.249.65.230 - - [14/Apr/2010:02:24:28 +0200] "GET /content/kalender/jax_calendar.php?Y=-1462&m=5&d=5&cal_id=0&language=german&gmt_ofs=-1&view=d1 HTTP/1.1" 404 345 "-" "Mozilla/5.0 (compatible; Googlebot/2.1; +http://www.google.com/bot.html)"
66.249.65.230 - - [14/Apr/2010:02:24:29 +0200] "GET /content/kalender/jax_calendar.php?Y=-1458&m=1&d=5&cal_id=0&language=german&gmt_ofs=-1&view=d1 HTTP/1.1" 404 345 "-" "Mozilla/5.0 (compatible; Googlebot/2.1; +http://www.google.com/bot.html)"
66.249.65.230 - - [14/Apr/2010:02:24:30 +0200] "GET /content/kalender/jax_calendar.php?Y=-1458&m=8&d=5&cal_id=0&language=german&gmt_ofs=-1&view=d1 HTTP/1.1" 404 345 "-" "Mozilla/5.0 (compatible; Googlebot/2.1; +http://www.google.com/bot.html)"
66.249.65.230 - - [14/Apr/2010:02:24:30 +0200] "GET /content/kalender/jax_calendar.php?Y=-1457&m=6&d=5&cal_id=0&language=german&gmt_ofs=-1&view=d1 HTTP/1.1" 404 345 "-" "Mozilla/5.0 (compatible; Googlebot/2.1; +http://www.google.com/bot.html)"
66.249.65.230 - - [14/Apr/2010:02:24:31 +0200] "GET /content/kalender/jax_calendar.php?Y=-633&m=10&d=35&view=d1 HTTP/1.1" 404 345 "-" "Mozilla/5.0 (compatible; Googlebot/2.1; +http://www.google.com/bot.html)"
122.183.209.50 - - [14/Apr/2010:02:24:32 +0200] "GET //MyAdmin//scripts/setup.php HTTP/1.1" 404 331 "-" "Mozilla/4.0 (compatible; MSIE 6.0; MSIE 5.5; Windows NT 5.1) Opera 7.01 [en]"
122.183.209.50 - - [14/Apr/2010:02:24:32 +0200] "GET //MyAdmin//scripts/setup.php HTTP/1.1" 404 331 "-" "Mozilla/4.0 (compatible; MSIE 6.0; MSIE 5.5; Windows NT 5.1) Opera 7.01 [en]"
122.183.209.50 - - [14/Apr/2010:02:24:32 +0200] "GET //MyAdmin//scripts/setup.php HTTP/1.1" 404 331 "-" "Mozilla/4.0 (compatible; MSIE 6.0; MSIE 5.5; Windows NT 5.1) Opera 7.01 [en]"
122.183.209.50 - - [14/Apr/2010:02:24:32 +0200] "GET //MyAdmin//scripts/setup.php HTTP/1.1" 404 331 "-" "Mozilla/4.0 (compatible; MSIE 6.0; MSIE 5.5; Windows NT 5.1) Opera 7.01 [en]"
122.183.209.50 - - [14/Apr/2010:02:24:32 +0200] "GET //MyAdmin//scripts/setup.php HTTP/1.1" 404 331 "-" "Mozilla/4.0 (compatible; MSIE 6.0; MSIE 5.5; Windows NT 5.1) Opera 7.01 [en]"
122.183.209.50 - - [14/Apr/2010:02:24:32 +0200] "GET //MyAdmin//scripts/setup.php HTTP/1.1" 404 331 "-" "Mozilla/4.0 (compatible; MSIE 6.0; MSIE 5.5; Windows NT 5.1) Opera 7.01 [en]"
122.183.209.50 - - [14/Apr/2010:02:24:35 +0200] "GET //MyAdmin//scripts/setup.php HTTP/1.1" 404 331 "-" "Mozilla/4.0 (compatible; MSIE 6.0; MSIE 5.5; Windows NT 5.1) Opera 7.01 [en]"
122.183.209.50 - - [14/Apr/2010:02:24:51 +0200] "GET //myadmin//scripts/setup.php HTTP/1.1" 404 331 "-" "Mozilla/4.0 (compatible; MSIE 6.0; MSIE 5.5; Windows NT 5.1) Opera 7.01 [en]"
122.183.209.50 - - [14/Apr/2010:02:24:51 +0200] "GET //myadmin//scripts/setup.php HTTP/1.1" 404 331 "-" "Mozilla/4.0 (compatible; MSIE 6.0; MSIE 5.5; Windows NT 5.1) Opera 7.01 [en]"
122.183.209.50 - - [14/Apr/2010:02:24:51 +0200] "GET //myadmin//scripts/setup.php HTTP/1.1" 404 331 "-" "Mozilla/4.0 (compatible; MSIE 6.0; MSIE 5.5; Windows NT 5.1) Opera 7.01 [en]"
122.183.209.50 - - [14/Apr/2010:02:24:54 +0200] "GET //myadmin//scripts/setup.php HTTP/1.1" 404 331 "-" "Mozilla/4.0 (compatible; MSIE 6.0; MSIE 5.5; Windows NT 5.1) Opera 7.01 [en]"
122.183.209.50 - - [14/Apr/2010:02:24:54 +0200] "GET //myadmin//scripts/setup.php HTTP/1.1" 404 331 "-" "Mozilla/4.0 (compatible; MSIE 6.0; MSIE 5.5; Windows NT 5.1) Opera 7.01 [en]"
122.183.209.50 - - [14/Apr/2010:02:24:57 +0200] "GET //myadmin//scripts/setup.php HTTP/1.1" 404 331 "-" "Mozilla/4.0 (compatible; MSIE 6.0; MSIE 5.5; Windows NT 5.1) Opera 7.01 [en]"
122.183.209.50 - - [14/Apr/2010:02:24:57 +0200] "GET //myadmin//scripts/setup.php HTTP/1.1" 404 331 "-" "Mozilla/4.0 (compatible; MSIE 6.0; MSIE 5.5; Windows NT 5.1) Opera 7.01 [en]"
122.183.209.50 - - [14/Apr/2010:02:25:10 +0200] "GET //phpmyadmin2//scripts/setup.php HTTP/1.1" 404 335 "-" "Mozilla/4.0 (compatible; MSIE 6.0; MSIE 5.5; Windows NT 5.1) Opera 7.01 [en]"
122.183.209.50 - - [14/Apr/2010:02:25:10 +0200] "GET //phpmyadmin2//scripts/setup.php HTTP/1.1" 404 335 "-" "Mozilla/4.0 (compatible; MSIE 6.0; MSIE 5.5; Windows NT 5.1) Opera 7.01 [en]"
122.183.209.50 - - [14/Apr/2010:02:25:10 +0200] "GET //phpmyadmin2//scripts/setup.php HTTP/1.1" 404 335 "-" "Mozilla/4.0 (compatible; MSIE 6.0; MSIE 5.5; Windows NT 5.1) Opera 7.01 [en]"
122.183.209.50 - - [14/Apr/2010:02:25:10 +0200] "GET //phpmyadmin2//scripts/setup.php HTTP/1.1" 404 335 "-" "Mozilla/4.0 (compatible; MSIE 6.0; MSIE 5.5; Windows NT 5.1) Opera 7.01 [en]"
122.183.209.50 - - [14/Apr/2010:02:25:10 +0200] "GET //phpmyadmin2//scripts/setup.php HTTP/1.1" 404 335 "-" "Mozilla/4.0 (compatible; MSIE 6.0; MSIE 5.5; Windows NT 5.1) Opera 7.01 [en]"
122.183.209.50 - - [14/Apr/2010:02:25:13 +0200] "GET //phpmyadmin2//scripts/setup.php HTTP/1.1" 404 335 "-" "Mozilla/4.0 (compatible; MSIE 6.0; MSIE 5.5; Windows NT 5.1) Opera 7.01 [en]"
122.183.209.50 - - [14/Apr/2010:02:25:13 +0200] "GET //phpmyadmin2//scripts/setup.php HTTP/1.1" 404 335 "-" "Mozilla/4.0 (compatible; MSIE 6.0; MSIE 5.5; Windows NT 5.1) Opera 7.01 [en]"
122.183.209.50 - - [14/Apr/2010:02:25:29 +0200] "GET //phpMyAdmin2//scripts/setup.php HTTP/1.1" 404 335 "-" "Mozilla/4.0 (compatible; MSIE 6.0; MSIE 5.5; Windows NT 5.1) Opera 7.01 [en]"
122.183.209.50 - - [14/Apr/2010:02:25:29 +0200] "GET //phpMyAdmin2//scripts/setup.php HTTP/1.1" 404 335 "-" "Mozilla/4.0 (compatible; MSIE 6.0; MSIE 5.5; Windows NT 5.1) Opera 7.01 [en]"
122.183.209.50 - - [14/Apr/2010:02:25:30 +0200] "GET //phpMyAdmin2//scripts/setup.php HTTP/1.1" 404 335 "-" "Mozilla/4.0 (compatible; MSIE 6.0; MSIE 5.5; Windows NT 5.1) Opera 7.01 [en]"
122.183.209.50 - - [14/Apr/2010:02:25:30 +0200] "GET //phpMyAdmin2//scripts/setup.php HTTP/1.1" 404 335 "-" "Mozilla/4.0 (compatible; MSIE 6.0; MSIE 5.5; Windows NT 5.1) Opera 7.01 [en]"
122.183.209.50 - - [14/Apr/2010:02:25:30 +0200] "GET //phpMyAdmin2//scripts/setup.php HTTP/1.1" 404 335 "-" "Mozilla/4.0 (compatible; MSIE 6.0; MSIE 5.5; Windows NT 5.1) Opera 7.01 [en]"
122.183.209.50 - - [14/Apr/2010:02:25:30 +0200] "GET //phpMyAdmin2//scripts/setup.php HTTP/1.1" 404 335 "-" "Mozilla/4.0 (compatible; MSIE 6.0; MSIE 5.5; Windows NT 5.1) Opera 7.01 [en]"
122.183.209.50 - - [14/Apr/2010:02:25:35 +0200] "GET //phpMyAdmin2//scripts/setup.php HTTP/1.1" 404 335 "-" "Mozilla/4.0 (compatible; MSIE 6.0; MSIE 5.5; Windows NT 5.1) Opera 7.01 [en]"
122.183.209.50 - - [14/Apr/2010:02:25:48 +0200] "GET //mysqladmin//scripts/setup.php HTTP/1.1" 404 334 "-" "Mozilla/4.0 (compatible; MSIE 6.0; MSIE 5.5; Windows NT 5.1) Opera 7.01 [en]"
122.183.209.50 - - [14/Apr/2010:02:25:48 +0200] "GET //mysqladmin//scripts/setup.php HTTP/1.1" 404 334 "-" "Mozilla/4.0 (compatible; MSIE 6.0; MSIE 5.5; Windows NT 5.1) Opera 7.01 [en]"
122.183.209.50 - - [14/Apr/2010:02:25:48 +0200] "GET //mysqladmin//scripts/setup.php HTTP/1.1" 404 334 "-" "Mozilla/4.0 (compatible; MSIE 6.0; MSIE 5.5; Windows NT 5.1) Opera 7.01 [en]"
122.183.209.50 - - [14/Apr/2010:02:25:49 +0200] "GET //mysqladmin//scripts/setup.php HTTP/1.1" 404 334 "-" "Mozilla/4.0 (compatible; MSIE 6.0; MSIE 5.5; Windows NT 5.1) Opera 7.01 [en]"
122.183.209.50 - - [14/Apr/2010:02:25:49 +0200] "GET //mysqladmin//scripts/setup.php HTTP/1.1" 404 334 "-" "Mozilla/4.0 (compatible; MSIE 6.0; MSIE 5.5; Windows NT 5.1) Opera 7.01 [en]"
122.183.209.50 - - [14/Apr/2010:02:25:51 +0200] "GET //mysqladmin//scripts/setup.php HTTP/1.1" 404 334 "-" "Mozilla/4.0 (compatible; MSIE 6.0; MSIE 5.5; Windows NT 5.1) Opera 7.01 [en]"
122.183.209.50 - - [14/Apr/2010:02:25:51 +0200] "GET //mysqladmin//scripts/setup.php HTTP/1.1" 404 334 "-" "Mozilla/4.0 (compatible; MSIE 6.0; MSIE 5.5; Windows NT 5.1) Opera 7.01 [en]"
207.46.13.54 - - [14/Apr/2010:02:29:33 +0200] "GET /content/kalender/jax_calendar.php?Y=2010&m=8&d=13&view=d1 HTTP/1.1" 404 345 "-" "msnbot/2.0b (+http://search.msn.com/msnbot.htm)"
207.46.199.50 - - [14/Apr/2010:02:31:31 +0200] "GET /content/kalender/jax_calendar.php?Y=2013&m=8&d=4&cal_id=0&language=german&gmt_ofs=-1&view=d30 HTTP/1.1" 404 345 "-" "msnbot/2.0b (+http://search.msn.com/msnbot.htm)"
66.249.65.248 - - [14/Apr/2010:02:37:50 +0200] "GET /content/kalender/jax_calendar.php?Y=-1454&m=11&d=5&cal_id=0&language=german&gmt_ofs=-1&view=d1 HTTP/1.1" 404 345 "-" "Mozilla/5.0 (compatible; Googlebot/2.1; +http://www.google.com/bot.html)"
66.249.65.241 - - [14/Apr/2010:02:52:22 +0200] "GET /content/kalender/jax_calendar.php?Y=2011&m=12&d=4&cal_id=0&language=german&gmt_ofs=-1&view=d30 HTTP/1.1" 404 345 "-" "Mozilla/5.0 (compatible; Googlebot/2.1; +http://www.google.com/bot.html)"
66.249.65.241 - - [14/Apr/2010:02:52:23 +0200] "GET /content/kalender/jax_calendar.php?Y=-1459&m=7&d=5&cal_id=0&language=german&gmt_ofs=-1&view=d1 HTTP/1.1" 404 345 "-" "Mozilla/5.0 (compatible; Googlebot/2.1; +http://www.google.com/bot.html)"
66.249.65.241 - - [14/Apr/2010:02:52:25 +0200] "GET /content/kalender/jax_calendar.php?Y=-636&m=5&d=20&view=d1 HTTP/1.1" 404 345 "-" "Mozilla/5.0 (compatible; Googlebot/2.1; +http://www.google.com/bot.html)"
66.249.65.241 - - [14/Apr/2010:02:52:26 +0200] "GET /content/kalender/jax_calendar.php?Y=-1459&m=8&d=5&cal_id=0&language=german&gmt_ofs=-1&view=d1 HTTP/1.1" 404 345 "-" "Mozilla/5.0 (compatible; Googlebot/2.1; +http://www.google.com/bot.html)"
66.249.65.241 - - [14/Apr/2010:02:52:27 +0200] "GET /content/kalender/jax_calendar.php?Y=-1462&m=8&d=5&cal_id=0&language=german&gmt_ofs=-1&view=d1 HTTP/1.1" 404 345 "-" "Mozilla/5.0 (compatible; Googlebot/2.1; +http://www.google.com/bot.html)"
66.249.65.241 - - [14/Apr/2010:02:57:36 +0200] "GET /content/kalender/jax_calendar.php?Y=-1464&m=7&d=5&view=d1 HTTP/1.1" 404 345 "-" "Mozilla/5.0 (compatible; Googlebot/2.1; +http://www.google.com/bot.html)"
66.249.65.241 - - [14/Apr/2010:03:04:06 +0200] "GET /content/kalender/jax_calendar.php?Y=-1462&m=2&d=5&cal_id=0&language=german&gmt_ofs=-1&view=d1 HTTP/1.1" 404 345 "-" "Mozilla/5.0 (compatible; Googlebot/2.1; +http://www.google.com/bot.html)"
207.46.204.177 - - [14/Apr/2010:03:09:21 +0200] "GET /content/kalender/jax_calendar.php?Y=2010&m=3&d=21&do=show_event&key=4785d41117163894773e3d69eddfa120&cal_id=0&language=german&gmt_ofs=-1&view=d30&evt_date=%3Cb%3E09.03.2010%3C%2Fb%3E+18%3A00&evt_title=Lachwerkstatt HTTP/1.0" 404 345 "-" "msnbot/2.0b (+http://search.msn.com/msnbot.htm)"
66.249.65.241 - - [14/Apr/2010:03:10:39 +0200] "GET /content/kalender/jax_calendar.php?Y=-1461&m=1&d=5&cal_id=0&language=german&gmt_ofs=-1&view=d1 HTTP/1.1" 404 345 "-" "Mozilla/5.0 (compatible; Googlebot/2.1; +http://www.google.com/bot.html)"
65.55.106.203 - - [14/Apr/2010:03:10:47 +0200] "GET /robots.txt HTTP/1.1" 404 322 "-" "msnbot/2.0b (+http://search.msn.com/msnbot.htm)"
207.46.199.179 - - [14/Apr/2010:03:15:37 +0200] "GET /robots.txt HTTP/1.1" 404 327 "-" "msnbot/2.0b (+http://search.msn.com/msnbot.htm)"
83.133.125.202 - - [14/Apr/2010:03:16:11 +0200] "GET / HTTP/1.1" 200 1229 "http://www.bigfinder.de/index.php" "Mozilla/4.0 (compatible; MSIE 7.0; Windows NT 5.1; .NET CLR 2.0.50727)"
66.249.65.241 - - [14/Apr/2010:03:16:30 +0200] "GET /content/kalender/jax_calendar.php?Y=-633&m=8&d=29&view=d1 HTTP/1.1" 404 345 "-" "Mozilla/5.0 (compatible; Googlebot/2.1; +http://www.google.com/bot.html)"
66.249.65.241 - - [14/Apr/2010:03:25:11 +0200] "GET /content/kalender/jax_calendar.php?Y=-1458&m=6&d=5&cal_id=0&language=german&gmt_ofs=-1&view=d1 HTTP/1.1" 404 345 "-" "Mozilla/5.0 (compatible; Googlebot/2.1; +http://www.google.com/bot.html)"
66.249.65.241 - - [14/Apr/2010:03:25:12 +0200] "GET /content/kalender/jax_calendar.php?Y=-1456&m=6&d=5&cal_id=0&language=german&gmt_ofs=-1&view=d1 HTTP/1.1" 404 345 "-" "Mozilla/5.0 (compatible; Googlebot/2.1; +http://www.google.com/bot.html)"
66.249.65.241 - - [14/Apr/2010:03:25:13 +0200] "GET /content/kalender/jax_calendar.php?Y=-1462&m=9&d=5&cal_id=0&language=german&gmt_ofs=-1&view=d1 HTTP/1.1" 404 345 "-" "Mozilla/5.0 (compatible; Googlebot/2.1; +http://www.google.com/bot.html)"
66.249.65.241 - - [14/Apr/2010:03:25:13 +0200] "GET /content/kalender/jax_calendar.php?Y=-1461&m=9&d=5&cal_id=0&language=german&gmt_ofs=-1&view=d1 HTTP/1.1" 404 345 "-" "Mozilla/5.0 (compatible; Googlebot/2.1; +http://www.google.com/bot.html)"
66.249.65.241 - - [14/Apr/2010:03:25:14 +0200] "GET /content/kalender/jax_calendar.php?Y=-1462&m=1&d=5&cal_id=0&language=german&gmt_ofs=-1&view=d1 HTTP/1.1" 404 345 "-" "Mozilla/5.0 (compatible; Googlebot/2.1; +http://www.google.com/bot.html)"
66.249.65.241 - - [14/Apr/2010:03:25:15 +0200] "GET /content/kalender/jax_calendar.php?Y=-633&m=11&d=3&view=d1 HTTP/1.1" 404 345 "-" "Mozilla/5.0 (compatible; Googlebot/2.1; +http://www.google.com/bot.html)"
66.249.65.241 - - [14/Apr/2010:03:25:43 +0200] "GET /content/kalender/jax_calendar.php?Y=-1455&m=7&d=5&cal_id=0&language=german&gmt_ofs=-1&view=d1 HTTP/1.1" 404 345 "-" "Mozilla/5.0 (compatible; Googlebot/2.1; +http://www.google.com/bot.html)"
207.46.13.52 - - [14/Apr/2010:03:39:44 +0200] "GET /content/kalender/jax_calendar.php?Y=2010&m=6&d=21&cal_id=0&language=german&gmt_ofs=-1&view=d30 HTTP/1.1" 404 345 "-" "msnbot/2.0b (+http://search.msn.com/msnbot.htm)"
66.249.65.231 - - [14/Apr/2010:03:41:46 +0200] "GET /content/kalender/jax_calendar.php?Y=-1460&m=5&d=5&cal_id=0&language=german&gmt_ofs=-1&view=d1 HTTP/1.1" 404 345 "-" "Mozilla/5.0 (compatible; Googlebot/2.1; +http://www.google.com/bot.html)"
87.250.255.242 - - [14/Apr/2010:03:48:11 +0200] "GET /content/eltern-kind-zentrum-bernau-sued/ HTTP/1.1" 404 352 "-" "Yandex/1.01.001 (compatible; Win16; I)"
66.249.65.231 - - [14/Apr/2010:03:53:34 +0200] "GET /content/kalender/jax_calendar.php?Y=-1454&m=3&d=10&view=d1 HTTP/1.1" 404 345 "-" "Mozilla/5.0 (compatible; Googlebot/2.1; +http://www.google.com/bot.html)"
66.249.65.231 - - [14/Apr/2010:03:53:35 +0200] "GET /content/kalender/jax_calendar.php?Y=-1463&m=2&d=5&view=d1 HTTP/1.1" 404 345 "-" "Mozilla/5.0 (compatible; Googlebot/2.1; +http://www.google.com/bot.html)"
66.249.65.231 - - [14/Apr/2010:03:53:36 +0200] "GET /content/kalender/jax_calendar.php?Y=-1454&m=8&d=5&cal_id=0&language=german&gmt_ofs=-1&view=d1 HTTP/1.1" 404 345 "-" "Mozilla/5.0 (compatible; Googlebot/2.1; +http://www.google.com/bot.html)"
66.249.65.231 - - [14/Apr/2010:03:53:37 +0200] "GET /content/kalender/jax_calendar.php?Y=-1456&m=8&d=5&cal_id=0&language=german&gmt_ofs=-1&view=d1 HTTP/1.1" 404 345 "-" "Mozilla/5.0 (compatible; Googlebot/2.1; +http://www.google.com/bot.html)"
66.249.65.231 - - [14/Apr/2010:03:53:37 +0200] "GET /content/kalender/jax_calendar.php?Y=-1457&m=2&d=5&cal_id=0&language=german&gmt_ofs=-1&view=d1 HTTP/1.1" 404 345 "-" "Mozilla/5.0 (compatible; Googlebot/2.1; +http://www.google.com/bot.html)"
66.249.65.231 - - [14/Apr/2010:03:53:38 +0200] "GET /content/kalender/jax_calendar.php?Y=-1460&m=7&d=5&cal_id=0&language=german&gmt_ofs=-1&view=d1 HTTP/1.1" 404 345 "-" "Mozilla/5.0 (compatible; Googlebot/2.1; +http://www.google.com/bot.html)"
66.249.65.231 - - [14/Apr/2010:03:53:38 +0200] "GET /content/kalender/jax_calendar.php?Y=-1462&m=11&d=5&cal_id=0&language=german&gmt_ofs=-1&view=d1 HTTP/1.1" 404 345 "-" "Mozilla/5.0 (compatible; Googlebot/2.1; +http://www.google.com/bot.html)"
66.249.65.231 - - [14/Apr/2010:03:53:39 +0200] "GET /content/kalender/jax_calendar.php?Y=-1459&m=5&d=5&cal_id=0&language=german&gmt_ofs=-1&view=d1 HTTP/1.1" 404 345 "-" "Mozilla/5.0 (compatible; Googlebot/2.1; +http://www.google.com/bot.html)"
207.46.204.234 - - [14/Apr/2010:04:11:40 +0200] "GET /content/kalender/jax_calendar.php?Y=2010&m=2&d=3&view=d1 HTTP/1.1" 404 345 "-" "msnbot/2.0b (+http://search.msn.com/msnbot.htm)"
87.250.255.242 - - [14/Apr/2010:04:17:00 +0200] "GET /robots.txt HTTP/1.1" 404 327 "-" "Yandex/1.01.001 (compatible; Win16; I)"
65.55.207.121 - - [14/Apr/2010:04:17:31 +0200] "GET /robots.txt HTTP/1.1" 404 327 "-" "msnbot/2.0b (+http://search.msn.com/msnbot.htm)"
66.249.65.231 - - [14/Apr/2010:04:24:42 +0200] "GET /content/kalender/jax_calendar.php?Y=2006&m=3&d=1&cal_id=0&language=german&gmt_ofs=-1&view=d1&view=d1 HTTP/1.1" 404 345 "-" "Mozilla/5.0 (compatible; Googlebot/2.1; +http://www.google.com/bot.html)"
66.249.65.231 - - [14/Apr/2010:04:24:43 +0200] "GET /content/kalender/jax_calendar.php?Y=-1463&m=6&d=37&view=d1 HTTP/1.1" 404 345 "-" "Mozilla/5.0 (compatible; Googlebot/2.1; +http://www.google.com/bot.html)"
66.249.65.231 - - [14/Apr/2010:04:24:43 +0200] "GET /content/kalender/jax_calendar.php?Y=-1456&m=2&d=5&cal_id=0&language=german&gmt_ofs=-1&view=d1 HTTP/1.1" 404 345 "-" "Mozilla/5.0 (compatible; Googlebot/2.1; +http://www.google.com/bot.html)"
66.249.65.231 - - [14/Apr/2010:04:24:44 +0200] "GET /content/kalender/jax_calendar.php?Y=-352&m=1&d=11&view=d1 HTTP/1.1" 404 345 "-" "Mozilla/5.0 (compatible; Googlebot/2.1; +http://www.google.com/bot.html)"
66.249.65.231 - - [14/Apr/2010:04:24:45 +0200] "GET /content/kalender/jax_calendar.php?Y=-1458&m=5&d=5&cal_id=0&language=german&gmt_ofs=-1&view=d1 HTTP/1.1" 404 345 "-" "Mozilla/5.0 (compatible; Googlebot/2.1; +http://www.google.com/bot.html)"
66.249.65.231 - - [14/Apr/2010:04:24:46 +0200] "GET /content/kalender/jax_calendar.php?Y=-1461&m=2&d=5&cal_id=0&language=german&gmt_ofs=-1&view=d1 HTTP/1.1" 404 345 "-" "Mozilla/5.0 (compatible; Googlebot/2.1; +http://www.google.com/bot.html)"
66.249.65.231 - - [14/Apr/2010:04:24:46 +0200] "GET /content/kalender/jax_calendar.php?Y=-1460&m=2&d=5&cal_id=0&language=german&gmt_ofs=-1&view=d1 HTTP/1.1" 404 345 "-" "Mozilla/5.0 (compatible; Googlebot/2.1; +http://www.google.com/bot.html)"
66.249.65.231 - - [14/Apr/2010:04:24:48 +0200] "GET /content/kalender/jax_calendar.php?Y=-1461&m=5&d=5&cal_id=0&language=german&gmt_ofs=-1&view=d1 HTTP/1.1" 404 345 "-" "Mozilla/5.0 (compatible; Googlebot/2.1; +http://www.google.com/bot.html)"
66.249.65.231 - - [14/Apr/2010:04:26:12 +0200] "GET /content/kalender/jax_calendar.php?Y=-1459&m=9&d=5&cal_id=0&language=german&gmt_ofs=-1&view=d1 HTTP/1.1" 404 345 "-" "Mozilla/5.0 (compatible; Googlebot/2.1; +http://www.google.com/bot.html)"
207.46.13.50 - - [14/Apr/2010:04:40:14 +0200] "GET /content/kalender/jax_calendar.php?Y=2018&m=3&d=21&cal_id=0&language=german&gmt_ofs=-1&view=d30 HTTP/1.1" 404 345 "-" "msnbot/2.0b (+http://search.msn.com/msnbot.htm)"
207.46.13.86 - - [14/Apr/2010:04:40:39 +0200] "GET /content/kalender/jax_calendar.php?Y=2009&m=12&d=4&cal_id=0&language=german&gmt_ofs=-1&view=d30&view=d30 HTTP/1.1" 404 345 "-" "msnbot/2.0b (+http://search.msn.com/msnbot.htm)"
67.195.111.229 - - [14/Apr/2010:04:57:16 +0200] "GET /robots.txt HTTP/1.0" 404 322 "-" "Mozilla/5.0 (compatible; Yahoo! Slurp; http://help.yahoo.com/help/us/ysearch/slurp)"
67.195.111.229 - - [14/Apr/2010:04:57:17 +0200] "GET /content/assets/Jugendfeiern/anmeldung2010.pdf HTTP/1.0" 404 357 "-" "Mozilla/5.0 (compatible; Yahoo! Slurp/3.0; http://help.yahoo.com/help/us/ysearch/slurp)"
66.249.65.231 - - [14/Apr/2010:04:58:29 +0200] "GET /content/kalender/jax_calendar.php?Y=2006&m=1&d=1&cal_id=0&language=german&gmt_ofs=-1&view=d1&view=d1 HTTP/1.1" 404 345 "-" "Mozilla/5.0 (compatible; Googlebot/2.1; +http://www.google.com/bot.html)"
66.249.65.231 - - [14/Apr/2010:04:58:30 +0200] "GET /content/kalender/jax_calendar.php?Y=-646&m=5&d=1&cal_id=0&language=german&gmt_ofs=-1&view=d1 HTTP/1.1" 404 345 "-" "Mozilla/5.0 (compatible; Googlebot/2.1; +http://www.google.com/bot.html)"
207.46.204.230 - - [14/Apr/2010:05:00:13 +0200] "GET /content/kalender/jax_calendar.php?Y=2010&m=2&d=22&view=d1 HTTP/1.1" 404 345 "-" "msnbot/2.0b (+http://search.msn.com/msnbot.htm)"
66.249.65.231 - - [14/Apr/2010:05:00:53 +0200] "GET /content/kalender/jax_calendar.php?Y=-1454&m=7&d=5&cal_id=0&language=german&gmt_ofs=-1&view=d1 HTTP/1.1" 404 345 "-" "Mozilla/5.0 (compatible; Googlebot/2.1; +http://www.google.com/bot.html)"
207.46.13.51 - - [14/Apr/2010:05:01:42 +0200] "GET /content/assets/Stellenanzeigen/anzeigebabysitterwerneuchen.pdf HTTP/1.1" 404 374 "-" "msnbot/2.0b (+http://search.msn.com/msnbot.htm)"
207.46.199.179 - - [14/Apr/2010:05:01:51 +0200] "GET /robots.txt HTTP/1.1" 404 322 "-" "msnbot/2.0b (+http://search.msn.com/msnbot.htm)"
66.249.65.231 - - [14/Apr/2010:05:07:08 +0200] "GET /content/kalender/jax_calendar.php?Y=-1459&m=6&d=5&cal_id=0&language=german&gmt_ofs=-1&view=d1 HTTP/1.1" 404 345 "-" "Mozilla/5.0 (compatible; Googlebot/2.1; +http://www.google.com/bot.html)"
66.249.65.231 - - [14/Apr/2010:05:10:04 +0200] "GET /content/kalender/jax_calendar.php?Y=-1463&m=5&d=16&view=d1 HTTP/1.1" 404 345 "-" "Mozilla/5.0 (compatible; Googlebot/2.1; +http://www.google.com/bot.html)"
66.249.65.231 - - [14/Apr/2010:05:13:07 +0200] "GET /content/kalender/jax_calendar.php?Y=-1456&m=11&d=5&cal_id=0&language=german&gmt_ofs=-1&view=d1 HTTP/1.1" 404 345 "-" "Mozilla/5.0 (compatible; Googlebot/2.1; +http://www.google.com/bot.html)"
67.195.111.229 - - [14/Apr/2010:05:15:19 +0200] "GET /content/stellenangebote/ HTTP/1.0" 404 336 "-" "Mozilla/5.0 (compatible; Yahoo! Slurp/3.0; http://help.yahoo.com/help/us/ysearch/slurp)"
66.249.65.231 - - [14/Apr/2010:05:16:11 +0200] "GET /content/kalender/jax_calendar.php?Y=-1460&m=9&d=5&cal_id=0&language=german&gmt_ofs=-1&view=d1 HTTP/1.1" 404 345 "-" "Mozilla/5.0 (compatible; Googlebot/2.1; +http://www.google.com/bot.html)"
66.249.65.231 - - [14/Apr/2010:05:19:15 +0200] "GET /content/kalender/jax_calendar.php?Y=-1454&m=10&d=5&cal_id=0&language=german&gmt_ofs=-1&view=d1 HTTP/1.1" 404 345 "-" "Mozilla/5.0 (compatible; Googlebot/2.1; +http://www.google.com/bot.html)"
65.55.106.163 - - [14/Apr/2010:05:21:47 +0200] "GET /robots.txt HTTP/1.1" 404 322 "-" "msnbot/2.0b (+http://search.msn.com/msnbot.htm)"
66.249.65.231 - - [14/Apr/2010:05:22:20 +0200] "GET /content/kalender/jax_calendar.php?Y=-632&m=10&d=22&view=d1 HTTP/1.1" 404 345 "-" "Mozilla/5.0 (compatible; Googlebot/2.1; +http://www.google.com/bot.html)"
66.249.65.231 - - [14/Apr/2010:05:25:24 +0200] "GET /content/kalender/jax_calendar.php?Y=-1458&m=2&d=5&cal_id=0&language=german&gmt_ofs=-1&view=d1 HTTP/1.1" 404 345 "-" "Mozilla/5.0 (compatible; Googlebot/2.1; +http://www.google.com/bot.html)"
66.249.65.231 - - [14/Apr/2010:05:25:25 +0200] "GET /content/kalender/jax_calendar.php?Y=2007&m=2&d=1&cal_id=0&language=german&gmt_ofs=-1&view=d1&view=d1 HTTP/1.1" 404 345 "-" "Mozilla/5.0 (compatible; Googlebot/2.1; +http://www.google.com/bot.html)"
66.249.65.231 - - [14/Apr/2010:05:25:28 +0200] "GET /content/kalender/jax_calendar.php?Y=-1455&m=5&d=5&cal_id=0&language=german&gmt_ofs=-1&view=d1 HTTP/1.1" 404 345 "-" "Mozilla/5.0 (compatible; Googlebot/2.1; +http://www.google.com/bot.html)"
66.249.65.231 - - [14/Apr/2010:05:28:18 +0200] "GET /content/kalender/jax_calendar.php?Y=-1463&m=7&d=17&view=d1 HTTP/1.1" 404 345 "-" "Mozilla/5.0 (compatible; Googlebot/2.1; +http://www.google.com/bot.html)"
66.249.65.231 - - [14/Apr/2010:05:30:52 +0200] "GET /content/kalender/jax_calendar.php?Y=-1457&m=7&d=5&cal_id=0&language=german&gmt_ofs=-1&view=d1 HTTP/1.1" 404 345 "-" "Mozilla/5.0 (compatible; Googlebot/2.1; +http://www.google.com/bot.html)"
66.249.65.231 - - [14/Apr/2010:05:38:57 +0200] "GET /content/kalender/jax_calendar.php?Y=-1455&m=9&d=5&cal_id=0&language=german&gmt_ofs=-1&view=d1 HTTP/1.1" 404 345 "-" "Mozilla/5.0 (compatible; Googlebot/2.1; +http://www.google.com/bot.html)"
66.249.65.231 - - [14/Apr/2010:05:41:42 +0200] "GET /content/kalender/jax_calendar.php?Y=-1455&m=2&d=5&cal_id=0&language=german&gmt_ofs=-1&view=d1 HTTP/1.1" 404 345 "-" "Mozilla/5.0 (compatible; Googlebot/2.1; +http://www.google.com/bot.html)"
66.249.65.231 - - [14/Apr/2010:05:44:26 +0200] "GET /content/kalender/jax_calendar.php?Y=-1457&m=9&d=5&cal_id=0&language=german&gmt_ofs=-1&view=d1 HTTP/1.1" 404 345 "-" "Mozilla/5.0 (compatible; Googlebot/2.1; +http://www.google.com/bot.html)"
66.249.65.231 - - [14/Apr/2010:05:49:55 +0200] "GET /content/kalender/jax_calendar.php?Y=-1453&m=4&d=5&cal_id=0&language=german&gmt_ofs=-1&view=d1 HTTP/1.1" 404 345 "-" "Mozilla/5.0 (compatible; Googlebot/2.1; +http://www.google.com/bot.html)"
66.249.65.231 - - [14/Apr/2010:05:52:40 +0200] "GET /content/kalender/jax_calendar.php?Y=-1453&m=5&d=5&cal_id=0&language=german&gmt_ofs=-1&view=d1 HTTP/1.1" 404 345 "-" "Mozilla/5.0 (compatible; Googlebot/2.1; +http://www.google.com/bot.html)"
66.249.65.231 - - [14/Apr/2010:05:53:48 +0200] "GET /content/kalender/jax_calendar.php?Y=-1459&m=4&d=5&cal_id=0&language=german&gmt_ofs=-1&view=d1 HTTP/1.1" 404 345 "-" "Mozilla/5.0 (compatible; Googlebot/2.1; +http://www.google.com/bot.html)"
66.249.65.231 - - [14/Apr/2010:05:53:48 +0200] "GET /content/kalender/jax_calendar.php?Y=-351&m=1&d=35&view=d1 HTTP/1.1" 404 345 "-" "Mozilla/5.0 (compatible; Googlebot/2.1; +http://www.google.com/bot.html)"
66.249.65.231 - - [14/Apr/2010:05:53:50 +0200] "GET /content/kalender/jax_calendar.php?Y=-1461&m=7&d=5&cal_id=0&language=german&gmt_ofs=-1&view=d1 HTTP/1.1" 404 345 "-" "Mozilla/5.0 (compatible; Googlebot/2.1; +http://www.google.com/bot.html)"
66.249.65.231 - - [14/Apr/2010:05:53:50 +0200] "GET /content/kalender/jax_calendar.php?Y=-1461&m=4&d=5&cal_id=0&language=german&gmt_ofs=-1&view=d1 HTTP/1.1" 404 345 "-" "Mozilla/5.0 (compatible; Googlebot/2.1; +http://www.google.com/bot.html)"
66.249.65.231 - - [14/Apr/2010:05:59:41 +0200] "GET /content/kalender/jax_calendar.php?Y=2010&m=4&d=2&cal_id=0&language=german&gmt_ofs=-1&view=d30&view=d30 HTTP/1.1" 404 345 "-" "Mozilla/5.0 (compatible; Googlebot/2.1; +http://www.google.com/bot.html)"
207.46.199.177 - - [14/Apr/2010:06:01:54 +0200] "GET /robots.txt HTTP/1.1" 404 322 "-" "msnbot/2.0b (+http://search.msn.com/msnbot.htm)"
66.249.65.231 - - [14/Apr/2010:06:02:11 +0200] "GET /content/kalender/jax_calendar.php?Y=-1453&m=3&d=10&view=d1 HTTP/1.1" 404 345 "-" "Mozilla/5.0 (compatible; Googlebot/2.1; +http://www.google.com/bot.html)"
207.46.204.186 - - [14/Apr/2010:06:02:35 +0200] "GET /robots.txt HTTP/1.1" 404 322 "-" "msnbot/2.0b (+http://search.msn.com/msnbot.htm)"
78.137.163.133 - - [14/Apr/2010:06:03:14 +0200] "GET /robots.txt HTTP/1.1" 404 327 "-" "-"
78.137.163.133 - - [14/Apr/2010:06:03:14 +0200] "GET /content/kontakt-impressum/ HTTP/1.1" 404 343 "-" "Mozilla/5.0 (X11; U; Linux i686; en-US; rv:1.9.0.11) Gecko GranParadiso/3.0.11"
207.46.204.186 - - [14/Apr/2010:06:03:16 +0200] "GET /content/kalender/jax_calendar.php?Y=2010&m=2&d=22&do=show_event&key=8bae36965a98568f383b46af2e0d1b42&cal_id=0&language=german&gmt_ofs=-1&view=d30&evt_date=%3Cb%3E16.02.2010%3C%2Fb%3E+19%3A30&evt_title=Acht+Schritte+zum+Gl%FCck HTTP/1.1" 404 345 "-" "msnbot/2.0b (+http://search.msn.com/msnbot.htm)"
66.249.65.231 - - [14/Apr/2010:06:10:31 +0200] "GET /content/kalender/jax_calendar.php?Y=-633&m=4&d=31&view=d1 HTTP/1.1" 404 345 "-" "Mozilla/5.0 (compatible; Googlebot/2.1; +http://www.google.com/bot.html)"
66.249.65.231 - - [14/Apr/2010:06:14:55 +0200] "GET /content/kalender/jax_calendar.php?Y=-1453&m=8&d=5&cal_id=0&language=german&gmt_ofs=-1&view=d1 HTTP/1.1" 404 345 "-" "Mozilla/5.0 (compatible; Googlebot/2.1; +http://www.google.com/bot.html)"
207.46.199.182 - - [14/Apr/2010:06:18:04 +0200] "GET /robots.txt HTTP/1.1" 404 327 "-" "msnbot/2.0b (+http://search.msn.com/msnbot.htm)"
66.249.65.231 - - [14/Apr/2010:06:21:49 +0200] "GET /content/kalender/jax_calendar.php?Y=-633&m=3&d=28&view=d1 HTTP/1.1" 404 345 "-" "Mozilla/5.0 (compatible; Googlebot/2.1; +http://www.google.com/bot.html)"
66.249.65.231 - - [14/Apr/2010:06:23:14 +0200] "GET /content/kalender/jax_calendar.php?Y=-1451&m=3&d=5&cal_id=0&language=german&gmt_ofs=-1&view=d1 HTTP/1.1" 404 345 "-" "Mozilla/5.0 (compatible; Googlebot/2.1; +http://www.google.com/bot.html)"
66.249.65.231 - - [14/Apr/2010:06:23:14 +0200] "GET /content/kalender/jax_calendar.php?Y=-1456&m=5&d=5&cal_id=0&language=german&gmt_ofs=-1&view=d1 HTTP/1.1" 404 345 "-" "Mozilla/5.0 (compatible; Googlebot/2.1; +http://www.google.com/bot.html)"
66.249.65.231 - - [14/Apr/2010:06:23:14 +0200] "GET /content/kalender/jax_calendar.php?Y=-1450&m=3&d=5&cal_id=0&language=german&gmt_ofs=-1&view=d1 HTTP/1.1" 404 345 "-" "Mozilla/5.0 (compatible; Googlebot/2.1; +http://www.google.com/bot.html)"
66.249.65.231 - - [14/Apr/2010:06:23:16 +0200] "GET /content/kalender/jax_calendar.php?Y=-1453&m=1&d=5&cal_id=0&language=german&gmt_ofs=-1&view=d1 HTTP/1.1" 404 345 "-" "Mozilla/5.0 (compatible; Googlebot/2.1; +http://www.google.com/bot.html)"
66.249.65.231 - - [14/Apr/2010:06:23:16 +0200] "GET /content/kalender/jax_calendar.php?Y=-1463&m=9&d=25&view=d1 HTTP/1.1" 404 345 "-" "Mozilla/5.0 (compatible; Googlebot/2.1; +http://www.google.com/bot.html)"
66.249.65.231 - - [14/Apr/2010:06:23:17 +0200] "GET /content/kalender/jax_calendar.php?Y=-1454&m=9&d=5&cal_id=0&language=german&gmt_ofs=-1&view=d1 HTTP/1.1" 404 345 "-" "Mozilla/5.0 (compatible; Googlebot/2.1; +http://www.google.com/bot.html)"
66.249.65.231 - - [14/Apr/2010:06:23:18 +0200] "GET /content/kalender/jax_calendar.php?Y=-1448&m=3&d=5&cal_id=0&language=german&gmt_ofs=-1&view=d1 HTTP/1.1" 404 345 "-" "Mozilla/5.0 (compatible; Googlebot/2.1; +http://www.google.com/bot.html)"
207.46.204.179 - - [14/Apr/2010:06:24:13 +0200] "GET /content/kalender/jax_calendar.php?Y=2018&m=3&d=4&cal_id=0&language=german&gmt_ofs=-1&view=d30 HTTP/1.1" 404 345 "-" "msnbot/2.0b (+http://search.msn.com/msnbot.htm)"
212.185.236.251 - - [14/Apr/2010:06:26:57 +0200] "GET / HTTP/1.1" 200 1229 "http://suche.t-online.de/fast-cgi/tsc?q=AWO+bernau&wo=&mandant=toi&device=html&portallanguage=de&userlanguage=de&ptl=std&dia=portal&context=internet-tab&tpc=internet&classification=internet-tab_internet_std&suchraum=1&x=42&y=13" "Mozilla/4.0 (compatible; MSIE 7.0; Windows NT 5.1; Trident/4.0; .NET CLR 1.1.4322; .NET CLR 2.0.50727; .NET CLR 3.0.04506.30; .NET CLR 3.0.4506.2152; .NET CLR 3.5.30729; msn OptimizedIE8;DEDE)"
212.185.236.251 - - [14/Apr/2010:06:26:57 +0200] "GET /favicon.ico HTTP/1.1" 404 323 "-" "T-Online Browser"
212.185.236.251 - - [14/Apr/2010:06:27:29 +0200] "GET /favicon.ico HTTP/1.1" 404 323 "-" "T-Online Browser"
212.185.236.251 - - [14/Apr/2010:06:28:37 +0200] "GET /content/traumland/ HTTP/1.1" 404 330 "http://suche.t-online.de/fast-cgi/tsc?q=Kita+Traumland+Sch%C3%B6nwalde&encQuery=Kita+Traumland&lang=any&mandant=toi&device=html&dia=suche&context=internet-tab&tpc=internet&ptl=std&classification=internet-tab_internet_std&start=0&num=10&ocr=yes&type=all&sb=top" "Mozilla/4.0 (compatible; MSIE 7.0; Windows NT 5.1; Trident/4.0; .NET CLR 1.1.4322; .NET CLR 2.0.50727; .NET CLR 3.0.04506.30; .NET CLR 3.0.4506.2152; .NET CLR 3.5.30729; msn OptimizedIE8;DEDE)"
212.185.236.251 - - [14/Apr/2010:06:28:37 +0200] "GET /favicon.ico HTTP/1.1" 404 323 "-" "T-Online Browser"
66.249.65.231 - - [14/Apr/2010:06:33:09 +0200] "GET /content/kalender/jax_calendar.php?Y=-632&m=8&d=22&view=d1 HTTP/1.1" 404 345 "-" "Mozilla/5.0 (compatible; Googlebot/2.1; +http://www.google.com/bot.html)"
66.249.65.231 - - [14/Apr/2010:06:43:43 +0200] "GET /content/kalender/jax_calendar.php?Y=-1453&m=9&d=5&cal_id=0&language=german&gmt_ofs=-1&view=d1 HTTP/1.1" 404 345 "-" "Mozilla/5.0 (compatible; Googlebot/2.1; +http://www.google.com/bot.html)"
207.46.199.39 - - [14/Apr/2010:06:48:13 +0200] "GET /content/kalender/jax_calendar.php?Y=2010&m=3&d=4&do=show_event&key=9ceec872f8b1dbf732a900b0d2332fad&cal_id=0&language=german&gmt_ofs=-1&view=d30&evt_date=%3Cb%3E22.03.2010%3C%2Fb%3E+19%3A30&evt_title=Acht+Schritte+zum+Gl%FCck HTTP/1.1" 404 345 "-" "msnbot/2.0b (+http://search.msn.com/msnbot.htm)"
66.249.65.231 - - [14/Apr/2010:06:57:15 +0200] "GET /content/kalender/jax_calendar.php?Y=-1452&m=3&d=5&cal_id=0&language=german&gmt_ofs=-1&view=d1 HTTP/1.1" 404 345 "-" "Mozilla/5.0 (compatible; Googlebot/2.1; +http://www.google.com/bot.html)"
66.249.65.231 - - [14/Apr/2010:06:57:16 +0200] "GET /content/kalender/jax_calendar.php?Y=-1453&m=7&d=5&cal_id=0&language=german&gmt_ofs=-1&view=d1 HTTP/1.1" 404 345 "-" "Mozilla/5.0 (compatible; Googlebot/2.1; +http://www.google.com/bot.html)"
66.249.65.231 - - [14/Apr/2010:06:57:16 +0200] "GET /content/kalender/jax_calendar.php?Y=-1445&m=3&d=5&cal_id=0&language=german&gmt_ofs=-1&view=d1 HTTP/1.1" 404 345 "-" "Mozilla/5.0 (compatible; Googlebot/2.1; +http://www.google.com/bot.html)"
66.249.65.231 - - [14/Apr/2010:06:57:17 +0200] "GET /content/kalender/jax_calendar.php?Y=-1444&m=3&d=5&cal_id=0&language=german&gmt_ofs=-1&view=d1 HTTP/1.1" 404 345 "-" "Mozilla/5.0 (compatible; Googlebot/2.1; +http://www.google.com/bot.html)"
66.249.65.231 - - [14/Apr/2010:06:57:18 +0200] "GET /content/kalender/jax_calendar.php?Y=-1453&m=6&d=5&cal_id=0&language=german&gmt_ofs=-1&view=d1 HTTP/1.1" 404 345 "-" "Mozilla/5.0 (compatible; Googlebot/2.1; +http://www.google.com/bot.html)"
66.249.65.231 - - [14/Apr/2010:06:57:18 +0200] "GET /content/kalender/jax_calendar.php?Y=-632&m=3&d=36&view=d1 HTTP/1.1" 404 345 "-" "Mozilla/5.0 (compatible; Googlebot/2.1; +http://www.google.com/bot.html)"
66.249.65.231 - - [14/Apr/2010:07:03:57 +0200] "GET /content/kalender/jax_calendar.php?Y=2001&m=2&d=5&cal_id=0&language=german&gmt_ofs=-1&view=d30 HTTP/1.1" 404 345 "-" "Mozilla/5.0 (compatible; Googlebot/2.1; +http://www.google.com/bot.html)"
67.195.112.177 - - [14/Apr/2010:07:05:42 +0200] "GET /robots.txt HTTP/1.0" 404 327 "-" "Mozilla/5.0 (compatible; Yahoo! Slurp; http://help.yahoo.com/help/us/ysearch/slurp)"
67.195.112.177 - - [14/Apr/2010:07:05:43 +0200] "GET /content/spenden/ HTTP/1.0" 404 333 "-" "Mozilla/5.0 (compatible; Yahoo! Slurp/3.0; http://help.yahoo.com/help/us/ysearch/slurp)"
66.249.65.231 - - [14/Apr/2010:07:13:57 +0200] "GET /content/kalender/jax_calendar.php?Y=-1453&m=12&d=5&cal_id=0&language=german&gmt_ofs=-1&view=d1 HTTP/1.1" 404 345 "-" "Mozilla/5.0 (compatible; Googlebot/2.1; +http://www.google.com/bot.html)"
66.249.65.231 - - [14/Apr/2010:07:23:15 +0200] "GET /content/kalender/jax_calendar.php?Y=-1447&m=3&d=5&cal_id=0&language=german&gmt_ofs=-1&view=d1 HTTP/1.1" 404 345 "-" "Mozilla/5.0 (compatible; Googlebot/2.1; +http://www.google.com/bot.html)"
66.249.65.231 - - [14/Apr/2010:07:23:16 +0200] "GET /content/kalender/jax_calendar.php?Y=-1457&m=4&d=5&cal_id=0&language=german&gmt_ofs=-1&view=d1 HTTP/1.1" 404 345 "-" "Mozilla/5.0 (compatible; Googlebot/2.1; +http://www.google.com/bot.html)"
66.249.65.231 - - [14/Apr/2010:07:23:17 +0200] "GET /content/kalender/jax_calendar.php?Y=-1453&m=11&d=5&cal_id=0&language=german&gmt_ofs=-1&view=d1 HTTP/1.1" 404 345 "-" "Mozilla/5.0 (compatible; Googlebot/2.1; +http://www.google.com/bot.html)"
66.249.65.231 - - [14/Apr/2010:07:23:18 +0200] "GET /content/kalender/jax_calendar.php?Y=-1449&m=3&d=5&cal_id=0&language=german&gmt_ofs=-1&view=d1 HTTP/1.1" 404 345 "-" "Mozilla/5.0 (compatible; Googlebot/2.1; +http://www.google.com/bot.html)"
66.249.65.231 - - [14/Apr/2010:07:23:18 +0200] "GET /content/kalender/jax_calendar.php?Y=-1453&m=2&d=5&cal_id=0&language=german&gmt_ofs=-1&view=d1 HTTP/1.1" 404 345 "-" "Mozilla/5.0 (compatible; Googlebot/2.1; +http://www.google.com/bot.html)"
66.249.65.231 - - [14/Apr/2010:07:23:19 +0200] "GET /content/kalender/jax_calendar.php?Y=-631&m=7&d=31&view=d1 HTTP/1.1" 404 345 "-" "Mozilla/5.0 (compatible; Googlebot/2.1; +http://www.google.com/bot.html)"
66.249.65.231 - - [14/Apr/2010:07:24:45 +0200] "GET /content/kalender/jax_calendar.php?Y=-632&m=4&d=38&view=d1 HTTP/1.1" 404 345 "-" "Mozilla/5.0 (compatible; Googlebot/2.1; +http://www.google.com/bot.html)"
65.55.207.75 - - [14/Apr/2010:07:26:53 +0200] "GET /robots.txt HTTP/1.1" 404 322 "-" "msnbot/2.0b (+http://search.msn.com/msnbot.htm)"
66.249.65.206 - - [14/Apr/2010:07:27:33 +0200] "GET /robots.txt HTTP/1.1" 404 322 "-" "Mozilla/5.0 (compatible; Googlebot/2.1; +http://www.google.com/bot.html)"
66.249.65.206 - - [14/Apr/2010:07:27:33 +0200] "GET /fotoshow/fotoshow.htm HTTP/1.1" 404 333 "-" "Mozilla/5.0 (compatible; Googlebot/2.1; +http://www.google.com/bot.html)"
87.187.153.9 - - [14/Apr/2010:07:28:37 +0200] "GET / HTTP/1.1" 200 1229 "-" "Mozilla/4.0 (compatible; MSIE 8.0; Windows NT 5.1; Trident/4.0; .NET CLR 2.0.50727; .NET CLR 3.0.4506.2152; .NET CLR 3.5.30729; InfoPath.2)"
87.187.153.9 - - [14/Apr/2010:07:28:42 +0200] "GET /favicon.ico HTTP/1.1" 404 323 "-" "Mozilla/4.0 (compatible; MSIE 8.0; Windows NT 5.1; Trident/4.0; .NET CLR 2.0.50727; .NET CLR 3.0.4506.2152; .NET CLR 3.5.30729; InfoPath.2)"
87.187.153.9 - - [14/Apr/2010:07:30:48 +0200] "GET / HTTP/1.1" 200 1229 "-" "Mozilla/5.0 (Windows; U; Windows NT 6.0; de; rv:1.9.2.3) Gecko/20100401 Firefox/3.6.3 (.NET CLR 3.5.30729)"
87.187.153.9 - - [14/Apr/2010:07:30:48 +0200] "GET /favicon.ico HTTP/1.1" 404 323 "-" "Mozilla/5.0 (Windows; U; Windows NT 6.0; de; rv:1.9.2.3) Gecko/20100401 Firefox/3.6.3 (.NET CLR 3.5.30729)"
87.187.153.9 - - [14/Apr/2010:07:30:51 +0200] "GET /favicon.ico HTTP/1.1" 404 323 "-" "Mozilla/5.0 (Windows; U; Windows NT 6.0; de; rv:1.9.2.3) Gecko/20100401 Firefox/3.6.3 (.NET CLR 3.5.30729)"
66.249.65.231 - - [14/Apr/2010:07:37:34 +0200] "GET /content/kalender/jax_calendar.php?Y=-632&m=11&d=26&view=d1 HTTP/1.1" 404 345 "-" "Mozilla/5.0 (compatible; Googlebot/2.1; +http://www.google.com/bot.html)"
67.195.112.177 - - [14/Apr/2010:07:37:35 +0200] "GET /content/kontakt-impressum/ HTTP/1.0" 404 343 "-" "Mozilla/5.0 (compatible; Yahoo! Slurp/3.0; http://help.yahoo.com/help/us/ysearch/slurp)"
207.46.199.177 - - [14/Apr/2010:07:45:29 +0200] "GET /robots.txt HTTP/1.1" 404 327 "-" "msnbot/2.0b (+http://search.msn.com/msnbot.htm)"
91.63.175.184 - - [14/Apr/2010:07:48:41 +0200] "GET /content/awo-treff-angebote/ HTTP/1.1" 404 339 "http://search.incredimail.com/?q=AWO+Treff&lang=german&source=053023105011" "Mozilla/4.0 (compatible; MSIE 7.0; Windows NT 5.1; GTB6.4; .NET CLR 1.1.4322; .NET CLR 2.0.50727; .NET CLR 3.0.4506.2152; .NET CLR 3.5.30729)"
91.63.175.184 - - [14/Apr/2010:07:48:42 +0200] "GET /favicon.ico HTTP/1.1" 404 323 "-" "Mozilla/4.0 (compatible; MSIE 7.0; Windows NT 5.1; GTB6.4; .NET CLR 1.1.4322; .NET CLR 2.0.50727; .NET CLR 3.0.4506.2152; .NET CLR 3.5.30729)"
91.63.175.184 - - [14/Apr/2010:07:48:42 +0200] "GET /favicon.ico HTTP/1.1" 404 323 "-" "Mozilla/5.0 (compatible; Google Desktop/5.9.911.3589; http://desktop.google.com/)"
91.63.175.184 - - [14/Apr/2010:07:48:51 +0200] "GET / HTTP/1.1" 200 1229 "-" "Mozilla/4.0 (compatible; MSIE 7.0; Windows NT 5.1; GTB6.4; .NET CLR 1.1.4322; .NET CLR 2.0.50727; .NET CLR 3.0.4506.2152; .NET CLR 3.5.30729)"
91.63.175.184 - - [14/Apr/2010:07:49:29 +0200] "GET /content/awo-treff-angebote/ HTTP/1.1" 404 339 "http://search.incredimail.com/?q=AWO+Treff&lang=german&source=053023105011" "Mozilla/4.0 (compatible; MSIE 7.0; Windows NT 5.1; GTB6.4; .NET CLR 1.1.4322; .NET CLR 2.0.50727; .NET CLR 3.0.4506.2152; .NET CLR 3.5.30729)"
91.63.175.184 - - [14/Apr/2010:07:51:09 +0200] "GET /content/awo-treff-angebote/ HTTP/1.1" 404 339 "http://search.incredimail.com/?q=AWO+Treff&lang=german&source=053023105011" "Mozilla/4.0 (compatible; MSIE 7.0; Windows NT 5.1; GTB6.4; .NET CLR 1.1.4322; .NET CLR 2.0.50727; .NET CLR 3.0.4506.2152; .NET CLR 3.5.30729)"
91.63.175.184 - - [14/Apr/2010:07:51:51 +0200] "GET /content/awo-treff-aktuelles/ HTTP/1.1" 404 340 "http://www.google.de/search?q=awo+bernau+de+content+treff+angebote&channel=linkdoctor" "Mozilla/4.0 (compatible; MSIE 7.0; Windows NT 5.1; GTB6.4; .NET CLR 1.1.4322; .NET CLR 2.0.50727; .NET CLR 3.0.4506.2152; .NET CLR 3.5.30729)"
66.249.65.231 - - [14/Apr/2010:07:55:15 +0200] "GET /content/kalender/jax_calendar.php?Y=-1472&m=2&d=38&view=d1 HTTP/1.1" 404 345 "-" "Mozilla/5.0 (compatible; Googlebot/2.1; +http://www.google.com/bot.html)"
87.187.181.38 - - [14/Apr/2010:07:56:52 +0200] "GET / HTTP/1.1" 200 1229 "-" "Mozilla/4.0 (compatible; MSIE 7.0; Windows NT 5.1; Trident/4.0)"
66.249.65.231 - - [14/Apr/2010:07:57:38 +0200] "GET /content/kalender/jax_calendar.php?Y=-1456&m=4&d=5&cal_id=0&language=german&gmt_ofs=-1&view=d1 HTTP/1.1" 404 345 "-" "Mozilla/5.0 (compatible; Googlebot/2.1; +http://www.google.com/bot.html)"
87.250.255.242 - - [14/Apr/2010:07:57:59 +0200] "GET /content/beratungsstellen/ HTTP/1.1" 404 337 "-" "Yandex/1.01.001 (compatible; Win16; I)"
66.249.65.231 - - [14/Apr/2010:08:00:11 +0200] "GET /content/kalender/jax_calendar.php?Y=-627&m=2&d=34&view=d1 HTTP/1.1" 404 345 "-" "Mozilla/5.0 (compatible; Googlebot/2.1; +http://www.google.com/bot.html)"
66.249.65.231 - - [14/Apr/2010:08:02:58 +0200] "GET /content/kalender/jax_calendar.php?Y=-1453&m=10&d=5&cal_id=0&language=german&gmt_ofs=-1&view=d1 HTTP/1.1" 404 345 "-" "Mozilla/5.0 (compatible; Googlebot/2.1; +http://www.google.com/bot.html)"
66.249.65.231 - - [14/Apr/2010:08:05:45 +0200] "GET /content/kalender/jax_calendar.php?Y=-1454&m=4&d=5&cal_id=0&language=german&gmt_ofs=-1&view=d1 HTTP/1.1" 404 345 "-" "Mozilla/5.0 (compatible; Googlebot/2.1; +http://www.google.com/bot.html)"
66.249.65.231 - - [14/Apr/2010:08:11:19 +0200] "GET /content/kalender/jax_calendar.php?Y=-630&m=3&d=1&view=d1 HTTP/1.1" 404 345 "-" "Mozilla/5.0 (compatible; Googlebot/2.1; +http://www.google.com/bot.html)"
66.249.65.231 - - [14/Apr/2010:08:14:06 +0200] "GET /content/kalender/jax_calendar.php?Y=-632&m=7&d=36&view=d1 HTTP/1.1" 404 345 "-" "Mozilla/5.0 (compatible; Googlebot/2.1; +http://www.google.com/bot.html)"
