87.187.153.9 - - [14/Apr/2010:12:57:07 +0200] "GET / HTTP/1.1" 200 1229 "-" "Mozilla/4.0 (compatible; MSIE 8.0; Windows NT 5.1; Trident/4.0; .NET CLR 2.0.50727; .NET CLR 3.0.4506.2152; .NET CLR 3.5.30729; InfoPath.2)"
87.187.153.9 - - [14/Apr/2010:12:57:08 +0200] "GET /favicon.ico HTTP/1.1" 404 323 "-" "Mozilla/4.0 (compatible; MSIE 8.0; Windows NT 5.1; Trident/4.0; .NET CLR 2.0.50727; .NET CLR 3.0.4506.2152; .NET CLR 3.5.30729; InfoPath.2)"
66.249.65.231 - - [14/Apr/2010:12:59:57 +0200] "GET /content/kalender/jax_calendar.php?Y=-1594&m=2&d=7&cal_id=0&language=german&gmt_ofs=-1&view=d1 HTTP/1.1" 404 345 "-" "Mozilla/5.0 (compatible; Googlebot/2.1; +http://www.google.com/bot.html)"
66.249.65.231 - - [14/Apr/2010:12:59:58 +0200] "GET /content/kalender/jax_calendar.php?Y=-630&m=6&d=6&view=d1 HTTP/1.1" 404 345 "-" "Mozilla/5.0 (compatible; Googlebot/2.1; +http://www.google.com/bot.html)"
66.249.65.231 - - [14/Apr/2010:12:59:59 +0200] "GET /content/kalender/jax_calendar.php?Y=-1593&m=4&d=7&cal_id=0&language=german&gmt_ofs=-1&view=d1 HTTP/1.1" 404 345 "-" "Mozilla/5.0 (compatible; Googlebot/2.1; +http://www.google.com/bot.html)"
66.249.65.231 - - [14/Apr/2010:13:00:00 +0200] "GET /content/kalender/jax_calendar.php?Y=-1587&m=5&d=2&view=d1 HTTP/1.1" 404 345 "-" "Mozilla/5.0 (compatible; Googlebot/2.1; +http://www.google.com/bot.html)"
66.249.65.231 - - [14/Apr/2010:13:00:01 +0200] "GET /content/kalender/jax_calendar.php?Y=-1587&m=2&d=32&view=d1 HTTP/1.1" 404 345 "-" "Mozilla/5.0 (compatible; Googlebot/2.1; +http://www.google.com/bot.html)"
66.249.65.231 - - [14/Apr/2010:13:00:01 +0200] "GET /content/kalender/jax_calendar.php?Y=-1592&m=4&d=7&cal_id=0&language=german&gmt_ofs=-1&view=d1 HTTP/1.1" 404 345 "-" "Mozilla/5.0 (compatible; Googlebot/2.1; +http://www.google.com/bot.html)"
66.249.65.231 - - [14/Apr/2010:13:00:03 +0200] "GET /content/kalender/jax_calendar.php?Y=-629&m=6&d=14&view=d1 HTTP/1.1" 404 345 "-" "Mozilla/5.0 (compatible; Googlebot/2.1; +http://www.google.com/bot.html)"
66.249.65.231 - - [14/Apr/2010:13:00:03 +0200] "GET /content/kalender/jax_calendar.php?Y=-626&m=10&d=39&view=d1 HTTP/1.1" 404 345 "-" "Mozilla/5.0 (compatible; Googlebot/2.1; +http://www.google.com/bot.html)"
87.187.153.9 - - [14/Apr/2010:13:01:30 +0200] "GET /content/aktuelles/ HTTP/1.1" 404 335 "-" "Mozilla/5.0 (Windows; U; Windows NT 6.0; de; rv:1.9.1.9) Gecko/20100315 Firefox/3.5.9 (.NET CLR 3.5.30729)"
87.187.153.9 - - [14/Apr/2010:13:01:33 +0200] "GET /favicon.ico HTTP/1.1" 404 328 "-" "Mozilla/5.0 (Windows; U; Windows NT 6.0; de; rv:1.9.1.9) Gecko/20100315 Firefox/3.5.9 (.NET CLR 3.5.30729)"
66.249.65.231 - - [14/Apr/2010:13:28:40 +0200] "GET /content/kalender/jax_calendar.php?Y=-628&m=9&d=6&view=d1 HTTP/1.1" 404 345 "-" "Mozilla/5.0 (compatible; Googlebot/2.1; +http://www.google.com/bot.html)"
66.249.65.231 - - [14/Apr/2010:13:28:41 +0200] "GET /content/kalender/jax_calendar.php?Y=-629&m=3&d=26&view=d1 HTTP/1.1" 404 345 "-" "Mozilla/5.0 (compatible; Googlebot/2.1; +http://www.google.com/bot.html)"
66.249.65.231 - - [14/Apr/2010:13:28:41 +0200] "GET /content/kalender/jax_calendar.php?Y=-1592&m=2&d=7&cal_id=0&language=german&gmt_ofs=-1&view=d1 HTTP/1.1" 404 345 "-" "Mozilla/5.0 (compatible; Googlebot/2.1; +http://www.google.com/bot.html)"
66.249.65.231 - - [14/Apr/2010:13:28:42 +0200] "GET /content/kalender/jax_calendar.php?Y=-628&m=10&d=4&view=d1 HTTP/1.1" 404 345 "-" "Mozilla/5.0 (compatible; Googlebot/2.1; +http://www.google.com/bot.html)"
66.249.65.231 - - [14/Apr/2010:13:28:42 +0200] "GET /content/kalender/jax_calendar.php?Y=-1593&m=2&d=7&cal_id=0&language=german&gmt_ofs=-1&view=d1 HTTP/1.1" 404 345 "-" "Mozilla/5.0 (compatible; Googlebot/2.1; +http://www.google.com/bot.html)"
66.249.65.231 - - [14/Apr/2010:13:28:44 +0200] "GET /content/kalender/jax_calendar.php?Y=-627&m=11&d=33&view=d1 HTTP/1.1" 404 345 "-" "Mozilla/5.0 (compatible; Googlebot/2.1; +http://www.google.com/bot.html)"
66.249.65.231 - - [14/Apr/2010:13:28:44 +0200] "GET /content/kalender/jax_calendar.php?Y=-1591&m=12&d=38&view=d1 HTTP/1.1" 404 345 "-" "Mozilla/5.0 (compatible; Googlebot/2.1; +http://www.google.com/bot.html)"
66.249.65.231 - - [14/Apr/2010:13:28:45 +0200] "GET /content/kalender/jax_calendar.php?Y=-1590&m=12&d=38&view=d1 HTTP/1.1" 404 345 "-" "Mozilla/5.0 (compatible; Googlebot/2.1; +http://www.google.com/bot.html)"
87.250.255.242 - - [14/Apr/2010:13:29:03 +0200] "GET /index.php?id=30 HTTP/1.1" 404 326 "-" "Yandex/1.01.001 (compatible; Win16; I)"
65.55.216.32 - - [14/Apr/2010:13:30:29 +0200] "GET /robots.txt HTTP/1.1" 404 322 "-" "msnbot/2.0b (+http://search.msn.com/msnbot.htm)"
212.185.177.20 - - [14/Apr/2010:13:32:55 +0200] "GET / HTTP/1.1" 200 1229 "-" "Mozilla/4.0 (compatible; MSIE 8.0; Windows NT 5.2; WOW64; Trident/4.0; .NET CLR 2.0.50727; .NET CLR 3.0.04506.30; .NET CLR 3.0.04506.648; InfoPath.2; .NET CLR 1.1.4322; .NET CLR 3.0.4506.2152; .NET CLR 3.5.30729)"
212.185.177.20 - - [14/Apr/2010:13:32:56 +0200] "GET /favicon.ico HTTP/1.1" 404 323 "-" "Mozilla/4.0 (compatible; MSIE 8.0; Windows NT 5.2; WOW64; Trident/4.0; .NET CLR 2.0.50727; .NET CLR 3.0.04506.30; .NET CLR 3.0.04506.648; InfoPath.2; .NET CLR 1.1.4322; .NET CLR 3.0.4506.2152; .NET CLR 3.5.30729)"
84.189.217.209 - - [14/Apr/2010:13:54:53 +0200] "GET /content/pusteblume/ HTTP/1.1" 404 331 "http://www.google.de/search?hl=de&rlz=1I7MEDA_deDE289&q=kita+pusteblume+wandlitz&meta=lr%3D&aq=f&aqi=&aql=&oq=&gs_rfai=" "Mozilla/4.0 (compatible; MSIE 8.0; Windows NT 6.0; Trident/4.0; GTB0.0; SLCC1; .NET CLR 2.0.50727; Media Center PC 5.0; .NET CLR 1.1.4322; .NET CLR 3.5.30729; .NET CLR 3.0.30729)"
84.189.217.209 - - [14/Apr/2010:13:55:02 +0200] "GET /content/pusteblume/ HTTP/1.1" 404 331 "http://www.google.de/search?hl=de&rlz=1I7MEDA_deDE289&q=kita+pusteblume+wandlitz&meta=lr%3D&aq=f&aqi=&aql=&oq=&gs_rfai=" "Mozilla/4.0 (compatible; MSIE 8.0; Windows NT 6.0; Trident/4.0; GTB0.0; SLCC1; .NET CLR 2.0.50727; Media Center PC 5.0; .NET CLR 1.1.4322; .NET CLR 3.5.30729; .NET CLR 3.0.30729)"
66.249.65.231 - - [14/Apr/2010:13:56:29 +0200] "GET /content/kalender/jax_calendar.php?Y=-1593&m=3&d=7&cal_id=0&language=german&gmt_ofs=-1&view=d1 HTTP/1.1" 404 345 "-" "Mozilla/5.0 (compatible; Googlebot/2.1; +http://www.google.com/bot.html)"
66.249.65.231 - - [14/Apr/2010:13:56:30 +0200] "GET /content/kalender/jax_calendar.php?Y=-1591&m=3&d=7&cal_id=0&language=german&gmt_ofs=-1&view=d1 HTTP/1.1" 404 345 "-" "Mozilla/5.0 (compatible; Googlebot/2.1; +http://www.google.com/bot.html)"
66.249.65.231 - - [14/Apr/2010:13:56:30 +0200] "GET /content/kalender/jax_calendar.php?Y=-1591&m=5&d=7&cal_id=0&language=german&gmt_ofs=-1&view=d1 HTTP/1.1" 404 345 "-" "Mozilla/5.0 (compatible; Googlebot/2.1; +http://www.google.com/bot.html)"
66.249.65.231 - - [14/Apr/2010:13:56:31 +0200] "GET /content/kalender/jax_calendar.php?Y=-1586&m=11&d=1&view=d1 HTTP/1.1" 404 345 "-" "Mozilla/5.0 (compatible; Googlebot/2.1; +http://www.google.com/bot.html)"
66.249.65.231 - - [14/Apr/2010:13:56:31 +0200] "GET /content/kalender/jax_calendar.php?Y=-1590&m=4&d=7&cal_id=0&language=german&gmt_ofs=-1&view=d1 HTTP/1.1" 404 345 "-" "Mozilla/5.0 (compatible; Googlebot/2.1; +http://www.google.com/bot.html)"
66.249.65.231 - - [14/Apr/2010:13:56:32 +0200] "GET /content/kalender/jax_calendar.php?Y=-1586&m=7&d=14&view=d1 HTTP/1.1" 404 345 "-" "Mozilla/5.0 (compatible; Googlebot/2.1; +http://www.google.com/bot.html)"
66.249.65.231 - - [14/Apr/2010:13:56:33 +0200] "GET /content/kalender/jax_calendar.php?Y=-1593&m=12&d=39&view=d1 HTTP/1.1" 404 345 "-" "Mozilla/5.0 (compatible; Googlebot/2.1; +http://www.google.com/bot.html)"
66.249.65.231 - - [14/Apr/2010:13:56:34 +0200] "GET /content/kalender/jax_calendar.php?Y=-1593&m=5&d=7&cal_id=0&language=german&gmt_ofs=-1&view=d1 HTTP/1.1" 404 345 "-" "Mozilla/5.0 (compatible; Googlebot/2.1; +http://www.google.com/bot.html)"
217.6.222.90 - - [14/Apr/2010:14:09:04 +0200] "GET / HTTP/1.1" 304 - "http://www.google.de/search?q=awo+bernau&hl=de&lr=&sa=2" "Mozilla/4.0 (compatible; MSIE 8.0; Windows NT 5.1; Trident/4.0; .NET CLR 1.1.4322; .NET CLR 2.0.50727)"
217.6.222.90 - - [14/Apr/2010:14:09:04 +0200] "GET /favicon.ico HTTP/1.1" 404 323 "-" "Mozilla/4.0 (compatible; MSIE 8.0; Windows NT 5.1; Trident/4.0; .NET CLR 1.1.4322; .NET CLR 2.0.50727)"
194.6.239.67 - - [14/Apr/2010:14:11:48 +0200] "GET / HTTP/1.0" 200 1229 "http://www.awo-brandenburg.de/einrichtung/?suchtext=Schuldnerberatung&lart=0&lk=0" "Mozilla/4.0 (compatible; MSIE 6.0; Windows NT 5.0; InfoPath.1; .NET CLR 2.0.50727; .NET CLR 1.1.4322)"
65.55.106.179 - - [14/Apr/2010:14:12:56 +0200] "GET /robots.txt HTTP/1.1" 404 322 "-" "msnbot/2.0b (+http://search.msn.com/msnbot.htm)"
194.6.239.30 - - [14/Apr/2010:14:19:52 +0200] "GET / HTTP/1.1" 200 1229 "http://www.google.de/search?hl=de&source=hp&q=Awo+Bernau&meta=&aq=f&aqi=g2&aql=&oq=&gs_rfai=&fp=ee5ee57acdb47974" "Mozilla/5.0 (Windows; U; Windows NT 6.0; de; rv:1.9.1.9) Gecko/20100315 Firefox/3.5.9 (.NET CLR 3.5.30729)"
194.6.239.30 - - [14/Apr/2010:14:19:53 +0200] "GET /favicon.ico HTTP/1.1" 404 323 "-" "Mozilla/5.0 (Windows; U; Windows NT 6.0; de; rv:1.9.1.9) Gecko/20100315 Firefox/3.5.9 (.NET CLR 3.5.30729)"
194.6.239.30 - - [14/Apr/2010:14:19:55 +0200] "GET /favicon.ico HTTP/1.1" 404 323 "-" "Mozilla/5.0 (Windows; U; Windows NT 6.0; de; rv:1.9.1.9) Gecko/20100315 Firefox/3.5.9 (.NET CLR 3.5.30729)"
194.6.239.30 - - [14/Apr/2010:14:20:13 +0200] "GET /content/eltern-kind-zentrum-bernau-sued/ HTTP/1.1" 404 352 "http://www.google.de/url?sa=t&source=web&ct=res&cd=2&ved=0CAsQFjAB&url=http%3A%2F%2Fwww.awo-kv-bernau.de%2Fcontent%2Feltern-kind-zentrum-bernau-sued%2F&rct=j&q=Awo+Bernau&ei=6LLFS9rHBNWXONn57bkP&usg=AFQjCNHmsTJUdQrwG0Ckwk8Fo36b-IVP4Q" "Mozilla/5.0 (Windows; U; Windows NT 6.0; de; rv:1.9.1.9) Gecko/20100315 Firefox/3.5.9 (.NET CLR 3.5.30729)"
141.15.30.1 - - [14/Apr/2010:14:21:27 +0200] "GET /index.php?id=0 HTTP/1.0" 404 321 "-" "Mozilla/4.0 (compatible; MSIE 6.0; Windows NT 5.1; SV1; .NET CLR 1.1.4322)"
67.195.111.229 - - [14/Apr/2010:14:21:40 +0200] "GET /robots.txt HTTP/1.0" 404 322 "-" "Mozilla/5.0 (compatible; Yahoo! Slurp; http://help.yahoo.com/help/us/ysearch/slurp)"
67.195.111.229 - - [14/Apr/2010:14:21:40 +0200] "GET /content/jugendfeiern/ HTTP/1.0" 404 333 "-" "Mozilla/5.0 (compatible; Yahoo! Slurp/3.0; http://help.yahoo.com/help/us/ysearch/slurp)"
141.15.30.1 - - [14/Apr/2010:14:22:13 +0200] "GET / HTTP/1.0" 200 1229 "http://www.google.de/search?hl=de&source=hp&q=AWO+Kreisverband+Bernau&meta=&aq=f&aqi=&aql=&oq=&gs_rfai=" "Mozilla/4.0 (compatible; MSIE 6.0; Windows NT 5.1; SV1; .NET CLR 1.1.4322)"
141.15.30.1 - - [14/Apr/2010:14:22:28 +0200] "GET /content/eltern-kind-zentrum-bernau-sued/ HTTP/1.0" 404 352 "http://www.google.de/search?hl=de&source=hp&q=AWO+Kreisverband+Bernau&meta=&aq=f&aqi=&aql=&oq=&gs_rfai=" "Mozilla/4.0 (compatible; MSIE 6.0; Windows NT 5.1; SV1; .NET CLR 1.1.4322)"
141.15.31.1 - - [14/Apr/2010:14:22:41 +0200] "GET / HTTP/1.0" 200 1229 "http://www.google.de/search?hl=de&q=AWO+Bernau&meta=&aq=f&aqi=&aql=&oq=&gs_rfai=" "Mozilla/4.0 (compatible; MSIE 6.0; Windows NT 5.1; SV1; .NET CLR 1.1.4322)"
141.15.30.1 - - [14/Apr/2010:14:23:01 +0200] "GET /content/rappelkiste/ HTTP/1.0" 404 332 "http://www.google.de/search?hl=de&q=AWO+Kita+Bernau&meta=&aq=f&aqi=g10&aql=&oq=&gs_rfai=" "Mozilla/4.0 (compatible; MSIE 6.0; Windows NT 5.1; SV1; .NET CLR 1.1.4322)"
94.199.90.190 - - [14/Apr/2010:14:25:02 +0200] "GET / HTTP/1.0" 200 1229 "http://www.google.de/search?hl=de&q=awo%2Cweinbergstra%C3%9Fe%2C+16321&meta=&aq=f&aqi=&aql=&oq=&gs_rfai=" "Mozilla/4.0 (compatible; MSIE 7.0; Windows NT 5.2; .NET CLR 1.1.4322; .NET CLR 2.0.50727; .NET CLR 3.0.4506.2152; .NET CLR 3.5.30729)"
94.199.90.190 - - [14/Apr/2010:14:25:02 +0200] "GET /favicon.ico HTTP/1.0" 404 323 "-" "Mozilla/4.0 (compatible; MSIE 7.0; Windows NT 5.2; .NET CLR 1.1.4322; .NET CLR 2.0.50727; .NET CLR 3.0.4506.2152; .NET CLR 3.5.30729)"
66.249.65.231 - - [14/Apr/2010:14:30:02 +0200] "GET /robots.txt HTTP/1.1" 404 322 "-" "Mozilla/5.0 (compatible; Googlebot/2.1; +http://www.google.com/bot.html)"
66.249.65.231 - - [14/Apr/2010:14:30:02 +0200] "GET /content/kalender/jax_calendar.php?Y=-1592&m=3&d=7&cal_id=0&language=german&gmt_ofs=-1&view=d1 HTTP/1.1" 404 345 "-" "Mozilla/5.0 (compatible; Googlebot/2.1; +http://www.google.com/bot.html)"
66.249.65.231 - - [14/Apr/2010:14:30:03 +0200] "GET /content/kalender/jax_calendar.php?Y=-1597&m=2&d=7&cal_id=0&language=german&gmt_ofs=-1&view=d1 HTTP/1.1" 404 345 "-" "Mozilla/5.0 (compatible; Googlebot/2.1; +http://www.google.com/bot.html)"
66.249.65.231 - - [14/Apr/2010:14:30:03 +0200] "GET /content/kalender/jax_calendar.php?Y=-1587&m=8&d=15&view=d1 HTTP/1.1" 404 345 "-" "Mozilla/5.0 (compatible; Googlebot/2.1; +http://www.google.com/bot.html)"
66.249.65.231 - - [14/Apr/2010:14:30:04 +0200] "GET /content/kalender/jax_calendar.php?Y=-16&m=9&d=36&view=d1 HTTP/1.1" 404 345 "-" "Mozilla/5.0 (compatible; Googlebot/2.1; +http://www.google.com/bot.html)"
66.249.65.231 - - [14/Apr/2010:14:30:04 +0200] "GET /content/kalender/jax_calendar.php?Y=4044&m=3&d=24&view=d1 HTTP/1.1" 404 345 "-" "Mozilla/5.0 (compatible; Googlebot/2.1; +http://www.google.com/bot.html)"
66.249.65.231 - - [14/Apr/2010:14:30:05 +0200] "GET /content/kalender/jax_calendar.php?Y=-1586&m=5&d=25&view=d1 HTTP/1.1" 404 345 "-" "Mozilla/5.0 (compatible; Googlebot/2.1; +http://www.google.com/bot.html)"
66.249.65.231 - - [14/Apr/2010:14:30:06 +0200] "GET /content/kalender/jax_calendar.php?Y=-1591&m=4&d=7&cal_id=0&language=german&gmt_ofs=-1&view=d1 HTTP/1.1" 404 345 "-" "Mozilla/5.0 (compatible; Googlebot/2.1; +http://www.google.com/bot.html)"
66.249.65.231 - - [14/Apr/2010:14:30:08 +0200] "GET /content/kalender/jax_calendar.php?Y=-1589&m=4&d=7&cal_id=0&language=german&gmt_ofs=-1&view=d1 HTTP/1.1" 404 345 "-" "Mozilla/5.0 (compatible; Googlebot/2.1; +http://www.google.com/bot.html)"
66.249.65.231 - - [14/Apr/2010:14:32:57 +0200] "GET /content/themes/blackcandy/css/form.css?m=1237405057 HTTP/1.1" 404 350 "-" "Mozilla/5.0 (compatible; Googlebot/2.1; +http://www.google.com/bot.html)"
207.46.199.178 - - [14/Apr/2010:14:33:02 +0200] "GET /robots.txt HTTP/1.1" 404 327 "-" "msnbot/2.0b (+http://search.msn.com/msnbot.htm)"
86.56.95.1 - - [14/Apr/2010:14:33:08 +0200] "GET / HTTP/1.1" 200 1229 "http://www.berlin.de/branchenbuch/Berlin-Umgebung/branchen/0301/Einrichtung+und+Ausstattung/405bd2e90dd82712fa5e4159902bb6262a/detail/bebad7e90d892711ac5e430c9928b7f66278f4c860ee533248ee643ca3019740820894f8439eb6d533c3061e8524d7/" "Mozilla/4.0 (compatible; MSIE 8.0; Windows NT 6.1; WOW64; Trident/4.0; GTB0.0; SLCC2; .NET CLR 2.0.50727; .NET CLR 3.5.30729; .NET CLR 3.0.30729; Media Center PC 6.0)"
92.225.69.54 - - [14/Apr/2010:14:41:03 +0200] "GET / HTTP/1.1" 200 1229 "http://www.google.de/search?q=awo+bernau&ie=utf-8&oe=utf-8&aq=t&rls=org.mozilla:de:official&client=firefox-a" "Mozilla/5.0 (Windows; U; Windows NT 6.0; de; rv:1.9.2.3) Gecko/20100401 Firefox/3.6.3"
92.225.69.54 - - [14/Apr/2010:14:41:06 +0200] "GET /favicon.ico HTTP/1.1" 404 323 "-" "Mozilla/5.0 (Windows; U; Windows NT 6.0; de; rv:1.9.2.3) Gecko/20100401 Firefox/3.6.3"
92.225.69.54 - - [14/Apr/2010:14:41:44 +0200] "GET / HTTP/1.1" 200 1229 "http://www.google.de/search?q=awo+bernau&ie=utf-8&oe=utf-8&aq=t&rls=org.mozilla:de:official&client=firefox-a" "Mozilla/5.0 (Windows; U; Windows NT 6.0; de; rv:1.9.2.3) Gecko/20100401 Firefox/3.6.3"
92.225.69.54 - - [14/Apr/2010:14:41:46 +0200] "GET /favicon.ico HTTP/1.1" 404 328 "-" "Mozilla/5.0 (Windows; U; Windows NT 6.0; de; rv:1.9.2.3) Gecko/20100401 Firefox/3.6.3"
87.187.153.9 - - [14/Apr/2010:14:43:06 +0200] "GET / HTTP/1.1" 200 1229 "-" "Mozilla/4.0 (compatible; MSIE 8.0; Windows NT 5.1; Trident/4.0; .NET CLR 2.0.50727; .NET CLR 3.0.4506.2152; .NET CLR 3.5.30729; InfoPath.2)"
87.187.153.9 - - [14/Apr/2010:14:43:08 +0200] "GET /favicon.ico HTTP/1.1" 404 323 "-" "Mozilla/4.0 (compatible; MSIE 8.0; Windows NT 5.1; Trident/4.0; .NET CLR 2.0.50727; .NET CLR 3.0.4506.2152; .NET CLR 3.5.30729; InfoPath.2)"
92.225.69.54 - - [14/Apr/2010:14:43:54 +0200] "GET /content/eltern-kind-zentrum-bernau-sued/ HTTP/1.1" 404 352 "http://www.google.de/search?q=awo+bernau&ie=utf-8&oe=utf-8&aq=t&rls=org.mozilla:de:official&client=firefox-a" "Mozilla/5.0 (Windows; U; Windows NT 6.0; de; rv:1.9.2.3) Gecko/20100401 Firefox/3.6.3"
92.225.69.54 - - [14/Apr/2010:14:43:58 +0200] "GET /favicon.ico HTTP/1.1" 404 323 "-" "Mozilla/5.0 (Windows; U; Windows NT 6.0; de; rv:1.9.2.3) Gecko/20100401 Firefox/3.6.3"
92.225.69.54 - - [14/Apr/2010:14:44:23 +0200] "GET /favicon.ico HTTP/1.1" 404 323 "-" "Mozilla/5.0 (Windows; U; Windows NT 6.0; de; rv:1.9.2.3) Gecko/20100401 Firefox/3.6.3"
65.55.207.30 - - [14/Apr/2010:14:47:38 +0200] "GET /robots.txt HTTP/1.1" 404 327 "-" "msnbot/2.0b (+http://search.msn.com/msnbot.htm)"
90.186.254.243 - - [14/Apr/2010:14:52:07 +0200] "GET /content/pusteblume/ HTTP/1.1" 404 331 "http://www.google.de/search?hl=de&rlz=1G1TSEA_DEDE366&q=kita+wandlitz+pusteblume&meta=&aq=f&aqi=&aql=&oq=&gs_rfai=" "Mozilla/5.0 (Windows; U; Windows NT 6.0; de; rv:1.9.2) Gecko/20100115 YFF35 Firefox/3.6 (.NET CLR 3.5.30729)"
90.186.254.243 - - [14/Apr/2010:14:52:16 +0200] "GET /favicon.ico HTTP/1.1" 404 323 "-" "Mozilla/5.0 (Windows; U; Windows NT 6.0; de; rv:1.9.2) Gecko/20100115 YFF35 Firefox/3.6 (.NET CLR 3.5.30729)"
90.186.254.243 - - [14/Apr/2010:14:52:22 +0200] "GET /WebResource.axd?d=DYOE8hILG2ERjvY_24x67w2&t=633716723309300000 HTTP/1.1" 404 327 "http://www.awo-kv-bernau.de/content/pusteblume/" "Mozilla/5.0 (Windows; U; Windows NT 6.0; de; rv:1.9.2) Gecko/20100115 YFF35 Firefox/3.6 (.NET CLR 3.5.30729)"
90.186.254.243 - - [14/Apr/2010:14:52:22 +0200] "GET /WebResource.axd?d=OXNAeGkQoil2nxmyEZSU8A2&t=633716723309300000 HTTP/1.1" 404 327 "http://www.awo-kv-bernau.de/content/pusteblume/" "Mozilla/5.0 (Windows; U; Windows NT 6.0; de; rv:1.9.2) Gecko/20100115 YFF35 Firefox/3.6 (.NET CLR 3.5.30729)"
79.194.30.50 - - [14/Apr/2010:14:53:11 +0200] "GET / HTTP/1.1" 304 - "-" "Mozilla/4.0 (compatible; MSIE 8.0; Windows NT 6.1; Trident/4.0; SLCC2; .NET CLR 2.0.50727; .NET CLR 3.5.30729; .NET CLR 3.0.30729; Media Center PC 6.0; Tablet PC 2.0; InfoPath.2)"
66.249.65.231 - - [14/Apr/2010:14:58:43 +0200] "GET /content/kalender/jax_calendar.php?Y=-1467&m=6&d=28&view=d1 HTTP/1.1" 404 345 "-" "Mozilla/5.0 (compatible; Googlebot/2.1; +http://www.google.com/bot.html)"
66.249.65.231 - - [14/Apr/2010:14:58:45 +0200] "GET /content/kalender/jax_calendar.php?Y=-25&m=12&d=9&view=d1 HTTP/1.1" 404 345 "-" "Mozilla/5.0 (compatible; Googlebot/2.1; +http://www.google.com/bot.html)"
66.249.65.231 - - [14/Apr/2010:14:58:45 +0200] "GET /content/kalender/jax_calendar.php?Y=-1596&m=12&d=22&view=d1 HTTP/1.1" 404 345 "-" "Mozilla/5.0 (compatible; Googlebot/2.1; +http://www.google.com/bot.html)"
66.249.65.231 - - [14/Apr/2010:14:58:47 +0200] "GET /content/kalender/jax_calendar.php?Y=-1589&m=12&d=3&view=d1 HTTP/1.1" 404 345 "-" "Mozilla/5.0 (compatible; Googlebot/2.1; +http://www.google.com/bot.html)"
66.249.65.231 - - [14/Apr/2010:14:58:48 +0200] "GET /content/kalender/jax_calendar.php?Y=-1589&m=2&d=7&cal_id=0&language=german&gmt_ofs=-1&view=d1 HTTP/1.1" 404 345 "-" "Mozilla/5.0 (compatible; Googlebot/2.1; +http://www.google.com/bot.html)"
66.249.65.231 - - [14/Apr/2010:14:58:48 +0200] "GET /content/kalender/jax_calendar.php?Y=-1589&m=5&d=7&cal_id=0&language=german&gmt_ofs=-1&view=d1 HTTP/1.1" 404 345 "-" "Mozilla/5.0 (compatible; Googlebot/2.1; +http://www.google.com/bot.html)"
66.249.65.231 - - [14/Apr/2010:14:58:49 +0200] "GET /content/kalender/jax_calendar.php?Y=-1597&m=5&d=7&cal_id=0&language=german&gmt_ofs=-1&view=d1 HTTP/1.1" 404 345 "-" "Mozilla/5.0 (compatible; Googlebot/2.1; +http://www.google.com/bot.html)"
66.249.65.231 - - [14/Apr/2010:14:58:50 +0200] "GET /content/kalender/jax_calendar.php?Y=-1592&m=5&d=7&cal_id=0&language=german&gmt_ofs=-1&view=d1 HTTP/1.1" 404 345 "-" "Mozilla/5.0 (compatible; Googlebot/2.1; +http://www.google.com/bot.html)"
90.186.254.243 - - [14/Apr/2010:15:00:37 +0200] "GET /content/pusteblume/ HTTP/1.1" 404 331 "http://maps.google.de/maps/place?cid=11347365782892384693&q=kita+wandlitz&gl=de&hl=de&cd=3&cad=src:pplink,view:text&ei=-rvFS9WrOsyh_ga1j4XHDQ" "Mozilla/5.0 (Windows; U; Windows NT 6.0; de; rv:1.9.2) Gecko/20100115 YFF35 Firefox/3.6 (.NET CLR 3.5.30729)"
66.249.65.231 - - [14/Apr/2010:15:00:57 +0200] "GET /content/kalender/jax_calendar.php?Y=-1597&m=12&d=26&view=d1 HTTP/1.1" 404 345 "-" "Mozilla/5.0 (compatible; Googlebot/2.1; +http://www.google.com/bot.html)"
90.186.254.243 - - [14/Apr/2010:15:01:10 +0200] "GET /WebResource.axd?d=DYOE8hILG2ERjvY_24x67w2&t=633716723309300000 HTTP/1.1" 404 327 "http://www.awo-kv-bernau.de/content/pusteblume/" "Mozilla/5.0 (Windows; U; Windows NT 6.0; de; rv:1.9.2) Gecko/20100115 YFF35 Firefox/3.6 (.NET CLR 3.5.30729)"
90.186.254.243 - - [14/Apr/2010:15:01:10 +0200] "GET /WebResource.axd?d=OXNAeGkQoil2nxmyEZSU8A2&t=633716723309300000 HTTP/1.1" 404 327 "http://www.awo-kv-bernau.de/content/pusteblume/" "Mozilla/5.0 (Windows; U; Windows NT 6.0; de; rv:1.9.2) Gecko/20100115 YFF35 Firefox/3.6 (.NET CLR 3.5.30729)"
90.186.254.243 - - [14/Apr/2010:15:01:28 +0200] "GET /WebResource.axd?d=DYOE8hILG2ERjvY_24x67w2&t=633716723309300000 HTTP/1.1" 404 327 "http://www.awo-kv-bernau.de/content/pusteblume/" "Mozilla/5.0 (Windows; U; Windows NT 6.0; de; rv:1.9.2) Gecko/20100115 YFF35 Firefox/3.6 (.NET CLR 3.5.30729)"
90.186.254.243 - - [14/Apr/2010:15:01:28 +0200] "GET /WebResource.axd?d=OXNAeGkQoil2nxmyEZSU8A2&t=633716723309300000 HTTP/1.1" 404 327 "http://www.awo-kv-bernau.de/content/pusteblume/" "Mozilla/5.0 (Windows; U; Windows NT 6.0; de; rv:1.9.2) Gecko/20100115 YFF35 Firefox/3.6 (.NET CLR 3.5.30729)"
87.187.153.9 - - [14/Apr/2010:15:01:56 +0200] "GET / HTTP/1.1" 200 1229 "-" "Mozilla/4.0 (compatible; MSIE 8.0; Windows NT 5.1; Trident/4.0; .NET CLR 2.0.50727; .NET CLR 3.0.4506.2152; .NET CLR 3.5.30729; InfoPath.2)"
87.187.153.9 - - [14/Apr/2010:15:01:57 +0200] "GET /favicon.ico HTTP/1.1" 404 323 "-" "Mozilla/4.0 (compatible; MSIE 8.0; Windows NT 5.1; Trident/4.0; .NET CLR 2.0.50727; .NET CLR 3.0.4506.2152; .NET CLR 3.5.30729; InfoPath.2)"
87.187.153.9 - - [14/Apr/2010:15:08:14 +0200] "GET /content/aktuelles/ HTTP/1.1" 404 335 "-" "Mozilla/5.0 (Windows; U; Windows NT 6.0; de; rv:1.9.1.9) Gecko/20100315 Firefox/3.5.9 (.NET CLR 3.5.30729)"
87.187.153.9 - - [14/Apr/2010:15:08:18 +0200] "GET /favicon.ico HTTP/1.1" 404 328 "-" "Mozilla/5.0 (Windows; U; Windows NT 6.0; de; rv:1.9.1.9) Gecko/20100315 Firefox/3.5.9 (.NET CLR 3.5.30729)"
90.186.254.243 - - [14/Apr/2010:15:09:26 +0200] "GET /content/pusteblume/ HTTP/1.1" 404 331 "http://maps.google.de/maps/place?hl=de&rlz=1G1TSEA_DEDE366&um=1&ie=UTF-8&q=Kindertagesst%C3%A4tte+%22Pusteblume%22+wandlitz&fb=1&gl=de&hq=Kindertagesst%C3%A4tte+%22Pusteblume%22&hnear=wandlitz&cid=11347365782892384693" "Mozilla/5.0 (Windows; U; Windows NT 6.0; de; rv:1.9.2) Gecko/20100115 YFF35 Firefox/3.6 (.NET CLR 3.5.30729)"
90.186.254.243 - - [14/Apr/2010:15:09:53 +0200] "GET /WebResource.axd?d=DYOE8hILG2ERjvY_24x67w2&t=633716723309300000 HTTP/1.1" 404 327 "http://www.awo-kv-bernau.de/content/pusteblume/" "Mozilla/5.0 (Windows; U; Windows NT 6.0; de; rv:1.9.2) Gecko/20100115 YFF35 Firefox/3.6 (.NET CLR 3.5.30729)"
90.186.254.243 - - [14/Apr/2010:15:10:01 +0200] "GET /WebResource.axd?d=OXNAeGkQoil2nxmyEZSU8A2&t=633716723309300000 HTTP/1.1" 404 327 "http://www.awo-kv-bernau.de/content/pusteblume/" "Mozilla/5.0 (Windows; U; Windows NT 6.0; de; rv:1.9.2) Gecko/20100115 YFF35 Firefox/3.6 (.NET CLR 3.5.30729)"
90.186.254.243 - - [14/Apr/2010:15:10:16 +0200] "GET /WebResource.axd?d=DYOE8hILG2ERjvY_24x67w2&t=633716723309300000 HTTP/1.1" 404 327 "http://www.awo-kv-bernau.de/content/pusteblume/" "Mozilla/5.0 (Windows; U; Windows NT 6.0; de; rv:1.9.2) Gecko/20100115 YFF35 Firefox/3.6 (.NET CLR 3.5.30729)"
90.186.254.243 - - [14/Apr/2010:15:10:17 +0200] "GET /WebResource.axd?d=OXNAeGkQoil2nxmyEZSU8A2&t=633716723309300000 HTTP/1.1" 404 327 "http://www.awo-kv-bernau.de/content/pusteblume/" "Mozilla/5.0 (Windows; U; Windows NT 6.0; de; rv:1.9.2) Gecko/20100115 YFF35 Firefox/3.6 (.NET CLR 3.5.30729)"
90.186.254.243 - - [14/Apr/2010:15:11:33 +0200] "GET / HTTP/1.1" 200 1229 "-" "Mozilla/5.0 (Windows; U; Windows NT 6.0; de; rv:1.9.2) Gecko/20100115 YFF35 Firefox/3.6 (.NET CLR 3.5.30729)"
87.187.153.9 - - [14/Apr/2010:15:19:19 +0200] "GET /content/aktuelles/ HTTP/1.1" 404 330 "-" "Mozilla/4.0 (compatible; MSIE 8.0; Windows NT 5.1; Trident/4.0; .NET CLR 2.0.50727; .NET CLR 3.0.4506.2152; .NET CLR 3.5.30729; InfoPath.2)"
87.187.153.9 - - [14/Apr/2010:15:19:31 +0200] "GET /content/aktuelles/ HTTP/1.1" 404 335 "-" "Mozilla/5.0 (Windows; U; Windows NT 6.0; de; rv:1.9.1.9) Gecko/20100315 Firefox/3.5.9 (.NET CLR 3.5.30729)"
87.187.153.9 - - [14/Apr/2010:15:19:34 +0200] "GET /favicon.ico HTTP/1.1" 404 328 "-" "Mozilla/5.0 (Windows; U; Windows NT 6.0; de; rv:1.9.1.9) Gecko/20100315 Firefox/3.5.9 (.NET CLR 3.5.30729)"
207.46.195.227 - - [14/Apr/2010:15:20:05 +0200] "GET /robots.txt HTTP/1.1" 404 327 "-" "msnbot/2.0b (+http://search.msn.com/msnbot.htm)"
87.187.153.9 - - [14/Apr/2010:15:20:06 +0200] "GET / HTTP/1.1" 200 1229 "-" "Mozilla/4.0 (compatible; MSIE 7.0; Windows NT 5.1; .NET CLR 1.1.4322)"
207.46.195.227 - - [14/Apr/2010:15:20:46 +0200] "GET /content/wohnstaette-fuer-psychisch-kranke/ HTTP/1.1" 404 359 "-" "msnbot/2.0b (+http://search.msn.com/msnbot.htm)"
79.194.30.50 - - [14/Apr/2010:15:22:37 +0200] "GET / HTTP/1.1" 304 - "-" "Mozilla/4.0 (compatible; MSIE 8.0; Windows NT 6.1; Trident/4.0; SLCC2; .NET CLR 2.0.50727; .NET CLR 3.5.30729; .NET CLR 3.0.30729; Media Center PC 6.0; Tablet PC 2.0; InfoPath.2)"
65.55.207.53 - - [14/Apr/2010:15:22:44 +0200] "GET /robots.txt HTTP/1.1" 404 322 "-" "msnbot/2.0b (+http://search.msn.com/msnbot.htm)"
87.187.153.9 - - [14/Apr/2010:15:23:09 +0200] "GET / HTTP/1.1" 200 1229 "-" "Mozilla/4.0 (compatible; MSIE 8.0; Windows NT 5.1; Trident/4.0; .NET CLR 2.0.50727; .NET CLR 3.0.4506.2152; .NET CLR 3.5.30729; InfoPath.2)"
87.187.153.9 - - [14/Apr/2010:15:23:10 +0200] "GET /favicon.ico HTTP/1.1" 404 323 "-" "Mozilla/4.0 (compatible; MSIE 8.0; Windows NT 5.1; Trident/4.0; .NET CLR 2.0.50727; .NET CLR 3.0.4506.2152; .NET CLR 3.5.30729; InfoPath.2)"
66.249.65.231 - - [14/Apr/2010:15:32:23 +0200] "GET /content/kalender/jax_calendar.php?Y=-1587&m=11&d=38&view=d1 HTTP/1.1" 404 345 "-" "Mozilla/5.0 (compatible; Googlebot/2.1; +http://www.google.com/bot.html)"
66.249.65.231 - - [14/Apr/2010:15:32:24 +0200] "GET /content/kalender/jax_calendar.php?Y=-1596&m=2&d=7&cal_id=0&language=german&gmt_ofs=-1&view=d1 HTTP/1.1" 404 345 "-" "Mozilla/5.0 (compatible; Googlebot/2.1; +http://www.google.com/bot.html)"
66.249.65.231 - - [14/Apr/2010:15:32:25 +0200] "GET /content/kalender/jax_calendar.php?Y=-1597&m=4&d=7&cal_id=0&language=german&gmt_ofs=-1&view=d1 HTTP/1.1" 404 345 "-" "Mozilla/5.0 (compatible; Googlebot/2.1; +http://www.google.com/bot.html)"
66.249.65.231 - - [14/Apr/2010:15:32:26 +0200] "GET /content/kalender/jax_calendar.php?Y=-1596&m=3&d=7&cal_id=0&language=german&gmt_ofs=-1&view=d1 HTTP/1.1" 404 345 "-" "Mozilla/5.0 (compatible; Googlebot/2.1; +http://www.google.com/bot.html)"
66.249.65.231 - - [14/Apr/2010:15:32:27 +0200] "GET /content/kalender/jax_calendar.php?Y=-1596&m=10&d=7&cal_id=0&language=german&gmt_ofs=-1&view=d1 HTTP/1.1" 404 345 "-" "Mozilla/5.0 (compatible; Googlebot/2.1; +http://www.google.com/bot.html)"
66.249.65.231 - - [14/Apr/2010:15:32:28 +0200] "GET /content/kalender/jax_calendar.php?Y=-1587&m=7&d=12&view=d1 HTTP/1.1" 404 345 "-" "Mozilla/5.0 (compatible; Googlebot/2.1; +http://www.google.com/bot.html)"
66.249.65.231 - - [14/Apr/2010:15:32:29 +0200] "GET /content/kalender/jax_calendar.php?Y=-1587&m=9&d=20&view=d1 HTTP/1.1" 404 345 "-" "Mozilla/5.0 (compatible; Googlebot/2.1; +http://www.google.com/bot.html)"
90.186.254.243 - - [14/Apr/2010:15:34:12 +0200] "GET /content/assets/Stellenanzeigen/stellenbeschreibungpusteblume012010.pdf HTTP/1.1" 404 382 "http://www.google.de/search?hl=de&rlz=1G1TSEA_DEDE366&q=pusteblume+wandlitz&start=10&sa=N" "Mozilla/5.0 (Windows; U; Windows NT 6.0; de; rv:1.9.2) Gecko/20100115 YFF35 Firefox/3.6 (.NET CLR 3.5.30729)"
90.186.254.243 - - [14/Apr/2010:15:35:51 +0200] "GET /content/pusteblume/ HTTP/1.1" 404 331 "http://images.google.de/imgres?imgurl=http://www.awo-kv-bernau.de/content/assets/Kitas/Pusteblume/pusteblume4.jpg&imgrefurl=http://www.awo-kv-bernau.de/content/pusteblume/&usg=__DpdjJ_dSCgabBb14IPO46nBeBXg=&h=338&w=450&sz=65&hl=de&start=3&um=1&itbs=1&tbnid=Ms4MuW7sAhNTiM:&tbnh=95&tbnw=127&prev=/images%3Fq%3Dpusteblume%2Bwandlitz%26um%3D1%26hl%3Dde%26sa%3DN%26rlz%3D1G1TSEA_DEDE366%26tbs%3Disch:1" "Mozilla/5.0 (Windows; U; Windows NT 6.0; de; rv:1.9.2) Gecko/20100115 YFF35 Firefox/3.6 (.NET CLR 3.5.30729)"
90.186.254.243 - - [14/Apr/2010:15:36:03 +0200] "GET /WebResource.axd?d=DYOE8hILG2ERjvY_24x67w2&t=633716723309300000 HTTP/1.1" 404 327 "http://www.awo-kv-bernau.de/content/pusteblume/" "Mozilla/5.0 (Windows; U; Windows NT 6.0; de; rv:1.9.2) Gecko/20100115 YFF35 Firefox/3.6 (.NET CLR 3.5.30729)"
90.186.254.243 - - [14/Apr/2010:15:36:05 +0200] "GET /WebResource.axd?d=OXNAeGkQoil2nxmyEZSU8A2&t=633716723309300000 HTTP/1.1" 404 327 "http://www.awo-kv-bernau.de/content/pusteblume/" "Mozilla/5.0 (Windows; U; Windows NT 6.0; de; rv:1.9.2) Gecko/20100115 YFF35 Firefox/3.6 (.NET CLR 3.5.30729)"
207.46.13.145 - - [14/Apr/2010:15:38:45 +0200] "GET /robots.txt HTTP/1.1" 404 322 "-" "msnbot/2.0b (+http://search.msn.com/msnbot.htm)"
207.46.13.145 - - [14/Apr/2010:15:39:44 +0200] "GET /content/ehrenamt/ HTTP/1.1" 404 329 "-" "msnbot/2.0b (+http://search.msn.com/msnbot.htm)"
87.187.153.9 - - [14/Apr/2010:15:40:00 +0200] "GET / HTTP/1.1" 304 - "-" "Mozilla/4.0 (compatible; MSIE 7.0; Windows NT 5.1; .NET CLR 1.1.4322)"
207.46.204.233 - - [14/Apr/2010:15:43:17 +0200] "GET /content/kalender/jax_calendar.php?Y=2012&m=2&d=22&cal_id=0&language=german&gmt_ofs=-1&view=d30 HTTP/1.1" 404 345 "-" "msnbot/2.0b (+http://search.msn.com/msnbot.htm)"
95.168.138.253 - - [14/Apr/2010:15:43:22 +0200] "GET /content/kinderland/ HTTP/1.1" 404 331 "http://www.google.de/url?sa=t&source=web&ct=res&cd=1&ved=0CAYQFjAA&url=http%3A%2F%2Fwww.awo-kv-bernau.de%2Fcontent%2Fkinderland%2F&rct=j&q=www.Kita+Kinderland+Eberswalde&ei=asbFS9mcMMONOLrRob4P&usg=AFQjCNGtBxxHLPu1DH_6N8bkGWnCz4AGAg" "Mozilla/5.0 (Windows; U; Windows NT 6.1; de; rv:1.9.0.19) Gecko/2010031422 Firefox/3.0.19"
95.168.138.253 - - [14/Apr/2010:15:43:22 +0200] "GET /favicon.ico HTTP/1.1" 404 323 "-" "Mozilla/5.0 (Windows; U; Windows NT 6.1; de; rv:1.9.0.19) Gecko/2010031422 Firefox/3.0.19"
95.168.138.253 - - [14/Apr/2010:15:43:25 +0200] "GET /favicon.ico HTTP/1.1" 404 323 "-" "Mozilla/5.0 (Windows; U; Windows NT 6.1; de; rv:1.9.0.19) Gecko/2010031422 Firefox/3.0.19"
95.168.138.253 - - [14/Apr/2010:15:43:46 +0200] "GET /content/themes/blackcandy/css/layout.css?m=1247659745 HTTP/1.1" 404 352 "http://webcache.googleusercontent.com/search?q=cache:Is5rdEhlwJwJ:www.awo-kv-bernau.de/content/kinderland/+www.Kita+Kinderland+Eberswalde&cd=1&hl=de&ct=clnk&gl=de" "Mozilla/5.0 (Windows; U; Windows NT 6.1; de; rv:1.9.0.19) Gecko/2010031422 Firefox/3.0.19"
95.168.138.253 - - [14/Apr/2010:15:43:46 +0200] "GET /content/themes/blackcandy/css/typography.css?m=1258540740 HTTP/1.1" 404 356 "http://webcache.googleusercontent.com/search?q=cache:Is5rdEhlwJwJ:www.awo-kv-bernau.de/content/kinderland/+www.Kita+Kinderland+Eberswalde&cd=1&hl=de&ct=clnk&gl=de" "Mozilla/5.0 (Windows; U; Windows NT 6.1; de; rv:1.9.0.19) Gecko/2010031422 Firefox/3.0.19"
95.168.138.253 - - [14/Apr/2010:15:43:46 +0200] "GET /content/themes/blackcandy/css/form.css?m=1237405057 HTTP/1.1" 404 350 "http://webcache.googleusercontent.com/search?q=cache:Is5rdEhlwJwJ:www.awo-kv-bernau.de/content/kinderland/+www.Kita+Kinderland+Eberswalde&cd=1&hl=de&ct=clnk&gl=de" "Mozilla/5.0 (Windows; U; Windows NT 6.1; de; rv:1.9.0.19) Gecko/2010031422 Firefox/3.0.19"
95.168.138.253 - - [14/Apr/2010:15:43:46 +0200] "GET /content/assets/Kitas/KitaKinderland/kinderland290310.jpg HTTP/1.1" 404 368 "http://webcache.googleusercontent.com/search?q=cache:Is5rdEhlwJwJ:www.awo-kv-bernau.de/content/kinderland/+www.Kita+Kinderland+Eberswalde&cd=1&hl=de&ct=clnk&gl=de" "Mozilla/5.0 (Windows; U; Windows NT 6.1; de; rv:1.9.0.19) Gecko/2010031422 Firefox/3.0.19"
95.168.138.253 - - [14/Apr/2010:15:43:46 +0200] "GET /content/assets/Kitas/KitaKinderland/kinderlandtop2.jpg HTTP/1.1" 404 366 "http://webcache.googleusercontent.com/search?q=cache:Is5rdEhlwJwJ:www.awo-kv-bernau.de/content/kinderland/+www.Kita+Kinderland+Eberswalde&cd=1&hl=de&ct=clnk&gl=de" "Mozilla/5.0 (Windows; U; Windows NT 6.1; de; rv:1.9.0.19) Gecko/2010031422 Firefox/3.0.19"
95.168.138.253 - - [14/Apr/2010:15:43:46 +0200] "GET /content/assets/Kitas/KitaKinderland/english.jpg HTTP/1.1" 404 359 "http://webcache.googleusercontent.com/search?q=cache:Is5rdEhlwJwJ:www.awo-kv-bernau.de/content/kinderland/+www.Kita+Kinderland+Eberswalde&cd=1&hl=de&ct=clnk&gl=de" "Mozilla/5.0 (Windows; U; Windows NT 6.1; de; rv:1.9.0.19) Gecko/2010031422 Firefox/3.0.19"
95.168.138.253 - - [14/Apr/2010:15:43:46 +0200] "GET /content/assets/Kitas/KitaKinderland/foerderung.jpg HTTP/1.1" 404 362 "http://webcache.googleusercontent.com/search?q=cache:Is5rdEhlwJwJ:www.awo-kv-bernau.de/content/kinderland/+www.Kita+Kinderland+Eberswalde&cd=1&hl=de&ct=clnk&gl=de" "Mozilla/5.0 (Windows; U; Windows NT 6.1; de; rv:1.9.0.19) Gecko/2010031422 Firefox/3.0.19"
95.168.138.253 - - [14/Apr/2010:15:43:46 +0200] "GET /content/assets/Kitas/KitaKinderland/kinderland0.jpg HTTP/1.1" 404 363 "http://webcache.googleusercontent.com/search?q=cache:Is5rdEhlwJwJ:www.awo-kv-bernau.de/content/kinderland/+www.Kita+Kinderland+Eberswalde&cd=1&hl=de&ct=clnk&gl=de" "Mozilla/5.0 (Windows; U; Windows NT 6.1; de; rv:1.9.0.19) Gecko/2010031422 Firefox/3.0.19"
95.168.138.253 - - [14/Apr/2010:15:43:46 +0200] "GET /content/assets/Kitas/KitaKinderland/kinderland1.jpg HTTP/1.1" 404 363 "http://webcache.googleusercontent.com/search?q=cache:Is5rdEhlwJwJ:www.awo-kv-bernau.de/content/kinderland/+www.Kita+Kinderland+Eberswalde&cd=1&hl=de&ct=clnk&gl=de" "Mozilla/5.0 (Windows; U; Windows NT 6.1; de; rv:1.9.0.19) Gecko/2010031422 Firefox/3.0.19"
95.168.138.253 - - [14/Apr/2010:15:43:46 +0200] "GET /content/assets/Kitas/KitaKinderland/kinderland2.jpg HTTP/1.1" 404 363 "http://webcache.googleusercontent.com/search?q=cache:Is5rdEhlwJwJ:www.awo-kv-bernau.de/content/kinderland/+www.Kita+Kinderland+Eberswalde&cd=1&hl=de&ct=clnk&gl=de" "Mozilla/5.0 (Windows; U; Windows NT 6.1; de; rv:1.9.0.19) Gecko/2010031422 Firefox/3.0.19"
95.168.138.253 - - [14/Apr/2010:15:43:46 +0200] "GET /content/assets/Kitas/KitaKinderland/kinderland3.jpg HTTP/1.1" 404 363 "http://webcache.googleusercontent.com/search?q=cache:Is5rdEhlwJwJ:www.awo-kv-bernau.de/content/kinderland/+www.Kita+Kinderland+Eberswalde&cd=1&hl=de&ct=clnk&gl=de" "Mozilla/5.0 (Windows; U; Windows NT 6.1; de; rv:1.9.0.19) Gecko/2010031422 Firefox/3.0.19"
95.168.138.253 - - [14/Apr/2010:15:47:11 +0200] "GET /content/kinderland/ HTTP/1.1" 404 331 "http://webcache.googleusercontent.com/search?q=cache:Is5rdEhlwJwJ:www.awo-kv-bernau.de/content/kinderland/+www.Kita+Kinderland+Eberswalde&cd=1&hl=de&ct=clnk&gl=de" "Mozilla/5.0 (Windows; U; Windows NT 6.1; de; rv:1.9.0.19) Gecko/2010031422 Firefox/3.0.19"
95.168.138.253 - - [14/Apr/2010:15:47:26 +0200] "GET /content/kinderland/ HTTP/1.1" 404 331 "http://webcache.googleusercontent.com/search?q=cache:Is5rdEhlwJwJ:www.awo-kv-bernau.de/content/kinderland/+www.Kita+Kinderland+Eberswalde&cd=1&hl=de&ct=clnk&gl=de" "Mozilla/5.0 (Windows; U; Windows NT 6.1; de; rv:1.9.0.19) Gecko/2010031422 Firefox/3.0.19"
95.168.138.253 - - [14/Apr/2010:15:47:38 +0200] "GET /content/kinderland/ HTTP/1.1" 404 331 "http://webcache.googleusercontent.com/search?q=cache:Is5rdEhlwJwJ:www.awo-kv-bernau.de/content/kinderland/+www.Kita+Kinderland+Eberswalde&cd=1&hl=de&ct=clnk&gl=de" "Mozilla/5.0 (Windows; U; Windows NT 6.1; de; rv:1.9.0.19) Gecko/2010031422 Firefox/3.0.19"
59.45.176.86 - - [14/Apr/2010:15:47:45 +0200] "GET /download/xpcodecpack.exe HTTP/1.1" 404 329 "http://www.51hot.net/downinfo/77770.html" "Mozilla/4.0 (compatible; MSIE 6.0; Windows NT 5.1; SV1; .NET CLR 1.1.4322; .NET CLR 2.0.50727)"
87.187.153.152 - - [14/Apr/2010:15:54:28 +0200] "GET / HTTP/1.1" 200 1229 "-" "Mozilla/4.0 (compatible; MSIE 8.0; Windows NT 5.1; Trident/4.0; .NET CLR 2.0.50727; .NET CLR 3.0.4506.2152; .NET CLR 3.5.30729; InfoPath.2)"
87.187.153.152 - - [14/Apr/2010:15:54:28 +0200] "GET /favicon.ico HTTP/1.1" 404 323 "-" "Mozilla/4.0 (compatible; MSIE 8.0; Windows NT 5.1; Trident/4.0; .NET CLR 2.0.50727; .NET CLR 3.0.4506.2152; .NET CLR 3.5.30729; InfoPath.2)"
90.186.254.243 - - [14/Apr/2010:15:54:40 +0200] "GET /content/assets/Kitas/Pusteblume/pusteblume020210.jpg HTTP/1.1" 404 364 "http://webcache.googleusercontent.com/search?q=cache:Q-oFNUTEbqwJ:www.awo-kv-bernau.de/content/pusteblume/+kita+pusteblume+in+wandlitz&cd=2&hl=de&ct=clnk&gl=de" "Mozilla/5.0 (Windows; U; Windows NT 6.0; de; rv:1.9.2) Gecko/20100115 YFF35 Firefox/3.6 (.NET CLR 3.5.30729)"
90.186.254.243 - - [14/Apr/2010:15:54:40 +0200] "GET /content/assets/Kitas/Pusteblume/logo.jpg HTTP/1.1" 404 352 "http://webcache.googleusercontent.com/search?q=cache:Q-oFNUTEbqwJ:www.awo-kv-bernau.de/content/pusteblume/+kita+pusteblume+in+wandlitz&cd=2&hl=de&ct=clnk&gl=de" "Mozilla/5.0 (Windows; U; Windows NT 6.0; de; rv:1.9.2) Gecko/20100115 YFF35 Firefox/3.6 (.NET CLR 3.5.30729)"
90.186.254.243 - - [14/Apr/2010:15:54:41 +0200] "GET /content/assets/Kitas/Pusteblume/pusteblume00.jpg HTTP/1.1" 404 360 "http://webcache.googleusercontent.com/search?q=cache:Q-oFNUTEbqwJ:www.awo-kv-bernau.de/content/pusteblume/+kita+pusteblume+in+wandlitz&cd=2&hl=de&ct=clnk&gl=de" "Mozilla/5.0 (Windows; U; Windows NT 6.0; de; rv:1.9.2) Gecko/20100115 YFF35 Firefox/3.6 (.NET CLR 3.5.30729)"
90.186.254.243 - - [14/Apr/2010:15:54:41 +0200] "GET /content/assets/Kitas/Pusteblume/pusteblume0.jpg HTTP/1.1" 404 359 "http://webcache.googleusercontent.com/search?q=cache:Q-oFNUTEbqwJ:www.awo-kv-bernau.de/content/pusteblume/+kita+pusteblume+in+wandlitz&cd=2&hl=de&ct=clnk&gl=de" "Mozilla/5.0 (Windows; U; Windows NT 6.0; de; rv:1.9.2) Gecko/20100115 YFF35 Firefox/3.6 (.NET CLR 3.5.30729)"
90.186.254.243 - - [14/Apr/2010:15:54:41 +0200] "GET /content/assets/Kitas/Pusteblume/pusteblume01.jpg HTTP/1.1" 404 360 "http://webcache.googleusercontent.com/search?q=cache:Q-oFNUTEbqwJ:www.awo-kv-bernau.de/content/pusteblume/+kita+pusteblume+in+wandlitz&cd=2&hl=de&ct=clnk&gl=de" "Mozilla/5.0 (Windows; U; Windows NT 6.0; de; rv:1.9.2) Gecko/20100115 YFF35 Firefox/3.6 (.NET CLR 3.5.30729)"
90.186.254.243 - - [14/Apr/2010:15:54:41 +0200] "GET /content/assets/Kitas/Pusteblume/pusteblume11.jpg HTTP/1.1" 404 360 "http://webcache.googleusercontent.com/search?q=cache:Q-oFNUTEbqwJ:www.awo-kv-bernau.de/content/pusteblume/+kita+pusteblume+in+wandlitz&cd=2&hl=de&ct=clnk&gl=de" "Mozilla/5.0 (Windows; U; Windows NT 6.0; de; rv:1.9.2) Gecko/20100115 YFF35 Firefox/3.6 (.NET CLR 3.5.30729)"
90.186.254.243 - - [14/Apr/2010:15:54:41 +0200] "GET /content/assets/Kitas/Pusteblume/pusteblume3.jpg HTTP/1.1" 404 359 "http://webcache.googleusercontent.com/search?q=cache:Q-oFNUTEbqwJ:www.awo-kv-bernau.de/content/pusteblume/+kita+pusteblume+in+wandlitz&cd=2&hl=de&ct=clnk&gl=de" "Mozilla/5.0 (Windows; U; Windows NT 6.0; de; rv:1.9.2) Gecko/20100115 YFF35 Firefox/3.6 (.NET CLR 3.5.30729)"
90.186.254.243 - - [14/Apr/2010:15:54:41 +0200] "GET /content/assets/Kitas/Pusteblume/pusteblume2.jpg HTTP/1.1" 404 359 "http://webcache.googleusercontent.com/search?q=cache:Q-oFNUTEbqwJ:www.awo-kv-bernau.de/content/pusteblume/+kita+pusteblume+in+wandlitz&cd=2&hl=de&ct=clnk&gl=de" "Mozilla/5.0 (Windows; U; Windows NT 6.0; de; rv:1.9.2) Gecko/20100115 YFF35 Firefox/3.6 (.NET CLR 3.5.30729)"
90.186.254.243 - - [14/Apr/2010:15:54:41 +0200] "GET /content/assets/Kitas/Pusteblume/pusteblume4.jpg HTTP/1.1" 404 359 "http://webcache.googleusercontent.com/search?q=cache:Q-oFNUTEbqwJ:www.awo-kv-bernau.de/content/pusteblume/+kita+pusteblume+in+wandlitz&cd=2&hl=de&ct=clnk&gl=de" "Mozilla/5.0 (Windows; U; Windows NT 6.0; de; rv:1.9.2) Gecko/20100115 YFF35 Firefox/3.6 (.NET CLR 3.5.30729)"
90.186.254.243 - - [14/Apr/2010:15:54:42 +0200] "GET /content/themes/blackcandy/css/layout.css?m=1247659745 HTTP/1.1" 404 352 "http://webcache.googleusercontent.com/search?q=cache:Q-oFNUTEbqwJ:www.awo-kv-bernau.de/content/pusteblume/+kita+pusteblume+in+wandlitz&cd=2&hl=de&ct=clnk&gl=de" "Mozilla/5.0 (Windows; U; Windows NT 6.0; de; rv:1.9.2) Gecko/20100115 YFF35 Firefox/3.6 (.NET CLR 3.5.30729)"
90.186.254.243 - - [14/Apr/2010:15:54:42 +0200] "GET /content/themes/blackcandy/css/typography.css?m=1258540740 HTTP/1.1" 404 356 "http://webcache.googleusercontent.com/search?q=cache:Q-oFNUTEbqwJ:www.awo-kv-bernau.de/content/pusteblume/+kita+pusteblume+in+wandlitz&cd=2&hl=de&ct=clnk&gl=de" "Mozilla/5.0 (Windows; U; Windows NT 6.0; de; rv:1.9.2) Gecko/20100115 YFF35 Firefox/3.6 (.NET CLR 3.5.30729)"
90.186.254.243 - - [14/Apr/2010:15:54:42 +0200] "GET /content/themes/blackcandy/css/form.css?m=1237405057 HTTP/1.1" 404 350 "http://webcache.googleusercontent.com/search?q=cache:Q-oFNUTEbqwJ:www.awo-kv-bernau.de/content/pusteblume/+kita+pusteblume+in+wandlitz&cd=2&hl=de&ct=clnk&gl=de" "Mozilla/5.0 (Windows; U; Windows NT 6.0; de; rv:1.9.2) Gecko/20100115 YFF35 Firefox/3.6 (.NET CLR 3.5.30729)"
90.186.254.243 - - [14/Apr/2010:15:54:42 +0200] "GET /content/assets/Kitas/Pusteblume/pusteblume020210.jpg HTTP/1.1" 404 364 "http://webcache.googleusercontent.com/search?q=cache:Q-oFNUTEbqwJ:www.awo-kv-bernau.de/content/pusteblume/+kita+pusteblume+in+wandlitz&cd=2&hl=de&ct=clnk&gl=de" "Mozilla/5.0 (Windows; U; Windows NT 6.0; de; rv:1.9.2) Gecko/20100115 YFF35 Firefox/3.6 (.NET CLR 3.5.30729)"
90.186.254.243 - - [14/Apr/2010:15:54:43 +0200] "GET /content/assets/Kitas/Pusteblume/logo.jpg HTTP/1.1" 404 352 "http://webcache.googleusercontent.com/search?q=cache:Q-oFNUTEbqwJ:www.awo-kv-bernau.de/content/pusteblume/+kita+pusteblume+in+wandlitz&cd=2&hl=de&ct=clnk&gl=de" "Mozilla/5.0 (Windows; U; Windows NT 6.0; de; rv:1.9.2) Gecko/20100115 YFF35 Firefox/3.6 (.NET CLR 3.5.30729)"
90.186.254.243 - - [14/Apr/2010:15:54:43 +0200] "GET /content/assets/Kitas/Pusteblume/pusteblume00.jpg HTTP/1.1" 404 360 "http://webcache.googleusercontent.com/search?q=cache:Q-oFNUTEbqwJ:www.awo-kv-bernau.de/content/pusteblume/+kita+pusteblume+in+wandlitz&cd=2&hl=de&ct=clnk&gl=de" "Mozilla/5.0 (Windows; U; Windows NT 6.0; de; rv:1.9.2) Gecko/20100115 YFF35 Firefox/3.6 (.NET CLR 3.5.30729)"
90.186.254.243 - - [14/Apr/2010:15:54:43 +0200] "GET /content/assets/Kitas/Pusteblume/pusteblume0.jpg HTTP/1.1" 404 359 "http://webcache.googleusercontent.com/search?q=cache:Q-oFNUTEbqwJ:www.awo-kv-bernau.de/content/pusteblume/+kita+pusteblume+in+wandlitz&cd=2&hl=de&ct=clnk&gl=de" "Mozilla/5.0 (Windows; U; Windows NT 6.0; de; rv:1.9.2) Gecko/20100115 YFF35 Firefox/3.6 (.NET CLR 3.5.30729)"
90.186.254.243 - - [14/Apr/2010:15:54:43 +0200] "GET /content/assets/Kitas/Pusteblume/pusteblume01.jpg HTTP/1.1" 404 360 "http://webcache.googleusercontent.com/search?q=cache:Q-oFNUTEbqwJ:www.awo-kv-bernau.de/content/pusteblume/+kita+pusteblume+in+wandlitz&cd=2&hl=de&ct=clnk&gl=de" "Mozilla/5.0 (Windows; U; Windows NT 6.0; de; rv:1.9.2) Gecko/20100115 YFF35 Firefox/3.6 (.NET CLR 3.5.30729)"
90.186.254.243 - - [14/Apr/2010:15:54:43 +0200] "GET /content/assets/Kitas/Pusteblume/pusteblume11.jpg HTTP/1.1" 404 360 "http://webcache.googleusercontent.com/search?q=cache:Q-oFNUTEbqwJ:www.awo-kv-bernau.de/content/pusteblume/+kita+pusteblume+in+wandlitz&cd=2&hl=de&ct=clnk&gl=de" "Mozilla/5.0 (Windows; U; Windows NT 6.0; de; rv:1.9.2) Gecko/20100115 YFF35 Firefox/3.6 (.NET CLR 3.5.30729)"
90.186.254.243 - - [14/Apr/2010:15:54:43 +0200] "GET /content/assets/Kitas/Pusteblume/pusteblume3.jpg HTTP/1.1" 404 359 "http://webcache.googleusercontent.com/search?q=cache:Q-oFNUTEbqwJ:www.awo-kv-bernau.de/content/pusteblume/+kita+pusteblume+in+wandlitz&cd=2&hl=de&ct=clnk&gl=de" "Mozilla/5.0 (Windows; U; Windows NT 6.0; de; rv:1.9.2) Gecko/20100115 YFF35 Firefox/3.6 (.NET CLR 3.5.30729)"
90.186.254.243 - - [14/Apr/2010:15:54:43 +0200] "GET /content/assets/Kitas/Pusteblume/pusteblume2.jpg HTTP/1.1" 404 359 "http://webcache.googleusercontent.com/search?q=cache:Q-oFNUTEbqwJ:www.awo-kv-bernau.de/content/pusteblume/+kita+pusteblume+in+wandlitz&cd=2&hl=de&ct=clnk&gl=de" "Mozilla/5.0 (Windows; U; Windows NT 6.0; de; rv:1.9.2) Gecko/20100115 YFF35 Firefox/3.6 (.NET CLR 3.5.30729)"
90.186.254.243 - - [14/Apr/2010:15:54:43 +0200] "GET /content/assets/Kitas/Pusteblume/pusteblume4.jpg HTTP/1.1" 404 359 "http://webcache.googleusercontent.com/search?q=cache:Q-oFNUTEbqwJ:www.awo-kv-bernau.de/content/pusteblume/+kita+pusteblume+in+wandlitz&cd=2&hl=de&ct=clnk&gl=de" "Mozilla/5.0 (Windows; U; Windows NT 6.0; de; rv:1.9.2) Gecko/20100115 YFF35 Firefox/3.6 (.NET CLR 3.5.30729)"
90.186.254.243 - - [14/Apr/2010:15:54:50 +0200] "GET /content/kindertagesstaetten/ HTTP/1.1" 404 340 "http://webcache.googleusercontent.com/search?q=cache:Q-oFNUTEbqwJ:www.awo-kv-bernau.de/content/pusteblume/+kita+pusteblume+in+wandlitz&cd=2&hl=de&ct=clnk&gl=de" "Mozilla/5.0 (Windows; U; Windows NT 6.0; de; rv:1.9.2) Gecko/20100115 YFF35 Firefox/3.6 (.NET CLR 3.5.30729)"
90.186.254.243 - - [14/Apr/2010:15:54:57 +0200] "GET /WebResource.axd?d=DYOE8hILG2ERjvY_24x67w2&t=633716723309300000 HTTP/1.1" 404 327 "http://www.awo-kv-bernau.de/content/kindertagesstaetten/" "Mozilla/5.0 (Windows; U; Windows NT 6.0; de; rv:1.9.2) Gecko/20100115 YFF35 Firefox/3.6 (.NET CLR 3.5.30729)"
90.186.254.243 - - [14/Apr/2010:15:54:58 +0200] "GET /WebResource.axd?d=OXNAeGkQoil2nxmyEZSU8A2&t=633716723309300000 HTTP/1.1" 404 327 "http://www.awo-kv-bernau.de/content/kindertagesstaetten/" "Mozilla/5.0 (Windows; U; Windows NT 6.0; de; rv:1.9.2) Gecko/20100115 YFF35 Firefox/3.6 (.NET CLR 3.5.30729)"
90.186.254.243 - - [14/Apr/2010:15:55:53 +0200] "GET /content/pusteblume/ HTTP/1.1" 404 331 "http://search.conduit.com/ResultsExt.aspx?ctid=CT2269050&q=kita%20pusteblume%20in%20wandlitz&SearchSource=11&octid=CT2269050" "Mozilla/5.0 (Windows; U; Windows NT 6.0; de; rv:1.9.2) Gecko/20100115 YFF35 Firefox/3.6 (.NET CLR 3.5.30729)"
90.186.254.243 - - [14/Apr/2010:15:56:01 +0200] "GET /WebResource.axd?d=DYOE8hILG2ERjvY_24x67w2&t=633716723309300000 HTTP/1.1" 404 327 "http://www.awo-kv-bernau.de/content/pusteblume/" "Mozilla/5.0 (Windows; U; Windows NT 6.0; de; rv:1.9.2) Gecko/20100115 YFF35 Firefox/3.6 (.NET CLR 3.5.30729)"
90.186.254.243 - - [14/Apr/2010:15:56:01 +0200] "GET /WebResource.axd?d=OXNAeGkQoil2nxmyEZSU8A2&t=633716723309300000 HTTP/1.1" 404 327 "http://www.awo-kv-bernau.de/content/pusteblume/" "Mozilla/5.0 (Windows; U; Windows NT 6.0; de; rv:1.9.2) Gecko/20100115 YFF35 Firefox/3.6 (.NET CLR 3.5.30729)"
90.186.254.243 - - [14/Apr/2010:15:56:43 +0200] "GET /content/eltern-kind-zentrum-bernau-sued/ HTTP/1.1" 404 352 "http://search.conduit.com/Results.aspx?q=related:http://www.awo-kv-bernau.de/content/pusteblume/&SearchSourceOrigin=11&gil=de-DE&SelfSearch=1&hl=de&ctid=CT2269050&octid=CT2269050" "Mozilla/5.0 (Windows; U; Windows NT 6.0; de; rv:1.9.2) Gecko/20100115 YFF35 Firefox/3.6 (.NET CLR 3.5.30729)"
90.186.254.243 - - [14/Apr/2010:15:56:55 +0200] "GET / HTTP/1.1" 200 1229 "http://search.conduit.com/Results.aspx?q=related:http://www.awo-kv-bernau.de/content/pusteblume/&SearchSourceOrigin=11&gil=de-DE&SelfSearch=1&hl=de&ctid=CT2269050&octid=CT2269050" "Mozilla/5.0 (Windows; U; Windows NT 6.0; de; rv:1.9.2) Gecko/20100115 YFF35 Firefox/3.6 (.NET CLR 3.5.30729)"
90.186.254.243 - - [14/Apr/2010:15:56:56 +0200] "GET /favicon.ico HTTP/1.1" 404 328 "-" "Mozilla/5.0 (Windows; U; Windows NT 6.0; de; rv:1.9.2) Gecko/20100115 YFF35 Firefox/3.6 (.NET CLR 3.5.30729)"
90.186.254.243 - - [14/Apr/2010:15:57:14 +0200] "GET /content/assets/Kitas/Pusteblume/pusteblume0.jpg HTTP/1.1" 404 359 "http://webcache.googleusercontent.com/search?q=cache:Q-oFNUTEbqwJ:www.awo-kv-bernau.de/content/pusteblume/+kita+pusteblume+in+wandlitz&cd=2&hl=de&ct=clnk&gl=de" "Mozilla/5.0 (Windows; U; Windows NT 6.0; de; rv:1.9.2) Gecko/20100115 YFF35 Firefox/3.6 (.NET CLR 3.5.30729)"
90.186.254.243 - - [14/Apr/2010:15:57:14 +0200] "GET /content/assets/Kitas/Pusteblume/pusteblume11.jpg HTTP/1.1" 404 360 "http://webcache.googleusercontent.com/search?q=cache:Q-oFNUTEbqwJ:www.awo-kv-bernau.de/content/pusteblume/+kita+pusteblume+in+wandlitz&cd=2&hl=de&ct=clnk&gl=de" "Mozilla/5.0 (Windows; U; Windows NT 6.0; de; rv:1.9.2) Gecko/20100115 YFF35 Firefox/3.6 (.NET CLR 3.5.30729)"
90.186.254.243 - - [14/Apr/2010:15:57:15 +0200] "GET /content/assets/Kitas/Pusteblume/pusteblume01.jpg HTTP/1.1" 404 360 "http://webcache.googleusercontent.com/search?q=cache:Q-oFNUTEbqwJ:www.awo-kv-bernau.de/content/pusteblume/+kita+pusteblume+in+wandlitz&cd=2&hl=de&ct=clnk&gl=de" "Mozilla/5.0 (Windows; U; Windows NT 6.0; de; rv:1.9.2) Gecko/20100115 YFF35 Firefox/3.6 (.NET CLR 3.5.30729)"
90.186.254.243 - - [14/Apr/2010:15:57:15 +0200] "GET /content/assets/Kitas/Pusteblume/pusteblume4.jpg HTTP/1.1" 404 359 "http://webcache.googleusercontent.com/search?q=cache:Q-oFNUTEbqwJ:www.awo-kv-bernau.de/content/pusteblume/+kita+pusteblume+in+wandlitz&cd=2&hl=de&ct=clnk&gl=de" "Mozilla/5.0 (Windows; U; Windows NT 6.0; de; rv:1.9.2) Gecko/20100115 YFF35 Firefox/3.6 (.NET CLR 3.5.30729)"
66.249.65.231 - - [14/Apr/2010:16:01:13 +0200] "GET /content/kalender/jax_calendar.php?Y=-1590&m=9&d=7&cal_id=0&language=german&gmt_ofs=-1&view=d1 HTTP/1.1" 404 345 "-" "Mozilla/5.0 (compatible; Googlebot/2.1; +http://www.google.com/bot.html)"
66.249.65.231 - - [14/Apr/2010:16:01:14 +0200] "GET /content/kalender/jax_calendar.php?Y=-21&m=12&d=11&view=d1 HTTP/1.1" 404 345 "-" "Mozilla/5.0 (compatible; Googlebot/2.1; +http://www.google.com/bot.html)"
