194.6.239.30 - - [15/Apr/2010:11:41:15 +0200] "GET /content/pusteblume/ HTTP/1.1" 404 331 "http://www.google.de/url?sa=t&source=web&ct=res&cd=15&ved=0CDEQFjAO&url=http%3A%2F%2Fwww.awo-kv-bernau.de%2Fcontent%2Fpusteblume%2F&rct=j&q=kita+wandlitz&ei=AN_GS7vQF86aOJ6D4MQN&usg=AFQjCNHjuVoyywMUNUaz0FeLzvveBmj9JQ" "Mozilla/5.0 (Windows; U; Windows NT 5.1; de; rv:1.9.1.9) Gecko/20100315 Firefox/3.5.9"
194.6.239.30 - - [15/Apr/2010:11:41:22 +0200] "GET /content/pusteblume/ HTTP/1.1" 404 331 "http://www.google.de/url?sa=t&source=web&ct=res&cd=15&ved=0CDEQFjAO&url=http%3A%2F%2Fwww.awo-kv-bernau.de%2Fcontent%2Fpusteblume%2F&rct=j&q=kita+wandlitz&ei=AN_GS7vQF86aOJ6D4MQN&usg=AFQjCNHjuVoyywMUNUaz0FeLzvveBmj9JQ" "Mozilla/5.0 (Windows; U; Windows NT 5.1; de; rv:1.9.1.9) Gecko/20100315 Firefox/3.5.9"
79.192.60.119 - - [15/Apr/2010:11:53:24 +0200] "GET / HTTP/1.1" 200 1229 "http://www.google.de/search?hl=de&source=hp&q=avo+bernau&btnG=Google-Suche&meta=&fp=d2e07d223e8abed5" "Mozilla/5.0 (Windows; U; Windows NT 6.0; de; rv:1.9.2.3) Gecko/20100401 Firefox/3.6.3 (.NET CLR 3.5.30729)"
66.249.65.248 - - [15/Apr/2010:11:59:48 +0200] "GET /content/kalender/jax_calendar.php?Y=-638&m=3&d=1&cal_id=0&language=german&gmt_ofs=-1&view=d1 HTTP/1.1" 404 345 "-" "Mozilla/5.0 (compatible; Googlebot/2.1; +http://www.google.com/bot.html)"
66.249.65.248 - - [15/Apr/2010:11:59:49 +0200] "GET /content/kalender/jax_calendar.php?Y=-652&m=1&d=1&cal_id=0&language=german&gmt_ofs=-1&view=d1 HTTP/1.1" 404 345 "-" "Mozilla/5.0 (compatible; Googlebot/2.1; +http://www.google.com/bot.html)"
66.249.65.248 - - [15/Apr/2010:11:59:51 +0200] "GET /content/kalender/jax_calendar.php?Y=-640&m=10&d=1&cal_id=0&language=german&gmt_ofs=-1&view=d1 HTTP/1.1" 404 345 "-" "Mozilla/5.0 (compatible; Googlebot/2.1; +http://www.google.com/bot.html)"
66.249.65.248 - - [15/Apr/2010:11:59:51 +0200] "GET /content/kalender/jax_calendar.php?Y=-639&m=9&d=1&cal_id=0&language=german&gmt_ofs=-1&view=d1 HTTP/1.1" 404 345 "-" "Mozilla/5.0 (compatible; Googlebot/2.1; +http://www.google.com/bot.html)"
66.249.65.248 - - [15/Apr/2010:11:59:52 +0200] "GET /content/kalender/jax_calendar.php?Y=-640&m=2&d=1&cal_id=0&language=german&gmt_ofs=-1&view=d1 HTTP/1.1" 404 345 "-" "Mozilla/5.0 (compatible; Googlebot/2.1; +http://www.google.com/bot.html)"
66.249.65.248 - - [15/Apr/2010:11:59:52 +0200] "GET /content/kalender/jax_calendar.php?Y=-640&m=4&d=1&cal_id=0&language=german&gmt_ofs=-1&view=d1 HTTP/1.1" 404 345 "-" "Mozilla/5.0 (compatible; Googlebot/2.1; +http://www.google.com/bot.html)"
66.249.65.248 - - [15/Apr/2010:11:59:53 +0200] "GET /content/kalender/jax_calendar.php?Y=-640&m=8&d=1&cal_id=0&language=german&gmt_ofs=-1&view=d1 HTTP/1.1" 404 345 "-" "Mozilla/5.0 (compatible; Googlebot/2.1; +http://www.google.com/bot.html)"
66.249.65.248 - - [15/Apr/2010:11:59:54 +0200] "GET /content/kalender/jax_calendar.php?Y=-640&m=7&d=1&cal_id=0&language=german&gmt_ofs=-1&view=d1 HTTP/1.1" 404 345 "-" "Mozilla/5.0 (compatible; Googlebot/2.1; +http://www.google.com/bot.html)"
66.249.65.248 - - [15/Apr/2010:12:02:34 +0200] "GET /content/assets/Kitas/Rappelkiste/rappelkiste261109.jpg HTTP/1.1" 404 366 "-" "Mozilla/5.0 (compatible; Googlebot/2.1; +http://www.google.com/bot.html)"
195.170.118.217 - - [15/Apr/2010:12:02:45 +0200] "GET / HTTP/1.1" 200 1229 "http://www.google.de/url?sa=t&source=web&ct=res&cd=1&ved=0CAYQFjAA&url=http%3A%2F%2Fwww.awo-kv-bernau.de%2F&rct=j&q=awo+bernau+bei+berlin&ei=PuTGS77tOYibOOC4mZkN&usg=AFQjCNFY6jRp0cyjK4eLe9CtgjDN1c4Vuw" "Mozilla/4.0 (compatible; MSIE 8.0; Windows NT 5.1; Trident/4.0; .NET CLR 1.1.4322; .NET CLR 2.0.50727; .NET CLR 3.0.04506.30)"
195.170.118.217 - - [15/Apr/2010:12:02:45 +0200] "GET /favicon.ico HTTP/1.1" 404 323 "-" "Mozilla/4.0 (compatible; MSIE 8.0; Windows NT 5.1; Trident/4.0; .NET CLR 1.1.4322; .NET CLR 2.0.50727; .NET CLR 3.0.04506.30)"
195.170.118.217 - - [15/Apr/2010:12:03:07 +0200] "GET /favicon.ico HTTP/1.1" 404 323 "-" "Mozilla/4.0 (compatible; MSIE 8.0; Windows NT 5.1; Trident/4.0; .NET CLR 1.1.4322; .NET CLR 2.0.50727; .NET CLR 3.0.04506.30)"
207.46.199.199 - - [15/Apr/2010:12:11:21 +0200] "GET /robots.txt HTTP/1.1" 404 322 "-" "msnbot/2.0b (+http://search.msn.com/msnbot.htm)"
91.63.190.174 - - [15/Apr/2010:12:18:32 +0200] "GET / HTTP/1.1" 200 1229 "http://search.1und1.de/search/web/?su=awo+kv+bernau" "Mozilla/4.0 (compatible; MSIE 8.0; Windows NT 6.0; Trident/4.0; SLCC1; .NET CLR 2.0.50727; Media Center PC 5.0; .NET CLR 3.0.04506; AskTB5.5)"
91.63.190.174 - - [15/Apr/2010:12:18:32 +0200] "GET /favicon.ico HTTP/1.1" 404 323 "-" "Mozilla/4.0 (compatible; MSIE 8.0; Windows NT 6.0; Trident/4.0; SLCC1; .NET CLR 2.0.50727; Media Center PC 5.0; .NET CLR 3.0.04506; AskTB5.5)"
141.15.30.1 - - [15/Apr/2010:12:19:28 +0200] "GET /index.php?id=0 HTTP/1.0" 404 321 "-" "Mozilla/4.0 (compatible; MSIE 6.0; Windows NT 5.1; SV1; .NET CLR 1.1.4322)"
66.249.65.248 - - [15/Apr/2010:12:31:39 +0200] "GET /content/kalender/jax_calendar.php?Y=2000&m=10&d=7&cal_id=0&language=german&gmt_ofs=-1&view=d1&view=d1 HTTP/1.1" 404 345 "-" "Mozilla/5.0 (compatible; Googlebot/2.1; +http://www.google.com/bot.html)"
66.249.65.248 - - [15/Apr/2010:12:31:40 +0200] "GET /content/kalender/jax_calendar.php?Y=-639&m=7&d=1&cal_id=0&language=german&gmt_ofs=-1&view=d1 HTTP/1.1" 404 345 "-" "Mozilla/5.0 (compatible; Googlebot/2.1; +http://www.google.com/bot.html)"
66.249.65.248 - - [15/Apr/2010:12:31:40 +0200] "GET /content/kalender/jax_calendar.php?Y=-636&m=7&d=1&cal_id=0&language=german&gmt_ofs=-1&view=d1 HTTP/1.1" 404 345 "-" "Mozilla/5.0 (compatible; Googlebot/2.1; +http://www.google.com/bot.html)"
66.249.65.248 - - [15/Apr/2010:12:33:37 +0200] "GET /content/kalender/jax_calendar.php?Y=-639&m=6&d=1&cal_id=0&language=german&gmt_ofs=-1&view=d1 HTTP/1.1" 404 345 "-" "Mozilla/5.0 (compatible; Googlebot/2.1; +http://www.google.com/bot.html)"
195.145.211.193 - - [15/Apr/2010:12:36:35 +0200] "GET / HTTP/1.1" 200 1229 "http://www.google.de/search?q=Pflegedienst+in+Bernau+16321&ie=utf-8&oe=utf-8&aq=t&rls=org.mozilla:de:official&client=firefox-a" "Mozilla/5.0 (Windows; U; Windows NT 5.0; de; rv:1.8.1.11) Gecko/20071127 Firefox/2.0.0.11"
195.145.211.193 - - [15/Apr/2010:12:36:35 +0200] "GET /favicon.ico HTTP/1.1" 404 323 "-" "Mozilla/5.0 (Windows; U; Windows NT 5.0; de; rv:1.8.1.11) Gecko/20071127 Firefox/2.0.0.11"
66.249.65.248 - - [15/Apr/2010:12:36:48 +0200] "GET /content/kalender/jax_calendar.php?Y=-638&m=6&d=1&cal_id=0&language=german&gmt_ofs=-1&view=d1 HTTP/1.1" 404 345 "-" "Mozilla/5.0 (compatible; Googlebot/2.1; +http://www.google.com/bot.html)"
212.87.32.182 - - [15/Apr/2010:12:40:40 +0200] "GET /content/pusteblume/ HTTP/1.1" 404 331 "http://www.google.de/search?hl=de&source=hp&q=Kita+Pusteblume+Wandlitz&meta=&aq=f&aqi=&aql=&oq=&gs_rfai=" "Mozilla/4.0 (compatible; MSIE 7.0; Windows NT 5.2; .NET CLR 1.1.4322; InfoPath.1; .NET CLR 2.0.50727; .NET CLR 3.0.04506.30)"
212.87.32.182 - - [15/Apr/2010:12:42:49 +0200] "GET /content/pusteblume/ HTTP/1.1" 404 331 "http://maps.google.de/maps/place?hl=de&um=1&ie=UTF-8&q=Kita+Pusteblume+Wandlitz&fb=1&gl=de&hq=Kita+Pusteblume&hnear=Wandlitz&cid=11347365782892384693&ei=Fu3GS_KvMIaOOIeUndAM&sa=X&oi=local_result&ct=result&resnum=1&ved=0CAsQnQIwAA" "Mozilla/4.0 (compatible; MSIE 7.0; Windows NT 5.2; .NET CLR 1.1.4322; InfoPath.1; .NET CLR 2.0.50727; .NET CLR 3.0.04506.30)"
66.249.65.248 - - [15/Apr/2010:12:43:10 +0200] "GET /content/kalender/jax_calendar.php?Y=-8&m=6&d=7&view=d1 HTTP/1.1" 404 345 "-" "Mozilla/5.0 (compatible; Googlebot/2.1; +http://www.google.com/bot.html)"
87.162.25.21 - - [15/Apr/2010:12:44:19 +0200] "GET / HTTP/1.1" 200 1229 "http://www.google.de/url?sa=t&source=web&ct=res&cd=1&ved=0CAYQFjAA&url=http%3A%2F%2Fwww.awo-kv-bernau.de%2F&rct=j&q=AWO+Kreisverband+Bernau+e.+V.&ei=_u3GS7WKOMqVOJPyjKYN&usg=AFQjCNFY6jRp0cyjK4eLe9CtgjDN1c4Vuw" "Mozilla/4.0 (compatible; MSIE 8.0; Windows NT 5.1; Trident/4.0; GTB6.4; .NET CLR 2.0.50727; .NET CLR 3.0.4506.2152; .NET CLR 3.5.30729)"
87.162.25.21 - - [15/Apr/2010:12:44:19 +0200] "GET /favicon.ico HTTP/1.1" 404 323 "-" "Mozilla/4.0 (compatible; MSIE 8.0; Windows NT 5.1; Trident/4.0; GTB6.4; .NET CLR 2.0.50727; .NET CLR 3.0.4506.2152; .NET CLR 3.5.30729)"
87.162.25.21 - - [15/Apr/2010:12:45:42 +0200] "GET /favicon.ico HTTP/1.1" 404 323 "-" "Mozilla/4.0 (compatible; MSIE 8.0; Windows NT 5.1; Trident/4.0; GTB6.4; .NET CLR 2.0.50727; .NET CLR 3.0.4506.2152; .NET CLR 3.5.30729)"
66.249.65.248 - - [15/Apr/2010:12:46:21 +0200] "GET /content/kalender/jax_calendar.php?Y=-642&m=11&d=1&cal_id=0&language=german&gmt_ofs=-1&view=d1 HTTP/1.1" 404 345 "-" "Mozilla/5.0 (compatible; Googlebot/2.1; +http://www.google.com/bot.html)"
87.187.153.152 - - [15/Apr/2010:12:46:23 +0200] "GET /content/aktuelles/ HTTP/1.1" 404 330 "-" "Mozilla/4.0 (compatible; MSIE 8.0; Windows NT 5.1; Trident/4.0; .NET CLR 2.0.50727; .NET CLR 3.0.4506.2152; .NET CLR 3.5.30729; InfoPath.2)"
66.249.65.248 - - [15/Apr/2010:12:49:33 +0200] "GET /content/kalender/jax_calendar.php?Y=-638&m=9&d=1&cal_id=0&language=german&gmt_ofs=-1&view=d1 HTTP/1.1" 404 345 "-" "Mozilla/5.0 (compatible; Googlebot/2.1; +http://www.google.com/bot.html)"
90.186.251.140 - - [15/Apr/2010:12:53:13 +0200] "GET /content/pusteblume/ HTTP/1.1" 404 331 "-" "Mozilla/5.0 (Windows; U; Windows NT 5.1; de; rv:1.9.1.5) Gecko/20091102 Firefox/3.5.5 (.NET CLR 3.5.30729)"
90.186.251.140 - - [15/Apr/2010:12:53:14 +0200] "GET /favicon.ico HTTP/1.1" 404 323 "-" "Mozilla/5.0 (Windows; U; Windows NT 5.1; de; rv:1.9.1.5) Gecko/20091102 Firefox/3.5.5 (.NET CLR 3.5.30729)"
65.55.207.135 - - [15/Apr/2010:12:54:49 +0200] "GET /robots.txt HTTP/1.1" 404 322 "-" "msnbot/2.0b (+http://search.msn.com/msnbot.htm)"
79.192.45.96 - - [15/Apr/2010:12:56:14 +0200] "GET /content/regenbogen/ HTTP/1.1" 404 331 "http://www.google.com/cse?cx=partner-pub-2070091971271392%3A6ra8wy-1zdk&ie=UTF-8&q=KITA+Regenbogen-bernau&sa=Suche" "Mozilla/5.0 (X11; U; Linux i686; de; rv:1.9.1.5) Gecko/20091109 Ubuntu/9.10 (karmic) Firefox/3.5.5"
79.192.45.96 - - [15/Apr/2010:12:56:14 +0200] "GET /favicon.ico HTTP/1.1" 404 323 "-" "Mozilla/5.0 (X11; U; Linux i686; de; rv:1.9.1.5) Gecko/20091109 Ubuntu/9.10 (karmic) Firefox/3.5.5"
79.192.45.96 - - [15/Apr/2010:12:56:17 +0200] "GET /favicon.ico HTTP/1.1" 404 323 "-" "Mozilla/5.0 (X11; U; Linux i686; de; rv:1.9.1.5) Gecko/20091109 Ubuntu/9.10 (karmic) Firefox/3.5.5"
79.192.45.96 - - [15/Apr/2010:12:56:32 +0200] "GET / HTTP/1.1" 200 1229 "http://www.netmoms.de/lokaleangebote/detail/4022" "Mozilla/5.0 (X11; U; Linux i686; de; rv:1.9.1.5) Gecko/20091109 Ubuntu/9.10 (karmic) Firefox/3.5.5"
79.192.45.96 - - [15/Apr/2010:12:57:11 +0200] "GET /content/regenbogen/ HTTP/1.1" 404 331 "http://www.google.com/custom?hl=en&client=pub-2070091971271392&cof=FORID%3A13%3BAH%3Aleft%3BCX%3AUbuntu%2520Start%2520Page%2520%2528a%2529%3BL%3Ahttp%3A%2F%2Fwww.google.com%2Fintl%2Fen%2Fimages%2Flogos%2Fcustom_search_logo_sm.gif%3BLH%3A30%3BLP%3A1%3BLC%3A%230000ff%3BVLC%3A%23663399%3BDIV%3A%23336699%3B&adkw=AELymgXQMUBjObjjJEzRbeYOYe_TKqzteSRKSGyEYCqUHI7uw1LLhBHH-uN3LHLYsffxR8C-PSQCdp_jxMhkw9a_PTaAHMsuliU4Y83qPjUk4mAIgENl48I&channel=3567841739&ie=ISO-8859-1&oe=ISO-8859-1&q=KITA+zentrum+Regenbogen+Bernau&btnG=Search&cx=partner-pub-2070091971271392%3A6ra8wy-1zdk" "Mozilla/5.0 (X11; U; Linux i686; de; rv:1.9.1.5) Gecko/20091109 Ubuntu/9.10 (karmic) Firefox/3.5.5"
79.192.45.96 - - [15/Apr/2010:12:57:26 +0200] "GET /content/eltern-kind-zentrum-bernau-sued/ HTTP/1.1" 404 352 "http://www.google.com/custom?hl=en&client=pub-2070091971271392&cof=FORID%3A13%3BAH%3Aleft%3BCX%3AUbuntu%2520Start%2520Page%2520%2528a%2529%3BL%3Ahttp%3A%2F%2Fwww.google.com%2Fintl%2Fen%2Fimages%2Flogos%2Fcustom_search_logo_sm.gif%3BLH%3A30%3BLP%3A1%3BLC%3A%230000ff%3BVLC%3A%23663399%3BDIV%3A%23336699%3B&adkw=AELymgXQMUBjObjjJEzRbeYOYe_TKqzteSRKSGyEYCqUHI7uw1LLhBHH-uN3LHLYsffxR8C-PSQCdp_jxMhkw9a_PTaAHMsuliU4Y83qPjUk4mAIgENl48I&channel=3567841739&ie=ISO-8859-1&oe=ISO-8859-1&q=KITA+zentrum+Regenbogen+Bernau&btnG=Search&cx=partner-pub-2070091971271392%3A6ra8wy-1zdk" "Mozilla/5.0 (X11; U; Linux i686; de; rv:1.9.1.5) Gecko/20091109 Ubuntu/9.10 (karmic) Firefox/3.5.5"
77.12.77.44 - - [15/Apr/2010:12:58:24 +0200] "GET / HTTP/1.1" 200 1229 "http://www.google.de/url?sa=t&source=web&ct=res&cd=1&ved=0CBIQFDAA&url=http%3A%2F%2Fwww.awo-kv-bernau.de%2F&rct=j&q=wohnen+in+bernau&ei=TPHGS-WwDdzGOI3_pN8M&usg=AFQjCNFY6jRp0cyjK4eLe9CtgjDN1c4Vuw" "Mozilla/5.0 (Windows; U; Windows NT 6.1; de; rv:1.9.2.3) Gecko/20100401 Firefox/3.6.3"
77.12.77.44 - - [15/Apr/2010:12:58:24 +0200] "GET /favicon.ico HTTP/1.1" 404 323 "-" "Mozilla/5.0 (Windows; U; Windows NT 6.1; de; rv:1.9.2.3) Gecko/20100401 Firefox/3.6.3"
77.12.77.44 - - [15/Apr/2010:12:58:24 +0200] "GET /favicon.ico HTTP/1.1" 404 323 "-" "Mozilla/5.0 (Windows; U; Windows NT 6.1; de; rv:1.9.2.3) Gecko/20100401 Firefox/3.6.3"
77.12.77.44 - - [15/Apr/2010:12:58:27 +0200] "GET /favicon.ico HTTP/1.1" 404 323 "-" "Mozilla/5.0 (Windows; U; Windows NT 6.1; de; rv:1.9.2.3) Gecko/20100401 Firefox/3.6.3"
66.249.65.248 - - [15/Apr/2010:12:58:31 +0200] "GET /content/kalender/jax_calendar.php?Y=-639&m=10&d=1&cal_id=0&language=german&gmt_ofs=-1&view=d1 HTTP/1.1" 404 345 "-" "Mozilla/5.0 (compatible; Googlebot/2.1; +http://www.google.com/bot.html)"
87.187.153.152 - - [15/Apr/2010:12:59:51 +0200] "GET /content/aktuelles/ HTTP/1.1" 404 330 "-" "Mozilla/4.0 (compatible; MSIE 8.0; Windows NT 5.1; Trident/4.0; .NET CLR 2.0.50727; .NET CLR 3.0.4506.2152; .NET CLR 3.5.30729; InfoPath.2)"
208.115.111.246 - - [15/Apr/2010:13:02:10 +0200] "GET /robots.txt HTTP/1.1" 404 322 "-" "Mozilla/5.0 (compatible; DotBot/1.1; http://www.dotnetdotcom.org/, crawler@dotnetdotcom.org)"
66.249.65.248 - - [15/Apr/2010:13:03:26 +0200] "GET /content/kalender/jax_calendar.php?Y=235&m=12&d=6&cal_id=0&language=german&gmt_ofs=-1&view=d1 HTTP/1.1" 404 345 "-" "Mozilla/5.0 (compatible; Googlebot/2.1; +http://www.google.com/bot.html)"
66.249.65.248 - - [15/Apr/2010:13:05:59 +0200] "GET /content/kalender/jax_calendar.php?Y=-646&m=1&d=1&cal_id=0&language=german&gmt_ofs=-1&view=d1 HTTP/1.1" 404 345 "-" "Mozilla/5.0 (compatible; Googlebot/2.1; +http://www.google.com/bot.html)"
66.249.65.248 - - [15/Apr/2010:13:08:32 +0200] "GET /content/kalender/jax_calendar.php?Y=3814&m=5&d=39&view=d1 HTTP/1.1" 404 345 "-" "Mozilla/5.0 (compatible; Googlebot/2.1; +http://www.google.com/bot.html)"
203.6.203.76 - - [15/Apr/2010:13:10:29 +0200] "GET / HTTP/1.0" 200 1229 "-" "-"
66.249.65.233 - - [15/Apr/2010:13:11:06 +0200] "GET /robots.txt HTTP/1.1" 404 324 "-" "Mozilla/5.0 (compatible; Googlebot/2.1; +http://www.google.com/bot.html)"
66.249.65.233 - - [15/Apr/2010:13:11:07 +0200] "GET / HTTP/1.1" 304 - "-" "Mozilla/5.0 (compatible; Googlebot/2.1; +http://www.google.com/bot.html)"
65.55.216.11 - - [15/Apr/2010:13:13:11 +0200] "GET /robots.txt HTTP/1.1" 404 327 "-" "msnbot/2.0b (+http://search.msn.com/msnbot.htm)"
66.249.65.248 - - [15/Apr/2010:13:14:08 +0200] "GET /content/kalender/jax_calendar.php?Y=-1605&m=2&d=3&cal_id=0&language=german&gmt_ofs=-1&view=d1 HTTP/1.1" 404 345 "-" "Mozilla/5.0 (compatible; Googlebot/2.1; +http://www.google.com/bot.html)"
66.249.65.248 - - [15/Apr/2010:13:16:08 +0200] "GET /content/kalender/jax_calendar.php?Y=-653&m=10&d=1&cal_id=0&language=german&gmt_ofs=-1&view=d1 HTTP/1.1" 404 345 "-" "Mozilla/5.0 (compatible; Googlebot/2.1; +http://www.google.com/bot.html)"
66.249.65.248 - - [15/Apr/2010:13:18:41 +0200] "GET /content/kalender/jax_calendar.php?Y=245&m=12&d=9&cal_id=0&language=german&gmt_ofs=-1&view=d1 HTTP/1.1" 404 345 "-" "Mozilla/5.0 (compatible; Googlebot/2.1; +http://www.google.com/bot.html)"
66.249.65.248 - - [15/Apr/2010:13:23:50 +0200] "GET /content/kalender/jax_calendar.php?Y=-653&m=4&d=1&cal_id=0&language=german&gmt_ofs=-1&view=d1 HTTP/1.1" 404 345 "-" "Mozilla/5.0 (compatible; Googlebot/2.1; +http://www.google.com/bot.html)"
66.249.65.248 - - [15/Apr/2010:13:24:52 +0200] "GET /content/kalender/jax_calendar.php?Y=254&m=2&d=9&cal_id=0&language=german&gmt_ofs=-1&view=d1 HTTP/1.1" 404 345 "-" "Mozilla/5.0 (compatible; Googlebot/2.1; +http://www.google.com/bot.html)"
66.249.65.248 - - [15/Apr/2010:13:24:52 +0200] "GET /content/kalender/jax_calendar.php?Y=-653&m=3&d=1&cal_id=0&language=german&gmt_ofs=-1&view=d1 HTTP/1.1" 404 345 "-" "Mozilla/5.0 (compatible; Googlebot/2.1; +http://www.google.com/bot.html)"
66.249.65.248 - - [15/Apr/2010:13:24:53 +0200] "GET /content/kalender/jax_calendar.php?Y=254&m=7&d=9&cal_id=0&language=german&gmt_ofs=-1&view=d1 HTTP/1.1" 404 345 "-" "Mozilla/5.0 (compatible; Googlebot/2.1; +http://www.google.com/bot.html)"
66.249.65.248 - - [15/Apr/2010:13:24:53 +0200] "GET /content/kalender/jax_calendar.php?Y=240&m=11&d=34&view=d1 HTTP/1.1" 404 345 "-" "Mozilla/5.0 (compatible; Googlebot/2.1; +http://www.google.com/bot.html)"
66.249.65.248 - - [15/Apr/2010:13:24:55 +0200] "GET /content/kalender/jax_calendar.php?Y=-1599&m=1&d=5&cal_id=0&language=german&gmt_ofs=-1&view=d1 HTTP/1.1" 404 345 "-" "Mozilla/5.0 (compatible; Googlebot/2.1; +http://www.google.com/bot.html)"
66.249.65.248 - - [15/Apr/2010:13:24:55 +0200] "GET /content/kalender/jax_calendar.php?Y=-653&m=5&d=4&view=d1 HTTP/1.1" 404 345 "-" "Mozilla/5.0 (compatible; Googlebot/2.1; +http://www.google.com/bot.html)"
66.249.65.248 - - [15/Apr/2010:13:24:56 +0200] "GET /content/kalender/jax_calendar.php?Y=250&m=2&d=9&cal_id=0&language=german&gmt_ofs=-1&view=d1 HTTP/1.1" 404 345 "-" "Mozilla/5.0 (compatible; Googlebot/2.1; +http://www.google.com/bot.html)"
87.187.153.152 - - [15/Apr/2010:13:34:35 +0200] "GET / HTTP/1.1" 200 1229 "-" "Mozilla/4.0 (compatible; MSIE 7.0; Windows NT 5.1; .NET CLR 1.1.4322)"
87.187.153.152 - - [15/Apr/2010:13:34:36 +0200] "GET /favicon.ico HTTP/1.1" 404 328 "-" "Mozilla/4.0 (compatible; MSIE 7.0; Windows NT 5.1; .NET CLR 1.1.4322)"
87.187.153.152 - - [15/Apr/2010:13:34:46 +0200] "GET / HTTP/1.1" 200 1229 "-" "Mozilla/5.0 (Windows; U; Windows NT 6.0; de; rv:1.9.2.3) Gecko/20100401 Firefox/3.6.3 (.NET CLR 3.5.30729)"
87.187.153.152 - - [15/Apr/2010:13:34:47 +0200] "GET /favicon.ico HTTP/1.1" 404 323 "-" "Mozilla/5.0 (Windows; U; Windows NT 6.0; de; rv:1.9.2.3) Gecko/20100401 Firefox/3.6.3 (.NET CLR 3.5.30729)"
87.187.153.152 - - [15/Apr/2010:13:34:50 +0200] "GET /favicon.ico HTTP/1.1" 404 323 "-" "Mozilla/5.0 (Windows; U; Windows NT 6.0; de; rv:1.9.2.3) Gecko/20100401 Firefox/3.6.3 (.NET CLR 3.5.30729)"
91.63.131.213 - - [15/Apr/2010:13:36:28 +0200] "GET / HTTP/1.1" 200 1229 "-" "Mozilla/4.0 (compatible; MSIE 8.0; Windows NT 5.1; Trident/4.0; .NET CLR 1.1.4322; .NET CLR 2.0.50727; .NET CLR 3.0.4506.2152; .NET CLR 3.5.30729)"
91.63.131.213 - - [15/Apr/2010:13:36:28 +0200] "GET /favicon.ico HTTP/1.1" 404 323 "-" "Mozilla/4.0 (compatible; MSIE 8.0; Windows NT 5.1; Trident/4.0; .NET CLR 1.1.4322; .NET CLR 2.0.50727; .NET CLR 3.0.4506.2152; .NET CLR 3.5.30729)"
208.115.111.246 - - [15/Apr/2010:13:42:36 +0200] "GET / HTTP/1.1" 200 1229 "-" "Mozilla/5.0 (compatible; DotBot/1.1; http://www.dotnetdotcom.org/, crawler@dotnetdotcom.org)"
208.115.111.246 - - [15/Apr/2010:13:42:41 +0200] "GET /fotogalerien.htm HTTP/1.1" 404 328 "-" "Mozilla/5.0 (compatible; DotBot/1.1; http://www.dotnetdotcom.org/, crawler@dotnetdotcom.org)"
208.115.111.246 - - [15/Apr/2010:13:42:46 +0200] "GET /fotoshow/fotoshow.htm HTTP/1.1" 404 333 "-" "Mozilla/5.0 (compatible; DotBot/1.1; http://www.dotnetdotcom.org/, crawler@dotnetdotcom.org)"
87.187.153.152 - - [15/Apr/2010:13:47:57 +0200] "GET / HTTP/1.1" 304 - "-" "Mozilla/4.0 (compatible; MSIE 7.0; Windows NT 5.1; .NET CLR 1.1.4322)"
207.46.195.224 - - [15/Apr/2010:13:53:16 +0200] "GET /robots.txt HTTP/1.1" 404 322 "-" "msnbot/2.0b (+http://search.msn.com/msnbot.htm)"
207.46.195.224 - - [15/Apr/2010:13:54:16 +0200] "GET /content/beratungsstellen/ HTTP/1.1" 404 337 "-" "msnbot/2.0b (+http://search.msn.com/msnbot.htm)"
66.249.65.248 - - [15/Apr/2010:13:54:18 +0200] "GET /content/kalender/jax_calendar.php?Y=-652&m=4&d=1&cal_id=0&language=german&gmt_ofs=-1&view=d1 HTTP/1.1" 404 345 "-" "Mozilla/5.0 (compatible; Googlebot/2.1; +http://www.google.com/bot.html)"
66.249.65.248 - - [15/Apr/2010:13:54:19 +0200] "GET /content/kalender/jax_calendar.php?Y=-649&m=3&d=1&cal_id=0&language=german&gmt_ofs=-1&view=d1 HTTP/1.1" 404 345 "-" "Mozilla/5.0 (compatible; Googlebot/2.1; +http://www.google.com/bot.html)"
66.249.65.248 - - [15/Apr/2010:13:54:19 +0200] "GET /content/kalender/jax_calendar.php?Y=-1599&m=10&d=31&view=d1 HTTP/1.1" 404 345 "-" "Mozilla/5.0 (compatible; Googlebot/2.1; +http://www.google.com/bot.html)"
66.249.65.248 - - [15/Apr/2010:13:54:20 +0200] "GET /content/kalender/jax_calendar.php?Y=254&m=12&d=9&cal_id=0&language=german&gmt_ofs=-1&view=d1 HTTP/1.1" 404 345 "-" "Mozilla/5.0 (compatible; Googlebot/2.1; +http://www.google.com/bot.html)"
66.249.65.248 - - [15/Apr/2010:13:57:34 +0200] "GET /content/kalender/jax_calendar.php?Y=264&m=10&d=9&cal_id=0&language=german&gmt_ofs=-1&view=d1 HTTP/1.1" 404 345 "-" "Mozilla/5.0 (compatible; Googlebot/2.1; +http://www.google.com/bot.html)"
87.187.153.152 - - [15/Apr/2010:14:00:24 +0200] "GET /content/aktuelles/ HTTP/1.1" 404 330 "-" "Mozilla/4.0 (compatible; MSIE 8.0; Windows NT 5.1; Trident/4.0; .NET CLR 2.0.50727; .NET CLR 3.0.4506.2152; .NET CLR 3.5.30729; InfoPath.2)"
66.249.65.248 - - [15/Apr/2010:14:06:26 +0200] "GET /content/kalender/jax_calendar.php?Y=239&m=3&d=13&view=d1 HTTP/1.1" 404 345 "-" "Mozilla/5.0 (compatible; Googlebot/2.1; +http://www.google.com/bot.html)"
66.249.65.248 - - [15/Apr/2010:14:11:26 +0200] "GET /content/kalender/jax_calendar.php?Y=-648&m=8&d=1&cal_id=0&language=german&gmt_ofs=-1&view=d1 HTTP/1.1" 404 345 "-" "Mozilla/5.0 (compatible; Googlebot/2.1; +http://www.google.com/bot.html)"
65.55.106.108 - - [15/Apr/2010:14:13:10 +0200] "GET /robots.txt HTTP/1.1" 404 327 "-" "msnbot/2.0b (+http://search.msn.com/msnbot.htm)"
66.249.65.248 - - [15/Apr/2010:14:19:47 +0200] "GET /content/kalender/jax_calendar.php?Y=242&m=12&d=18&view=d1 HTTP/1.1" 404 345 "-" "Mozilla/5.0 (compatible; Googlebot/2.1; +http://www.google.com/bot.html)"
87.187.153.152 - - [15/Apr/2010:14:21:02 +0200] "GET / HTTP/1.1" 304 - "-" "Mozilla/4.0 (compatible; MSIE 7.0; Windows NT 5.1; .NET CLR 1.1.4322)"
87.187.153.152 - - [15/Apr/2010:14:22:45 +0200] "GET / HTTP/1.1" 304 - "-" "Mozilla/4.0 (compatible; MSIE 7.0; Windows NT 5.1; .NET CLR 1.1.4322)"
66.249.65.248 - - [15/Apr/2010:14:25:12 +0200] "GET /content/kalender/jax_calendar.php?Y=244&m=11&d=14&view=d1 HTTP/1.1" 404 345 "-" "Mozilla/5.0 (compatible; Googlebot/2.1; +http://www.google.com/bot.html)"
66.249.65.248 - - [15/Apr/2010:14:25:13 +0200] "GET /content/kalender/jax_calendar.php?Y=254&m=10&d=15&view=d1 HTTP/1.1" 404 345 "-" "Mozilla/5.0 (compatible; Googlebot/2.1; +http://www.google.com/bot.html)"
66.249.65.248 - - [15/Apr/2010:14:25:14 +0200] "GET /content/kalender/jax_calendar.php?Y=248&m=10&d=17&view=d1 HTTP/1.1" 404 345 "-" "Mozilla/5.0 (compatible; Googlebot/2.1; +http://www.google.com/bot.html)"
66.249.65.248 - - [15/Apr/2010:14:25:15 +0200] "GET /content/kalender/jax_calendar.php?Y=-649&m=5&d=16&view=d1 HTTP/1.1" 404 345 "-" "Mozilla/5.0 (compatible; Googlebot/2.1; +http://www.google.com/bot.html)"
66.249.65.248 - - [15/Apr/2010:14:25:16 +0200] "GET /content/kalender/jax_calendar.php?Y=244&m=9&d=1&view=d1 HTTP/1.1" 404 345 "-" "Mozilla/5.0 (compatible; Googlebot/2.1; +http://www.google.com/bot.html)"
66.249.65.248 - - [15/Apr/2010:14:25:17 +0200] "GET /content/kalender/jax_calendar.php?Y=-652&m=6&d=1&cal_id=0&language=german&gmt_ofs=-1&view=d1 HTTP/1.1" 404 345 "-" "Mozilla/5.0 (compatible; Googlebot/2.1; +http://www.google.com/bot.html)"
66.249.65.248 - - [15/Apr/2010:14:25:18 +0200] "GET /content/kalender/jax_calendar.php?Y=239&m=6&d=18&view=d1 HTTP/1.1" 404 345 "-" "Mozilla/5.0 (compatible; Googlebot/2.1; +http://www.google.com/bot.html)"
88.72.14.202 - - [15/Apr/2010:14:26:31 +0200] "GET / HTTP/1.1" 200 1229 "http://www.google.de/url?sa=t&source=web&ct=res&cd=3&ved=0CA8QFDAC&url=http%3A%2F%2Fwww.awo-kv-bernau.de%2F&rct=j&q=pflegedienst+bernau&ei=6wXHS-7AFdGQOKeIla8N&usg=AFQjCNFY6jRp0cyjK4eLe9CtgjDN1c4Vuw" "Mozilla/5.0 (Windows; U; Windows NT 5.1; de; rv:1.9.2.3) Gecko/20100401 Firefox/3.6.3"
88.72.14.202 - - [15/Apr/2010:14:26:31 +0200] "GET /favicon.ico HTTP/1.1" 404 323 "-" "Mozilla/5.0 (Windows; U; Windows NT 5.1; de; rv:1.9.2.3) Gecko/20100401 Firefox/3.6.3"
88.72.14.202 - - [15/Apr/2010:14:26:34 +0200] "GET /favicon.ico HTTP/1.1" 404 323 "-" "Mozilla/5.0 (Windows; U; Windows NT 5.1; de; rv:1.9.2.3) Gecko/20100401 Firefox/3.6.3"
67.195.111.229 - - [15/Apr/2010:14:32:07 +0200] "GET /content/satzung/ HTTP/1.0" 404 328 "-" "Mozilla/5.0 (compatible; Yahoo! Slurp/3.0; http://help.yahoo.com/help/us/ysearch/slurp)"
78.49.111.206 - - [15/Apr/2010:14:35:40 +0200] "GET /content/betreute-wohngruppe/ HTTP/1.1" 404 345 "http://www.google.de/url?sa=t&source=web&ct=res&cd=8&ved=0CCgQFjAH&url=http%3A%2F%2Fwww.sozialedienste-awo.de%2Fcontent%2Fbetreute-wohngruppe%2F&rct=j&q=betreute+wohngruppen&ei=5QfHS-PdL4qPOJ-O_d4M&usg=AFQjCNGKsExxguja2Jh2vf37UzBAzDSoKQ" "Mozilla/5.0 (Windows; U; Windows NT 5.1; de; rv:1.9.2.3) Gecko/20100401 Firefox/3.6.3"
78.49.111.206 - - [15/Apr/2010:14:35:40 +0200] "GET /favicon.ico HTTP/1.1" 404 328 "-" "Mozilla/5.0 (Windows; U; Windows NT 5.1; de; rv:1.9.2.3) Gecko/20100401 Firefox/3.6.3"
78.49.111.206 - - [15/Apr/2010:14:35:43 +0200] "GET /favicon.ico HTTP/1.1" 404 328 "-" "Mozilla/5.0 (Windows; U; Windows NT 5.1; de; rv:1.9.2.3) Gecko/20100401 Firefox/3.6.3"
87.187.153.152 - - [15/Apr/2010:14:37:34 +0200] "GET / HTTP/1.1" 304 - "-" "Mozilla/4.0 (compatible; MSIE 7.0; Windows NT 5.1; .NET CLR 1.1.4322)"
66.249.65.248 - - [15/Apr/2010:14:40:18 +0200] "GET /robots.txt HTTP/1.1" 404 322 "-" "Mozilla/5.0 (compatible; Googlebot/2.1; +http://www.google.com/bot.html)"
66.249.65.248 - - [15/Apr/2010:14:40:18 +0200] "GET /content/kalender/jax_calendar.php?Y=-1599&m=2&d=3&cal_id=0&language=german&gmt_ofs=-1&view=d1 HTTP/1.1" 404 345 "-" "Mozilla/5.0 (compatible; Googlebot/2.1; +http://www.google.com/bot.html)"
87.187.153.152 - - [15/Apr/2010:14:41:39 +0200] "GET / HTTP/1.1" 304 - "-" "Mozilla/4.0 (compatible; MSIE 7.0; Windows NT 5.1; .NET CLR 1.1.4322)"
194.6.239.30 - - [15/Apr/2010:14:41:56 +0200] "GET / HTTP/1.1" 200 1229 "http://www.google.de/search?hl=de&safe=off&client=firefox-a&hs=EH4&rls=org.mozilla%3Ade%3Aofficial&q=awo+bernau&meta=&aq=f&aqi=g2&aql=&oq=&gs_rfai=" "Mozilla/5.0 (Windows; U; Windows NT 6.1; de; rv:1.9.1.9) Gecko/20100315 Firefox/3.5.9"
194.6.239.30 - - [15/Apr/2010:14:41:59 +0200] "GET /favicon.ico HTTP/1.1" 404 323 "-" "Mozilla/5.0 (Windows; U; Windows NT 6.1; de; rv:1.9.1.9) Gecko/20100315 Firefox/3.5.9"
194.6.239.30 - - [15/Apr/2010:14:42:01 +0200] "GET /favicon.ico HTTP/1.1" 404 323 "-" "Mozilla/5.0 (Windows; U; Windows NT 6.1; de; rv:1.9.1.9) Gecko/20100315 Firefox/3.5.9"
194.6.239.30 - - [15/Apr/2010:14:42:10 +0200] "GET / HTTP/1.1" 200 1229 "http://www.google.de/search?hl=de&safe=off&client=firefox-a&hs=EH4&rls=org.mozilla%3Ade%3Aofficial&q=awo+bernau&meta=&aq=f&aqi=g2&aql=&oq=&gs_rfai=" "Mozilla/5.0 (Windows; U; Windows NT 6.1; de; rv:1.9.1.9) Gecko/20100315 Firefox/3.5.9"
194.6.239.30 - - [15/Apr/2010:14:42:10 +0200] "GET /favicon.ico HTTP/1.1" 404 328 "-" "Mozilla/5.0 (Windows; U; Windows NT 6.1; de; rv:1.9.1.9) Gecko/20100315 Firefox/3.5.9"
194.6.239.30 - - [15/Apr/2010:14:42:13 +0200] "GET /favicon.ico HTTP/1.1" 404 328 "-" "Mozilla/5.0 (Windows; U; Windows NT 6.1; de; rv:1.9.1.9) Gecko/20100315 Firefox/3.5.9"
87.187.153.152 - - [15/Apr/2010:14:43:07 +0200] "GET / HTTP/1.1" 200 1229 "-" "Mozilla/4.0 (compatible; MSIE 7.0; Windows NT 5.1; .NET CLR 1.1.4322)"
87.187.153.152 - - [15/Apr/2010:14:43:07 +0200] "GET /favicon.ico HTTP/1.1" 404 328 "-" "Mozilla/4.0 (compatible; MSIE 7.0; Windows NT 5.1; .NET CLR 1.1.4322)"
87.187.153.152 - - [15/Apr/2010:14:44:15 +0200] "GET / HTTP/1.1" 304 - "-" "Mozilla/4.0 (compatible; MSIE 7.0; Windows NT 5.1; .NET CLR 1.1.4322)"
77.184.97.234 - - [15/Apr/2010:14:44:26 +0200] "GET / HTTP/1.1" 200 1229 "http://www.google.de/search?hl=de&source=hp&q=awo+bernau&meta=&aq=4&aqi=g10&aql=&oq=awo+ber&gs_rfai=" "Mozilla/4.0 (compatible; MSIE 6.0; Windows NT 5.1; SV1)"
77.184.97.234 - - [15/Apr/2010:14:44:42 +0200] "GET / HTTP/1.1" 200 1229 "http://www.google.de/search?hl=de&source=hp&q=awo+bernau&meta=&aq=4&aqi=g10&aql=&oq=awo+ber&gs_rfai=" "Mozilla/4.0 (compatible; MSIE 6.0; Windows NT 5.1; SV1)"
87.187.153.152 - - [15/Apr/2010:14:46:03 +0200] "GET / HTTP/1.1" 304 - "-" "Mozilla/4.0 (compatible; MSIE 7.0; Windows NT 5.1; GTB6.3; .NET CLR 1.1.4322)"
78.46.69.182 - - [15/Apr/2010:14:47:25 +0200] "GET / HTTP/1.1" 200 1229 "http://www.google.de/maps?hl=de&lr=&q=lackierer&near=Potsdam&sa=X&oi=local&ct=title" "Mozilla/4.0 (compatible; MSIE 7.0; Windows NT 5.2; Trident/4.0; .NET CLR 1.1.4322; .NET CLR 2.0.50727; .NET CLR 3.0.4506.2152; .NET CLR 3.5.30729)"
78.46.69.182 - - [15/Apr/2010:14:47:25 +0200] "GET /favicon.ico HTTP/1.1" 404 323 "-" "Mozilla/4.0 (compatible; MSIE 8.0; Windows NT 5.2; Trident/4.0; .NET CLR 1.1.4322; .NET CLR 2.0.50727; .NET CLR 3.0.4506.2152; .NET CLR 3.5.30729)"
66.249.65.248 - - [15/Apr/2010:14:48:13 +0200] "GET /content/kalender/jax_calendar.php?Y=2011&m=10&d=9&cal_id=0&language=german&gmt_ofs=-1&view=d1 HTTP/1.1" 404 345 "-" "Mozilla/5.0 (compatible; Googlebot/2.1; +http://www.google.com/bot.html)"
87.187.153.152 - - [15/Apr/2010:14:49:26 +0200] "GET / HTTP/1.1" 200 1229 "-" "Mozilla/4.0 (compatible; MSIE 7.0; Windows NT 5.1; GTB6.4; .NET CLR 1.1.4322)"
87.187.153.152 - - [15/Apr/2010:14:49:26 +0200] "GET /favicon.ico HTTP/1.1" 404 328 "-" "Mozilla/4.0 (compatible; MSIE 7.0; Windows NT 5.1; GTB6.4; .NET CLR 1.1.4322)"
78.46.69.182 - - [15/Apr/2010:14:50:21 +0200] "GET / HTTP/1.1" 304 - "http://www.google.de/maps?hl=de&lr=&q=lackierer&near=Potsdam&sa=X&oi=local&ct=title" "Mozilla/4.0 (compatible; MSIE 7.0; Windows NT 5.2; Trident/4.0; .NET CLR 1.1.4322; .NET CLR 2.0.50727; .NET CLR 3.0.4506.2152; .NET CLR 3.5.30729)"
78.46.69.182 - - [15/Apr/2010:14:50:21 +0200] "GET /favicon.ico HTTP/1.1" 404 323 "-" "Mozilla/4.0 (compatible; MSIE 8.0; Windows NT 5.2; Trident/4.0; .NET CLR 1.1.4322; .NET CLR 2.0.50727; .NET CLR 3.0.4506.2152; .NET CLR 3.5.30729)"
87.187.153.152 - - [15/Apr/2010:14:52:51 +0200] "GET / HTTP/1.1" 200 1229 "-" "Mozilla/4.0 (compatible; MSIE 7.0; Windows NT 5.1; GTB6.4; .NET CLR 1.1.4322)"
87.187.153.152 - - [15/Apr/2010:14:52:51 +0200] "GET /favicon.ico HTTP/1.1" 404 328 "-" "Mozilla/4.0 (compatible; MSIE 7.0; Windows NT 5.1; GTB6.4; .NET CLR 1.1.4322)"
194.6.239.30 - - [15/Apr/2010:14:53:24 +0200] "GET / HTTP/1.1" 200 1229 "http://www.google.de/search?hl=de&q=awo+bernau+&meta=&aq=f&aqi=&aql=&oq=&gs_rfai=" "Mozilla/4.0 (compatible; MSIE 8.0; Windows NT 6.1; Win64; x64; Trident/4.0; .NET CLR 2.0.50727; SLCC2; .NET CLR 3.5.30729; .NET CLR 3.0.30729; Media Center PC 6.0)"
194.6.239.30 - - [15/Apr/2010:14:53:24 +0200] "GET /favicon.ico HTTP/1.1" 404 323 "-" "Mozilla/4.0 (compatible; MSIE 8.0; Windows NT 6.1; Win64; x64; Trident/4.0; .NET CLR 2.0.50727; SLCC2; .NET CLR 3.5.30729; .NET CLR 3.0.30729; Media Center PC 6.0)"
194.6.239.30 - - [15/Apr/2010:14:53:36 +0200] "GET / HTTP/1.1" 200 1229 "http://www.google.de/search?hl=de&q=awo+bernau+&meta=&aq=f&aqi=&aql=&oq=&gs_rfai=" "Mozilla/4.0 (compatible; MSIE 8.0; Windows NT 6.1; Win64; x64; Trident/4.0; .NET CLR 2.0.50727; SLCC2; .NET CLR 3.5.30729; .NET CLR 3.0.30729; Media Center PC 6.0)"
194.6.239.30 - - [15/Apr/2010:14:53:36 +0200] "GET /favicon.ico HTTP/1.1" 404 328 "-" "Mozilla/4.0 (compatible; MSIE 8.0; Windows NT 6.1; Win64; x64; Trident/4.0; .NET CLR 2.0.50727; SLCC2; .NET CLR 3.5.30729; .NET CLR 3.0.30729; Media Center PC 6.0)"
194.6.239.30 - - [15/Apr/2010:14:53:43 +0200] "GET / HTTP/1.1" 304 - "http://www.google.de/search?hl=de&q=awo+bernau+&meta=&aq=f&aqi=&aql=&oq=&gs_rfai=" "Mozilla/4.0 (compatible; MSIE 8.0; Windows NT 6.1; Win64; x64; Trident/4.0; .NET CLR 2.0.50727; SLCC2; .NET CLR 3.5.30729; .NET CLR 3.0.30729; Media Center PC 6.0)"
194.6.239.30 - - [15/Apr/2010:14:53:43 +0200] "GET /favicon.ico HTTP/1.1" 404 323 "-" "Mozilla/4.0 (compatible; MSIE 8.0; Windows NT 6.1; Win64; x64; Trident/4.0; .NET CLR 2.0.50727; SLCC2; .NET CLR 3.5.30729; .NET CLR 3.0.30729; Media Center PC 6.0)"
66.249.65.248 - - [15/Apr/2010:14:54:21 +0200] "GET /content/kalender/jax_calendar.php?Y=-653&m=8&d=1&cal_id=0&language=german&gmt_ofs=-1&view=d1 HTTP/1.1" 404 345 "-" "Mozilla/5.0 (compatible; Googlebot/2.1; +http://www.google.com/bot.html)"
66.249.65.248 - - [15/Apr/2010:14:54:22 +0200] "GET /content/kalender/jax_calendar.php?Y=-653&m=2&d=1&cal_id=0&language=german&gmt_ofs=-1&view=d1 HTTP/1.1" 404 345 "-" "Mozilla/5.0 (compatible; Googlebot/2.1; +http://www.google.com/bot.html)"
66.249.65.248 - - [15/Apr/2010:14:54:23 +0200] "GET /content/kalender/jax_calendar.php?Y=-1615&m=10&d=3&cal_id=0&language=german&gmt_ofs=-1&view=d1 HTTP/1.1" 404 345 "-" "Mozilla/5.0 (compatible; Googlebot/2.1; +http://www.google.com/bot.html)"
66.249.65.248 - - [15/Apr/2010:14:54:23 +0200] "GET /content/kalender/jax_calendar.php?Y=-1605&m=6&d=3&cal_id=0&language=german&gmt_ofs=-1&view=d1 HTTP/1.1" 404 345 "-" "Mozilla/5.0 (compatible; Googlebot/2.1; +http://www.google.com/bot.html)"
66.249.65.248 - - [15/Apr/2010:14:54:24 +0200] "GET /content/kalender/jax_calendar.php?Y=248&m=12&d=9&cal_id=0&language=german&gmt_ofs=-1&view=d1 HTTP/1.1" 404 345 "-" "Mozilla/5.0 (compatible; Googlebot/2.1; +http://www.google.com/bot.html)"
82.113.121.248 - - [15/Apr/2010:14:54:48 +0200] "GET /content/vorstand/ HTTP/1.1" 404 329 "http://www.google.de/search?q=frank+peters+bernau&ie=utf-8&oe=utf-8&aq=t&rls=org.mozilla:de:official&client=firefox-a" "Mozilla/5.0 (Windows; U; Windows NT 5.1; de; rv:1.9.2.3) Gecko/20100401 Firefox/3.6.3 (.NET CLR 3.5.30729)"
82.113.121.248 - - [15/Apr/2010:14:54:49 +0200] "GET /favicon.ico HTTP/1.1" 404 323 "-" "Mozilla/5.0 (Windows; U; Windows NT 5.1; de; rv:1.9.2.3) Gecko/20100401 Firefox/3.6.3 (.NET CLR 3.5.30729)"
82.113.121.248 - - [15/Apr/2010:14:54:52 +0200] "GET /favicon.ico HTTP/1.1" 404 323 "-" "Mozilla/5.0 (Windows; U; Windows NT 5.1; de; rv:1.9.2.3) Gecko/20100401 Firefox/3.6.3 (.NET CLR 3.5.30729)"
82.113.121.248 - - [15/Apr/2010:14:54:53 +0200] "GET / HTTP/1.1" 200 1229 "http://de.data.toolbar.yahoo.com/bh/v1/epa/?.nrd=1&.sc=&.tc=&.intl=de&.pc=&error=404&url=http%3A%2F%2Fwww.awo-kv-bernau.de%2Fcontent%2Fvorstand%2F" "Mozilla/5.0 (Windows; U; Windows NT 5.1; de; rv:1.9.2.3) Gecko/20100401 Firefox/3.6.3 (.NET CLR 3.5.30729)"
82.113.121.248 - - [15/Apr/2010:14:55:05 +0200] "GET /content/kontakt-impressum/ HTTP/1.1" 404 338 "http://www.google.de/search?q=frank+peters+bernau&ie=utf-8&oe=utf-8&aq=t&rls=org.mozilla:de:official&client=firefox-a" "Mozilla/5.0 (Windows; U; Windows NT 5.1; de; rv:1.9.2.3) Gecko/20100401 Firefox/3.6.3 (.NET CLR 3.5.30729)"
87.187.179.22 - - [15/Apr/2010:14:59:10 +0200] "GET / HTTP/1.1" 304 - "-" "Mozilla/4.0 (compatible; MSIE 7.0; Windows NT 5.1; Trident/4.0)"
90.186.222.111 - - [15/Apr/2010:15:01:18 +0200] "GET / HTTP/1.1" 200 1229 "http://www.google.de/search?hl=de&source=hp&q=awo+kv+bernau&btnG=Google-Suche&meta=&aq=f&aqi=&aql=&oq=&gs_rfai=" "HTC_HD2_T8585 Opera/9.70 (Windows NT 5.1; U; de)"
90.186.222.111 - - [15/Apr/2010:15:01:19 +0200] "GET /favicon.ico HTTP/1.1" 404 323 "http://www.awo-kv-bernau.de/" "HTC_HD2_T8585 Opera/9.70 (Windows NT 5.1; U; de)"
66.249.65.248 - - [15/Apr/2010:15:02:12 +0200] "GET /content/kalender/jax_calendar.php?Y=263&m=10&d=9&cal_id=0&language=german&gmt_ofs=-1&view=d1 HTTP/1.1" 404 345 "-" "Mozilla/5.0 (compatible; Googlebot/2.1; +http://www.google.com/bot.html)"
87.187.153.152 - - [15/Apr/2010:15:04:47 +0200] "GET / HTTP/1.1" 200 1229 "-" "Mozilla/4.0 (compatible; MSIE 8.0; Windows NT 5.1; Trident/4.0; .NET CLR 2.0.50727; .NET CLR 3.0.4506.2152; .NET CLR 3.5.30729; InfoPath.2)"
87.187.153.152 - - [15/Apr/2010:15:04:47 +0200] "GET /favicon.ico HTTP/1.1" 404 323 "-" "Mozilla/4.0 (compatible; MSIE 8.0; Windows NT 5.1; Trident/4.0; .NET CLR 2.0.50727; .NET CLR 3.0.4506.2152; .NET CLR 3.5.30729; InfoPath.2)"
66.249.65.248 - - [15/Apr/2010:15:06:38 +0200] "GET /content/kalender/jax_calendar.php?Y=254&m=9&d=9&cal_id=0&language=german&gmt_ofs=-1&view=d1 HTTP/1.1" 404 345 "-" "Mozilla/5.0 (compatible; Googlebot/2.1; +http://www.google.com/bot.html)"
66.249.65.248 - - [15/Apr/2010:15:11:03 +0200] "GET /content/kalender/jax_calendar.php?Y=-1604&m=5&d=3&cal_id=0&language=german&gmt_ofs=-1&view=d1 HTTP/1.1" 404 345 "-" "Mozilla/5.0 (compatible; Googlebot/2.1; +http://www.google.com/bot.html)"
66.249.65.248 - - [15/Apr/2010:15:15:28 +0200] "GET /content/kalender/jax_calendar.php?Y=-1599&m=6&d=3&cal_id=0&language=german&gmt_ofs=-1&view=d1 HTTP/1.1" 404 345 "-" "Mozilla/5.0 (compatible; Googlebot/2.1; +http://www.google.com/bot.html)"
80.81.23.18 - - [15/Apr/2010:15:16:21 +0200] "GET / HTTP/1.1" 200 1229 "http://www.google.de/url?sa=t&source=web&ct=res&cd=1&ved=0CAYQFDAA&url=http%3A%2F%2Fwww.awo-kv-bernau.de%2F&rct=j&q=awo+kreisverband+bernau&ei=kBHHS7HgLqafOJeO2aYN&usg=AFQjCNFY6jRp0cyjK4eLe9CtgjDN1c4Vuw" "Mozilla/5.0 (Windows; U; Windows NT 5.1; de; rv:1.9.2.3) Gecko/20100401 Firefox/3.6.3 (.NET CLR 3.5.30729)"
80.81.23.18 - - [15/Apr/2010:15:16:21 +0200] "GET /favicon.ico HTTP/1.1" 404 323 "-" "Mozilla/5.0 (Windows; U; Windows NT 5.1; de; rv:1.9.2.3) Gecko/20100401 Firefox/3.6.3 (.NET CLR 3.5.30729)"
80.81.23.18 - - [15/Apr/2010:15:16:24 +0200] "GET /favicon.ico HTTP/1.1" 404 323 "-" "Mozilla/5.0 (Windows; U; Windows NT 5.1; de; rv:1.9.2.3) Gecko/20100401 Firefox/3.6.3 (.NET CLR 3.5.30729)"
80.78.166.74 - - [15/Apr/2010:15:17:11 +0200] "GET /content/fruehfoerder-und-beratungsstelle-barnim/ HTTP/1.0" 404 360 "http://www.bing.com/search?q=beratungsstellen+bernau&src=IE-SearchBox" "Mozilla/4.0 (compatible; MSIE 7.0; Windows NT 5.2; .NET CLR 1.1.4322; .NET CLR 2.0.50727)"
80.81.23.18 - - [15/Apr/2010:15:17:15 +0200] "GET / HTTP/1.1" 200 1229 "http://www.google.de/url?sa=t&source=web&ct=res&cd=4&ved=0CBIQFjAD&url=http%3A%2F%2Fwww.sozialedienste-awo.de%2F&rct=j&q=awo+kreisverband+bernau&ei=kBHHS7HgLqafOJeO2aYN&usg=AFQjCNH2Qfmo8nkh5zcrNwd_uJtSWjaknA" "Mozilla/5.0 (Windows; U; Windows NT 5.1; de; rv:1.9.2.3) Gecko/20100401 Firefox/3.6.3 (.NET CLR 3.5.30729)"
80.81.23.18 - - [15/Apr/2010:15:17:15 +0200] "GET /favicon.ico HTTP/1.1" 404 328 "-" "Mozilla/5.0 (Windows; U; Windows NT 5.1; de; rv:1.9.2.3) Gecko/20100401 Firefox/3.6.3 (.NET CLR 3.5.30729)"
80.81.23.18 - - [15/Apr/2010:15:17:17 +0200] "GET /favicon.ico HTTP/1.1" 404 328 "-" "Mozilla/5.0 (Windows; U; Windows NT 5.1; de; rv:1.9.2.3) Gecko/20100401 Firefox/3.6.3 (.NET CLR 3.5.30729)"
80.78.166.74 - - [15/Apr/2010:15:17:33 +0200] "GET /content/kontakt-und-beratungsstelle/ HTTP/1.0" 404 348 "http://www.bing.com/search?q=beratungsstellen+bernau&src=IE-SearchBox" "Mozilla/4.0 (compatible; MSIE 7.0; Windows NT 5.2; .NET CLR 1.1.4322; .NET CLR 2.0.50727)"
80.78.166.74 - - [15/Apr/2010:15:17:40 +0200] "GET /content/kontakt-und-beratungsstelle/themes/blackcandy/css/ie7.css HTTP/1.0" 404 377 "http://cc.bingj.com/cache.aspx?q=beratungsstellen+bernau&d=4936137276065088&mkt=de-DE&setlang=de-DE&w=1cd71f63,329f4fdc" "Mozilla/4.0 (compatible; MSIE 7.0; Windows NT 5.2; .NET CLR 1.1.4322; .NET CLR 2.0.50727)"
80.78.166.74 - - [15/Apr/2010:15:17:40 +0200] "GET /content/themes/blackcandy/css/layout.css?m=1247659745 HTTP/1.0" 404 352 "http://cc.bingj.com/cache.aspx?q=beratungsstellen+bernau&d=4936137276065088&mkt=de-DE&setlang=de-DE&w=1cd71f63,329f4fdc" "Mozilla/4.0 (compatible; MSIE 7.0; Windows NT 5.2; .NET CLR 1.1.4322; .NET CLR 2.0.50727)"
80.78.166.74 - - [15/Apr/2010:15:17:40 +0200] "GET /content/themes/blackcandy/css/typography.css?m=1258540740 HTTP/1.0" 404 356 "http://cc.bingj.com/cache.aspx?q=beratungsstellen+bernau&d=4936137276065088&mkt=de-DE&setlang=de-DE&w=1cd71f63,329f4fdc" "Mozilla/4.0 (compatible; MSIE 7.0; Windows NT 5.2; .NET CLR 1.1.4322; .NET CLR 2.0.50727)"
80.78.166.74 - - [15/Apr/2010:15:17:40 +0200] "GET /content/themes/blackcandy/css/form.css?m=1237405057 HTTP/1.0" 404 350 "http://cc.bingj.com/cache.aspx?q=beratungsstellen+bernau&d=4936137276065088&mkt=de-DE&setlang=de-DE&w=1cd71f63,329f4fdc" "Mozilla/4.0 (compatible; MSIE 7.0; Windows NT 5.2; .NET CLR 1.1.4322; .NET CLR 2.0.50727)"
80.78.166.74 - - [15/Apr/2010:15:17:40 +0200] "GET /content/assets/Kontakt-und-Beratungsstelle/logo.jpg HTTP/1.0" 404 363 "http://cc.bingj.com/cache.aspx?q=beratungsstellen+bernau&d=4936137276065088&mkt=de-DE&setlang=de-DE&w=1cd71f63,329f4fdc" "Mozilla/4.0 (compatible; MSIE 7.0; Windows NT 5.2; .NET CLR 1.1.4322; .NET CLR 2.0.50727)"
80.78.166.74 - - [15/Apr/2010:15:17:40 +0200] "GET /content/assets/Kontakt-und-Beratungsstelle/kbs261109.jpg HTTP/1.0" 404 368 "http://cc.bingj.com/cache.aspx?q=beratungsstellen+bernau&d=4936137276065088&mkt=de-DE&setlang=de-DE&w=1cd71f63,329f4fdc" "Mozilla/4.0 (compatible; MSIE 7.0; Windows NT 5.2; .NET CLR 1.1.4322; .NET CLR 2.0.50727)"
80.78.166.74 - - [15/Apr/2010:15:17:40 +0200] "GET /content/kontakt-und-beratungsstelle/assets/Kontakt-und-Beratungsstelle/logo.jpg HTTP/1.0" 404 391 "http://cc.bingj.com/cache.aspx?q=beratungsstellen+bernau&d=4936137276065088&mkt=de-DE&setlang=de-DE&w=1cd71f63,329f4fdc" "Mozilla/4.0 (compatible; MSIE 7.0; Windows NT 5.2; .NET CLR 1.1.4322; .NET CLR 2.0.50727)"
80.78.166.74 - - [15/Apr/2010:15:17:40 +0200] "GET /content/kontakt-und-beratungsstelle/assets/Kontakt-und-Beratungsstelle/kbs261109.jpg HTTP/1.0" 404 396 "http://cc.bingj.com/cache.aspx?q=beratungsstellen+bernau&d=4936137276065088&mkt=de-DE&setlang=de-DE&w=1cd71f63,329f4fdc" "Mozilla/4.0 (compatible; MSIE 7.0; Windows NT 5.2; .NET CLR 1.1.4322; .NET CLR 2.0.50727)"
80.78.166.74 - - [15/Apr/2010:15:17:40 +0200] "GET /content/kontakt-und-beratungsstelle/assets/Kontakt-und-Beratungsstelle/_resampled/ResizedImage130122-logofit211009.jpg HTTP/1.0" 404 430 "http://cc.bingj.com/cache.aspx?q=beratungsstellen+bernau&d=4936137276065088&mkt=de-DE&setlang=de-DE&w=1cd71f63,329f4fdc" "Mozilla/4.0 (compatible; MSIE 7.0; Windows NT 5.2; .NET CLR 1.1.4322; .NET CLR 2.0.50727)"
80.78.166.74 - - [15/Apr/2010:15:17:40 +0200] "GET /content/kontakt-und-beratungsstelle/assets/Kontakt-und-Beratungsstelle/_resampled/ResizedImage377600-job.jpg HTTP/1.0" 404 420 "http://cc.bingj.com/cache.aspx?q=beratungsstellen+bernau&d=4936137276065088&mkt=de-DE&setlang=de-DE&w=1cd71f63,329f4fdc" "Mozilla/4.0 (compatible; MSIE 7.0; Windows NT 5.2; .NET CLR 1.1.4322; .NET CLR 2.0.50727)"
80.78.166.74 - - [15/Apr/2010:15:17:40 +0200] "GET /content/kontakt-und-beratungsstelle/assets/Kontakt-und-Beratungsstelle/_resampled/ResizedImage225192-kub1.jpg HTTP/1.0" 404 421 "http://cc.bingj.com/cache.aspx?q=beratungsstellen+bernau&d=4936137276065088&mkt=de-DE&setlang=de-DE&w=1cd71f63,329f4fdc" "Mozilla/4.0 (compatible; MSIE 7.0; Windows NT 5.2; .NET CLR 1.1.4322; .NET CLR 2.0.50727)"
80.78.166.74 - - [15/Apr/2010:15:17:40 +0200] "GET /content/kontakt-und-beratungsstelle/assets/Kontakt-und-Beratungsstelle/_resampled/ResizedImage256192-kub2.jpg HTTP/1.0" 404 421 "http://cc.bingj.com/cache.aspx?q=beratungsstellen+bernau&d=4936137276065088&mkt=de-DE&setlang=de-DE&w=1cd71f63,329f4fdc" "Mozilla/4.0 (compatible; MSIE 7.0; Windows NT 5.2; .NET CLR 1.1.4322; .NET CLR 2.0.50727)"
80.78.166.74 - - [15/Apr/2010:15:17:40 +0200] "GET /content/kontakt-und-beratungsstelle/assets/Kontakt-und-Beratungsstelle/_resampled/ResizedImage256192-kub3.jpg HTTP/1.0" 404 421 "http://cc.bingj.com/cache.aspx?q=beratungsstellen+bernau&d=4936137276065088&mkt=de-DE&setlang=de-DE&w=1cd71f63,329f4fdc" "Mozilla/4.0 (compatible; MSIE 7.0; Windows NT 5.2; .NET CLR 1.1.4322; .NET CLR 2.0.50727)"
80.78.166.74 - - [15/Apr/2010:15:17:40 +0200] "GET /content/kontakt-und-beratungsstelle/assets/Kontakt-und-Beratungsstelle/_resampled/ResizedImage225192-kub4.jpg HTTP/1.0" 404 421 "http://cc.bingj.com/cache.aspx?q=beratungsstellen+bernau&d=4936137276065088&mkt=de-DE&setlang=de-DE&w=1cd71f63,329f4fdc" "Mozilla/4.0 (compatible; MSIE 7.0; Windows NT 5.2; .NET CLR 1.1.4322; .NET CLR 2.0.50727)"
80.78.166.74 - - [15/Apr/2010:15:17:41 +0200] "GET /content/kontakt-und-beratungsstelle/assets/Kontakt-und-Beratungsstelle/_resampled/ResizedImage256192-kub5.jpg HTTP/1.0" 404 421 "http://cc.bingj.com/cache.aspx?q=beratungsstellen+bernau&d=4936137276065088&mkt=de-DE&setlang=de-DE&w=1cd71f63,329f4fdc" "Mozilla/4.0 (compatible; MSIE 7.0; Windows NT 5.2; .NET CLR 1.1.4322; .NET CLR 2.0.50727)"
80.78.166.74 - - [15/Apr/2010:15:17:41 +0200] "GET /content/kontakt-und-beratungsstelle/assets/Kontakt-und-Beratungsstelle/_resampled/ResizedImage256192-kub6.jpg HTTP/1.0" 404 421 "http://cc.bingj.com/cache.aspx?q=beratungsstellen+bernau&d=4936137276065088&mkt=de-DE&setlang=de-DE&w=1cd71f63,329f4fdc" "Mozilla/4.0 (compatible; MSIE 7.0; Windows NT 5.2; .NET CLR 1.1.4322; .NET CLR 2.0.50727)"
80.78.166.74 - - [15/Apr/2010:15:17:41 +0200] "GET /content/kontakt-und-beratungsstelle/assets/Kontakt-und-Beratungsstelle/kubg2.jpg HTTP/1.0" 404 392 "http://cc.bingj.com/cache.aspx?q=beratungsstellen+bernau&d=4936137276065088&mkt=de-DE&setlang=de-DE&w=1cd71f63,329f4fdc" "Mozilla/4.0 (compatible; MSIE 7.0; Windows NT 5.2; .NET CLR 1.1.4322; .NET CLR 2.0.50727)"
80.78.166.74 - - [15/Apr/2010:15:17:41 +0200] "GET /content/kontakt-und-beratungsstelle/assets/Kontakt-und-Beratungsstelle/kubg1.jpg HTTP/1.0" 404 392 "http://cc.bingj.com/cache.aspx?q=beratungsstellen+bernau&d=4936137276065088&mkt=de-DE&setlang=de-DE&w=1cd71f63,329f4fdc" "Mozilla/4.0 (compatible; MSIE 7.0; Windows NT 5.2; .NET CLR 1.1.4322; .NET CLR 2.0.50727)"
80.78.166.74 - - [15/Apr/2010:15:17:41 +0200] "GET /content/kontakt-und-beratungsstelle/assets/Kontakt-und-Beratungsstelle/kubg3.jpg HTTP/1.0" 404 392 "http://cc.bingj.com/cache.aspx?q=beratungsstellen+bernau&d=4936137276065088&mkt=de-DE&setlang=de-DE&w=1cd71f63,329f4fdc" "Mozilla/4.0 (compatible; MSIE 7.0; Windows NT 5.2; .NET CLR 1.1.4322; .NET CLR 2.0.50727)"
80.78.166.74 - - [15/Apr/2010:15:17:41 +0200] "GET /content/kontakt-und-beratungsstelle/assets/Kontakt-und-Beratungsstelle/kubg4.jpg HTTP/1.0" 404 392 "http://cc.bingj.com/cache.aspx?q=beratungsstellen+bernau&d=4936137276065088&mkt=de-DE&setlang=de-DE&w=1cd71f63,329f4fdc" "Mozilla/4.0 (compatible; MSIE 7.0; Windows NT 5.2; .NET CLR 1.1.4322; .NET CLR 2.0.50727)"
80.78.166.74 - - [15/Apr/2010:15:17:46 +0200] "GET /content/beratungsstellen/ HTTP/1.0" 404 337 "http://cc.bingj.com/cache.aspx?q=beratungsstellen+bernau&d=4936137276065088&mkt=de-DE&setlang=de-DE&w=1cd71f63,329f4fdc" "Mozilla/4.0 (compatible; MSIE 7.0; Windows NT 5.2; .NET CLR 1.1.4322; .NET CLR 2.0.50727)"
80.78.166.74 - - [15/Apr/2010:15:17:49 +0200] "GET /content/assets/Kontakt-und-Beratungsstelle/_resampled/ResizedImage130122-logofit211009.jpg HTTP/1.0" 404 402 "http://cc.bingj.com/cache.aspx?q=beratungsstellen+bernau&d=4936137276065088&mkt=de-DE&setlang=de-DE&w=1cd71f63,329f4fdc" "Mozilla/4.0 (compatible; MSIE 7.0; Windows NT 5.2; .NET CLR 1.1.4322; .NET CLR 2.0.50727)"
80.78.166.74 - - [15/Apr/2010:15:17:49 +0200] "GET /content/assets/Kontakt-und-Beratungsstelle/_resampled/ResizedImage377600-job.jpg HTTP/1.0" 404 392 "http://cc.bingj.com/cache.aspx?q=beratungsstellen+bernau&d=4936137276065088&mkt=de-DE&setlang=de-DE&w=1cd71f63,329f4fdc" "Mozilla/4.0 (compatible; MSIE 7.0; Windows NT 5.2; .NET CLR 1.1.4322; .NET CLR 2.0.50727)"
109.192.7.194 - - [15/Apr/2010:15:18:24 +0200] "GET /content/regenbogen/ HTTP/1.1" 404 331 "http://www.google.de/search?client=safari&rls=en&q=element+wasser+in+der+Kinderkrippe&ie=UTF-8&oe=UTF-8&redir_esc=&ei=mxHHS_q0J8yiOIyggLMN" "Mozilla/5.0 (Macintosh; U; Intel Mac OS X 10_6_3; de-de) AppleWebKit/531.22.7 (KHTML, like Gecko) Version/4.0.5 Safari/531.22.7"
109.192.7.194 - - [15/Apr/2010:15:18:24 +0200] "GET /favicon.ico HTTP/1.1" 404 323 "http://www.awo-kv-bernau.de/content/regenbogen/" "Mozilla/5.0 (Macintosh; U; Intel Mac OS X 10_6_3; de-de) AppleWebKit/531.22.7 (KHTML, like Gecko) Version/4.0.5 Safari/531.22.7"
80.78.166.74 - - [15/Apr/2010:15:19:28 +0200] "GET / HTTP/1.0" 200 1229 "-" "Mozilla/4.0 (compatible; MSIE 7.0; Windows NT 5.2; .NET CLR 1.1.4322; .NET CLR 2.0.50727)"
80.78.166.74 - - [15/Apr/2010:15:19:28 +0200] "GET /favicon.ico HTTP/1.0" 404 323 "-" "Mozilla/4.0 (compatible; MSIE 7.0; Windows NT 5.2; .NET CLR 1.1.4322; .NET CLR 2.0.50727)"
80.78.166.74 - - [15/Apr/2010:15:19:47 +0200] "GET /content/awo-ortsverein-bernau/ HTTP/1.0" 404 342 "http://www.bing.com/search?q=awo+kriesverband+bernau&src=IE-SearchBox" "Mozilla/4.0 (compatible; MSIE 7.0; Windows NT 5.2; .NET CLR 1.1.4322; .NET CLR 2.0.50727)"
90.186.0.185 - - [15/Apr/2010:15:21:20 +0200] "GET / HTTP/1.1" 200 1229 "http://www.google.de/search?hl=de&source=hp&q=awo+bernau&meta=&aq=f&aqi=g2&aql=&oq=&gs_rfai=&fp=af20d2721f07b915" "Mozilla/5.0 (Windows; U; Windows NT 6.0; de; rv:1.9.1.3) Gecko/20090824 Firefox/3.5.3"
90.186.0.185 - - [15/Apr/2010:15:21:23 +0200] "GET /favicon.ico HTTP/1.1" 404 323 "-" "Mozilla/5.0 (Windows; U; Windows NT 6.0; de; rv:1.9.1.3) Gecko/20090824 Firefox/3.5.3"
90.186.0.185 - - [15/Apr/2010:15:21:28 +0200] "GET /content/eltern-kind-zentrum-bernau-sued/ HTTP/1.1" 404 352 "http://www.google.de/url?sa=t&source=web&ct=res&cd=2&ved=0CAsQFjAB&url=http%3A%2F%2Fwww.awo-kv-bernau.de%2Fcontent%2Feltern-kind-zentrum-bernau-sued%2F&rct=j&q=awo+bernau&ei=zxLHS7GrHoWLONbD9OEM&usg=AFQjCNHmsTJUdQrwG0Ckwk8Fo36b-IVP4Q" "Mozilla/5.0 (Windows; U; Windows NT 6.0; de; rv:1.9.1.3) Gecko/20090824 Firefox/3.5.3"
90.186.0.185 - - [15/Apr/2010:15:21:48 +0200] "GET / HTTP/1.1" 200 1229 "http://www.google.de/url?sa=t&source=web&ct=res&cd=3&ved=0CA8QFjAC&url=http%3A%2F%2Fwww.sozialedienste-awo.de%2F&rct=j&q=awo+bernau&ei=zxLHS7GrHoWLONbD9OEM&usg=AFQjCNH2Qfmo8nkh5zcrNwd_uJtSWjaknA" "Mozilla/5.0 (Windows; U; Windows NT 6.0; de; rv:1.9.1.3) Gecko/20090824 Firefox/3.5.3"
