90.186.0.185 - - [15/Apr/2010:15:21:48 +0200] "GET /favicon.ico HTTP/1.1" 404 328 "-" "Mozilla/5.0 (Windows; U; Windows NT 6.0; de; rv:1.9.1.3) Gecko/20090824 Firefox/3.5.3"
87.187.153.152 - - [15/Apr/2010:15:21:51 +0200] "GET / HTTP/1.1" 304 - "-" "Mozilla/4.0 (compatible; MSIE 7.0; Windows NT 5.1; GTB6.4; .NET CLR 2.0.50727; .NET CLR 3.0.4506.2152; .NET CLR 3.5.30729; AskTB5.6)"
66.249.65.252 - - [15/Apr/2010:15:25:02 +0200] "GET /robots.txt HTTP/1.1" 404 327 "-" "Mozilla/5.0 (compatible; Googlebot/2.1; +http://www.google.com/bot.html)"
66.249.65.252 - - [15/Apr/2010:15:25:02 +0200] "GET /content/assets/Wohnstaette/phys2.jpg HTTP/1.1" 404 353 "-" "Mozilla/5.0 (compatible; Googlebot/2.1; +http://www.google.com/bot.html)"
66.249.65.252 - - [15/Apr/2010:15:25:03 +0200] "GET /content/assets/Wohnstaette/phys3.jpg HTTP/1.1" 404 353 "-" "Mozilla/5.0 (compatible; Googlebot/2.1; +http://www.google.com/bot.html)"
66.249.65.248 - - [15/Apr/2010:15:26:57 +0200] "GET /content/kalender/jax_calendar.php?Y=244&m=6&d=19&view=d1 HTTP/1.1" 404 345 "-" "Mozilla/5.0 (compatible; Googlebot/2.1; +http://www.google.com/bot.html)"
66.249.65.248 - - [15/Apr/2010:15:26:58 +0200] "GET /content/kalender/jax_calendar.php?Y=-1452&m=5&d=3&cal_id=0&language=german&gmt_ofs=-1&view=d1 HTTP/1.1" 404 345 "-" "Mozilla/5.0 (compatible; Googlebot/2.1; +http://www.google.com/bot.html)"
66.249.65.248 - - [15/Apr/2010:15:26:58 +0200] "GET /content/kalender/jax_calendar.php?Y=-1601&m=3&d=5&cal_id=0&language=german&gmt_ofs=-1&view=d1 HTTP/1.1" 404 345 "-" "Mozilla/5.0 (compatible; Googlebot/2.1; +http://www.google.com/bot.html)"
66.249.65.248 - - [15/Apr/2010:15:26:59 +0200] "GET /content/kalender/jax_calendar.php?Y=-1446&m=6&d=3&cal_id=0&language=german&gmt_ofs=-1&view=d1 HTTP/1.1" 404 345 "-" "Mozilla/5.0 (compatible; Googlebot/2.1; +http://www.google.com/bot.html)"
66.249.65.248 - - [15/Apr/2010:15:26:59 +0200] "GET /content/kalender/jax_calendar.php?Y=243&m=3&d=21&view=d1 HTTP/1.1" 404 345 "-" "Mozilla/5.0 (compatible; Googlebot/2.1; +http://www.google.com/bot.html)"
66.249.65.248 - - [15/Apr/2010:15:27:00 +0200] "GET /content/kalender/jax_calendar.php?Y=-1447&m=9&d=3&cal_id=0&language=german&gmt_ofs=-1&view=d1 HTTP/1.1" 404 345 "-" "Mozilla/5.0 (compatible; Googlebot/2.1; +http://www.google.com/bot.html)"
66.249.65.248 - - [15/Apr/2010:15:29:10 +0200] "GET /content/kalender/jax_calendar.php?Y=-1446&m=9&d=3&cal_id=0&language=german&gmt_ofs=-1&view=d1 HTTP/1.1" 404 345 "-" "Mozilla/5.0 (compatible; Googlebot/2.1; +http://www.google.com/bot.html)"
207.46.13.51 - - [15/Apr/2010:15:29:33 +0200] "GET /content/kalender/jax_calendar.php?Y=2010&m=3&d=21&do=show_event&key=a5596bb380b2365d99eb063ec3eb098c&cal_id=0&language=german&gmt_ofs=-1&view=d30&evt_date=%3Cb%3E15.04.2010%3C%2Fb%3E+18%3A00&evt_title=Frauenstammtisch+Bernau HTTP/1.1" 404 345 "-" "msnbot/2.0b (+http://search.msn.com/msnbot.htm)"
90.186.0.185 - - [15/Apr/2010:15:30:58 +0200] "GET /content/eltern-kind-zentrum-bernau-sued/ HTTP/1.1" 404 352 "http://www.google.de/url?sa=t&source=web&ct=res&cd=2&ved=0CAsQFjAB&url=http%3A%2F%2Fwww.awo-kv-bernau.de%2Fcontent%2Feltern-kind-zentrum-bernau-sued%2F&rct=j&q=awo+bernau&ei=zxLHS7GrHoWLONbD9OEM&usg=AFQjCNHmsTJUdQrwG0Ckwk8Fo36b-IVP4Q" "Mozilla/5.0 (Windows; U; Windows NT 6.0; de; rv:1.9.1.3) Gecko/20090824 Firefox/3.5.3"
87.187.153.152 - - [15/Apr/2010:15:31:59 +0200] "GET / HTTP/1.1" 200 1229 "-" "Mozilla/4.0 (compatible; MSIE 8.0; Windows NT 5.1; Trident/4.0; .NET CLR 2.0.50727; .NET CLR 3.0.4506.2152; .NET CLR 3.5.30729; InfoPath.2)"
87.187.153.152 - - [15/Apr/2010:15:32:01 +0200] "GET /favicon.ico HTTP/1.1" 404 323 "-" "Mozilla/4.0 (compatible; MSIE 8.0; Windows NT 5.1; Trident/4.0; .NET CLR 2.0.50727; .NET CLR 3.0.4506.2152; .NET CLR 3.5.30729; InfoPath.2)"
65.55.106.233 - - [15/Apr/2010:15:37:06 +0200] "GET /robots.txt HTTP/1.1" 404 322 "-" "msnbot/2.0b (+http://search.msn.com/msnbot.htm)"
87.187.153.152 - - [15/Apr/2010:15:37:11 +0200] "GET /content/aktuelles/ HTTP/1.1" 404 330 "-" "Mozilla/4.0 (compatible; MSIE 8.0; Windows NT 5.1; Trident/4.0; .NET CLR 2.0.50727; .NET CLR 3.0.4506.2152; .NET CLR 3.5.30729; InfoPath.2)"
207.46.13.141 - - [15/Apr/2010:15:39:30 +0200] "GET /content/kalender/jax_calendar.php?Y=2010&m=3&d=30&view=d1 HTTP/1.1" 404 345 "-" "msnbot/2.0b (+http://search.msn.com/msnbot.htm)"
207.46.199.180 - - [15/Apr/2010:15:44:37 +0200] "GET /robots.txt HTTP/1.1" 404 322 "-" "msnbot/2.0b (+http://search.msn.com/msnbot.htm)"
66.249.71.52 - - [15/Apr/2010:15:46:28 +0200] "GET /robots.txt HTTP/1.1" 404 322 "-" "Mozilla/5.0 (compatible; Googlebot/2.1; +http://www.google.com/bot.html)"
66.249.71.52 - - [15/Apr/2010:15:46:28 +0200] "GET /content/kalender/jax_calendar.php?Y=2017&m=6&d=3&cal_id=0&language=german&gmt_ofs=-1&view=d1 HTTP/1.1" 404 345 "-" "Mozilla/5.0 (compatible; Googlebot/2.1; +http://www.google.com/bot.html)"
66.249.71.52 - - [15/Apr/2010:15:55:58 +0200] "GET /content/kalender/jax_calendar.php?Y=-1605&m=5&d=3&cal_id=0&language=german&gmt_ofs=-1&view=d1 HTTP/1.1" 404 345 "-" "Mozilla/5.0 (compatible; Googlebot/2.1; +http://www.google.com/bot.html)"
66.249.71.52 - - [15/Apr/2010:16:00:40 +0200] "GET /content/kalender/jax_calendar.php?Y=-1605&m=11&d=3&cal_id=0&language=german&gmt_ofs=-1&view=d1 HTTP/1.1" 404 345 "-" "Mozilla/5.0 (compatible; Googlebot/2.1; +http://www.google.com/bot.html)"
87.187.149.52 - - [15/Apr/2010:16:01:40 +0200] "GET / HTTP/1.1" 200 1229 "-" "Mozilla/4.0 (compatible; MSIE 7.0; Windows NT 5.1; GTB6.4; .NET CLR 1.1.4322)"
87.187.149.52 - - [15/Apr/2010:16:01:40 +0200] "GET /favicon.ico HTTP/1.1" 404 328 "-" "Mozilla/4.0 (compatible; MSIE 7.0; Windows NT 5.1; GTB6.4; .NET CLR 1.1.4322)"
66.249.71.52 - - [15/Apr/2010:16:03:21 +0200] "GET /content/kalender/jax_calendar.php?Y=4032&m=8&d=20&view=d1 HTTP/1.1" 404 345 "-" "Mozilla/5.0 (compatible; Googlebot/2.1; +http://www.google.com/bot.html)"
67.195.111.229 - - [15/Apr/2010:16:04:21 +0200] "GET /content/erziehungs-und-familienberatung/ HTTP/1.0" 404 352 "-" "Mozilla/5.0 (compatible; Yahoo! Slurp/3.0; http://help.yahoo.com/help/us/ysearch/slurp)"
66.249.71.52 - - [15/Apr/2010:16:06:17 +0200] "GET /content/kalender/jax_calendar.php?Y=-1599&m=4&d=3&cal_id=0&language=german&gmt_ofs=-1&view=d1 HTTP/1.1" 404 345 "-" "Mozilla/5.0 (compatible; Googlebot/2.1; +http://www.google.com/bot.html)"
66.249.71.52 - - [15/Apr/2010:16:08:45 +0200] "GET /content/kalender/jax_calendar.php?Y=-1599&m=11&d=3&cal_id=0&language=german&gmt_ofs=-1&view=d1 HTTP/1.1" 404 345 "-" "Mozilla/5.0 (compatible; Googlebot/2.1; +http://www.google.com/bot.html)"
87.187.149.52 - - [15/Apr/2010:16:10:40 +0200] "GET / HTTP/1.1" 200 1229 "-" "Mozilla/4.0 (compatible; MSIE 7.0; Windows NT 5.1; GTB6.4; .NET CLR 1.1.4322)"
87.187.149.52 - - [15/Apr/2010:16:10:40 +0200] "GET /favicon.ico HTTP/1.1" 404 328 "-" "Mozilla/4.0 (compatible; MSIE 7.0; Windows NT 5.1; GTB6.4; .NET CLR 1.1.4322)"
66.249.71.52 - - [15/Apr/2010:16:14:09 +0200] "GET /content/kalender/jax_calendar.php?Y=239&m=4&d=22&view=d1 HTTP/1.1" 404 345 "-" "Mozilla/5.0 (compatible; Googlebot/2.1; +http://www.google.com/bot.html)"
148.160.29.10 - - [15/Apr/2010:16:16:44 +0200] "GET / HTTP/1.0" 200 1229 "-" "-"
66.249.71.52 - - [15/Apr/2010:16:16:52 +0200] "GET /content/kalender/jax_calendar.php?Y=3816&m=11&d=5&cal_id=0&language=german&gmt_ofs=-1&view=d1 HTTP/1.1" 404 345 "-" "Mozilla/5.0 (compatible; Googlebot/2.1; +http://www.google.com/bot.html)"
84.176.71.161 - - [15/Apr/2010:16:18:31 +0200] "GET /leistungen.htm HTTP/1.1" 404 326 "http://www.google.de/search?q=Steinkrau%C3%9F+Maler+&ie=utf-8&oe=utf-8&aq=t&rls=org.mozilla:de:official&client=firefox-a" "Mozilla/5.0 (Windows; U; Windows NT 6.0; de; rv:1.9.2.3) Gecko/20100401 Firefox/3.6.3 (.NET CLR 3.5.30729)"
84.176.71.161 - - [15/Apr/2010:16:18:31 +0200] "GET /favicon.ico HTTP/1.1" 404 323 "-" "Mozilla/5.0 (Windows; U; Windows NT 6.0; de; rv:1.9.2.3) Gecko/20100401 Firefox/3.6.3 (.NET CLR 3.5.30729)"
84.176.71.161 - - [15/Apr/2010:16:18:34 +0200] "GET /favicon.ico HTTP/1.1" 404 323 "-" "Mozilla/5.0 (Windows; U; Windows NT 6.0; de; rv:1.9.2.3) Gecko/20100401 Firefox/3.6.3 (.NET CLR 3.5.30729)"
84.176.71.161 - - [15/Apr/2010:16:19:21 +0200] "GET / HTTP/1.1" 200 1229 "-" "Mozilla/5.0 (Windows; U; Windows NT 6.0; de; rv:1.9.2.3) Gecko/20100401 Firefox/3.6.3 (.NET CLR 3.5.30729)"
87.187.149.52 - - [15/Apr/2010:16:19:54 +0200] "GET / HTTP/1.1" 200 1229 "-" "Mozilla/4.0 (compatible; MSIE 7.0; Windows NT 5.1; GTB6.4; .NET CLR 1.1.4322)"
87.187.149.52 - - [15/Apr/2010:16:19:55 +0200] "GET /favicon.ico HTTP/1.1" 404 328 "-" "Mozilla/4.0 (compatible; MSIE 7.0; Windows NT 5.1; GTB6.4; .NET CLR 1.1.4322)"
207.46.13.141 - - [15/Apr/2010:16:21:31 +0200] "GET /robots.txt HTTP/1.1" 404 327 "-" "msnbot/2.0b (+http://search.msn.com/msnbot.htm)"
66.249.71.52 - - [15/Apr/2010:16:22:17 +0200] "GET /content/kalender/jax_calendar.php?Y=-1606&m=3&d=5&cal_id=0&language=german&gmt_ofs=-1&view=d1 HTTP/1.1" 404 345 "-" "Mozilla/5.0 (compatible; Googlebot/2.1; +http://www.google.com/bot.html)"
207.46.204.187 - - [15/Apr/2010:16:22:31 +0200] "GET /content/kalender/jax_calendar.php?Y=2010&m=8&d=16&view=d1 HTTP/1.1" 404 345 "-" "msnbot/2.0b (+http://search.msn.com/msnbot.htm)"
207.46.13.141 - - [15/Apr/2010:16:23:01 +0200] "GET /content/ueber-uns/ HTTP/1.1" 404 335 "-" "msnbot/2.0b (+http://search.msn.com/msnbot.htm)"
87.187.149.52 - - [15/Apr/2010:16:24:48 +0200] "GET / HTTP/1.1" 200 1229 "-" "Mozilla/4.0 (compatible; MSIE 7.0; Windows NT 5.1; .NET CLR 1.1.4322)"
87.187.149.52 - - [15/Apr/2010:16:24:50 +0200] "GET /favicon.ico HTTP/1.1" 404 328 "-" "Mozilla/4.0 (compatible; MSIE 7.0; Windows NT 5.1; .NET CLR 1.1.4322)"
66.249.71.52 - - [15/Apr/2010:16:28:12 +0200] "GET /content/kalender/jax_calendar.php?Y=-1602&m=3&d=5&cal_id=0&language=german&gmt_ofs=-1&view=d1 HTTP/1.1" 404 345 "-" "Mozilla/5.0 (compatible; Googlebot/2.1; +http://www.google.com/bot.html)"
66.249.71.52 - - [15/Apr/2010:16:31:09 +0200] "GET /content/kalender/jax_calendar.php?Y=-656&m=5&d=1&cal_id=0&language=german&gmt_ofs=-1&view=d1 HTTP/1.1" 404 345 "-" "Mozilla/5.0 (compatible; Googlebot/2.1; +http://www.google.com/bot.html)"
207.46.13.84 - - [15/Apr/2010:16:36:01 +0200] "GET /content/ HTTP/1.1" 404 320 "-" "msnbot/2.0b (+http://search.msn.com/msnbot.htm)"
66.249.71.52 - - [15/Apr/2010:16:37:04 +0200] "GET /content/kalender/jax_calendar.php?Y=-1454&m=6&d=11&view=d1 HTTP/1.1" 404 345 "-" "Mozilla/5.0 (compatible; Googlebot/2.1; +http://www.google.com/bot.html)"
66.249.71.52 - - [15/Apr/2010:16:40:02 +0200] "GET /content/kalender/jax_calendar.php?Y=-1605&m=8&d=3&cal_id=0&language=german&gmt_ofs=-1&view=d1 HTTP/1.1" 404 345 "-" "Mozilla/5.0 (compatible; Googlebot/2.1; +http://www.google.com/bot.html)"
92.225.135.188 - - [15/Apr/2010:16:40:48 +0200] "GET /content/kinderland/ HTTP/1.1" 404 331 "http://www.google.de/search?client=firefox-a&rls=org.mozilla%3Ade%3Aofficial&channel=s&hl=de&source=hp&q=integrationskita+kinderland&meta=&btnG=Google-Suche" "Mozilla/5.0 (Windows; U; Windows NT 6.0; de; rv:1.9.2.3) Gecko/20100401 Firefox/3.6.3 (.NET CLR 3.5.30729)"
92.225.135.188 - - [15/Apr/2010:16:40:49 +0200] "GET /favicon.ico HTTP/1.1" 404 323 "-" "Mozilla/5.0 (Windows; U; Windows NT 6.0; de; rv:1.9.2.3) Gecko/20100401 Firefox/3.6.3 (.NET CLR 3.5.30729)"
92.225.135.188 - - [15/Apr/2010:16:40:52 +0200] "GET /favicon.ico HTTP/1.1" 404 323 "-" "Mozilla/5.0 (Windows; U; Windows NT 6.0; de; rv:1.9.2.3) Gecko/20100401 Firefox/3.6.3 (.NET CLR 3.5.30729)"
212.87.32.182 - - [15/Apr/2010:16:41:04 +0200] "GET /content/ambulanter-pflegedienst/ HTTP/1.1" 404 349 "http://www.bing.com/search?q=AWO+Pflegedienst+bernau&src=IE-SearchBox" "Mozilla/4.0 (compatible; MSIE 7.0; Windows NT 5.2; .NET CLR 1.1.4322; InfoPath.1; .NET CLR 2.0.50727; .NET CLR 3.0.04506.30; .NET CLR 3.0.04506.648; .NET CLR 3.0.4506.2152; .NET CLR 3.5.30729)"
212.87.32.182 - - [15/Apr/2010:16:41:12 +0200] "GET / HTTP/1.1" 200 1229 "http://www.bing.com/search?q=AWO+Pflegedienst+bernau&src=IE-SearchBox" "Mozilla/4.0 (compatible; MSIE 7.0; Windows NT 5.2; .NET CLR 1.1.4322; InfoPath.1; .NET CLR 2.0.50727; .NET CLR 3.0.04506.30; .NET CLR 3.0.04506.648; .NET CLR 3.0.4506.2152; .NET CLR 3.5.30729)"
212.87.32.182 - - [15/Apr/2010:16:41:13 +0200] "GET /favicon.ico HTTP/1.1" 404 328 "-" "Mozilla/4.0 (compatible; MSIE 7.0; Windows NT 5.2; .NET CLR 1.1.4322; InfoPath.1; .NET CLR 2.0.50727; .NET CLR 3.0.04506.30; .NET CLR 3.0.04506.648; .NET CLR 3.0.4506.2152; .NET CLR 3.5.30729)"
207.46.13.44 - - [15/Apr/2010:16:42:01 +0200] "GET / HTTP/1.1" 304 - "-" "msnbot/2.0b (+http://search.msn.com/msnbot.htm)"
66.249.71.52 - - [15/Apr/2010:16:42:59 +0200] "GET /content/kalender/jax_calendar.php?Y=254&m=3&d=9&cal_id=0&language=german&gmt_ofs=-1&view=d1 HTTP/1.1" 404 345 "-" "Mozilla/5.0 (compatible; Googlebot/2.1; +http://www.google.com/bot.html)"
66.249.71.52 - - [15/Apr/2010:16:44:44 +0200] "GET /content/kalender/jax_calendar.php?Y=2014&m=9&d=9&cal_id=0&language=german&gmt_ofs=-1&view=d1 HTTP/1.1" 404 345 "-" "Mozilla/5.0 (compatible; Googlebot/2.1; +http://www.google.com/bot.html)"
87.187.149.52 - - [15/Apr/2010:16:45:34 +0200] "GET / HTTP/1.1" 200 1229 "-" "Mozilla/4.0 (compatible; MSIE 7.0; Windows NT 5.1; .NET CLR 1.1.4322)"
87.187.149.52 - - [15/Apr/2010:16:45:34 +0200] "GET /favicon.ico HTTP/1.1" 404 328 "-" "Mozilla/4.0 (compatible; MSIE 7.0; Windows NT 5.1; .NET CLR 1.1.4322)"
207.46.13.140 - - [15/Apr/2010:16:46:00 +0200] "GET /content/kalender/jax_calendar.php?language=German HTTP/1.1" 404 345 "-" "msnbot/2.0b (+http://search.msn.com/msnbot.htm)"
66.249.71.52 - - [15/Apr/2010:16:48:55 +0200] "GET /content/kalender/jax_calendar.php?Y=249&m=4&d=9&cal_id=0&language=german&gmt_ofs=-1&view=d1 HTTP/1.1" 404 345 "-" "Mozilla/5.0 (compatible; Googlebot/2.1; +http://www.google.com/bot.html)"
85.183.152.111 - - [15/Apr/2010:16:49:41 +0200] "GET /content/ueberregionale-fruehfoerder-und-beratungsstelle-hoeren/ HTTP/1.1" 404 375 "http://images.google.de/imgres?imgurl=http://www.awo-kv-bernau.de/content/assets/Beratung/Frueh2/hoeren.jpg&imgrefurl=http://www.awo-kv-bernau.de/content/ueberregionale-fruehfoerder-und-beratungsstelle-hoeren/&usg=__WN6Ltk8tE4842vYF_TlhMN7R5Eo=&h=400&w=312&sz=28&hl=de&start=126&um=1&itbs=1&tbnid=5m5LgSKg94t5xM:&tbnh=124&tbnw=97&prev=/images%3Fq%3DH%25C3%25B6ren%26start%3D108%26um%3D1%26hl%3Dde%26sa%3DN%26ndsp%3D18%26tbs%3Disch:1" "Mozilla/5.0 (Windows; U; Windows NT 5.1; de; rv:1.9.2.3) Gecko/20100401 Firefox/3.6.3 GTB7.0 (.NET CLR 3.5.30729)"
85.183.152.111 - - [15/Apr/2010:16:49:44 +0200] "GET /content/assets/Beratung/Frueh2/hoeren.jpg HTTP/1.1" 404 353 "http://images.google.de/imgres?imgurl=http://www.awo-kv-bernau.de/content/assets/Beratung/Frueh2/hoeren.jpg&imgrefurl=http://www.awo-kv-bernau.de/content/ueberregionale-fruehfoerder-und-beratungsstelle-hoeren/&usg=__WN6Ltk8tE4842vYF_TlhMN7R5Eo=&h=400&w=312&sz=28&hl=de&start=126&um=1&itbs=1&tbnid=5m5LgSKg94t5xM:&tbnh=124&tbnw=97&prev=/images%3Fq%3DH%25C3%25B6ren%26start%3D108%26um%3D1%26hl%3Dde%26sa%3DN%26ndsp%3D18%26tbs%3Disch:1" "Mozilla/5.0 (Windows; U; Windows NT 5.1; de; rv:1.9.2.3) Gecko/20100401 Firefox/3.6.3 GTB7.0 (.NET CLR 3.5.30729)"
85.183.152.111 - - [15/Apr/2010:16:49:44 +0200] "GET /favicon.ico HTTP/1.1" 404 323 "-" "Mozilla/5.0 (Windows; U; Windows NT 5.1; de; rv:1.9.2.3) Gecko/20100401 Firefox/3.6.3 GTB7.0 (.NET CLR 3.5.30729)"
85.183.152.111 - - [15/Apr/2010:16:49:44 +0200] "GET /favicon.ico HTTP/1.1" 404 323 "-" "Mozilla/5.0 (Windows; U; Windows NT 5.1; de; rv:1.9.2.3) Gecko/20100401 Firefox/3.6.3 GTB7.0 (.NET CLR 3.5.30729)"
66.249.71.52 - - [15/Apr/2010:16:51:52 +0200] "GET /content/kalender/jax_calendar.php?Y=242&m=4&d=15&view=d1 HTTP/1.1" 404 345 "-" "Mozilla/5.0 (compatible; Googlebot/2.1; +http://www.google.com/bot.html)"
66.249.71.52 - - [15/Apr/2010:16:55:50 +0200] "GET /content/kalender/jax_calendar.php?Y=241&m=11&d=32&view=d1 HTTP/1.1" 404 345 "-" "Mozilla/5.0 (compatible; Googlebot/2.1; +http://www.google.com/bot.html)"
66.249.71.52 - - [15/Apr/2010:16:55:51 +0200] "GET /content/kalender/jax_calendar.php?Y=240&m=7&d=39&view=d1 HTTP/1.1" 404 345 "-" "Mozilla/5.0 (compatible; Googlebot/2.1; +http://www.google.com/bot.html)"
66.249.71.52 - - [15/Apr/2010:16:55:51 +0200] "GET /content/kalender/jax_calendar.php?Y=-1608&m=3&d=5&cal_id=0&language=german&gmt_ofs=-1&view=d1 HTTP/1.1" 404 345 "-" "Mozilla/5.0 (compatible; Googlebot/2.1; +http://www.google.com/bot.html)"
66.249.71.52 - - [15/Apr/2010:16:55:52 +0200] "GET /content/kalender/jax_calendar.php?Y=254&m=1&d=9&cal_id=0&language=german&gmt_ofs=-1&view=d1 HTTP/1.1" 404 345 "-" "Mozilla/5.0 (compatible; Googlebot/2.1; +http://www.google.com/bot.html)"
66.249.71.52 - - [15/Apr/2010:16:55:53 +0200] "GET /content/kalender/jax_calendar.php?Y=-1448&m=4&d=3&cal_id=0&language=german&gmt_ofs=-1&view=d1 HTTP/1.1" 404 345 "-" "Mozilla/5.0 (compatible; Googlebot/2.1; +http://www.google.com/bot.html)"
66.249.71.52 - - [15/Apr/2010:16:55:54 +0200] "GET /content/kalender/jax_calendar.php?Y=245&m=10&d=39&view=d1 HTTP/1.1" 404 345 "-" "Mozilla/5.0 (compatible; Googlebot/2.1; +http://www.google.com/bot.html)"
66.249.71.52 - - [15/Apr/2010:16:55:54 +0200] "GET /content/kalender/jax_calendar.php?Y=250&m=12&d=9&cal_id=0&language=german&gmt_ofs=-1&view=d1 HTTP/1.1" 404 345 "-" "Mozilla/5.0 (compatible; Googlebot/2.1; +http://www.google.com/bot.html)"
66.249.71.52 - - [15/Apr/2010:16:55:56 +0200] "GET /content/kalender/jax_calendar.php?Y=4034&m=5&d=2&cal_id=0&language=german&gmt_ofs=-1&view=d1 HTTP/1.1" 404 345 "-" "Mozilla/5.0 (compatible; Googlebot/2.1; +http://www.google.com/bot.html)"
66.249.71.52 - - [15/Apr/2010:16:57:53 +0200] "GET /content/kalender/jax_calendar.php?Y=-1612&m=10&d=3&cal_id=0&language=german&gmt_ofs=-1&view=d1 HTTP/1.1" 404 345 "-" "Mozilla/5.0 (compatible; Googlebot/2.1; +http://www.google.com/bot.html)"
87.185.180.150 - - [15/Apr/2010:17:00:47 +0200] "GET / HTTP/1.1" 200 1229 "http://www.google.de/search?hl=de&source=hp&q=www.sozialdienste-awo.de&meta=&aq=f&aqi=&aql=&oq=&gs_rfai=" "Mozilla/4.0 (compatible; MSIE 7.0; Windows NT 5.1; .NET CLR 1.1.4322; .NET CLR 2.0.50727; .NET CLR 3.0.4506.2152; .NET CLR 3.5.30729)"
87.185.180.150 - - [15/Apr/2010:17:00:48 +0200] "GET /favicon.ico HTTP/1.1" 404 328 "-" "Mozilla/4.0 (compatible; MSIE 7.0; Windows NT 5.1; .NET CLR 1.1.4322; .NET CLR 2.0.50727; .NET CLR 3.0.4506.2152; .NET CLR 3.5.30729)"
207.46.13.49 - - [15/Apr/2010:17:21:50 +0200] "GET /content/kalender/jax_calendar.php?Y=2010&m=2&d=22&do=show_event&key=95fd4cc1ace94ec4bcaa1d42fc25e1ae&cal_id=0&language=german&gmt_ofs=-1&view=d30&evt_date=%3Cb%3E03.03.2010%3C%2Fb%3E+14%3A30+-+17%3A30&evt_title=Seniorentanz HTTP/1.1" 404 345 "-" "msnbot/2.0b (+http://search.msn.com/msnbot.htm)"
66.249.71.52 - - [15/Apr/2010:17:23:20 +0200] "GET /content/kalender/jax_calendar.php?Y=2016&m=6&d=1&cal_id=0&language=german&gmt_ofs=-1&view=d1&view=d1 HTTP/1.1" 404 345 "-" "Mozilla/5.0 (compatible; Googlebot/2.1; +http://www.google.com/bot.html)"
66.249.71.52 - - [15/Apr/2010:17:23:21 +0200] "GET /content/kalender/jax_calendar.php?Y=-1451&m=8&d=3&cal_id=0&language=german&gmt_ofs=-1&view=d1 HTTP/1.1" 404 345 "-" "Mozilla/5.0 (compatible; Googlebot/2.1; +http://www.google.com/bot.html)"
66.249.71.52 - - [15/Apr/2010:17:23:21 +0200] "GET /content/kalender/jax_calendar.php?Y=-1603&m=3&d=5&cal_id=0&language=german&gmt_ofs=-1&view=d1 HTTP/1.1" 404 345 "-" "Mozilla/5.0 (compatible; Googlebot/2.1; +http://www.google.com/bot.html)"
208.115.111.246 - - [15/Apr/2010:17:24:24 +0200] "GET /impressum.htm HTTP/1.1" 404 325 "-" "Mozilla/5.0 (compatible; DotBot/1.1; http://www.dotnetdotcom.org/, crawler@dotnetdotcom.org)"
208.115.111.246 - - [15/Apr/2010:17:24:28 +0200] "GET /index.htm HTTP/1.1" 404 321 "-" "Mozilla/5.0 (compatible; DotBot/1.1; http://www.dotnetdotcom.org/, crawler@dotnetdotcom.org)"
208.115.111.246 - - [15/Apr/2010:17:24:34 +0200] "GET /kontakt.htm HTTP/1.1" 404 323 "-" "Mozilla/5.0 (compatible; DotBot/1.1; http://www.dotnetdotcom.org/, crawler@dotnetdotcom.org)"
208.115.111.246 - - [15/Apr/2010:17:24:39 +0200] "GET /leistungen.htm HTTP/1.1" 404 326 "-" "Mozilla/5.0 (compatible; DotBot/1.1; http://www.dotnetdotcom.org/, crawler@dotnetdotcom.org)"
208.115.111.246 - - [15/Apr/2010:17:24:44 +0200] "GET /referenzen.htm HTTP/1.1" 404 326 "-" "Mozilla/5.0 (compatible; DotBot/1.1; http://www.dotnetdotcom.org/, crawler@dotnetdotcom.org)"
208.115.111.246 - - [15/Apr/2010:17:24:49 +0200] "GET /trittschall.htm HTTP/1.1" 404 327 "-" "Mozilla/5.0 (compatible; DotBot/1.1; http://www.dotnetdotcom.org/, crawler@dotnetdotcom.org)"
66.249.71.52 - - [15/Apr/2010:17:34:13 +0200] "GET /content/kalender/jax_calendar.php?Y=239&m=9&d=15&view=d1 HTTP/1.1" 404 345 "-" "Mozilla/5.0 (compatible; Googlebot/2.1; +http://www.google.com/bot.html)"
66.249.71.52 - - [15/Apr/2010:17:38:02 +0200] "GET /content/kalender/jax_calendar.php?Y=-1446&m=1&d=3&cal_id=0&language=german&gmt_ofs=-1&view=d1 HTTP/1.1" 404 345 "-" "Mozilla/5.0 (compatible; Googlebot/2.1; +http://www.google.com/bot.html)"
66.249.71.52 - - [15/Apr/2010:17:41:52 +0200] "GET /content/kalender/jax_calendar.php?Y=244&m=5&d=11&view=d1 HTTP/1.1" 404 345 "-" "Mozilla/5.0 (compatible; Googlebot/2.1; +http://www.google.com/bot.html)"
66.249.71.52 - - [15/Apr/2010:17:47:01 +0200] "GET /content/kalender/jax_calendar.php?Y=-649&m=2&d=1&cal_id=0&language=german&gmt_ofs=-1&view=d1 HTTP/1.1" 404 345 "-" "Mozilla/5.0 (compatible; Googlebot/2.1; +http://www.google.com/bot.html)"
65.55.207.97 - - [15/Apr/2010:17:48:00 +0200] "GET /robots.txt HTTP/1.1" 404 322 "-" "msnbot/2.0b (+http://search.msn.com/msnbot.htm)"
66.249.71.52 - - [15/Apr/2010:17:49:44 +0200] "GET /content/kalender/jax_calendar.php?Y=246&m=11&d=9&cal_id=0&language=german&gmt_ofs=-1&view=d1 HTTP/1.1" 404 345 "-" "Mozilla/5.0 (compatible; Googlebot/2.1; +http://www.google.com/bot.html)"
66.249.71.52 - - [15/Apr/2010:17:53:57 +0200] "GET /content/kalender/jax_calendar.php?Y=2001&m=9&d=7&cal_id=0&language=german&gmt_ofs=-1&view=d1&view=d1 HTTP/1.1" 404 345 "-" "Mozilla/5.0 (compatible; Googlebot/2.1; +http://www.google.com/bot.html)"
66.249.71.52 - - [15/Apr/2010:17:53:59 +0200] "GET /content/kalender/jax_calendar.php?Y=-652&m=5&d=2&view=d1 HTTP/1.1" 404 345 "-" "Mozilla/5.0 (compatible; Googlebot/2.1; +http://www.google.com/bot.html)"
66.249.71.52 - - [15/Apr/2010:17:53:59 +0200] "GET /content/kalender/jax_calendar.php?Y=239&m=5&d=10&view=d1 HTTP/1.1" 404 345 "-" "Mozilla/5.0 (compatible; Googlebot/2.1; +http://www.google.com/bot.html)"
66.249.71.52 - - [15/Apr/2010:17:54:00 +0200] "GET /content/kalender/jax_calendar.php?Y=-1605&m=9&d=3&cal_id=0&language=german&gmt_ofs=-1&view=d1 HTTP/1.1" 404 345 "-" "Mozilla/5.0 (compatible; Googlebot/2.1; +http://www.google.com/bot.html)"
217.186.116.198 - - [15/Apr/2010:17:54:53 +0200] "GET /content/spenden/ HTTP/1.1" 404 333 "http://www.google.de/url?sa=t&source=web&ct=res&cd=3&ved=0CBIQFjAC&url=http%3A%2F%2Fwww.sozialedienste-awo.de%2Fcontent%2Fspenden%2F&rct=j&q=awo+bernau+stellenangebote&ei=sTbHS4jfK-WTOLrmnKwN&usg=AFQjCNFF7djOh3YwXxzzhtKvoOAD5-LeSQ" "Mozilla/5.0 (Windows; U; Windows NT 5.1; de; rv:1.9.2.3) Gecko/20100401 Firefox/3.6.3"
217.186.116.198 - - [15/Apr/2010:17:54:54 +0200] "GET /favicon.ico HTTP/1.1" 404 328 "-" "Mozilla/5.0 (Windows; U; Windows NT 5.1; de; rv:1.9.2.3) Gecko/20100401 Firefox/3.6.3"
217.186.116.198 - - [15/Apr/2010:17:54:54 +0200] "GET /favicon.ico HTTP/1.1" 404 328 "-" "Mozilla/5.0 (Windows; U; Windows NT 5.1; de; rv:1.9.2.3) Gecko/20100401 Firefox/3.6.3"
217.186.116.198 - - [15/Apr/2010:17:54:58 +0200] "GET /content/stellenangebote/ HTTP/1.1" 404 341 "http://www.google.de/url?sa=t&source=web&ct=res&cd=2&ved=0CBAQFjAB&url=http%3A%2F%2Fwww.sozialedienste-awo.de%2Fcontent%2Fstellenangebote%2F&rct=j&q=awo+bernau+stellenangebote&ei=sTbHS4jfK-WTOLrmnKwN&usg=AFQjCNGv7eLrpq2T3yWBTAQWdc0gN-QFEw" "Mozilla/5.0 (Windows; U; Windows NT 5.1; de; rv:1.9.2.3) Gecko/20100401 Firefox/3.6.3"
217.186.116.198 - - [15/Apr/2010:17:55:02 +0200] "GET /content/awo-ortsverein-bernau/ HTTP/1.1" 404 342 "http://www.google.de/url?sa=t&source=web&ct=res&cd=4&ved=0CBUQFjAD&url=http%3A%2F%2Fwww.awo-kv-bernau.de%2Fcontent%2Fawo-ortsverein-bernau%2F&rct=j&q=awo+bernau+stellenangebote&ei=sTbHS4jfK-WTOLrmnKwN&usg=AFQjCNGS-q7sUUz7abZtXDQHqpJORZyChg" "Mozilla/5.0 (Windows; U; Windows NT 5.1; de; rv:1.9.2.3) Gecko/20100401 Firefox/3.6.3"
217.186.116.198 - - [15/Apr/2010:17:55:02 +0200] "GET /favicon.ico HTTP/1.1" 404 323 "-" "Mozilla/5.0 (Windows; U; Windows NT 5.1; de; rv:1.9.2.3) Gecko/20100401 Firefox/3.6.3"
217.186.116.198 - - [15/Apr/2010:17:55:02 +0200] "GET /favicon.ico HTTP/1.1" 404 323 "-" "Mozilla/5.0 (Windows; U; Windows NT 5.1; de; rv:1.9.2.3) Gecko/20100401 Firefox/3.6.3"
67.195.112.177 - - [15/Apr/2010:17:57:39 +0200] "GET /robots.txt HTTP/1.0" 404 327 "-" "Mozilla/5.0 (compatible; Yahoo! Slurp; http://help.yahoo.com/help/us/ysearch/slurp)"
67.195.112.177 - - [15/Apr/2010:17:57:39 +0200] "GET /content/projektpatenschaften/ HTTP/1.0" 404 346 "-" "Mozilla/5.0 (compatible; Yahoo! Slurp/3.0; http://help.yahoo.com/help/us/ysearch/slurp)"
66.249.71.52 - - [15/Apr/2010:18:02:27 +0200] "GET /content/kalender/jax_calendar.php?Y=-648&m=2&d=1&cal_id=0&language=german&gmt_ofs=-1&view=d1 HTTP/1.1" 404 345 "-" "Mozilla/5.0 (compatible; Googlebot/2.1; +http://www.google.com/bot.html)"
66.249.71.52 - - [15/Apr/2010:18:06:30 +0200] "GET /content/kalender/jax_calendar.php?Y=240&m=3&d=29&view=d1 HTTP/1.1" 404 345 "-" "Mozilla/5.0 (compatible; Googlebot/2.1; +http://www.google.com/bot.html)"
66.249.71.52 - - [15/Apr/2010:18:10:50 +0200] "GET /content/kalender/jax_calendar.php?Y=-1605&m=10&d=18&view=d1 HTTP/1.1" 404 345 "-" "Mozilla/5.0 (compatible; Googlebot/2.1; +http://www.google.com/bot.html)"
77.186.79.96 - - [15/Apr/2010:18:14:10 +0200] "GET /content/wohnstaette-fuer-psychisch-kranke/ HTTP/1.1" 404 359 "http://www.google.de/search?hl=de&q=AWO+in+Eberswalde%2C+in+der+Kantstra%C3%9Fe&btnG=Suche&meta=&aq=f&aqi=&aql=&oq=&gs_rfai=" "Mozilla/5.0 (Windows; U; Windows NT 6.1; en-US) AppleWebKit/532.5 (KHTML, like Gecko) Chrome/4.1.249.1045 Safari/532.5"
77.186.79.96 - - [15/Apr/2010:18:14:10 +0200] "GET /favicon.ico HTTP/1.1" 404 328 "-" "Mozilla/5.0 (Windows; U; Windows NT 6.1; en-US) AppleWebKit/532.5 (KHTML, like Gecko) Chrome/4.1.249.1045 Safari/532.5"
77.186.79.96 - - [15/Apr/2010:18:14:29 +0200] "GET /favicon.ico HTTP/1.1" 404 328 "-" "Mozilla/5.0 (Windows; U; Windows NT 6.1; en-US) AppleWebKit/532.5 (KHTML, like Gecko) Chrome/4.1.249.1045 Safari/532.5"
66.249.71.52 - - [15/Apr/2010:18:15:12 +0200] "GET /content/kalender/jax_calendar.php?Y=-1604&m=7&d=3&cal_id=0&language=german&gmt_ofs=-1&view=d1 HTTP/1.1" 404 345 "-" "Mozilla/5.0 (compatible; Googlebot/2.1; +http://www.google.com/bot.html)"
87.187.149.52 - - [15/Apr/2010:18:15:19 +0200] "GET / HTTP/1.1" 304 - "-" "Mozilla/4.0 (compatible; MSIE 7.0; Windows NT 5.1; .NET CLR 1.1.4322)"
66.249.71.52 - - [15/Apr/2010:18:19:34 +0200] "GET /content/kalender/jax_calendar.php?Y=242&m=11&d=29&view=d1 HTTP/1.1" 404 345 "-" "Mozilla/5.0 (compatible; Googlebot/2.1; +http://www.google.com/bot.html)"
87.187.149.52 - - [15/Apr/2010:18:19:43 +0200] "GET / HTTP/1.1" 304 - "-" "Mozilla/4.0 (compatible; MSIE 7.0; Windows NT 5.1; .NET CLR 1.1.4322)"
66.249.71.52 - - [15/Apr/2010:18:23:41 +0200] "GET /content/kalender/jax_calendar.php?Y=2002&m=6&d=8&cal_id=0&language=german&gmt_ofs=-1&view=d30&view=d30 HTTP/1.1" 404 345 "-" "Mozilla/5.0 (compatible; Googlebot/2.1; +http://www.google.com/bot.html)"
66.249.71.52 - - [15/Apr/2010:18:23:42 +0200] "GET /content/kalender/jax_calendar.php?Y=249&m=2&d=9&cal_id=0&language=german&gmt_ofs=-1&view=d1 HTTP/1.1" 404 345 "-" "Mozilla/5.0 (compatible; Googlebot/2.1; +http://www.google.com/bot.html)"
66.249.71.52 - - [15/Apr/2010:18:23:42 +0200] "GET /content/kalender/jax_calendar.php?Y=-1462&m=6&d=14&view=d1 HTTP/1.1" 404 345 "-" "Mozilla/5.0 (compatible; Googlebot/2.1; +http://www.google.com/bot.html)"
66.249.71.52 - - [15/Apr/2010:18:23:43 +0200] "GET /content/kalender/jax_calendar.php?Y=-653&m=6&d=1&cal_id=0&language=german&gmt_ofs=-1&view=d1 HTTP/1.1" 404 345 "-" "Mozilla/5.0 (compatible; Googlebot/2.1; +http://www.google.com/bot.html)"
66.249.71.52 - - [15/Apr/2010:18:23:43 +0200] "GET /content/kalender/jax_calendar.php?Y=243&m=7&d=39&view=d1 HTTP/1.1" 404 345 "-" "Mozilla/5.0 (compatible; Googlebot/2.1; +http://www.google.com/bot.html)"
66.249.71.52 - - [15/Apr/2010:18:23:45 +0200] "GET /content/kalender/jax_calendar.php?Y=249&m=3&d=9&cal_id=0&language=german&gmt_ofs=-1&view=d1 HTTP/1.1" 404 345 "-" "Mozilla/5.0 (compatible; Googlebot/2.1; +http://www.google.com/bot.html)"
66.249.71.52 - - [15/Apr/2010:18:23:46 +0200] "GET /content/kalender/jax_calendar.php?Y=-1604&m=6&d=3&cal_id=0&language=german&gmt_ofs=-1&view=d1 HTTP/1.1" 404 345 "-" "Mozilla/5.0 (compatible; Googlebot/2.1; +http://www.google.com/bot.html)"
66.249.71.11 - - [15/Apr/2010:18:23:47 +0200] "GET /robots.txt HTTP/1.1" 404 327 "-" "Googlebot/2.1 (+http://www.google.com/bot.html)"
66.249.71.11 - - [15/Apr/2010:18:23:47 +0200] "GET /content HTTP/1.1" 404 324 "-" "Googlebot/2.1 (+http://www.google.com/bot.html)"
66.249.71.52 - - [15/Apr/2010:18:23:48 +0200] "GET /content/kalender/jax_calendar.php?Y=243&m=6&d=6&view=d1 HTTP/1.1" 404 345 "-" "Mozilla/5.0 (compatible; Googlebot/2.1; +http://www.google.com/bot.html)"
66.249.71.52 - - [15/Apr/2010:18:26:00 +0200] "GET /content/kalender/jax_calendar.php?Y=239&m=12&d=32&view=d1 HTTP/1.1" 404 345 "-" "Mozilla/5.0 (compatible; Googlebot/2.1; +http://www.google.com/bot.html)"
62.117.13.92 - - [15/Apr/2010:18:32:55 +0200] "GET /fotoshow/fotoshow.htm HTTP/1.1" 404 333 "http://www.google.de/url?sa=t&source=web&ct=res&cd=4&ved=0CBUQFjAD&url=http%3A%2F%2Fwww.boedenundmehr.de%2Ffotoshow%2Ffotoshow.htm&rct=j&q=steinkrau%C3%9F+b%C3%B6den+und+mehr&ei=rj_HS5a4GKafOJeO2aYN&usg=AFQjCNExY7jyy2h7k9ezgxd28PX6PQLrog" "Mozilla/4.0 (compatible; MSIE 8.0; Windows NT 6.1; WOW64; Trident/4.0; GTB0.0; SLCC2; .NET CLR 2.0.50727; .NET CLR 3.5.30729; .NET CLR 3.0.30729; Media Center PC 6.0)"
66.249.71.52 - - [15/Apr/2010:18:41:01 +0200] "GET /content/kalender/jax_calendar.php?Y=250&m=3&d=9&cal_id=0&language=german&gmt_ofs=-1&view=d1 HTTP/1.1" 404 345 "-" "Mozilla/5.0 (compatible; Googlebot/2.1; +http://www.google.com/bot.html)"
66.249.71.11 - - [15/Apr/2010:18:41:14 +0200] "GET /content/ueber-uns/ HTTP/1.1" 404 335 "-" "Mozilla/5.0 (compatible; Googlebot/2.1; +http://www.google.com/bot.html)"
207.46.204.230 - - [15/Apr/2010:18:44:46 +0200] "GET /content/projektpatenschaften/ HTTP/1.1" 404 346 "-" "msnbot/2.0b (+http://search.msn.com/msnbot.htm)"
87.187.149.52 - - [15/Apr/2010:18:48:45 +0200] "GET / HTTP/1.1" 304 - "-" "Mozilla/4.0 (compatible; MSIE 7.0; Windows NT 5.1; .NET CLR 1.1.4322)"
207.46.204.236 - - [15/Apr/2010:18:51:44 +0200] "GET /content/rappelkiste/ HTTP/1.1" 404 332 "-" "msnbot/2.0b (+http://search.msn.com/msnbot.htm)"
91.63.170.89 - - [15/Apr/2010:18:54:32 +0200] "GET / HTTP/1.1" 200 1229 "http://www.google.de/search?q=awo+jugendweihe+bernau&ie=utf-8&oe=utf-8&aq=t&rls=org.mozilla:de:official&client=firefox-a" "Mozilla/5.0 (Windows; U; Windows NT 6.1; de; rv:1.9.2.3) Gecko/20100401 Firefox/3.6.3"
91.63.170.89 - - [15/Apr/2010:18:54:36 +0200] "GET /favicon.ico HTTP/1.1" 404 323 "-" "Mozilla/5.0 (Windows; U; Windows NT 6.1; de; rv:1.9.2.3) Gecko/20100401 Firefox/3.6.3"
91.63.170.89 - - [15/Apr/2010:18:54:39 +0200] "GET /favicon.ico HTTP/1.1" 404 323 "-" "Mozilla/5.0 (Windows; U; Windows NT 6.1; de; rv:1.9.2.3) Gecko/20100401 Firefox/3.6.3"
66.249.71.52 - - [15/Apr/2010:18:55:01 +0200] "GET /content/kalender/jax_calendar.php?Y=2010&m=8&d=7&cal_id=0&language=german&gmt_ofs=-1&view=d1&view=d1 HTTP/1.1" 404 345 "-" "Mozilla/5.0 (compatible; Googlebot/2.1; +http://www.google.com/bot.html)"
66.249.71.52 - - [15/Apr/2010:18:55:02 +0200] "GET /content/kalender/jax_calendar.php?Y=-653&m=9&d=1&cal_id=0&language=german&gmt_ofs=-1&view=d1 HTTP/1.1" 404 345 "-" "Mozilla/5.0 (compatible; Googlebot/2.1; +http://www.google.com/bot.html)"
66.249.71.52 - - [15/Apr/2010:18:55:02 +0200] "GET /content/kalender/jax_calendar.php?Y=253&m=9&d=9&cal_id=0&language=german&gmt_ofs=-1&view=d1 HTTP/1.1" 404 345 "-" "Mozilla/5.0 (compatible; Googlebot/2.1; +http://www.google.com/bot.html)"
66.249.71.52 - - [15/Apr/2010:18:55:03 +0200] "GET /content/kalender/jax_calendar.php?Y=-1607&m=3&d=5&cal_id=0&language=german&gmt_ofs=-1&view=d1 HTTP/1.1" 404 345 "-" "Mozilla/5.0 (compatible; Googlebot/2.1; +http://www.google.com/bot.html)"
66.249.71.52 - - [15/Apr/2010:18:55:04 +0200] "GET /content/kalender/jax_calendar.php?Y=3816&m=10&d=5&cal_id=0&language=german&gmt_ofs=-1&view=d1 HTTP/1.1" 404 345 "-" "Mozilla/5.0 (compatible; Googlebot/2.1; +http://www.google.com/bot.html)"
66.249.71.52 - - [15/Apr/2010:18:55:06 +0200] "GET /content/kalender/jax_calendar.php?Y=-1452&m=8&d=3&cal_id=0&language=german&gmt_ofs=-1&view=d1 HTTP/1.1" 404 345 "-" "Mozilla/5.0 (compatible; Googlebot/2.1; +http://www.google.com/bot.html)"
66.249.71.52 - - [15/Apr/2010:18:55:06 +0200] "GET /content/kalender/jax_calendar.php?Y=253&m=1&d=9&cal_id=0&language=german&gmt_ofs=-1&view=d1 HTTP/1.1" 404 345 "-" "Mozilla/5.0 (compatible; Googlebot/2.1; +http://www.google.com/bot.html)"
66.249.71.52 - - [15/Apr/2010:18:55:23 +0200] "GET /content/kalender/jax_calendar.php?Y=3814&m=11&d=9&cal_id=0&language=german&gmt_ofs=-1&view=d1 HTTP/1.1" 404 345 "-" "Mozilla/5.0 (compatible; Googlebot/2.1; +http://www.google.com/bot.html)"
91.63.170.89 - - [15/Apr/2010:18:55:44 +0200] "GET /content/eltern-kind-zentrum-bernau-sued/ HTTP/1.1" 404 352 "http://www.google.de/search?hl=de&client=firefox-a&hs=uwS&rls=org.mozilla%3Ade%3Aofficial&q=awo+bernau&meta=&aq=f&aqi=g2&aql=&oq=&gs_rfai=" "Mozilla/5.0 (Windows; U; Windows NT 6.1; de; rv:1.9.2.3) Gecko/20100401 Firefox/3.6.3"
65.55.106.232 - - [15/Apr/2010:18:58:26 +0200] "GET /robots.txt HTTP/1.1" 404 322 "-" "msnbot/2.0b (+http://search.msn.com/msnbot.htm)"
66.249.71.52 - - [15/Apr/2010:19:10:23 +0200] "GET /content/kalender/jax_calendar.php?Y=-653&m=7&d=1&cal_id=0&language=german&gmt_ofs=-1&view=d1 HTTP/1.1" 404 345 "-" "Mozilla/5.0 (compatible; Googlebot/2.1; +http://www.google.com/bot.html)"
207.46.13.132 - - [15/Apr/2010:19:12:21 +0200] "GET /content/satzung/ HTTP/1.1" 404 328 "-" "msnbot/2.0b (+http://search.msn.com/msnbot.htm)"
66.249.71.52 - - [15/Apr/2010:19:23:36 +0200] "GET /content HTTP/1.1" 404 319 "-" "Googlebot/2.1 (+http://www.google.com/bot.html)"
207.46.195.233 - - [15/Apr/2010:19:25:15 +0200] "GET /content/kalender/jax_calendar.php?Y=2010&m=8&d=9&view=d1 HTTP/1.1" 404 345 "-" "msnbot/2.0b (+http://search.msn.com/msnbot.htm)"
66.249.71.52 - - [15/Apr/2010:19:26:17 +0200] "GET /content/kalender/jax_calendar.php?Y=2017&m=5&d=1&cal_id=0&language=german&gmt_ofs=-1&view=d1&view=d1 HTTP/1.1" 404 345 "-" "Mozilla/5.0 (compatible; Googlebot/2.1; +http://www.google.com/bot.html)"
66.249.71.52 - - [15/Apr/2010:19:26:19 +0200] "GET /content/kalender/jax_calendar.php?Y=-1452&m=7&d=3&cal_id=0&language=german&gmt_ofs=-1&view=d1 HTTP/1.1" 404 345 "-" "Mozilla/5.0 (compatible; Googlebot/2.1; +http://www.google.com/bot.html)"
66.249.71.52 - - [15/Apr/2010:19:26:19 +0200] "GET /content/kalender/jax_calendar.php?Y=-1605&m=3&d=3&cal_id=0&language=german&gmt_ofs=-1&view=d1 HTTP/1.1" 404 345 "-" "Mozilla/5.0 (compatible; Googlebot/2.1; +http://www.google.com/bot.html)"
66.249.71.52 - - [15/Apr/2010:19:26:21 +0200] "GET /content/kalender/jax_calendar.php?Y=-1605&m=4&d=3&cal_id=0&language=german&gmt_ofs=-1&view=d1 HTTP/1.1" 404 345 "-" "Mozilla/5.0 (compatible; Googlebot/2.1; +http://www.google.com/bot.html)"
66.249.71.52 - - [15/Apr/2010:19:26:22 +0200] "GET /content/kalender/jax_calendar.php?Y=-1599&m=5&d=3&cal_id=0&language=german&gmt_ofs=-1&view=d1 HTTP/1.1" 404 345 "-" "Mozilla/5.0 (compatible; Googlebot/2.1; +http://www.google.com/bot.html)"
66.249.71.52 - - [15/Apr/2010:19:26:22 +0200] "GET /content/kalender/jax_calendar.php?Y=-1450&m=2&d=3&cal_id=0&language=german&gmt_ofs=-1&view=d1 HTTP/1.1" 404 345 "-" "Mozilla/5.0 (compatible; Googlebot/2.1; +http://www.google.com/bot.html)"
66.249.71.52 - - [15/Apr/2010:19:26:23 +0200] "GET /content/kalender/jax_calendar.php?Y=-1605&m=7&d=3&cal_id=0&language=german&gmt_ofs=-1&view=d1 HTTP/1.1" 404 345 "-" "Mozilla/5.0 (compatible; Googlebot/2.1; +http://www.google.com/bot.html)"
66.249.71.52 - - [15/Apr/2010:19:26:24 +0200] "GET /content/kalender/jax_calendar.php?Y=243&m=8&d=8&view=d1 HTTP/1.1" 404 345 "-" "Mozilla/5.0 (compatible; Googlebot/2.1; +http://www.google.com/bot.html)"
66.249.71.52 - - [15/Apr/2010:19:28:47 +0200] "GET /content/kalender/jax_calendar.php?Y=244&m=3&d=6&view=d1 HTTP/1.1" 404 345 "-" "Mozilla/5.0 (compatible; Googlebot/2.1; +http://www.google.com/bot.html)"
87.187.254.64 - - [15/Apr/2010:19:41:50 +0200] "GET /content/aktuelles HTTP/1.1" 404 329 "-" "Mozilla/4.0 (compatible; MSIE 8.0; Windows NT 5.1; Trident/4.0; .NET CLR 1.1.4322; .NET CLR 2.0.50727; .NET CLR 3.0.4506.2152; .NET CLR 3.5.30729; InfoPath.2)"
87.187.254.64 - - [15/Apr/2010:19:41:58 +0200] "GET / HTTP/1.1" 200 1229 "-" "Mozilla/4.0 (compatible; MSIE 8.0; Windows NT 5.1; Trident/4.0; .NET CLR 1.1.4322; .NET CLR 2.0.50727; .NET CLR 3.0.4506.2152; .NET CLR 3.5.30729; InfoPath.2)"
87.187.254.64 - - [15/Apr/2010:19:42:31 +0200] "GET / HTTP/1.1" 200 1229 "http://www.google.de/url?sa=t&source=web&ct=res&cd=1&ved=0CAYQFjAA&url=http%3A%2F%2Fwww.sozialedienste-awo.de%2F&rct=j&q=soziale+dienste+am+weinberg&ei=AlDHS_HHLpKqnAPy0MHMDA&usg=AFQjCNH2Qfmo8nkh5zcrNwd_uJtSWjaknA" "Mozilla/4.0 (compatible; MSIE 8.0; Windows NT 5.1; Trident/4.0; .NET CLR 1.1.4322; .NET CLR 2.0.50727; .NET CLR 3.0.4506.2152; .NET CLR 3.5.30729; InfoPath.2)"
87.187.254.64 - - [15/Apr/2010:19:42:31 +0200] "GET /favicon.ico HTTP/1.1" 404 328 "-" "Mozilla/4.0 (compatible; MSIE 8.0; Windows NT 5.1; Trident/4.0; .NET CLR 1.1.4322; .NET CLR 2.0.50727; .NET CLR 3.0.4506.2152; .NET CLR 3.5.30729; InfoPath.2)"
66.249.71.52 - - [15/Apr/2010:19:54:07 +0200] "GET /content/kalender/jax_calendar.php?Y=2002&m=10&d=7&cal_id=0&language=german&gmt_ofs=-1&view=d1&view=d1 HTTP/1.1" 404 345 "-" "Mozilla/5.0 (compatible; Googlebot/2.1; +http://www.google.com/bot.html)"
66.249.71.52 - - [15/Apr/2010:19:54:08 +0200] "GET /content/kalender/jax_calendar.php?Y=10&m=9&d=4&cal_id=0&language=german&gmt_ofs=-1&view=d1 HTTP/1.1" 404 345 "-" "Mozilla/5.0 (compatible; Googlebot/2.1; +http://www.google.com/bot.html)"
66.249.71.52 - - [15/Apr/2010:19:54:08 +0200] "GET /content/kalender/jax_calendar.php?Y=243&m=11&d=32&view=d1 HTTP/1.1" 404 345 "-" "Mozilla/5.0 (compatible; Googlebot/2.1; +http://www.google.com/bot.html)"
66.249.71.52 - - [15/Apr/2010:19:54:09 +0200] "GET /content/kalender/jax_calendar.php?Y=4034&m=8&d=5&view=d1 HTTP/1.1" 404 345 "-" "Mozilla/5.0 (compatible; Googlebot/2.1; +http://www.google.com/bot.html)"
66.249.71.52 - - [15/Apr/2010:19:54:09 +0200] "GET /content/kalender/jax_calendar.php?Y=252&m=11&d=9&cal_id=0&language=german&gmt_ofs=-1&view=d1 HTTP/1.1" 404 345 "-" "Mozilla/5.0 (compatible; Googlebot/2.1; +http://www.google.com/bot.html)"
66.249.71.52 - - [15/Apr/2010:19:54:11 +0200] "GET /content/kalender/jax_calendar.php?Y=-653&m=11&d=1&cal_id=0&language=german&gmt_ofs=-1&view=d1 HTTP/1.1" 404 345 "-" "Mozilla/5.0 (compatible; Googlebot/2.1; +http://www.google.com/bot.html)"
66.249.71.52 - - [15/Apr/2010:19:54:12 +0200] "GET /content/kalender/jax_calendar.php?Y=-648&m=7&d=1&cal_id=0&language=german&gmt_ofs=-1&view=d1 HTTP/1.1" 404 345 "-" "Mozilla/5.0 (compatible; Googlebot/2.1; +http://www.google.com/bot.html)"
66.249.71.52 - - [15/Apr/2010:19:55:17 +0200] "GET /content/kalender/jax_calendar.php?Y=254&m=4&d=9&cal_id=0&language=german&gmt_ofs=-1&view=d1 HTTP/1.1" 404 345 "-" "Mozilla/5.0 (compatible; Googlebot/2.1; +http://www.google.com/bot.html)"
212.185.234.170 - - [15/Apr/2010:19:55:57 +0200] "GET / HTTP/1.1" 200 1229 "http://suche.t-online.de/fast-cgi/tsc?q=Awo+bernau&wo=&mandant=toi&device=html&portallanguage=de&userlanguage=de&ptl=std&dia=portal&context=internet-tab&tpc=internet&classification=internet-tab_internet_std&suchraum=1&x=0&y=0" "Mozilla/4.0 (compatible; MSIE 7.0; Windows NT 5.1; Trident/4.0; .NET CLR 1.1.4322; .NET CLR 2.0.50727; .NET CLR 3.0.04506.30; .NET CLR 3.0.4506.2152; .NET CLR 3.5.30729; msn OptimizedIE8;DEDE)"
212.185.234.170 - - [15/Apr/2010:19:55:57 +0200] "GET /favicon.ico HTTP/1.1" 404 323 "-" "T-Online Browser"
93.214.53.81 - - [15/Apr/2010:19:56:47 +0200] "GET / HTTP/1.1" 200 1229 "http://www.kliniken.de/pflegeheime/a-z/altenheim/AWO-Altenpflegeheim-Wohnen-Am-Weinberg-Bernau-b-Berlin-33720.htm" "Mozilla/5.0 (Windows; U; Windows NT 5.1; de; rv:1.9.1.9) Gecko/20100315 Firefox/3.5.9 GTB6 (.NET CLR 3.5.30729)"
93.214.53.81 - - [15/Apr/2010:19:56:47 +0200] "GET /favicon.ico HTTP/1.1" 404 328 "-" "Mozilla/5.0 (Windows; U; Windows NT 5.1; de; rv:1.9.1.9) Gecko/20100315 Firefox/3.5.9 GTB6 (.NET CLR 3.5.30729)"
93.214.53.81 - - [15/Apr/2010:19:56:50 +0200] "GET /favicon.ico HTTP/1.1" 404 328 "-" "Mozilla/5.0 (Windows; U; Windows NT 5.1; de; rv:1.9.1.9) Gecko/20100315 Firefox/3.5.9 GTB6 (.NET CLR 3.5.30729)"
93.214.53.81 - - [15/Apr/2010:19:56:50 +0200] "GET /favicon.ico HTTP/1.1" 404 328 "-" "Mozilla/5.0 (Windows; U; Windows NT 5.1; de; rv:1.9.1.9) Gecko/20100315 Firefox/3.5.9 GTB6 (.NET CLR 3.5.30729)"
87.187.149.52 - - [15/Apr/2010:20:00:34 +0200] "GET / HTTP/1.1" 200 1229 "-" "Mozilla/4.0 (compatible; MSIE 7.0; Windows NT 5.1; .NET CLR 1.1.4322)"
87.187.149.52 - - [15/Apr/2010:20:00:34 +0200] "GET /favicon.ico HTTP/1.1" 404 328 "-" "Mozilla/4.0 (compatible; MSIE 7.0; Windows NT 5.1; .NET CLR 1.1.4322)"
84.178.212.110 - - [15/Apr/2010:20:04:11 +0200] "GET /content/assets/Beratung/EFB/dietzlazar.jpg HTTP/1.1" 404 354 "http://www.123people.de/s/claudia+k%C3%B6lsch" "Mozilla/4.0 (compatible; MSIE 8.0; Windows NT 6.1; WOW64; Trident/4.0; GTB6.4; SLCC2; .NET CLR 2.0.50727; .NET CLR 3.5.30729; .NET CLR 3.0.30729; Media Center PC 6.0)"
67.195.111.229 - - [15/Apr/2010:20:08:10 +0200] "GET /content/beratungsstellen/ HTTP/1.0" 404 337 "-" "Mozilla/5.0 (compatible; Yahoo! Slurp/3.0; http://help.yahoo.com/help/us/ysearch/slurp)"
66.249.71.52 - - [15/Apr/2010:20:10:17 +0200] "GET /content/kalender/jax_calendar.php?Y=242&m=3&d=33&view=d1 HTTP/1.1" 404 345 "-" "Mozilla/5.0 (compatible; Googlebot/2.1; +http://www.google.com/bot.html)"
66.249.71.52 - - [15/Apr/2010:20:22:34 +0200] "GET /content/kalender/jax_calendar.php?Y=2009&m=11&d=20&cal_id=0&language=german&gmt_ofs=-1&view=d1&view=d1 HTTP/1.1" 404 345 "-" "Mozilla/5.0 (compatible; Googlebot/2.1; +http://www.google.com/bot.html)"
66.249.71.52 - - [15/Apr/2010:20:22:36 +0200] "GET /content/kalender/jax_calendar.php?Y=-1599&m=8&d=5&cal_id=0&language=german&gmt_ofs=-1&view=d1 HTTP/1.1" 404 345 "-" "Mozilla/5.0 (compatible; Googlebot/2.1; +http://www.google.com/bot.html)"
66.249.71.52 - - [15/Apr/2010:20:22:37 +0200] "GET /content/kalender/jax_calendar.php?Y=245&m=4&d=9&cal_id=0&language=german&gmt_ofs=-1&view=d1 HTTP/1.1" 404 345 "-" "Mozilla/5.0 (compatible; Googlebot/2.1; +http://www.google.com/bot.html)"
66.249.71.52 - - [15/Apr/2010:20:22:37 +0200] "GET /content/kalender/jax_calendar.php?Y=-1604&m=11&d=3&cal_id=0&language=german&gmt_ofs=-1&view=d1 HTTP/1.1" 404 345 "-" "Mozilla/5.0 (compatible; Googlebot/2.1; +http://www.google.com/bot.html)"
66.249.71.52 - - [15/Apr/2010:20:22:38 +0200] "GET /content/kalender/jax_calendar.php?Y=246&m=6&d=9&cal_id=0&language=german&gmt_ofs=-1&view=d1 HTTP/1.1" 404 345 "-" "Mozilla/5.0 (compatible; Googlebot/2.1; +http://www.google.com/bot.html)"
66.249.71.52 - - [15/Apr/2010:20:22:39 +0200] "GET /content/kalender/jax_calendar.php?Y=239&m=7&d=3&view=d1 HTTP/1.1" 404 345 "-" "Mozilla/5.0 (compatible; Googlebot/2.1; +http://www.google.com/bot.html)"
66.249.71.52 - - [15/Apr/2010:20:22:56 +0200] "GET /content/kalender/jax_calendar.php?Y=242&m=5&d=1&view=d1 HTTP/1.1" 404 345 "-" "Mozilla/5.0 (compatible; Googlebot/2.1; +http://www.google.com/bot.html)"
65.55.216.53 - - [15/Apr/2010:20:29:27 +0200] "GET /robots.txt HTTP/1.1" 404 322 "-" "msnbot/2.0b (+http://search.msn.com/msnbot.htm)"
66.249.71.52 - - [15/Apr/2010:20:32:56 +0200] "GET /content/kalender/jax_calendar.php?Y=-1599&m=7&d=3&cal_id=0&language=german&gmt_ofs=-1&view=d1 HTTP/1.1" 404 345 "-" "Mozilla/5.0 (compatible; Googlebot/2.1; +http://www.google.com/bot.html)"
207.46.199.199 - - [15/Apr/2010:20:34:22 +0200] "GET /robots.txt HTTP/1.1" 404 322 "-" "msnbot/2.0b (+http://search.msn.com/msnbot.htm)"
66.249.71.52 - - [15/Apr/2010:20:42:57 +0200] "GET /content/kalender/jax_calendar.php?Y=241&m=6&d=22&view=d1 HTTP/1.1" 404 345 "-" "Mozilla/5.0 (compatible; Googlebot/2.1; +http://www.google.com/bot.html)"
207.46.204.242 - - [15/Apr/2010:20:48:00 +0200] "GET /content/projektpatenschaften/ HTTP/1.1" 404 341 "-" "msnbot/2.0b (+http://search.msn.com/msnbot.htm)"
66.249.71.52 - - [15/Apr/2010:20:55:49 +0200] "GET /content/kalender/jax_calendar.php?Y=2010&m=7&d=2&cal_id=0&language=german&gmt_ofs=-1&view=d1&view=d1 HTTP/1.1" 404 345 "-" "Mozilla/5.0 (compatible; Googlebot/2.1; +http://www.google.com/bot.html)"
66.249.71.52 - - [15/Apr/2010:20:55:49 +0200] "GET /content/kalender/jax_calendar.php?Y=-652&m=3&d=1&cal_id=0&language=german&gmt_ofs=-1&view=d1 HTTP/1.1" 404 345 "-" "Mozilla/5.0 (compatible; Googlebot/2.1; +http://www.google.com/bot.html)"
79.194.60.156 - - [15/Apr/2010:20:55:50 +0200] "GET / HTTP/1.1" 200 1229 "http://www.google.de/search?q=www.awo-kv-bernau%2Cde" "Mozilla/4.0 (compatible; MSIE 8.0; Windows NT 6.0; WOW64; Trident/4.0; SLCC1; .NET CLR 2.0.50727; .NET CLR 3.0.30618; InfoPath.2; .NET CLR 3.5.30729)"
79.194.60.156 - - [15/Apr/2010:20:55:50 +0200] "GET /favicon.ico HTTP/1.1" 404 323 "-" "Mozilla/4.0 (compatible; MSIE 8.0; Windows NT 6.0; WOW64; Trident/4.0; SLCC1; .NET CLR 2.0.50727; .NET CLR 3.0.30618; InfoPath.2; .NET CLR 3.5.30729)"
66.249.71.52 - - [15/Apr/2010:20:55:51 +0200] "GET /content/kalender/jax_calendar.php?Y=-649&m=11&d=1&cal_id=0&language=german&gmt_ofs=-1&view=d1 HTTP/1.1" 404 345 "-" "Mozilla/5.0 (compatible; Googlebot/2.1; +http://www.google.com/bot.html)"
66.249.71.52 - - [15/Apr/2010:20:55:51 +0200] "GET /content/kalender/jax_calendar.php?Y=-1447&m=4&d=3&cal_id=0&language=german&gmt_ofs=-1&view=d1 HTTP/1.1" 404 345 "-" "Mozilla/5.0 (compatible; Googlebot/2.1; +http://www.google.com/bot.html)"
66.249.71.52 - - [15/Apr/2010:20:55:53 +0200] "GET /content/kalender/jax_calendar.php?Y=-649&m=4&d=1&cal_id=0&language=german&gmt_ofs=-1&view=d1 HTTP/1.1" 404 345 "-" "Mozilla/5.0 (compatible; Googlebot/2.1; +http://www.google.com/bot.html)"
66.249.71.52 - - [15/Apr/2010:20:55:53 +0200] "GET /content/kalender/jax_calendar.php?Y=3972&m=1&d=18&view=d1 HTTP/1.1" 404 345 "-" "Mozilla/5.0 (compatible; Googlebot/2.1; +http://www.google.com/bot.html)"
66.249.71.52 - - [15/Apr/2010:20:55:54 +0200] "GET /content/kalender/jax_calendar.php?Y=245&m=3&d=9&cal_id=0&language=german&gmt_ofs=-1&view=d1 HTTP/1.1" 404 345 "-" "Mozilla/5.0 (compatible; Googlebot/2.1; +http://www.google.com/bot.html)"
66.249.71.52 - - [15/Apr/2010:20:55:55 +0200] "GET /content/kalender/jax_calendar.php?Y=-663&m=5&d=1&cal_id=0&language=german&gmt_ofs=-1&view=d1 HTTP/1.1" 404 345 "-" "Mozilla/5.0 (compatible; Googlebot/2.1; +http://www.google.com/bot.html)"
66.249.71.52 - - [15/Apr/2010:20:55:56 +0200] "GET /content/kalender/jax_calendar.php?Y=-648&m=11&d=1&cal_id=0&language=german&gmt_ofs=-1&view=d1 HTTP/1.1" 404 345 "-" "Mozilla/5.0 (compatible; Googlebot/2.1; +http://www.google.com/bot.html)"
79.194.60.156 - - [15/Apr/2010:20:56:07 +0200] "GET / HTTP/1.1" 200 1229 "-" "Mozilla/4.0 (compatible; MSIE 8.0; Windows NT 6.0; WOW64; Trident/4.0; SLCC1; .NET CLR 2.0.50727; .NET CLR 3.0.30618; InfoPath.2; .NET CLR 3.5.30729)"
79.194.60.156 - - [15/Apr/2010:20:56:07 +0200] "GET /favicon.ico HTTP/1.1" 404 328 "-" "Mozilla/4.0 (compatible; MSIE 8.0; Windows NT 6.0; WOW64; Trident/4.0; SLCC1; .NET CLR 2.0.50727; .NET CLR 3.0.30618; InfoPath.2; .NET CLR 3.5.30729)"
65.55.207.45 - - [15/Apr/2010:20:59:57 +0200] "GET /robots.txt HTTP/1.1" 404 322 "-" "msnbot/2.0b (+http://search.msn.com/msnbot.htm)"
216.129.119.44 - - [15/Apr/2010:21:14:24 +0200] "GET /robots.txt HTTP/1.1" 404 327 "-" "Mozilla/5.0 (Twiceler-0.9 http://www.cuil.com/twiceler/robot.html)"
153.2.246.34 - - [15/Apr/2010:21:15:31 +0200] "GET /content/traumland/ HTTP/1.1" 404 330 "http://www.google.de/search?hl=de&gl=de&q=awo+kita+traumland+schonwalde&meta=&aq=f&aqi=&aql=&oq=&gs_rfai=" "Mozilla/4.0 (compatible; MSIE 6.0; Windows NT 5.1; SV1; UPS-Corporate; .NET CLR 2.0.50727; .NET CLR 3.0.4506.2152; .NET CLR 3.5.30729; .NET CLR 1.1.4322)"
153.2.246.34 - - [15/Apr/2010:21:16:03 +0200] "GET /content/ehrenamt/ HTTP/1.1" 404 329 "http://www.google.de/search?hl=de&gl=de&q=awo+kita+traumland+schonwalde&meta=&aq=f&aqi=&aql=&oq=&gs_rfai=" "Mozilla/4.0 (compatible; MSIE 6.0; Windows NT 5.1; SV1; UPS-Corporate; .NET CLR 2.0.50727; .NET CLR 3.0.4506.2152; .NET CLR 3.5.30729; .NET CLR 1.1.4322)"
67.218.116.134 - - [15/Apr/2010:21:24:09 +0200] "GET /robots.txt HTTP/1.1" 404 327 "-" "Mozilla/5.0 (Twiceler-0.9 http://www.cuil.com/twiceler/robot.html)"
66.249.71.52 - - [15/Apr/2010:21:25:44 +0200] "GET /content/kalender/jax_calendar.php?Y=2010&m=2&d=9&cal_id=0&language=german&gmt_ofs=-1&view=d30&view=d30 HTTP/1.1" 404 345 "-" "Mozilla/5.0 (compatible; Googlebot/2.1; +http://www.google.com/bot.html)"
66.249.71.52 - - [15/Apr/2010:21:31:01 +0200] "GET /content/kalender/jax_calendar.php?Y=242&m=9&d=25&view=d1 HTTP/1.1" 404 345 "-" "Mozilla/5.0 (compatible; Googlebot/2.1; +http://www.google.com/bot.html)"
