91.63.175.184 - - [14/Apr/2010:08:21:14 +0200] "GET /content/awo-treff-angebote/ HTTP/1.1" 404 339 "http://search.incredimail.com/?q=AWO+Treff&lang=german&source=053023105011" "Mozilla/4.0 (compatible; MSIE 7.0; Windows NT 5.1; GTB6.4; .NET CLR 1.1.4322; .NET CLR 2.0.50727; .NET CLR 3.0.4506.2152; .NET CLR 3.5.30729)"
207.46.199.179 - - [14/Apr/2010:08:21:25 +0200] "GET /robots.txt HTTP/1.1" 404 327 "-" "msnbot/2.0b (+http://search.msn.com/msnbot.htm)"
66.249.65.231 - - [14/Apr/2010:08:22:27 +0200] "GET /content/kalender/jax_calendar.php?Y=-1460&m=4&d=5&cal_id=0&language=german&gmt_ofs=-1&view=d1 HTTP/1.1" 404 345 "-" "Mozilla/5.0 (compatible; Googlebot/2.1; +http://www.google.com/bot.html)"
66.249.65.231 - - [14/Apr/2010:08:23:36 +0200] "GET /content/kalender/jax_calendar.php?Y=-630&m=10&d=10&view=d1 HTTP/1.1" 404 345 "-" "Mozilla/5.0 (compatible; Googlebot/2.1; +http://www.google.com/bot.html)"
66.249.65.231 - - [14/Apr/2010:08:23:37 +0200] "GET /content/kalender/jax_calendar.php?Y=-1455&m=4&d=5&cal_id=0&language=german&gmt_ofs=-1&view=d1 HTTP/1.1" 404 345 "-" "Mozilla/5.0 (compatible; Googlebot/2.1; +http://www.google.com/bot.html)"
66.249.65.231 - - [14/Apr/2010:08:23:37 +0200] "GET /content/kalender/jax_calendar.php?Y=-631&m=10&d=26&view=d1 HTTP/1.1" 404 345 "-" "Mozilla/5.0 (compatible; Googlebot/2.1; +http://www.google.com/bot.html)"
66.249.65.231 - - [14/Apr/2010:08:23:38 +0200] "GET /content/kalender/jax_calendar.php?Y=-1443&m=3&d=5&cal_id=0&language=german&gmt_ofs=-1&view=d1 HTTP/1.1" 404 345 "-" "Mozilla/5.0 (compatible; Googlebot/2.1; +http://www.google.com/bot.html)"
66.249.65.231 - - [14/Apr/2010:08:23:38 +0200] "GET /content/kalender/jax_calendar.php?Y=-631&m=3&d=6&view=d1 HTTP/1.1" 404 345 "-" "Mozilla/5.0 (compatible; Googlebot/2.1; +http://www.google.com/bot.html)"
66.249.65.231 - - [14/Apr/2010:08:23:40 +0200] "GET /content/kalender/jax_calendar.php?Y=-630&m=4&d=7&view=d1 HTTP/1.1" 404 345 "-" "Mozilla/5.0 (compatible; Googlebot/2.1; +http://www.google.com/bot.html)"
66.249.65.231 - - [14/Apr/2010:08:23:41 +0200] "GET /content/kalender/jax_calendar.php?Y=-1446&m=3&d=5&cal_id=0&language=german&gmt_ofs=-1&view=d1 HTTP/1.1" 404 345 "-" "Mozilla/5.0 (compatible; Googlebot/2.1; +http://www.google.com/bot.html)"
66.249.65.231 - - [14/Apr/2010:08:23:41 +0200] "GET /content/kalender/jax_calendar.php?Y=-630&m=9&d=5&view=d1 HTTP/1.1" 404 345 "-" "Mozilla/5.0 (compatible; Googlebot/2.1; +http://www.google.com/bot.html)"
87.162.124.56 - - [14/Apr/2010:08:24:03 +0200] "GET / HTTP/1.1" 200 1229 "http://www.google.de/search?q=awo+bernau&ie=utf-8&oe=utf-8&aq=t&rls=org.mozilla:de:official&client=firefox-a" "Mozilla/5.0 (Windows; U; Windows NT 5.1; de; rv:1.9.2.3) Gecko/20100401 Firefox/3.6.3 (.NET CLR 3.5.30729)"
87.162.124.56 - - [14/Apr/2010:08:24:31 +0200] "GET /content/vorstand/ HTTP/1.1" 404 329 "http://www.google.de/search?q=awo+bernau+Vorstand&ie=utf-8&oe=utf-8&aq=t&rls=org.mozilla:de:official&client=firefox-a" "Mozilla/5.0 (Windows; U; Windows NT 5.1; de; rv:1.9.2.3) Gecko/20100401 Firefox/3.6.3 (.NET CLR 3.5.30729)"
87.162.124.56 - - [14/Apr/2010:08:24:31 +0200] "GET /favicon.ico HTTP/1.1" 404 323 "-" "Mozilla/5.0 (Windows; U; Windows NT 5.1; de; rv:1.9.2.3) Gecko/20100401 Firefox/3.6.3 (.NET CLR 3.5.30729)"
87.162.124.56 - - [14/Apr/2010:08:24:34 +0200] "GET /favicon.ico HTTP/1.1" 404 323 "-" "Mozilla/5.0 (Windows; U; Windows NT 5.1; de; rv:1.9.2.3) Gecko/20100401 Firefox/3.6.3 (.NET CLR 3.5.30729)"
87.162.124.56 - - [14/Apr/2010:08:24:38 +0200] "GET /content/awo-ortsverein-bernau/ HTTP/1.1" 404 342 "http://www.google.de/search?q=awo+bernau+Vorstand&ie=utf-8&oe=utf-8&aq=t&rls=org.mozilla:de:official&client=firefox-a" "Mozilla/5.0 (Windows; U; Windows NT 5.1; de; rv:1.9.2.3) Gecko/20100401 Firefox/3.6.3 (.NET CLR 3.5.30729)"
87.162.124.56 - - [14/Apr/2010:08:24:48 +0200] "GET /content/kontakt-impressum/ HTTP/1.1" 404 343 "http://www.google.de/search?q=awo+bernau+Vorstand&ie=utf-8&oe=utf-8&aq=t&rls=org.mozilla:de:official&client=firefox-a" "Mozilla/5.0 (Windows; U; Windows NT 5.1; de; rv:1.9.2.3) Gecko/20100401 Firefox/3.6.3 (.NET CLR 3.5.30729)"
87.162.124.56 - - [14/Apr/2010:08:24:48 +0200] "GET /favicon.ico HTTP/1.1" 404 328 "-" "Mozilla/5.0 (Windows; U; Windows NT 5.1; de; rv:1.9.2.3) Gecko/20100401 Firefox/3.6.3 (.NET CLR 3.5.30729)"
87.162.124.56 - - [14/Apr/2010:08:24:51 +0200] "GET /favicon.ico HTTP/1.1" 404 328 "-" "Mozilla/5.0 (Windows; U; Windows NT 5.1; de; rv:1.9.2.3) Gecko/20100401 Firefox/3.6.3 (.NET CLR 3.5.30729)"
87.162.124.56 - - [14/Apr/2010:08:25:07 +0200] "GET /content/vorstand/ HTTP/1.1" 404 329 "http://www.google.de/search?q=awo+bernau+Vorstand&ie=utf-8&oe=utf-8&aq=t&rls=org.mozilla:de:official&client=firefox-a" "Mozilla/5.0 (Windows; U; Windows NT 5.1; de; rv:1.9.2.3) Gecko/20100401 Firefox/3.6.3 (.NET CLR 3.5.30729)"
87.162.124.56 - - [14/Apr/2010:08:25:14 +0200] "GET /content/awo-ortsverein-bernau/ HTTP/1.1" 404 342 "http://www.google.de/search?q=awo+bernau+Vorstand&ie=utf-8&oe=utf-8&aq=t&rls=org.mozilla:de:official&client=firefox-a" "Mozilla/5.0 (Windows; U; Windows NT 5.1; de; rv:1.9.2.3) Gecko/20100401 Firefox/3.6.3 (.NET CLR 3.5.30729)"
87.162.124.56 - - [14/Apr/2010:08:25:17 +0200] "GET /content/kontakt-impressum/ HTTP/1.1" 404 343 "http://www.google.de/search?q=awo+bernau+Vorstand&ie=utf-8&oe=utf-8&aq=t&rls=org.mozilla:de:official&client=firefox-a" "Mozilla/5.0 (Windows; U; Windows NT 5.1; de; rv:1.9.2.3) Gecko/20100401 Firefox/3.6.3 (.NET CLR 3.5.30729)"
87.162.124.56 - - [14/Apr/2010:08:25:30 +0200] "GET /content/eltern-kind-zentrum-bernau-sued/ HTTP/1.1" 404 352 "http://www.google.de/search?q=awo+bernau+&ie=utf-8&oe=utf-8&aq=t&rls=org.mozilla:de:official&client=firefox-a" "Mozilla/5.0 (Windows; U; Windows NT 5.1; de; rv:1.9.2.3) Gecko/20100401 Firefox/3.6.3 (.NET CLR 3.5.30729)"
87.162.124.56 - - [14/Apr/2010:08:25:35 +0200] "GET / HTTP/1.1" 200 1229 "http://www.google.de/search?q=awo+bernau+&ie=utf-8&oe=utf-8&aq=t&rls=org.mozilla:de:official&client=firefox-a" "Mozilla/5.0 (Windows; U; Windows NT 5.1; de; rv:1.9.2.3) Gecko/20100401 Firefox/3.6.3 (.NET CLR 3.5.30729)"
66.249.65.231 - - [14/Apr/2010:08:26:23 +0200] "GET /content/kalender/jax_calendar.php?Y=-632&m=6&d=6&view=d1 HTTP/1.1" 404 345 "-" "Mozilla/5.0 (compatible; Googlebot/2.1; +http://www.google.com/bot.html)"
79.194.30.50 - - [14/Apr/2010:08:26:52 +0200] "GET / HTTP/1.1" 304 - "-" "Mozilla/4.0 (compatible; MSIE 8.0; Windows NT 6.1; Trident/4.0; SLCC2; .NET CLR 2.0.50727; .NET CLR 3.5.30729; .NET CLR 3.0.30729; Media Center PC 6.0; Tablet PC 2.0; InfoPath.2)"
79.194.30.50 - - [14/Apr/2010:08:26:53 +0200] "GET /favicon.ico HTTP/1.1" 404 323 "-" "Mozilla/4.0 (compatible; MSIE 8.0; Windows NT 6.1; Trident/4.0; SLCC2; .NET CLR 2.0.50727; .NET CLR 3.5.30729; .NET CLR 3.0.30729; Media Center PC 6.0; Tablet PC 2.0; InfoPath.2)"
79.194.30.50 - - [14/Apr/2010:08:27:04 +0200] "GET / HTTP/1.1" 200 1229 "-" "Mozilla/4.0 (compatible; MSIE 8.0; Windows NT 6.1; Trident/4.0; SLCC2; .NET CLR 2.0.50727; .NET CLR 3.5.30729; .NET CLR 3.0.30729; Media Center PC 6.0; Tablet PC 2.0; InfoPath.2)"
79.194.30.50 - - [14/Apr/2010:08:27:05 +0200] "GET /favicon.ico HTTP/1.1" 404 328 "-" "Mozilla/4.0 (compatible; MSIE 8.0; Windows NT 6.1; Trident/4.0; SLCC2; .NET CLR 2.0.50727; .NET CLR 3.5.30729; .NET CLR 3.0.30729; Media Center PC 6.0; Tablet PC 2.0; InfoPath.2)"
87.162.124.56 - - [14/Apr/2010:08:27:17 +0200] "GET /content/traumland/ HTTP/1.1" 404 330 "http://www.google.de/search?hl=de&client=firefox-a&hs=pIH&rls=org.mozilla%3Ade%3Aofficial&q=awo+bernau+kita&meta=&aq=f&aqi=&aql=&oq=&gs_rfai=" "Mozilla/5.0 (Windows; U; Windows NT 5.1; de; rv:1.9.2.3) Gecko/20100401 Firefox/3.6.3 (.NET CLR 3.5.30729)"
66.249.65.231 - - [14/Apr/2010:08:35:33 +0200] "GET /content/assets/Jugendarbeit/eissfeldt.jpg HTTP/1.1" 404 353 "-" "Googlebot-Image/1.0"
87.162.124.56 - - [14/Apr/2010:08:46:27 +0200] "GET /content/traumland/ HTTP/1.1" 404 330 "http://www.google.de/search?hl=de&client=firefox-a&hs=pIH&rls=org.mozilla%3Ade%3Aofficial&q=awo+bernau+kita&meta=&aq=f&aqi=&aql=&oq=&gs_rfai=" "Mozilla/5.0 (Windows; U; Windows NT 5.1; de; rv:1.9.2.3) Gecko/20100401 Firefox/3.6.3 (.NET CLR 3.5.30729)"
87.187.153.9 - - [14/Apr/2010:08:49:52 +0200] "GET / HTTP/1.1" 304 - "-" "Mozilla/4.0 (compatible; MSIE 7.0; Windows NT 5.1; GTB6.4; .NET CLR 2.0.50727; .NET CLR 3.0.4506.2152; .NET CLR 3.5.30729; AskTB5.6)"
91.63.175.184 - - [14/Apr/2010:08:54:28 +0200] "GET /content/awo-treff-angebote/ HTTP/1.1" 404 339 "http://search.incredimail.com/?q=AWO+Treff&lang=german&source=053023105011" "Mozilla/4.0 (compatible; MSIE 7.0; Windows NT 5.1; GTB6.4; .NET CLR 1.1.4322; .NET CLR 2.0.50727; .NET CLR 3.0.4506.2152; .NET CLR 3.5.30729)"
66.249.65.231 - - [14/Apr/2010:08:56:31 +0200] "GET /content/kalender/jax_calendar.php?Y=-628&m=6&d=21&view=d1 HTTP/1.1" 404 345 "-" "Mozilla/5.0 (compatible; Googlebot/2.1; +http://www.google.com/bot.html)"
66.249.65.231 - - [14/Apr/2010:08:56:32 +0200] "GET /content/kalender/jax_calendar.php?Y=-626&m=7&d=36&view=d1 HTTP/1.1" 404 345 "-" "Mozilla/5.0 (compatible; Googlebot/2.1; +http://www.google.com/bot.html)"
66.249.65.231 - - [14/Apr/2010:08:56:32 +0200] "GET /content/kalender/jax_calendar.php?Y=-627&m=8&d=25&view=d1 HTTP/1.1" 404 345 "-" "Mozilla/5.0 (compatible; Googlebot/2.1; +http://www.google.com/bot.html)"
66.249.65.231 - - [14/Apr/2010:08:56:33 +0200] "GET /content/kalender/jax_calendar.php?Y=-350&m=1&d=31&view=d1 HTTP/1.1" 404 345 "-" "Mozilla/5.0 (compatible; Googlebot/2.1; +http://www.google.com/bot.html)"
66.249.65.231 - - [14/Apr/2010:08:56:34 +0200] "GET /content/kalender/jax_calendar.php?Y=-630&m=2&d=37&view=d1 HTTP/1.1" 404 345 "-" "Mozilla/5.0 (compatible; Googlebot/2.1; +http://www.google.com/bot.html)"
66.249.65.231 - - [14/Apr/2010:08:56:35 +0200] "GET /content/kalender/jax_calendar.php?Y=-627&m=4&d=25&view=d1 HTTP/1.1" 404 345 "-" "Mozilla/5.0 (compatible; Googlebot/2.1; +http://www.google.com/bot.html)"
66.249.65.231 - - [14/Apr/2010:08:56:55 +0200] "GET /content/kalender/jax_calendar.php?Y=-626&m=9&d=28&view=d1 HTTP/1.1" 404 345 "-" "Mozilla/5.0 (compatible; Googlebot/2.1; +http://www.google.com/bot.html)"
66.249.65.231 - - [14/Apr/2010:09:01:54 +0200] "GET /content/kalender/jax_calendar.php?Y=2014&m=5&d=1&cal_id=0&language=german&gmt_ofs=-1&view=d30 HTTP/1.1" 404 345 "-" "Mozilla/5.0 (compatible; Googlebot/2.1; +http://www.google.com/bot.html)"
87.185.172.174 - - [14/Apr/2010:09:10:48 +0200] "GET / HTTP/1.1" 304 - "-" "Mozilla/4.0 (compatible; MSIE 8.0; Windows NT 5.1; Trident/4.0)"
66.249.65.231 - - [14/Apr/2010:09:11:54 +0200] "GET /content/kalender/jax_calendar.php?Y=-1462&m=4&d=5&cal_id=0&language=german&gmt_ofs=-1&view=d1 HTTP/1.1" 404 345 "-" "Mozilla/5.0 (compatible; Googlebot/2.1; +http://www.google.com/bot.html)"
87.185.172.174 - - [14/Apr/2010:09:16:21 +0200] "GET / HTTP/1.1" 304 - "-" "Mozilla/4.0 (compatible; MSIE 8.0; Windows NT 5.1; Trident/4.0)"
87.185.172.174 - - [14/Apr/2010:09:17:20 +0200] "GET /content/eltern-kind-zentrum-bernau-sued/ HTTP/1.1" 404 352 "http://www.google.de/url?sa=t&source=web&ct=res&cd=2&ved=0CAkQFjAB&url=http%3A%2F%2Fwww.awo-kv-bernau.de%2Fcontent%2Feltern-kind-zentrum-bernau-sued%2F&rct=j&q=awo+bernau&ei=22vFS6KMComRONbLrJMP&usg=AFQjCNHmsTJUdQrwG0Ckwk8Fo36b-IVP4Q" "Mozilla/4.0 (compatible; MSIE 8.0; Windows NT 5.1; Trident/4.0)"
87.185.172.174 - - [14/Apr/2010:09:17:30 +0200] "GET / HTTP/1.1" 200 1229 "http://www.google.de/url?sa=t&source=web&ct=res&cd=3&ved=0CA0QFjAC&url=http%3A%2F%2Fwww.sozialedienste-awo.de%2F&rct=j&q=awo+bernau&ei=22vFS6KMComRONbLrJMP&usg=AFQjCNH2Qfmo8nkh5zcrNwd_uJtSWjaknA" "Mozilla/4.0 (compatible; MSIE 8.0; Windows NT 5.1; Trident/4.0)"
87.185.172.174 - - [14/Apr/2010:09:17:30 +0200] "GET /favicon.ico HTTP/1.1" 404 328 "-" "Mozilla/4.0 (compatible; MSIE 8.0; Windows NT 5.1; Trident/4.0)"
87.185.172.174 - - [14/Apr/2010:09:18:06 +0200] "GET /content/schuldnerberatung/ HTTP/1.1" 404 338 "http://www.google.de/url?sa=t&source=web&ct=res&cd=2&ved=0CAwQFjAB&url=http%3A%2F%2Fwww.awo-kv-bernau.de%2Fcontent%2Fschuldnerberatung%2F&rct=j&q=awo+bernau+schuldnerberatung&ei=KGzFS8bZGIqOOPzIya8P&usg=AFQjCNH78xCNJBM8XIacsUzjUNeR8rrF3A" "Mozilla/4.0 (compatible; MSIE 8.0; Windows NT 5.1; Trident/4.0)"
87.185.172.174 - - [14/Apr/2010:09:21:07 +0200] "GET / HTTP/1.1" 304 - "-" "Mozilla/4.0 (compatible; MSIE 8.0; Windows NT 5.1; Trident/4.0)"
66.249.65.231 - - [14/Apr/2010:09:23:38 +0200] "GET /content/kalender/jax_calendar.php?Y=-627&m=7&d=39&view=d1 HTTP/1.1" 404 345 "-" "Mozilla/5.0 (compatible; Googlebot/2.1; +http://www.google.com/bot.html)"
66.249.65.231 - - [14/Apr/2010:09:23:39 +0200] "GET /content/kalender/jax_calendar.php?Y=-630&m=8&d=34&view=d1 HTTP/1.1" 404 345 "-" "Mozilla/5.0 (compatible; Googlebot/2.1; +http://www.google.com/bot.html)"
66.249.65.231 - - [14/Apr/2010:09:23:39 +0200] "GET /content/kalender/jax_calendar.php?Y=-627&m=6&d=23&view=d1 HTTP/1.1" 404 345 "-" "Mozilla/5.0 (compatible; Googlebot/2.1; +http://www.google.com/bot.html)"
66.249.65.231 - - [14/Apr/2010:09:23:40 +0200] "GET /content/kalender/jax_calendar.php?Y=-629&m=2&d=11&view=d1 HTTP/1.1" 404 345 "-" "Mozilla/5.0 (compatible; Googlebot/2.1; +http://www.google.com/bot.html)"
66.249.65.231 - - [14/Apr/2010:09:23:41 +0200] "GET /content/kalender/jax_calendar.php?Y=-631&m=4&d=22&view=d1 HTTP/1.1" 404 345 "-" "Mozilla/5.0 (compatible; Googlebot/2.1; +http://www.google.com/bot.html)"
66.249.65.231 - - [14/Apr/2010:09:23:41 +0200] "GET /content/kalender/jax_calendar.php?Y=-626&m=2&d=27&view=d1 HTTP/1.1" 404 345 "-" "Mozilla/5.0 (compatible; Googlebot/2.1; +http://www.google.com/bot.html)"
193.27.50.120 - - [14/Apr/2010:09:23:54 +0200] "GET / HTTP/1.0" 200 1229 "http://www.google.de/search?hl=de&source=hp&q=awo+bernau+weinberge&meta=&aq=f&aqi=&aql=&oq=&gs_rfai=" "Mozilla/4.0 (compatible; MSIE 7.0; Windows NT 5.2; .NET CLR 1.1.4322; .NET CLR 2.0.50727)"
193.27.50.120 - - [14/Apr/2010:09:23:54 +0200] "GET /favicon.ico HTTP/1.0" 404 323 "-" "Mozilla/4.0 (compatible; MSIE 7.0; Windows NT 5.2; .NET CLR 1.1.4322; .NET CLR 2.0.50727)"
193.27.50.120 - - [14/Apr/2010:09:24:01 +0200] "GET /content/assets/Stellenanzeigen/stellenausschreibungpflegehelfer.pdf HTTP/1.0" 404 379 "http://www.google.de/search?hl=de&source=hp&q=awo+bernau+weinberge&meta=&aq=f&aqi=&aql=&oq=&gs_rfai=" "Mozilla/4.0 (compatible; MSIE 7.0; Windows NT 5.2; .NET CLR 1.1.4322; .NET CLR 2.0.50727)"
193.27.50.120 - - [14/Apr/2010:09:24:06 +0200] "GET / HTTP/1.0" 200 1229 "http://www.google.de/search?hl=de&source=hp&q=awo+bernau+weinberge&meta=&aq=f&aqi=&aql=&oq=&gs_rfai=" "Mozilla/4.0 (compatible; MSIE 7.0; Windows NT 5.2; .NET CLR 1.1.4322; .NET CLR 2.0.50727)"
193.27.50.120 - - [14/Apr/2010:09:24:06 +0200] "GET /favicon.ico HTTP/1.0" 404 328 "-" "Mozilla/4.0 (compatible; MSIE 7.0; Windows NT 5.2; .NET CLR 1.1.4322; .NET CLR 2.0.50727)"
66.249.65.231 - - [14/Apr/2010:09:24:34 +0200] "GET /content/kalender/jax_calendar.php?Y=-629&m=10&d=8&view=d1 HTTP/1.1" 404 345 "-" "Mozilla/5.0 (compatible; Googlebot/2.1; +http://www.google.com/bot.html)"
66.249.65.231 - - [14/Apr/2010:09:25:24 +0200] "GET /content/kalender/jax_calendar.php?Y=2005&m=11&d=4&cal_id=0&language=german&gmt_ofs=-1&view=d30 HTTP/1.1" 404 345 "-" "Mozilla/5.0 (compatible; Googlebot/2.1; +http://www.google.com/bot.html)"
87.185.172.174 - - [14/Apr/2010:09:26:50 +0200] "GET / HTTP/1.1" 304 - "-" "Mozilla/4.0 (compatible; MSIE 8.0; Windows NT 5.1; Trident/4.0)"
87.187.153.9 - - [14/Apr/2010:09:33:04 +0200] "GET /content/aktuelles/ HTTP/1.1" 404 330 "-" "Mozilla/4.0 (compatible; MSIE 8.0; Windows NT 5.1; Trident/4.0; .NET CLR 2.0.50727; .NET CLR 3.0.4506.2152; .NET CLR 3.5.30729; InfoPath.2)"
66.249.65.231 - - [14/Apr/2010:09:54:56 +0200] "GET /content/kalender/jax_calendar.php?Y=-626&m=11&d=7&view=d1 HTTP/1.1" 404 345 "-" "Mozilla/5.0 (compatible; Googlebot/2.1; +http://www.google.com/bot.html)"
66.249.65.231 - - [14/Apr/2010:09:54:57 +0200] "GET /content/kalender/jax_calendar.php?Y=-626&m=6&d=28&view=d1 HTTP/1.1" 404 345 "-" "Mozilla/5.0 (compatible; Googlebot/2.1; +http://www.google.com/bot.html)"
66.249.65.231 - - [14/Apr/2010:09:54:57 +0200] "GET /content/kalender/jax_calendar.php?Y=-627&m=10&d=5&view=d1 HTTP/1.1" 404 345 "-" "Mozilla/5.0 (compatible; Googlebot/2.1; +http://www.google.com/bot.html)"
66.249.65.231 - - [14/Apr/2010:09:54:58 +0200] "GET /content/kalender/jax_calendar.php?Y=-628&m=11&d=18&view=d1 HTTP/1.1" 404 345 "-" "Mozilla/5.0 (compatible; Googlebot/2.1; +http://www.google.com/bot.html)"
66.249.65.231 - - [14/Apr/2010:09:54:59 +0200] "GET /content/kalender/jax_calendar.php?Y=-631&m=11&d=20&view=d1 HTTP/1.1" 404 345 "-" "Mozilla/5.0 (compatible; Googlebot/2.1; +http://www.google.com/bot.html)"
66.249.65.231 - - [14/Apr/2010:09:55:00 +0200] "GET /content/kalender/jax_calendar.php?Y=-631&m=9&d=24&view=d1 HTTP/1.1" 404 345 "-" "Mozilla/5.0 (compatible; Googlebot/2.1; +http://www.google.com/bot.html)"
66.249.65.231 - - [14/Apr/2010:09:55:00 +0200] "GET /content/kalender/jax_calendar.php?Y=-21&m=8&d=3&view=d1 HTTP/1.1" 404 345 "-" "Mozilla/5.0 (compatible; Googlebot/2.1; +http://www.google.com/bot.html)"
66.249.65.231 - - [14/Apr/2010:09:55:40 +0200] "GET /content/kalender/jax_calendar.php?Y=-629&m=7&d=1&view=d1 HTTP/1.1" 404 345 "-" "Mozilla/5.0 (compatible; Googlebot/2.1; +http://www.google.com/bot.html)"
79.192.56.158 - - [14/Apr/2010:10:06:28 +0200] "GET /content/kontakt-und-beratungsstelle/ HTTP/1.1" 404 348 "http://www.google.de/search?q=awo+bernau+bei+berlin&rlz=1I7ADSA_de" "Mozilla/4.0 (compatible; MSIE 8.0; Windows NT 6.0; Trident/4.0; Mozilla/4.0 (compatible; MSIE 8.0; Win32; WEB.DE); GTB6; SLCC1; .NET CLR 2.0.50727; Media Center PC 5.0; .NET CLR 3.5.30729; .NET CLR 3.0.30729)"
79.192.56.158 - - [14/Apr/2010:10:06:28 +0200] "GET /content/kontakt-und-beratungsstelle/ HTTP/1.1" 404 348 "-" "Mozilla/4.0 (compatible; MSIE 8.0; Windows NT 6.0; Trident/4.0; Mozilla/4.0 (compatible; MSIE 8.0; Win32; WEB.DE); GTB6; SLCC1; .NET CLR 2.0.50727; Media Center PC 5.0; .NET CLR 3.5.30729; .NET CLR 3.0.30729; CT2269050_5.3.4.2)"
79.192.56.158 - - [14/Apr/2010:10:06:47 +0200] "GET / HTTP/1.1" 200 1229 "http://www.google.de/search?q=awo+bernau+bei+berlin&rlz=1I7ADSA_de" "Mozilla/4.0 (compatible; MSIE 8.0; Windows NT 6.0; Trident/4.0; Mozilla/4.0 (compatible; MSIE 8.0; Win32; WEB.DE); GTB6; SLCC1; .NET CLR 2.0.50727; Media Center PC 5.0; .NET CLR 3.5.30729; .NET CLR 3.0.30729)"
79.192.56.158 - - [14/Apr/2010:10:06:47 +0200] "GET /favicon.ico HTTP/1.1" 404 323 "-" "Mozilla/4.0 (compatible; MSIE 8.0; Windows NT 6.0; Trident/4.0; Mozilla/4.0 (compatible; MSIE 8.0; Win32; WEB.DE); GTB6; SLCC1; .NET CLR 2.0.50727; Media Center PC 5.0; .NET CLR 3.5.30729; .NET CLR 3.0.30729)"
62.206.112.58 - - [14/Apr/2010:10:07:20 +0200] "GET / HTTP/1.1" 200 1229 "-" "Opera/9.80 (Windows NT 5.1; U; de) Presto/2.5.22 Version/10.51"
79.192.56.158 - - [14/Apr/2010:10:07:23 +0200] "GET /favicon.ico HTTP/1.1" 404 323 "-" "Mozilla/4.0 (compatible; MSIE 8.0; Windows NT 6.0; Trident/4.0; Mozilla/4.0 (compatible; MSIE 8.0; Win32; WEB.DE); GTB6; SLCC1; .NET CLR 2.0.50727; Media Center PC 5.0; .NET CLR 3.5.30729; .NET CLR 3.0.30729)"
62.206.112.58 - - [14/Apr/2010:10:07:33 +0200] "GET / HTTP/1.1" 200 1229 "-" "Opera/9.80 (Windows NT 5.1; U; de) Presto/2.5.22 Version/10.51"
66.249.65.231 - - [14/Apr/2010:10:08:38 +0200] "GET /content/kalender/jax_calendar.php?Y=-629&m=11&d=21&view=d1 HTTP/1.1" 404 345 "-" "Mozilla/5.0 (compatible; Googlebot/2.1; +http://www.google.com/bot.html)"
79.192.56.158 - - [14/Apr/2010:10:09:55 +0200] "GET /content/kontakt-und-beratungsstelle/ HTTP/1.1" 404 348 "http://www.google.de/search?q=awo+bernau+bei+berlin&rlz=1I7ADSA_de" "Mozilla/4.0 (compatible; MSIE 8.0; Windows NT 6.0; Trident/4.0; Mozilla/4.0 (compatible; MSIE 8.0; Win32; WEB.DE); GTB6; SLCC1; .NET CLR 2.0.50727; Media Center PC 5.0; .NET CLR 3.5.30729; .NET CLR 3.0.30729)"
79.192.56.158 - - [14/Apr/2010:10:09:55 +0200] "GET /content/kontakt-und-beratungsstelle/ HTTP/1.1" 404 348 "-" "Mozilla/4.0 (compatible; MSIE 8.0; Windows NT 6.0; Trident/4.0; Mozilla/4.0 (compatible; MSIE 8.0; Win32; WEB.DE); GTB6; SLCC1; .NET CLR 2.0.50727; Media Center PC 5.0; .NET CLR 3.5.30729; .NET CLR 3.0.30729; CT2269050_5.3.4.2)"
62.206.112.58 - - [14/Apr/2010:10:10:42 +0200] "GET /content/vorstand/ HTTP/1.1" 404 329 "http://www.google.de/search?hl=de&source=hp&q=AWO+Kreisverband+Bernau+Vorstand&meta=&aq=f&aqi=&aql=&oq=&gs_rfai=" "Opera/9.80 (Windows NT 5.1; U; de) Presto/2.5.22 Version/10.51"
79.194.30.50 - - [14/Apr/2010:10:15:31 +0200] "GET / HTTP/1.1" 304 - "-" "Mozilla/4.0 (compatible; MSIE 8.0; Windows NT 6.1; Trident/4.0; SLCC2; .NET CLR 2.0.50727; .NET CLR 3.5.30729; .NET CLR 3.0.30729; Media Center PC 6.0; Tablet PC 2.0; InfoPath.2)"
79.194.30.50 - - [14/Apr/2010:10:15:31 +0200] "GET /favicon.ico HTTP/1.1" 404 328 "-" "Mozilla/4.0 (compatible; MSIE 8.0; Windows NT 6.1; Trident/4.0; SLCC2; .NET CLR 2.0.50727; .NET CLR 3.5.30729; .NET CLR 3.0.30729; Media Center PC 6.0; Tablet PC 2.0; InfoPath.2)"
195.140.123.21 - - [14/Apr/2010:10:20:08 +0200] "GET / HTTP/1.0" 200 1229 "-" "Mozilla/4.0 (compatible; MSIE 8.0; Windows NT 5.2; Trident/4.0; .NET CLR 1.1.4322; .NET CLR 2.0.50727; .NET CLR 3.0.4506.2152; .NET CLR 3.5.30729; InfoPath.1)"
195.140.123.21 - - [14/Apr/2010:10:20:08 +0200] "GET /favicon.ico HTTP/1.0" 404 323 "-" "Mozilla/4.0 (compatible; MSIE 8.0; Windows NT 5.2; Trident/4.0; .NET CLR 1.1.4322; .NET CLR 2.0.50727; .NET CLR 3.0.4506.2152; .NET CLR 3.5.30729; InfoPath.1)"
195.140.123.21 - - [14/Apr/2010:10:20:28 +0200] "GET /favicon.ico HTTP/1.0" 404 323 "-" "Mozilla/4.0 (compatible; MSIE 8.0; Windows NT 5.2; Trident/4.0; .NET CLR 1.1.4322; .NET CLR 2.0.50727; .NET CLR 3.0.4506.2152; .NET CLR 3.5.30729; InfoPath.1)"
195.140.123.21 - - [14/Apr/2010:10:20:38 +0200] "GET /content/eltern-kind-zentrum-bernau-sued/ HTTP/1.0" 404 352 "http://www.google.de/url?sa=t&source=web&ct=res&cd=2&ved=0CAkQFjAB&url=http%3A%2F%2Fwww.awo-kv-bernau.de%2Fcontent%2Feltern-kind-zentrum-bernau-sued%2F&rct=j&q=awo+bernau&ei=yXrFS6PLF4SKOJKm7L0P&usg=AFQjCNHmsTJUdQrwG0Ckwk8Fo36b-IVP4Q" "Mozilla/4.0 (compatible; MSIE 8.0; Windows NT 5.2; Trident/4.0; .NET CLR 1.1.4322; .NET CLR 2.0.50727; .NET CLR 3.0.4506.2152; .NET CLR 3.5.30729; InfoPath.1)"
195.140.123.21 - - [14/Apr/2010:10:20:43 +0200] "GET / HTTP/1.0" 200 1229 "http://www.google.de/url?sa=t&source=web&ct=res&cd=3&ved=0CA0QFjAC&url=http%3A%2F%2Fwww.sozialedienste-awo.de%2F&rct=j&q=awo+bernau&ei=yXrFS6PLF4SKOJKm7L0P&usg=AFQjCNH2Qfmo8nkh5zcrNwd_uJtSWjaknA" "Mozilla/4.0 (compatible; MSIE 8.0; Windows NT 5.2; Trident/4.0; .NET CLR 1.1.4322; .NET CLR 2.0.50727; .NET CLR 3.0.4506.2152; .NET CLR 3.5.30729; InfoPath.1)"
195.140.123.21 - - [14/Apr/2010:10:20:43 +0200] "GET /favicon.ico HTTP/1.0" 404 328 "-" "Mozilla/4.0 (compatible; MSIE 8.0; Windows NT 5.2; Trident/4.0; .NET CLR 1.1.4322; .NET CLR 2.0.50727; .NET CLR 3.0.4506.2152; .NET CLR 3.5.30729; InfoPath.1)"
66.249.65.231 - - [14/Apr/2010:10:26:41 +0200] "GET /content/kalender/jax_calendar.php?Y=-1587&m=4&d=28&view=d1 HTTP/1.1" 404 345 "-" "Mozilla/5.0 (compatible; Googlebot/2.1; +http://www.google.com/bot.html)"
66.249.65.231 - - [14/Apr/2010:10:26:42 +0200] "GET /content/kalender/jax_calendar.php?Y=-626&m=4&d=34&view=d1 HTTP/1.1" 404 345 "-" "Mozilla/5.0 (compatible; Googlebot/2.1; +http://www.google.com/bot.html)"
66.249.65.231 - - [14/Apr/2010:10:26:43 +0200] "GET /content/kalender/jax_calendar.php?Y=-627&m=3&d=38&view=d1 HTTP/1.1" 404 345 "-" "Mozilla/5.0 (compatible; Googlebot/2.1; +http://www.google.com/bot.html)"
66.249.65.231 - - [14/Apr/2010:10:26:45 +0200] "GET /content/kalender/jax_calendar.php?Y=-632&m=9&d=27&view=d1 HTTP/1.1" 404 345 "-" "Mozilla/5.0 (compatible; Googlebot/2.1; +http://www.google.com/bot.html)"
66.249.65.231 - - [14/Apr/2010:10:26:45 +0200] "GET /content/kalender/jax_calendar.php?Y=-1597&m=10&d=7&cal_id=0&language=german&gmt_ofs=-1&view=d1 HTTP/1.1" 404 345 "-" "Mozilla/5.0 (compatible; Googlebot/2.1; +http://www.google.com/bot.html)"
66.249.65.231 - - [14/Apr/2010:10:26:46 +0200] "GET /content/kalender/jax_calendar.php?Y=-631&m=2&d=34&view=d1 HTTP/1.1" 404 345 "-" "Mozilla/5.0 (compatible; Googlebot/2.1; +http://www.google.com/bot.html)"
66.249.65.231 - - [14/Apr/2010:10:26:46 +0200] "GET /content/kalender/jax_calendar.php?Y=-626&m=3&d=32&view=d1 HTTP/1.1" 404 345 "-" "Mozilla/5.0 (compatible; Googlebot/2.1; +http://www.google.com/bot.html)"
66.249.65.231 - - [14/Apr/2010:10:28:01 +0200] "GET /content/assets/Kitas/Traumland/traumland1.jpg HTTP/1.1" 404 357 "-" "Googlebot-Image/1.0"
66.249.65.231 - - [14/Apr/2010:10:29:05 +0200] "GET /content/kalender/jax_calendar.php?Y=-627&m=9&d=5&view=d1 HTTP/1.1" 404 345 "-" "Mozilla/5.0 (compatible; Googlebot/2.1; +http://www.google.com/bot.html)"
207.46.204.178 - - [14/Apr/2010:10:32:32 +0200] "GET /robots.txt HTTP/1.1" 404 327 "-" "msnbot/2.0b (+http://search.msn.com/msnbot.htm)"
207.46.204.178 - - [14/Apr/2010:10:33:16 +0200] "GET /content/spenden/ HTTP/1.1" 404 333 "-" "msnbot/2.0b (+http://search.msn.com/msnbot.htm)"
67.195.111.229 - - [14/Apr/2010:10:33:42 +0200] "GET /content/kinderland/ HTTP/1.0" 404 331 "-" "Mozilla/5.0 (compatible; Yahoo! Slurp/3.0; http://help.yahoo.com/help/us/ysearch/slurp)"
148.160.22.134 - - [14/Apr/2010:10:38:26 +0200] "GET / HTTP/1.0" 200 1229 "-" "-"
80.187.111.86 - - [14/Apr/2010:10:42:16 +0200] "GET / HTTP/1.1" 200 1229 "http://www.deutschland-internet.com/Ahrensfelde/09Firmen/AWO/Export1.htm" "Mozilla/4.0 (compatible; MSIE 8.0; Windows NT 6.1; Trident/4.0; SLCC2; .NET CLR 2.0.50727; .NET CLR 3.5.30729; .NET CLR 3.0.30729; Media Center PC 6.0; InfoPath.2)"
80.187.111.86 - - [14/Apr/2010:10:42:17 +0200] "GET /favicon.ico HTTP/1.1" 404 323 "-" "Mozilla/4.0 (compatible; MSIE 8.0; Windows NT 6.1; Trident/4.0; SLCC2; .NET CLR 2.0.50727; .NET CLR 3.5.30729; .NET CLR 3.0.30729; Media Center PC 6.0; InfoPath.2)"
67.195.112.177 - - [14/Apr/2010:10:44:33 +0200] "GET /robots.txt HTTP/1.0" 404 327 "-" "Mozilla/5.0 (compatible; Yahoo! Slurp; http://help.yahoo.com/help/us/ysearch/slurp)"
67.195.112.177 - - [14/Apr/2010:10:44:34 +0200] "GET /content/stellenangebote/ HTTP/1.0" 404 341 "-" "Mozilla/5.0 (compatible; Yahoo! Slurp/3.0; http://help.yahoo.com/help/us/ysearch/slurp)"
65.55.106.232 - - [14/Apr/2010:10:50:36 +0200] "GET /robots.txt HTTP/1.1" 404 322 "-" "msnbot/2.0b (+http://search.msn.com/msnbot.htm)"
87.250.255.242 - - [14/Apr/2010:10:54:05 +0200] "GET /content/assets/Stellenanzeigen/ausschreibungpraesenzkraft.pdf HTTP/1.1" 404 373 "-" "Yandex/1.01.001 (compatible; Win16; I)"
66.249.65.231 - - [14/Apr/2010:10:55:11 +0200] "GET /content/kalender/jax_calendar.php?Y=-1595&m=5&d=7&cal_id=0&language=german&gmt_ofs=-1&view=d1 HTTP/1.1" 404 345 "-" "Mozilla/5.0 (compatible; Googlebot/2.1; +http://www.google.com/bot.html)"
66.249.65.231 - - [14/Apr/2010:10:55:13 +0200] "GET /content/kalender/jax_calendar.php?Y=-631&m=8&d=23&view=d1 HTTP/1.1" 404 345 "-" "Mozilla/5.0 (compatible; Googlebot/2.1; +http://www.google.com/bot.html)"
66.249.65.231 - - [14/Apr/2010:10:55:14 +0200] "GET /content/kalender/jax_calendar.php?Y=-1586&m=4&d=25&view=d1 HTTP/1.1" 404 345 "-" "Mozilla/5.0 (compatible; Googlebot/2.1; +http://www.google.com/bot.html)"
66.249.65.231 - - [14/Apr/2010:10:55:14 +0200] "GET /content/kalender/jax_calendar.php?Y=-1594&m=3&d=7&cal_id=0&language=german&gmt_ofs=-1&view=d1 HTTP/1.1" 404 345 "-" "Mozilla/5.0 (compatible; Googlebot/2.1; +http://www.google.com/bot.html)"
66.249.65.231 - - [14/Apr/2010:10:55:15 +0200] "GET /content/kalender/jax_calendar.php?Y=-1595&m=3&d=7&cal_id=0&language=german&gmt_ofs=-1&view=d1 HTTP/1.1" 404 345 "-" "Mozilla/5.0 (compatible; Googlebot/2.1; +http://www.google.com/bot.html)"
66.249.65.231 - - [14/Apr/2010:10:55:16 +0200] "GET /content/kalender/jax_calendar.php?Y=-628&m=8&d=25&view=d1 HTTP/1.1" 404 345 "-" "Mozilla/5.0 (compatible; Googlebot/2.1; +http://www.google.com/bot.html)"
66.249.65.231 - - [14/Apr/2010:10:56:43 +0200] "GET /content/kalender/jax_calendar.php?Y=-1594&m=5&d=7&cal_id=0&language=german&gmt_ofs=-1&view=d1 HTTP/1.1" 404 345 "-" "Mozilla/5.0 (compatible; Googlebot/2.1; +http://www.google.com/bot.html)"
207.46.13.99 - - [14/Apr/2010:10:58:13 +0200] "GET /content/aktuelles/ HTTP/1.1" 404 335 "-" "msnbot/2.0b (+http://search.msn.com/msnbot.htm)"
66.249.65.231 - - [14/Apr/2010:10:59:45 +0200] "GET /content/assets/Jugendfeiern/anmeldung2010.pdf HTTP/1.1" 404 357 "-" "Mozilla/5.0 (compatible; Googlebot/2.1; +http://www.google.com/bot.html)"
79.194.50.246 - - [14/Apr/2010:11:03:44 +0200] "GET / HTTP/1.1" 200 1229 "http://www.google.de/search?sourceid=navclient&hl=de&ie=UTF-8&rlz=1T4GGLF_deDE271DE272&q=awo+bernau" "Mozilla/4.0 (compatible; MSIE 6.0; Windows NT 5.1; GTB0.0; .NET CLR 2.0.50727)"
79.194.50.246 - - [14/Apr/2010:11:04:19 +0200] "GET /content/eltern-kind-zentrum-bernau-sued/ HTTP/1.1" 404 352 "http://www.google.de/search?sourceid=navclient&hl=de&ie=UTF-8&rlz=1T4GGLF_deDE271DE272&q=awo+bernau" "Mozilla/4.0 (compatible; MSIE 6.0; Windows NT 5.1; GTB0.0; .NET CLR 2.0.50727)"
79.194.50.246 - - [14/Apr/2010:11:04:30 +0200] "GET /content/eltern-kind-zentrum-bernau-sued/ HTTP/1.1" 404 352 "http://www.google.de/search?sourceid=navclient&hl=de&ie=UTF-8&rlz=1T4GGLF_deDE271DE272&q=awo+bernau" "Mozilla/4.0 (compatible; MSIE 6.0; Windows NT 5.1; GTB0.0; .NET CLR 2.0.50727)"
207.46.13.132 - - [14/Apr/2010:11:07:39 +0200] "GET /robots.txt HTTP/1.1" 404 322 "-" "msnbot/2.0b (+http://search.msn.com/msnbot.htm)"
207.46.13.132 - - [14/Apr/2010:11:08:14 +0200] "GET /content/assets/Stellenanzeigen/stellenbeschreibungpusteblume012010.pdf HTTP/1.1" 404 382 "-" "msnbot/2.0b (+http://search.msn.com/msnbot.htm)"
66.249.65.231 - - [14/Apr/2010:11:09:45 +0200] "GET /content/kalender/jax_calendar.php?Y=-1595&m=12&d=2&view=d1 HTTP/1.1" 404 345 "-" "Mozilla/5.0 (compatible; Googlebot/2.1; +http://www.google.com/bot.html)"
90.187.70.139 - - [14/Apr/2010:11:22:15 +0200] "GET / HTTP/1.0" 200 1229 "-" "Mozilla/4.0 (compatible; MSIE 5.00; Windows 98)"
90.187.70.139 - - [14/Apr/2010:11:22:15 +0200] "GET / HTTP/1.1" 200 1229 "http://www.google.de/search?q=AWO+Bernau" "Mozilla/4.0 (compatible; MSIE 7.0; Windows NT 5.1; .NET CLR 2.0.50727; .NET CLR 3.0.04506.30; InfoPath.1; .NET CLR 3.0.4506.2152; .NET CLR 3.5.30729)"
90.187.70.139 - - [14/Apr/2010:11:22:20 +0200] "GET /favicon.ico HTTP/1.1" 404 323 "-" "Mozilla/4.0 (compatible; MSIE 7.0; Windows NT 5.1; .NET CLR 2.0.50727; .NET CLR 3.0.04506.30; InfoPath.1; .NET CLR 3.0.4506.2152; .NET CLR 3.5.30729)"
90.187.70.139 - - [14/Apr/2010:11:23:00 +0200] "GET / HTTP/1.0" 200 1229 "-" "Mozilla/4.0 (compatible; MSIE 5.00; Windows 98)"
90.187.70.139 - - [14/Apr/2010:11:23:00 +0200] "GET / HTTP/1.1" 200 1229 "http://www.google.de/search?q=AWO+Bernau" "Mozilla/4.0 (compatible; MSIE 7.0; Windows NT 5.1; .NET CLR 2.0.50727; .NET CLR 3.0.04506.30; InfoPath.1; .NET CLR 3.0.4506.2152; .NET CLR 3.5.30729)"
90.187.70.139 - - [14/Apr/2010:11:23:16 +0200] "GET /favicon.ico HTTP/1.1" 404 328 "-" "Mozilla/4.0 (compatible; MSIE 7.0; Windows NT 5.1; .NET CLR 2.0.50727; .NET CLR 3.0.04506.30; InfoPath.1; .NET CLR 3.0.4506.2152; .NET CLR 3.5.30729)"
90.187.70.139 - - [14/Apr/2010:11:23:56 +0200] "GET /content/eltern-kind-zentrum-bernau-sued/ HTTP/1.1" 404 352 "http://www.google.de/search?q=AWO+Bernau" "Mozilla/4.0 (compatible; MSIE 7.0; Windows NT 5.1; .NET CLR 2.0.50727; .NET CLR 3.0.04506.30; InfoPath.1; .NET CLR 3.0.4506.2152; .NET CLR 3.5.30729)"
66.249.65.231 - - [14/Apr/2010:11:26:50 +0200] "GET /content/kalender/jax_calendar.php?Y=-1595&m=2&d=7&cal_id=0&language=german&gmt_ofs=-1&view=d1 HTTP/1.1" 404 345 "-" "Mozilla/5.0 (compatible; Googlebot/2.1; +http://www.google.com/bot.html)"
66.249.65.231 - - [14/Apr/2010:11:26:51 +0200] "GET /content/kalender/jax_calendar.php?Y=-1594&m=12&d=21&view=d1 HTTP/1.1" 404 345 "-" "Mozilla/5.0 (compatible; Googlebot/2.1; +http://www.google.com/bot.html)"
66.249.65.231 - - [14/Apr/2010:11:26:51 +0200] "GET /content/kalender/jax_calendar.php?Y=-1588&m=2&d=32&view=d1 HTTP/1.1" 404 345 "-" "Mozilla/5.0 (compatible; Googlebot/2.1; +http://www.google.com/bot.html)"
66.249.65.231 - - [14/Apr/2010:11:26:52 +0200] "GET /content/kalender/jax_calendar.php?Y=-626&m=8&d=38&view=d1 HTTP/1.1" 404 345 "-" "Mozilla/5.0 (compatible; Googlebot/2.1; +http://www.google.com/bot.html)"
66.249.65.231 - - [14/Apr/2010:11:26:52 +0200] "GET /content/kalender/jax_calendar.php?Y=-1586&m=2&d=1&view=d1 HTTP/1.1" 404 345 "-" "Mozilla/5.0 (compatible; Googlebot/2.1; +http://www.google.com/bot.html)"
66.249.65.231 - - [14/Apr/2010:11:26:53 +0200] "GET /content/kalender/jax_calendar.php?Y=-1590&m=2&d=7&cal_id=0&language=german&gmt_ofs=-1&view=d1 HTTP/1.1" 404 345 "-" "Mozilla/5.0 (compatible; Googlebot/2.1; +http://www.google.com/bot.html)"
66.249.65.231 - - [14/Apr/2010:11:26:54 +0200] "GET /content/kalender/jax_calendar.php?Y=-629&m=9&d=30&view=d1 HTTP/1.1" 404 345 "-" "Mozilla/5.0 (compatible; Googlebot/2.1; +http://www.google.com/bot.html)"
66.249.65.231 - - [14/Apr/2010:11:28:59 +0200] "GET /content/kalender/jax_calendar.php?Y=-1588&m=4&d=21&view=d1 HTTP/1.1" 404 345 "-" "Mozilla/5.0 (compatible; Googlebot/2.1; +http://www.google.com/bot.html)"
207.46.199.198 - - [14/Apr/2010:11:34:58 +0200] "GET /robots.txt HTTP/1.1" 404 322 "-" "msnbot/2.0b (+http://search.msn.com/msnbot.htm)"
207.46.199.37 - - [14/Apr/2010:11:36:13 +0200] "GET /content/traumland/ HTTP/1.1" 404 330 "-" "msnbot/2.0b (+http://search.msn.com/msnbot.htm)"
77.186.77.253 - - [14/Apr/2010:11:43:45 +0200] "GET / HTTP/1.1" 200 1229 "http://www.google.de/search?q=ARbeiterwohlfahrt+Kreisverband+Bernau" "Mozilla/4.0 (compatible; MSIE 8.0; Windows NT 5.1; Trident/4.0; .NET CLR 2.0.50727; .NET CLR 3.0.04506.30; .NET CLR 3.0.04506.648; .NET CLR 1.1.4322; .NET CLR 3.0.4506.2152; .NET CLR 3.5.30729)"
77.186.77.253 - - [14/Apr/2010:11:43:45 +0200] "GET /favicon.ico HTTP/1.1" 404 323 "-" "Mozilla/4.0 (compatible; MSIE 8.0; Windows NT 5.1; Trident/4.0; .NET CLR 2.0.50727; .NET CLR 3.0.04506.30; .NET CLR 3.0.04506.648; .NET CLR 1.1.4322; .NET CLR 3.0.4506.2152; .NET CLR 3.5.30729)"
77.186.77.253 - - [14/Apr/2010:11:43:53 +0200] "GET /content/kontakt-impressum/ HTTP/1.1" 404 338 "http://www.google.de/search?q=ARbeiterwohlfahrt+Kreisverband+Bernau" "Mozilla/4.0 (compatible; MSIE 8.0; Windows NT 5.1; Trident/4.0; .NET CLR 2.0.50727; .NET CLR 3.0.04506.30; .NET CLR 3.0.04506.648; .NET CLR 1.1.4322; .NET CLR 3.0.4506.2152; .NET CLR 3.5.30729)"
77.186.77.253 - - [14/Apr/2010:11:43:59 +0200] "GET /favicon.ico HTTP/1.1" 404 323 "-" "Mozilla/4.0 (compatible; MSIE 8.0; Windows NT 5.1; Trident/4.0; .NET CLR 2.0.50727; .NET CLR 3.0.04506.30; .NET CLR 3.0.04506.648; .NET CLR 1.1.4322; .NET CLR 3.0.4506.2152; .NET CLR 3.5.30729)"
66.249.65.231 - - [14/Apr/2010:11:46:53 +0200] "GET /content/assets/Kitas/kitaaufnahmeantrag.pdf HTTP/1.1" 404 355 "-" "Mozilla/5.0 (compatible; Googlebot/2.1; +http://www.google.com/bot.html)"
65.55.106.182 - - [14/Apr/2010:11:52:01 +0200] "GET /robots.txt HTTP/1.1" 404 322 "-" "msnbot/2.0b (+http://search.msn.com/msnbot.htm)"
87.185.172.174 - - [14/Apr/2010:11:53:41 +0200] "GET / HTTP/1.1" 304 - "-" "Mozilla/4.0 (compatible; MSIE 8.0; Windows NT 5.1; Trident/4.0)"
87.185.172.174 - - [14/Apr/2010:11:55:46 +0200] "GET / HTTP/1.1" 304 - "-" "Mozilla/4.0 (compatible; MSIE 8.0; Windows NT 5.1; Trident/4.0)"
184.73.106.216 - - [14/Apr/2010:11:59:24 +0200] "HEAD /spicons/apache_pb.gif HTTP/1.0" 404 - "-" "Mozilla/5.0 (compatible; NetcraftSurveyAgent/1.0; +info@netcraft.com)"
77.211.168.17 - - [14/Apr/2010:12:00:35 +0200] "GET / HTTP/1.1" 200 1229 "-" "Java/1.6.0"
195.126.85.141 - - [14/Apr/2010:12:02:52 +0200] "GET / HTTP/1.0" 200 1229 "-" "Mozilla/4.0 (compatible; MSIE 6.0; Windows NT 5.1; SV1; .NET CLR 2.0.50727)"
195.126.85.141 - - [14/Apr/2010:12:03:04 +0200] "GET / HTTP/1.0" 200 1229 "-" "Mozilla/4.0 (compatible; MSIE 6.0; Windows NT 5.1; SV1; .NET CLR 2.0.50727)"
66.249.65.231 - - [14/Apr/2010:12:03:14 +0200] "GET /content/kalender/jax_calendar.php?Y=-628&m=3&d=30&view=d1 HTTP/1.1" 404 345 "-" "Mozilla/5.0 (compatible; Googlebot/2.1; +http://www.google.com/bot.html)"
87.185.172.174 - - [14/Apr/2010:12:03:36 +0200] "GET / HTTP/1.1" 304 - "-" "Mozilla/4.0 (compatible; MSIE 8.0; Windows NT 5.1; Trident/4.0)"
66.249.65.231 - - [14/Apr/2010:12:06:00 +0200] "GET /content/kalender/jax_calendar.php?Y=-628&m=4&d=8&view=d1 HTTP/1.1" 404 345 "-" "Mozilla/5.0 (compatible; Googlebot/2.1; +http://www.google.com/bot.html)"
87.185.172.174 - - [14/Apr/2010:12:07:20 +0200] "GET / HTTP/1.1" 304 - "-" "Mozilla/4.0 (compatible; MSIE 8.0; Windows NT 5.1; Trident/4.0)"
66.249.65.231 - - [14/Apr/2010:12:08:47 +0200] "GET /content/kalender/jax_calendar.php?Y=-1595&m=4&d=7&cal_id=0&language=german&gmt_ofs=-1&view=d1 HTTP/1.1" 404 345 "-" "Mozilla/5.0 (compatible; Googlebot/2.1; +http://www.google.com/bot.html)"
207.46.13.95 - - [14/Apr/2010:12:09:15 +0200] "GET /content/kalender/jax_calendar.php?Y=2010&m=2&d=28&view=d1 HTTP/1.1" 404 345 "-" "msnbot/2.0b (+http://search.msn.com/msnbot.htm)"
66.249.65.231 - - [14/Apr/2010:12:11:44 +0200] "GET /content/kalender/jax_calendar.php?Y=-630&m=11&d=5&view=d1 HTTP/1.1" 404 345 "-" "Mozilla/5.0 (compatible; Googlebot/2.1; +http://www.google.com/bot.html)"
66.249.65.231 - - [14/Apr/2010:12:14:21 +0200] "GET /content/kalender/jax_calendar.php?Y=-1590&m=5&d=7&cal_id=0&language=german&gmt_ofs=-1&view=d1 HTTP/1.1" 404 345 "-" "Mozilla/5.0 (compatible; Googlebot/2.1; +http://www.google.com/bot.html)"
87.185.172.174 - - [14/Apr/2010:12:15:20 +0200] "GET / HTTP/1.1" 304 - "-" "Mozilla/4.0 (compatible; MSIE 8.0; Windows NT 5.1; Trident/4.0)"
65.55.218.160 - - [14/Apr/2010:12:20:33 +0200] "GET /robots.txt HTTP/1.1" 404 322 "-" "msnbot/2.0b (+http://search.msn.com/msnbot.htm)"
66.249.65.231 - - [14/Apr/2010:12:22:42 +0200] "GET /content/kalender/jax_calendar.php?Y=-1594&m=4&d=7&cal_id=0&language=german&gmt_ofs=-1&view=d1 HTTP/1.1" 404 345 "-" "Mozilla/5.0 (compatible; Googlebot/2.1; +http://www.google.com/bot.html)"
87.185.172.174 - - [14/Apr/2010:12:23:30 +0200] "GET / HTTP/1.1" 304 - "-" "Mozilla/4.0 (compatible; MSIE 8.0; Windows NT 5.1; Trident/4.0)"
66.249.65.231 - - [14/Apr/2010:12:25:29 +0200] "GET /content/kalender/jax_calendar.php?Y=-629&m=8&d=15&view=d1 HTTP/1.1" 404 345 "-" "Mozilla/5.0 (compatible; Googlebot/2.1; +http://www.google.com/bot.html)"
65.55.216.53 - - [14/Apr/2010:12:25:47 +0200] "GET /robots.txt HTTP/1.1" 404 327 "-" "msnbot/2.0b (+http://search.msn.com/msnbot.htm)"
66.249.65.231 - - [14/Apr/2010:12:28:17 +0200] "GET /content/kalender/jax_calendar.php?Y=-628&m=2&d=22&view=d1 HTTP/1.1" 404 345 "-" "Mozilla/5.0 (compatible; Googlebot/2.1; +http://www.google.com/bot.html)"
66.249.65.231 - - [14/Apr/2010:12:30:15 +0200] "GET /content/kalender/jax_calendar.php?Y=-15&m=12&d=32&view=d1 HTTP/1.1" 404 345 "-" "Mozilla/5.0 (compatible; Googlebot/2.1; +http://www.google.com/bot.html)"
66.249.65.231 - - [14/Apr/2010:12:30:16 +0200] "GET /content/kalender/jax_calendar.php?Y=-628&m=7&d=19&view=d1 HTTP/1.1" 404 345 "-" "Mozilla/5.0 (compatible; Googlebot/2.1; +http://www.google.com/bot.html)"
66.249.65.231 - - [14/Apr/2010:12:30:17 +0200] "GET /content/kalender/jax_calendar.php?Y=-630&m=7&d=11&view=d1 HTTP/1.1" 404 345 "-" "Mozilla/5.0 (compatible; Googlebot/2.1; +http://www.google.com/bot.html)"
66.249.65.231 - - [14/Apr/2010:12:30:17 +0200] "GET /content/kalender/jax_calendar.php?Y=-1588&m=5&d=15&view=d1 HTTP/1.1" 404 345 "-" "Mozilla/5.0 (compatible; Googlebot/2.1; +http://www.google.com/bot.html)"
66.249.65.231 - - [14/Apr/2010:12:30:19 +0200] "GET /content/kalender/jax_calendar.php?Y=-629&m=4&d=19&view=d1 HTTP/1.1" 404 345 "-" "Mozilla/5.0 (compatible; Googlebot/2.1; +http://www.google.com/bot.html)"
66.249.65.231 - - [14/Apr/2010:12:30:19 +0200] "GET /content/kalender/jax_calendar.php?Y=-1592&m=12&d=28&view=d1 HTTP/1.1" 404 345 "-" "Mozilla/5.0 (compatible; Googlebot/2.1; +http://www.google.com/bot.html)"
66.249.65.231 - - [14/Apr/2010:12:30:20 +0200] "GET /content/kalender/jax_calendar.php?Y=-1591&m=2&d=7&cal_id=0&language=german&gmt_ofs=-1&view=d1 HTTP/1.1" 404 345 "-" "Mozilla/5.0 (compatible; Googlebot/2.1; +http://www.google.com/bot.html)"
66.249.65.231 - - [14/Apr/2010:12:30:20 +0200] "GET /content/kalender/jax_calendar.php?Y=-1587&m=6&d=35&view=d1 HTTP/1.1" 404 345 "-" "Mozilla/5.0 (compatible; Googlebot/2.1; +http://www.google.com/bot.html)"
207.46.199.190 - - [14/Apr/2010:12:32:28 +0200] "GET /robots.txt HTTP/1.1" 404 327 "-" "msnbot/2.0b (+http://search.msn.com/msnbot.htm)"
87.187.153.9 - - [14/Apr/2010:12:38:22 +0200] "GET / HTTP/1.1" 200 1229 "-" "Mozilla/4.0 (compatible; MSIE 8.0; Windows NT 5.1; Trident/4.0; .NET CLR 2.0.50727; .NET CLR 3.0.4506.2152; .NET CLR 3.5.30729; InfoPath.2)"
87.187.153.9 - - [14/Apr/2010:12:38:22 +0200] "GET /favicon.ico HTTP/1.1" 404 323 "-" "Mozilla/4.0 (compatible; MSIE 8.0; Windows NT 5.1; Trident/4.0; .NET CLR 2.0.50727; .NET CLR 3.0.4506.2152; .NET CLR 3.5.30729; InfoPath.2)"
87.187.206.92 - - [14/Apr/2010:12:38:43 +0200] "GET /content/awo-treff-angebote/ HTTP/1.1" 404 339 "http://suche.t-online.de/fast-cgi/tsc?portallanguage=de&suchraum=1&userlanguage=de&more=variante0x&y=0&x=0&device=html&classification=internet-tab_internet_std&mandant=toi&wo=&dia=suche-meinten&context=internet-tab&tpc=internet&ptl=std&q=awo-treff" "Mozilla/4.0 (compatible; MSIE 7.0; TOB 6.05; Windows NT 6.0; Trident/4.0; GTB6.4; Mozilla/4.0 (compatible; MSIE 6.0; Windows NT 5.1; SV1) ; SLCC1; .NET CLR 2.0.50727; Media Center PC 5.0; .NET CLR 3.5.30729; .NET CLR 3.0.30618)"
87.187.206.92 - - [14/Apr/2010:12:38:43 +0200] "GET /favicon.ico HTTP/1.1" 404 323 "-" "T-Online Browser"
87.187.206.92 - - [14/Apr/2010:12:38:51 +0200] "GET /content/awo-treff-angebote/ HTTP/1.1" 404 339 "http://suche.t-online.de/fast-cgi/tsc?mandant=toi&device=html&portallanguage=de&userlanguage=de&dia=adr&context=internet-tab&tpc=internet&ptl=std&classification=internet-tab_internet_std&start=0&num=10&type=all&lang=any&more=none&q=www.awo-kv-bernau.de/content/awo-treff-angebote" "Mozilla/4.0 (compatible; MSIE 7.0; TOB 6.05; Windows NT 6.0; Trident/4.0; GTB6.4; Mozilla/4.0 (compatible; MSIE 6.0; Windows NT 5.1; SV1) ; SLCC1; .NET CLR 2.0.50727; Media Center PC 5.0; .NET CLR 3.5.30729; .NET CLR 3.0.30618)"
87.187.206.92 - - [14/Apr/2010:12:38:51 +0200] "GET /favicon.ico HTTP/1.1" 404 323 "-" "T-Online Browser"
87.187.206.92 - - [14/Apr/2010:12:38:54 +0200] "GET /content/awo-treff-angebote/ HTTP/1.1" 404 339 "http://suche.t-online.de/fast-cgi/tsc?mandant=toi&device=html&portallanguage=de&userlanguage=de&dia=adr&context=internet-tab&tpc=internet&ptl=std&classification=internet-tab_internet_std&start=0&num=10&type=all&lang=any&more=none&q=www.awo-kv-bernau.de/content/awo-treff-angebote" "Mozilla/4.0 (compatible; MSIE 7.0; TOB 6.05; Windows NT 6.0; Trident/4.0; GTB6.4; Mozilla/4.0 (compatible; MSIE 6.0; Windows NT 5.1; SV1) ; SLCC1; .NET CLR 2.0.50727; Media Center PC 5.0; .NET CLR 3.5.30729; .NET CLR 3.0.30618)"
87.187.206.92 - - [14/Apr/2010:12:38:54 +0200] "GET /favicon.ico HTTP/1.1" 404 323 "-" "T-Online Browser"
87.187.206.92 - - [14/Apr/2010:12:39:15 +0200] "GET / HTTP/1.1" 200 1229 "http://suche.t-online.de/fast-cgi/tsc?q=awo+bernau&wo=&mandant=toi&device=html&portallanguage=de&userlanguage=de&ptl=std&dia=portal&context=internet-tab&tpc=internet&classification=internet-tab_internet_std&suchraum=1&x=0&y=0" "Mozilla/4.0 (compatible; MSIE 7.0; TOB 6.05; Windows NT 6.0; Trident/4.0; GTB6.4; Mozilla/4.0 (compatible; MSIE 6.0; Windows NT 5.1; SV1) ; SLCC1; .NET CLR 2.0.50727; Media Center PC 5.0; .NET CLR 3.5.30729; .NET CLR 3.0.30618)"
87.187.206.92 - - [14/Apr/2010:12:39:15 +0200] "GET /favicon.ico HTTP/1.1" 404 323 "-" "T-Online Browser"
87.187.206.92 - - [14/Apr/2010:12:39:29 +0200] "GET / HTTP/1.1" 200 1229 "http://suche.t-online.de/fast-cgi/tsc?q=awo+bernau&wo=&mandant=toi&device=html&portallanguage=de&userlanguage=de&ptl=std&dia=portal&context=internet-tab&tpc=internet&classification=internet-tab_internet_std&suchraum=1&x=0&y=0" "Mozilla/4.0 (compatible; MSIE 7.0; TOB 6.05; Windows NT 6.0; Trident/4.0; GTB6.4; Mozilla/4.0 (compatible; MSIE 6.0; Windows NT 5.1; SV1) ; SLCC1; .NET CLR 2.0.50727; Media Center PC 5.0; .NET CLR 3.5.30729; .NET CLR 3.0.30618)"
87.187.206.92 - - [14/Apr/2010:12:39:29 +0200] "GET /favicon.ico HTTP/1.1" 404 328 "-" "T-Online Browser"
87.187.206.92 - - [14/Apr/2010:12:39:43 +0200] "GET /favicon.ico HTTP/1.1" 404 323 "-" "T-Online Browser"
217.13.170.133 - - [14/Apr/2010:12:39:52 +0200] "GET /content/pusteblume/ HTTP/1.1" 404 331 "http://www.google.de/imgres?imgurl=http://www.awo-kv-bernau.de/content/assets/Kitas/Pusteblume/logo.jpg&imgrefurl=http://www.awo-kv-bernau.de/content/pusteblume/&usg=__m_hvxh70p2ieFklQedt4i2kPCx4=&h=370&w=538&sz=73&hl=de&start=3&itbs=1&tbnid=u8wjCT7y2FN_ZM:&tbnh=91&tbnw=132&prev=/images%3Fq%3DPUSTEBLUME%2BKINDERGARTEN%26hl%3Dde%26sa%3DG%26gbv%3D2%26tbs%3Disch:1" "Mozilla/5.0 (Windows; U; Windows NT 5.1; de; rv:1.9.1.2) Gecko/20090729 Firefox/3.5.2"
87.187.153.9 - - [14/Apr/2010:12:40:01 +0200] "GET / HTTP/1.1" 200 1229 "-" "Mozilla/4.0 (compatible; MSIE 8.0; Windows NT 5.1; Trident/4.0; .NET CLR 2.0.50727; .NET CLR 3.0.4506.2152; .NET CLR 3.5.30729; InfoPath.2)"
87.187.153.9 - - [14/Apr/2010:12:40:01 +0200] "GET /favicon.ico HTTP/1.1" 404 323 "-" "Mozilla/4.0 (compatible; MSIE 8.0; Windows NT 5.1; Trident/4.0; .NET CLR 2.0.50727; .NET CLR 3.0.4506.2152; .NET CLR 3.5.30729; InfoPath.2)"
87.187.153.9 - - [14/Apr/2010:12:40:07 +0200] "GET / HTTP/1.1" 200 1229 "-" "Mozilla/4.0 (compatible; MSIE 8.0; Windows NT 5.1; Trident/4.0; .NET CLR 2.0.50727; .NET CLR 3.0.4506.2152; .NET CLR 3.5.30729; InfoPath.2)"
87.187.153.9 - - [14/Apr/2010:12:40:07 +0200] "GET /favicon.ico HTTP/1.1" 404 323 "-" "Mozilla/4.0 (compatible; MSIE 8.0; Windows NT 5.1; Trident/4.0; .NET CLR 2.0.50727; .NET CLR 3.0.4506.2152; .NET CLR 3.5.30729; InfoPath.2)"
78.55.126.128 - - [14/Apr/2010:12:41:09 +0200] "GET /content/pusteblume/ HTTP/1.1" 404 331 "http://www.google.de/url?sa=t&source=web&ct=res&cd=2&ved=0CAsQFjAB&url=http%3A%2F%2Fwww.awo-kv-bernau.de%2Fcontent%2Fpusteblume%2F&rct=j&q=kindergarten+pusteblume+wandlitz&ei=vpvFS8-3DcqYOLWH1NAP&usg=AFQjCNHjuVoyywMUNUaz0FeLzvveBmj9JQ" "Mozilla/5.0 (Windows; U; Windows NT 6.0; de; rv:1.9.1.9) Gecko/20100315 Firefox/3.5.9 GTB6 (.NET CLR 3.5.30729)"
78.55.126.128 - - [14/Apr/2010:12:41:09 +0200] "GET /favicon.ico HTTP/1.1" 404 323 "-" "Mozilla/5.0 (Windows; U; Windows NT 6.0; de; rv:1.9.1.9) Gecko/20100315 Firefox/3.5.9 GTB6 (.NET CLR 3.5.30729)"
78.55.126.128 - - [14/Apr/2010:12:41:12 +0200] "GET /favicon.ico HTTP/1.1" 404 323 "-" "Mozilla/5.0 (Windows; U; Windows NT 6.0; de; rv:1.9.1.9) Gecko/20100315 Firefox/3.5.9 GTB6 (.NET CLR 3.5.30729)"
207.46.204.195 - - [14/Apr/2010:12:44:14 +0200] "GET /content/kalender/jax_calendar.php?Y=2010&m=3&d=13&do=show_event&key=27e5285d48248e3a056fc26a12b7f6d5&cal_id=0&language=german&gmt_ofs=-1&view=d30&evt_date=%3Cb%3E09.04.2010%3C%2Fb%3E+13%3A00&evt_title=Polenfahrt+nach+Hohenwutzen HTTP/1.1" 404 345 "-" "msnbot/2.0b (+http://search.msn.com/msnbot.htm)"
62.154.143.179 - - [14/Apr/2010:12:49:35 +0200] "GET / HTTP/1.1" 200 1229 "http://www.google.de/search?q=awo+bernau&ie=utf-8&oe=utf-8&aq=t&rls=org.mozilla:de:official&client=firefox-a" "Mozilla/5.0 (Windows; U; Windows NT 5.1; de; rv:1.9.2.3) Gecko/20100401 Firefox/3.6.3"
62.154.143.179 - - [14/Apr/2010:12:49:36 +0200] "GET /favicon.ico HTTP/1.1" 404 323 "-" "Mozilla/5.0 (Windows; U; Windows NT 5.1; de; rv:1.9.2.3) Gecko/20100401 Firefox/3.6.3"
62.154.143.179 - - [14/Apr/2010:12:49:37 +0200] "GET /favicon.ico HTTP/1.1" 404 323 "-" "Mozilla/5.0 (Windows; U; Windows NT 5.1; de; rv:1.9.2.3) Gecko/20100401 Firefox/3.6.3"
62.154.143.179 - - [14/Apr/2010:12:49:55 +0200] "GET /favicon.ico HTTP/1.1" 404 323 "-" "Mozilla/5.0 (Windows; U; Windows NT 5.1; de; rv:1.9.2.3) Gecko/20100401 Firefox/3.6.3"
62.154.143.179 - - [14/Apr/2010:12:49:57 +0200] "GET /content/eltern-kind-zentrum-bernau-sued/ HTTP/1.1" 404 352 "http://www.google.de/search?q=awo+bernau&ie=utf-8&oe=utf-8&aq=t&rls=org.mozilla:de:official&client=firefox-a" "Mozilla/5.0 (Windows; U; Windows NT 5.1; de; rv:1.9.2.3) Gecko/20100401 Firefox/3.6.3"
62.154.143.179 - - [14/Apr/2010:12:50:01 +0200] "GET / HTTP/1.1" 200 1229 "http://www.google.de/search?q=awo+bernau&ie=utf-8&oe=utf-8&aq=t&rls=org.mozilla:de:official&client=firefox-a" "Mozilla/5.0 (Windows; U; Windows NT 5.1; de; rv:1.9.2.3) Gecko/20100401 Firefox/3.6.3"
62.154.143.179 - - [14/Apr/2010:12:50:01 +0200] "GET /favicon.ico HTTP/1.1" 404 328 "-" "Mozilla/5.0 (Windows; U; Windows NT 5.1; de; rv:1.9.2.3) Gecko/20100401 Firefox/3.6.3"
62.154.143.179 - - [14/Apr/2010:12:50:04 +0200] "GET /favicon.ico HTTP/1.1" 404 328 "-" "Mozilla/5.0 (Windows; U; Windows NT 5.1; de; rv:1.9.2.3) Gecko/20100401 Firefox/3.6.3"
87.187.153.9 - - [14/Apr/2010:12:53:47 +0200] "GET / HTTP/1.1" 200 1229 "-" "Mozilla/4.0 (compatible; MSIE 8.0; Windows NT 5.1; Trident/4.0; .NET CLR 2.0.50727; .NET CLR 3.0.4506.2152; .NET CLR 3.5.30729; InfoPath.2)"
87.187.153.9 - - [14/Apr/2010:12:53:48 +0200] "GET /favicon.ico HTTP/1.1" 404 323 "-" "Mozilla/4.0 (compatible; MSIE 8.0; Windows NT 5.1; Trident/4.0; .NET CLR 2.0.50727; .NET CLR 3.0.4506.2152; .NET CLR 3.5.30729; InfoPath.2)"
207.46.13.134 - - [14/Apr/2010:12:56:00 +0200] "GET /content/kalender/jax_calendar.php?Y=2010&m=8&d=5&view=d1 HTTP/1.1" 404 345 "-" "msnbot/2.0b (+http://search.msn.com/msnbot.htm)"
207.46.204.244 - - [14/Apr/2010:12:56:30 +0200] "GET /content/kalender/jax_calendar.php?Y=2011&m=3&d=22&cal_id=0&language=german&gmt_ofs=-1&view=d30&view=d30 HTTP/1.1" 404 345 "-" "msnbot/2.0b (+http://search.msn.com/msnbot.htm)"
