207.46.204.235 - - [15/Apr/2010:21:33:36 +0200] "GET /content/kalender/jax_calendar.php?Y=2010&m=3&d=4&do=show_event&key=7e86f209e8f8d9baa21d02cf921cf360&cal_id=0&language=german&gmt_ofs=-1&view=d30&evt_date=%3Cb%3E25.03.2010%3C%2Fb%3E+14%3A30&evt_title=Kuchenbacken+in+der+Kontakt-und+Beratungsstelle HTTP/1.1" 404 345 "-" "msnbot/2.0b (+http://search.msn.com/msnbot.htm)"
66.249.71.52 - - [15/Apr/2010:21:34:06 +0200] "GET /content/kalender/jax_calendar.php?Y=-659&m=5&d=1&cal_id=0&language=german&gmt_ofs=-1&view=d1 HTTP/1.1" 404 345 "-" "Mozilla/5.0 (compatible; Googlebot/2.1; +http://www.google.com/bot.html)"
66.249.71.11 - - [15/Apr/2010:21:36:13 +0200] "GET /content/kontakt-impressum/ HTTP/1.1" 404 343 "-" "Mozilla/5.0 (compatible; Googlebot/2.1; +http://www.google.com/bot.html)"
66.249.71.52 - - [15/Apr/2010:21:37:21 +0200] "GET /content/kalender/jax_calendar.php?Y=-649&m=9&d=1&cal_id=0&language=german&gmt_ofs=-1&view=d1 HTTP/1.1" 404 345 "-" "Mozilla/5.0 (compatible; Googlebot/2.1; +http://www.google.com/bot.html)"
207.46.199.53 - - [15/Apr/2010:21:38:30 +0200] "GET /content/kalender/jax_calendar.php?Y=2010&m=12&d=2&view=d1 HTTP/1.1" 404 345 "-" "msnbot/2.0b (+http://search.msn.com/msnbot.htm)"
66.249.71.52 - - [15/Apr/2010:21:40:32 +0200] "GET /content/kalender/jax_calendar.php?Y=252&m=4&d=9&cal_id=0&language=german&gmt_ofs=-1&view=d1 HTTP/1.1" 404 345 "-" "Mozilla/5.0 (compatible; Googlebot/2.1; +http://www.google.com/bot.html)"
207.46.199.52 - - [15/Apr/2010:21:41:30 +0200] "GET /content/kalender/jax_calendar.php?Y=2010&m=3&d=25&view=d1 HTTP/1.1" 404 345 "-" "msnbot/2.0b (+http://search.msn.com/msnbot.htm)"
66.235.124.4 - - [15/Apr/2010:21:41:44 +0200] "GET /robots.txt HTTP/1.1" 404 327 "-" "Mozilla/5.0 (compatible; Ask Jeeves/Teoma; +http://about.ask.com/en/docs/about/webmasters.shtml)"
66.235.124.4 - - [15/Apr/2010:21:41:45 +0200] "GET / HTTP/1.1" 200 1229 "-" "Mozilla/5.0 (compatible; Ask Jeeves/Teoma; +http://about.ask.com/en/docs/about/webmasters.shtml)"
66.249.71.52 - - [15/Apr/2010:21:43:19 +0200] "GET /content/kalender/jax_calendar.php?Y=248&m=3&d=9&cal_id=0&language=german&gmt_ofs=-1&view=d1 HTTP/1.1" 404 345 "-" "Mozilla/5.0 (compatible; Googlebot/2.1; +http://www.google.com/bot.html)"
66.249.71.52 - - [15/Apr/2010:21:46:24 +0200] "GET /content/kalender/jax_calendar.php?Y=-1446&m=2&d=3&cal_id=0&language=german&gmt_ofs=-1&view=d1 HTTP/1.1" 404 345 "-" "Mozilla/5.0 (compatible; Googlebot/2.1; +http://www.google.com/bot.html)"
66.249.71.52 - - [15/Apr/2010:21:49:30 +0200] "GET /content/kalender/jax_calendar.php?Y=-1452&m=10&d=25&view=d1 HTTP/1.1" 404 345 "-" "Mozilla/5.0 (compatible; Googlebot/2.1; +http://www.google.com/bot.html)"
66.249.71.52 - - [15/Apr/2010:21:52:36 +0200] "GET /content/kalender/jax_calendar.php?Y=-1604&m=10&d=33&view=d1 HTTP/1.1" 404 345 "-" "Mozilla/5.0 (compatible; Googlebot/2.1; +http://www.google.com/bot.html)"
207.46.13.54 - - [15/Apr/2010:21:57:22 +0200] "GET /robots.txt HTTP/1.1" 404 322 "-" "msnbot/2.0b (+http://search.msn.com/msnbot.htm)"
207.46.13.54 - - [15/Apr/2010:21:58:02 +0200] "GET /content/kalender/jax_calendar.php?Y=2010&m=12&d=1&view=d1 HTTP/1.1" 404 345 "-" "msnbot/2.0b (+http://search.msn.com/msnbot.htm)"
66.249.71.52 - - [15/Apr/2010:21:59:26 +0200] "GET /content/kalender/jax_calendar.php?Y=2004&m=12&d=7&cal_id=0&language=german&gmt_ofs=-1&view=d30&view=d30 HTTP/1.1" 404 345 "-" "Mozilla/5.0 (compatible; Googlebot/2.1; +http://www.google.com/bot.html)"
66.249.71.52 - - [15/Apr/2010:22:02:04 +0200] "GET /content/kalender/jax_calendar.php?Y=243&m=9&d=19&view=d1 HTTP/1.1" 404 345 "-" "Mozilla/5.0 (compatible; Googlebot/2.1; +http://www.google.com/bot.html)"
207.46.13.87 - - [15/Apr/2010:22:03:35 +0200] "GET /content/kalender/jax_calendar.php?Y=2014&m=8&d=4&cal_id=0&language=german&gmt_ofs=-1&view=d30 HTTP/1.1" 404 345 "-" "msnbot/2.0b (+http://search.msn.com/msnbot.htm)"
66.249.71.52 - - [15/Apr/2010:22:08:08 +0200] "GET /content/kalender/jax_calendar.php?Y=-652&m=2&d=1&cal_id=0&language=german&gmt_ofs=-1&view=d1 HTTP/1.1" 404 345 "-" "Mozilla/5.0 (compatible; Googlebot/2.1; +http://www.google.com/bot.html)"
66.249.71.52 - - [15/Apr/2010:22:11:10 +0200] "GET /content/kalender/jax_calendar.php?Y=-661&m=5&d=1&cal_id=0&language=german&gmt_ofs=-1&view=d1 HTTP/1.1" 404 345 "-" "Mozilla/5.0 (compatible; Googlebot/2.1; +http://www.google.com/bot.html)"
66.249.71.52 - - [15/Apr/2010:22:14:13 +0200] "GET /content/kalender/jax_calendar.php?Y=-1447&m=2&d=3&cal_id=0&language=german&gmt_ofs=-1&view=d1 HTTP/1.1" 404 345 "-" "Mozilla/5.0 (compatible; Googlebot/2.1; +http://www.google.com/bot.html)"
66.249.71.52 - - [15/Apr/2010:22:17:15 +0200] "GET /content/kalender/jax_calendar.php?Y=244&m=12&d=37&view=d1 HTTP/1.1" 404 345 "-" "Mozilla/5.0 (compatible; Googlebot/2.1; +http://www.google.com/bot.html)"
66.249.71.52 - - [15/Apr/2010:22:20:17 +0200] "GET /content/kalender/jax_calendar.php?Y=-1450&m=1&d=3&cal_id=0&language=german&gmt_ofs=-1&view=d1 HTTP/1.1" 404 345 "-" "Mozilla/5.0 (compatible; Googlebot/2.1; +http://www.google.com/bot.html)"
66.249.71.52 - - [15/Apr/2010:22:26:23 +0200] "GET /content/kalender/jax_calendar.php?Y=253&m=11&d=9&cal_id=0&language=german&gmt_ofs=-1&view=d1 HTTP/1.1" 404 345 "-" "Mozilla/5.0 (compatible; Googlebot/2.1; +http://www.google.com/bot.html)"
91.63.170.39 - - [15/Apr/2010:22:27:03 +0200] "GET /content/pusteblume/ HTTP/1.1" 404 331 "http://home.meinestadt.de/bernau-bei-berlin/suche?words=Tanz+und+Musik+f%C3%BCr+Kleinkinder" "Mozilla/5.0 (Windows; U; Windows NT 5.1; de; rv:1.9.1.9) Gecko/20100315 Firefox/3.5.9"
91.63.170.39 - - [15/Apr/2010:22:27:04 +0200] "GET /favicon.ico HTTP/1.1" 404 323 "-" "Mozilla/5.0 (Windows; U; Windows NT 5.1; de; rv:1.9.1.9) Gecko/20100315 Firefox/3.5.9"
91.63.170.39 - - [15/Apr/2010:22:27:07 +0200] "GET /favicon.ico HTTP/1.1" 404 323 "-" "Mozilla/5.0 (Windows; U; Windows NT 5.1; de; rv:1.9.1.9) Gecko/20100315 Firefox/3.5.9"
66.249.71.11 - - [15/Apr/2010:22:34:24 +0200] "GET /content/wohnstaette-fuer-psychisch-kranke/ HTTP/1.1" 404 359 "-" "Mozilla/5.0 (compatible; Googlebot/2.1; +http://www.google.com/bot.html)"
66.249.71.52 - - [15/Apr/2010:22:35:47 +0200] "GET /content/kalender/jax_calendar.php?Y=253&m=3&d=9&cal_id=0&language=german&gmt_ofs=-1&view=d1 HTTP/1.1" 404 345 "-" "Mozilla/5.0 (compatible; Googlebot/2.1; +http://www.google.com/bot.html)"
66.249.71.52 - - [15/Apr/2010:22:40:21 +0200] "GET /content/kalender/jax_calendar.php?Y=241&m=12&d=26&view=d1 HTTP/1.1" 404 345 "-" "Mozilla/5.0 (compatible; Googlebot/2.1; +http://www.google.com/bot.html)"
66.249.71.52 - - [15/Apr/2010:22:42:42 +0200] "GET /content/kalender/jax_calendar.php?Y=-649&m=7&d=1&cal_id=0&language=german&gmt_ofs=-1&view=d1 HTTP/1.1" 404 345 "-" "Mozilla/5.0 (compatible; Googlebot/2.1; +http://www.google.com/bot.html)"
66.249.71.52 - - [15/Apr/2010:22:45:02 +0200] "GET /content/kalender/jax_calendar.php?Y=239&m=8&d=33&view=d1 HTTP/1.1" 404 345 "-" "Mozilla/5.0 (compatible; Googlebot/2.1; +http://www.google.com/bot.html)"
66.249.71.52 - - [15/Apr/2010:22:47:23 +0200] "GET /content/kalender/jax_calendar.php?Y=-657&m=5&d=1&cal_id=0&language=german&gmt_ofs=-1&view=d1 HTTP/1.1" 404 345 "-" "Mozilla/5.0 (compatible; Googlebot/2.1; +http://www.google.com/bot.html)"
66.249.71.52 - - [15/Apr/2010:22:49:44 +0200] "GET /content/kalender/jax_calendar.php?Y=250&m=11&d=9&cal_id=0&language=german&gmt_ofs=-1&view=d1 HTTP/1.1" 404 345 "-" "Mozilla/5.0 (compatible; Googlebot/2.1; +http://www.google.com/bot.html)"
66.249.71.52 - - [15/Apr/2010:22:52:04 +0200] "GET /content/kalender/jax_calendar.php?Y=249&m=12&d=9&cal_id=0&language=german&gmt_ofs=-1&view=d1 HTTP/1.1" 404 345 "-" "Mozilla/5.0 (compatible; Googlebot/2.1; +http://www.google.com/bot.html)"
66.249.71.52 - - [15/Apr/2010:22:54:25 +0200] "GET /content/kalender/jax_calendar.php?Y=240&m=4&d=5&view=d1 HTTP/1.1" 404 345 "-" "Mozilla/5.0 (compatible; Googlebot/2.1; +http://www.google.com/bot.html)"
66.249.71.52 - - [15/Apr/2010:22:56:26 +0200] "GET /content/kalender/jax_calendar.php?Y=-648&m=5&d=30&view=d1 HTTP/1.1" 404 345 "-" "Mozilla/5.0 (compatible; Googlebot/2.1; +http://www.google.com/bot.html)"
66.249.71.52 - - [15/Apr/2010:22:58:27 +0200] "GET /content/kalender/jax_calendar.php?Y=243&m=4&d=34&view=d1 HTTP/1.1" 404 345 "-" "Mozilla/5.0 (compatible; Googlebot/2.1; +http://www.google.com/bot.html)"
66.249.71.52 - - [15/Apr/2010:23:02:30 +0200] "GET /content/kalender/jax_calendar.php?Y=253&m=12&d=9&cal_id=0&language=german&gmt_ofs=-1&view=d1 HTTP/1.1" 404 345 "-" "Mozilla/5.0 (compatible; Googlebot/2.1; +http://www.google.com/bot.html)"
66.249.71.52 - - [15/Apr/2010:23:04:31 +0200] "GET /content/kalender/jax_calendar.php?Y=-652&m=7&d=1&cal_id=0&language=german&gmt_ofs=-1&view=d1 HTTP/1.1" 404 345 "-" "Mozilla/5.0 (compatible; Googlebot/2.1; +http://www.google.com/bot.html)"
66.249.71.11 - - [15/Apr/2010:23:04:32 +0200] "GET /content/assets/Altenpflegeheim/aph101109.jpg HTTP/1.1" 404 361 "-" "Googlebot-Image/1.0"
66.249.71.52 - - [15/Apr/2010:23:06:32 +0200] "GET /content/kalender/jax_calendar.php?Y=-1450&m=5&d=3&cal_id=0&language=german&gmt_ofs=-1&view=d1 HTTP/1.1" 404 345 "-" "Mozilla/5.0 (compatible; Googlebot/2.1; +http://www.google.com/bot.html)"
66.249.71.52 - - [15/Apr/2010:23:07:32 +0200] "GET / HTTP/1.1" 200 1229 "-" "Mozilla/5.0 (compatible; Googlebot/2.1; +http://www.google.com/bot.html)"
66.249.71.52 - - [15/Apr/2010:23:08:40 +0200] "GET /content/kalender/jax_calendar.php?Y=249&m=11&d=9&cal_id=0&language=german&gmt_ofs=-1&view=d1 HTTP/1.1" 404 345 "-" "Mozilla/5.0 (compatible; Googlebot/2.1; +http://www.google.com/bot.html)"
207.46.204.242 - - [15/Apr/2010:23:14:02 +0200] "GET /content/kalender/jax_calendar.php?Y=2010&m=2&d=17&view=d1 HTTP/1.1" 404 345 "-" "msnbot/2.0b (+http://search.msn.com/msnbot.htm)"
66.249.71.52 - - [15/Apr/2010:23:16:38 +0200] "GET /content/kalender/jax_calendar.php?Y=-1599&m=3&d=36&view=d1 HTTP/1.1" 404 345 "-" "Mozilla/5.0 (compatible; Googlebot/2.1; +http://www.google.com/bot.html)"
66.249.71.52 - - [15/Apr/2010:23:18:39 +0200] "GET /content/kalender/jax_calendar.php?Y=241&m=3&d=36&view=d1 HTTP/1.1" 404 345 "-" "Mozilla/5.0 (compatible; Googlebot/2.1; +http://www.google.com/bot.html)"
66.249.71.52 - - [15/Apr/2010:23:20:40 +0200] "GET /content/kalender/jax_calendar.php?Y=243&m=1&d=8&view=d1 HTTP/1.1" 404 345 "-" "Mozilla/5.0 (compatible; Googlebot/2.1; +http://www.google.com/bot.html)"
66.249.71.52 - - [15/Apr/2010:23:22:41 +0200] "GET /content/kalender/jax_calendar.php?Y=250&m=10&d=31&view=d1 HTTP/1.1" 404 345 "-" "Mozilla/5.0 (compatible; Googlebot/2.1; +http://www.google.com/bot.html)"
67.218.116.131 - - [15/Apr/2010:23:24:59 +0200] "GET /robots.txt HTTP/1.1" 404 322 "-" "Mozilla/5.0 (Twiceler-0.9 http://www.cuil.com/twiceler/robot.html)"
66.249.71.52 - - [15/Apr/2010:23:26:53 +0200] "GET /content/kalender/jax_calendar.php?Y=-1450&m=11&d=3&cal_id=0&language=german&gmt_ofs=-1&view=d1 HTTP/1.1" 404 345 "-" "Mozilla/5.0 (compatible; Googlebot/2.1; +http://www.google.com/bot.html)"
66.249.71.52 - - [15/Apr/2010:23:26:54 +0200] "GET /content/kalender/jax_calendar.php?Y=246&m=12&d=9&cal_id=0&language=german&gmt_ofs=-1&view=d1 HTTP/1.1" 404 345 "-" "Mozilla/5.0 (compatible; Googlebot/2.1; +http://www.google.com/bot.html)"
66.249.71.52 - - [15/Apr/2010:23:26:55 +0200] "GET /content/kalender/jax_calendar.php?Y=-655&m=5&d=1&cal_id=0&language=german&gmt_ofs=-1&view=d1 HTTP/1.1" 404 345 "-" "Mozilla/5.0 (compatible; Googlebot/2.1; +http://www.google.com/bot.html)"
66.249.71.52 - - [15/Apr/2010:23:26:56 +0200] "GET /content/kalender/jax_calendar.php?Y=249&m=10&d=21&view=d1 HTTP/1.1" 404 345 "-" "Mozilla/5.0 (compatible; Googlebot/2.1; +http://www.google.com/bot.html)"
66.249.71.52 - - [15/Apr/2010:23:26:57 +0200] "GET /content/kalender/jax_calendar.php?Y=-1599&m=9&d=3&cal_id=0&language=german&gmt_ofs=-1&view=d1 HTTP/1.1" 404 345 "-" "Mozilla/5.0 (compatible; Googlebot/2.1; +http://www.google.com/bot.html)"
66.249.71.52 - - [15/Apr/2010:23:27:15 +0200] "GET /content/kalender/jax_calendar.php?Y=248&m=11&d=9&cal_id=0&language=german&gmt_ofs=-1&view=d1 HTTP/1.1" 404 345 "-" "Mozilla/5.0 (compatible; Googlebot/2.1; +http://www.google.com/bot.html)"
65.55.216.10 - - [15/Apr/2010:23:31:00 +0200] "GET /robots.txt HTTP/1.1" 404 327 "-" "msnbot/2.0b (+http://search.msn.com/msnbot.htm)"
207.46.204.191 - - [15/Apr/2010:23:46:04 +0200] "GET /content/kalender/jax_calendar.php?Y=2010&m=3&d=21&do=show_event&key=dcc67d86980d8acbf0d8635c709f075d&cal_id=0&language=german&gmt_ofs=-1&view=d30&evt_date=%3Cb%3E04.03.2010%3C%2Fb%3E+14%3A30&evt_title=Kontakt-+und+Beratungsstelle%2C+Seife+selbst+gemacht HTTP/1.1" 404 345 "-" "msnbot/2.0b (+http://search.msn.com/msnbot.htm)"
87.187.149.52 - - [15/Apr/2010:23:46:21 +0200] "GET / HTTP/1.1" 200 1229 "-" "Mozilla/4.0 (compatible; MSIE 7.0; Windows NT 5.1; .NET CLR 1.1.4322)"
87.187.149.52 - - [15/Apr/2010:23:46:22 +0200] "GET /favicon.ico HTTP/1.1" 404 328 "-" "Mozilla/4.0 (compatible; MSIE 7.0; Windows NT 5.1; .NET CLR 1.1.4322)"
66.249.71.52 - - [15/Apr/2010:23:58:16 +0200] "GET /content/kalender/jax_calendar.php?Y=241&m=5&d=27&view=d1 HTTP/1.1" 404 345 "-" "Mozilla/5.0 (compatible; Googlebot/2.1; +http://www.google.com/bot.html)"
66.249.71.52 - - [15/Apr/2010:23:58:17 +0200] "GET /content/kalender/jax_calendar.php?Y=-1451&m=2&d=3&cal_id=0&language=german&gmt_ofs=-1&view=d1 HTTP/1.1" 404 345 "-" "Mozilla/5.0 (compatible; Googlebot/2.1; +http://www.google.com/bot.html)"
66.249.71.52 - - [15/Apr/2010:23:58:17 +0200] "GET /content/kalender/jax_calendar.php?Y=-1609&m=3&d=5&cal_id=0&language=german&gmt_ofs=-1&view=d1 HTTP/1.1" 404 345 "-" "Mozilla/5.0 (compatible; Googlebot/2.1; +http://www.google.com/bot.html)"
66.249.71.52 - - [15/Apr/2010:23:58:18 +0200] "GET /content/kalender/jax_calendar.php?Y=239&m=1&d=36&view=d1 HTTP/1.1" 404 345 "-" "Mozilla/5.0 (compatible; Googlebot/2.1; +http://www.google.com/bot.html)"
66.249.71.52 - - [15/Apr/2010:23:58:18 +0200] "GET /content/kalender/jax_calendar.php?Y=245&m=11&d=9&cal_id=0&language=german&gmt_ofs=-1&view=d1 HTTP/1.1" 404 345 "-" "Mozilla/5.0 (compatible; Googlebot/2.1; +http://www.google.com/bot.html)"
66.249.71.52 - - [15/Apr/2010:23:58:19 +0200] "GET /content/kalender/jax_calendar.php?Y=253&m=6&d=9&cal_id=0&language=german&gmt_ofs=-1&view=d1 HTTP/1.1" 404 345 "-" "Mozilla/5.0 (compatible; Googlebot/2.1; +http://www.google.com/bot.html)"
66.249.71.52 - - [15/Apr/2010:23:58:20 +0200] "GET /content/kalender/jax_calendar.php?Y=-1605&m=1&d=3&cal_id=0&language=german&gmt_ofs=-1&view=d1 HTTP/1.1" 404 345 "-" "Mozilla/5.0 (compatible; Googlebot/2.1; +http://www.google.com/bot.html)"
66.249.71.52 - - [15/Apr/2010:23:58:21 +0200] "GET /content/kalender/jax_calendar.php?Y=240&m=1&d=16&view=d1 HTTP/1.1" 404 345 "-" "Mozilla/5.0 (compatible; Googlebot/2.1; +http://www.google.com/bot.html)"
207.46.13.90 - - [16/Apr/2010:00:06:01 +0200] "GET /content/kalender/jax_calendar.php?Y=2007&m=3&d=22&cal_id=0&language=german&gmt_ofs=-1&view=d30 HTTP/1.1" 404 345 "-" "msnbot/2.0b (+http://search.msn.com/msnbot.htm)"
66.249.71.52 - - [16/Apr/2010:00:26:00 +0200] "GET /content/kalender/jax_calendar.php?Y=247&m=6&d=9&cal_id=0&language=german&gmt_ofs=-1&view=d1 HTTP/1.1" 404 345 "-" "Mozilla/5.0 (compatible; Googlebot/2.1; +http://www.google.com/bot.html)"
66.249.71.52 - - [16/Apr/2010:00:26:01 +0200] "GET /content/kalender/jax_calendar.php?Y=245&m=6&d=9&cal_id=0&language=german&gmt_ofs=-1&view=d1 HTTP/1.1" 404 345 "-" "Mozilla/5.0 (compatible; Googlebot/2.1; +http://www.google.com/bot.html)"
66.249.71.52 - - [16/Apr/2010:00:26:01 +0200] "GET /content/kalender/jax_calendar.php?Y=4037&m=8&d=2&view=d1 HTTP/1.1" 404 345 "-" "Mozilla/5.0 (compatible; Googlebot/2.1; +http://www.google.com/bot.html)"
66.249.71.52 - - [16/Apr/2010:00:26:03 +0200] "GET /content/kalender/jax_calendar.php?Y=-1446&m=5&d=3&cal_id=0&language=german&gmt_ofs=-1&view=d1 HTTP/1.1" 404 345 "-" "Mozilla/5.0 (compatible; Googlebot/2.1; +http://www.google.com/bot.html)"
66.249.71.52 - - [16/Apr/2010:00:26:04 +0200] "GET /content/kalender/jax_calendar.php?Y=241&m=7&d=12&view=d1 HTTP/1.1" 404 345 "-" "Mozilla/5.0 (compatible; Googlebot/2.1; +http://www.google.com/bot.html)"
66.249.71.52 - - [16/Apr/2010:00:26:04 +0200] "GET /content/kalender/jax_calendar.php?Y=254&m=11&d=9&cal_id=0&language=german&gmt_ofs=-1&view=d1 HTTP/1.1" 404 345 "-" "Mozilla/5.0 (compatible; Googlebot/2.1; +http://www.google.com/bot.html)"
66.249.71.52 - - [16/Apr/2010:00:26:05 +0200] "GET /content/kalender/jax_calendar.php?Y=3816&m=5&d=12&view=d1 HTTP/1.1" 404 345 "-" "Mozilla/5.0 (compatible; Googlebot/2.1; +http://www.google.com/bot.html)"
207.46.199.179 - - [16/Apr/2010:00:26:17 +0200] "GET /robots.txt HTTP/1.1" 404 322 "-" "msnbot/2.0b (+http://search.msn.com/msnbot.htm)"
66.249.71.52 - - [16/Apr/2010:00:28:18 +0200] "GET /content/kalender/jax_calendar.php?Y=-1451&m=7&d=3&cal_id=0&language=german&gmt_ofs=-1&view=d1 HTTP/1.1" 404 345 "-" "Mozilla/5.0 (compatible; Googlebot/2.1; +http://www.google.com/bot.html)"
88.80.10.1 - - [16/Apr/2010:00:31:41 +0200] "GET http://88.80.10.1/pp/anp.php?a=VUVH_W_EFB%5C%5CE&b=1155&c=7a73 HTTP/1.1" 404 312 "-" "Mozilla/4.0 (compatible; MSIE 6.0; Windows NT 5.1)"
90.186.74.218 - - [16/Apr/2010:00:36:45 +0200] "GET / HTTP/1.1" 200 1229 "http://www.google.de/search?q=awo+bernau&ie=utf-8&oe=utf-8&aq=t&rls=org.mozilla:de:official&client=firefox-a" "Mozilla/5.0 (Windows; U; Windows NT 5.1; de; rv:1.9.2.3) Gecko/20100401 Firefox/3.6.3"
90.186.74.218 - - [16/Apr/2010:00:36:49 +0200] "GET /favicon.ico HTTP/1.1" 404 323 "-" "Mozilla/5.0 (Windows; U; Windows NT 5.1; de; rv:1.9.2.3) Gecko/20100401 Firefox/3.6.3"
90.186.74.218 - - [16/Apr/2010:00:37:04 +0200] "GET / HTTP/1.1" 200 1229 "http://www.google.de/search?q=awo+bernau&ie=utf-8&oe=utf-8&aq=t&rls=org.mozilla:de:official&client=firefox-a" "Mozilla/5.0 (Windows; U; Windows NT 5.1; de; rv:1.9.2.3) Gecko/20100401 Firefox/3.6.3"
90.186.74.218 - - [16/Apr/2010:00:37:04 +0200] "GET /favicon.ico HTTP/1.1" 404 328 "-" "Mozilla/5.0 (Windows; U; Windows NT 5.1; de; rv:1.9.2.3) Gecko/20100401 Firefox/3.6.3"
90.186.74.218 - - [16/Apr/2010:00:37:44 +0200] "GET /favicon.ico HTTP/1.1" 404 323 "-" "Mozilla/5.0 (Windows; U; Windows NT 5.1; de; rv:1.9.2.3) Gecko/20100401 Firefox/3.6.3"
90.186.74.218 - - [16/Apr/2010:00:40:14 +0200] "GET /favicon.ico HTTP/1.1" 404 323 "-" "Mozilla/5.0 (Windows; U; Windows NT 5.1; de; rv:1.9.2.3) Gecko/20100401 Firefox/3.6.3"
90.186.74.218 - - [16/Apr/2010:00:40:19 +0200] "GET /content/eltern-kind-zentrum-bernau-sued/ HTTP/1.1" 404 352 "http://www.google.de/search?q=awo+bernau&ie=utf-8&oe=utf-8&aq=t&rls=org.mozilla:de:official&client=firefox-a" "Mozilla/5.0 (Windows; U; Windows NT 5.1; de; rv:1.9.2.3) Gecko/20100401 Firefox/3.6.3"
90.186.74.218 - - [16/Apr/2010:00:40:37 +0200] "GET /content/fruehfoerder-und-beratungsstelle-barnim/ HTTP/1.1" 404 360 "http://www.google.de/search?q=awo+bernau&ie=utf-8&oe=utf-8&aq=t&rls=org.mozilla:de:official&client=firefox-a" "Mozilla/5.0 (Windows; U; Windows NT 5.1; de; rv:1.9.2.3) Gecko/20100401 Firefox/3.6.3"
66.249.71.52 - - [16/Apr/2010:00:54:52 +0200] "GET /content/kalender/jax_calendar.php?Y=-1611&m=10&d=3&cal_id=0&language=german&gmt_ofs=-1&view=d1 HTTP/1.1" 404 345 "-" "Mozilla/5.0 (compatible; Googlebot/2.1; +http://www.google.com/bot.html)"
66.249.71.52 - - [16/Apr/2010:00:54:55 +0200] "GET /content/kalender/jax_calendar.php?Y=-1446&m=12&d=3&cal_id=0&language=german&gmt_ofs=-1&view=d1 HTTP/1.1" 404 345 "-" "Mozilla/5.0 (compatible; Googlebot/2.1; +http://www.google.com/bot.html)"
66.249.71.52 - - [16/Apr/2010:00:54:58 +0200] "GET /content/kalender/jax_calendar.php?Y=241&m=4&d=16&view=d1 HTTP/1.1" 404 345 "-" "Mozilla/5.0 (compatible; Googlebot/2.1; +http://www.google.com/bot.html)"
66.249.71.52 - - [16/Apr/2010:01:03:12 +0200] "GET /content/kalender/jax_calendar.php?Y=243&m=12&d=15&view=d1 HTTP/1.1" 404 345 "-" "Mozilla/5.0 (compatible; Googlebot/2.1; +http://www.google.com/bot.html)"
66.249.71.52 - - [16/Apr/2010:01:07:32 +0200] "GET /content/kalender/jax_calendar.php?Y=252&m=12&d=9&cal_id=0&language=german&gmt_ofs=-1&view=d1 HTTP/1.1" 404 345 "-" "Mozilla/5.0 (compatible; Googlebot/2.1; +http://www.google.com/bot.html)"
207.46.195.237 - - [16/Apr/2010:01:10:46 +0200] "GET /content/kalender/jax_calendar.php?Y=2010&m=2&d=18&view=d1 HTTP/1.1" 404 345 "-" "msnbot/2.0b (+http://search.msn.com/msnbot.htm)"
66.249.71.52 - - [16/Apr/2010:01:11:52 +0200] "GET /content/kalender/jax_calendar.php?Y=242&m=6&d=22&view=d1 HTTP/1.1" 404 345 "-" "Mozilla/5.0 (compatible; Googlebot/2.1; +http://www.google.com/bot.html)"
66.249.71.52 - - [16/Apr/2010:01:20:32 +0200] "GET /content/kalender/jax_calendar.php?Y=253&m=5&d=9&cal_id=0&language=german&gmt_ofs=-1&view=d1 HTTP/1.1" 404 345 "-" "Mozilla/5.0 (compatible; Googlebot/2.1; +http://www.google.com/bot.html)"
66.249.71.52 - - [16/Apr/2010:01:24:40 +0200] "GET /content/kalender/jax_calendar.php?Y=250&m=4&d=9&cal_id=0&language=german&gmt_ofs=-1&view=d1 HTTP/1.1" 404 345 "-" "Mozilla/5.0 (compatible; Googlebot/2.1; +http://www.google.com/bot.html)"
66.249.71.52 - - [16/Apr/2010:01:24:41 +0200] "GET /content/kalender/jax_calendar.php?Y=249&m=5&d=9&cal_id=0&language=german&gmt_ofs=-1&view=d1 HTTP/1.1" 404 345 "-" "Mozilla/5.0 (compatible; Googlebot/2.1; +http://www.google.com/bot.html)"
66.249.71.52 - - [16/Apr/2010:01:24:41 +0200] "GET /content/kalender/jax_calendar.php?Y=253&m=4&d=9&cal_id=0&language=german&gmt_ofs=-1&view=d1 HTTP/1.1" 404 345 "-" "Mozilla/5.0 (compatible; Googlebot/2.1; +http://www.google.com/bot.html)"
66.249.71.52 - - [16/Apr/2010:01:24:42 +0200] "GET /content/kalender/jax_calendar.php?Y=262&m=10&d=9&cal_id=0&language=german&gmt_ofs=-1&view=d1 HTTP/1.1" 404 345 "-" "Mozilla/5.0 (compatible; Googlebot/2.1; +http://www.google.com/bot.html)"
66.249.71.52 - - [16/Apr/2010:01:24:42 +0200] "GET /content/kalender/jax_calendar.php?Y=-648&m=9&d=1&cal_id=0&language=german&gmt_ofs=-1&view=d1 HTTP/1.1" 404 345 "-" "Mozilla/5.0 (compatible; Googlebot/2.1; +http://www.google.com/bot.html)"
66.249.71.52 - - [16/Apr/2010:01:24:43 +0200] "GET /content/kalender/jax_calendar.php?Y=253&m=7&d=9&cal_id=0&language=german&gmt_ofs=-1&view=d1 HTTP/1.1" 404 345 "-" "Mozilla/5.0 (compatible; Googlebot/2.1; +http://www.google.com/bot.html)"
66.249.71.52 - - [16/Apr/2010:01:24:43 +0200] "GET /content/kalender/jax_calendar.php?Y=246&m=10&d=24&view=d1 HTTP/1.1" 404 345 "-" "Mozilla/5.0 (compatible; Googlebot/2.1; +http://www.google.com/bot.html)"
66.249.71.52 - - [16/Apr/2010:01:25:20 +0200] "GET /content/kalender/jax_calendar.php?Y=-1610&m=10&d=3&cal_id=0&language=german&gmt_ofs=-1&view=d1 HTTP/1.1" 404 345 "-" "Mozilla/5.0 (compatible; Googlebot/2.1; +http://www.google.com/bot.html)"
207.46.13.135 - - [16/Apr/2010:01:26:14 +0200] "GET /content/kalender/jax_calendar.php?Y=2010&m=3&d=13&do=show_event&key=a3944c1466fd8424b0b9dd4895ea5cdb&cal_id=0&language=german&gmt_ofs=-1&view=d30&evt_date=%3Cb%3E18.03.2010%3C%2Fb%3E+18%3A00&evt_title=Entspannungstraining HTTP/1.1" 404 345 "-" "msnbot/2.0b (+http://search.msn.com/msnbot.htm)"
65.55.207.70 - - [16/Apr/2010:01:44:42 +0200] "GET /robots.txt HTTP/1.1" 404 322 "-" "msnbot/2.0b (+http://search.msn.com/msnbot.htm)"
66.249.71.52 - - [16/Apr/2010:01:55:11 +0200] "GET /content/kalender/jax_calendar.php?Y=2005&m=12&d=4&cal_id=0&language=german&gmt_ofs=-1&view=d30&view=d30 HTTP/1.1" 404 345 "-" "Mozilla/5.0 (compatible; Googlebot/2.1; +http://www.google.com/bot.html)"
66.249.71.52 - - [16/Apr/2010:01:55:12 +0200] "GET /content/kalender/jax_calendar.php?Y=240&m=9&d=25&view=d1 HTTP/1.1" 404 345 "-" "Mozilla/5.0 (compatible; Googlebot/2.1; +http://www.google.com/bot.html)"
66.249.71.52 - - [16/Apr/2010:01:55:13 +0200] "GET /content/kalender/jax_calendar.php?Y=-652&m=11&d=1&cal_id=0&language=german&gmt_ofs=-1&view=d1 HTTP/1.1" 404 345 "-" "Mozilla/5.0 (compatible; Googlebot/2.1; +http://www.google.com/bot.html)"
66.249.71.52 - - [16/Apr/2010:01:55:13 +0200] "GET /content/kalender/jax_calendar.php?Y=243&m=5&d=6&view=d1 HTTP/1.1" 404 345 "-" "Mozilla/5.0 (compatible; Googlebot/2.1; +http://www.google.com/bot.html)"
66.249.71.52 - - [16/Apr/2010:01:55:14 +0200] "GET /content/kalender/jax_calendar.php?Y=-1447&m=7&d=3&cal_id=0&language=german&gmt_ofs=-1&view=d1 HTTP/1.1" 404 345 "-" "Mozilla/5.0 (compatible; Googlebot/2.1; +http://www.google.com/bot.html)"
66.249.71.52 - - [16/Apr/2010:01:55:15 +0200] "GET /content/kalender/jax_calendar.php?Y=252&m=2&d=9&cal_id=0&language=german&gmt_ofs=-1&view=d1 HTTP/1.1" 404 345 "-" "Mozilla/5.0 (compatible; Googlebot/2.1; +http://www.google.com/bot.html)"
66.249.71.52 - - [16/Apr/2010:01:55:16 +0200] "GET /content/kalender/jax_calendar.php?Y=252&m=5&d=9&cal_id=0&language=german&gmt_ofs=-1&view=d1 HTTP/1.1" 404 345 "-" "Mozilla/5.0 (compatible; Googlebot/2.1; +http://www.google.com/bot.html)"
66.249.71.52 - - [16/Apr/2010:01:55:17 +0200] "GET /content/kalender/jax_calendar.php?Y=240&m=5&d=3&view=d1 HTTP/1.1" 404 345 "-" "Mozilla/5.0 (compatible; Googlebot/2.1; +http://www.google.com/bot.html)"
67.195.112.177 - - [16/Apr/2010:02:03:10 +0200] "GET /robots.txt HTTP/1.0" 404 327 "-" "Mozilla/5.0 (compatible; Yahoo! Slurp; http://help.yahoo.com/help/us/ysearch/slurp)"
67.195.112.177 - - [16/Apr/2010:02:03:10 +0200] "GET /content/kooperationspartner/ HTTP/1.0" 404 345 "-" "Mozilla/5.0 (compatible; Yahoo! Slurp/3.0; http://help.yahoo.com/help/us/ysearch/slurp)"
207.46.199.178 - - [16/Apr/2010:02:04:33 +0200] "GET /robots.txt HTTP/1.1" 404 322 "-" "msnbot/2.0b (+http://search.msn.com/msnbot.htm)"
207.46.195.235 - - [16/Apr/2010:02:06:15 +0200] "GET /content/kalender/jax_calendar.php?Y=2010&m=3&d=21&do=show_event&key=ab7024b28dff72e4ccbb47af471064c7&cal_id=0&language=german&gmt_ofs=-1&view=d30&evt_date=%3Cb%3E16.03.2010%3C%2Fb%3E+18%3A00&evt_title=Treffen+Selbsthilfegruppe+%26quot%3BBalance%26quot%3B+-+Kontakt-+und+Beratungsstelle HTTP/1.1" 404 345 "-" "msnbot/2.0b (+http://search.msn.com/msnbot.htm)"
66.249.71.52 - - [16/Apr/2010:02:10:14 +0200] "GET /content/kalender/jax_calendar.php?Y=253&m=10&d=32&view=d1 HTTP/1.1" 404 345 "-" "Mozilla/5.0 (compatible; Googlebot/2.1; +http://www.google.com/bot.html)"
174.129.237.157 - - [16/Apr/2010:02:13:14 +0200] "GET /robots.txt HTTP/1.0" 404 322 "-" "ia_archiver (+http://www.alexa.com/site/help/webmasters; crawler@alexa.com)"
174.129.237.157 - - [16/Apr/2010:02:13:14 +0200] "GET /content/awo-treff-angebote/ HTTP/1.0" 404 339 "-" "ia_archiver (+http://www.alexa.com/site/help/webmasters; crawler@alexa.com)"
66.249.71.52 - - [16/Apr/2010:02:25:08 +0200] "GET /content/kalender/jax_calendar.php?Y=2006&m=2&d=4&cal_id=0&language=german&gmt_ofs=-1&view=d30&view=d30 HTTP/1.1" 404 345 "-" "Mozilla/5.0 (compatible; Googlebot/2.1; +http://www.google.com/bot.html)"
66.249.71.52 - - [16/Apr/2010:02:25:09 +0200] "GET /content/kalender/jax_calendar.php?Y=-662&m=5&d=1&cal_id=0&language=german&gmt_ofs=-1&view=d1 HTTP/1.1" 404 345 "-" "Mozilla/5.0 (compatible; Googlebot/2.1; +http://www.google.com/bot.html)"
66.249.71.52 - - [16/Apr/2010:02:25:10 +0200] "GET /content/kalender/jax_calendar.php?Y=-1604&m=9&d=3&cal_id=0&language=german&gmt_ofs=-1&view=d1 HTTP/1.1" 404 345 "-" "Mozilla/5.0 (compatible; Googlebot/2.1; +http://www.google.com/bot.html)"
66.249.71.52 - - [16/Apr/2010:02:25:10 +0200] "GET /content/kalender/jax_calendar.php?Y=-649&m=8&d=1&cal_id=0&language=german&gmt_ofs=-1&view=d1 HTTP/1.1" 404 345 "-" "Mozilla/5.0 (compatible; Googlebot/2.1; +http://www.google.com/bot.html)"
66.249.71.52 - - [16/Apr/2010:02:25:13 +0200] "GET /content/kalender/jax_calendar.php?Y=-1604&m=8&d=3&cal_id=0&language=german&gmt_ofs=-1&view=d1 HTTP/1.1" 404 345 "-" "Mozilla/5.0 (compatible; Googlebot/2.1; +http://www.google.com/bot.html)"
66.249.71.52 - - [16/Apr/2010:02:25:13 +0200] "GET /content/kalender/jax_calendar.php?Y=-1604&m=1&d=3&cal_id=0&language=german&gmt_ofs=-1&view=d1 HTTP/1.1" 404 345 "-" "Mozilla/5.0 (compatible; Googlebot/2.1; +http://www.google.com/bot.html)"
66.249.71.52 - - [16/Apr/2010:02:25:14 +0200] "GET /content/kalender/jax_calendar.php?Y=-1452&m=6&d=3&cal_id=0&language=german&gmt_ofs=-1&view=d1 HTTP/1.1" 404 345 "-" "Mozilla/5.0 (compatible; Googlebot/2.1; +http://www.google.com/bot.html)"
66.249.71.52 - - [16/Apr/2010:02:25:15 +0200] "GET /content/kalender/jax_calendar.php?Y=-1448&m=1&d=3&cal_id=0&language=german&gmt_ofs=-1&view=d1 HTTP/1.1" 404 345 "-" "Mozilla/5.0 (compatible; Googlebot/2.1; +http://www.google.com/bot.html)"
66.249.71.52 - - [16/Apr/2010:02:26:58 +0200] "GET /content/kalender/jax_calendar.php?Y=239&m=11&d=19&view=d1 HTTP/1.1" 404 345 "-" "Mozilla/5.0 (compatible; Googlebot/2.1; +http://www.google.com/bot.html)"
66.249.71.52 - - [16/Apr/2010:02:55:03 +0200] "GET /content/kalender/jax_calendar.php?Y=2007&m=11&d=7&cal_id=0&language=german&gmt_ofs=-1&view=d30&view=d30 HTTP/1.1" 404 345 "-" "Mozilla/5.0 (compatible; Googlebot/2.1; +http://www.google.com/bot.html)"
66.249.71.52 - - [16/Apr/2010:02:55:06 +0200] "GET /content/kalender/jax_calendar.php?Y=244&m=1&d=34&view=d1 HTTP/1.1" 404 345 "-" "Mozilla/5.0 (compatible; Googlebot/2.1; +http://www.google.com/bot.html)"
66.249.71.52 - - [16/Apr/2010:02:55:06 +0200] "GET /content/kalender/jax_calendar.php?Y=250&m=9&d=9&cal_id=0&language=german&gmt_ofs=-1&view=d1 HTTP/1.1" 404 345 "-" "Mozilla/5.0 (compatible; Googlebot/2.1; +http://www.google.com/bot.html)"
66.249.71.52 - - [16/Apr/2010:02:55:07 +0200] "GET /content/kalender/jax_calendar.php?Y=252&m=3&d=9&cal_id=0&language=german&gmt_ofs=-1&view=d1 HTTP/1.1" 404 345 "-" "Mozilla/5.0 (compatible; Googlebot/2.1; +http://www.google.com/bot.html)"
207.46.13.142 - - [16/Apr/2010:02:58:00 +0200] "GET /content/schuldnerberatung/ HTTP/1.1" 404 338 "-" "msnbot/2.0b (+http://search.msn.com/msnbot.htm)"
207.46.204.236 - - [16/Apr/2010:03:00:30 +0200] "GET /content/kalender/jax_calendar.php?Y=2010&m=12&d=3&view=d1 HTTP/1.1" 404 345 "-" "msnbot/2.0b (+http://search.msn.com/msnbot.htm)"
66.249.71.52 - - [16/Apr/2010:03:00:37 +0200] "GET /content/assets/Kitas/KitaKinderland/kinderland290310.jpg HTTP/1.1" 404 368 "-" "Mozilla/5.0 (compatible; Googlebot/2.1; +http://www.google.com/bot.html)"
66.249.71.52 - - [16/Apr/2010:03:02:31 +0200] "GET /content/kalender/jax_calendar.php?Y=244&m=7&d=3&view=d1 HTTP/1.1" 404 345 "-" "Mozilla/5.0 (compatible; Googlebot/2.1; +http://www.google.com/bot.html)"
207.46.199.37 - - [16/Apr/2010:03:03:03 +0200] "GET /content/kalender/jax_calendar.php?Y=2010&m=2&d=5&view=d1 HTTP/1.1" 404 345 "-" "msnbot/2.0b (+http://search.msn.com/msnbot.htm)"
66.249.71.52 - - [16/Apr/2010:03:06:16 +0200] "GET /content/kalender/jax_calendar.php?Y=244&m=4&d=14&view=d1 HTTP/1.1" 404 345 "-" "Mozilla/5.0 (compatible; Googlebot/2.1; +http://www.google.com/bot.html)"
65.55.207.126 - - [16/Apr/2010:03:08:05 +0200] "GET /robots.txt HTTP/1.1" 404 327 "-" "msnbot/2.0b (+http://search.msn.com/msnbot.htm)"
66.249.71.52 - - [16/Apr/2010:03:10:01 +0200] "GET /content/kalender/jax_calendar.php?Y=-1447&m=10&d=8&view=d1 HTTP/1.1" 404 345 "-" "Mozilla/5.0 (compatible; Googlebot/2.1; +http://www.google.com/bot.html)"
207.46.13.135 - - [16/Apr/2010:03:10:31 +0200] "GET /content/kalender/jax_calendar.php?Y=2010&m=3&d=21&do=show_event&key=5b90c539480f90118235b717b59a33a2&cal_id=0&language=german&gmt_ofs=-1&view=d30&evt_date=%3Cb%3E06.04.2010%3C%2Fb%3E+15%3A30&evt_title=Kontakt-+und+Beratungsstelle%2C+Kerzen+leicht+gemacht HTTP/1.1" 404 345 "-" "msnbot/2.0b (+http://search.msn.com/msnbot.htm)"
66.249.71.52 - - [16/Apr/2010:03:17:31 +0200] "GET /content/kalender/jax_calendar.php?Y=252&m=10&d=32&view=d1 HTTP/1.1" 404 345 "-" "Mozilla/5.0 (compatible; Googlebot/2.1; +http://www.google.com/bot.html)"
65.55.106.110 - - [16/Apr/2010:03:21:11 +0200] "GET /robots.txt HTTP/1.1" 404 322 "-" "msnbot/2.0b (+http://search.msn.com/msnbot.htm)"
66.249.71.52 - - [16/Apr/2010:03:21:16 +0200] "GET /content/kalender/jax_calendar.php?Y=-1452&m=1&d=3&cal_id=0&language=german&gmt_ofs=-1&view=d1 HTTP/1.1" 404 345 "-" "Mozilla/5.0 (compatible; Googlebot/2.1; +http://www.google.com/bot.html)"
66.249.71.52 - - [16/Apr/2010:03:24:43 +0200] "GET /content/kalender/jax_calendar.php?Y=2005&m=1&d=4&cal_id=0&language=german&gmt_ofs=-1&view=d30&view=d30 HTTP/1.1" 404 345 "-" "Mozilla/5.0 (compatible; Googlebot/2.1; +http://www.google.com/bot.html)"
66.249.71.52 - - [16/Apr/2010:03:24:44 +0200] "GET /content/kalender/jax_calendar.php?Y=-1450&m=9&d=3&cal_id=0&language=german&gmt_ofs=-1&view=d1 HTTP/1.1" 404 345 "-" "Mozilla/5.0 (compatible; Googlebot/2.1; +http://www.google.com/bot.html)"
66.249.71.52 - - [16/Apr/2010:03:24:45 +0200] "GET /content/kalender/jax_calendar.php?Y=-1604&m=3&d=3&cal_id=0&language=german&gmt_ofs=-1&view=d1 HTTP/1.1" 404 345 "-" "Mozilla/5.0 (compatible; Googlebot/2.1; +http://www.google.com/bot.html)"
66.249.71.52 - - [16/Apr/2010:03:24:45 +0200] "GET /content/kalender/jax_calendar.php?Y=81&m=8&d=1&cal_id=0&language=german&gmt_ofs=-1&view=d1 HTTP/1.1" 404 345 "-" "Mozilla/5.0 (compatible; Googlebot/2.1; +http://www.google.com/bot.html)"
66.249.71.52 - - [16/Apr/2010:03:24:46 +0200] "GET /content/kalender/jax_calendar.php?Y=241&m=1&d=15&view=d1 HTTP/1.1" 404 345 "-" "Mozilla/5.0 (compatible; Googlebot/2.1; +http://www.google.com/bot.html)"
66.249.71.52 - - [16/Apr/2010:03:24:46 +0200] "GET /content/kalender/jax_calendar.php?Y=253&m=2&d=9&cal_id=0&language=german&gmt_ofs=-1&view=d1 HTTP/1.1" 404 345 "-" "Mozilla/5.0 (compatible; Googlebot/2.1; +http://www.google.com/bot.html)"
66.249.71.52 - - [16/Apr/2010:03:24:47 +0200] "GET /content/kalender/jax_calendar.php?Y=-1606&m=10&d=3&cal_id=0&language=german&gmt_ofs=-1&view=d1 HTTP/1.1" 404 345 "-" "Mozilla/5.0 (compatible; Googlebot/2.1; +http://www.google.com/bot.html)"
66.249.71.52 - - [16/Apr/2010:03:24:48 +0200] "GET /content/kalender/jax_calendar.php?Y=-1448&m=8&d=3&cal_id=0&language=german&gmt_ofs=-1&view=d1 HTTP/1.1" 404 345 "-" "Mozilla/5.0 (compatible; Googlebot/2.1; +http://www.google.com/bot.html)"
66.249.71.52 - - [16/Apr/2010:03:25:43 +0200] "GET /content/kalender/jax_calendar.php?Y=-660&m=5&d=1&cal_id=0&language=german&gmt_ofs=-1&view=d1 HTTP/1.1" 404 345 "-" "Mozilla/5.0 (compatible; Googlebot/2.1; +http://www.google.com/bot.html)"
83.133.125.202 - - [16/Apr/2010:03:32:43 +0200] "GET / HTTP/1.1" 200 1229 "http://www.bigfinder.de/index.php" "Mozilla/4.0 (compatible; MSIE 6.0; Windows NT 5.1; de)"
66.249.71.145 - - [16/Apr/2010:03:33:54 +0200] "GET /robots.txt HTTP/1.1" 404 324 "-" "Mozilla/5.0 (compatible; Googlebot/2.1; +http://www.google.com/bot.html)"
66.249.71.145 - - [16/Apr/2010:03:33:55 +0200] "GET / HTTP/1.1" 304 - "-" "Mozilla/5.0 (compatible; Googlebot/2.1; +http://www.google.com/bot.html)"
207.46.13.43 - - [16/Apr/2010:03:34:31 +0200] "GET /content/kalender/jax_calendar.php?Y=2010&m=2&d=14&view=d1 HTTP/1.1" 404 345 "-" "msnbot/2.0b (+http://search.msn.com/msnbot.htm)"
66.249.71.52 - - [16/Apr/2010:03:40:20 +0200] "GET /robots.txt HTTP/1.1" 404 322 "-" "Mozilla/5.0 (compatible; Googlebot/2.1; +http://www.google.com/bot.html)"
66.249.71.52 - - [16/Apr/2010:03:40:20 +0200] "GET /content/assets/Kitas/Traumland/traumland1802101.jpg HTTP/1.1" 404 363 "-" "Mozilla/5.0 (compatible; Googlebot/2.1; +http://www.google.com/bot.html)"
66.249.71.52 - - [16/Apr/2010:03:40:21 +0200] "GET /content/assets/Kitas/Traumland/traumland180210.jpg HTTP/1.1" 404 362 "-" "Mozilla/5.0 (compatible; Googlebot/2.1; +http://www.google.com/bot.html)"
66.249.71.52 - - [16/Apr/2010:03:56:29 +0200] "GET /content/kalender/jax_calendar.php?Y=2007&m=7&d=31&cal_id=0&language=german&gmt_ofs=-1&view=d1&view=d1 HTTP/1.1" 404 345 "-" "Mozilla/5.0 (compatible; Googlebot/2.1; +http://www.google.com/bot.html)"
66.249.71.52 - - [16/Apr/2010:03:56:30 +0200] "GET /content/kalender/jax_calendar.php?Y=-1446&m=10&d=17&view=d1 HTTP/1.1" 404 345 "-" "Mozilla/5.0 (compatible; Googlebot/2.1; +http://www.google.com/bot.html)"
66.249.71.52 - - [16/Apr/2010:03:56:30 +0200] "GET /content/kalender/jax_calendar.php?Y=-1452&m=11&d=3&cal_id=0&language=german&gmt_ofs=-1&view=d1 HTTP/1.1" 404 345 "-" "Mozilla/5.0 (compatible; Googlebot/2.1; +http://www.google.com/bot.html)"
65.55.106.235 - - [16/Apr/2010:03:58:41 +0200] "GET /robots.txt HTTP/1.1" 404 322 "-" "msnbot/2.0b (+http://search.msn.com/msnbot.htm)"
66.249.71.52 - - [16/Apr/2010:04:03:57 +0200] "GET /content/kalender/jax_calendar.php?Y=-1444&m=6&d=5&cal_id=0&language=german&gmt_ofs=-1&view=d1 HTTP/1.1" 404 345 "-" "Mozilla/5.0 (compatible; Googlebot/2.1; +http://www.google.com/bot.html)"
66.249.71.52 - - [16/Apr/2010:04:07:43 +0200] "GET /content/kalender/jax_calendar.php?Y=-652&m=10&d=1&cal_id=0&language=german&gmt_ofs=-1&view=d1 HTTP/1.1" 404 345 "-" "Mozilla/5.0 (compatible; Googlebot/2.1; +http://www.google.com/bot.html)"
66.249.71.52 - - [16/Apr/2010:04:11:28 +0200] "GET /content/kalender/jax_calendar.php?Y=-1613&m=10&d=3&cal_id=0&language=german&gmt_ofs=-1&view=d1 HTTP/1.1" 404 345 "-" "Mozilla/5.0 (compatible; Googlebot/2.1; +http://www.google.com/bot.html)"
66.249.71.52 - - [16/Apr/2010:04:15:13 +0200] "GET /content/kalender/jax_calendar.php?Y=-1608&m=10&d=3&cal_id=0&language=german&gmt_ofs=-1&view=d1 HTTP/1.1" 404 345 "-" "Mozilla/5.0 (compatible; Googlebot/2.1; +http://www.google.com/bot.html)"
66.249.71.52 - - [16/Apr/2010:04:19:17 +0200] "GET /content/kalender/jax_calendar.php?Y=-1614&m=10&d=3&cal_id=0&language=german&gmt_ofs=-1&view=d1 HTTP/1.1" 404 345 "-" "Mozilla/5.0 (compatible; Googlebot/2.1; +http://www.google.com/bot.html)"
66.249.71.52 - - [16/Apr/2010:04:22:53 +0200] "GET /content/kalender/jax_calendar.php?Y=-1609&m=10&d=3&cal_id=0&language=german&gmt_ofs=-1&view=d1 HTTP/1.1" 404 345 "-" "Mozilla/5.0 (compatible; Googlebot/2.1; +http://www.google.com/bot.html)"
207.46.204.238 - - [16/Apr/2010:04:26:32 +0200] "GET /content/kalender/jax_calendar.php?Y=2010&m=8&d=28&view=d1 HTTP/1.1" 404 345 "-" "msnbot/2.0b (+http://search.msn.com/msnbot.htm)"
66.249.71.52 - - [16/Apr/2010:04:26:44 +0200] "GET /content/kalender/jax_calendar.php?Y=2006&m=8&d=31&cal_id=0&language=german&gmt_ofs=-1&view=d1&view=d1 HTTP/1.1" 404 345 "-" "Mozilla/5.0 (compatible; Googlebot/2.1; +http://www.google.com/bot.html)"
66.249.71.52 - - [16/Apr/2010:04:26:45 +0200] "GET /content/kalender/jax_calendar.php?Y=240&m=12&d=8&view=d1 HTTP/1.1" 404 345 "-" "Mozilla/5.0 (compatible; Googlebot/2.1; +http://www.google.com/bot.html)"
66.249.71.52 - - [16/Apr/2010:04:26:46 +0200] "GET /content/kalender/jax_calendar.php?Y=246&m=8&d=9&cal_id=0&language=german&gmt_ofs=-1&view=d1 HTTP/1.1" 404 345 "-" "Mozilla/5.0 (compatible; Googlebot/2.1; +http://www.google.com/bot.html)"
66.249.71.52 - - [16/Apr/2010:04:26:46 +0200] "GET /content/kalender/jax_calendar.php?Y=251&m=3&d=9&cal_id=0&language=german&gmt_ofs=-1&view=d1 HTTP/1.1" 404 345 "-" "Mozilla/5.0 (compatible; Googlebot/2.1; +http://www.google.com/bot.html)"
66.249.71.52 - - [16/Apr/2010:04:26:47 +0200] "GET /content/kalender/jax_calendar.php?Y=-1607&m=10&d=3&cal_id=0&language=german&gmt_ofs=-1&view=d1 HTTP/1.1" 404 345 "-" "Mozilla/5.0 (compatible; Googlebot/2.1; +http://www.google.com/bot.html)"
66.249.71.52 - - [16/Apr/2010:04:26:48 +0200] "GET /content/kalender/jax_calendar.php?Y=-658&m=5&d=1&cal_id=0&language=german&gmt_ofs=-1&view=d1 HTTP/1.1" 404 345 "-" "Mozilla/5.0 (compatible; Googlebot/2.1; +http://www.google.com/bot.html)"
66.249.71.52 - - [16/Apr/2010:04:26:49 +0200] "GET /content/kalender/jax_calendar.php?Y=246&m=3&d=9&cal_id=0&language=german&gmt_ofs=-1&view=d1 HTTP/1.1" 404 345 "-" "Mozilla/5.0 (compatible; Googlebot/2.1; +http://www.google.com/bot.html)"
66.249.71.11 - - [16/Apr/2010:04:31:45 +0200] "GET /robots.txt HTTP/1.1" 404 327 "-" "Mozilla/5.0 (compatible; Googlebot/2.1; +http://www.google.com/bot.html)"
66.249.71.11 - - [16/Apr/2010:04:31:45 +0200] "GET / HTTP/1.1" 200 1229 "-" "Mozilla/5.0 (compatible; Googlebot/2.1; +http://www.google.com/bot.html)"
66.249.71.52 - - [16/Apr/2010:04:34:34 +0200] "GET /content/kalender/jax_calendar.php?Y=-1604&m=4&d=3&cal_id=0&language=german&gmt_ofs=-1&view=d1 HTTP/1.1" 404 345 "-" "Mozilla/5.0 (compatible; Googlebot/2.1; +http://www.google.com/bot.html)"
207.46.204.189 - - [16/Apr/2010:04:40:44 +0200] "GET /content/kalender/jax_calendar.php?Y=2010&m=12&d=9&view=d1 HTTP/1.1" 404 345 "-" "msnbot/2.0b (+http://search.msn.com/msnbot.htm)"
207.46.199.45 - - [16/Apr/2010:04:43:20 +0200] "GET /robots.txt HTTP/1.1" 404 327 "-" "msnbot/2.0b (+http://search.msn.com/msnbot.htm)"
207.46.199.45 - - [16/Apr/2010:04:44:16 +0200] "GET /content/projektpatenschaften/ HTTP/1.1" 404 346 "-" "msnbot/2.0b (+http://search.msn.com/msnbot.htm)"
65.55.207.93 - - [16/Apr/2010:04:46:04 +0200] "GET /robots.txt HTTP/1.1" 404 322 "-" "msnbot/2.0b (+http://search.msn.com/msnbot.htm)"
66.249.71.52 - - [16/Apr/2010:04:50:23 +0200] "GET /content/kalender/jax_calendar.php?Y=-652&m=8&d=1&cal_id=0&language=german&gmt_ofs=-1&view=d1 HTTP/1.1" 404 345 "-" "Mozilla/5.0 (compatible; Googlebot/2.1; +http://www.google.com/bot.html)"
66.249.71.52 - - [16/Apr/2010:04:55:57 +0200] "GET /content/kalender/jax_calendar.php?Y=2005&m=7&d=31&cal_id=0&language=german&gmt_ofs=-1&view=d1&view=d1 HTTP/1.1" 404 345 "-" "Mozilla/5.0 (compatible; Googlebot/2.1; +http://www.google.com/bot.html)"
66.249.71.52 - - [16/Apr/2010:04:55:58 +0200] "GET /content/kalender/jax_calendar.php?Y=250&m=6&d=9&cal_id=0&language=german&gmt_ofs=-1&view=d1 HTTP/1.1" 404 345 "-" "Mozilla/5.0 (compatible; Googlebot/2.1; +http://www.google.com/bot.html)"
66.249.71.52 - - [16/Apr/2010:04:56:00 +0200] "GET /content/kalender/jax_calendar.php?Y=-1447&m=5&d=3&cal_id=0&language=german&gmt_ofs=-1&view=d1 HTTP/1.1" 404 345 "-" "Mozilla/5.0 (compatible; Googlebot/2.1; +http://www.google.com/bot.html)"
66.249.71.52 - - [16/Apr/2010:04:56:01 +0200] "GET /content/kalender/jax_calendar.php?Y=-648&m=4&d=1&cal_id=0&language=german&gmt_ofs=-1&view=d1 HTTP/1.1" 404 345 "-" "Mozilla/5.0 (compatible; Googlebot/2.1; +http://www.google.com/bot.html)"
66.249.71.52 - - [16/Apr/2010:04:56:02 +0200] "GET /content/kalender/jax_calendar.php?Y=-1446&m=4&d=3&cal_id=0&language=german&gmt_ofs=-1&view=d1 HTTP/1.1" 404 345 "-" "Mozilla/5.0 (compatible; Googlebot/2.1; +http://www.google.com/bot.html)"
66.249.71.52 - - [16/Apr/2010:04:56:03 +0200] "GET /content/kalender/jax_calendar.php?Y=-649&m=10&d=1&cal_id=0&language=german&gmt_ofs=-1&view=d1 HTTP/1.1" 404 345 "-" "Mozilla/5.0 (compatible; Googlebot/2.1; +http://www.google.com/bot.html)"
66.249.71.52 - - [16/Apr/2010:04:56:04 +0200] "GET /content/kalender/jax_calendar.php?Y=-649&m=6&d=1&cal_id=0&language=german&gmt_ofs=-1&view=d1 HTTP/1.1" 404 345 "-" "Mozilla/5.0 (compatible; Googlebot/2.1; +http://www.google.com/bot.html)"
66.249.71.52 - - [16/Apr/2010:04:56:04 +0200] "GET /content/kalender/jax_calendar.php?Y=-648&m=10&d=1&cal_id=0&language=german&gmt_ofs=-1&view=d1 HTTP/1.1" 404 345 "-" "Mozilla/5.0 (compatible; Googlebot/2.1; +http://www.google.com/bot.html)"
66.249.71.52 - - [16/Apr/2010:04:58:27 +0200] "GET /content/kalender/jax_calendar.php?Y=252&m=6&d=9&cal_id=0&language=german&gmt_ofs=-1&view=d1 HTTP/1.1" 404 345 "-" "Mozilla/5.0 (compatible; Googlebot/2.1; +http://www.google.com/bot.html)"
207.46.199.45 - - [16/Apr/2010:05:15:17 +0200] "GET /content/kalender/jax_calendar.php?Y=2020&m=2&d=22&cal_id=0&language=german&gmt_ofs=-1&view=d30 HTTP/1.1" 404 345 "-" "msnbot/2.0b (+http://search.msn.com/msnbot.htm)"
66.249.71.52 - - [16/Apr/2010:05:22:42 +0200] "GET /content/kalender/jax_calendar.php?Y=2007&m=1&d=4&cal_id=0&language=german&gmt_ofs=-1&view=d30&view=d30 HTTP/1.1" 404 345 "-" "Mozilla/5.0 (compatible; Googlebot/2.1; +http://www.google.com/bot.html)"
66.249.71.52 - - [16/Apr/2010:05:22:43 +0200] "GET /content/kalender/jax_calendar.php?Y=-648&m=6&d=1&cal_id=0&language=german&gmt_ofs=-1&view=d1 HTTP/1.1" 404 345 "-" "Mozilla/5.0 (compatible; Googlebot/2.1; +http://www.google.com/bot.html)"
66.249.71.52 - - [16/Apr/2010:05:22:45 +0200] "GET /content/kalender/jax_calendar.php?Y=251&m=11&d=9&cal_id=0&language=german&gmt_ofs=-1&view=d1 HTTP/1.1" 404 345 "-" "Mozilla/5.0 (compatible; Googlebot/2.1; +http://www.google.com/bot.html)"
66.249.71.52 - - [16/Apr/2010:05:22:46 +0200] "GET /content/kalender/jax_calendar.php?Y=-1604&m=2&d=3&cal_id=0&language=german&gmt_ofs=-1&view=d1 HTTP/1.1" 404 345 "-" "Mozilla/5.0 (compatible; Googlebot/2.1; +http://www.google.com/bot.html)"
66.249.71.52 - - [16/Apr/2010:05:22:47 +0200] "GET /content/kalender/jax_calendar.php?Y=-1450&m=8&d=3&cal_id=0&language=german&gmt_ofs=-1&view=d1 HTTP/1.1" 404 345 "-" "Mozilla/5.0 (compatible; Googlebot/2.1; +http://www.google.com/bot.html)"
66.249.71.52 - - [16/Apr/2010:05:22:48 +0200] "GET /content/kalender/jax_calendar.php?Y=-1447&m=11&d=3&cal_id=0&language=german&gmt_ofs=-1&view=d1 HTTP/1.1" 404 345 "-" "Mozilla/5.0 (compatible; Googlebot/2.1; +http://www.google.com/bot.html)"
66.249.71.52 - - [16/Apr/2010:05:22:49 +0200] "GET /content/kalender/jax_calendar.php?Y=75&m=8&d=23&view=d1 HTTP/1.1" 404 345 "-" "Mozilla/5.0 (compatible; Googlebot/2.1; +http://www.google.com/bot.html)"
66.249.71.52 - - [16/Apr/2010:05:23:48 +0200] "GET /content/kalender/jax_calendar.php?Y=-652&m=9&d=1&cal_id=0&language=german&gmt_ofs=-1&view=d1 HTTP/1.1" 404 345 "-" "Mozilla/5.0 (compatible; Googlebot/2.1; +http://www.google.com/bot.html)"
67.195.111.229 - - [16/Apr/2010:05:30:36 +0200] "GET /robots.txt HTTP/1.0" 404 322 "-" "Mozilla/5.0 (compatible; Yahoo! Slurp; http://help.yahoo.com/help/us/ysearch/slurp)"
67.195.111.229 - - [16/Apr/2010:05:30:36 +0200] "GET /content/erziehungs-und-familienberatung/ HTTP/1.0" 404 352 "-" "Mozilla/5.0 (compatible; Yahoo! Slurp/3.0; http://help.yahoo.com/help/us/ysearch/slurp)"
66.249.71.52 - - [16/Apr/2010:05:38:48 +0200] "GET /content/kalender/jax_calendar.php?Y=-1446&m=8&d=3&cal_id=0&language=german&gmt_ofs=-1&view=d1 HTTP/1.1" 404 345 "-" "Mozilla/5.0 (compatible; Googlebot/2.1; +http://www.google.com/bot.html)"
84.120.68.50 - - [16/Apr/2010:05:42:00 +0200] "GET / HTTP/1.1" 200 1229 "-" "Java/1.6.0_17"
66.249.71.52 - - [16/Apr/2010:05:53:06 +0200] "GET /content/kalender/jax_calendar.php?Y=2006&m=12&d=7&cal_id=0&language=german&gmt_ofs=-1&view=d30&view=d30 HTTP/1.1" 404 345 "-" "Mozilla/5.0 (compatible; Googlebot/2.1; +http://www.google.com/bot.html)"
66.249.71.52 - - [16/Apr/2010:05:53:09 +0200] "GET /content/kalender/jax_calendar.php?Y=241&m=8&d=20&view=d1 HTTP/1.1" 404 345 "-" "Mozilla/5.0 (compatible; Googlebot/2.1; +http://www.google.com/bot.html)"
66.249.71.52 - - [16/Apr/2010:05:53:10 +0200] "GET /content/kalender/jax_calendar.php?Y=-1447&m=6&d=3&cal_id=0&language=german&gmt_ofs=-1&view=d1 HTTP/1.1" 404 345 "-" "Mozilla/5.0 (compatible; Googlebot/2.1; +http://www.google.com/bot.html)"
66.249.71.52 - - [16/Apr/2010:05:53:10 +0200] "GET /content/kalender/jax_calendar.php?Y=261&m=10&d=9&cal_id=0&language=german&gmt_ofs=-1&view=d1 HTTP/1.1" 404 345 "-" "Mozilla/5.0 (compatible; Googlebot/2.1; +http://www.google.com/bot.html)"
66.249.71.52 - - [16/Apr/2010:05:53:11 +0200] "GET /content/kalender/jax_calendar.php?Y=-1452&m=4&d=3&cal_id=0&language=german&gmt_ofs=-1&view=d1 HTTP/1.1" 404 345 "-" "Mozilla/5.0 (compatible; Googlebot/2.1; +http://www.google.com/bot.html)"
66.249.71.52 - - [16/Apr/2010:05:53:12 +0200] "GET /content/kalender/jax_calendar.php?Y=-1451&m=1&d=3&cal_id=0&language=german&gmt_ofs=-1&view=d1 HTTP/1.1" 404 345 "-" "Mozilla/5.0 (compatible; Googlebot/2.1; +http://www.google.com/bot.html)"
66.249.71.52 - - [16/Apr/2010:05:53:13 +0200] "GET /content/kalender/jax_calendar.php?Y=249&m=6&d=9&cal_id=0&language=german&gmt_ofs=-1&view=d1 HTTP/1.1" 404 345 "-" "Mozilla/5.0 (compatible; Googlebot/2.1; +http://www.google.com/bot.html)"
66.249.71.52 - - [16/Apr/2010:06:08:14 +0200] "GET /content/kalender/jax_calendar.php?Y=248&m=4&d=9&cal_id=0&language=german&gmt_ofs=-1&view=d1 HTTP/1.1" 404 345 "-" "Mozilla/5.0 (compatible; Googlebot/2.1; +http://www.google.com/bot.html)"
66.249.71.52 - - [16/Apr/2010:06:25:27 +0200] "GET /content/kalender/jax_calendar.php?Y=2006&m=6&d=31&cal_id=0&language=german&gmt_ofs=-1&view=d1&view=d1 HTTP/1.1" 404 345 "-" "Mozilla/5.0 (compatible; Googlebot/2.1; +http://www.google.com/bot.html)"
66.249.71.52 - - [16/Apr/2010:06:27:56 +0200] "GET /content/kalender/jax_calendar.php?Y=251&m=4&d=9&cal_id=0&language=german&gmt_ofs=-1&view=d1 HTTP/1.1" 404 345 "-" "Mozilla/5.0 (compatible; Googlebot/2.1; +http://www.google.com/bot.html)"
66.249.71.52 - - [16/Apr/2010:06:30:40 +0200] "GET /content/kalender/jax_calendar.php?Y=246&m=5&d=9&cal_id=0&language=german&gmt_ofs=-1&view=d1 HTTP/1.1" 404 345 "-" "Mozilla/5.0 (compatible; Googlebot/2.1; +http://www.google.com/bot.html)"
66.249.71.52 - - [16/Apr/2010:06:33:25 +0200] "GET /content/kalender/jax_calendar.php?Y=-1447&m=12&d=3&cal_id=0&language=german&gmt_ofs=-1&view=d1 HTTP/1.1" 404 345 "-" "Mozilla/5.0 (compatible; Googlebot/2.1; +http://www.google.com/bot.html)"
66.249.71.52 - - [16/Apr/2010:06:36:10 +0200] "GET /content/kalender/jax_calendar.php?Y=254&m=6&d=9&cal_id=0&language=german&gmt_ofs=-1&view=d1 HTTP/1.1" 404 345 "-" "Mozilla/5.0 (compatible; Googlebot/2.1; +http://www.google.com/bot.html)"
66.249.71.52 - - [16/Apr/2010:06:41:40 +0200] "GET /content/kalender/jax_calendar.php?Y=252&m=8&d=9&cal_id=0&language=german&gmt_ofs=-1&view=d1 HTTP/1.1" 404 345 "-" "Mozilla/5.0 (compatible; Googlebot/2.1; +http://www.google.com/bot.html)"
66.249.71.52 - - [16/Apr/2010:06:47:10 +0200] "GET /content/kalender/jax_calendar.php?Y=-1446&m=11&d=3&cal_id=0&language=german&gmt_ofs=-1&view=d1 HTTP/1.1" 404 345 "-" "Mozilla/5.0 (compatible; Googlebot/2.1; +http://www.google.com/bot.html)"
66.249.71.52 - - [16/Apr/2010:06:49:55 +0200] "GET /content/kalender/jax_calendar.php?Y=255&m=10&d=9&cal_id=0&language=german&gmt_ofs=-1&view=d1 HTTP/1.1" 404 345 "-" "Mozilla/5.0 (compatible; Googlebot/2.1; +http://www.google.com/bot.html)"
