66.249.65.230 - - [13/Apr/2010:19:41:25 +0200] "GET /content/kalender/jax_calendar.php?Y=75&m=12&d=1&cal_id=0&language=german&gmt_ofs=-1&view=d1 HTTP/1.1" 404 345 "-" "Mozilla/5.0 (compatible; Googlebot/2.1; +http://www.google.com/bot.html)"
66.249.65.230 - - [13/Apr/2010:19:49:04 +0200] "GET /content HTTP/1.1" 404 319 "-" "Googlebot/2.1 (+http://www.google.com/bot.html)"
208.80.193.34 - - [13/Apr/2010:19:51:01 +0200] "GET / HTTP/1.0" 200 1229 "-" "Mozilla/4.0 (compatible; MSIE 7.0; Windows NT 5.1; YPC 3.0.1; .NET CLR 1.0.3705; .NET CLR 1.1.4322; Media Center PC 4.0; IEMB3; IEMB3)"
66.249.65.230 - - [13/Apr/2010:19:53:47 +0200] "GET /content/kalender/jax_calendar.php?Y=-1582&m=11&d=24&view=d1 HTTP/1.1" 404 345 "-" "Mozilla/5.0 (compatible; Googlebot/2.1; +http://www.google.com/bot.html)"
66.249.65.230 - - [13/Apr/2010:19:53:49 +0200] "GET /content/kalender/jax_calendar.php?Y=-1584&m=5&d=28&view=d1 HTTP/1.1" 404 345 "-" "Mozilla/5.0 (compatible; Googlebot/2.1; +http://www.google.com/bot.html)"
66.249.65.230 - - [13/Apr/2010:19:53:49 +0200] "GET /content/kalender/jax_calendar.php?Y=-1580&m=7&d=28&view=d1 HTTP/1.1" 404 345 "-" "Mozilla/5.0 (compatible; Googlebot/2.1; +http://www.google.com/bot.html)"
66.249.65.230 - - [13/Apr/2010:19:53:50 +0200] "GET /content/kalender/jax_calendar.php?Y=228&m=6&d=32&view=d1 HTTP/1.1" 404 345 "-" "Mozilla/5.0 (compatible; Googlebot/2.1; +http://www.google.com/bot.html)"
66.249.65.230 - - [13/Apr/2010:19:53:51 +0200] "GET /content/kalender/jax_calendar.php?Y=-1468&m=4&d=20&view=d1 HTTP/1.1" 404 345 "-" "Mozilla/5.0 (compatible; Googlebot/2.1; +http://www.google.com/bot.html)"
66.249.65.230 - - [13/Apr/2010:19:53:51 +0200] "GET /content/kalender/jax_calendar.php?Y=-1583&m=2&d=25&view=d1 HTTP/1.1" 404 345 "-" "Mozilla/5.0 (compatible; Googlebot/2.1; +http://www.google.com/bot.html)"
66.249.65.230 - - [13/Apr/2010:20:03:36 +0200] "GET /content/kalender/jax_calendar.php?Y=-1470&m=2&d=16&view=d1 HTTP/1.1" 404 345 "-" "Mozilla/5.0 (compatible; Googlebot/2.1; +http://www.google.com/bot.html)"
208.80.193.35 - - [13/Apr/2010:20:07:02 +0200] "GET / HTTP/1.0" 200 1229 "-" "Mozilla/4.0 (compatible; MSIE 6.0; Windows NT 5.1; FunWebProducts; Hotbar 4.3.2.0)"
66.249.65.230 - - [13/Apr/2010:20:13:37 +0200] "GET /content/kalender/jax_calendar.php?Y=-1470&m=1&d=32&view=d1 HTTP/1.1" 404 345 "-" "Mozilla/5.0 (compatible; Googlebot/2.1; +http://www.google.com/bot.html)"
66.249.65.230 - - [13/Apr/2010:20:22:16 +0200] "GET /content/kalender/jax_calendar.php?Y=2010&m=4&d=11&cal_id=0&language=german&gmt_ofs=-1&view=d30&view=d30 HTTP/1.1" 404 345 "-" "Mozilla/5.0 (compatible; Googlebot/2.1; +http://www.google.com/bot.html)"
66.249.65.230 - - [13/Apr/2010:20:22:17 +0200] "GET /content/kalender/jax_calendar.php?Y=-1579&m=2&d=21&view=d1 HTTP/1.1" 404 345 "-" "Mozilla/5.0 (compatible; Googlebot/2.1; +http://www.google.com/bot.html)"
66.249.65.230 - - [13/Apr/2010:20:22:18 +0200] "GET /content/kalender/jax_calendar.php?Y=-1458&m=12&d=35&view=d1 HTTP/1.1" 404 345 "-" "Mozilla/5.0 (compatible; Googlebot/2.1; +http://www.google.com/bot.html)"
66.249.65.230 - - [13/Apr/2010:20:22:19 +0200] "GET /content/kalender/jax_calendar.php?Y=-1463&m=12&d=26&view=d1 HTTP/1.1" 404 345 "-" "Mozilla/5.0 (compatible; Googlebot/2.1; +http://www.google.com/bot.html)"
66.249.65.230 - - [13/Apr/2010:20:22:19 +0200] "GET /content/kalender/jax_calendar.php?Y=-1459&m=12&d=35&view=d1 HTTP/1.1" 404 345 "-" "Mozilla/5.0 (compatible; Googlebot/2.1; +http://www.google.com/bot.html)"
66.249.65.230 - - [13/Apr/2010:20:22:20 +0200] "GET /content/kalender/jax_calendar.php?Y=-654&m=5&d=1&cal_id=0&language=german&gmt_ofs=-1&view=d1 HTTP/1.1" 404 345 "-" "Mozilla/5.0 (compatible; Googlebot/2.1; +http://www.google.com/bot.html)"
66.249.65.230 - - [13/Apr/2010:20:23:30 +0200] "GET /content/kalender/jax_calendar.php?Y=-1470&m=5&d=11&view=d1 HTTP/1.1" 404 345 "-" "Mozilla/5.0 (compatible; Googlebot/2.1; +http://www.google.com/bot.html)"
81.17.208.4 - - [13/Apr/2010:20:26:41 +0200] "HEAD /content/assets/Stellenanzeigen/stellenausschreibungrappelkiste032010.pdf HTTP/1.1" 404 - "-" "Mozilla/5.0 (compatible; jobs.de-Robot +http://www.jobs.de)"
67.218.116.131 - - [13/Apr/2010:20:27:16 +0200] "GET /robots.txt HTTP/1.1" 404 322 "-" "Mozilla/5.0 (Twiceler-0.9 http://www.cuil.com/twiceler/robot.html)"
89.247.218.18 - - [13/Apr/2010:20:30:02 +0200] "GET / HTTP/1.1" 200 1229 "http://www.google.de/search?hl=de&client=firefox-a&hs=H65&rls=org.mozilla%3Ade%3Aofficial&q=waldfrieden++bernau+pflegeheim&meta=&aq=f&aqi=&aql=&oq=&gs_rfai=" "Mozilla/5.0 (Windows; U; Windows NT 5.1; de; rv:1.9.1.9) Gecko/20100315 Firefox/3.5.9 (.NET CLR 3.5.30729)"
89.247.218.18 - - [13/Apr/2010:20:30:02 +0200] "GET /favicon.ico HTTP/1.1" 404 323 "-" "Mozilla/5.0 (Windows; U; Windows NT 5.1; de; rv:1.9.1.9) Gecko/20100315 Firefox/3.5.9 (.NET CLR 3.5.30729)"
89.247.218.18 - - [13/Apr/2010:20:30:05 +0200] "GET /favicon.ico HTTP/1.1" 404 323 "-" "Mozilla/5.0 (Windows; U; Windows NT 5.1; de; rv:1.9.1.9) Gecko/20100315 Firefox/3.5.9 (.NET CLR 3.5.30729)"
91.64.235.15 - - [13/Apr/2010:20:31:42 +0200] "GET /content/ehrenamt/ HTTP/1.1" 404 329 "-" "Mozilla/5.0 (Windows; U; Windows NT 6.0; de; rv:1.9.2.3) Gecko/20100401 Firefox/3.6.3 (.NET CLR 3.5.30729)"
91.64.235.15 - - [13/Apr/2010:20:31:42 +0200] "GET /favicon.ico HTTP/1.1" 404 323 "-" "Mozilla/5.0 (Windows; U; Windows NT 6.0; de; rv:1.9.2.3) Gecko/20100401 Firefox/3.6.3 (.NET CLR 3.5.30729)"
91.64.235.15 - - [13/Apr/2010:20:31:45 +0200] "GET /favicon.ico HTTP/1.1" 404 323 "-" "Mozilla/5.0 (Windows; U; Windows NT 6.0; de; rv:1.9.2.3) Gecko/20100401 Firefox/3.6.3 (.NET CLR 3.5.30729)"
91.64.235.15 - - [13/Apr/2010:20:31:54 +0200] "GET /content/ehrenamt/ HTTP/1.1" 404 329 "-" "Mozilla/5.0 (Windows; U; Windows NT 6.0; de; rv:1.9.2.3) Gecko/20100401 Firefox/3.6.3 (.NET CLR 3.5.30729)"
91.64.235.15 - - [13/Apr/2010:20:32:23 +0200] "GET / HTTP/1.1" 200 1229 "http://www.google.de/search?q=AWO+bernau&ie=utf-8&oe=utf-8&aq=t&rls=org.mozilla:de:official&client=firefox-a" "Mozilla/5.0 (Windows; U; Windows NT 6.0; de; rv:1.9.2.3) Gecko/20100401 Firefox/3.6.3 (.NET CLR 3.5.30729)"
91.64.235.15 - - [13/Apr/2010:20:32:29 +0200] "GET / HTTP/1.1" 200 1229 "http://www.google.de/search?q=AWO+bernau&ie=utf-8&oe=utf-8&aq=t&rls=org.mozilla:de:official&client=firefox-a" "Mozilla/5.0 (Windows; U; Windows NT 6.0; de; rv:1.9.2.3) Gecko/20100401 Firefox/3.6.3 (.NET CLR 3.5.30729)"
91.64.235.15 - - [13/Apr/2010:20:32:30 +0200] "GET /favicon.ico HTTP/1.1" 404 328 "-" "Mozilla/5.0 (Windows; U; Windows NT 6.0; de; rv:1.9.2.3) Gecko/20100401 Firefox/3.6.3 (.NET CLR 3.5.30729)"
91.64.235.15 - - [13/Apr/2010:20:32:39 +0200] "GET /favicon.ico HTTP/1.1" 404 323 "-" "Mozilla/5.0 (Windows; U; Windows NT 6.0; de; rv:1.9.2.3) Gecko/20100401 Firefox/3.6.3 (.NET CLR 3.5.30729)"
91.64.235.15 - - [13/Apr/2010:20:33:21 +0200] "GET /favicon.ico HTTP/1.1" 404 328 "-" "Mozilla/5.0 (Windows; U; Windows NT 6.0; de; rv:1.9.2.3) Gecko/20100401 Firefox/3.6.3 (.NET CLR 3.5.30729)"
66.249.65.230 - - [13/Apr/2010:20:33:31 +0200] "GET /content/kalender/jax_calendar.php?Y=-1450&m=12&d=7&cal_id=0&language=german&gmt_ofs=-1&view=d1 HTTP/1.1" 404 345 "-" "Mozilla/5.0 (compatible; Googlebot/2.1; +http://www.google.com/bot.html)"
66.249.65.230 - - [13/Apr/2010:20:42:48 +0200] "GET /content/kalender/jax_calendar.php?Y=-1472&m=6&d=24&view=d1 HTTP/1.1" 404 345 "-" "Mozilla/5.0 (compatible; Googlebot/2.1; +http://www.google.com/bot.html)"
66.249.65.230 - - [13/Apr/2010:20:51:44 +0200] "GET /content/kalender/jax_calendar.php?Y=2011&m=4&d=11&cal_id=0&language=german&gmt_ofs=-1&view=d30&view=d30 HTTP/1.1" 404 345 "-" "Mozilla/5.0 (compatible; Googlebot/2.1; +http://www.google.com/bot.html)"
66.249.65.230 - - [13/Apr/2010:20:51:45 +0200] "GET /content/kontakt-und-beratungsstelle/ HTTP/1.1" 404 348 "-" "Mozilla/5.0 (compatible; Googlebot/2.1; +http://www.google.com/bot.html)"
66.249.65.230 - - [13/Apr/2010:20:51:48 +0200] "GET /content/kalender/jax_calendar.php?Y=-1586&m=10&d=20&view=d1 HTTP/1.1" 404 345 "-" "Mozilla/5.0 (compatible; Googlebot/2.1; +http://www.google.com/bot.html)"
66.249.65.230 - - [13/Apr/2010:20:51:49 +0200] "GET /content/kalender/jax_calendar.php?Y=-1581&m=2&d=31&view=d1 HTTP/1.1" 404 345 "-" "Mozilla/5.0 (compatible; Googlebot/2.1; +http://www.google.com/bot.html)"
66.249.65.230 - - [13/Apr/2010:20:54:51 +0200] "GET /content/kalender/jax_calendar.php?Y=-1583&m=11&d=28&view=d1 HTTP/1.1" 404 345 "-" "Mozilla/5.0 (compatible; Googlebot/2.1; +http://www.google.com/bot.html)"
87.250.255.242 - - [13/Apr/2010:20:59:37 +0200] "GET /content/kindertagesstaetten/ HTTP/1.1" 404 340 "-" "Yandex/1.01.001 (compatible; Win16; I)"
207.46.195.230 - - [13/Apr/2010:21:03:16 +0200] "GET /content/kalender/jax_calendar.php?Y=2008&m=1&d=4&cal_id=0&language=german&gmt_ofs=-1&view=d30 HTTP/1.1" 404 345 "-" "msnbot/2.0b (+http://search.msn.com/msnbot.htm)"
66.249.65.230 - - [13/Apr/2010:21:06:36 +0200] "GET /content/kalender/jax_calendar.php?Y=-650&m=5&d=1&cal_id=0&language=german&gmt_ofs=-1&view=d1 HTTP/1.1" 404 345 "-" "Mozilla/5.0 (compatible; Googlebot/2.1; +http://www.google.com/bot.html)"
66.249.65.230 - - [13/Apr/2010:21:09:37 +0200] "GET /content/kalender/jax_calendar.php?Y=-1452&m=12&d=7&cal_id=0&language=german&gmt_ofs=-1&view=d1 HTTP/1.1" 404 345 "-" "Mozilla/5.0 (compatible; Googlebot/2.1; +http://www.google.com/bot.html)"
66.249.65.230 - - [13/Apr/2010:21:12:39 +0200] "GET /content/kalender/jax_calendar.php?Y=-634&m=2&d=27&view=d1 HTTP/1.1" 404 345 "-" "Mozilla/5.0 (compatible; Googlebot/2.1; +http://www.google.com/bot.html)"
66.249.65.230 - - [13/Apr/2010:21:15:40 +0200] "GET /content/kalender/jax_calendar.php?Y=-634&m=7&d=16&view=d1 HTTP/1.1" 404 345 "-" "Mozilla/5.0 (compatible; Googlebot/2.1; +http://www.google.com/bot.html)"
207.46.13.91 - - [13/Apr/2010:21:18:31 +0200] "GET /robots.txt HTTP/1.1" 404 322 "-" "msnbot/2.0b (+http://search.msn.com/msnbot.htm)"
66.249.65.230 - - [13/Apr/2010:21:18:42 +0200] "GET /content/kalender/jax_calendar.php?Y=-637&m=5&d=21&view=d1 HTTP/1.1" 404 345 "-" "Mozilla/5.0 (compatible; Googlebot/2.1; +http://www.google.com/bot.html)"
194.6.239.30 - - [13/Apr/2010:21:19:06 +0200] "GET / HTTP/1.1" 200 1229 "http://www.google.de/search?hl=de&source=hp&q=awo+bernau&meta=&aq=f&aqi=g2&aql=&oq=&gs_rfai=&fp=ee5ee57acdb47974" "Mozilla/5.0 (Windows; U; Windows NT 5.1; de; rv:1.9.2.2) Gecko/20100316 Firefox/3.6.2 (.NET CLR 3.5.30729)"
194.6.239.30 - - [13/Apr/2010:21:19:09 +0200] "GET /favicon.ico HTTP/1.1" 404 323 "-" "Mozilla/5.0 (Windows; U; Windows NT 5.1; de; rv:1.9.2.2) Gecko/20100316 Firefox/3.6.2 (.NET CLR 3.5.30729)"
207.46.13.91 - - [13/Apr/2010:21:19:14 +0200] "GET /content/kalender/jax_calendar.php?Y=2010&m=2&d=22&do=show_event&key=d633a37c1466f876ff180396ad3c0287&cal_id=0&language=german&gmt_ofs=-1&view=d30&evt_date=%3Cb%3E01.02.2010%3C%2Fb%3E+17%3A30&evt_title=Tanzgruppe+f%FCr+Junggebliebene HTTP/1.1" 404 345 "-" "msnbot/2.0b (+http://search.msn.com/msnbot.htm)"
194.6.239.30 - - [13/Apr/2010:21:19:19 +0200] "GET / HTTP/1.1" 200 1229 "http://www.google.de/url?sa=t&source=web&ct=res&cd=3&ved=0CA8QFjAC&url=http%3A%2F%2Fwww.sozialedienste-awo.de%2F&rct=j&q=awo+bernau&ei=qsPES_bGEYaXOPGtqKIP&usg=AFQjCNH2Qfmo8nkh5zcrNwd_uJtSWjaknA" "Mozilla/5.0 (Windows; U; Windows NT 5.1; de; rv:1.9.2.2) Gecko/20100316 Firefox/3.6.2 (.NET CLR 3.5.30729)"
194.6.239.30 - - [13/Apr/2010:21:19:19 +0200] "GET /favicon.ico HTTP/1.1" 404 328 "-" "Mozilla/5.0 (Windows; U; Windows NT 5.1; de; rv:1.9.2.2) Gecko/20100316 Firefox/3.6.2 (.NET CLR 3.5.30729)"
194.6.239.30 - - [13/Apr/2010:21:19:58 +0200] "GET /content/eltern-kind-zentrum-bernau-sued/ HTTP/1.1" 404 352 "http://www.google.de/url?sa=t&source=web&ct=res&cd=2&ved=0CAsQFjAB&url=http%3A%2F%2Fwww.awo-kv-bernau.de%2Fcontent%2Feltern-kind-zentrum-bernau-sued%2F&rct=j&q=awo+bernau&ei=qsPES_bGEYaXOPGtqKIP&usg=AFQjCNHmsTJUdQrwG0Ckwk8Fo36b-IVP4Q" "Mozilla/5.0 (Windows; U; Windows NT 5.1; de; rv:1.9.2.2) Gecko/20100316 Firefox/3.6.2 (.NET CLR 3.5.30729)"
194.6.239.30 - - [13/Apr/2010:21:19:58 +0200] "GET /favicon.ico HTTP/1.1" 404 323 "-" "Mozilla/5.0 (Windows; U; Windows NT 5.1; de; rv:1.9.2.2) Gecko/20100316 Firefox/3.6.2 (.NET CLR 3.5.30729)"
194.6.239.30 - - [13/Apr/2010:21:20:28 +0200] "GET /favicon.ico HTTP/1.1" 404 323 "-" "Mozilla/5.0 (Windows; U; Windows NT 5.1; de; rv:1.9.2.2) Gecko/20100316 Firefox/3.6.2 (.NET CLR 3.5.30729)"
194.6.239.30 - - [13/Apr/2010:21:20:55 +0200] "GET /favicon.ico HTTP/1.1" 404 328 "-" "Mozilla/5.0 (Windows; U; Windows NT 5.1; de; rv:1.9.2.2) Gecko/20100316 Firefox/3.6.2 (.NET CLR 3.5.30729)"
194.6.239.30 - - [13/Apr/2010:21:21:28 +0200] "GET /content/rappelkiste/ HTTP/1.1" 404 332 "http://www.google.de/url?sa=t&source=web&ct=res&cd=5&ved=0CBMQFjAE&url=http%3A%2F%2Fwww.awo-kv-bernau.de%2Fcontent%2Frappelkiste%2F&rct=j&q=awo+kita+rappelkiste&ei=LMTES5_wBqeIONzAqa4P&usg=AFQjCNEWexZLFy8AK1DWMQUuPg_x0vVPrQ" "Mozilla/5.0 (Windows; U; Windows NT 5.1; de; rv:1.9.2.2) Gecko/20100316 Firefox/3.6.2 (.NET CLR 3.5.30729)"
194.6.239.30 - - [13/Apr/2010:21:21:28 +0200] "GET /favicon.ico HTTP/1.1" 404 323 "-" "Mozilla/5.0 (Windows; U; Windows NT 5.1; de; rv:1.9.2.2) Gecko/20100316 Firefox/3.6.2 (.NET CLR 3.5.30729)"
194.6.239.30 - - [13/Apr/2010:21:21:54 +0200] "GET /content/rappelkiste/ HTTP/1.1" 404 332 "http://www.google.de/url?sa=t&source=web&ct=res&cd=3&ved=0CBAQFjAC&url=http%3A%2F%2Fwww.awo-kv-bernau.de%2Fcontent%2Frappelkiste%2F&rct=j&q=awo+kita+rappelkiste+bernau&ei=S8TES-b_EIGLOLGptZEP&usg=AFQjCNEWexZLFy8AK1DWMQUuPg_x0vVPrQ" "Mozilla/5.0 (Windows; U; Windows NT 5.1; de; rv:1.9.2.2) Gecko/20100316 Firefox/3.6.2 (.NET CLR 3.5.30729)"
194.6.239.30 - - [13/Apr/2010:21:21:54 +0200] "GET /favicon.ico HTTP/1.1" 404 323 "-" "Mozilla/5.0 (Windows; U; Windows NT 5.1; de; rv:1.9.2.2) Gecko/20100316 Firefox/3.6.2 (.NET CLR 3.5.30729)"
194.6.239.30 - - [13/Apr/2010:21:22:00 +0200] "GET /content/ehrenamt/ HTTP/1.1" 404 329 "http://www.google.de/url?sa=t&source=web&ct=res&cd=4&ved=0CBIQFjAD&url=http%3A%2F%2Fwww.awo-kv-bernau.de%2Fcontent%2Fehrenamt%2F&rct=j&q=awo+kita+rappelkiste+bernau&ei=S8TES-b_EIGLOLGptZEP&usg=AFQjCNHYmFpTaa1b9CY79zGSVyEh7hEsoQ" "Mozilla/5.0 (Windows; U; Windows NT 5.1; de; rv:1.9.2.2) Gecko/20100316 Firefox/3.6.2 (.NET CLR 3.5.30729)"
66.249.65.230 - - [13/Apr/2010:21:22:25 +0200] "GET /content/kalender/jax_calendar.php?Y=2005&m=2&d=1&cal_id=0&language=german&gmt_ofs=-1&view=d1&view=d1 HTTP/1.1" 404 345 "-" "Mozilla/5.0 (compatible; Googlebot/2.1; +http://www.google.com/bot.html)"
66.249.65.230 - - [13/Apr/2010:21:22:27 +0200] "GET /content/kalender/jax_calendar.php?Y=-1464&m=9&d=15&view=d1 HTTP/1.1" 404 345 "-" "Mozilla/5.0 (compatible; Googlebot/2.1; +http://www.google.com/bot.html)"
66.249.65.230 - - [13/Apr/2010:21:22:27 +0200] "GET /content/kalender/jax_calendar.php?Y=-642&m=5&d=6&view=d1 HTTP/1.1" 404 345 "-" "Mozilla/5.0 (compatible; Googlebot/2.1; +http://www.google.com/bot.html)"
66.249.65.230 - - [13/Apr/2010:21:22:28 +0200] "GET /content/kalender/jax_calendar.php?Y=-1600&m=10&d=3&cal_id=0&language=german&gmt_ofs=-1&view=d1 HTTP/1.1" 404 345 "-" "Mozilla/5.0 (compatible; Googlebot/2.1; +http://www.google.com/bot.html)"
66.249.65.230 - - [13/Apr/2010:21:22:28 +0200] "GET /content/kalender/jax_calendar.php?Y=-1602&m=10&d=3&cal_id=0&language=german&gmt_ofs=-1&view=d1 HTTP/1.1" 404 345 "-" "Mozilla/5.0 (compatible; Googlebot/2.1; +http://www.google.com/bot.html)"
66.249.65.230 - - [13/Apr/2010:21:22:30 +0200] "GET /content/kalender/jax_calendar.php?Y=-647&m=5&d=1&cal_id=0&language=german&gmt_ofs=-1&view=d1 HTTP/1.1" 404 345 "-" "Mozilla/5.0 (compatible; Googlebot/2.1; +http://www.google.com/bot.html)"
65.55.207.26 - - [13/Apr/2010:21:28:30 +0200] "GET /robots.txt HTTP/1.1" 404 322 "-" "msnbot/2.0b (+http://search.msn.com/msnbot.htm)"
66.249.65.230 - - [13/Apr/2010:21:34:32 +0200] "GET /content/kalender/jax_calendar.php?Y=-1581&m=6&d=33&view=d1 HTTP/1.1" 404 345 "-" "Mozilla/5.0 (compatible; Googlebot/2.1; +http://www.google.com/bot.html)"
207.46.13.99 - - [13/Apr/2010:21:38:44 +0200] "GET /content/kalender/jax_calendar.php?Y=2003&m=12&d=4&cal_id=0&language=german&gmt_ofs=-1&view=d30 HTTP/1.1" 404 345 "-" "msnbot/2.0b (+http://search.msn.com/msnbot.htm)"
91.37.210.55 - - [13/Apr/2010:21:40:32 +0200] "GET / HTTP/1.1" 200 1229 "http://www.google.de/search?hl=de&client=firefox-a&hs=Fo6&rls=org.mozilla%3Ade%3Aofficial&q=awo+bernau&meta=&aq=f&aqi=g2&aql=&oq=&gs_rfai=" "Mozilla/5.0 (Windows; U; Windows NT 6.0; de; rv:1.9.1.9) Gecko/20100315 Firefox/3.5.9 (.NET CLR 3.5.30729)"
91.37.210.55 - - [13/Apr/2010:21:40:34 +0200] "GET /favicon.ico HTTP/1.1" 404 323 "-" "Mozilla/5.0 (Windows; U; Windows NT 6.0; de; rv:1.9.1.9) Gecko/20100315 Firefox/3.5.9 (.NET CLR 3.5.30729)"
91.37.210.55 - - [13/Apr/2010:21:40:35 +0200] "GET /favicon.ico HTTP/1.1" 404 323 "-" "Mozilla/5.0 (Windows; U; Windows NT 6.0; de; rv:1.9.1.9) Gecko/20100315 Firefox/3.5.9 (.NET CLR 3.5.30729)"
66.249.65.230 - - [13/Apr/2010:21:40:40 +0200] "GET /content/kalender/jax_calendar.php?Y=-1458&m=3&d=14&view=d1 HTTP/1.1" 404 345 "-" "Mozilla/5.0 (compatible; Googlebot/2.1; +http://www.google.com/bot.html)"
91.37.210.55 - - [13/Apr/2010:21:40:44 +0200] "GET /content/eltern-kind-zentrum-bernau-sued/ HTTP/1.1" 404 352 "http://www.google.de/search?hl=de&client=firefox-a&hs=Fo6&rls=org.mozilla%3Ade%3Aofficial&q=awo+bernau&meta=&aq=f&aqi=g2&aql=&oq=&gs_rfai=" "Mozilla/5.0 (Windows; U; Windows NT 6.0; de; rv:1.9.1.9) Gecko/20100315 Firefox/3.5.9 (.NET CLR 3.5.30729)"
91.37.210.55 - - [13/Apr/2010:21:40:50 +0200] "GET / HTTP/1.1" 200 1229 "http://www.google.de/search?hl=de&client=firefox-a&hs=Fo6&rls=org.mozilla%3Ade%3Aofficial&q=awo+bernau&meta=&aq=f&aqi=g2&aql=&oq=&gs_rfai=" "Mozilla/5.0 (Windows; U; Windows NT 6.0; de; rv:1.9.1.9) Gecko/20100315 Firefox/3.5.9 (.NET CLR 3.5.30729)"
91.37.210.55 - - [13/Apr/2010:21:40:51 +0200] "GET /favicon.ico HTTP/1.1" 404 328 "-" "Mozilla/5.0 (Windows; U; Windows NT 6.0; de; rv:1.9.1.9) Gecko/20100315 Firefox/3.5.9 (.NET CLR 3.5.30729)"
91.37.210.55 - - [13/Apr/2010:21:40:54 +0200] "GET /favicon.ico HTTP/1.1" 404 328 "-" "Mozilla/5.0 (Windows; U; Windows NT 6.0; de; rv:1.9.1.9) Gecko/20100315 Firefox/3.5.9 (.NET CLR 3.5.30729)"
91.37.210.55 - - [13/Apr/2010:21:42:01 +0200] "GET /content/eltern-kind-zentrum-bernau-sued/ HTTP/1.1" 404 352 "http://www.google.de/search?hl=de&client=firefox-a&hs=Fo6&rls=org.mozilla%3Ade%3Aofficial&q=awo+bernau&meta=&aq=f&aqi=g2&aql=&oq=&gs_rfai=" "Mozilla/5.0 (Windows; U; Windows NT 6.0; de; rv:1.9.1.9) Gecko/20100315 Firefox/3.5.9 (.NET CLR 3.5.30729)"
91.37.210.55 - - [13/Apr/2010:21:42:01 +0200] "GET /content/eltern-kind-zentrum-bernau-sued/ HTTP/1.1" 404 352 "http://www.google.de/search?hl=de&client=firefox-a&hs=Fo6&rls=org.mozilla%3Ade%3Aofficial&q=awo+bernau&meta=&aq=f&aqi=g2&aql=&oq=&gs_rfai=" "Mozilla/5.0 (Windows; U; Windows NT 6.0; de; rv:1.9.1.9) Gecko/20100315 Firefox/3.5.9 (.NET CLR 3.5.30729)"
91.37.210.55 - - [13/Apr/2010:21:43:27 +0200] "GET /content/traumland/ HTTP/1.1" 404 330 "http://www.google.de/search?hl=de&client=firefox-a&rls=org.mozilla%3Ade%3Aofficial&q=kita+traumland+sch%C3%B6nwalde&meta=&aq=1&aqi=g5&aql=&oq=kita+traumland+&gs_rfai=" "Mozilla/5.0 (Windows; U; Windows NT 6.0; de; rv:1.9.1.9) Gecko/20100315 Firefox/3.5.9 (.NET CLR 3.5.30729)"
91.37.210.55 - - [13/Apr/2010:21:43:39 +0200] "GET /content/traumland/ HTTP/1.1" 404 330 "http://www.google.de/search?hl=de&client=firefox-a&rls=org.mozilla%3Ade%3Aofficial&q=kita+traumland+sch%C3%B6nwalde&meta=&aq=1&aqi=g5&aql=&oq=kita+traumland+&gs_rfai=" "Mozilla/5.0 (Windows; U; Windows NT 6.0; de; rv:1.9.1.9) Gecko/20100315 Firefox/3.5.9 (.NET CLR 3.5.30729)"
91.37.210.55 - - [13/Apr/2010:21:43:43 +0200] "GET /content/ehrenamt/ HTTP/1.1" 404 329 "http://www.google.de/search?hl=de&client=firefox-a&rls=org.mozilla%3Ade%3Aofficial&q=kita+traumland+sch%C3%B6nwalde&meta=&aq=1&aqi=g5&aql=&oq=kita+traumland+&gs_rfai=" "Mozilla/5.0 (Windows; U; Windows NT 6.0; de; rv:1.9.1.9) Gecko/20100315 Firefox/3.5.9 (.NET CLR 3.5.30729)"
91.37.210.55 - - [13/Apr/2010:21:46:13 +0200] "GET /content/traumland/ HTTP/1.1" 404 330 "http://www.google.de/search?hl=de&client=firefox-a&rls=org.mozilla%3Ade%3Aofficial&q=kita+traumland+sch%C3%B6nwalde&meta=&aq=1&aqi=g5&aql=&oq=kita+traumland+&gs_rfai=" "Mozilla/5.0 (Windows; U; Windows NT 6.0; de; rv:1.9.1.9) Gecko/20100315 Firefox/3.5.9 (.NET CLR 3.5.30729)"
66.249.65.230 - - [13/Apr/2010:21:46:51 +0200] "GET /content/kalender/jax_calendar.php?Y=-1584&m=9&d=36&view=d1 HTTP/1.1" 404 345 "-" "Mozilla/5.0 (compatible; Googlebot/2.1; +http://www.google.com/bot.html)"
87.162.124.119 - - [13/Apr/2010:21:49:04 +0200] "GET / HTTP/1.1" 200 1229 "-" "Mozilla/4.0 (compatible; MSIE 8.0; Windows NT 5.1; Trident/4.0; .NET CLR 1.1.4322; InfoPath.1; .NET CLR 2.0.50727; .NET CLR 3.0.4506.2152; .NET CLR 3.5.30729)"
87.162.124.119 - - [13/Apr/2010:21:49:11 +0200] "GET /favicon.ico HTTP/1.1" 404 328 "-" "Mozilla/4.0 (compatible; MSIE 8.0; Windows NT 5.1; Trident/4.0; .NET CLR 1.1.4322; InfoPath.1; .NET CLR 2.0.50727; .NET CLR 3.0.4506.2152; .NET CLR 3.5.30729)"
87.162.124.119 - - [13/Apr/2010:21:50:15 +0200] "GET / HTTP/1.1" 304 - "-" "Mozilla/4.0 (compatible; MSIE 8.0; Windows NT 5.1; Trident/4.0; .NET CLR 1.1.4322; InfoPath.1; .NET CLR 2.0.50727; .NET CLR 3.0.4506.2152; .NET CLR 3.5.30729)"
87.162.124.119 - - [13/Apr/2010:21:50:15 +0200] "GET /favicon.ico HTTP/1.1" 404 328 "-" "Mozilla/4.0 (compatible; MSIE 8.0; Windows NT 5.1; Trident/4.0; .NET CLR 1.1.4322; InfoPath.1; .NET CLR 2.0.50727; .NET CLR 3.0.4506.2152; .NET CLR 3.5.30729)"
87.162.124.119 - - [13/Apr/2010:21:50:17 +0200] "GET / HTTP/1.1" 304 - "-" "Mozilla/4.0 (compatible; MSIE 8.0; Windows NT 5.1; Trident/4.0; .NET CLR 1.1.4322; InfoPath.1; .NET CLR 2.0.50727; .NET CLR 3.0.4506.2152; .NET CLR 3.5.30729)"
87.162.124.119 - - [13/Apr/2010:21:50:18 +0200] "GET / HTTP/1.1" 304 - "-" "Mozilla/4.0 (compatible; MSIE 8.0; Windows NT 5.1; Trident/4.0; .NET CLR 1.1.4322; InfoPath.1; .NET CLR 2.0.50727; .NET CLR 3.0.4506.2152; .NET CLR 3.5.30729)"
87.162.124.119 - - [13/Apr/2010:21:50:23 +0200] "GET / HTTP/1.1" 304 - "-" "Mozilla/4.0 (compatible; MSIE 8.0; Windows NT 5.1; Trident/4.0; .NET CLR 1.1.4322; InfoPath.1; .NET CLR 2.0.50727; .NET CLR 3.0.4506.2152; .NET CLR 3.5.30729)"
67.195.111.229 - - [13/Apr/2010:21:51:02 +0200] "GET /robots.txt HTTP/1.0" 404 322 "-" "Mozilla/5.0 (compatible; Yahoo! Slurp; http://help.yahoo.com/help/us/ysearch/slurp)"
67.195.111.229 - - [13/Apr/2010:21:51:02 +0200] "GET /content/assets/Stellenanzeigen/stellenbeschreibungpflegefachkraft.pdf HTTP/1.0" 404 381 "-" "Mozilla/5.0 (compatible; Yahoo! Slurp/3.0; http://help.yahoo.com/help/us/ysearch/slurp)"
66.249.65.230 - - [13/Apr/2010:21:51:50 +0200] "GET /content/kalender/jax_calendar.php?Y=-639&m=5&d=17&view=d1 HTTP/1.1" 404 345 "-" "Mozilla/5.0 (compatible; Googlebot/2.1; +http://www.google.com/bot.html)"
66.249.65.230 - - [13/Apr/2010:21:51:52 +0200] "GET /content/kalender/jax_calendar.php?Y=-1467&m=12&d=31&view=d1 HTTP/1.1" 404 345 "-" "Mozilla/5.0 (compatible; Googlebot/2.1; +http://www.google.com/bot.html)"
66.249.65.230 - - [13/Apr/2010:21:51:52 +0200] "GET /content/kalender/jax_calendar.php?Y=-1463&m=4&d=26&view=d1 HTTP/1.1" 404 345 "-" "Mozilla/5.0 (compatible; Googlebot/2.1; +http://www.google.com/bot.html)"
66.249.65.230 - - [13/Apr/2010:21:51:53 +0200] "GET /content/kalender/jax_calendar.php?Y=-644&m=5&d=34&view=d1 HTTP/1.1" 404 345 "-" "Mozilla/5.0 (compatible; Googlebot/2.1; +http://www.google.com/bot.html)"
207.46.13.142 - - [13/Apr/2010:21:54:44 +0200] "GET /content/kalender/jax_calendar.php?Y=2010&m=2&d=22&do=show_event&key=dcc67d86980d8acbf0d8635c709f075d&cal_id=0&language=german&gmt_ofs=-1&view=d30&evt_date=%3Cb%3E04.03.2010%3C%2Fb%3E+14%3A30&evt_title=Kontakt-+und+Beratungsstelle%2C+Seife+selbst+gemacht HTTP/1.1" 404 345 "-" "msnbot/2.0b (+http://search.msn.com/msnbot.htm)"
66.249.65.230 - - [13/Apr/2010:21:55:01 +0200] "GET /content/kalender/jax_calendar.php?Y=-1581&m=5&d=23&view=d1 HTTP/1.1" 404 345 "-" "Mozilla/5.0 (compatible; Googlebot/2.1; +http://www.google.com/bot.html)"
207.46.13.41 - - [13/Apr/2010:21:58:48 +0200] "GET /content/assets/Stellenanzeigen/stellenbeschreibungpflegefachkraft.pdf HTTP/1.1" 404 381 "-" "msnbot/2.0b (+http://search.msn.com/msnbot.htm)"
66.249.65.230 - - [13/Apr/2010:22:03:56 +0200] "GET /content/kalender/jax_calendar.php?Y=-1601&m=10&d=3&cal_id=0&language=german&gmt_ofs=-1&view=d1 HTTP/1.1" 404 345 "-" "Mozilla/5.0 (compatible; Googlebot/2.1; +http://www.google.com/bot.html)"
66.249.65.230 - - [13/Apr/2010:22:08:47 +0200] "GET /content/kalender/jax_calendar.php?Y=-1584&m=11&d=35&view=d1 HTTP/1.1" 404 345 "-" "Mozilla/5.0 (compatible; Googlebot/2.1; +http://www.google.com/bot.html)"
66.249.65.230 - - [13/Apr/2010:22:12:54 +0200] "GET /content/kalender/jax_calendar.php?Y=-1469&m=11&d=8&view=d1 HTTP/1.1" 404 345 "-" "Mozilla/5.0 (compatible; Googlebot/2.1; +http://www.google.com/bot.html)"
87.250.255.242 - - [13/Apr/2010:22:14:33 +0200] "GET /content/ambulanter-pflegedienst/ HTTP/1.1" 404 349 "-" "Yandex/1.01.001 (compatible; Win16; I)"
87.250.255.242 - - [13/Apr/2010:22:14:34 +0200] "GET /robots.txt HTTP/1.1" 404 322 "-" "Yandex/1.01.001 (compatible; Win16; I)"
81.17.208.4 - - [13/Apr/2010:22:17:48 +0200] "HEAD /content/assets/Stellenanzeigen/stellenausschreibungpflegefachkraftaph.pdf HTTP/1.1" 404 - "-" "Mozilla/5.0 (compatible; jobs.de-Robot +http://www.jobs.de)"
66.249.65.230 - - [13/Apr/2010:22:23:06 +0200] "GET /content/kalender/jax_calendar.php?Y=-1458&m=4&d=5&cal_id=0&language=german&gmt_ofs=-1&view=d1 HTTP/1.1" 404 345 "-" "Mozilla/5.0 (compatible; Googlebot/2.1; +http://www.google.com/bot.html)"
66.249.65.230 - - [13/Apr/2010:22:23:07 +0200] "GET /content/kalender/jax_calendar.php?Y=-1448&m=12&d=7&cal_id=0&language=german&gmt_ofs=-1&view=d1 HTTP/1.1" 404 345 "-" "Mozilla/5.0 (compatible; Googlebot/2.1; +http://www.google.com/bot.html)"
66.249.65.230 - - [13/Apr/2010:22:23:08 +0200] "GET /content/kalender/jax_calendar.php?Y=-1468&m=2&d=37&view=d1 HTTP/1.1" 404 345 "-" "Mozilla/5.0 (compatible; Googlebot/2.1; +http://www.google.com/bot.html)"
66.249.65.230 - - [13/Apr/2010:22:23:09 +0200] "GET /content/kalender/jax_calendar.php?Y=-634&m=3&d=20&view=d1 HTTP/1.1" 404 345 "-" "Mozilla/5.0 (compatible; Googlebot/2.1; +http://www.google.com/bot.html)"
66.249.65.230 - - [13/Apr/2010:22:23:09 +0200] "GET /content/kalender/jax_calendar.php?Y=-44&m=8&d=10&view=d1 HTTP/1.1" 404 345 "-" "Mozilla/5.0 (compatible; Googlebot/2.1; +http://www.google.com/bot.html)"
66.249.65.230 - - [13/Apr/2010:22:23:10 +0200] "GET /content/kalender/jax_calendar.php?Y=-1457&m=12&d=5&cal_id=0&language=german&gmt_ofs=-1&view=d1 HTTP/1.1" 404 345 "-" "Mozilla/5.0 (compatible; Googlebot/2.1; +http://www.google.com/bot.html)"
207.46.204.244 - - [13/Apr/2010:22:23:13 +0200] "GET /content/kalender/jax_calendar.php?Y=2010&m=2&d=13&cal_id=0&language=german&gmt_ofs=-1&view=d30 HTTP/1.1" 404 345 "-" "msnbot/2.0b (+http://search.msn.com/msnbot.htm)"
66.249.65.230 - - [13/Apr/2010:22:25:03 +0200] "GET /content/kalender/jax_calendar.php?Y=-651&m=5&d=1&cal_id=0&language=german&gmt_ofs=-1&view=d1 HTTP/1.1" 404 345 "-" "Mozilla/5.0 (compatible; Googlebot/2.1; +http://www.google.com/bot.html)"
84.189.238.205 - - [13/Apr/2010:22:29:12 +0200] "GET / HTTP/1.1" 200 1229 "http://www.google.de/search?hl=de&source=hp&q=awo+bernau+bei+berlin&meta=&cts=1271190551765&aq=0&aqi=g2&aql=&oq=AWO+Bernau&gs_rfai=" "Mozilla/5.0 (Macintosh; U; PPC Mac OS X 10.5; de; rv:1.9.1.9) Gecko/20100315 Firefox/3.5.9"
84.189.238.205 - - [13/Apr/2010:22:29:19 +0200] "GET /favicon.ico HTTP/1.1" 404 323 "-" "Mozilla/5.0 (Macintosh; U; PPC Mac OS X 10.5; de; rv:1.9.1.9) Gecko/20100315 Firefox/3.5.9"
84.189.238.205 - - [13/Apr/2010:22:29:22 +0200] "GET /favicon.ico HTTP/1.1" 404 323 "-" "Mozilla/5.0 (Macintosh; U; PPC Mac OS X 10.5; de; rv:1.9.1.9) Gecko/20100315 Firefox/3.5.9"
84.189.238.205 - - [13/Apr/2010:22:29:33 +0200] "GET /content/kontakt-und-beratungsstelle/ HTTP/1.1" 404 348 "http://www.google.de/search?hl=de&source=hp&q=awo+bernau+bei+berlin&meta=&cts=1271190551765&aq=0&aqi=g2&aql=&oq=AWO+Bernau&gs_rfai=" "Mozilla/5.0 (Macintosh; U; PPC Mac OS X 10.5; de; rv:1.9.1.9) Gecko/20100315 Firefox/3.5.9"
207.46.199.179 - - [13/Apr/2010:22:30:47 +0200] "GET /robots.txt HTTP/1.1" 404 327 "-" "msnbot/2.0b (+http://search.msn.com/msnbot.htm)"
84.189.238.205 - - [13/Apr/2010:22:32:01 +0200] "GET / HTTP/1.1" 200 1229 "http://www.google.de/search?hl=de&source=hp&q=awo+bernau+bei+berlin&meta=&cts=1271190551765&aq=0&aqi=g2&aql=&oq=AWO+Bernau&gs_rfai=" "Mozilla/5.0 (Macintosh; U; PPC Mac OS X 10.5; de; rv:1.9.1.9) Gecko/20100315 Firefox/3.5.9"
84.189.238.205 - - [13/Apr/2010:22:32:02 +0200] "GET /favicon.ico HTTP/1.1" 404 328 "-" "Mozilla/5.0 (Macintosh; U; PPC Mac OS X 10.5; de; rv:1.9.1.9) Gecko/20100315 Firefox/3.5.9"
84.189.238.205 - - [13/Apr/2010:22:32:05 +0200] "GET /favicon.ico HTTP/1.1" 404 328 "-" "Mozilla/5.0 (Macintosh; U; PPC Mac OS X 10.5; de; rv:1.9.1.9) Gecko/20100315 Firefox/3.5.9"
84.189.238.205 - - [13/Apr/2010:22:33:20 +0200] "GET /content/traumland/ HTTP/1.1" 404 330 "http://www.google.de/search?hl=de&q=kita+traumland+sch%C3%B6nwalde&meta=&cts=1271190799383&aq=1&aqi=g5&aql=&oq=kita+traumland&gs_rfai=" "Mozilla/5.0 (Macintosh; U; PPC Mac OS X 10.5; de; rv:1.9.1.9) Gecko/20100315 Firefox/3.5.9"
84.189.238.205 - - [13/Apr/2010:22:33:22 +0200] "GET /content/traumland/ HTTP/1.1" 404 330 "http://www.google.de/search?hl=de&q=kita+traumland+sch%C3%B6nwalde&meta=&cts=1271190799383&aq=1&aqi=g5&aql=&oq=kita+traumland&gs_rfai=" "Mozilla/5.0 (Macintosh; U; PPC Mac OS X 10.5; de; rv:1.9.1.9) Gecko/20100315 Firefox/3.5.9"
91.63.160.58 - - [13/Apr/2010:22:34:40 +0200] "GET /content/ueberregionale-fruehfoerder-und-beratungsstelle-hoeren/ HTTP/1.1" 404 375 "http://images.google.de/imgres?imgurl=http://www.awo-kv-bernau.de/content/assets/Beratung/Frueh2/hoeren.jpg&imgrefurl=http://www.awo-kv-bernau.de/content/ueberregionale-fruehfoerder-und-beratungsstelle-hoeren/&usg=__WN6Ltk8tE4842vYF_TlhMN7R5Eo=&h=400&w=312&sz=28&hl=de&start=132&itbs=1&tbnid=5m5LgSKg94t5xM:&tbnh=124&tbnw=97&prev=/images%3Fq%3Dh%25C3%25B6ren%26start%3D126%26hl%3Dde%26sa%3DN%26tbo%3D1%26gbv%3D2%26ndsp%3D18%26tbs%3Disch:1" "Mozilla/5.0 (Windows; U; Windows NT 6.1; en-US; rv:1.9.2.3) Gecko/20100401 Firefox/3.6.3 (.NET CLR 3.5.30729)"
91.63.160.58 - - [13/Apr/2010:22:34:42 +0200] "GET /content/assets/Beratung/Frueh2/hoeren.jpg HTTP/1.1" 404 353 "http://images.google.de/imgres?imgurl=http://www.awo-kv-bernau.de/content/assets/Beratung/Frueh2/hoeren.jpg&imgrefurl=http://www.awo-kv-bernau.de/content/ueberregionale-fruehfoerder-und-beratungsstelle-hoeren/&usg=__WN6Ltk8tE4842vYF_TlhMN7R5Eo=&h=400&w=312&sz=28&hl=de&start=132&itbs=1&tbnid=5m5LgSKg94t5xM:&tbnh=124&tbnw=97&prev=/images%3Fq%3Dh%25C3%25B6ren%26start%3D126%26hl%3Dde%26sa%3DN%26tbo%3D1%26gbv%3D2%26ndsp%3D18%26tbs%3Disch:1" "Mozilla/5.0 (Windows; U; Windows NT 6.1; en-US; rv:1.9.2.3) Gecko/20100401 Firefox/3.6.3 (.NET CLR 3.5.30729)"
91.63.160.58 - - [13/Apr/2010:22:34:42 +0200] "GET /favicon.ico HTTP/1.1" 404 323 "-" "Mozilla/5.0 (Windows; U; Windows NT 6.1; en-US; rv:1.9.2.3) Gecko/20100401 Firefox/3.6.3 (.NET CLR 3.5.30729)"
91.63.160.58 - - [13/Apr/2010:22:34:42 +0200] "GET /favicon.ico HTTP/1.1" 404 323 "-" "Mozilla/5.0 (Windows; U; Windows NT 6.1; en-US; rv:1.9.2.3) Gecko/20100401 Firefox/3.6.3 (.NET CLR 3.5.30729)"
91.63.160.58 - - [13/Apr/2010:22:34:43 +0200] "GET /favicon.ico HTTP/1.1" 404 323 "-" "Mozilla/5.0 (Windows; U; Windows NT 6.1; en-US; rv:1.9.2.3) Gecko/20100401 Firefox/3.6.3 (.NET CLR 3.5.30729)"
84.189.238.205 - - [13/Apr/2010:22:38:21 +0200] "GET / HTTP/1.1" 200 1229 "-" "Mozilla/5.0 (Macintosh; U; PPC Mac OS X 10_5_8; de-de) AppleWebKit/531.22.7 (KHTML, like Gecko) Version/4.0.5 Safari/531.22.7"
84.189.238.205 - - [13/Apr/2010:22:38:22 +0200] "GET /favicon.ico HTTP/1.1" 404 328 "http://www.sozialedienste-awo.de/" "Mozilla/5.0 (Macintosh; U; PPC Mac OS X 10_5_8; de-de) AppleWebKit/531.22.7 (KHTML, like Gecko) Version/4.0.5 Safari/531.22.7"
65.55.107.179 - - [13/Apr/2010:22:39:14 +0200] "GET /robots.txt HTTP/1.1" 404 322 "-" "msnbot/2.0b (+http://search.msn.com/msnbot.htm)"
66.249.65.230 - - [13/Apr/2010:22:39:21 +0200] "GET /content/kalender/jax_calendar.php?Y=-635&m=5&d=21&view=d1 HTTP/1.1" 404 345 "-" "Mozilla/5.0 (compatible; Googlebot/2.1; +http://www.google.com/bot.html)"
66.249.65.230 - - [13/Apr/2010:22:39:26 +0200] "GET /content/awo-treff-aktuelles/ HTTP/1.1" 404 340 "-" "Mozilla/5.0 (compatible; Googlebot/2.1; +http://www.google.com/bot.html)"
81.17.208.4 - - [13/Apr/2010:22:50:59 +0200] "HEAD /content/assets/Stellenanzeigen/stellenbeschreibungpflegefachkraft.pdf HTTP/1.1" 404 - "-" "Mozilla/5.0 (compatible; jobs.de-Robot +http://www.jobs.de)"
66.249.65.230 - - [13/Apr/2010:22:52:16 +0200] "GET /content/kalender/jax_calendar.php?Y=-1460&m=1&d=5&cal_id=0&language=german&gmt_ofs=-1&view=d1 HTTP/1.1" 404 345 "-" "Mozilla/5.0 (compatible; Googlebot/2.1; +http://www.google.com/bot.html)"
66.249.65.230 - - [13/Apr/2010:22:52:17 +0200] "GET /content/kalender/jax_calendar.php?Y=-1458&m=11&d=5&cal_id=0&language=german&gmt_ofs=-1&view=d1 HTTP/1.1" 404 345 "-" "Mozilla/5.0 (compatible; Googlebot/2.1; +http://www.google.com/bot.html)"
66.249.65.230 - - [13/Apr/2010:22:52:17 +0200] "GET /content/kalender/jax_calendar.php?Y=-633&m=6&d=39&view=d1 HTTP/1.1" 404 345 "-" "Mozilla/5.0 (compatible; Googlebot/2.1; +http://www.google.com/bot.html)"
66.249.65.230 - - [13/Apr/2010:22:52:19 +0200] "GET /content/kalender/jax_calendar.php?Y=-1463&m=1&d=20&view=d1 HTTP/1.1" 404 345 "-" "Mozilla/5.0 (compatible; Googlebot/2.1; +http://www.google.com/bot.html)"
66.249.65.230 - - [13/Apr/2010:22:52:19 +0200] "GET /content/kalender/jax_calendar.php?Y=-1464&m=5&d=3&view=d1 HTTP/1.1" 404 345 "-" "Mozilla/5.0 (compatible; Googlebot/2.1; +http://www.google.com/bot.html)"
66.249.65.230 - - [13/Apr/2010:22:52:20 +0200] "GET /content/kalender/jax_calendar.php?Y=-1464&m=8&d=6&view=d1 HTTP/1.1" 404 345 "-" "Mozilla/5.0 (compatible; Googlebot/2.1; +http://www.google.com/bot.html)"
66.249.65.230 - - [13/Apr/2010:22:54:25 +0200] "GET /content/kalender/jax_calendar.php?Y=-643&m=5&d=28&view=d1 HTTP/1.1" 404 345 "-" "Mozilla/5.0 (compatible; Googlebot/2.1; +http://www.google.com/bot.html)"
81.17.208.4 - - [13/Apr/2010:22:54:35 +0200] "HEAD /content/assets/Stellenanzeigen/stellenbeschreibungffhoeren012010.pdf HTTP/1.1" 404 - "-" "Mozilla/5.0 (compatible; jobs.de-Robot +http://www.jobs.de)"
84.189.238.205 - - [13/Apr/2010:22:56:40 +0200] "GET / HTTP/1.1" 200 1229 "-" "Mozilla/5.0 (Macintosh; U; PPC Mac OS X 10_5_8; de-de) AppleWebKit/531.22.7 (KHTML, like Gecko) Version/4.0.5 Safari/531.22.7"
84.189.238.205 - - [13/Apr/2010:22:56:40 +0200] "GET /favicon.ico HTTP/1.1" 404 323 "http://www.awo-kv-bernau.de/" "Mozilla/5.0 (Macintosh; U; PPC Mac OS X 10_5_8; de-de) AppleWebKit/531.22.7 (KHTML, like Gecko) Version/4.0.5 Safari/531.22.7"
81.17.208.4 - - [13/Apr/2010:22:58:49 +0200] "HEAD /content/assets/Stellenanzeigen/stellenbeschreibungerzieher012010.pdf HTTP/1.1" 404 - "-" "Mozilla/5.0 (compatible; jobs.de-Robot +http://www.jobs.de)"
65.55.207.94 - - [13/Apr/2010:23:04:06 +0200] "GET /robots.txt HTTP/1.1" 404 327 "-" "msnbot/2.0b (+http://search.msn.com/msnbot.htm)"
66.249.66.8 - - [13/Apr/2010:23:07:31 +0200] "GET /content/kalender/jax_calendar.php?Y=-1459&m=1&d=5&cal_id=0&language=german&gmt_ofs=-1&view=d1 HTTP/1.1" 404 345 "-" "Mozilla/5.0 (compatible; Googlebot/2.1; +http://www.google.com/bot.html)"
85.180.126.14 - - [13/Apr/2010:23:21:12 +0200] "GET / HTTP/1.1" 200 1229 "-" "Java/1.6.0_17"
66.249.65.230 - - [13/Apr/2010:23:21:51 +0200] "GET /content/kalender/jax_calendar.php?Y=-1579&m=1&d=34&view=d1 HTTP/1.1" 404 345 "-" "Mozilla/5.0 (compatible; Googlebot/2.1; +http://www.google.com/bot.html)"
66.249.65.230 - - [13/Apr/2010:23:24:19 +0200] "GET /content/kalender/jax_calendar.php?Y=-640&m=5&d=31&view=d1 HTTP/1.1" 404 345 "-" "Mozilla/5.0 (compatible; Googlebot/2.1; +http://www.google.com/bot.html)"
66.249.65.230 - - [13/Apr/2010:23:29:49 +0200] "GET /content/kalender/jax_calendar.php?Y=-1455&m=12&d=5&cal_id=0&language=german&gmt_ofs=-1&view=d1 HTTP/1.1" 404 345 "-" "Mozilla/5.0 (compatible; Googlebot/2.1; +http://www.google.com/bot.html)"
66.249.65.230 - - [13/Apr/2010:23:32:34 +0200] "GET /content/kalender/jax_calendar.php?Y=-634&m=8&d=35&view=d1 HTTP/1.1" 404 345 "-" "Mozilla/5.0 (compatible; Googlebot/2.1; +http://www.google.com/bot.html)"
66.249.65.230 - - [13/Apr/2010:23:38:02 +0200] "GET /content/kalender/jax_calendar.php?Y=-1456&m=3&d=3&view=d1 HTTP/1.1" 404 345 "-" "Mozilla/5.0 (compatible; Googlebot/2.1; +http://www.google.com/bot.html)"
207.46.13.48 - - [13/Apr/2010:23:40:14 +0200] "GET /content/kalender/jax_calendar.php?Y=2013&m=2&d=22&cal_id=0&language=german&gmt_ofs=-1&view=d30 HTTP/1.1" 404 345 "-" "msnbot/2.0b (+http://search.msn.com/msnbot.htm)"
66.249.65.230 - - [13/Apr/2010:23:40:47 +0200] "GET /content/kalender/jax_calendar.php?Y=-1585&m=5&d=17&view=d1 HTTP/1.1" 404 345 "-" "Mozilla/5.0 (compatible; Googlebot/2.1; +http://www.google.com/bot.html)"
66.249.65.230 - - [13/Apr/2010:23:43:33 +0200] "GET /content/kalender/jax_calendar.php?Y=-634&m=4&d=24&view=d1 HTTP/1.1" 404 345 "-" "Mozilla/5.0 (compatible; Googlebot/2.1; +http://www.google.com/bot.html)"
66.249.65.230 - - [13/Apr/2010:23:46:18 +0200] "GET /content/kalender/jax_calendar.php?Y=-1460&m=6&d=5&cal_id=0&language=german&gmt_ofs=-1&view=d1 HTTP/1.1" 404 345 "-" "Mozilla/5.0 (compatible; Googlebot/2.1; +http://www.google.com/bot.html)"
66.249.65.230 - - [13/Apr/2010:23:52:20 +0200] "GET /content/kalender/jax_calendar.php?Y=-1454&m=2&d=5&cal_id=0&language=german&gmt_ofs=-1&view=d1 HTTP/1.1" 404 345 "-" "Mozilla/5.0 (compatible; Googlebot/2.1; +http://www.google.com/bot.html)"
66.249.65.230 - - [13/Apr/2010:23:54:46 +0200] "GET /content/kalender/jax_calendar.php?Y=-633&m=2&d=26&view=d1 HTTP/1.1" 404 345 "-" "Mozilla/5.0 (compatible; Googlebot/2.1; +http://www.google.com/bot.html)"
174.129.237.157 - - [13/Apr/2010:23:57:11 +0200] "GET /robots.txt HTTP/1.0" 404 322 "-" "ia_archiver (+http://www.alexa.com/site/help/webmasters; crawler@alexa.com)"
174.129.237.157 - - [13/Apr/2010:23:57:11 +0200] "GET /content/jugendfeiern HTTP/1.0" 404 332 "-" "ia_archiver (+http://www.alexa.com/site/help/webmasters; crawler@alexa.com)"
66.249.65.230 - - [13/Apr/2010:23:57:31 +0200] "GET /content/kalender/jax_calendar.php?Y=-1464&m=11&d=10&view=d1 HTTP/1.1" 404 345 "-" "Mozilla/5.0 (compatible; Googlebot/2.1; +http://www.google.com/bot.html)"
66.249.65.230 - - [14/Apr/2010:00:00:17 +0200] "GET /content/kalender/jax_calendar.php?Y=-1455&m=11&d=5&cal_id=0&language=german&gmt_ofs=-1&view=d1 HTTP/1.1" 404 345 "-" "Mozilla/5.0 (compatible; Googlebot/2.1; +http://www.google.com/bot.html)"
207.46.13.101 - - [14/Apr/2010:00:08:15 +0200] "GET /content/kalender/jax_calendar.php?Y=2010&m=2&d=22&do=show_event&key=ff15902a6b6b034bd1879f2748c5d23f&cal_id=0&language=german&gmt_ofs=-1&view=d30&evt_date=%3Cb%3E02.03.2010%3C%2Fb%3E+15%3A30&evt_title=Kontakt-+und+Beratungsstelle%2C+Kerzen+selbermachen HTTP/1.1" 404 345 "-" "msnbot/2.0b (+http://search.msn.com/msnbot.htm)"
66.249.65.230 - - [14/Apr/2010:00:08:32 +0200] "GET /content/kalender/jax_calendar.php?Y=-1471&m=5&d=39&view=d1 HTTP/1.1" 404 345 "-" "Mozilla/5.0 (compatible; Googlebot/2.1; +http://www.google.com/bot.html)"
66.249.65.230 - - [14/Apr/2010:00:11:18 +0200] "GET /content/kalender/jax_calendar.php?Y=-1455&m=3&d=28&view=d1 HTTP/1.1" 404 345 "-" "Mozilla/5.0 (compatible; Googlebot/2.1; +http://www.google.com/bot.html)"
66.249.65.48 - - [14/Apr/2010:00:16:49 +0200] "GET /content/kalender/jax_calendar.php?Y=-1454&m=1&d=5&cal_id=0&language=german&gmt_ofs=-1&view=d1 HTTP/1.1" 404 345 "-" "Mozilla/5.0 (compatible; Googlebot/2.1; +http://www.google.com/bot.html)"
66.249.65.230 - - [14/Apr/2010:00:22:48 +0200] "GET /content/kalender/jax_calendar.php?Y=-1457&m=5&d=5&cal_id=0&language=german&gmt_ofs=-1&view=d1 HTTP/1.1" 404 345 "-" "Mozilla/5.0 (compatible; Googlebot/2.1; +http://www.google.com/bot.html)"
66.249.65.230 - - [14/Apr/2010:00:22:49 +0200] "GET /content/kalender/jax_calendar.php?Y=-1461&m=6&d=5&cal_id=0&language=german&gmt_ofs=-1&view=d1 HTTP/1.1" 404 345 "-" "Mozilla/5.0 (compatible; Googlebot/2.1; +http://www.google.com/bot.html)"
66.249.65.230 - - [14/Apr/2010:00:22:50 +0200] "GET /content/kalender/jax_calendar.php?Y=-1455&m=1&d=5&cal_id=0&language=german&gmt_ofs=-1&view=d1 HTTP/1.1" 404 345 "-" "Mozilla/5.0 (compatible; Googlebot/2.1; +http://www.google.com/bot.html)"
66.249.65.230 - - [14/Apr/2010:00:22:51 +0200] "GET /content/kalender/jax_calendar.php?Y=-1457&m=11&d=5&cal_id=0&language=german&gmt_ofs=-1&view=d1 HTTP/1.1" 404 345 "-" "Mozilla/5.0 (compatible; Googlebot/2.1; +http://www.google.com/bot.html)"
66.249.65.230 - - [14/Apr/2010:00:22:52 +0200] "GET /content/kalender/jax_calendar.php?Y=-1464&m=2&d=16&view=d1 HTTP/1.1" 404 345 "-" "Mozilla/5.0 (compatible; Googlebot/2.1; +http://www.google.com/bot.html)"
66.249.65.230 - - [14/Apr/2010:00:24:17 +0200] "GET /content/kalender/jax_calendar.php?Y=-1458&m=9&d=5&cal_id=0&language=german&gmt_ofs=-1&view=d1 HTTP/1.1" 404 345 "-" "Mozilla/5.0 (compatible; Googlebot/2.1; +http://www.google.com/bot.html)"
87.250.255.242 - - [14/Apr/2010:00:39:07 +0200] "GET /content/jugendfeiern/ HTTP/1.1" 404 333 "-" "Yandex/1.01.001 (compatible; Win16; I)"
66.249.65.230 - - [14/Apr/2010:00:39:30 +0200] "GET /content/kalender/jax_calendar.php?Y=-1461&m=11&d=5&cal_id=0&language=german&gmt_ofs=-1&view=d1 HTTP/1.1" 404 345 "-" "Mozilla/5.0 (compatible; Googlebot/2.1; +http://www.google.com/bot.html)"
81.17.208.4 - - [14/Apr/2010:00:42:15 +0200] "HEAD /content/assets/Stellenanzeigen/stellenausschreibungtraumland032010.pdf HTTP/1.1" 404 - "-" "Mozilla/5.0 (compatible; jobs.de-Robot +http://www.jobs.de)"
207.46.13.132 - - [14/Apr/2010:00:48:47 +0200] "GET /content/kalender/jax_calendar.php?Y=2011&m=1&d=4&cal_id=0&language=german&gmt_ofs=-1&view=d30&view=d30 HTTP/1.1" 404 345 "-" "msnbot/2.0b (+http://search.msn.com/msnbot.htm)"
66.249.65.230 - - [14/Apr/2010:00:53:13 +0200] "GET /content/kalender/jax_calendar.php?Y=-1464&m=1&d=20&view=d1 HTTP/1.1" 404 345 "-" "Mozilla/5.0 (compatible; Googlebot/2.1; +http://www.google.com/bot.html)"
66.249.65.230 - - [14/Apr/2010:00:53:13 +0200] "GET /content/kalender/jax_calendar.php?Y=-1455&m=8&d=5&cal_id=0&language=german&gmt_ofs=-1&view=d1 HTTP/1.1" 404 345 "-" "Mozilla/5.0 (compatible; Googlebot/2.1; +http://www.google.com/bot.html)"
66.249.65.230 - - [14/Apr/2010:00:53:16 +0200] "GET /content/kalender/jax_calendar.php?Y=-1456&m=1&d=5&cal_id=0&language=german&gmt_ofs=-1&view=d1 HTTP/1.1" 404 345 "-" "Mozilla/5.0 (compatible; Googlebot/2.1; +http://www.google.com/bot.html)"
207.46.199.188 - - [14/Apr/2010:00:57:46 +0200] "GET /robots.txt HTTP/1.1" 404 327 "-" "msnbot/2.0b (+http://search.msn.com/msnbot.htm)"
66.249.65.230 - - [14/Apr/2010:00:59:14 +0200] "GET /content/kalender/jax_calendar.php?Y=-1459&m=2&d=5&cal_id=0&language=german&gmt_ofs=-1&view=d1 HTTP/1.1" 404 345 "-" "Mozilla/5.0 (compatible; Googlebot/2.1; +http://www.google.com/bot.html)"
66.249.65.230 - - [14/Apr/2010:01:02:39 +0200] "GET /content/kalender/jax_calendar.php?Y=-1463&m=11&d=17&view=d1 HTTP/1.1" 404 345 "-" "Mozilla/5.0 (compatible; Googlebot/2.1; +http://www.google.com/bot.html)"
66.249.65.230 - - [14/Apr/2010:01:06:04 +0200] "GET /content/kalender/jax_calendar.php?Y=-1460&m=8&d=5&cal_id=0&language=german&gmt_ofs=-1&view=d1 HTTP/1.1" 404 345 "-" "Mozilla/5.0 (compatible; Googlebot/2.1; +http://www.google.com/bot.html)"
66.249.65.230 - - [14/Apr/2010:01:09:29 +0200] "GET /content/kalender/jax_calendar.php?Y=-1454&m=12&d=5&cal_id=0&language=german&gmt_ofs=-1&view=d1 HTTP/1.1" 404 345 "-" "Mozilla/5.0 (compatible; Googlebot/2.1; +http://www.google.com/bot.html)"
66.249.65.230 - - [14/Apr/2010:01:12:53 +0200] "GET /content/kalender/jax_calendar.php?Y=-634&m=9&d=21&view=d1 HTTP/1.1" 404 345 "-" "Mozilla/5.0 (compatible; Googlebot/2.1; +http://www.google.com/bot.html)"
66.249.65.230 - - [14/Apr/2010:01:16:18 +0200] "GET /content/kalender/jax_calendar.php?Y=-1457&m=3&d=27&view=d1 HTTP/1.1" 404 345 "-" "Mozilla/5.0 (compatible; Googlebot/2.1; +http://www.google.com/bot.html)"
207.46.13.133 - - [14/Apr/2010:01:18:31 +0200] "GET /content/kalender/jax_calendar.php?Y=2013&m=12&d=4&cal_id=0&language=german&gmt_ofs=-1&view=d30 HTTP/1.1" 404 345 "-" "msnbot/2.0b (+http://search.msn.com/msnbot.htm)"
66.249.65.230 - - [14/Apr/2010:01:21:59 +0200] "GET /content/kalender/jax_calendar.php?Y=-1461&m=8&d=5&cal_id=0&language=german&gmt_ofs=-1&view=d1 HTTP/1.1" 404 345 "-" "Mozilla/5.0 (compatible; Googlebot/2.1; +http://www.google.com/bot.html)"
66.249.65.230 - - [14/Apr/2010:01:21:59 +0200] "GET /content/kalender/jax_calendar.php?Y=-1472&m=5&d=12&view=d1 HTTP/1.1" 404 345 "-" "Mozilla/5.0 (compatible; Googlebot/2.1; +http://www.google.com/bot.html)"
66.249.65.230 - - [14/Apr/2010:01:22:00 +0200] "GET /content/kalender/jax_calendar.php?Y=-1457&m=8&d=5&cal_id=0&language=german&gmt_ofs=-1&view=d1 HTTP/1.1" 404 345 "-" "Mozilla/5.0 (compatible; Googlebot/2.1; +http://www.google.com/bot.html)"
66.249.65.230 - - [14/Apr/2010:01:22:00 +0200] "GET /content/kalender/jax_calendar.php?Y=-1455&m=6&d=5&cal_id=0&language=german&gmt_ofs=-1&view=d1 HTTP/1.1" 404 345 "-" "Mozilla/5.0 (compatible; Googlebot/2.1; +http://www.google.com/bot.html)"
66.249.65.230 - - [14/Apr/2010:01:22:01 +0200] "GET /content/kalender/jax_calendar.php?Y=-1457&m=1&d=5&cal_id=0&language=german&gmt_ofs=-1&view=d1 HTTP/1.1" 404 345 "-" "Mozilla/5.0 (compatible; Googlebot/2.1; +http://www.google.com/bot.html)"
66.249.65.230 - - [14/Apr/2010:01:22:02 +0200] "GET /content/kalender/jax_calendar.php?Y=-1456&m=7&d=5&cal_id=0&language=german&gmt_ofs=-1&view=d1 HTTP/1.1" 404 345 "-" "Mozilla/5.0 (compatible; Googlebot/2.1; +http://www.google.com/bot.html)"
66.249.65.230 - - [14/Apr/2010:01:23:36 +0200] "GET /content/kalender/jax_calendar.php?Y=-1459&m=11&d=5&cal_id=0&language=german&gmt_ofs=-1&view=d1 HTTP/1.1" 404 345 "-" "Mozilla/5.0 (compatible; Googlebot/2.1; +http://www.google.com/bot.html)"
207.46.195.229 - - [14/Apr/2010:01:34:32 +0200] "GET /content/kalender/jax_calendar.php?Y=2010&m=3&d=13&do=show_event&key=7e86f209e8f8d9baa21d02cf921cf360&cal_id=0&language=german&gmt_ofs=-1&view=d30&evt_date=%3Cb%3E25.03.2010%3C%2Fb%3E+14%3A30&evt_title=Kuchenbacken+in+der+Kontakt-und+Beratungsstelle HTTP/1.1" 404 345 "-" "msnbot/2.0b (+http://search.msn.com/msnbot.htm)"
66.249.65.230 - - [14/Apr/2010:01:42:11 +0200] "GET /content/kalender/jax_calendar.php?Y=-1460&m=3&d=23&view=d1 HTTP/1.1" 404 345 "-" "Mozilla/5.0 (compatible; Googlebot/2.1; +http://www.google.com/bot.html)"
65.55.207.50 - - [14/Apr/2010:01:51:09 +0200] "GET /robots.txt HTTP/1.1" 404 322 "-" "msnbot/2.0b (+http://search.msn.com/msnbot.htm)"
207.46.13.85 - - [14/Apr/2010:01:51:32 +0200] "GET /content/kalender/jax_calendar.php?Y=2014&m=1&d=4&cal_id=0&language=german&gmt_ofs=-1&view=d30 HTTP/1.1" 404 345 "-" "msnbot/2.0b (+http://search.msn.com/msnbot.htm)"
66.249.65.230 - - [14/Apr/2010:01:53:11 +0200] "GET /content/kalender/jax_calendar.php?Y=-1458&m=7&d=5&cal_id=0&language=german&gmt_ofs=-1&view=d1 HTTP/1.1" 404 345 "-" "Mozilla/5.0 (compatible; Googlebot/2.1; +http://www.google.com/bot.html)"
66.249.65.230 - - [14/Apr/2010:01:53:12 +0200] "GET /content/kalender/jax_calendar.php?Y=-1463&m=8&d=36&view=d1 HTTP/1.1" 404 345 "-" "Mozilla/5.0 (compatible; Googlebot/2.1; +http://www.google.com/bot.html)"
66.249.65.230 - - [14/Apr/2010:01:53:13 +0200] "GET /content/kalender/jax_calendar.php?Y=-1456&m=12&d=5&cal_id=0&language=german&gmt_ofs=-1&view=d1 HTTP/1.1" 404 345 "-" "Mozilla/5.0 (compatible; Googlebot/2.1; +http://www.google.com/bot.html)"
66.249.65.230 - - [14/Apr/2010:01:53:15 +0200] "GET /content/kalender/jax_calendar.php?Y=-632&m=2&d=31&view=d1 HTTP/1.1" 404 345 "-" "Mozilla/5.0 (compatible; Googlebot/2.1; +http://www.google.com/bot.html)"
66.249.65.230 - - [14/Apr/2010:01:53:15 +0200] "GET /content/kalender/jax_calendar.php?Y=-1460&m=11&d=5&cal_id=0&language=german&gmt_ofs=-1&view=d1 HTTP/1.1" 404 345 "-" "Mozilla/5.0 (compatible; Googlebot/2.1; +http://www.google.com/bot.html)"
66.249.65.230 - - [14/Apr/2010:01:55:17 +0200] "GET /content/kalender/jax_calendar.php?Y=-633&m=7&d=12&view=d1 HTTP/1.1" 404 345 "-" "Mozilla/5.0 (compatible; Googlebot/2.1; +http://www.google.com/bot.html)"
207.46.199.199 - - [14/Apr/2010:02:20:38 +0200] "GET /robots.txt HTTP/1.1" 404 322 "-" "msnbot/2.0b (+http://search.msn.com/msnbot.htm)"
122.183.209.50 - - [14/Apr/2010:02:22:30 +0200] "GET //phpMyAdmin//scripts/setup.php HTTP/1.1" 404 334 "-" "Mozilla/4.0 (compatible; MSIE 6.0; MSIE 5.5; Windows NT 5.1) Opera 7.01 [en]"
122.183.209.50 - - [14/Apr/2010:02:22:31 +0200] "GET //phpMyAdmin//scripts/setup.php HTTP/1.1" 404 334 "-" "Mozilla/4.0 (compatible; MSIE 6.0; MSIE 5.5; Windows NT 5.1) Opera 7.01 [en]"
122.183.209.50 - - [14/Apr/2010:02:22:31 +0200] "GET //phpMyAdmin//scripts/setup.php HTTP/1.1" 404 334 "-" "Mozilla/4.0 (compatible; MSIE 6.0; MSIE 5.5; Windows NT 5.1) Opera 7.01 [en]"
122.183.209.50 - - [14/Apr/2010:02:22:31 +0200] "GET //phpMyAdmin//scripts/setup.php HTTP/1.1" 404 334 "-" "Mozilla/4.0 (compatible; MSIE 6.0; MSIE 5.5; Windows NT 5.1) Opera 7.01 [en]"
122.183.209.50 - - [14/Apr/2010:02:22:32 +0200] "GET //phpMyAdmin//scripts/setup.php HTTP/1.1" 404 334 "-" "Mozilla/4.0 (compatible; MSIE 6.0; MSIE 5.5; Windows NT 5.1) Opera 7.01 [en]"
122.183.209.50 - - [14/Apr/2010:02:22:32 +0200] "GET //phpMyAdmin//scripts/setup.php HTTP/1.1" 404 334 "-" "Mozilla/4.0 (compatible; MSIE 6.0; MSIE 5.5; Windows NT 5.1) Opera 7.01 [en]"
