217.6.222.90 - - [13/Apr/2010:15:52:05 +0200] "GET / HTTP/1.1" 200 1229 "http://www.google.de/url?sa=t&source=web&ct=res&cd=3&ved=0CA8QFjAC&url=http%3A%2F%2Fwww.sozialedienste-awo.de%2F&rct=j&q=awo+bernau&ei=0HbES4f6Bo-SOLSH3aUP&mk=0&mb=1&usg=AFQjCNH2Qfmo8nkh5zcrNwd_uJtSWjaknA" "Mozilla/4.0 (compatible; MSIE 8.0; Windows NT 5.1; Trident/4.0; .NET CLR 1.1.4322; .NET CLR 2.0.50727)"
217.6.222.90 - - [13/Apr/2010:15:52:05 +0200] "GET /favicon.ico HTTP/1.1" 404 328 "-" "Mozilla/4.0 (compatible; MSIE 8.0; Windows NT 5.1; Trident/4.0; .NET CLR 1.1.4322; .NET CLR 2.0.50727)"
66.249.65.230 - - [13/Apr/2010:15:53:06 +0200] "GET /content/kalender/jax_calendar.php?Y=-1468&m=1&d=26&view=d1 HTTP/1.1" 404 345 "-" "Mozilla/5.0 (compatible; Googlebot/2.1; +http://www.google.com/bot.html)"
66.249.71.238 - - [13/Apr/2010:15:53:07 +0200] "GET /content/kalender/jax_calendar.php?Y=-1585&m=2&d=14&view=d1 HTTP/1.1" 404 345 "-" "Mozilla/5.0 (compatible; Googlebot/2.1; +http://www.google.com/bot.html)"
66.249.65.230 - - [13/Apr/2010:15:53:07 +0200] "GET /content/kalender/jax_calendar.php?Y=-1579&m=7&d=12&view=d1 HTTP/1.1" 404 345 "-" "Mozilla/5.0 (compatible; Googlebot/2.1; +http://www.google.com/bot.html)"
66.249.65.230 - - [13/Apr/2010:15:53:09 +0200] "GET /content/kalender/jax_calendar.php?Y=-1466&m=4&d=4&view=d1 HTTP/1.1" 404 345 "-" "Mozilla/5.0 (compatible; Googlebot/2.1; +http://www.google.com/bot.html)"
66.249.65.230 - - [13/Apr/2010:15:53:09 +0200] "GET /content/kalender/jax_calendar.php?Y=-1470&m=6&d=8&view=d1 HTTP/1.1" 404 345 "-" "Mozilla/5.0 (compatible; Googlebot/2.1; +http://www.google.com/bot.html)"
79.194.58.32 - - [13/Apr/2010:15:53:22 +0200] "GET / HTTP/1.1" 200 1229 "http://www.google.de/search?q=awo-kv-bernau.de" "Mozilla/4.0 (compatible; MSIE 8.0; Windows NT 6.0; WOW64; Trident/4.0; SLCC1; .NET CLR 2.0.50727; Media Center PC 5.0; InfoPath.2; OfficeLiveConnector.1.3; OfficeLivePatch.0.0; MS-RTC LM 8; .NET CLR 3.5.30729; .NET CLR 3.0.30729)"
79.194.58.32 - - [13/Apr/2010:15:53:22 +0200] "GET /favicon.ico HTTP/1.1" 404 323 "-" "Mozilla/4.0 (compatible; MSIE 8.0; Windows NT 6.0; WOW64; Trident/4.0; SLCC1; .NET CLR 2.0.50727; Media Center PC 5.0; InfoPath.2; OfficeLiveConnector.1.3; OfficeLivePatch.0.0; MS-RTC LM 8; .NET CLR 3.5.30729; .NET CLR 3.0.30729)"
79.194.58.32 - - [13/Apr/2010:15:53:48 +0200] "GET /favicon.ico HTTP/1.1" 404 323 "-" "Mozilla/4.0 (compatible; MSIE 8.0; Windows NT 6.0; WOW64; Trident/4.0; SLCC1; .NET CLR 2.0.50727; Media Center PC 5.0; InfoPath.2; OfficeLiveConnector.1.3; OfficeLivePatch.0.0; MS-RTC LM 8; .NET CLR 3.5.30729; .NET CLR 3.0.30729)"
66.249.65.230 - - [13/Apr/2010:15:54:31 +0200] "GET /content/kalender/jax_calendar.php?Y=-1466&m=9&d=6&view=d1 HTTP/1.1" 404 345 "-" "Mozilla/5.0 (compatible; Googlebot/2.1; +http://www.google.com/bot.html)"
87.187.153.9 - - [13/Apr/2010:15:55:55 +0200] "GET /content/aktuelles/ HTTP/1.1" 404 330 "-" "Mozilla/4.0 (compatible; MSIE 8.0; Windows NT 5.1; Trident/4.0; .NET CLR 2.0.50727; .NET CLR 3.0.4506.2152; .NET CLR 3.5.30729; InfoPath.2)"
88.80.10.1 - - [13/Apr/2010:15:56:17 +0200] "GET http://88.80.10.1/pp/anp.php?a=VUVH_W_EFB%5C%5CN&b=1155&c=658e HTTP/1.1" 404 312 "-" "Mozilla/4.0 (compatible; MSIE 6.0; Windows NT 5.1)"
91.63.172.19 - - [13/Apr/2010:15:56:32 +0200] "GET /content/pusteblume/ HTTP/1.1" 404 331 "http://www.google.de/url?sa=t&source=web&ct=res&cd=1&ved=0CAkQFjAA&url=http%3A%2F%2Fwww.awo-kv-bernau.de%2Fcontent%2Fpusteblume%2F&rct=j&q=kita+wandlitz+pusteblume&ei=CHjES-KNN5GNOLaJ5d8P&mk=0&mb=1&usg=AFQjCNHjuVoyywMUNUaz0FeLzvveBmj9JQ" "Mozilla/4.0 (compatible; MSIE 8.0; Windows NT 6.1; WOW64; Trident/4.0; SLCC2; .NET CLR 2.0.50727; .NET CLR 3.5.30729; .NET CLR 3.0.30729; Media Center PC 6.0; InfoPath.2)"
91.63.172.19 - - [13/Apr/2010:15:56:36 +0200] "GET /content/assets/Stellenanzeigen/stellenbeschreibungpusteblume012010.pdf HTTP/1.1" 404 382 "http://www.google.de/url?sa=t&source=web&ct=res&cd=2&ved=0CAwQFjAB&url=http%3A%2F%2Fwww.awo-kv-bernau.de%2Fcontent%2Fassets%2FStellenanzeigen%2Fstellenbeschreibungpusteblume012010.pdf&rct=j&q=kita+wandlitz+pusteblume&ei=CHjES-KNN5GNOLaJ5d8P&mk=0&mb=1&usg=AFQjCNFr8wTY8h6cQJoJJezWwzPAAozuEw" "Mozilla/4.0 (compatible; MSIE 8.0; Windows NT 6.1; WOW64; Trident/4.0; SLCC2; .NET CLR 2.0.50727; .NET CLR 3.5.30729; .NET CLR 3.0.30729; Media Center PC 6.0; InfoPath.2)"
87.187.153.9 - - [13/Apr/2010:15:58:24 +0200] "GET / HTTP/1.1" 200 1229 "-" "Mozilla/4.0 (compatible; MSIE 8.0; Windows NT 5.1; Trident/4.0; .NET CLR 2.0.50727; .NET CLR 3.0.4506.2152; .NET CLR 3.5.30729; InfoPath.2)"
87.187.153.9 - - [13/Apr/2010:15:58:24 +0200] "GET /favicon.ico HTTP/1.1" 404 323 "-" "Mozilla/4.0 (compatible; MSIE 8.0; Windows NT 5.1; Trident/4.0; .NET CLR 2.0.50727; .NET CLR 3.0.4506.2152; .NET CLR 3.5.30729; InfoPath.2)"
207.46.204.180 - - [13/Apr/2010:15:59:02 +0200] "GET /robots.txt HTTP/1.1" 404 327 "-" "msnbot/2.0b (+http://search.msn.com/msnbot.htm)"
207.46.204.180 - - [13/Apr/2010:15:59:44 +0200] "GET /content/ueber-uns/ HTTP/1.1" 404 335 "-" "msnbot/2.0b (+http://search.msn.com/msnbot.htm)"
207.46.199.40 - - [13/Apr/2010:15:59:45 +0200] "GET /content/kalender/jax_calendar.php?Y=2010&m=12&d=25&view=d1 HTTP/1.1" 404 345 "-" "msnbot/2.0b (+http://search.msn.com/msnbot.htm)"
87.187.153.9 - - [13/Apr/2010:16:02:32 +0200] "GET / HTTP/1.1" 304 - "-" "Mozilla/4.0 (compatible; MSIE 7.0; Windows NT 5.2; .NET CLR 1.1.4322)"
207.46.13.138 - - [13/Apr/2010:16:03:49 +0200] "GET /content/kalender/jax_calendar.php?language=German HTTP/1.1" 404 345 "-" "msnbot/2.0b (+http://search.msn.com/msnbot.htm)"
67.218.116.134 - - [13/Apr/2010:16:04:08 +0200] "GET /robots.txt HTTP/1.1" 404 327 "-" "Mozilla/5.0 (Twiceler-0.9 http://www.cuil.com/twiceler/robot.html)"
66.249.65.230 - - [13/Apr/2010:16:09:31 +0200] "GET /content/kalender/jax_calendar.php?Y=-1472&m=4&d=31&view=d1 HTTP/1.1" 404 345 "-" "Mozilla/5.0 (compatible; Googlebot/2.1; +http://www.google.com/bot.html)"
194.127.8.26 - - [13/Apr/2010:16:11:45 +0200] "GET /content/rappelkiste/ HTTP/1.1" 404 332 "http://www.google.de/search?hl=de&source=hp&q=AWO+Kita+Bernau&btnG=Google-Suche&meta=&aq=f&aqi=&aql=&oq=&gs_rfai=" "Mozilla/4.0 (compatible; MSIE 7.0; Windows NT 5.1; Tablet PC 1.7; .NET CLR 1.0.3705; .NET CLR 1.1.4322; .NET CLR 2.0.50727; .NET CLR 3.0.4506.2152; .NET CLR 3.5.30729)"
216.129.119.44 - - [13/Apr/2010:16:11:46 +0200] "GET /robots.txt HTTP/1.1" 404 327 "-" "Mozilla/5.0 (Twiceler-0.9 http://www.cuil.com/twiceler/robot.html)"
87.187.153.9 - - [13/Apr/2010:16:11:49 +0200] "GET /content/aktuelles/ HTTP/1.1" 404 330 "-" "Mozilla/4.0 (compatible; MSIE 8.0; Windows NT 5.1; Trident/4.0; .NET CLR 2.0.50727; .NET CLR 3.0.4506.2152; .NET CLR 3.5.30729; InfoPath.2)"
194.127.8.26 - - [13/Apr/2010:16:11:53 +0200] "GET /content/rappelkiste/ HTTP/1.1" 404 332 "http://www.google.de/search?hl=de&source=hp&q=AWO+Kita+Bernau&btnG=Google-Suche&meta=&aq=f&aqi=&aql=&oq=&gs_rfai=" "Mozilla/4.0 (compatible; MSIE 7.0; Windows NT 5.1; Tablet PC 1.7; .NET CLR 1.0.3705; .NET CLR 1.1.4322; .NET CLR 2.0.50727; .NET CLR 3.0.4506.2152; .NET CLR 3.5.30729)"
89.246.181.119 - - [13/Apr/2010:16:13:16 +0200] "GET /content/ambulanter-pflegedienst/ HTTP/1.1" 404 349 "http://www.google.de/search?q=Rollstuhl+Herrmann+Bernau&ie=utf-8&oe=utf-8&aq=t&rls=org.mozilla:de:official&client=firefox-a" "Mozilla/5.0 (Windows; U; Windows NT 6.0; de; rv:1.9.2.3) Gecko/20100401 (gmx/1.7.2) Firefox/3.6.3 (.NET CLR 3.5.30729)"
89.246.181.119 - - [13/Apr/2010:16:13:18 +0200] "GET /favicon.ico HTTP/1.1" 404 328 "-" "Mozilla/5.0 (Windows; U; Windows NT 6.0; de; rv:1.9.2.3) Gecko/20100401 (gmx/1.7.2) Firefox/3.6.3 (.NET CLR 3.5.30729)"
89.246.181.119 - - [13/Apr/2010:16:13:21 +0200] "GET /favicon.ico HTTP/1.1" 404 328 "-" "Mozilla/5.0 (Windows; U; Windows NT 6.0; de; rv:1.9.2.3) Gecko/20100401 (gmx/1.7.2) Firefox/3.6.3 (.NET CLR 3.5.30729)"
207.46.13.94 - - [13/Apr/2010:16:13:47 +0200] "GET /content/kalender/jax_calendar.php?Y=2019&m=3&d=22&cal_id=0&language=german&gmt_ofs=-1&view=d30 HTTP/1.1" 404 345 "-" "msnbot/2.0b (+http://search.msn.com/msnbot.htm)"
65.55.106.107 - - [13/Apr/2010:16:14:24 +0200] "GET /robots.txt HTTP/1.1" 404 322 "-" "msnbot/2.0b (+http://search.msn.com/msnbot.htm)"
65.55.106.179 - - [13/Apr/2010:16:21:12 +0200] "GET /robots.txt HTTP/1.1" 404 327 "-" "msnbot/2.0b (+http://search.msn.com/msnbot.htm)"
207.46.199.40 - - [13/Apr/2010:16:24:18 +0200] "GET /content/awotreff-kontakt/ HTTP/1.1" 404 337 "-" "msnbot/2.0b (+http://search.msn.com/msnbot.htm)"
207.46.13.49 - - [13/Apr/2010:16:24:44 +0200] "GET /content/ HTTP/1.1" 404 325 "-" "msnbot/2.0b (+http://search.msn.com/msnbot.htm)"
66.249.65.230 - - [13/Apr/2010:16:25:37 +0200] "GET /content/kalender/jax_calendar.php?Y=232&m=2&d=3&view=d1 HTTP/1.1" 404 345 "-" "Mozilla/5.0 (compatible; Googlebot/2.1; +http://www.google.com/bot.html)"
66.249.65.230 - - [13/Apr/2010:16:25:38 +0200] "GET /content/kalender/jax_calendar.php?Y=-1587&m=10&d=18&view=d1 HTTP/1.1" 404 345 "-" "Mozilla/5.0 (compatible; Googlebot/2.1; +http://www.google.com/bot.html)"
66.249.65.230 - - [13/Apr/2010:16:25:38 +0200] "GET /content/kalender/jax_calendar.php?Y=-1471&m=7&d=12&view=d1 HTTP/1.1" 404 345 "-" "Mozilla/5.0 (compatible; Googlebot/2.1; +http://www.google.com/bot.html)"
66.249.65.230 - - [13/Apr/2010:16:25:39 +0200] "GET /content/kalender/jax_calendar.php?Y=-1470&m=8&d=6&view=d1 HTTP/1.1" 404 345 "-" "Mozilla/5.0 (compatible; Googlebot/2.1; +http://www.google.com/bot.html)"
66.249.65.230 - - [13/Apr/2010:16:25:39 +0200] "GET /content/kalender/jax_calendar.php?Y=-1466&m=1&d=31&view=d1 HTTP/1.1" 404 345 "-" "Mozilla/5.0 (compatible; Googlebot/2.1; +http://www.google.com/bot.html)"
66.249.65.230 - - [13/Apr/2010:16:25:40 +0200] "GET /content/kalender/jax_calendar.php?Y=-1472&m=1&d=2&view=d1 HTTP/1.1" 404 345 "-" "Mozilla/5.0 (compatible; Googlebot/2.1; +http://www.google.com/bot.html)"
66.249.65.230 - - [13/Apr/2010:16:25:41 +0200] "GET /content/kalender/jax_calendar.php?Y=229&m=4&d=29&view=d1 HTTP/1.1" 404 345 "-" "Mozilla/5.0 (compatible; Googlebot/2.1; +http://www.google.com/bot.html)"
66.249.65.230 - - [13/Apr/2010:16:26:46 +0200] "GET /content/kalender/jax_calendar.php?Y=-1580&m=4&d=39&view=d1 HTTP/1.1" 404 345 "-" "Mozilla/5.0 (compatible; Googlebot/2.1; +http://www.google.com/bot.html)"
87.187.153.9 - - [13/Apr/2010:16:31:13 +0200] "GET /content/aktuelles/ HTTP/1.1" 404 330 "-" "Mozilla/4.0 (compatible; MSIE 8.0; Windows NT 5.1; Trident/4.0; .NET CLR 2.0.50727; .NET CLR 3.0.4506.2152; .NET CLR 3.5.30729; InfoPath.2)"
207.46.13.41 - - [13/Apr/2010:16:35:19 +0200] "GET /content/kalender/jax_calendar.php?Y=2010&m=2&d=15&view=d1 HTTP/1.1" 404 345 "-" "msnbot/2.0b (+http://search.msn.com/msnbot.htm)"
67.195.112.177 - - [13/Apr/2010:16:38:18 +0200] "GET /content/ueber-uns/ HTTP/1.0" 404 335 "-" "Mozilla/5.0 (compatible; Yahoo! Slurp/3.0; http://help.yahoo.com/help/us/ysearch/slurp)"
87.187.153.9 - - [13/Apr/2010:16:38:54 +0200] "GET /content/aktuelles/ HTTP/1.1" 404 330 "-" "Mozilla/4.0 (compatible; MSIE 8.0; Windows NT 5.1; Trident/4.0; .NET CLR 2.0.50727; .NET CLR 3.0.4506.2152; .NET CLR 3.5.30729; InfoPath.2)"
87.187.153.9 - - [13/Apr/2010:16:39:59 +0200] "GET / HTTP/1.1" 304 - "-" "Mozilla/4.0 (compatible; MSIE 7.0; Windows NT 5.2; .NET CLR 1.1.4322)"
87.187.153.9 - - [13/Apr/2010:16:40:06 +0200] "GET / HTTP/1.1" 304 - "-" "Mozilla/4.0 (compatible; MSIE 7.0; Windows NT 5.2; .NET CLR 1.1.4322)"
87.187.153.9 - - [13/Apr/2010:16:42:00 +0200] "GET /content/aktuelles/ HTTP/1.1" 404 330 "-" "Mozilla/4.0 (compatible; MSIE 8.0; Windows NT 5.1; Trident/4.0; .NET CLR 2.0.50727; .NET CLR 3.0.4506.2152; .NET CLR 3.5.30729; InfoPath.2)"
174.129.180.23 - - [13/Apr/2010:16:43:51 +0200] "GET /robots.txt HTTP/1.1" 404 322 "-" "Mozilla/5.0 (compatible; spbot/2.0.2; +http://www.seoprofiler.com/bot/ )"
174.129.180.23 - - [13/Apr/2010:16:43:51 +0200] "GET / HTTP/1.1" 200 1229 "-" "Mozilla/5.0 (compatible; spbot/2.0.2; +http://www.seoprofiler.com/bot/ )"
84.56.16.155 - - [13/Apr/2010:16:44:05 +0200] "GET /content/rappelkiste/ HTTP/1.1" 404 332 "http://images.google.de/imgres?imgurl=http://www.awo-kv-bernau.de/content/assets/Kitas/Rappelkiste/logo.jpg&imgrefurl=http://www.awo-kv-bernau.de/content/rappelkiste/&usg=__diVO6EhfqQ-aQopxE0h0y_t8AvI=&h=354&w=538&sz=63&hl=de&start=4&itbs=1&tbnid=9aFosXoBIEXGVM:&tbnh=87&tbnw=132&prev=/images%3Fq%3Dkindergarten%2Brappelkiste%26hl%3Dde%26gbv%3D2%26tbs%3Disch:1" "Mozilla/5.0 (Windows; U; Windows NT 6.0; de; rv:1.9.0.15) Gecko/2009101601 Firefox/3.0.15 (.NET CLR 3.5.30729)"
84.56.16.155 - - [13/Apr/2010:16:44:07 +0200] "GET /content/assets/Kitas/Rappelkiste/logo.jpg HTTP/1.1" 404 353 "http://images.google.de/imgres?imgurl=http://www.awo-kv-bernau.de/content/assets/Kitas/Rappelkiste/logo.jpg&imgrefurl=http://www.awo-kv-bernau.de/content/rappelkiste/&usg=__diVO6EhfqQ-aQopxE0h0y_t8AvI=&h=354&w=538&sz=63&hl=de&start=4&itbs=1&tbnid=9aFosXoBIEXGVM:&tbnh=87&tbnw=132&prev=/images%3Fq%3Dkindergarten%2Brappelkiste%26hl%3Dde%26gbv%3D2%26tbs%3Disch:1" "Mozilla/5.0 (Windows; U; Windows NT 6.0; de; rv:1.9.0.15) Gecko/2009101601 Firefox/3.0.15 (.NET CLR 3.5.30729)"
84.56.16.155 - - [13/Apr/2010:16:44:07 +0200] "GET /favicon.ico HTTP/1.1" 404 323 "-" "Mozilla/5.0 (Windows; U; Windows NT 6.0; de; rv:1.9.0.15) Gecko/2009101601 Firefox/3.0.15 (.NET CLR 3.5.30729)"
84.56.16.155 - - [13/Apr/2010:16:44:08 +0200] "GET /favicon.ico HTTP/1.1" 404 323 "-" "Mozilla/5.0 (Windows; U; Windows NT 6.0; de; rv:1.9.0.15) Gecko/2009101601 Firefox/3.0.15 (.NET CLR 3.5.30729)"
87.187.153.9 - - [13/Apr/2010:16:52:01 +0200] "GET /content/aktuelles/ HTTP/1.1" 404 330 "-" "Mozilla/4.0 (compatible; MSIE 8.0; Windows NT 5.1; Trident/4.0; .NET CLR 2.0.50727; .NET CLR 3.0.4506.2152; .NET CLR 3.5.30729; InfoPath.2)"
66.249.65.230 - - [13/Apr/2010:16:52:42 +0200] "GET /content/kalender/jax_calendar.php?Y=-1&m=11&d=19&view=d1 HTTP/1.1" 404 345 "-" "Mozilla/5.0 (compatible; Googlebot/2.1; +http://www.google.com/bot.html)"
66.249.65.230 - - [13/Apr/2010:16:52:42 +0200] "GET /content/kalender/jax_calendar.php?Y=-1603&m=10&d=3&cal_id=0&language=german&gmt_ofs=-1&view=d1 HTTP/1.1" 404 345 "-" "Mozilla/5.0 (compatible; Googlebot/2.1; +http://www.google.com/bot.html)"
66.249.65.230 - - [13/Apr/2010:16:52:43 +0200] "GET /content/kalender/jax_calendar.php?Y=-1580&m=11&d=14&view=d1 HTTP/1.1" 404 345 "-" "Mozilla/5.0 (compatible; Googlebot/2.1; +http://www.google.com/bot.html)"
66.249.65.230 - - [13/Apr/2010:16:52:44 +0200] "GET /content/kalender/jax_calendar.php?Y=-1449&m=12&d=7&cal_id=0&language=german&gmt_ofs=-1&view=d1 HTTP/1.1" 404 345 "-" "Mozilla/5.0 (compatible; Googlebot/2.1; +http://www.google.com/bot.html)"
66.249.65.230 - - [13/Apr/2010:16:52:45 +0200] "GET /content/kalender/jax_calendar.php?Y=-1582&m=8&d=33&view=d1 HTTP/1.1" 404 345 "-" "Mozilla/5.0 (compatible; Googlebot/2.1; +http://www.google.com/bot.html)"
66.249.65.230 - - [13/Apr/2010:16:52:45 +0200] "GET /content/kalender/jax_calendar.php?Y=-1583&m=6&d=38&view=d1 HTTP/1.1" 404 345 "-" "Mozilla/5.0 (compatible; Googlebot/2.1; +http://www.google.com/bot.html)"
87.187.181.87 - - [13/Apr/2010:16:52:56 +0200] "GET /content/aktuelles/ HTTP/1.1" 404 330 "-" "Mozilla/4.0 (compatible; MSIE 6.0; Windows NT 5.1; SV1)"
87.187.153.9 - - [13/Apr/2010:16:53:41 +0200] "GET / HTTP/1.1" 200 1229 "-" "Mozilla/4.0 (compatible; MSIE 7.0; Windows NT 5.1; GTB6.4; .NET CLR 2.0.50727; .NET CLR 3.0.4506.2152; .NET CLR 3.5.30729; AskTB5.6)"
66.249.65.230 - - [13/Apr/2010:16:55:34 +0200] "GET /content/kalender/jax_calendar.php?Y=-1583&m=9&d=8&view=d1 HTTP/1.1" 404 345 "-" "Mozilla/5.0 (compatible; Googlebot/2.1; +http://www.google.com/bot.html)"
87.250.255.242 - - [13/Apr/2010:16:59:13 +0200] "GET /content/assets/Stellenanzeigen/stellenausschreibungrappelkiste032010.pdf HTTP/1.1" 404 384 "-" "Yandex/1.01.001 (compatible; Win16; I)"
87.187.181.87 - - [13/Apr/2010:16:59:46 +0200] "GET /content/aktuelles/ HTTP/1.1" 404 330 "-" "Mozilla/4.0 (compatible; MSIE 6.0; Windows NT 5.1; SV1)"
65.55.207.126 - - [13/Apr/2010:17:00:27 +0200] "GET /robots.txt HTTP/1.1" 404 322 "-" "msnbot/2.0b (+http://search.msn.com/msnbot.htm)"
66.249.65.230 - - [13/Apr/2010:17:06:55 +0200] "GET /content/kalender/jax_calendar.php?Y=-1581&m=11&d=37&view=d1 HTTP/1.1" 404 345 "-" "Mozilla/5.0 (compatible; Googlebot/2.1; +http://www.google.com/bot.html)"
207.46.204.234 - - [13/Apr/2010:17:07:00 +0200] "GET /content/kalender/jax_calendar.php?Y=2007&m=2&d=22&cal_id=0&language=german&gmt_ofs=-1&view=d30 HTTP/1.1" 404 345 "-" "msnbot/2.0b (+http://search.msn.com/msnbot.htm)"
94.223.247.99 - - [13/Apr/2010:17:21:57 +0200] "GET /content/traumland/ HTTP/1.1" 404 330 "http://www.google.de/search?q=awo+kindertagesst%C3%A4tten+tagesablauf&hl=de&lr=&rlz=1G1GGLQ_DEDE361&start=60&sa=N" "Mozilla/5.0 (Windows; U; Windows NT 6.0; de; rv:1.9.1.9) Gecko/20100315 Firefox/3.5.9 (.NET CLR 3.5.30729)"
94.223.247.99 - - [13/Apr/2010:17:21:57 +0200] "GET /favicon.ico HTTP/1.1" 404 323 "-" "Mozilla/5.0 (Windows; U; Windows NT 6.0; de; rv:1.9.1.9) Gecko/20100315 Firefox/3.5.9 (.NET CLR 3.5.30729)"
94.223.247.99 - - [13/Apr/2010:17:22:00 +0200] "GET /favicon.ico HTTP/1.1" 404 323 "-" "Mozilla/5.0 (Windows; U; Windows NT 6.0; de; rv:1.9.1.9) Gecko/20100315 Firefox/3.5.9 (.NET CLR 3.5.30729)"
66.249.65.230 - - [13/Apr/2010:17:22:56 +0200] "GET /content/kalender/jax_calendar.php?Y=-1471&m=8&d=20&view=d1 HTTP/1.1" 404 345 "-" "Mozilla/5.0 (compatible; Googlebot/2.1; +http://www.google.com/bot.html)"
66.249.65.230 - - [13/Apr/2010:17:22:57 +0200] "GET /content/kalender/jax_calendar.php?Y=-1582&m=3&d=16&view=d1 HTTP/1.1" 404 345 "-" "Mozilla/5.0 (compatible; Googlebot/2.1; +http://www.google.com/bot.html)"
66.249.65.230 - - [13/Apr/2010:17:22:59 +0200] "GET /content/kalender/jax_calendar.php?Y=-1583&m=3&d=10&view=d1 HTTP/1.1" 404 345 "-" "Mozilla/5.0 (compatible; Googlebot/2.1; +http://www.google.com/bot.html)"
66.249.65.230 - - [13/Apr/2010:17:23:00 +0200] "GET /content/kalender/jax_calendar.php?Y=-1581&m=4&d=13&view=d1 HTTP/1.1" 404 345 "-" "Mozilla/5.0 (compatible; Googlebot/2.1; +http://www.google.com/bot.html)"
66.249.65.230 - - [13/Apr/2010:17:23:00 +0200] "GET /content/kalender/jax_calendar.php?Y=-1582&m=2&d=5&view=d1 HTTP/1.1" 404 345 "-" "Mozilla/5.0 (compatible; Googlebot/2.1; +http://www.google.com/bot.html)"
66.249.65.230 - - [13/Apr/2010:17:23:13 +0200] "GET /content/kalender/jax_calendar.php?Y=-1467&m=7&d=26&view=d1 HTTP/1.1" 404 345 "-" "Mozilla/5.0 (compatible; Googlebot/2.1; +http://www.google.com/bot.html)"
79.194.61.65 - - [13/Apr/2010:17:25:53 +0200] "GET / HTTP/1.1" 200 1229 "http://www.bing.com/search?q=awo%20bernau&mkt=de-de&FORM=TOOLBR&DI=2883&CE=14.0&CM=SearchWeb" "Mozilla/4.0 (compatible; MSIE 8.0; Windows NT 6.1; Trident/4.0; SLCC2; .NET CLR 2.0.50727; .NET CLR 3.5.30729; .NET CLR 3.0.30729; Media Center PC 6.0; InfoPath.2; OfficeLiveConnector.1.4; OfficeLivePatch.1.3)"
79.194.61.65 - - [13/Apr/2010:17:25:53 +0200] "GET /favicon.ico HTTP/1.1" 404 323 "-" "Mozilla/4.0 (compatible; MSIE 8.0; Windows NT 6.1; Trident/4.0; SLCC2; .NET CLR 2.0.50727; .NET CLR 3.5.30729; .NET CLR 3.0.30729; Media Center PC 6.0; InfoPath.2; OfficeLiveConnector.1.4; OfficeLivePatch.1.3)"
84.190.109.29 - - [13/Apr/2010:17:26:46 +0200] "GET / HTTP/1.1" 200 1229 "http://www.google.com/search?hl=de&q=familienberatung+bernau&lr=&aq=0&aqi=g1&aql=&oq=familienberatung+bern&gs_rfai=" "Mozilla/5.0 (Windows; U; Windows NT 5.1; de; rv:1.9.2.3) Gecko/20100401 Firefox/3.6.3 (.NET CLR 3.5.30729)"
84.190.109.29 - - [13/Apr/2010:17:26:46 +0200] "GET /favicon.ico HTTP/1.1" 404 323 "-" "Mozilla/5.0 (Windows; U; Windows NT 5.1; de; rv:1.9.2.3) Gecko/20100401 Firefox/3.6.3 (.NET CLR 3.5.30729)"
84.190.109.29 - - [13/Apr/2010:17:26:49 +0200] "GET /favicon.ico HTTP/1.1" 404 323 "-" "Mozilla/5.0 (Windows; U; Windows NT 5.1; de; rv:1.9.2.3) Gecko/20100401 Firefox/3.6.3 (.NET CLR 3.5.30729)"
84.190.109.29 - - [13/Apr/2010:17:26:56 +0200] "GET /content/themes/blackcandy/css/layout.css?m=1247659745 HTTP/1.1" 404 352 "http://webcache.googleusercontent.com/search?q=cache:6zY79dfYEiYJ:www.awo-kv-bernau.de/+familienberatung+bernau&cd=5&hl=de&ct=clnk" "Mozilla/5.0 (Windows; U; Windows NT 5.1; de; rv:1.9.2.3) Gecko/20100401 Firefox/3.6.3 (.NET CLR 3.5.30729)"
84.190.109.29 - - [13/Apr/2010:17:26:56 +0200] "GET /content/themes/blackcandy/css/typography.css?m=1258540740 HTTP/1.1" 404 356 "http://webcache.googleusercontent.com/search?q=cache:6zY79dfYEiYJ:www.awo-kv-bernau.de/+familienberatung+bernau&cd=5&hl=de&ct=clnk" "Mozilla/5.0 (Windows; U; Windows NT 5.1; de; rv:1.9.2.3) Gecko/20100401 Firefox/3.6.3 (.NET CLR 3.5.30729)"
84.190.109.29 - - [13/Apr/2010:17:26:56 +0200] "GET /content/themes/blackcandy/css/form.css?m=1237405057 HTTP/1.1" 404 350 "http://webcache.googleusercontent.com/search?q=cache:6zY79dfYEiYJ:www.awo-kv-bernau.de/+familienberatung+bernau&cd=5&hl=de&ct=clnk" "Mozilla/5.0 (Windows; U; Windows NT 5.1; de; rv:1.9.2.3) Gecko/20100401 Firefox/3.6.3 (.NET CLR 3.5.30729)"
84.190.109.29 - - [13/Apr/2010:17:26:56 +0200] "GET /content/aktuelles/kalender/jax_calendar.php?language=German HTTP/1.1" 404 355 "http://webcache.googleusercontent.com/search?q=cache:6zY79dfYEiYJ:www.awo-kv-bernau.de/+familienberatung+bernau&cd=5&hl=de&ct=clnk" "Mozilla/5.0 (Windows; U; Windows NT 5.1; de; rv:1.9.2.3) Gecko/20100401 Firefox/3.6.3 (.NET CLR 3.5.30729)"
84.190.109.29 - - [13/Apr/2010:17:27:35 +0200] "GET / HTTP/1.1" 200 1229 "http://www.google.de/url?sa=t&source=web&ct=res&cd=3&ved=0CA8QFjAC&url=http%3A%2F%2Fwww.sozialedienste-awo.de%2F&rct=j&q=awo+bernau&ei=V43ES_XREcrzOZqdwLwP&usg=AFQjCNH2Qfmo8nkh5zcrNwd_uJtSWjaknA" "Mozilla/5.0 (Windows; U; Windows NT 5.1; de; rv:1.9.2.3) Gecko/20100401 Firefox/3.6.3 (.NET CLR 3.5.30729)"
84.190.109.29 - - [13/Apr/2010:17:27:35 +0200] "GET /favicon.ico HTTP/1.1" 404 328 "-" "Mozilla/5.0 (Windows; U; Windows NT 5.1; de; rv:1.9.2.3) Gecko/20100401 Firefox/3.6.3 (.NET CLR 3.5.30729)"
84.190.109.29 - - [13/Apr/2010:17:27:38 +0200] "GET /favicon.ico HTTP/1.1" 404 328 "-" "Mozilla/5.0 (Windows; U; Windows NT 5.1; de; rv:1.9.2.3) Gecko/20100401 Firefox/3.6.3 (.NET CLR 3.5.30729)"
79.194.61.65 - - [13/Apr/2010:17:29:08 +0200] "GET /content/awo-ortsverein-bernau/ HTTP/1.1" 404 342 "http://www.bing.com/search?q=awo%20bernau&mkt=de-de&FORM=TOOLBR&DI=2883&CE=14.0&CM=SearchWeb" "Mozilla/4.0 (compatible; MSIE 8.0; Windows NT 6.1; Trident/4.0; SLCC2; .NET CLR 2.0.50727; .NET CLR 3.5.30729; .NET CLR 3.0.30729; Media Center PC 6.0; InfoPath.2; OfficeLiveConnector.1.4; OfficeLivePatch.1.3)"
66.249.65.230 - - [13/Apr/2010:17:33:14 +0200] "GET /content/kalender/jax_calendar.php?Y=-641&m=5&d=27&view=d1 HTTP/1.1" 404 345 "-" "Mozilla/5.0 (compatible; Googlebot/2.1; +http://www.google.com/bot.html)"
89.247.54.167 - - [13/Apr/2010:17:34:34 +0200] "GET / HTTP/1.1" 200 1229 "http://www.kliniken.de/pflegeheime/a-z/altenheim/AWO-Altenpflegeheim-Wohnen-Am-Weinberg-Bernau-b-Berlin-33720.htm" "Mozilla/4.0 (compatible; MSIE 7.0; Windows NT 5.1; GTB6.4; .NET CLR 2.0.50727)"
89.247.54.167 - - [13/Apr/2010:17:34:34 +0200] "GET /favicon.ico HTTP/1.1" 404 328 "-" "Mozilla/4.0 (compatible; MSIE 7.0; Windows NT 5.1; GTB6.4; .NET CLR 2.0.50727)"
66.249.65.230 - - [13/Apr/2010:17:43:19 +0200] "GET /content/kalender/jax_calendar.php?Y=-1594&m=10&d=20&view=d1 HTTP/1.1" 404 345 "-" "Mozilla/5.0 (compatible; Googlebot/2.1; +http://www.google.com/bot.html)"
87.185.172.237 - - [13/Apr/2010:17:48:18 +0200] "GET / HTTP/1.1" 200 1229 "-" "Mozilla/4.0 (compatible; MSIE 8.0; Windows NT 5.1; Trident/4.0)"
87.187.153.9 - - [13/Apr/2010:17:50:48 +0200] "GET / HTTP/1.1" 200 1229 "-" "Mozilla/5.0 (Windows; U; Windows NT 6.0; de; rv:1.9.2.3) Gecko/20100401 Firefox/3.6.3 (.NET CLR 3.5.30729)"
87.187.153.9 - - [13/Apr/2010:17:50:48 +0200] "GET /favicon.ico HTTP/1.1" 404 328 "-" "Mozilla/5.0 (Windows; U; Windows NT 6.0; de; rv:1.9.2.3) Gecko/20100401 Firefox/3.6.3 (.NET CLR 3.5.30729)"
66.249.65.230 - - [13/Apr/2010:17:53:39 +0200] "GET /content/kalender/jax_calendar.php?Y=-634&m=11&d=21&view=d1 HTTP/1.1" 404 345 "-" "Mozilla/5.0 (compatible; Googlebot/2.1; +http://www.google.com/bot.html)"
66.249.65.230 - - [13/Apr/2010:17:53:39 +0200] "GET /content/kalender/jax_calendar.php?Y=-6&m=11&d=33&view=d1 HTTP/1.1" 404 345 "-" "Mozilla/5.0 (compatible; Googlebot/2.1; +http://www.google.com/bot.html)"
66.249.65.230 - - [13/Apr/2010:17:53:40 +0200] "GET /content/kalender/jax_calendar.php?Y=-1590&m=3&d=30&view=d1 HTTP/1.1" 404 345 "-" "Mozilla/5.0 (compatible; Googlebot/2.1; +http://www.google.com/bot.html)"
66.249.65.230 - - [13/Apr/2010:17:53:41 +0200] "GET /content/kalender/jax_calendar.php?Y=-1469&m=2&d=18&view=d1 HTTP/1.1" 404 345 "-" "Mozilla/5.0 (compatible; Googlebot/2.1; +http://www.google.com/bot.html)"
66.249.65.230 - - [13/Apr/2010:17:53:42 +0200] "GET /content/kalender/jax_calendar.php?Y=-1469&m=7&d=14&view=d1 HTTP/1.1" 404 345 "-" "Mozilla/5.0 (compatible; Googlebot/2.1; +http://www.google.com/bot.html)"
66.249.65.230 - - [13/Apr/2010:17:55:29 +0200] "GET /content/kalender/jax_calendar.php?Y=-1466&m=11&d=6&view=d1 HTTP/1.1" 404 345 "-" "Mozilla/5.0 (compatible; Googlebot/2.1; +http://www.google.com/bot.html)"
66.249.65.241 - - [13/Apr/2010:18:01:33 +0200] "GET /content HTTP/1.1" 404 324 "-" "Googlebot/2.1 (+http://www.google.com/bot.html)"
67.195.112.177 - - [13/Apr/2010:18:08:39 +0200] "GET /content/betreute-wohngruppe/ HTTP/1.0" 404 345 "-" "Mozilla/5.0 (compatible; Yahoo! Slurp/3.0; http://help.yahoo.com/help/us/ysearch/slurp)"
66.249.65.230 - - [13/Apr/2010:18:09:05 +0200] "GET /content/kalender/jax_calendar.php?Y=-634&m=6&d=21&view=d1 HTTP/1.1" 404 345 "-" "Mozilla/5.0 (compatible; Googlebot/2.1; +http://www.google.com/bot.html)"
65.55.106.181 - - [13/Apr/2010:18:14:05 +0200] "GET /robots.txt HTTP/1.1" 404 327 "-" "msnbot/2.0b (+http://search.msn.com/msnbot.htm)"
207.46.13.51 - - [13/Apr/2010:18:15:01 +0200] "GET /content/satzung/ HTTP/1.1" 404 328 "-" "msnbot/2.0b (+http://search.msn.com/msnbot.htm)"
66.249.65.230 - - [13/Apr/2010:18:22:53 +0200] "GET /content/kalender/jax_calendar.php?Y=-1589&m=3&d=26&view=d1 HTTP/1.1" 404 345 "-" "Mozilla/5.0 (compatible; Googlebot/2.1; +http://www.google.com/bot.html)"
66.249.65.230 - - [13/Apr/2010:18:22:55 +0200] "GET /content/kalender/jax_calendar.php?Y=-1582&m=7&d=37&view=d1 HTTP/1.1" 404 345 "-" "Mozilla/5.0 (compatible; Googlebot/2.1; +http://www.google.com/bot.html)"
66.249.65.230 - - [13/Apr/2010:18:22:55 +0200] "GET /content/kalender/jax_calendar.php?Y=12&m=11&d=12&view=d1 HTTP/1.1" 404 345 "-" "Mozilla/5.0 (compatible; Googlebot/2.1; +http://www.google.com/bot.html)"
66.249.65.230 - - [13/Apr/2010:18:22:56 +0200] "GET /content/kalender/jax_calendar.php?Y=-634&m=10&d=23&view=d1 HTTP/1.1" 404 345 "-" "Mozilla/5.0 (compatible; Googlebot/2.1; +http://www.google.com/bot.html)"
66.249.65.230 - - [13/Apr/2010:18:22:56 +0200] "GET /content/kalender/jax_calendar.php?Y=-1583&m=5&d=19&view=d1 HTTP/1.1" 404 345 "-" "Mozilla/5.0 (compatible; Googlebot/2.1; +http://www.google.com/bot.html)"
66.249.65.230 - - [13/Apr/2010:18:22:57 +0200] "GET /content/kalender/jax_calendar.php?Y=75&m=2&d=1&cal_id=0&language=german&gmt_ofs=-1&view=d1 HTTP/1.1" 404 345 "-" "Mozilla/5.0 (compatible; Googlebot/2.1; +http://www.google.com/bot.html)"
207.46.204.243 - - [13/Apr/2010:18:24:01 +0200] "GET /content/regenbogen/ HTTP/1.1" 404 331 "-" "msnbot/2.0b (+http://search.msn.com/msnbot.htm)"
66.249.65.230 - - [13/Apr/2010:18:24:17 +0200] "GET /content/kalender/jax_calendar.php?Y=-1467&m=9&d=13&view=d1 HTTP/1.1" 404 345 "-" "Mozilla/5.0 (compatible; Googlebot/2.1; +http://www.google.com/bot.html)"
84.139.206.167 - - [13/Apr/2010:18:24:40 +0200] "GET / HTTP/1.1" 200 1229 "http://www.google.de/url?sa=t&source=web&ct=res&cd=1&ved=0CAYQFjAA&url=http%3A%2F%2Fwww.awo-kv-bernau.de%2F&rct=j&q=Awo+Bernau&ei=QZrES-LTCZCtOOjc6bsP&mk=0&mb=1&usg=AFQjCNFY6jRp0cyjK4eLe9CtgjDN1c4Vuw" "Mozilla/4.0 (compatible; MSIE 8.0; Windows NT 6.0; Trident/4.0; GTB6.4; SLCC1; .NET CLR 2.0.50727; Media Center PC 5.0; MDDC; .NET CLR 3.5.30729; .NET CLR 3.0.30618)"
84.139.206.167 - - [13/Apr/2010:18:24:41 +0200] "GET /favicon.ico HTTP/1.1" 404 323 "-" "Mozilla/4.0 (compatible; MSIE 8.0; Windows NT 6.0; Trident/4.0; GTB6.4; SLCC1; .NET CLR 2.0.50727; Media Center PC 5.0; MDDC; .NET CLR 3.5.30729; .NET CLR 3.0.30618)"
84.139.206.167 - - [13/Apr/2010:18:30:02 +0200] "GET /favicon.ico HTTP/1.1" 404 323 "-" "Mozilla/4.0 (compatible; MSIE 8.0; Windows NT 6.0; Trident/4.0; GTB6.4; SLCC1; .NET CLR 2.0.50727; Media Center PC 5.0; MDDC; .NET CLR 3.5.30729; .NET CLR 3.0.30618)"
65.55.207.94 - - [13/Apr/2010:18:30:09 +0200] "GET /robots.txt HTTP/1.1" 404 322 "-" "msnbot/2.0b (+http://search.msn.com/msnbot.htm)"
66.249.65.230 - - [13/Apr/2010:18:32:05 +0200] "GET /content/kalender/jax_calendar.php?Y=-1585&m=3&d=5&view=d1 HTTP/1.1" 404 345 "-" "Mozilla/5.0 (compatible; Googlebot/2.1; +http://www.google.com/bot.html)"
207.46.204.178 - - [13/Apr/2010:18:38:08 +0200] "GET /content/assets/Stellenanzeigen/stellenbeschreibungpusteblume012010.pdf HTTP/1.1" 404 382 "-" "msnbot/2.0b (+http://search.msn.com/msnbot.htm)"
90.187.127.55 - - [13/Apr/2010:18:45:27 +0200] "GET / HTTP/1.1" 200 1229 "http://www.awo-brandenburg.de/einrichtung/?lk=1&page=1&suchtext=bernau&lart=22&einrichtung_id=275" "Mozilla/5.0 (Windows; U; Windows NT 6.0; de; rv:1.9.2.2) Gecko/20100316 (GMX/1.7) Firefox/3.6.2"
90.187.127.55 - - [13/Apr/2010:18:45:27 +0200] "GET /favicon.ico HTTP/1.1" 404 328 "-" "Mozilla/5.0 (Windows; U; Windows NT 6.0; de; rv:1.9.2.2) Gecko/20100316 (GMX/1.7) Firefox/3.6.2"
66.249.65.230 - - [13/Apr/2010:18:52:34 +0200] "GET /content/kalender/jax_calendar.php?Y=228&m=12&d=39&view=d1 HTTP/1.1" 404 345 "-" "Mozilla/5.0 (compatible; Googlebot/2.1; +http://www.google.com/bot.html)"
66.249.65.230 - - [13/Apr/2010:18:52:35 +0200] "GET /content/kalender/jax_calendar.php?Y=-1581&m=3&d=35&view=d1 HTTP/1.1" 404 345 "-" "Mozilla/5.0 (compatible; Googlebot/2.1; +http://www.google.com/bot.html)"
66.249.65.230 - - [13/Apr/2010:18:52:35 +0200] "GET /content/kalender/jax_calendar.php?Y=-1469&m=8&d=9&view=d1 HTTP/1.1" 404 345 "-" "Mozilla/5.0 (compatible; Googlebot/2.1; +http://www.google.com/bot.html)"
66.249.65.230 - - [13/Apr/2010:18:52:36 +0200] "GET /content/kalender/jax_calendar.php?Y=-1600&m=3&d=5&cal_id=0&language=german&gmt_ofs=-1&view=d1 HTTP/1.1" 404 345 "-" "Mozilla/5.0 (compatible; Googlebot/2.1; +http://www.google.com/bot.html)"
66.249.65.230 - - [13/Apr/2010:18:52:36 +0200] "GET /content/kalender/jax_calendar.php?Y=-1584&m=8&d=22&view=d1 HTTP/1.1" 404 345 "-" "Mozilla/5.0 (compatible; Googlebot/2.1; +http://www.google.com/bot.html)"
66.249.65.230 - - [13/Apr/2010:18:52:37 +0200] "GET /content/kalender/jax_calendar.php?Y=-1471&m=2&d=37&view=d1 HTTP/1.1" 404 345 "-" "Mozilla/5.0 (compatible; Googlebot/2.1; +http://www.google.com/bot.html)"
66.249.65.230 - - [13/Apr/2010:18:53:26 +0200] "GET /content/assets/Kitas/Pusteblume/logo.jpg HTTP/1.1" 404 352 "-" "Googlebot-Image/1.0"
81.17.208.4 - - [13/Apr/2010:18:57:14 +0200] "GET /content/kalender/jax_calendar.php?Y=2009&m=4&d=12&cal_id=0&language=german&gmt_ofs=-1&view=d30 HTTP/1.0" 404 345 "http://www.awo-kv-bernau.de/content/kalender/jax_calendar.php?language=German" "Mozilla/5.0 (compatible; jobs.de-Robot +http://www.jobs.de)"
67.195.112.177 - - [13/Apr/2010:18:57:26 +0200] "GET /content/altenpflegeheim-wohnen-am-weinberg/ HTTP/1.0" 404 360 "-" "Mozilla/5.0 (compatible; Yahoo! Slurp/3.0; http://help.yahoo.com/help/us/ysearch/slurp)"
81.17.208.4 - - [13/Apr/2010:18:57:34 +0200] "GET /content/kalender/jax_calendar.php?Y=2010&m=4&d=12&do=show_event&key=c9f993ff77159db76cfb6244962042d8&cal_id=0&language=german&gmt_ofs=-1&view=d30&evt_date=%3Cb%3E01.04.2010%3C%2Fb%3E+09%3A00&evt_title=Fr%FChjahrsputz HTTP/1.0" 404 345 "http://www.awo-kv-bernau.de/content/kalender/jax_calendar.php?language=German" "Mozilla/5.0 (compatible; jobs.de-Robot +http://www.jobs.de)"
81.17.208.4 - - [13/Apr/2010:18:57:56 +0200] "GET /content/kalender/jax_calendar.php?Y=2010&m=8&d=12&cal_id=0&language=german&gmt_ofs=-1&view=d30 HTTP/1.0" 404 345 "http://www.awo-kv-bernau.de/content/kalender/jax_calendar.php?language=German" "Mozilla/5.0 (compatible; jobs.de-Robot +http://www.jobs.de)"
81.17.208.4 - - [13/Apr/2010:18:57:58 +0200] "GET /content/kalender/jax_calendar.php?Y=2010&m=4&d=12&do=show_event&key=0ac2f4ad4fa1e817047c409c36c56f66&cal_id=0&language=german&gmt_ofs=-1&view=d30&evt_date=%3Cb%3E17.04.2010%3C%2Fb%3E+10%3A00+-+12%3A00&evt_title=Floristikkurs HTTP/1.0" 404 345 "http://www.awo-kv-bernau.de/content/kalender/jax_calendar.php?language=German" "Mozilla/5.0 (compatible; jobs.de-Robot +http://www.jobs.de)"
81.17.208.4 - - [13/Apr/2010:18:58:19 +0200] "GET /content/kalender/jax_calendar.php?Y=2010&m=4&d=12&do=show_event&key=5b90c539480f90118235b717b59a33a2&cal_id=0&language=german&gmt_ofs=-1&view=d30&evt_date=%3Cb%3E06.04.2010%3C%2Fb%3E+15%3A30&evt_title=Kontakt-+und+Beratungsstelle%2C+Kerzen+leicht+gemacht HTTP/1.0" 404 345 "http://www.awo-kv-bernau.de/content/kalender/jax_calendar.php?language=German" "Mozilla/5.0 (compatible; jobs.de-Robot +http://www.jobs.de)"
81.17.208.4 - - [13/Apr/2010:18:58:23 +0200] "GET /content/kalender/jax_calendar.php?Y=2010&m=4&d=12&do=show_event&key=6be7a81c6060d5019b9220d31d6eb55f&cal_id=0&language=german&gmt_ofs=-1&view=d30&evt_date=%3Cb%3E15.04.2010%3C%2Fb%3E+18%3A00&evt_title=Entspannungstraining+mit+Beate+M%FChlbach HTTP/1.0" 404 345 "http://www.awo-kv-bernau.de/content/kalender/jax_calendar.php?language=German" "Mozilla/5.0 (compatible; jobs.de-Robot +http://www.jobs.de)"
90.186.112.173 - - [13/Apr/2010:18:58:36 +0200] "GET / HTTP/1.1" 200 1229 "http://www.google.de/url?sa=t&source=web&ct=res&cd=1&ved=0CBEQFDAA&url=http%3A%2F%2Fwww.awo-kv-bernau.de%2F&rct=j&q=wohnen+in+bernau+bei+berlin&ei=RqLES8HjHtCcOKf0haAP&usg=AFQjCNFY6jRp0cyjK4eLe9CtgjDN1c4Vuw" "Mozilla/5.0 (Windows; U; Windows NT 6.1; de; rv:1.9.2.3) Gecko/20100401 Firefox/3.6.3"
90.186.112.173 - - [13/Apr/2010:18:58:37 +0200] "GET /favicon.ico HTTP/1.1" 404 323 "-" "Mozilla/5.0 (Windows; U; Windows NT 6.1; de; rv:1.9.2.3) Gecko/20100401 Firefox/3.6.3"
81.17.208.4 - - [13/Apr/2010:18:58:42 +0200] "GET /content/kalender/jax_calendar.php?Y=2010&m=9&d=12&cal_id=0&language=german&gmt_ofs=-1&view=d30 HTTP/1.0" 404 345 "http://www.awo-kv-bernau.de/content/kalender/jax_calendar.php?language=German" "Mozilla/5.0 (compatible; jobs.de-Robot +http://www.jobs.de)"
81.17.208.4 - - [13/Apr/2010:18:59:25 +0200] "GET /content/kalender/jax_calendar.php?Y=2010&m=4&d=12&do=show_event&key=75e9ee6dff3aea0313a3366e240aff88&cal_id=0&language=german&gmt_ofs=-1&view=d30&evt_date=%3Cb%3E12.04.2010%3C%2Fb%3E+17%3A30&evt_title=Tanzgruppe+f%FCr+Junggebliebene HTTP/1.0" 404 345 "http://www.awo-kv-bernau.de/content/kalender/jax_calendar.php?language=German" "Mozilla/5.0 (compatible; jobs.de-Robot +http://www.jobs.de)"
81.17.208.4 - - [13/Apr/2010:18:59:30 +0200] "GET /content/kalender/jax_calendar.php?Y=2015&m=4&d=12&cal_id=0&language=german&gmt_ofs=-1&view=d30 HTTP/1.0" 404 345 "http://www.awo-kv-bernau.de/content/kalender/jax_calendar.php?language=German" "Mozilla/5.0 (compatible; jobs.de-Robot +http://www.jobs.de)"
81.17.208.4 - - [13/Apr/2010:18:59:51 +0200] "GET /content/kalender/jax_calendar.php?Y=2010&m=4&d=30&view=d1 HTTP/1.0" 404 345 "http://www.awo-kv-bernau.de/content/kalender/jax_calendar.php?language=German" "Mozilla/5.0 (compatible; jobs.de-Robot +http://www.jobs.de)"
81.17.208.4 - - [13/Apr/2010:19:00:13 +0200] "GET /content/kalender/jax_calendar.php?Y=2010&m=3&d=12&cal_id=0&language=german&gmt_ofs=-1&view=d30&view=d30 HTTP/1.0" 404 345 "http://www.awo-kv-bernau.de/content/kalender/jax_calendar.php?language=German" "Mozilla/5.0 (compatible; jobs.de-Robot +http://www.jobs.de)"
81.17.208.4 - - [13/Apr/2010:19:00:57 +0200] "GET /content/kalender/jax_calendar.php?Y=2010&m=7&d=12&cal_id=0&language=german&gmt_ofs=-1&view=d30 HTTP/1.0" 404 345 "http://www.awo-kv-bernau.de/content/kalender/jax_calendar.php?language=German" "Mozilla/5.0 (compatible; jobs.de-Robot +http://www.jobs.de)"
81.17.208.4 - - [13/Apr/2010:19:01:20 +0200] "GET /content/kalender/jax_calendar.php?Y=2010&m=4&d=29&view=d1 HTTP/1.0" 404 345 "http://www.awo-kv-bernau.de/content/kalender/jax_calendar.php?language=German" "Mozilla/5.0 (compatible; jobs.de-Robot +http://www.jobs.de)"
87.187.221.225 - - [13/Apr/2010:19:01:27 +0200] "GET / HTTP/1.1" 200 1229 "http://www.google.de/url?sa=t&source=web&ct=res&cd=1&ved=0CAYQFjAA&url=http%3A%2F%2Fwww.awo-kv-bernau.de%2F&rct=j&q=awo+bernau&ei=GKPES5DEGMqOOLq02NQP&v6u=http%3A%2F%2Fdualstack.ipv6-exp.l.google.com%2Fgen_204%3Fip%3D87.187.221.225%26ts%3D1271178008621723%26auth%3Dvpqn44rm2irofblwswgt6qsxlqke2v5e%26rndm%3D0.5547308814599607&v6s=2&v6t=78516&mk=0&mb=1&usg=AFQjCNFY6jRp0cyjK4eLe9CtgjDN1c4Vuw" "Mozilla/4.0 (compatible; MSIE 8.0; Windows NT 5.1; Trident/4.0)"
87.187.221.225 - - [13/Apr/2010:19:01:41 +0200] "GET / HTTP/1.1" 200 1229 "http://www.google.de/url?sa=t&source=web&ct=res&cd=2&ved=0CAkQFjAB&url=http%3A%2F%2Fwww.sozialedienste-awo.de%2F&rct=j&q=awo+bernau&ei=GKPES5DEGMqOOLq02NQP&mk=0&mb=1&usg=AFQjCNH2Qfmo8nkh5zcrNwd_uJtSWjaknA" "Mozilla/4.0 (compatible; MSIE 8.0; Windows NT 5.1; Trident/4.0)"
87.187.221.225 - - [13/Apr/2010:19:01:41 +0200] "GET /favicon.ico HTTP/1.1" 404 328 "-" "Mozilla/4.0 (compatible; MSIE 8.0; Windows NT 5.1; Trident/4.0)"
87.187.221.225 - - [13/Apr/2010:19:01:47 +0200] "GET /content/eltern-kind-zentrum-bernau-sued/ HTTP/1.1" 404 352 "http://www.google.de/url?sa=t&source=web&ct=res&cd=3&ved=0CAwQFjAC&url=http%3A%2F%2Fwww.awo-kv-bernau.de%2Fcontent%2Feltern-kind-zentrum-bernau-sued%2F&rct=j&q=awo+bernau&ei=GKPES5DEGMqOOLq02NQP&mk=0&mb=1&usg=AFQjCNHmsTJUdQrwG0Ckwk8Fo36b-IVP4Q" "Mozilla/4.0 (compatible; MSIE 8.0; Windows NT 5.1; Trident/4.0)"
81.17.208.4 - - [13/Apr/2010:19:02:04 +0200] "GET /content/kalender/jax_calendar.php?Y=2010&m=4&d=12&cal_id=0&language=german&gmt_ofs=-1&view=d30 HTTP/1.0" 404 345 "http://www.awo-kv-bernau.de/content/kalender/jax_calendar.php?language=German" "Mozilla/5.0 (compatible; jobs.de-Robot +http://www.jobs.de)"
81.17.208.4 - - [13/Apr/2010:19:02:48 +0200] "GET /content/kalender/jax_calendar.php?Y=2006&m=4&d=12&cal_id=0&language=german&gmt_ofs=-1&view=d30 HTTP/1.0" 404 345 "http://www.awo-kv-bernau.de/content/kalender/jax_calendar.php?language=German" "Mozilla/5.0 (compatible; jobs.de-Robot +http://www.jobs.de)"
81.17.208.4 - - [13/Apr/2010:19:03:11 +0200] "GET /content/kalender/jax_calendar.php?Y=2010&m=4&d=12&do=show_event&key=f382ea98fb3afdc91612fff5a58b798f&cal_id=0&language=german&gmt_ofs=-1&view=d30&evt_date=%3Cb%3E13.04.2010%3C%2Fb%3E+18%3A00&evt_title=Lachwerkstatt%3B+Lach+mit+bleib+gesund HTTP/1.0" 404 345 "http://www.awo-kv-bernau.de/content/kalender/jax_calendar.php?language=German" "Mozilla/5.0 (compatible; jobs.de-Robot +http://www.jobs.de)"
87.187.221.225 - - [13/Apr/2010:19:03:13 +0200] "GET /content/kontakt-und-beratungsstelle/ HTTP/1.1" 404 348 "http://www.google.de/url?sa=t&source=web&ct=res&cd=1&ved=0CAYQFjAA&url=http%3A%2F%2Fwww.awo-kv-bernau.de%2Fcontent%2Fkontakt-und-beratungsstelle%2F&rct=j&q=awo+bernau+beratungsstelle&ei=yqPES8aSEtCNOLqZjdsP&mk=0&mb=1&usg=AFQjCNHmUhJ8Y0GSByN4LsPCfuFxXEkVPA" "Mozilla/4.0 (compatible; MSIE 8.0; Windows NT 5.1; Trident/4.0)"
87.187.221.225 - - [13/Apr/2010:19:03:19 +0200] "GET /content/kontakt-und-beratungsstelle/ HTTP/1.1" 404 348 "http://www.google.de/url?sa=t&source=web&ct=res&cd=1&ved=0CAYQFjAA&url=http%3A%2F%2Fwww.awo-kv-bernau.de%2Fcontent%2Fkontakt-und-beratungsstelle%2F&rct=j&q=awo+bernau+beratungsstelle&ei=yqPES8aSEtCNOLqZjdsP&mk=0&mb=1&usg=AFQjCNHmUhJ8Y0GSByN4LsPCfuFxXEkVPA" "Mozilla/4.0 (compatible; MSIE 8.0; Windows NT 5.1; Trident/4.0)"
87.187.221.225 - - [13/Apr/2010:19:03:27 +0200] "GET /content/erziehungs-und-familienberatung/ HTTP/1.1" 404 352 "http://www.google.de/url?sa=t&source=web&ct=res&cd=2&ved=0CAgQFjAB&url=http%3A%2F%2Fwww.awo-kv-bernau.de%2Fcontent%2Ferziehungs-und-familienberatung%2F&rct=j&q=awo+bernau+beratungsstelle&ei=yqPES8aSEtCNOLqZjdsP&mk=0&mb=1&usg=AFQjCNGcfIAB2_sKhwHBsXV2H9O0Daw0fA" "Mozilla/4.0 (compatible; MSIE 8.0; Windows NT 5.1; Trident/4.0)"
81.17.208.4 - - [13/Apr/2010:19:03:57 +0200] "GET /content/kalender/jax_calendar.php?Y=2004&m=4&d=12&cal_id=0&language=german&gmt_ofs=-1&view=d30 HTTP/1.0" 404 345 "http://www.awo-kv-bernau.de/content/kalender/jax_calendar.php?language=German" "Mozilla/5.0 (compatible; jobs.de-Robot +http://www.jobs.de)"
81.17.208.4 - - [13/Apr/2010:19:04:20 +0200] "GET /content/kalender/jax_calendar.php?Y=2010&m=4&d=28&view=d1 HTTP/1.0" 404 345 "http://www.awo-kv-bernau.de/content/kalender/jax_calendar.php?language=German" "Mozilla/5.0 (compatible; jobs.de-Robot +http://www.jobs.de)"
81.17.208.4 - - [13/Apr/2010:19:04:43 +0200] "GET /content/kalender/jax_calendar.php?Y=2010&m=4&d=12&do=show_event&key=311c6fb5434624b66ac694439917715f&cal_id=0&language=german&gmt_ofs=-1&view=d30&evt_date=%3Cb%3E06.04.2010%3C%2Fb%3E+18%3A00&evt_title=Treffen+der+Selbsthilfegruppe+%26quot%3BBalance%26quot%3B HTTP/1.0" 404 345 "http://www.awo-kv-bernau.de/content/kalender/jax_calendar.php?language=German" "Mozilla/5.0 (compatible; jobs.de-Robot +http://www.jobs.de)"
66.249.65.230 - - [13/Apr/2010:19:04:49 +0200] "GET /content/kalender/jax_calendar.php?Y=-1590&m=10&d=6&view=d1 HTTP/1.1" 404 345 "-" "Mozilla/5.0 (compatible; Googlebot/2.1; +http://www.google.com/bot.html)"
81.17.208.4 - - [13/Apr/2010:19:05:06 +0200] "GET /content/kalender/jax_calendar.php?Y=2010&m=4&d=12&do=show_event&key=234ba5d3baffa753291eeecb39c76cf3&cal_id=0&language=german&gmt_ofs=-1&view=d30&evt_date=%3Cb%3E20.04.2010%3C%2Fb%3E+18%3A00&evt_title=Treffen+der+Selbsthilfegruppe+%26quot%3BBalance%26quot%3B HTTP/1.0" 404 345 "http://www.awo-kv-bernau.de/content/kalender/jax_calendar.php?language=German" "Mozilla/5.0 (compatible; jobs.de-Robot +http://www.jobs.de)"
81.17.208.4 - - [13/Apr/2010:19:05:29 +0200] "GET /content/kalender/jax_calendar.php?Y=2010&m=4&d=12&do=show_event&key=1a94c3573ce540d80776f68ff623e149&cal_id=0&language=german&gmt_ofs=-1&view=d30&evt_date=%3Cb%3E12.04.2010%3C%2Fb%3E+15%3A30&evt_title=Grundlagen+des+Strickens HTTP/1.0" 404 345 "http://www.awo-kv-bernau.de/content/kalender/jax_calendar.php?language=German" "Mozilla/5.0 (compatible; jobs.de-Robot +http://www.jobs.de)"
81.17.208.4 - - [13/Apr/2010:19:05:53 +0200] "GET /content/kalender/jax_calendar.php?Y=2011&m=4&d=12&cal_id=0&language=german&gmt_ofs=-1&view=d30 HTTP/1.0" 404 345 "http://www.awo-kv-bernau.de/content/kalender/jax_calendar.php?language=German" "Mozilla/5.0 (compatible; jobs.de-Robot +http://www.jobs.de)"
81.17.208.4 - - [13/Apr/2010:19:06:36 +0200] "GET /content/kalender/jax_calendar.php?Y=2010&m=4&d=5&view=d1 HTTP/1.0" 404 345 "http://www.awo-kv-bernau.de/content/kalender/jax_calendar.php?language=German" "Mozilla/5.0 (compatible; jobs.de-Robot +http://www.jobs.de)"
81.17.208.4 - - [13/Apr/2010:19:06:39 +0200] "GET /content/kalender/jax_calendar.php?Y=2010&m=4&d=12&do=show_event&key=488132361b8a88a8d0c4431ba88a783e&cal_id=0&language=german&gmt_ofs=-1&view=d30&evt_date=%3Cb%3E13.04.2010%3C%2Fb%3E+19%3A30&evt_title=Acht+Schritte+zum+Gl%FCck HTTP/1.0" 404 345 "http://www.awo-kv-bernau.de/content/kalender/jax_calendar.php?language=German" "Mozilla/5.0 (compatible; jobs.de-Robot +http://www.jobs.de)"
81.17.208.4 - - [13/Apr/2010:19:07:00 +0200] "GET /content/kalender/jax_calendar.php?Y=2010&m=4&d=12&do=show_event&key=f8302d44f2bb7b57f41e67175588519c&cal_id=0&language=german&gmt_ofs=-1&view=d30&evt_date=%3Cb%3E16.04.2010%3C%2Fb%3E+17%3A00&evt_title=Zeichenkurs HTTP/1.0" 404 345 "http://www.awo-kv-bernau.de/content/kalender/jax_calendar.php?language=German" "Mozilla/5.0 (compatible; jobs.de-Robot +http://www.jobs.de)"
81.17.208.4 - - [13/Apr/2010:19:07:43 +0200] "GET /content/kalender/jax_calendar.php?Y=2007&m=4&d=12&cal_id=0&language=german&gmt_ofs=-1&view=d30 HTTP/1.0" 404 345 "http://www.awo-kv-bernau.de/content/kalender/jax_calendar.php?language=German" "Mozilla/5.0 (compatible; jobs.de-Robot +http://www.jobs.de)"
81.17.208.4 - - [13/Apr/2010:19:08:06 +0200] "GET /content/kalender/jax_calendar.php?Y=2010&m=12&d=12&cal_id=0&language=german&gmt_ofs=-1&view=d30 HTTP/1.0" 404 345 "http://www.awo-kv-bernau.de/content/kalender/jax_calendar.php?language=German" "Mozilla/5.0 (compatible; jobs.de-Robot +http://www.jobs.de)"
81.17.208.4 - - [13/Apr/2010:19:08:29 +0200] "GET /content/kalender/jax_calendar.php?Y=2010&m=4&d=12&do=show_event&key=7dec6826f47050bd7ee1971d7a6c50ee&cal_id=0&language=german&gmt_ofs=-1&view=d30&evt_date=%3Cb%3E07.04.2010%3C%2Fb%3E+09%3A30&evt_title=Gemeinsames+Fr%FChst%FCck HTTP/1.0" 404 345 "http://www.awo-kv-bernau.de/content/kalender/jax_calendar.php?language=German" "Mozilla/5.0 (compatible; jobs.de-Robot +http://www.jobs.de)"
81.17.208.4 - - [13/Apr/2010:19:08:31 +0200] "GET /content/kalender/jax_calendar.php?Y=2010&m=4&d=14&view=d1 HTTP/1.0" 404 345 "http://www.awo-kv-bernau.de/content/kalender/jax_calendar.php?language=German" "Mozilla/5.0 (compatible; jobs.de-Robot +http://www.jobs.de)"
81.17.208.4 - - [13/Apr/2010:19:08:54 +0200] "GET /content/kalender/jax_calendar.php?Y=2016&m=4&d=12&cal_id=0&language=german&gmt_ofs=-1&view=d30 HTTP/1.0" 404 345 "http://www.awo-kv-bernau.de/content/kalender/jax_calendar.php?language=German" "Mozilla/5.0 (compatible; jobs.de-Robot +http://www.jobs.de)"
81.17.208.4 - - [13/Apr/2010:19:09:15 +0200] "GET /content/kalender/jax_calendar.php?Y=2010&m=4&d=13&view=d1 HTTP/1.0" 404 345 "http://www.awo-kv-bernau.de/content/kalender/jax_calendar.php?language=German" "Mozilla/5.0 (compatible; jobs.de-Robot +http://www.jobs.de)"
81.17.208.4 - - [13/Apr/2010:19:09:38 +0200] "GET /content/kalender/jax_calendar.php?Y=2020&m=4&d=12&cal_id=0&language=german&gmt_ofs=-1&view=d30 HTTP/1.0" 404 345 "http://www.awo-kv-bernau.de/content/kalender/jax_calendar.php?language=German" "Mozilla/5.0 (compatible; jobs.de-Robot +http://www.jobs.de)"
81.17.208.4 - - [13/Apr/2010:19:10:01 +0200] "GET /content/kalender/jax_calendar.php?Y=2003&m=4&d=12&cal_id=0&language=german&gmt_ofs=-1&view=d30 HTTP/1.0" 404 345 "http://www.awo-kv-bernau.de/content/kalender/jax_calendar.php?language=German" "Mozilla/5.0 (compatible; jobs.de-Robot +http://www.jobs.de)"
81.17.208.4 - - [13/Apr/2010:19:10:45 +0200] "GET /content/kalender/jax_calendar.php?Y=2010&m=4&d=12&do=show_event&key=73a737bef5e6d7e9a48844335997149a&cal_id=0&language=german&gmt_ofs=-1&view=d30&evt_date=%3Cb%3E16.04.2010%3C%2Fb%3E+18%3A30&evt_title=Reiki HTTP/1.0" 404 345 "http://www.awo-kv-bernau.de/content/kalender/jax_calendar.php?language=German" "Mozilla/5.0 (compatible; jobs.de-Robot +http://www.jobs.de)"
81.17.208.4 - - [13/Apr/2010:19:11:07 +0200] "GET /content/kalender/jax_calendar.php?Y=2010&m=4&d=11&view=d1 HTTP/1.0" 404 345 "http://www.awo-kv-bernau.de/content/kalender/jax_calendar.php?language=German" "Mozilla/5.0 (compatible; jobs.de-Robot +http://www.jobs.de)"
66.249.65.230 - - [13/Apr/2010:19:14:29 +0200] "GET /content/kalender/jax_calendar.php?Y=-1469&m=4&d=15&view=d1 HTTP/1.1" 404 345 "-" "Mozilla/5.0 (compatible; Googlebot/2.1; +http://www.google.com/bot.html)"
66.249.65.230 - - [13/Apr/2010:19:21:21 +0200] "GET /content/kalender/jax_calendar.php?Y=-1580&m=8&d=24&view=d1 HTTP/1.1" 404 345 "-" "Mozilla/5.0 (compatible; Googlebot/2.1; +http://www.google.com/bot.html)"
66.249.65.230 - - [13/Apr/2010:19:21:22 +0200] "GET /content/kalender/jax_calendar.php?Y=-1593&m=10&d=36&view=d1 HTTP/1.1" 404 345 "-" "Mozilla/5.0 (compatible; Googlebot/2.1; +http://www.google.com/bot.html)"
66.249.65.230 - - [13/Apr/2010:19:21:23 +0200] "GET /content/kalender/jax_calendar.php?Y=-1470&m=7&d=14&view=d1 HTTP/1.1" 404 345 "-" "Mozilla/5.0 (compatible; Googlebot/2.1; +http://www.google.com/bot.html)"
66.249.65.230 - - [13/Apr/2010:19:21:24 +0200] "GET /content/kalender/jax_calendar.php?Y=-389&m=5&d=10&view=d1 HTTP/1.1" 404 345 "-" "Mozilla/5.0 (compatible; Googlebot/2.1; +http://www.google.com/bot.html)"
66.249.65.230 - - [13/Apr/2010:19:21:24 +0200] "GET /content/kalender/jax_calendar.php?Y=-1583&m=1&d=24&view=d1 HTTP/1.1" 404 345 "-" "Mozilla/5.0 (compatible; Googlebot/2.1; +http://www.google.com/bot.html)"
87.185.244.171 - - [13/Apr/2010:19:22:18 +0200] "GET /content/pusteblume/ HTTP/1.1" 404 331 "http://www.google.de/search?client=opera&rls=de&q=kita+pusteblume+wandlitz+konzept&sourceid=opera&ie=utf-8&oe=utf-8" "Opera/9.80 (Windows NT 5.1; U; de) Presto/2.5.22 Version/10.51"
87.185.244.171 - - [13/Apr/2010:19:22:18 +0200] "GET /favicon.ico HTTP/1.1" 404 323 "http://www.awo-kv-bernau.de/content/pusteblume/" "Opera/9.80 (Windows NT 5.1; U; de) Presto/2.5.22 Version/10.51"
66.249.65.230 - - [13/Apr/2010:19:22:27 +0200] "GET /content/kalender/jax_calendar.php?Y=-54&m=7&d=8&view=d1 HTTP/1.1" 404 345 "-" "Mozilla/5.0 (compatible; Googlebot/2.1; +http://www.google.com/bot.html)"
79.194.58.32 - - [13/Apr/2010:19:22:48 +0200] "GET / HTTP/1.1" 200 1229 "http://www.google.de/search?hl=de&ei=Y6jES9maBMuLOLj_sbUP&sa=X&oi=spell&resnum=0&ct=result&cd=1&ved=0CAwQBSgA&q=www.awo-kv-bernau.de&spell=1" "Mozilla/4.0 (compatible; MSIE 8.0; Windows NT 6.1; Trident/4.0; SLCC2; .NET CLR 2.0.50727; .NET CLR 3.5.30729; .NET CLR 3.0.30729; Media Center PC 6.0; Tablet PC 2.0; InfoPath.2)"
79.194.58.32 - - [13/Apr/2010:19:22:48 +0200] "GET /favicon.ico HTTP/1.1" 404 323 "-" "Mozilla/4.0 (compatible; MSIE 8.0; Windows NT 6.1; Trident/4.0; SLCC2; .NET CLR 2.0.50727; .NET CLR 3.5.30729; .NET CLR 3.0.30729; Media Center PC 6.0; Tablet PC 2.0; InfoPath.2)"
207.46.199.52 - - [13/Apr/2010:19:33:50 +0200] "GET /content/kalender/jax_calendar.php?Y=2020&m=8&d=4&cal_id=0&language=german&gmt_ofs=-1&view=d30 HTTP/1.1" 404 345 "-" "msnbot/2.0b (+http://search.msn.com/msnbot.htm)"
