209.51.162.220 - - [01/May/2011:05:53:10 +0200] "GET /robots.txt HTTP/1.1" 404 - "-" "ShopWiki/1.0 ( +http://www.shopwiki.com/wiki/Help:Bot)"
208.80.194.32 - - [02/May/2011:03:52:35 +0200] "GET / HTTP/1.0" 200 1244 "-" "Mozilla/4.0 (compatible; MSIE 7.0; Windows NT 5.1; .NET CLR 1.0.3705; .NET CLR 1.1.4322; Media Center PC 3.0; .NET CLR 2.0.50727; .NET CLR 3.0.04506.30)"
67.152.29.130 - - [02/May/2011:06:11:09 +0200] "GET /robots.txt HTTP/1.1" 404 - "-" "ShopWiki/1.0 ( +http://www.shopwiki.com/wiki/Help:Bot)"
209.51.162.219 - - [02/May/2011:12:47:06 +0200] "GET /robots.txt HTTP/1.1" 404 - "-" "ShopWiki/1.0 ( +http://www.shopwiki.com/wiki/Help:Bot)"
8.11.2.9 - - [02/May/2011:16:22:57 +0200] "GET /robots.txt HTTP/1.1" 404 - "-" "ShopWiki/1.0 ( +http://www.shopwiki.com/wiki/Help:Bot)"
209.51.162.219 - - [02/May/2011:20:02:56 +0200] "GET /robots.txt HTTP/1.1" 404 - "-" "ShopWiki/1.0 ( +http://www.shopwiki.com/wiki/Help:Bot)"
8.11.2.9 - - [03/May/2011:15:19:02 +0200] "GET /robots.txt HTTP/1.1" 404 - "-" "ShopWiki/1.0 ( +http://www.shopwiki.com/wiki/Help:Bot)"
208.80.194.27 - - [03/May/2011:22:02:13 +0200] "GET / HTTP/1.0" 200 1244 "-" "Mozilla/4.0 (compatible; MSIE 6.0; Windows NT 5.0; DigExt; Creative)"
209.51.162.219 - - [04/May/2011:06:24:42 +0200] "GET /robots.txt HTTP/1.1" 404 - "-" "ShopWiki/1.0 ( +http://www.shopwiki.com/wiki/Help:Bot)"
95.108.158.134 - - [04/May/2011:08:12:25 +0200] "GET /robots.txt HTTP/1.1" 404 - "-" "Mozilla/5.0 (compatible; YandexBot/3.0; +http://yandex.com/bots)"
95.108.158.134 - - [04/May/2011:08:57:06 +0200] "GET / HTTP/1.1" 200 1244 "-" "Mozilla/5.0 (compatible; YandexBot/3.0; +http://yandex.com/bots)"
209.51.162.219 - - [04/May/2011:10:27:09 +0200] "GET /robots.txt HTTP/1.1" 404 - "-" "ShopWiki/1.0 ( +http://www.shopwiki.com/wiki/Help:Bot)"
67.195.37.190 - - [04/May/2011:18:39:11 +0200] "GET /robots.txt HTTP/1.0" 404 - "-" "Mozilla/5.0 (compatible; Yahoo! Slurp; http://help.yahoo.com/help/us/ysearch/slurp)"
67.195.37.190 - - [04/May/2011:18:39:11 +0200] "GET /livezilla/livezilla.php HTTP/1.0" 200 90048 "-" "Mozilla/5.0 (compatible; Yahoo! Slurp; http://help.yahoo.com/help/us/ysearch/slurp)"
67.195.37.190 - - [04/May/2011:18:39:13 +0200] "GET /livezilla/templates/nojava.html HTTP/1.0" 200 1088 "-" "Mozilla/5.0 (compatible; Yahoo! Slurp; http://help.yahoo.com/help/us/ysearch/slurp)"
209.51.162.219 - - [04/May/2011:19:49:17 +0200] "GET /robots.txt HTTP/1.1" 404 - "-" "ShopWiki/1.0 ( +http://www.shopwiki.com/wiki/Help:Bot)"
66.249.67.204 - - [04/May/2011:20:04:48 +0200] "GET /robots.txt HTTP/1.1" 404 - "-" "Mozilla/5.0 (compatible; Googlebot/2.1; +http://www.google.com/bot.html)"
66.249.67.204 - - [04/May/2011:20:04:48 +0200] "GET /livezilla/livezilla.php?template=lz_chat_frame.1.1& HTTP/1.1" 200 2385 "-" "Mozilla/5.0 (compatible; Googlebot/2.1; +http://www.google.com/bot.html)"
66.249.67.204 - - [04/May/2011:21:04:44 +0200] "GET /livezilla/livezilla.php?template=lz_chat_frame.3.2.login& HTTP/1.1" 200 1105 "-" "Mozilla/5.0 (compatible; Googlebot/2.1; +http://www.google.com/bot.html)"
209.51.162.220 - - [04/May/2011:23:03:03 +0200] "GET /robots.txt HTTP/1.1" 404 - "-" "ShopWiki/1.0 ( +http://www.shopwiki.com/wiki/Help:Bot)"
67.152.29.130 - - [05/May/2011:06:00:55 +0200] "GET /robots.txt HTTP/1.1" 404 - "-" "ShopWiki/1.0 ( +http://www.shopwiki.com/wiki/Help:Bot)"
208.80.194.29 - - [05/May/2011:16:24:17 +0200] "GET / HTTP/1.0" 200 1244 "-" "Mozilla/4.0 (compatible; MSIE 6.0; Windows NT 5.1; SV1; RCP000.009.00510/7c53eba4c4589d4f81e4af39df18422f; .NET CLR 1.1.4322)"
209.51.162.219 - - [06/May/2011:21:28:48 +0200] "GET /robots.txt HTTP/1.1" 404 - "-" "ShopWiki/1.0 ( +http://www.shopwiki.com/wiki/Help:Bot)"
66.249.67.204 - - [07/May/2011:09:52:04 +0200] "GET /robots.txt HTTP/1.1" 404 - "-" "Mozilla/5.0 (compatible; Googlebot/2.1; +http://www.google.com/bot.html)"
66.249.67.204 - - [07/May/2011:09:52:04 +0200] "GET /livezilla/livezilla.php?template=lz_chat_frame.3.0 HTTP/1.1" 200 321 "-" "Mozilla/5.0 (compatible; Googlebot/2.1; +http://www.google.com/bot.html)"
208.80.194.32 - - [07/May/2011:14:37:29 +0200] "GET / HTTP/1.0" 200 1244 "-" "Mozilla/4.0 (compatible; MSIE 6.0; Windows NT 5.1; SV1; snprtz|S27145200001031|2600#Service Pack 2#2#5#154321|isdn)"
67.152.29.130 - - [07/May/2011:21:25:10 +0200] "GET /robots.txt HTTP/1.1" 404 - "-" "ShopWiki/1.0 ( +http://www.shopwiki.com/wiki/Help:Bot)"
8.11.2.10 - - [09/May/2011:07:56:53 +0200] "GET /robots.txt HTTP/1.1" 404 - "-" "ShopWiki/1.0 ( +http://www.shopwiki.com/wiki/Help:Bot)"
208.80.194.35 - - [09/May/2011:08:51:52 +0200] "GET / HTTP/1.0" 200 1244 "-" "Mozilla/4.0 (compatible; MSIE 6.0; Windows NT 5.2; .NET CLR 1.1.1399)"
8.11.2.10 - - [09/May/2011:11:44:24 +0200] "GET /robots.txt HTTP/1.1" 404 - "-" "ShopWiki/1.0 ( +http://www.shopwiki.com/wiki/Help:Bot)"
208.115.111.249 - - [09/May/2011:13:04:30 +0200] "GET /robots.txt HTTP/1.1" 404 - "-" "Mozilla/5.0 (compatible; DotBot/1.1; http://www.dotnetdotcom.org/, crawler@dotnetdotcom.org)"
208.115.111.249 - - [09/May/2011:17:45:24 +0200] "GET /livezilla/%5C HTTP/1.1" 404 - "-" "Mozilla/5.0 (compatible; DotBot/1.1; http://www.dotnetdotcom.org/, crawler@dotnetdotcom.org)"
208.115.111.249 - - [09/May/2011:17:45:29 +0200] "GET /livezilla/livezilla.php HTTP/1.1" 200 90048 "-" "Mozilla/5.0 (compatible; DotBot/1.1; http://www.dotnetdotcom.org/, crawler@dotnetdotcom.org)"
8.11.2.9 - - [09/May/2011:22:40:58 +0200] "GET /robots.txt HTTP/1.1" 404 - "-" "ShopWiki/1.0 ( +http://www.shopwiki.com/wiki/Help:Bot)"
8.11.2.10 - - [10/May/2011:04:24:26 +0200] "GET /robots.txt HTTP/1.1" 404 - "-" "ShopWiki/1.0 ( +http://www.shopwiki.com/wiki/Help:Bot)"
129.187.244.220 - - [10/May/2011:10:09:45 +0200] "GET /livezilla/templates/style.css HTTP/1.0" 200 9496 "http://chat.f-m-shop.de/livezilla/livezilla.php" "Mozilla/5.0 (Windows NT 6.1; rv:2.0.1) Gecko/20100101 Firefox/4.0.1"
129.187.244.220 - - [10/May/2011:10:09:45 +0200] "GET /livezilla/livezilla.php HTTP/1.0" 200 90200 "http://www.f-m-shop.de/seiten/prod_detail_neuer.cfm?kat=HDDNASL&nav=2&artnr=A%20%2034684" "Mozilla/5.0 (Windows NT 6.1; rv:2.0.1) Gecko/20100101 Firefox/4.0.1"
129.187.244.220 - - [10/May/2011:10:09:45 +0200] "GET /livezilla/images/favicon.ico HTTP/1.0" 200 43302 "-" "Mozilla/5.0 (Windows NT 6.1; rv:2.0.1) Gecko/20100101 Firefox/4.0.1"
129.187.244.220 - - [10/May/2011:10:09:45 +0200] "GET /livezilla/livezilla.php?template=lz_chat_frame.0.1 HTTP/1.0" 200 343 "http://chat.f-m-shop.de/livezilla/livezilla.php" "Mozilla/5.0 (Windows NT 6.1; rv:2.0.1) Gecko/20100101 Firefox/4.0.1"
129.187.244.220 - - [10/May/2011:10:09:45 +0200] "GET /livezilla/livezilla.php?template=lz_chat_frame.1.0 HTTP/1.0" 200 344 "http://chat.f-m-shop.de/livezilla/livezilla.php" "Mozilla/5.0 (Windows NT 6.1; rv:2.0.1) Gecko/20100101 Firefox/4.0.1"
129.187.244.220 - - [10/May/2011:10:09:45 +0200] "GET /livezilla/livezilla.php?template=lz_chat_frame.0.2 HTTP/1.0" 200 321 "http://chat.f-m-shop.de/livezilla/livezilla.php" "Mozilla/5.0 (Windows NT 6.1; rv:2.0.1) Gecko/20100101 Firefox/4.0.1"
129.187.244.220 - - [10/May/2011:10:09:46 +0200] "GET /livezilla/livezilla.php?template=lz_chat_frame.3.2.login& HTTP/1.0" 200 1105 "http://chat.f-m-shop.de/livezilla/livezilla.php" "Mozilla/5.0 (Windows NT 6.1; rv:2.0.1) Gecko/20100101 Firefox/4.0.1"
129.187.244.220 - - [10/May/2011:10:09:45 +0200] "GET /livezilla/livezilla.php?template=lz_chat_frame.0.0 HTTP/1.0" 200 338 "http://chat.f-m-shop.de/livezilla/livezilla.php" "Mozilla/5.0 (Windows NT 6.1; rv:2.0.1) Gecko/20100101 Firefox/4.0.1"
129.187.244.220 - - [10/May/2011:10:09:46 +0200] "GET /livezilla/livezilla.php?template=lz_chat_frame.1.2 HTTP/1.0" 200 345 "http://chat.f-m-shop.de/livezilla/livezilla.php" "Mozilla/5.0 (Windows NT 6.1; rv:2.0.1) Gecko/20100101 Firefox/4.0.1"
129.187.244.220 - - [10/May/2011:10:09:46 +0200] "GET /livezilla/livezilla.php?template=lz_chat_frame.1.1& HTTP/1.0" 200 2407 "http://chat.f-m-shop.de/livezilla/livezilla.php" "Mozilla/5.0 (Windows NT 6.1; rv:2.0.1) Gecko/20100101 Firefox/4.0.1"
129.187.244.220 - - [10/May/2011:10:09:46 +0200] "GET /livezilla/livezilla.php?template=lz_chat_frame.2.0 HTTP/1.0" 200 344 "http://chat.f-m-shop.de/livezilla/livezilla.php" "Mozilla/5.0 (Windows NT 6.1; rv:2.0.1) Gecko/20100101 Firefox/4.0.1"
129.187.244.220 - - [10/May/2011:10:09:47 +0200] "GET /livezilla/images/carrier_logo.gif HTTP/1.0" 404 - "http://chat.f-m-shop.de/livezilla/livezilla.php?template=lz_chat_frame.1.1&" "Mozilla/5.0 (Windows NT 6.1; rv:2.0.1) Gecko/20100101 Firefox/4.0.1"
129.187.244.220 - - [10/May/2011:10:09:46 +0200] "GET /livezilla/livezilla.php?template=lz_chat_frame.4.1 HTTP/1.0" 200 578 "http://chat.f-m-shop.de/livezilla/livezilla.php" "Mozilla/5.0 (Windows NT 6.1; rv:2.0.1) Gecko/20100101 Firefox/4.0.1"
129.187.244.220 - - [10/May/2011:10:09:47 +0200] "GET /livezilla/livezilla.php?template=lz_chat_frame.2.2 HTTP/1.0" 200 345 "http://chat.f-m-shop.de/livezilla/livezilla.php" "Mozilla/5.0 (Windows NT 6.1; rv:2.0.1) Gecko/20100101 Firefox/4.0.1"
129.187.244.220 - - [10/May/2011:10:09:47 +0200] "GET /livezilla/livezilla.php?template=lz_chat_frame.5.1 HTTP/1.0" 200 345 "http://chat.f-m-shop.de/livezilla/livezilla.php" "Mozilla/5.0 (Windows NT 6.1; rv:2.0.1) Gecko/20100101 Firefox/4.0.1"
129.187.244.220 - - [10/May/2011:10:09:47 +0200] "GET /livezilla/livezilla.php?template=lz_chat_frame.3.0 HTTP/1.0" 200 321 "http://chat.f-m-shop.de/livezilla/livezilla.php" "Mozilla/5.0 (Windows NT 6.1; rv:2.0.1) Gecko/20100101 Firefox/4.0.1"
129.187.244.220 - - [10/May/2011:10:09:47 +0200] "GET /livezilla/livezilla.php?template=lz_chat_frame.3.3 HTTP/1.0" 200 321 "http://chat.f-m-shop.de/livezilla/livezilla.php" "Mozilla/5.0 (Windows NT 6.1; rv:2.0.1) Gecko/20100101 Firefox/4.0.1"
129.187.244.220 - - [10/May/2011:10:09:47 +0200] "GET /livezilla/images/icon_vcard.gif HTTP/1.0" 200 559 "http://chat.f-m-shop.de/livezilla/livezilla.php?template=lz_chat_frame.1.1&" "Mozilla/5.0 (Windows NT 6.1; rv:2.0.1) Gecko/20100101 Firefox/4.0.1"
129.187.244.220 - - [10/May/2011:10:09:47 +0200] "GET /livezilla/images/icon_typing.gif HTTP/1.0" 200 1106 "http://chat.f-m-shop.de/livezilla/livezilla.php?template=lz_chat_frame.1.1&" "Mozilla/5.0 (Windows NT 6.1; rv:2.0.1) Gecko/20100101 Firefox/4.0.1"
129.187.244.220 - - [10/May/2011:10:09:47 +0200] "GET /livezilla/intern_images/nopic.jpg HTTP/1.0" 200 3599 "http://chat.f-m-shop.de/livezilla/livezilla.php?template=lz_chat_frame.1.1&" "Mozilla/5.0 (Windows NT 6.1; rv:2.0.1) Gecko/20100101 Firefox/4.0.1"
129.187.244.220 - - [10/May/2011:10:09:47 +0200] "GET /livezilla/images/lz_header.gif HTTP/1.0" 200 7285 "http://chat.f-m-shop.de/livezilla/livezilla.php?template=lz_chat_frame.1.1&" "Mozilla/5.0 (Windows NT 6.1; rv:2.0.1) Gecko/20100101 Firefox/4.0.1"
129.187.244.220 - - [10/May/2011:10:09:47 +0200] "GET /livezilla/livezilla.php?template=lz_chat_frame.3.2.login.2.0 HTTP/1.0" 200 361 "http://chat.f-m-shop.de/livezilla/livezilla.php?template=lz_chat_frame.3.2.login&" "Mozilla/5.0 (Windows NT 6.1; rv:2.0.1) Gecko/20100101 Firefox/4.0.1"
129.187.244.220 - - [10/May/2011:10:09:48 +0200] "GET /livezilla/images/lz_rep_bg.gif HTTP/1.0" 200 320 "http://chat.f-m-shop.de/livezilla/livezilla.php?template=lz_chat_frame.1.1&" "Mozilla/5.0 (Windows NT 6.1; rv:2.0.1) Gecko/20100101 Firefox/4.0.1"
129.187.244.220 - - [10/May/2011:10:09:48 +0200] "GET /livezilla/images/lz_rep_bg_left.gif HTTP/1.0" 200 593 "http://chat.f-m-shop.de/livezilla/livezilla.php?template=lz_chat_frame.1.1&" "Mozilla/5.0 (Windows NT 6.1; rv:2.0.1) Gecko/20100101 Firefox/4.0.1"
129.187.244.220 - - [10/May/2011:10:09:48 +0200] "GET /livezilla/images/lz_rep_bg_right.gif HTTP/1.0" 200 590 "http://chat.f-m-shop.de/livezilla/livezilla.php?template=lz_chat_frame.1.1&" "Mozilla/5.0 (Windows NT 6.1; rv:2.0.1) Gecko/20100101 Firefox/4.0.1"
129.187.244.220 - - [10/May/2011:10:09:48 +0200] "GET /livezilla/images/chat_bg_footer.gif HTTP/1.0" 200 194 "http://chat.f-m-shop.de/livezilla/templates/style.css" "Mozilla/5.0 (Windows NT 6.1; rv:2.0.1) Gecko/20100101 Firefox/4.0.1"
129.187.244.220 - - [10/May/2011:10:09:47 +0200] "GET /livezilla/livezilla.php?template=lz_chat_frame.3.2.login.0.0 HTTP/1.0" 200 1427 "http://chat.f-m-shop.de/livezilla/livezilla.php?template=lz_chat_frame.3.2.login&" "Mozilla/5.0 (Windows NT 6.1; rv:2.0.1) Gecko/20100101 Firefox/4.0.1"
129.187.244.220 - - [10/May/2011:10:09:48 +0200] "GET /livezilla/images/chat_bg_footer_top.gif HTTP/1.0" 200 858 "http://chat.f-m-shop.de/livezilla/templates/style.css" "Mozilla/5.0 (Windows NT 6.1; rv:2.0.1) Gecko/20100101 Firefox/4.0.1"
129.187.244.220 - - [10/May/2011:10:09:47 +0200] "GET /livezilla/livezilla.php?template=lz_chat_frame.3.2.login.1.0& HTTP/1.0" 200 3689 "http://chat.f-m-shop.de/livezilla/livezilla.php?template=lz_chat_frame.3.2.login&" "Mozilla/5.0 (Windows NT 6.1; rv:2.0.1) Gecko/20100101 Firefox/4.0.1"
129.187.244.220 - - [10/May/2011:10:09:48 +0200] "GET /livezilla/images/chat_bg_navigation_left.gif HTTP/1.0" 200 1078 "http://chat.f-m-shop.de/livezilla/livezilla.php?template=lz_chat_frame.3.2.login.0.0" "Mozilla/5.0 (Windows NT 6.1; rv:2.0.1) Gecko/20100101 Firefox/4.0.1"
129.187.244.220 - - [10/May/2011:10:09:48 +0200] "GET /livezilla/images/button_close.gif HTTP/1.0" 200 1239 "http://chat.f-m-shop.de/livezilla/livezilla.php?template=lz_chat_frame.3.2.login.0.0" "Mozilla/5.0 (Windows NT 6.1; rv:2.0.1) Gecko/20100101 Firefox/4.0.1"
129.187.244.220 - - [10/May/2011:10:09:48 +0200] "GET /livezilla/images/button_fav.gif HTTP/1.0" 200 1344 "http://chat.f-m-shop.de/livezilla/livezilla.php?template=lz_chat_frame.3.2.login.0.0" "Mozilla/5.0 (Windows NT 6.1; rv:2.0.1) Gecko/20100101 Firefox/4.0.1"
129.187.244.220 - - [10/May/2011:10:09:48 +0200] "GET /livezilla/images/chat_bg_navigation_right.gif HTTP/1.0" 200 675 "http://chat.f-m-shop.de/livezilla/livezilla.php?template=lz_chat_frame.3.2.login.0.0" "Mozilla/5.0 (Windows NT 6.1; rv:2.0.1) Gecko/20100101 Firefox/4.0.1"
129.187.244.220 - - [10/May/2011:10:09:48 +0200] "GET /livezilla/images/chat_bg_navigation_dev.gif HTTP/1.0" 200 367 "http://chat.f-m-shop.de/livezilla/livezilla.php?template=lz_chat_frame.3.2.login.0.0" "Mozilla/5.0 (Windows NT 6.1; rv:2.0.1) Gecko/20100101 Firefox/4.0.1"
129.187.244.220 - - [10/May/2011:10:09:48 +0200] "GET /livezilla/images/icon_info.gif HTTP/1.0" 200 1703 "http://chat.f-m-shop.de/livezilla/livezilla.php?template=lz_chat_frame.3.2.login.1.0&" "Mozilla/5.0 (Windows NT 6.1; rv:2.0.1) Gecko/20100101 Firefox/4.0.1"
129.187.244.220 - - [10/May/2011:10:09:48 +0200] "GET /livezilla/images/icon_network.gif HTTP/1.0" 200 354 "http://chat.f-m-shop.de/livezilla/livezilla.php?template=lz_chat_frame.3.2.login.1.0&" "Mozilla/5.0 (Windows NT 6.1; rv:2.0.1) Gecko/20100101 Firefox/4.0.1"
129.187.244.220 - - [10/May/2011:10:09:48 +0200] "GET /livezilla/images/chat_bg_navigation.gif HTTP/1.0" 200 258 "http://chat.f-m-shop.de/livezilla/templates/style.css" "Mozilla/5.0 (Windows NT 6.1; rv:2.0.1) Gecko/20100101 Firefox/4.0.1"
129.187.244.220 - - [10/May/2011:10:09:48 +0200] "GET /livezilla/images/lz_button.gif HTTP/1.0" 200 838 "http://chat.f-m-shop.de/livezilla/templates/style.css" "Mozilla/5.0 (Windows NT 6.1; rv:2.0.1) Gecko/20100101 Firefox/4.0.1"
129.187.244.220 - - [10/May/2011:10:09:48 +0200] "GET /livezilla/images/chat_bg_navigation_sub.gif HTTP/1.0" 200 76 "http://chat.f-m-shop.de/livezilla/templates/style.css" "Mozilla/5.0 (Windows NT 6.1; rv:2.0.1) Gecko/20100101 Firefox/4.0.1"
129.187.244.220 - - [10/May/2011:10:09:48 +0200] "GET /livezilla/templates/nojava.html HTTP/1.0" 200 1088 "-" "Mozilla/5.0 (Windows NT 6.1; rv:2.0.1) Gecko/20100101 Firefox/4.0.1"
129.187.244.220 - - [10/May/2011:10:09:48 +0200] "GET /favicon.ico HTTP/1.0" 404 - "-" "Mozilla/5.0 (Windows NT 6.1; rv:2.0.1) Gecko/20100101 Firefox/4.0.1"
209.51.162.219 - - [10/May/2011:10:57:12 +0200] "GET /robots.txt HTTP/1.1" 404 - "-" "ShopWiki/1.0 ( +http://www.shopwiki.com/wiki/Help:Bot)"
8.11.2.10 - - [10/May/2011:17:10:57 +0200] "GET /robots.txt HTTP/1.1" 404 - "-" "ShopWiki/1.0 ( +http://www.shopwiki.com/wiki/Help:Bot)"
209.51.162.220 - - [10/May/2011:20:18:27 +0200] "GET /robots.txt HTTP/1.1" 404 - "-" "ShopWiki/1.0 ( +http://www.shopwiki.com/wiki/Help:Bot)"
208.80.194.27 - - [10/May/2011:21:55:48 +0200] "GET / HTTP/1.0" 200 1244 "-" "Mozilla/4.0 (compatible; MSIE 6.0; AOL 9.0; Windows NT 5.1; SV1; FunWebProducts; .NET CLR 1.1.4322; ZangoToolbar 4.8.3)"
8.11.2.10 - - [11/May/2011:01:18:13 +0200] "GET /robots.txt HTTP/1.1" 404 - "-" "ShopWiki/1.0 ( +http://www.shopwiki.com/wiki/Help:Bot)"
209.51.162.220 - - [11/May/2011:05:55:06 +0200] "GET /robots.txt HTTP/1.1" 404 - "-" "ShopWiki/1.0 ( +http://www.shopwiki.com/wiki/Help:Bot)"
8.11.2.10 - - [11/May/2011:11:45:01 +0200] "GET /robots.txt HTTP/1.1" 404 - "-" "ShopWiki/1.0 ( +http://www.shopwiki.com/wiki/Help:Bot)"
95.108.158.134 - - [11/May/2011:22:30:25 +0200] "GET /robots.txt HTTP/1.1" 404 - "-" "Mozilla/5.0 (compatible; YandexBot/3.0; +http://yandex.com/bots)"
8.11.2.9 - - [12/May/2011:03:44:03 +0200] "GET /robots.txt HTTP/1.1" 404 - "-" "ShopWiki/1.0 ( +http://www.shopwiki.com/wiki/Help:Bot)"
208.80.194.37 - - [12/May/2011:08:34:57 +0200] "GET / HTTP/1.0" 200 1244 "-" "Mozilla/4.0 (compatible; MSIE 7.0; MSN 2.6; Windows NT 5.1; Compaq; FunWebProducts; PeoplePal 3.0)"
209.51.162.220 - - [12/May/2011:13:21:58 +0200] "GET /robots.txt HTTP/1.1" 404 - "-" "ShopWiki/1.0 ( +http://www.shopwiki.com/wiki/Help:Bot)"
95.108.158.134 - - [12/May/2011:14:39:53 +0200] "GET / HTTP/1.1" 200 1244 "-" "Mozilla/5.0 (compatible; YandexBot/3.0; +http://yandex.com/bots)"
8.11.2.10 - - [12/May/2011:22:15:26 +0200] "GET /robots.txt HTTP/1.1" 404 - "-" "ShopWiki/1.0 ( +http://www.shopwiki.com/wiki/Help:Bot)"
209.51.162.219 - - [12/May/2011:22:16:19 +0200] "GET /livezilla/livezilla.php HTTP/1.1" 200 90200 "-" "ShopWiki/1.0 ( +http://www.shopwiki.com/wiki/Help:Bot)"
209.51.162.219 - - [12/May/2011:22:16:20 +0200] "GET /livezilla/templates/style.css HTTP/1.1" 200 9496 "-" "ShopWiki/1.0 ( +http://www.shopwiki.com/wiki/Help:Bot)"
8.11.2.9 - - [12/May/2011:23:06:45 +0200] "GET /livezilla/livezilla.php?template=lz_chat_frame.3.3 HTTP/1.1" 200 321 "-" "ShopWiki/1.0 ( +http://www.shopwiki.com/wiki/Help:Bot)"
8.11.2.9 - - [12/May/2011:23:06:46 +0200] "GET /livezilla/templates/style.css HTTP/1.1" 200 9496 "-" "ShopWiki/1.0 ( +http://www.shopwiki.com/wiki/Help:Bot)"
8.11.2.9 - - [12/May/2011:23:06:47 +0200] "GET /livezilla/livezilla.php?template=lz_chat_frame.3.0 HTTP/1.1" 200 321 "-" "ShopWiki/1.0 ( +http://www.shopwiki.com/wiki/Help:Bot)"
8.11.2.9 - - [12/May/2011:23:06:49 +0200] "GET /livezilla/livezilla.php?template=lz_chat_frame.2.0 HTTP/1.1" 200 344 "-" "ShopWiki/1.0 ( +http://www.shopwiki.com/wiki/Help:Bot)"
8.11.2.9 - - [12/May/2011:23:06:51 +0200] "GET /livezilla/livezilla.php?template=lz_chat_frame.2.2 HTTP/1.1" 200 345 "-" "ShopWiki/1.0 ( +http://www.shopwiki.com/wiki/Help:Bot)"
8.11.2.9 - - [12/May/2011:23:07:01 +0200] "GET /livezilla/livezilla.php?template=lz_chat_frame.5.1 HTTP/1.1" 200 345 "-" "ShopWiki/1.0 ( +http://www.shopwiki.com/wiki/Help:Bot)"
209.51.162.220 - - [12/May/2011:23:07:26 +0200] "GET /livezilla/livezilla.php?template=lz_chat_frame.1.1 HTTP/1.1" 200 2407 "-" "ShopWiki/1.0 ( +http://www.shopwiki.com/wiki/Help:Bot)"
209.51.162.220 - - [12/May/2011:23:07:30 +0200] "GET /livezilla/livezilla.php?template=lz_chat_frame.0.0 HTTP/1.1" 200 338 "-" "ShopWiki/1.0 ( +http://www.shopwiki.com/wiki/Help:Bot)"
209.51.162.220 - - [12/May/2011:23:07:31 +0200] "GET /livezilla/livezilla.php?template=lz_chat_frame.0.2 HTTP/1.1" 200 321 "-" "ShopWiki/1.0 ( +http://www.shopwiki.com/wiki/Help:Bot)"
209.51.162.220 - - [12/May/2011:23:07:32 +0200] "GET /livezilla/livezilla.php?template=lz_chat_frame.0.1 HTTP/1.1" 200 343 "-" "ShopWiki/1.0 ( +http://www.shopwiki.com/wiki/Help:Bot)"
209.51.162.220 - - [12/May/2011:23:07:34 +0200] "GET /livezilla/livezilla.php?template=lz_chat_frame.4.1 HTTP/1.1" 200 578 "-" "ShopWiki/1.0 ( +http://www.shopwiki.com/wiki/Help:Bot)"
209.51.162.220 - - [12/May/2011:23:07:35 +0200] "GET /livezilla/livezilla.php?template=lz_chat_frame.1.0 HTTP/1.1" 200 344 "-" "ShopWiki/1.0 ( +http://www.shopwiki.com/wiki/Help:Bot)"
209.51.162.220 - - [12/May/2011:23:07:36 +0200] "GET /livezilla/livezilla.php?template=lz_chat_frame.1.2 HTTP/1.1" 200 345 "-" "ShopWiki/1.0 ( +http://www.shopwiki.com/wiki/Help:Bot)"
67.152.29.130 - - [13/May/2011:01:46:06 +0200] "GET /robots.txt HTTP/1.1" 404 - "-" "ShopWiki/1.0 ( +http://www.shopwiki.com/wiki/Help:Bot)"
209.51.162.220 - - [13/May/2011:06:49:05 +0200] "GET /robots.txt HTTP/1.1" 404 - "-" "ShopWiki/1.0 ( +http://www.shopwiki.com/wiki/Help:Bot)"
66.249.71.169 - - [13/May/2011:09:28:39 +0200] "GET /robots.txt HTTP/1.1" 404 - "-" "Mozilla/5.0 (compatible; Googlebot/2.1; +http://www.google.com/bot.html)"
66.249.66.184 - - [13/May/2011:09:28:39 +0200] "GET /livezilla/livezilla.php HTTP/1.1" 200 90048 "-" "Mozilla/5.0 (compatible; Googlebot/2.1; +http://www.google.com/bot.html)"
66.249.66.184 - - [13/May/2011:11:46:24 +0200] "GET /livezilla/livezilla.php?template=lz_chat_frame.3.2.login.2.0 HTTP/1.1" 200 361 "-" "Mozilla/5.0 (compatible; Googlebot/2.1; +http://www.google.com/bot.html)"
66.249.66.184 - - [13/May/2011:12:00:42 +0200] "GET /livezilla/livezilla.php?template=lz_chat_frame.3.3 HTTP/1.1" 200 321 "-" "Mozilla/5.0 (compatible; Googlebot/2.1; +http://www.google.com/bot.html)"
67.195.37.190 - - [13/May/2011:12:20:33 +0200] "GET /robots.txt HTTP/1.0" 404 - "-" "Mozilla/5.0 (compatible; Yahoo! Slurp; http://help.yahoo.com/help/us/ysearch/slurp)"
67.195.37.190 - - [13/May/2011:12:20:34 +0200] "GET /livezilla/livezilla.php HTTP/1.0" 200 90048 "-" "Mozilla/5.0 (compatible; Yahoo! Slurp; http://help.yahoo.com/help/us/ysearch/slurp)"
67.195.37.190 - - [13/May/2011:12:20:39 +0200] "GET /livezilla/templates/nojava.html HTTP/1.0" 200 1088 "-" "Mozilla/5.0 (compatible; Yahoo! Slurp; http://help.yahoo.com/help/us/ysearch/slurp)"
66.249.71.169 - - [13/May/2011:13:33:09 +0200] "GET / HTTP/1.1" 200 1244 "-" "Mozilla/5.0 (compatible; Googlebot/2.1; +http://www.google.com/bot.html)"
208.80.194.30 - - [13/May/2011:18:57:34 +0200] "GET / HTTP/1.0" 200 1244 "-" "Mozilla/4.0 (compatible; MSIE 6.0; Windows NT 5.1; SV1; UMLib User; .NET CLR 1.1.4322; InfoPath.1; .NET CLR 2.0.50727)"
209.51.162.219 - - [13/May/2011:19:47:23 +0200] "GET /robots.txt HTTP/1.1" 404 - "-" "ShopWiki/1.0 ( +http://www.shopwiki.com/wiki/Help:Bot)"
209.51.162.219 - - [14/May/2011:00:55:24 +0200] "GET /robots.txt HTTP/1.1" 404 - "-" "ShopWiki/1.0 ( +http://www.shopwiki.com/wiki/Help:Bot)"
67.152.29.130 - - [14/May/2011:04:07:18 +0200] "GET /robots.txt HTTP/1.1" 404 - "-" "ShopWiki/1.0 ( +http://www.shopwiki.com/wiki/Help:Bot)"
209.51.162.219 - - [14/May/2011:18:38:54 +0200] "GET /robots.txt HTTP/1.1" 404 - "-" "ShopWiki/1.0 ( +http://www.shopwiki.com/wiki/Help:Bot)"
208.80.194.29 - - [15/May/2011:05:11:44 +0200] "GET / HTTP/1.0" 200 1244 "-" "Mozilla/4.0 (compatible; MSIE 7.0; Windows NT 5.1; SIMBAR={F654DAE8-9624-423d-BCAE-B7CB7E5B8281}; .NET CLR 1.1.4322)"
209.51.162.220 - - [16/May/2011:03:05:25 +0200] "GET /robots.txt HTTP/1.1" 404 - "-" "ShopWiki/1.0 ( +http://www.shopwiki.com/wiki/Help:Bot)"
208.80.194.37 - - [16/May/2011:15:54:41 +0200] "GET / HTTP/1.0" 200 1244 "-" "Mozilla/4.0 (compatible; MSIE 6.0; Windows NT 5.1; SIMBAR Enabled; SIMBAR={A7615A5E-A057-482f-AA2A-BB41B988FC67}; .NET CLR 1.1.4322; PeoplePal 3.0)"
209.51.162.219 - - [16/May/2011:18:00:40 +0200] "GET /robots.txt HTTP/1.1" 404 - "-" "ShopWiki/1.0 ( +http://www.shopwiki.com/wiki/Help:Bot)"
209.51.162.219 - - [17/May/2011:15:43:02 +0200] "GET /robots.txt HTTP/1.1" 404 - "-" "ShopWiki/1.0 ( +http://www.shopwiki.com/wiki/Help:Bot)"
208.80.194.28 - - [18/May/2011:02:18:56 +0200] "GET / HTTP/1.0" 200 1244 "-" "Mozilla/4.0 (compatible; MSIE 6.0; Windows NT 5.0; Charter B1; .NET CLR 1.1.4322)"
209.51.162.220 - - [18/May/2011:11:22:28 +0200] "GET /robots.txt HTTP/1.1" 404 - "-" "ShopWiki/1.0 ( +http://www.shopwiki.com/wiki/Help:Bot)"
77.208.5.3 - - [18/May/2011:17:58:25 +0200] "GET / HTTP/1.1" 200 1244 "-" "Java/1.6.0_24"
209.51.162.220 - - [18/May/2011:19:23:10 +0200] "GET /robots.txt HTTP/1.1" 404 - "-" "ShopWiki/1.0 ( +http://www.shopwiki.com/wiki/Help:Bot)"
157.55.39.85 - - [18/May/2011:20:03:08 +0200] "GET /robots.txt HTTP/1.1" 404 - "-" "msnbot/2.0b (+http://search.msn.com/msnbot.htm)._"
157.55.39.85 - - [18/May/2011:20:03:09 +0200] "GET /livezilla/livezilla.php HTTP/1.1" 200 90048 "-" "msnbot/2.0b (+http://search.msn.com/msnbot.htm)._"
77.208.75.210 - - [18/May/2011:20:10:05 +0200] "GET /livezilla/server.php?request=track&output=jscript&nse= HTTP/1.1" 302 1722 "http://www.f-m-shop.de/seiten/frame_geizhals.cfm?kat=EINTAST&nav=2&artnr=A__27269" "Mozilla/4.0 (compatible; MSIE 5.0; Windows NT; DigExt)"
95.108.151.244 - - [18/May/2011:21:03:24 +0200] "GET /robots.txt HTTP/1.1" 404 - "-" "Mozilla/5.0 (compatible; YandexBot/3.0; MirrorDetector; +http://yandex.com/bots)"
95.108.151.244 - - [18/May/2011:21:03:25 +0200] "GET / HTTP/1.1" 200 1244 "-" "Mozilla/5.0 (compatible; YandexBot/3.0; MirrorDetector; +http://yandex.com/bots)"
95.108.151.244 - - [18/May/2011:21:03:26 +0200] "GET / HTTP/1.1" 200 1244 "-" "Mozilla/5.0 (compatible; YandexBot/3.0; MirrorDetector; +http://yandex.com/bots)"
95.108.158.134 - - [18/May/2011:22:24:49 +0200] "GET /robots.txt HTTP/1.1" 404 - "-" "Mozilla/5.0 (compatible; YandexBot/3.0; +http://yandex.com/bots)"
67.152.29.130 - - [18/May/2011:23:38:37 +0200] "GET /robots.txt HTTP/1.1" 404 - "-" "ShopWiki/1.0 ( +http://www.shopwiki.com/wiki/Help:Bot)"
67.152.29.130 - - [19/May/2011:06:22:58 +0200] "GET /robots.txt HTTP/1.1" 404 - "-" "ShopWiki/1.0 ( +http://www.shopwiki.com/wiki/Help:Bot)"
95.108.158.134 - - [19/May/2011:07:02:48 +0200] "GET / HTTP/1.1" 200 1244 "-" "Mozilla/5.0 (compatible; YandexBot/3.0; +http://yandex.com/bots)"
66.249.72.44 - - [19/May/2011:11:32:18 +0200] "GET /robots.txt HTTP/1.1" 404 - "-" "Mozilla/5.0 (compatible; Googlebot/2.1; +http://www.google.com/bot.html)"
66.249.72.44 - - [19/May/2011:11:32:18 +0200] "GET /livezilla/livezilla.php?template=lz_chat_frame.2.0 HTTP/1.1" 200 344 "-" "Mozilla/5.0 (compatible; Googlebot/2.1; +http://www.google.com/bot.html)"
66.249.72.44 - - [19/May/2011:11:35:17 +0200] "GET /livezilla/livezilla.php?template=lz_chat_frame.1.1& HTTP/1.1" 200 2385 "-" "Mozilla/5.0 (compatible; Googlebot/2.1; +http://www.google.com/bot.html)"
66.249.72.44 - - [19/May/2011:11:59:18 +0200] "GET /livezilla/livezilla.php?template=lz_chat_frame.0.1 HTTP/1.1" 200 343 "-" "Mozilla/5.0 (compatible; Googlebot/2.1; +http://www.google.com/bot.html)"
66.249.72.44 - - [19/May/2011:12:26:20 +0200] "GET /livezilla/livezilla.php?template=lz_chat_frame.2.2 HTTP/1.1" 200 345 "-" "Mozilla/5.0 (compatible; Googlebot/2.1; +http://www.google.com/bot.html)"
209.51.162.220 - - [19/May/2011:13:07:28 +0200] "GET /robots.txt HTTP/1.1" 404 - "-" "ShopWiki/1.0 ( +http://www.shopwiki.com/wiki/Help:Bot)"
208.80.194.36 - - [19/May/2011:13:52:41 +0200] "GET / HTTP/1.0" 200 1244 "-" "Mozilla/4.0 (compatible; MSIE 7.0; Windows NT 5.1; SU 2.011; IEMB3)"
66.249.72.44 - - [19/May/2011:18:24:18 +0200] "GET /robots.txt HTTP/1.1" 404 - "-" "Mozilla/5.0 (compatible; Googlebot/2.1; +http://www.google.com/bot.html)"
66.249.72.44 - - [19/May/2011:18:24:18 +0200] "GET /livezilla/livezilla.php?template=lz_chat_frame.1.2 HTTP/1.1" 200 345 "-" "Mozilla/5.0 (compatible; Googlebot/2.1; +http://www.google.com/bot.html)"
8.11.2.10 - - [19/May/2011:22:57:48 +0200] "GET /robots.txt HTTP/1.1" 404 - "-" "ShopWiki/1.0 ( +http://www.shopwiki.com/wiki/Help:Bot)"
66.249.72.44 - - [20/May/2011:00:22:04 +0200] "GET /livezilla/livezilla.php?template=lz_chat_frame.0.0 HTTP/1.1" 200 338 "-" "Mozilla/5.0 (compatible; Googlebot/2.1; +http://www.google.com/bot.html)"
209.51.162.220 - - [20/May/2011:03:17:37 +0200] "GET /robots.txt HTTP/1.1" 404 - "-" "ShopWiki/1.0 ( +http://www.shopwiki.com/wiki/Help:Bot)"
150.70.64.202 - - [20/May/2011:20:14:59 +0200] "GET /livezilla/server.php?request=track&output=jscript&nse=0.4523090025836639 HTTP/1.0" 302 1722 "-" "Mozilla/4.0 (compatible; MSIE 6.0; Windows NT 5.1)"
209.51.162.219 - - [20/May/2011:23:21:44 +0200] "GET /robots.txt HTTP/1.1" 404 - "-" "ShopWiki/1.0 ( +http://www.shopwiki.com/wiki/Help:Bot)"
208.80.194.26 - - [21/May/2011:03:57:01 +0200] "GET / HTTP/1.0" 200 1244 "-" "Mozilla/4.0 (compatible; MSIE 6.0; Windows NT 5.1; CHWIE_NL70; SV1; .NET CLR 1.1.4322)"
66.249.72.44 - - [21/May/2011:15:59:09 +0200] "GET /robots.txt HTTP/1.1" 404 - "-" "Mozilla/5.0 (compatible; Googlebot/2.1; +http://www.google.com/bot.html)"
66.249.72.44 - - [21/May/2011:15:59:09 +0200] "GET /livezilla/livezilla.php?template=lz_chat_frame.1.0 HTTP/1.1" 200 344 "-" "Mozilla/5.0 (compatible; Googlebot/2.1; +http://www.google.com/bot.html)"
209.51.162.220 - - [22/May/2011:02:51:50 +0200] "GET /robots.txt HTTP/1.1" 404 - "-" "ShopWiki/1.0 ( +http://www.shopwiki.com/wiki/Help:Bot)"
213.186.122.3 - - [22/May/2011:03:15:14 +0200] "GET /robots.txt HTTP/1.1" 404 - "-" "Mozilla/5.0 (compatible; SiteBot/0.1; +http://www.sitebot.org/robot/)"
213.186.122.3 - - [22/May/2011:03:15:15 +0200] "GET /livezilla/livezilla.php HTTP/1.1" 200 90048 "-" "Mozilla/5.0 (compatible; SiteBot/0.1; +http://www.sitebot.org/robot/)"
209.51.162.220 - - [22/May/2011:06:56:14 +0200] "GET /robots.txt HTTP/1.1" 404 - "-" "ShopWiki/1.0 ( +http://www.shopwiki.com/wiki/Help:Bot)"
208.80.194.29 - - [22/May/2011:16:08:33 +0200] "GET / HTTP/1.0" 200 1244 "-" "Mozilla/4.0 (compatible; MSIE 7.0; Windows NT 5.1; iebar; acc=none)"
67.195.37.190 - - [23/May/2011:00:31:52 +0200] "GET /robots.txt HTTP/1.0" 404 - "-" "Mozilla/5.0 (compatible; Yahoo! Slurp; http://help.yahoo.com/help/us/ysearch/slurp)"
67.195.37.190 - - [23/May/2011:00:31:53 +0200] "GET /livezilla/livezilla.php HTTP/1.0" 200 90048 "-" "Mozilla/5.0 (compatible; Yahoo! Slurp; http://help.yahoo.com/help/us/ysearch/slurp)"
67.195.37.190 - - [23/May/2011:00:31:54 +0200] "GET /livezilla/templates/nojava.html HTTP/1.0" 200 1088 "-" "Mozilla/5.0 (compatible; Yahoo! Slurp; http://help.yahoo.com/help/us/ysearch/slurp)"
209.51.162.219 - - [23/May/2011:05:07:57 +0200] "GET /robots.txt HTTP/1.1" 404 - "-" "ShopWiki/1.0 ( +http://www.shopwiki.com/wiki/Help:Bot)"
209.51.162.219 - - [23/May/2011:09:47:45 +0200] "GET /robots.txt HTTP/1.1" 404 - "-" "ShopWiki/1.0 ( +http://www.shopwiki.com/wiki/Help:Bot)"
209.51.162.219 - - [23/May/2011:15:48:58 +0200] "GET /robots.txt HTTP/1.1" 404 - "-" "ShopWiki/1.0 ( +http://www.shopwiki.com/wiki/Help:Bot)"
208.80.194.30 - - [24/May/2011:06:25:34 +0200] "GET / HTTP/1.0" 200 1244 "-" "Mozilla/4.0 (compatible; MSIE 6.0; Windows NT 5.1; SV1; MathPlayer 2.10 beta 1; (R1 1.5); .NET CLR 1.1.4322)"
95.108.158.134 - - [24/May/2011:22:24:53 +0200] "GET /robots.txt HTTP/1.1" 404 - "-" "Mozilla/5.0 (compatible; YandexBot/3.0; +http://yandex.com/bots)"
209.51.162.220 - - [25/May/2011:00:33:32 +0200] "GET /robots.txt HTTP/1.1" 404 - "-" "ShopWiki/1.0 ( +http://www.shopwiki.com/wiki/Help:Bot)"
213.186.122.3 - - [25/May/2011:02:24:10 +0200] "GET /robots.txt HTTP/1.1" 404 - "-" "Mozilla/5.0 (compatible; SiteBot/0.1; +http://www.sitebot.org/robot/)"
213.186.122.3 - - [25/May/2011:02:24:11 +0200] "GET /livezilla/livezilla.php?template=lz_chat_frame.0.0 HTTP/1.1" 200 338 "-" "Mozilla/5.0 (compatible; SiteBot/0.1; +http://www.sitebot.org/robot/)"
213.186.122.3 - - [25/May/2011:02:24:12 +0200] "GET /livezilla/livezilla.php?template=lz_chat_frame.0.1 HTTP/1.1" 200 343 "-" "Mozilla/5.0 (compatible; SiteBot/0.1; +http://www.sitebot.org/robot/)"
213.186.122.3 - - [25/May/2011:02:24:13 +0200] "GET /livezilla/livezilla.php?template=lz_chat_frame.0.2 HTTP/1.1" 200 321 "-" "Mozilla/5.0 (compatible; SiteBot/0.1; +http://www.sitebot.org/robot/)"
213.186.122.3 - - [25/May/2011:02:24:15 +0200] "GET /livezilla/livezilla.php?template=lz_chat_frame.1.0 HTTP/1.1" 200 344 "-" "Mozilla/5.0 (compatible; SiteBot/0.1; +http://www.sitebot.org/robot/)"
213.186.122.3 - - [25/May/2011:02:24:16 +0200] "GET /livezilla/livezilla.php?template=lz_chat_frame.1.1& HTTP/1.1" 200 2385 "-" "Mozilla/5.0 (compatible; SiteBot/0.1; +http://www.sitebot.org/robot/)"
213.186.122.3 - - [25/May/2011:02:24:17 +0200] "GET /livezilla/livezilla.php?template=lz_chat_frame.1.2 HTTP/1.1" 200 345 "-" "Mozilla/5.0 (compatible; SiteBot/0.1; +http://www.sitebot.org/robot/)"
213.186.122.3 - - [25/May/2011:02:24:18 +0200] "GET /livezilla/livezilla.php?template=lz_chat_frame.2.0 HTTP/1.1" 200 344 "-" "Mozilla/5.0 (compatible; SiteBot/0.1; +http://www.sitebot.org/robot/)"
213.186.122.3 - - [25/May/2011:02:24:19 +0200] "GET /livezilla/livezilla.php?template=lz_chat_frame.2.2 HTTP/1.1" 200 345 "-" "Mozilla/5.0 (compatible; SiteBot/0.1; +http://www.sitebot.org/robot/)"
213.186.122.3 - - [25/May/2011:02:24:20 +0200] "GET /livezilla/livezilla.php?template=lz_chat_frame.3.0 HTTP/1.1" 200 321 "-" "Mozilla/5.0 (compatible; SiteBot/0.1; +http://www.sitebot.org/robot/)"
213.186.122.3 - - [25/May/2011:02:24:21 +0200] "GET /livezilla/livezilla.php?template=lz_chat_frame.3.2.login& HTTP/1.1" 200 1105 "-" "Mozilla/5.0 (compatible; SiteBot/0.1; +http://www.sitebot.org/robot/)"
213.186.122.3 - - [25/May/2011:02:24:23 +0200] "GET /livezilla/livezilla.php?template=lz_chat_frame.3.3 HTTP/1.1" 200 321 "-" "Mozilla/5.0 (compatible; SiteBot/0.1; +http://www.sitebot.org/robot/)"
213.186.122.3 - - [25/May/2011:02:24:24 +0200] "GET /livezilla/livezilla.php?template=lz_chat_frame.4.1 HTTP/1.1" 200 578 "-" "Mozilla/5.0 (compatible; SiteBot/0.1; +http://www.sitebot.org/robot/)"
213.186.122.3 - - [25/May/2011:02:24:25 +0200] "GET /livezilla/livezilla.php?template=lz_chat_frame.5.1 HTTP/1.1" 200 345 "-" "Mozilla/5.0 (compatible; SiteBot/0.1; +http://www.sitebot.org/robot/)"
8.11.2.10 - - [25/May/2011:04:01:17 +0200] "GET /robots.txt HTTP/1.1" 404 - "-" "ShopWiki/1.0 ( +http://www.shopwiki.com/wiki/Help:Bot)"
95.108.158.134 - - [25/May/2011:08:10:24 +0200] "GET / HTTP/1.1" 200 1244 "-" "Mozilla/5.0 (compatible; YandexBot/3.0; +http://yandex.com/bots)"
208.80.194.27 - - [26/May/2011:03:07:01 +0200] "GET / HTTP/1.0" 200 1244 "-" "Mozilla/4.0 (compatible; MSIE 7.0; Windows NT 5.1; .NET CLR 1.0.3705; .NET CLR 1.1.4322; Media Center PC 4.0; .NET CLR 2.0.50727; .NET CLR 3.0.04506.30; IEMB3)"
209.51.162.219 - - [26/May/2011:13:28:01 +0200] "GET /robots.txt HTTP/1.1" 404 - "-" "ShopWiki/1.0 ( +http://www.shopwiki.com/wiki/Help:Bot)"
62.89.187.211 - - [27/May/2011:10:32:52 +0200] "GET /livezilla/server.php?request=track&output=jscript&nse= HTTP/1.1" 302 1722 "-" "Mozilla/5.0 (compatible; CligooRobot/2.0; +http://www.cligoo.de/wk/technik.php)"
209.51.162.220 - - [27/May/2011:17:55:00 +0200] "GET /robots.txt HTTP/1.1" 404 - "-" "ShopWiki/1.0 ( +http://www.shopwiki.com/wiki/Help:Bot)"
209.51.162.219 - - [27/May/2011:21:40:18 +0200] "GET /robots.txt HTTP/1.1" 404 - "-" "ShopWiki/1.0 ( +http://www.shopwiki.com/wiki/Help:Bot)"
208.80.194.33 - - [27/May/2011:23:45:09 +0200] "GET / HTTP/1.0" 200 1244 "-" "Mozilla/4.0 (compatible; MSIE 7.0; Windows NT 6.0; SLCC1; .NET CLR 2.0.50727; .NET CLR 3.0.04506; Tablet PC 2.0; .NET CLR 1.1.4322)"
8.11.2.10 - - [28/May/2011:01:05:21 +0200] "GET /robots.txt HTTP/1.1" 404 - "-" "ShopWiki/1.0 ( +http://www.shopwiki.com/wiki/Help:Bot)"
8.11.2.10 - - [28/May/2011:04:42:42 +0200] "GET /robots.txt HTTP/1.1" 404 - "-" "ShopWiki/1.0 ( +http://www.shopwiki.com/wiki/Help:Bot)"
95.26.116.142 - - [28/May/2011:08:50:24 +0200] "GET / HTTP/1.1" 200 1244 "http://yandex.ru/yandsearch?text=chat.f-m-shop.de" "Mozilla/4.0 (compatible; MSIE 8.0; Windows NT 5.1; Trident/4.0; InfoPath.1)"
67.152.29.130 - - [28/May/2011:10:38:56 +0200] "GET /robots.txt HTTP/1.1" 404 - "-" "ShopWiki/1.0 ( +http://www.shopwiki.com/wiki/Help:Bot)"
8.11.2.10 - - [28/May/2011:18:50:30 +0200] "GET /robots.txt HTTP/1.1" 404 - "-" "ShopWiki/1.0 ( +http://www.shopwiki.com/wiki/Help:Bot)"
67.152.29.130 - - [29/May/2011:00:10:44 +0200] "GET /robots.txt HTTP/1.1" 404 - "-" "ShopWiki/1.0 ( +http://www.shopwiki.com/wiki/Help:Bot)"
209.51.162.220 - - [29/May/2011:04:47:06 +0200] "GET /robots.txt HTTP/1.1" 404 - "-" "ShopWiki/1.0 ( +http://www.shopwiki.com/wiki/Help:Bot)"
67.152.29.130 - - [29/May/2011:08:22:19 +0200] "GET /robots.txt HTTP/1.1" 404 - "-" "ShopWiki/1.0 ( +http://www.shopwiki.com/wiki/Help:Bot)"
208.80.194.27 - - [29/May/2011:20:23:05 +0200] "GET / HTTP/1.0" 200 1244 "-" "Mozilla/4.0 (compatible; MSIE 6.0; Windows NT 5.1; SV1; FunWebProducts; .NET CLR 1.0.3705; .NET CLR 1.1.4322; Media Center PC 4.0; Seekmo 10.0.345.0; SpamBlockerUtility 4.8.4)"
89.178.125.251 - - [30/May/2011:14:41:55 +0200] "GET / HTTP/1.1" 200 1244 "http://yandex.ru/yandsearch?text=chat.f-m-shop.de" "Mozilla/4.0 (compatible; MSIE 8.0; Windows NT 5.1; Trident/4.0; InfoPath.1)"
66.249.72.230 - - [30/May/2011:15:45:45 +0200] "GET /robots.txt HTTP/1.1" 404 - "-" "Mozilla/5.0 (compatible; Googlebot/2.1; +http://www.google.com/bot.html)"
66.249.72.230 - - [30/May/2011:15:45:45 +0200] "GET /livezilla/livezilla.php?template=lz_chat_frame.3.0 HTTP/1.1" 200 321 "-" "Mozilla/5.0 (compatible; Googlebot/2.1; +http://www.google.com/bot.html)"
66.249.72.230 - - [30/May/2011:20:12:19 +0200] "GET /livezilla/livezilla.php?template=lz_chat_frame.0.2 HTTP/1.1" 200 321 "-" "Mozilla/5.0 (compatible; Googlebot/2.1; +http://www.google.com/bot.html)"
209.51.162.219 - - [30/May/2011:21:14:55 +0200] "GET /robots.txt HTTP/1.1" 404 - "-" "ShopWiki/1.0 ( +http://www.shopwiki.com/wiki/Help:Bot)"
95.24.235.23 - - [31/May/2011:00:11:00 +0200] "GET / HTTP/1.1" 200 1244 "http://yandex.ru/yandsearch?text=chat.f-m-shop.de" "Mozilla/4.0 (compatible; MSIE 8.0; Windows NT 5.1; Trident/4.0; InfoPath.1)"
89.178.249.95 - - [31/May/2011:02:02:38 +0200] "GET / HTTP/1.1" 200 1244 "http://yandex.ru/yandsearch?text=chat.f-m-shop.de" "Mozilla/4.0 (compatible; MSIE 8.0; Windows NT 5.1; Trident/4.0; InfoPath.1)"
8.11.2.10 - - [31/May/2011:02:42:34 +0200] "GET /robots.txt HTTP/1.1" 404 - "-" "ShopWiki/1.0 ( +http://www.shopwiki.com/wiki/Help:Bot)"
209.51.162.220 - - [31/May/2011:06:11:10 +0200] "GET /robots.txt HTTP/1.1" 404 - "-" "ShopWiki/1.0 ( +http://www.shopwiki.com/wiki/Help:Bot)"
78.53.130.125 - - [31/May/2011:11:18:53 +0200] "GET /favicon.ico HTTP/1.1" 404 - "-" "Mozilla/5.0 (Windows; U; Windows NT 5.1; de; rv:1.9.2.17) Gecko/20110420 Firefox/3.6.17 ( )"
209.51.162.220 - - [31/May/2011:11:28:20 +0200] "GET /robots.txt HTTP/1.1" 404 - "-" "ShopWiki/1.0 ( +http://www.shopwiki.com/wiki/Help:Bot)"
209.51.162.219 - - [31/May/2011:14:32:48 +0200] "GET /robots.txt HTTP/1.1" 404 - "-" "ShopWiki/1.0 ( +http://www.shopwiki.com/wiki/Help:Bot)"
208.80.194.37 - - [31/May/2011:17:08:46 +0200] "GET / HTTP/1.0" 200 1244 "-" "Mozilla/4.0 (compatible; MSIE 7.0; Windows NT 5.1; YPC 3.2.0; CMS Music Store2 v1.00.13 (Music Store,1033; yplus 5.1.04b); .NET CLR 1.1.4322; .NET CLR 2.0.50727; IEMB3; IEMB3)"
209.51.162.219 - - [31/May/2011:18:05:06 +0200] "GET /robots.txt HTTP/1.1" 404 - "-" "ShopWiki/1.0 ( +http://www.shopwiki.com/wiki/Help:Bot)"
67.152.29.130 - - [31/May/2011:22:52:34 +0200] "GET /robots.txt HTTP/1.1" 404 - "-" "ShopWiki/1.0 ( +http://www.shopwiki.com/wiki/Help:Bot)"