192.168.10.17 - - [04/May/2010:16:46:07 +0200] "POST /livezilla/server.php?acid=4dbbc HTTP/1.1" 200 - "-" "LiveZilla 3.1.8.5 [http://www.livezilla.net]"
192.168.10.17 - - [04/May/2010:16:46:30 +0200] "POST /livezilla/server.php?acid=b4648 HTTP/1.1" 200 2065 "-" "LiveZilla 3.1.8.5 [http://www.livezilla.net]"
192.168.10.17 - - [04/May/2010:16:46:30 +0200] "POST /livezilla/server.php?acid=f59ac HTTP/1.1" 200 2069 "-" "LiveZilla 3.1.8.5 [http://www.livezilla.net]"
192.168.10.17 - - [04/May/2010:16:46:37 +0200] "POST /livezilla/server.php?acid=be860 HTTP/1.1" 200 188 "-" "LiveZilla 3.1.8.5 [http://www.livezilla.net]"
192.168.10.17 - - [04/May/2010:16:47:16 +0200] "POST /livezilla/server.php?acid=c8bd7 HTTP/1.1" 200 - "-" "LiveZilla 3.1.8.5 [http://www.livezilla.net]"
192.168.10.17 - - [04/May/2010:16:46:59 +0200] "POST /livezilla/server.php?acid=b651b HTTP/1.1" 200 2069 "-" "LiveZilla 3.1.8.5 [http://www.livezilla.net]"
88.75.158.137 - - [04/May/2010:18:55:08 +0200] "GET / HTTP/1.1" 404 - "-" "Java/1.6.0_17"
95.108.158.134 - - [04/May/2010:22:02:48 +0200] "GET /robots.txt HTTP/1.1" 404 - "-" "Yandex/1.01.001 (compatible; Win16; I)"
209.51.162.219 - - [04/May/2010:22:05:09 +0200] "GET /robots.txt HTTP/1.1" 404 - "-" "ShopWiki/1.0 ( +http://www.shopwiki.com/wiki/Help:Bot)"
208.80.193.29 - - [05/May/2010:05:30:58 +0200] "GET / HTTP/1.0" 404 - "-" "Mozilla/4.0 (compatible; MSIE 7.0; Windows NT 5.1; SIMBAR={0CE63900-1137-49cc-B973-F56110589535}; .NET CLR 2.0.50727; .NET CLR 1.1.4322)"
67.152.29.130 - - [05/May/2010:05:45:02 +0200] "GET /robots.txt HTTP/1.1" 404 - "-" "ShopWiki/1.0 ( +http://www.shopwiki.com/wiki/Help:Bot)"
67.152.29.130 - - [06/May/2010:03:29:20 +0200] "GET /robots.txt HTTP/1.1" 404 - "-" "ShopWiki/1.0 ( +http://www.shopwiki.com/wiki/Help:Bot)"
209.51.162.220 - - [06/May/2010:12:41:24 +0200] "GET /robots.txt HTTP/1.1" 404 - "-" "ShopWiki/1.0 ( +http://www.shopwiki.com/wiki/Help:Bot)"
67.218.116.133 - - [06/May/2010:13:03:56 +0200] "GET /robots.txt HTTP/1.1" 404 - "-" "Mozilla/5.0 (Twiceler-0.9 http://www.cuil.com/twiceler/robot.html)"
208.80.193.40 - - [06/May/2010:13:51:57 +0200] "GET / HTTP/1.0" 404 - "-" "Mozilla/4.0 (compatible; MSIE 6.0; Windows NT 5.1; SV1; .NET CLR 1.0.3705; .NET CLR 1.1.4322; Media Center PC 4.0; .NET CLR 2.0.50727; ImageShack Toolbar 3.0.3; ImageShack Toolbar 3.0.6; Seekmo 10.0.370.0)"
209.51.162.220 - - [06/May/2010:15:29:51 +0200] "GET /livezilla/livezilla.php HTTP/1.1" 200 90096 "-" "ShopWiki/1.0 ( +http://www.shopwiki.com/wiki/Help:Bot)"
209.51.162.220 - - [06/May/2010:15:29:52 +0200] "GET /livezilla/templates/style.css HTTP/1.1" 200 9496 "-" "ShopWiki/1.0 ( +http://www.shopwiki.com/wiki/Help:Bot)"
95.108.158.134 - - [06/May/2010:22:49:56 +0200] "GET /robots.txt HTTP/1.1" 404 - "-" "Yandex/1.01.001 (compatible; Win16; I)"
67.195.111.246 - - [07/May/2010:04:19:22 +0200] "GET /robots.txt HTTP/1.0" 404 - "-" "Mozilla/5.0 (compatible; Yahoo! Slurp; http://help.yahoo.com/help/us/ysearch/slurp)"
67.195.111.246 - - [07/May/2010:04:19:23 +0200] "GET / HTTP/1.0" 404 - "-" "Mozilla/5.0 (compatible; Yahoo! Slurp/3.0; http://help.yahoo.com/help/us/ysearch/slurp)"
213.191.35.178 - - [07/May/2010:10:08:45 +0200] "GET /livezilla/favicon.ico HTTP/1.1" 404 - "-" "Mozilla/4.0 (compatible; GoogleToolbar 6.4.1321.1732; Windows XP 5.1; MSIE 7.0.5730.13)"
95.108.158.134 - - [07/May/2010:15:37:46 +0200] "GET / HTTP/1.1" 404 - "-" "Yandex/1.01.001 (compatible; Win16; I)"
82.166.163.10 - - [07/May/2010:17:17:50 +0200] "GET /livezilla/server.php?request=track&output=jscript&nse= HTTP/1.1" 200 26976 "http://www.f-m-shop.de/seiten/frame_suma.cfm?kat=TELTEL&nav=2&artnr=A__18098" "Mozilla/4.0 (compatible; MSIE 6.0; Windows NT 5.1; Maxthon)"
67.218.116.133 - - [07/May/2010:17:50:48 +0200] "GET /robots.txt HTTP/1.1" 404 - "-" "Mozilla/5.0 (Twiceler-0.9 http://www.cuil.com/twiceler/robot.html)"
208.80.193.36 - - [08/May/2010:01:16:55 +0200] "GET / HTTP/1.0" 404 - "-" "Mozilla/4.0 (compatible; MSIE 6.0; Windows NT 5.1; SV1; YPC 3.2.0; .NET CLR 1.1.4322; .NET CLR 2.0.50727; IEMB3; yplus 5.1.04b)"
67.152.29.130 - - [08/May/2010:08:45:22 +0200] "GET /robots.txt HTTP/1.1" 404 - "-" "ShopWiki/1.0 ( +http://www.shopwiki.com/wiki/Help:Bot)"
209.51.162.219 - - [08/May/2010:11:54:59 +0200] "GET /robots.txt HTTP/1.1" 404 - "-" "ShopWiki/1.0 ( +http://www.shopwiki.com/wiki/Help:Bot)"
209.51.162.220 - - [08/May/2010:18:19:01 +0200] "GET /robots.txt HTTP/1.1" 404 - "-" "ShopWiki/1.0 ( +http://www.shopwiki.com/wiki/Help:Bot)"
95.108.158.134 - - [08/May/2010:19:38:49 +0200] "GET /robots.txt HTTP/1.1" 404 - "-" "Yandex/1.01.001 (compatible; Win16; I)"
207.46.199.53 - - [09/May/2010:03:16:22 +0200] "GET /robots.txt HTTP/1.1" 404 - "-" "msnbot/2.0b (+http://search.msn.com/msnbot.htm)"
207.46.199.53 - - [09/May/2010:03:16:56 +0200] "GET /livezilla/livezilla.php?template=lz_chat_frame.3.2.login& HTTP/1.1" 200 1105 "-" "msnbot/2.0b (+http://search.msn.com/msnbot.htm)"
207.46.199.53 - - [09/May/2010:03:16:56 +0200] "GET /livezilla/livezilla.php HTTP/1.1" 200 89940 "-" "msnbot/2.0b (+http://search.msn.com/msnbot.htm)"
8.11.2.9 - - [09/May/2010:03:30:02 +0200] "GET /robots.txt HTTP/1.1" 404 - "-" "ShopWiki/1.0 ( +http://www.shopwiki.com/wiki/Help:Bot)"
208.80.193.27 - - [09/May/2010:08:17:34 +0200] "GET / HTTP/1.0" 404 - "-" "Mozilla/4.0 (compatible; MSIE 6.0; Windows NT 5.1; {E45FD7B2-1BEE-304C-98C9-EB7AE425A984}; .NET CLR 1.1.4322)"
95.108.158.134 - - [09/May/2010:14:06:28 +0200] "GET / HTTP/1.1" 404 - "-" "Yandex/1.01.001 (compatible; Win16; I)"
209.51.162.220 - - [09/May/2010:23:17:25 +0200] "GET /robots.txt HTTP/1.1" 404 - "-" "ShopWiki/1.0 ( +http://www.shopwiki.com/wiki/Help:Bot)"
209.51.162.220 - - [10/May/2010:12:44:55 +0200] "GET /robots.txt HTTP/1.1" 404 - "-" "ShopWiki/1.0 ( +http://www.shopwiki.com/wiki/Help:Bot)"
81.17.208.4 - - [10/May/2010:14:41:40 +0200] "GET /robots.txt HTTP/1.0" 404 - "http://chat.f-m-shop.de/livezilla/server.php?request=track&output=jscript&nse=" "Mozilla/5.0 (compatible; jobs.de-Robot +http://www.jobs.de)"
81.17.208.4 - - [10/May/2010:14:53:35 +0200] "GET /livezilla/server.php?request=track&output=jscript&nse= HTTP/1.0" 200 26976 "http://www.f-m-shop.de/seiten/frame.html" "Mozilla/5.0 (compatible; jobs.de-Robot +http://www.jobs.de)"
208.80.193.34 - - [10/May/2010:15:20:13 +0200] "GET / HTTP/1.0" 404 - "-" "Mozilla/4.0 (compatible; MSIE 6.0; Windows NT 5.1; FunWebProducts; SV1; Hotbar 4.6.1)"
209.51.162.220 - - [10/May/2010:15:55:28 +0200] "GET /robots.txt HTTP/1.1" 404 - "-" "ShopWiki/1.0 ( +http://www.shopwiki.com/wiki/Help:Bot)"
67.195.111.246 - - [10/May/2010:18:15:55 +0200] "GET /robots.txt HTTP/1.0" 404 - "-" "Mozilla/5.0 (compatible; Yahoo! Slurp; http://help.yahoo.com/help/us/ysearch/slurp)"
67.195.111.246 - - [10/May/2010:18:15:56 +0200] "GET /livezilla/templates/nojava.html HTTP/1.0" 200 1088 "-" "Mozilla/5.0 (compatible; Yahoo! Slurp/3.0; http://help.yahoo.com/help/us/ysearch/slurp)"
209.51.162.220 - - [10/May/2010:18:58:05 +0200] "GET /robots.txt HTTP/1.1" 404 - "-" "ShopWiki/1.0 ( +http://www.shopwiki.com/wiki/Help:Bot)"
95.108.158.134 - - [10/May/2010:21:19:59 +0200] "GET /robots.txt HTTP/1.1" 404 - "-" "Yandex/1.01.001 (compatible; Win16; I)"
209.51.162.220 - - [11/May/2010:01:04:49 +0200] "GET /robots.txt HTTP/1.1" 404 - "-" "ShopWiki/1.0 ( +http://www.shopwiki.com/wiki/Help:Bot)"
217.174.250.125 - - [11/May/2010:02:20:59 +0200] "GET / HTTP/1.1" 404 - "-" "Java/1.6.0_04"
67.152.29.130 - - [11/May/2010:06:02:15 +0200] "GET /robots.txt HTTP/1.1" 404 - "-" "ShopWiki/1.0 ( +http://www.shopwiki.com/wiki/Help:Bot)"
207.46.204.188 - - [11/May/2010:07:24:33 +0200] "GET /robots.txt HTTP/1.1" 404 - "-" "msnbot/2.0b (+http://search.msn.com/msnbot.htm)"
207.46.204.188 - - [11/May/2010:07:25:18 +0200] "GET /livezilla/livezilla.php?template=lz_chat_frame.3.0 HTTP/1.1" 200 321 "-" "msnbot/2.0b (+http://search.msn.com/msnbot.htm)"
207.46.204.235 - - [11/May/2010:08:05:43 +0200] "GET /livezilla/livezilla.php?template=lz_chat_frame.4.1 HTTP/1.1" 200 578 "-" "msnbot/2.0b (+http://search.msn.com/msnbot.htm)"
213.191.35.178 - - [11/May/2010:10:03:10 +0200] "GET /livezilla/favicon.ico HTTP/1.1" 404 - "-" "Mozilla/4.0 (compatible; GoogleToolbar 6.4.1321.1732; Windows XP 5.1; MSIE 7.0.5730.13)"
209.51.162.220 - - [11/May/2010:11:54:06 +0200] "GET /robots.txt HTTP/1.1" 404 - "-" "ShopWiki/1.0 ( +http://www.shopwiki.com/wiki/Help:Bot)"
95.108.158.134 - - [11/May/2010:13:07:14 +0200] "GET / HTTP/1.1" 404 - "-" "Yandex/1.01.001 (compatible; Win16; I)"
67.152.29.130 - - [11/May/2010:19:48:50 +0200] "GET /robots.txt HTTP/1.1" 404 - "-" "ShopWiki/1.0 ( +http://www.shopwiki.com/wiki/Help:Bot)"
8.11.2.10 - - [12/May/2010:00:59:14 +0200] "GET /robots.txt HTTP/1.1" 404 - "-" "ShopWiki/1.0 ( +http://www.shopwiki.com/wiki/Help:Bot)"
95.108.158.134 - - [12/May/2010:01:01:35 +0200] "GET /robots.txt HTTP/1.1" 404 - "-" "Yandex/1.01.001 (compatible; Win16; I)"
209.51.162.220 - - [12/May/2010:10:09:38 +0200] "GET /robots.txt HTTP/1.1" 404 - "-" "ShopWiki/1.0 ( +http://www.shopwiki.com/wiki/Help:Bot)"
67.152.29.130 - - [12/May/2010:16:06:26 +0200] "GET /robots.txt HTTP/1.1" 404 - "-" "ShopWiki/1.0 ( +http://www.shopwiki.com/wiki/Help:Bot)"
95.108.158.134 - - [12/May/2010:16:53:19 +0200] "GET / HTTP/1.1" 404 - "-" "Yandex/1.01.001 (compatible; Win16; I)"
220.156.184.105 - - [12/May/2010:17:56:14 +0200] "GET / HTTP/1.1" 404 - "-" "Java/1.6.0_11"
67.152.29.130 - - [12/May/2010:19:53:49 +0200] "GET /robots.txt HTTP/1.1" 404 - "-" "ShopWiki/1.0 ( +http://www.shopwiki.com/wiki/Help:Bot)"
209.51.162.219 - - [12/May/2010:23:07:07 +0200] "GET /robots.txt HTTP/1.1" 404 - "-" "ShopWiki/1.0 ( +http://www.shopwiki.com/wiki/Help:Bot)"
8.11.2.10 - - [13/May/2010:02:49:41 +0200] "GET /robots.txt HTTP/1.1" 404 - "-" "ShopWiki/1.0 ( +http://www.shopwiki.com/wiki/Help:Bot)"
208.80.193.39 - - [13/May/2010:06:51:27 +0200] "GET / HTTP/1.0" 404 - "-" "Mozilla/4.0 (compatible; MSIE 6.0; Windows NT 5.1; FunWebProducts; SV1; MSN 9.0;MSN 9.1; MSNbMSNI; MSNmen-us; MSNcOTH)"
8.11.2.10 - - [13/May/2010:09:00:20 +0200] "GET /robots.txt HTTP/1.1" 404 - "-" "ShopWiki/1.0 ( +http://www.shopwiki.com/wiki/Help:Bot)"
209.51.162.219 - - [13/May/2010:12:49:02 +0200] "GET /robots.txt HTTP/1.1" 404 - "-" "ShopWiki/1.0 ( +http://www.shopwiki.com/wiki/Help:Bot)"
209.51.162.220 - - [13/May/2010:16:44:44 +0200] "GET /robots.txt HTTP/1.1" 404 - "-" "ShopWiki/1.0 ( +http://www.shopwiki.com/wiki/Help:Bot)"
8.11.2.10 - - [13/May/2010:21:11:51 +0200] "GET /robots.txt HTTP/1.1" 404 - "-" "ShopWiki/1.0 ( +http://www.shopwiki.com/wiki/Help:Bot)"
95.108.158.134 - - [13/May/2010:21:33:56 +0200] "GET /robots.txt HTTP/1.1" 404 - "-" "Yandex/1.01.001 (compatible; Win16; I)"
95.108.158.134 - - [13/May/2010:21:51:57 +0200] "GET / HTTP/1.1" 404 - "-" "Yandex/1.01.001 (compatible; Win16; I)"
67.195.111.246 - - [13/May/2010:23:51:33 +0200] "GET /robots.txt HTTP/1.0" 404 - "-" "Mozilla/5.0 (compatible; Yahoo! Slurp; http://help.yahoo.com/help/us/ysearch/slurp)"
67.195.111.246 - - [13/May/2010:23:51:33 +0200] "GET /livezilla/livezilla.php HTTP/1.0" 200 89940 "-" "Mozilla/5.0 (compatible; Yahoo! Slurp/3.0; http://help.yahoo.com/help/us/ysearch/slurp)"
67.195.111.246 - - [13/May/2010:23:51:35 +0200] "GET /livezilla/templates/nojava.html HTTP/1.0" 200 1088 "-" "Mozilla/5.0 (compatible; Yahoo! Slurp/3.0; http://help.yahoo.com/help/us/ysearch/slurp)"
207.46.195.229 - - [14/May/2010:04:53:47 +0200] "GET /robots.txt HTTP/1.1" 404 - "-" "msnbot/2.0b (+http://search.msn.com/msnbot.htm)"
207.46.195.229 - - [14/May/2010:04:55:25 +0200] "GET /livezilla/livezilla.php?template=lz_chat_frame.3.2.login.1.0& HTTP/1.1" 200 3689 "-" "msnbot/2.0b (+http://search.msn.com/msnbot.htm)"
207.46.195.229 - - [14/May/2010:04:55:25 +0200] "GET /livezilla/livezilla.php HTTP/1.1" 200 89940 "-" "msnbot/2.0b (+http://search.msn.com/msnbot.htm)"
67.152.29.130 - - [14/May/2010:09:55:17 +0200] "GET /robots.txt HTTP/1.1" 404 - "-" "ShopWiki/1.0 ( +http://www.shopwiki.com/wiki/Help:Bot)"
208.80.193.42 - - [14/May/2010:14:25:59 +0200] "GET / HTTP/1.0" 404 - "-" "Mozilla/4.0 (compatible; MSIE 6.0; Windows NT 5.1; {C4524109-CC5E-6B24-9734-09E256C653BB}; InfoPath.1)"
209.51.162.219 - - [14/May/2010:15:54:10 +0200] "GET /robots.txt HTTP/1.1" 404 - "-" "ShopWiki/1.0 ( +http://www.shopwiki.com/wiki/Help:Bot)"
8.11.2.9 - - [14/May/2010:19:01:37 +0200] "GET /robots.txt HTTP/1.1" 404 - "-" "ShopWiki/1.0 ( +http://www.shopwiki.com/wiki/Help:Bot)"
209.51.162.220 - - [14/May/2010:23:48:41 +0200] "GET /robots.txt HTTP/1.1" 404 - "-" "ShopWiki/1.0 ( +http://www.shopwiki.com/wiki/Help:Bot)"
209.51.162.219 - - [15/May/2010:05:18:35 +0200] "GET /robots.txt HTTP/1.1" 404 - "-" "ShopWiki/1.0 ( +http://www.shopwiki.com/wiki/Help:Bot)"
66.249.71.175 - - [15/May/2010:05:44:30 +0200] "GET /robots.txt HTTP/1.1" 404 - "-" "Googlebot-Image/1.0"
66.249.71.175 - - [15/May/2010:05:44:31 +0200] "GET /livezilla/image.php?id=04 HTTP/1.1" 404 - "-" "Googlebot-Image/1.0"
209.51.162.220 - - [15/May/2010:08:27:39 +0200] "GET /robots.txt HTTP/1.1" 404 - "-" "ShopWiki/1.0 ( +http://www.shopwiki.com/wiki/Help:Bot)"
95.108.158.134 - - [15/May/2010:14:39:24 +0200] "GET /robots.txt HTTP/1.1" 404 - "-" "Yandex/1.01.001 (compatible; Win16; I)"
95.108.158.134 - - [15/May/2010:14:39:26 +0200] "GET /livezilla/livezilla.php HTTP/1.1" 200 91660 "-" "Yandex/1.01.001 (compatible; Win16; I)"
207.46.195.235 - - [15/May/2010:16:31:10 +0200] "GET /robots.txt HTTP/1.1" 404 - "-" "msnbot/2.0b (+http://search.msn.com/msnbot.htm)"
207.46.195.235 - - [15/May/2010:16:32:06 +0200] "GET /livezilla/livezilla.php?template=lz_chat_frame.2.0 HTTP/1.1" 200 344 "-" "msnbot/2.0b (+http://search.msn.com/msnbot.htm)"
209.51.162.219 - - [15/May/2010:19:13:40 +0200] "GET /robots.txt HTTP/1.1" 404 - "-" "ShopWiki/1.0 ( +http://www.shopwiki.com/wiki/Help:Bot)"
208.80.193.28 - - [15/May/2010:21:43:10 +0200] "GET / HTTP/1.0" 404 - "-" "Mozilla/4.0 (compatible; MSIE 7.0; Windows NT 5.1; {E1BFA2F9-C6F9-3158-EB6A-E8325E3EC31D}; .NET CLR 1.0.3705; .NET CLR 1.1.4322; InfoPath.1)"
209.51.162.219 - - [16/May/2010:00:47:45 +0200] "GET /robots.txt HTTP/1.1" 404 - "-" "ShopWiki/1.0 ( +http://www.shopwiki.com/wiki/Help:Bot)"
81.17.208.4 - - [16/May/2010:02:33:57 +0200] "GET /robots.txt HTTP/1.0" 404 - "http://chat.f-m-shop.de/livezilla/livezilla.php" "Mozilla/5.0 (compatible; jobs.de-Robot +http://www.jobs.de)"
81.17.208.4 - - [16/May/2010:02:34:00 +0200] "GET /livezilla/livezilla.php HTTP/1.0" 200 90096 "http://www.f-m-shop.de/seiten/prod_detail_neuer.cfm?artnr=A%20%2022223&nav=2" "Mozilla/5.0 (compatible; jobs.de-Robot +http://www.jobs.de)"
81.17.208.4 - - [16/May/2010:02:34:16 +0200] "GET /livezilla/templates/nojava.html HTTP/1.0" 200 1088 "http://chat.f-m-shop.de/livezilla/livezilla.php" "Mozilla/5.0 (compatible; jobs.de-Robot +http://www.jobs.de)"
81.17.208.4 - - [16/May/2010:03:43:28 +0200] "GET /livezilla/lz_chat_frame.3.2 HTTP/1.0" 404 - "http://chat.f-m-shop.de/livezilla/livezilla.php" "Mozilla/5.0 (compatible; jobs.de-Robot +http://www.jobs.de)"
81.17.208.4 - - [16/May/2010:03:43:32 +0200] "GET /livezilla/lz_chat_frame.3.2.chat.1.0 HTTP/1.0" 404 - "http://chat.f-m-shop.de/livezilla/livezilla.php" "Mozilla/5.0 (compatible; jobs.de-Robot +http://www.jobs.de)"
81.17.208.4 - - [16/May/2010:03:43:35 +0200] "GET /livezilla/lz_chat_frame.3.2.chat.4.0 HTTP/1.0" 404 - "http://chat.f-m-shop.de/livezilla/livezilla.php" "Mozilla/5.0 (compatible; jobs.de-Robot +http://www.jobs.de)"
81.17.208.4 - - [16/May/2010:03:43:39 +0200] "GET /livezilla/lz_chat_frame.3.2.login.1.0 HTTP/1.0" 404 - "http://chat.f-m-shop.de/livezilla/livezilla.php" "Mozilla/5.0 (compatible; jobs.de-Robot +http://www.jobs.de)"
81.17.208.4 - - [16/May/2010:03:43:42 +0200] "GET /livezilla/lz_chat_frame.0.1 HTTP/1.0" 404 - "http://chat.f-m-shop.de/livezilla/livezilla.php" "Mozilla/5.0 (compatible; jobs.de-Robot +http://www.jobs.de)"
81.17.208.4 - - [16/May/2010:04:37:42 +0200] "GET /livezilla/livezilla.php?template=lz_chat_frame.1.1& HTTP/1.0" 200 2407 "http://chat.f-m-shop.de/livezilla/livezilla.php" "Mozilla/5.0 (compatible; jobs.de-Robot +http://www.jobs.de)"
81.17.208.4 - - [16/May/2010:04:37:46 +0200] "GET /livezilla/lz_chat_frame.1.1 HTTP/1.0" 404 - "http://chat.f-m-shop.de/livezilla/livezilla.php" "Mozilla/5.0 (compatible; jobs.de-Robot +http://www.jobs.de)"
81.17.208.4 - - [16/May/2010:04:37:49 +0200] "GET /livezilla/lz_chat_frame.0.2 HTTP/1.0" 404 - "http://chat.f-m-shop.de/livezilla/livezilla.php" "Mozilla/5.0 (compatible; jobs.de-Robot +http://www.jobs.de)"
81.17.208.4 - - [16/May/2010:04:37:52 +0200] "GET /livezilla/_url; HTTP/1.0" 404 - "http://chat.f-m-shop.de/livezilla/livezilla.php" "Mozilla/5.0 (compatible; jobs.de-Robot +http://www.jobs.de)"
81.17.208.4 - - [16/May/2010:04:37:56 +0200] "GET /livezilla/lz_chat_frame.3.2.chat.2.0 HTTP/1.0" 404 - "http://chat.f-m-shop.de/livezilla/livezilla.php" "Mozilla/5.0 (compatible; jobs.de-Robot +http://www.jobs.de)"
81.17.208.4 - - [16/May/2010:04:37:59 +0200] "GET /livezilla/livezilla.php?template=lz_chat_frame.4.1 HTTP/1.0" 200 578 "http://chat.f-m-shop.de/livezilla/livezilla.php" "Mozilla/5.0 (compatible; jobs.de-Robot +http://www.jobs.de)"
81.17.208.4 - - [16/May/2010:04:38:03 +0200] "GET /%22javascript:print();/%22%3EDrucken%3C/a%3E%22); HTTP/1.0" 404 - "http://chat.f-m-shop.de/livezilla/livezilla.php" "Mozilla/5.0 (compatible; jobs.de-Robot +http://www.jobs.de)"
81.17.208.4 - - [16/May/2010:04:38:05 +0200] "GET /livezilla/lz_chat_frame.1.2 HTTP/1.0" 404 - "http://chat.f-m-shop.de/livezilla/livezilla.php" "Mozilla/5.0 (compatible; jobs.de-Robot +http://www.jobs.de)"
81.17.208.4 - - [16/May/2010:04:38:09 +0200] "GET /%22javascript:top.lz_chat_goto_message(true);/%22%3E%3Cb%3E%22 HTTP/1.0" 404 - "http://chat.f-m-shop.de/livezilla/livezilla.php" "Mozilla/5.0 (compatible; jobs.de-Robot +http://www.jobs.de)"
81.17.208.4 - - [16/May/2010:04:38:12 +0200] "GET /livezilla/lz_chat_frame.1.0 HTTP/1.0" 404 - "http://chat.f-m-shop.de/livezilla/livezilla.php" "Mozilla/5.0 (compatible; jobs.de-Robot +http://www.jobs.de)"
81.17.208.4 - - [16/May/2010:04:38:15 +0200] "GET /livezilla/lz_chat_frame.3.2.chat.0.0 HTTP/1.0" 404 - "http://chat.f-m-shop.de/livezilla/livezilla.php" "Mozilla/5.0 (compatible; jobs.de-Robot +http://www.jobs.de)"
81.17.208.4 - - [16/May/2010:04:38:17 +0200] "GET /livezilla/livezilla.php?template=lz_chat_frame.5.1 HTTP/1.0" 200 345 "http://chat.f-m-shop.de/livezilla/livezilla.php" "Mozilla/5.0 (compatible; jobs.de-Robot +http://www.jobs.de)"
81.17.208.4 - - [16/May/2010:04:38:20 +0200] "GET /livezilla/livezilla.php?template=lz_chat_frame.0.0 HTTP/1.0" 200 338 "http://chat.f-m-shop.de/livezilla/livezilla.php" "Mozilla/5.0 (compatible; jobs.de-Robot +http://www.jobs.de)"
81.17.208.4 - - [16/May/2010:04:38:25 +0200] "GET /livezilla/application/x-www-form-urlencoded HTTP/1.0" 404 - "http://chat.f-m-shop.de/livezilla/livezilla.php" "Mozilla/5.0 (compatible; jobs.de-Robot +http://www.jobs.de)"
81.17.208.4 - - [16/May/2010:04:38:28 +0200] "GET /livezilla/lz_chat_frame.3.2.chat.5.0 HTTP/1.0" 404 - "http://chat.f-m-shop.de/livezilla/livezilla.php" "Mozilla/5.0 (compatible; jobs.de-Robot +http://www.jobs.de)"
81.17.208.4 - - [16/May/2010:04:38:32 +0200] "GET /livezilla/data.split(%22%3CLiveZilla%3E%22)%5B1%5D.split(%22%3C/LiveZilla%3E%22)%5B0%5D.split(%22;%22); HTTP/1.0" 404 - "http://chat.f-m-shop.de/livezilla/livezilla.php" "Mozilla/5.0 (compatible; jobs.de-Robot +http://www.jobs.de)"
81.17.208.4 - - [16/May/2010:04:38:35 +0200] "GET /livezilla/server.php HTTP/1.0" 302 1722 "http://chat.f-m-shop.de/livezilla/livezilla.php" "Mozilla/5.0 (compatible; jobs.de-Robot +http://www.jobs.de)"
81.17.208.4 - - [16/May/2010:04:38:39 +0200] "GET /livezilla/livezilla.php?template=lz_chat_frame.0.1 HTTP/1.0" 200 343 "http://chat.f-m-shop.de/livezilla/livezilla.php" "Mozilla/5.0 (compatible; jobs.de-Robot +http://www.jobs.de)"
81.17.208.4 - - [16/May/2010:04:38:42 +0200] "GET /livezilla/lz_chat_data.ExternalUser.Session.BrowserId; HTTP/1.0" 404 - "http://chat.f-m-shop.de/livezilla/livezilla.php" "Mozilla/5.0 (compatible; jobs.de-Robot +http://www.jobs.de)"
81.17.208.4 - - [16/May/2010:04:38:46 +0200] "GET /livezilla/lz_chat_frame.0.0 HTTP/1.0" 404 - "http://chat.f-m-shop.de/livezilla/livezilla.php" "Mozilla/5.0 (compatible; jobs.de-Robot +http://www.jobs.de)"
81.17.208.4 - - [16/May/2010:04:38:49 +0200] "GET /livezilla/Microsoft.XMLHTTP HTTP/1.0" 404 - "http://chat.f-m-shop.de/livezilla/livezilla.php" "Mozilla/5.0 (compatible; jobs.de-Robot +http://www.jobs.de)"
81.17.208.4 - - [16/May/2010:04:38:53 +0200] "GET /livezilla/lz_chat_data.ExternalUser.Session.UserId; HTTP/1.0" 404 - "http://chat.f-m-shop.de/livezilla/livezilla.php" "Mozilla/5.0 (compatible; jobs.de-Robot +http://www.jobs.de)"
81.17.208.4 - - [16/May/2010:04:38:56 +0200] "GET /livezilla/%3CLiveZilla%3E HTTP/1.0" 404 - "http://chat.f-m-shop.de/livezilla/livezilla.php" "Mozilla/5.0 (compatible; jobs.de-Robot +http://www.jobs.de)"
81.17.208.4 - - [16/May/2010:04:38:59 +0200] "GET /livezilla/livezilla.php?template=lz_chat_frame.2.2 HTTP/1.0" 200 345 "http://chat.f-m-shop.de/livezilla/livezilla.php" "Mozilla/5.0 (compatible; jobs.de-Robot +http://www.jobs.de)"
81.17.208.4 - - [16/May/2010:04:39:03 +0200] "GET /livezilla/frames%5B'lz_chat_frame.1.1'%5D.document.getElementById('lz_chat_vcard_text').href HTTP/1.0" 404 - "http://chat.f-m-shop.de/livezilla/livezilla.php" "Mozilla/5.0 (compatible; jobs.de-Robot +http://www.jobs.de)"
81.17.208.4 - - [16/May/2010:04:39:06 +0200] "GET /livezilla/livezilla.php?template=lz_chat_frame.1.2 HTTP/1.0" 200 345 "http://chat.f-m-shop.de/livezilla/livezilla.php" "Mozilla/5.0 (compatible; jobs.de-Robot +http://www.jobs.de)"
81.17.208.4 - - [16/May/2010:04:39:09 +0200] "GET /livezilla/lz_chat_frame.2.0 HTTP/1.0" 404 - "http://chat.f-m-shop.de/livezilla/livezilla.php" "Mozilla/5.0 (compatible; jobs.de-Robot +http://www.jobs.de)"
81.17.208.4 - - [16/May/2010:04:39:12 +0200] "GET /livezilla/lz_chat_frame.5.1 HTTP/1.0" 404 - "http://chat.f-m-shop.de/livezilla/livezilla.php" "Mozilla/5.0 (compatible; jobs.de-Robot +http://www.jobs.de)"
81.17.208.4 - - [16/May/2010:04:39:15 +0200] "GET /livezilla/(_webcam) HTTP/1.0" 404 - "http://chat.f-m-shop.de/livezilla/livezilla.php" "Mozilla/5.0 (compatible; jobs.de-Robot +http://www.jobs.de)"
81.17.208.4 - - [16/May/2010:04:39:18 +0200] "GET /livezilla/7.5 HTTP/1.0" 404 - "http://chat.f-m-shop.de/livezilla/livezilla.php" "Mozilla/5.0 (compatible; jobs.de-Robot +http://www.jobs.de)"
81.17.208.4 - - [16/May/2010:04:39:22 +0200] "GET /livezilla/lz_chat_frame.2.2 HTTP/1.0" 404 - "http://chat.f-m-shop.de/livezilla/livezilla.php" "Mozilla/5.0 (compatible; jobs.de-Robot +http://www.jobs.de)"
81.17.208.4 - - [16/May/2010:04:39:25 +0200] "GET /livezilla/lz_chat_frame.4.1 HTTP/1.0" 404 - "http://chat.f-m-shop.de/livezilla/livezilla.php" "Mozilla/5.0 (compatible; jobs.de-Robot +http://www.jobs.de)"
81.17.208.4 - - [16/May/2010:04:39:28 +0200] "GET /livezilla/livezilla.php?template=lz_chat_frame.3.2.login& HTTP/1.0" 200 1105 "http://chat.f-m-shop.de/livezilla/livezilla.php" "Mozilla/5.0 (compatible; jobs.de-Robot +http://www.jobs.de)"
81.17.208.4 - - [16/May/2010:04:39:45 +0200] "GET /livezilla/window.name; HTTP/1.0" 404 - "http://chat.f-m-shop.de/livezilla/livezilla.php" "Mozilla/5.0 (compatible; jobs.de-Robot +http://www.jobs.de)"
81.17.208.4 - - [16/May/2010:04:39:48 +0200] "GET /livezilla/lz_chat_frame.3.0 HTTP/1.0" 404 - "http://chat.f-m-shop.de/livezilla/livezilla.php" "Mozilla/5.0 (compatible; jobs.de-Robot +http://www.jobs.de)"
81.17.208.4 - - [16/May/2010:04:39:51 +0200] "GET /livezilla/this.Id; HTTP/1.0" 404 - "http://chat.f-m-shop.de/livezilla/livezilla.php" "Mozilla/5.0 (compatible; jobs.de-Robot +http://www.jobs.de)"
81.17.208.4 - - [16/May/2010:04:39:55 +0200] "GET /livezilla/MSXML2.XMLHTTP HTTP/1.0" 404 - "http://chat.f-m-shop.de/livezilla/livezilla.php" "Mozilla/5.0 (compatible; jobs.de-Robot +http://www.jobs.de)"
81.17.208.4 - - [16/May/2010:04:39:58 +0200] "GET /livezilla/lz_chat_frame.3.3 HTTP/1.0" 404 - "http://chat.f-m-shop.de/livezilla/livezilla.php" "Mozilla/5.0 (compatible; jobs.de-Robot +http://www.jobs.de)"
81.17.208.4 - - [16/May/2010:04:40:02 +0200] "GET /livezilla/1.0 HTTP/1.0" 404 - "http://chat.f-m-shop.de/livezilla/livezilla.php" "Mozilla/5.0 (compatible; jobs.de-Robot +http://www.jobs.de)"
81.17.208.4 - - [16/May/2010:04:40:04 +0200] "GET /livezilla/livezilla.php?template=lz_chat_frame.3.3 HTTP/1.0" 200 321 "http://chat.f-m-shop.de/livezilla/livezilla.php" "Mozilla/5.0 (compatible; jobs.de-Robot +http://www.jobs.de)"
81.17.208.4 - - [16/May/2010:04:40:08 +0200] "GET /livezilla/livezilla.php?template=lz_chat_frame.3.0 HTTP/1.0" 200 321 "http://chat.f-m-shop.de/livezilla/livezilla.php" "Mozilla/5.0 (compatible; jobs.de-Robot +http://www.jobs.de)"
81.17.208.4 - - [16/May/2010:04:40:13 +0200] "GET /livezilla/livezilla.php?template=lz_chat_frame.0.2 HTTP/1.0" 200 321 "http://chat.f-m-shop.de/livezilla/livezilla.php" "Mozilla/5.0 (compatible; jobs.de-Robot +http://www.jobs.de)"
81.17.208.4 - - [16/May/2010:04:40:17 +0200] "GET /livezilla/lz_chat_data.PollTimeout HTTP/1.0" 404 - "http://chat.f-m-shop.de/livezilla/livezilla.php" "Mozilla/5.0 (compatible; jobs.de-Robot +http://www.jobs.de)"
81.17.208.4 - - [16/May/2010:04:40:20 +0200] "GET /%22./images/icon_link.gif/%22 HTTP/1.0" 404 - "http://chat.f-m-shop.de/livezilla/livezilla.php" "Mozilla/5.0 (compatible; jobs.de-Robot +http://www.jobs.de)"
81.17.208.4 - - [16/May/2010:04:40:23 +0200] "GET /livezilla/livezilla.php?template=lz_chat_frame.2.0 HTTP/1.0" 200 344 "http://chat.f-m-shop.de/livezilla/livezilla.php" "Mozilla/5.0 (compatible; jobs.de-Robot +http://www.jobs.de)"
81.17.208.4 - - [16/May/2010:04:40:26 +0200] "GET /livezilla/lz_chat_frame.3.2.login.2.0 HTTP/1.0" 404 - "http://chat.f-m-shop.de/livezilla/livezilla.php" "Mozilla/5.0 (compatible; jobs.de-Robot +http://www.jobs.de)"
81.17.208.4 - - [16/May/2010:04:40:30 +0200] "GET /livezilla/livezilla.php?template=lz_chat_frame.3.2.mail& HTTP/1.0" 200 4934 "http://chat.f-m-shop.de/livezilla/livezilla.php" "Mozilla/5.0 (compatible; jobs.de-Robot +http://www.jobs.de)"
81.17.208.4 - - [16/May/2010:04:40:33 +0200] "GET /livezilla/livezilla.php?template=lz_chat_frame.1.0 HTTP/1.0" 200 344 "http://chat.f-m-shop.de/livezilla/livezilla.php" "Mozilla/5.0 (compatible; jobs.de-Robot +http://www.jobs.de)"
81.17.208.4 - - [16/May/2010:06:34:57 +0200] "GET /livezilla/livezilla.php?template=lz_chat_frame.3.2.login.1.0& HTTP/1.0" 200 3689 "http://chat.f-m-shop.de/livezilla/livezilla.php?template=lz_chat_frame.3.2.login&" "Mozilla/5.0 (compatible; jobs.de-Robot +http://www.jobs.de)"
81.17.208.4 - - [16/May/2010:06:35:03 +0200] "GET /livezilla/livezilla.php?template=lz_chat_frame.3.2.login.2.0 HTTP/1.0" 200 361 "http://chat.f-m-shop.de/livezilla/livezilla.php?template=lz_chat_frame.3.2.login&" "Mozilla/5.0 (compatible; jobs.de-Robot +http://www.jobs.de)"
81.17.208.4 - - [16/May/2010:06:35:07 +0200] "GET /livezilla/livezilla.php?template=lz_chat_frame.3.2.login.0.0 HTTP/1.0" 200 1427 "http://chat.f-m-shop.de/livezilla/livezilla.php?template=lz_chat_frame.3.2.login&" "Mozilla/5.0 (compatible; jobs.de-Robot +http://www.jobs.de)"
81.17.208.4 - - [16/May/2010:06:35:10 +0200] "GET /livezilla/lz_chat_frame.3.2.login.0.0 HTTP/1.0" 404 - "http://chat.f-m-shop.de/livezilla/livezilla.php?template=lz_chat_frame.3.2.login&" "Mozilla/5.0 (compatible; jobs.de-Robot +http://www.jobs.de)"
81.17.208.4 - - [16/May/2010:06:35:13 +0200] "GET /livezilla/livezilla.php?template=lz_chat_frame.3.2.chat HTTP/1.0" 200 2116 "http://chat.f-m-shop.de/livezilla/livezilla.php?template=lz_chat_frame.3.2.login.1.0&" "Mozilla/5.0 (compatible; jobs.de-Robot +http://www.jobs.de)"
81.17.208.4 - - [16/May/2010:07:31:22 +0200] "GET /livezilla/livezilla.php?template=lz_chat_frame.3.2.chat.1.0 HTTP/1.0" 200 1576 "http://chat.f-m-shop.de/livezilla/livezilla.php?template=lz_chat_frame.3.2.chat" "Mozilla/5.0 (compatible; jobs.de-Robot +http://www.jobs.de)"
81.17.208.4 - - [16/May/2010:07:31:26 +0200] "GET /livezilla/livezilla.php?template=lz_chat_frame.3.2.chat.5.0 HTTP/1.0" 200 1440 "http://chat.f-m-shop.de/livezilla/livezilla.php?template=lz_chat_frame.3.2.chat" "Mozilla/5.0 (compatible; jobs.de-Robot +http://www.jobs.de)"
81.17.208.4 - - [16/May/2010:07:31:30 +0200] "GET /livezilla/livezilla.php?template=lz_chat_frame.3.2.chat.4.0 HTTP/1.0" 200 933 "http://chat.f-m-shop.de/livezilla/livezilla.php?template=lz_chat_frame.3.2.chat" "Mozilla/5.0 (compatible; jobs.de-Robot +http://www.jobs.de)"
81.17.208.4 - - [16/May/2010:07:31:33 +0200] "GET /livezilla/livezilla.php?template=lz_chat_frame.3.2.chat.2.0 HTTP/1.0" 200 5613 "http://chat.f-m-shop.de/livezilla/livezilla.php?template=lz_chat_frame.3.2.chat" "Mozilla/5.0 (compatible; jobs.de-Robot +http://www.jobs.de)"
81.17.208.4 - - [16/May/2010:07:31:37 +0200] "GET /livezilla/livezilla.php?template=lz_chat_frame.3.2.chat.3.1 HTTP/1.0" 200 277 "http://chat.f-m-shop.de/livezilla/livezilla.php?template=lz_chat_frame.3.2.chat" "Mozilla/5.0 (compatible; jobs.de-Robot +http://www.jobs.de)"
81.17.208.4 - - [16/May/2010:07:31:40 +0200] "GET /livezilla/livezilla.php?template=lz_chat_frame.3.2.chat.3.0 HTTP/1.0" 200 2151 "http://chat.f-m-shop.de/livezilla/livezilla.php?template=lz_chat_frame.3.2.chat" "Mozilla/5.0 (compatible; jobs.de-Robot +http://www.jobs.de)"
81.17.208.4 - - [16/May/2010:07:31:44 +0200] "GET /livezilla/livezilla.php?template=lz_chat_frame.3.2.chat.0.0 HTTP/1.0" 200 3328 "http://chat.f-m-shop.de/livezilla/livezilla.php?template=lz_chat_frame.3.2.chat" "Mozilla/5.0 (compatible; jobs.de-Robot +http://www.jobs.de)"
209.51.162.220 - - [16/May/2010:08:39:24 +0200] "GET /robots.txt HTTP/1.1" 404 - "-" "ShopWiki/1.0 ( +http://www.shopwiki.com/wiki/Help:Bot)"
95.108.158.134 - - [16/May/2010:11:49:21 +0200] "GET / HTTP/1.1" 404 - "-" "Yandex/1.01.001 (compatible; Win16; I)"
67.152.29.130 - - [16/May/2010:20:09:18 +0200] "GET /robots.txt HTTP/1.1" 404 - "-" "ShopWiki/1.0 ( +http://www.shopwiki.com/wiki/Help:Bot)"
208.80.193.39 - - [17/May/2010:04:59:11 +0200] "GET / HTTP/1.0" 404 - "-" "Mozilla/4.0 (compatible; MSIE 6.0; Windows NT 5.1; SV1; PRU_IE)"
67.218.116.133 - - [17/May/2010:12:13:05 +0200] "GET /robots.txt HTTP/1.1" 404 - "-" "Mozilla/5.0 (Twiceler-0.9 http://www.cuil.com/twiceler/robot.html)"
209.51.162.219 - - [17/May/2010:17:31:05 +0200] "GET /robots.txt HTTP/1.1" 404 - "-" "ShopWiki/1.0 ( +http://www.shopwiki.com/wiki/Help:Bot)"
208.115.111.249 - - [17/May/2010:17:45:43 +0200] "GET /robots.txt HTTP/1.1" 404 - "-" "Mozilla/5.0 (compatible; DotBot/1.1; http://www.dotnetdotcom.org/, crawler@dotnetdotcom.org)"
95.108.158.134 - - [17/May/2010:21:51:21 +0200] "GET /robots.txt HTTP/1.1" 404 - "-" "Yandex/1.01.001 (compatible; Win16; I)"
208.115.111.249 - - [17/May/2010:22:27:19 +0200] "GET /livezilla/livezilla.php HTTP/1.1" 200 89940 "-" "Mozilla/5.0 (compatible; DotBot/1.1; http://www.dotnetdotcom.org/, crawler@dotnetdotcom.org)"
207.46.195.237 - - [17/May/2010:22:31:03 +0200] "GET /robots.txt HTTP/1.1" 404 - "-" "msnbot/2.0b (+http://search.msn.com/msnbot.htm)"
207.46.195.237 - - [17/May/2010:22:32:05 +0200] "GET /livezilla/livezilla.php?template=lz_chat_frame.3.2.login.0.0 HTTP/1.1" 200 1384 "-" "msnbot/2.0b (+http://search.msn.com/msnbot.htm)"
209.51.162.219 - - [17/May/2010:23:34:14 +0200] "GET /robots.txt HTTP/1.1" 404 - "-" "ShopWiki/1.0 ( +http://www.shopwiki.com/wiki/Help:Bot)"
207.46.204.244 - - [18/May/2010:07:43:22 +0200] "GET /robots.txt HTTP/1.1" 404 - "-" "msnbot/2.0b (+http://search.msn.com/msnbot.htm)"
207.46.204.244 - - [18/May/2010:07:44:01 +0200] "GET /livezilla/livezilla.php?template=lz_chat_frame.0.2 HTTP/1.1" 200 321 "-" "msnbot/2.0b (+http://search.msn.com/msnbot.htm)"
192.168.10.34 - - [18/May/2010:07:59:12 +0200] "POST /livezilla/server.php?acid=14b88 HTTP/1.1" 200 8131 "-" "-"
192.168.10.34 - - [18/May/2010:07:59:24 +0200] "POST /livezilla/server.php?acid=9d7ad HTTP/1.1" 200 - "-" "LiveZilla 3.1.8.5 [http://www.livezilla.net]"
192.168.10.34 - - [18/May/2010:07:59:27 +0200] "POST /livezilla/server.php?acid=077fe HTTP/1.1" 200 2121 "-" "LiveZilla 3.1.8.5 [http://www.livezilla.net]"
192.168.10.34 - - [18/May/2010:07:59:31 +0200] "POST /livezilla/server.php?acid=ea52d HTTP/1.1" 200 464 "-" "LiveZilla 3.1.8.5 [http://www.livezilla.net]"
192.168.10.34 - - [18/May/2010:07:59:35 +0200] "POST /livezilla/server.php?acid=a0f1f HTTP/1.1" 200 188 "-" "LiveZilla 3.1.8.5 [http://www.livezilla.net]"
192.168.10.34 - - [18/May/2010:07:59:58 +0200] "POST /livezilla/server.php?acid=ee5e4 HTTP/1.1" 200 - "-" "LiveZilla 3.1.8.5 [http://www.livezilla.net]"
192.168.10.34 - - [18/May/2010:08:00:20 +0200] "POST /livezilla/server.php?acid=bda46 HTTP/1.1" 200 - "-" "LiveZilla 3.1.8.5 [http://www.livezilla.net]"
192.168.10.34 - - [18/May/2010:08:00:42 +0200] "POST /livezilla/server.php?acid=64fbe HTTP/1.1" 200 - "-" "LiveZilla 3.1.8.5 [http://www.livezilla.net]"
192.168.10.34 - - [18/May/2010:08:01:04 +0200] "POST /livezilla/server.php?acid=a4855 HTTP/1.1" 200 - "-" "LiveZilla 3.1.8.5 [http://www.livezilla.net]"
192.168.10.34 - - [18/May/2010:08:01:27 +0200] "POST /livezilla/server.php?acid=295fb HTTP/1.1" 200 - "-" "LiveZilla 3.1.8.5 [http://www.livezilla.net]"
192.168.10.34 - - [18/May/2010:08:01:49 +0200] "POST /livezilla/server.php?acid=ca195 HTTP/1.1" 200 - "-" "LiveZilla 3.1.8.5 [http://www.livezilla.net]"
192.168.10.34 - - [18/May/2010:08:02:11 +0200] "POST /livezilla/server.php?acid=3f448 HTTP/1.1" 200 - "-" "LiveZilla 3.1.8.5 [http://www.livezilla.net]"
192.168.10.34 - - [18/May/2010:08:02:33 +0200] "POST /livezilla/server.php?acid=e93e5 HTTP/1.1" 200 - "-" "LiveZilla 3.1.8.5 [http://www.livezilla.net]"
192.168.10.34 - - [18/May/2010:08:02:56 +0200] "POST /livezilla/server.php?acid=558c8 HTTP/1.1" 200 - "-" "LiveZilla 3.1.8.5 [http://www.livezilla.net]"
192.168.10.34 - - [18/May/2010:08:03:18 +0200] "POST /livezilla/server.php?acid=0c1de HTTP/1.1" 200 - "-" "LiveZilla 3.1.8.5 [http://www.livezilla.net]"
192.168.10.34 - - [18/May/2010:08:03:40 +0200] "POST /livezilla/server.php?acid=01fbd HTTP/1.1" 200 - "-" "LiveZilla 3.1.8.5 [http://www.livezilla.net]"
192.168.10.34 - - [18/May/2010:08:04:02 +0200] "POST /livezilla/server.php?acid=03075 HTTP/1.1" 200 - "-" "LiveZilla 3.1.8.5 [http://www.livezilla.net]"
192.168.10.34 - - [18/May/2010:08:04:25 +0200] "POST /livezilla/server.php?acid=8eb1a HTTP/1.1" 200 - "-" "LiveZilla 3.1.8.5 [http://www.livezilla.net]"
192.168.10.34 - - [18/May/2010:08:04:47 +0200] "POST /livezilla/server.php?acid=8d36c HTTP/1.1" 200 - "-" "LiveZilla 3.1.8.5 [http://www.livezilla.net]"
192.168.10.34 - - [18/May/2010:08:05:09 +0200] "POST /livezilla/server.php?acid=880bf HTTP/1.1" 200 - "-" "LiveZilla 3.1.8.5 [http://www.livezilla.net]"
192.168.10.34 - - [18/May/2010:08:05:31 +0200] "POST /livezilla/server.php?acid=19dcf HTTP/1.1" 200 - "-" "LiveZilla 3.1.8.5 [http://www.livezilla.net]"
192.168.10.34 - - [18/May/2010:08:05:54 +0200] "POST /livezilla/server.php?acid=16394 HTTP/1.1" 200 - "-" "LiveZilla 3.1.8.5 [http://www.livezilla.net]"
192.168.10.34 - - [18/May/2010:08:06:16 +0200] "POST /livezilla/server.php?acid=032f5 HTTP/1.1" 200 - "-" "LiveZilla 3.1.8.5 [http://www.livezilla.net]"
192.168.10.34 - - [18/May/2010:08:06:38 +0200] "POST /livezilla/server.php?acid=c15e9 HTTP/1.1" 200 - "-" "LiveZilla 3.1.8.5 [http://www.livezilla.net]"
192.168.10.34 - - [18/May/2010:08:07:00 +0200] "POST /livezilla/server.php?acid=d6616 HTTP/1.1" 200 - "-" "LiveZilla 3.1.8.5 [http://www.livezilla.net]"
192.168.10.34 - - [18/May/2010:08:07:23 +0200] "POST /livezilla/server.php?acid=2f40f HTTP/1.1" 200 - "-" "LiveZilla 3.1.8.5 [http://www.livezilla.net]"
192.168.10.34 - - [18/May/2010:08:07:45 +0200] "POST /livezilla/server.php?acid=11d77 HTTP/1.1" 200 - "-" "LiveZilla 3.1.8.5 [http://www.livezilla.net]"
192.168.10.34 - - [18/May/2010:08:08:07 +0200] "POST /livezilla/server.php?acid=f2ff7 HTTP/1.1" 200 - "-" "LiveZilla 3.1.8.5 [http://www.livezilla.net]"
192.168.10.34 - - [18/May/2010:08:08:30 +0200] "POST /livezilla/server.php?acid=1e4b8 HTTP/1.1" 200 - "-" "LiveZilla 3.1.8.5 [http://www.livezilla.net]"
192.168.10.34 - - [18/May/2010:08:08:52 +0200] "POST /livezilla/server.php?acid=1bf4b HTTP/1.1" 200 - "-" "LiveZilla 3.1.8.5 [http://www.livezilla.net]"
192.168.10.34 - - [18/May/2010:08:09:14 +0200] "POST /livezilla/server.php?acid=ead03 HTTP/1.1" 200 - "-" "LiveZilla 3.1.8.5 [http://www.livezilla.net]"
192.168.10.34 - - [18/May/2010:08:09:36 +0200] "POST /livezilla/server.php?acid=edca1 HTTP/1.1" 200 - "-" "LiveZilla 3.1.8.5 [http://www.livezilla.net]"
192.168.10.34 - - [18/May/2010:08:09:59 +0200] "POST /livezilla/server.php?acid=a2364 HTTP/1.1" 200 - "-" "LiveZilla 3.1.8.5 [http://www.livezilla.net]"
192.168.10.34 - - [18/May/2010:08:10:21 +0200] "POST /livezilla/server.php?acid=cbcb4 HTTP/1.1" 200 - "-" "LiveZilla 3.1.8.5 [http://www.livezilla.net]"
192.168.10.34 - - [18/May/2010:08:10:43 +0200] "POST /livezilla/server.php?acid=078c6 HTTP/1.1" 200 - "-" "LiveZilla 3.1.8.5 [http://www.livezilla.net]"
192.168.10.34 - - [18/May/2010:08:11:05 +0200] "POST /livezilla/server.php?acid=ab106 HTTP/1.1" 200 - "-" "LiveZilla 3.1.8.5 [http://www.livezilla.net]"
192.168.10.34 - - [18/May/2010:08:11:27 +0200] "POST /livezilla/server.php?acid=951fc HTTP/1.1" 200 - "-" "LiveZilla 3.1.8.5 [http://www.livezilla.net]"
192.168.10.34 - - [18/May/2010:08:11:50 +0200] "POST /livezilla/server.php?acid=37c6a HTTP/1.1" 200 - "-" "LiveZilla 3.1.8.5 [http://www.livezilla.net]"
192.168.10.34 - - [18/May/2010:08:12:12 +0200] "POST /livezilla/server.php?acid=597e3 HTTP/1.1" 200 - "-" "LiveZilla 3.1.8.5 [http://www.livezilla.net]"
192.168.10.34 - - [18/May/2010:08:12:34 +0200] "POST /livezilla/server.php?acid=20b32 HTTP/1.1" 200 - "-" "LiveZilla 3.1.8.5 [http://www.livezilla.net]"
192.168.10.34 - - [18/May/2010:08:12:56 +0200] "POST /livezilla/server.php?acid=87013 HTTP/1.1" 200 - "-" "LiveZilla 3.1.8.5 [http://www.livezilla.net]"
192.168.10.34 - - [18/May/2010:08:13:19 +0200] "POST /livezilla/server.php?acid=d717d HTTP/1.1" 200 - "-" "LiveZilla 3.1.8.5 [http://www.livezilla.net]"
192.168.10.34 - - [18/May/2010:08:13:41 +0200] "POST /livezilla/server.php?acid=8e006 HTTP/1.1" 200 - "-" "LiveZilla 3.1.8.5 [http://www.livezilla.net]"
192.168.10.34 - - [18/May/2010:08:14:03 +0200] "POST /livezilla/server.php?acid=40f6f HTTP/1.1" 200 - "-" "LiveZilla 3.1.8.5 [http://www.livezilla.net]"
192.168.10.34 - - [18/May/2010:08:14:25 +0200] "POST /livezilla/server.php?acid=0dbac HTTP/1.1" 200 - "-" "LiveZilla 3.1.8.5 [http://www.livezilla.net]"
192.168.10.34 - - [18/May/2010:08:14:48 +0200] "POST /livezilla/server.php?acid=abf87 HTTP/1.1" 200 - "-" "LiveZilla 3.1.8.5 [http://www.livezilla.net]"
192.168.10.34 - - [18/May/2010:08:15:10 +0200] "POST /livezilla/server.php?acid=2d05c HTTP/1.1" 200 - "-" "LiveZilla 3.1.8.5 [http://www.livezilla.net]"
192.168.10.34 - - [18/May/2010:08:15:32 +0200] "POST /livezilla/server.php?acid=54a79 HTTP/1.1" 200 - "-" "LiveZilla 3.1.8.5 [http://www.livezilla.net]"
192.168.10.34 - - [18/May/2010:08:15:54 +0200] "POST /livezilla/server.php?acid=600c4 HTTP/1.1" 200 - "-" "LiveZilla 3.1.8.5 [http://www.livezilla.net]"
192.168.10.34 - - [18/May/2010:08:16:17 +0200] "POST /livezilla/server.php?acid=c3a40 HTTP/1.1" 200 - "-" "LiveZilla 3.1.8.5 [http://www.livezilla.net]"
192.168.10.34 - - [18/May/2010:08:16:39 +0200] "POST /livezilla/server.php?acid=765db HTTP/1.1" 200 - "-" "LiveZilla 3.1.8.5 [http://www.livezilla.net]"
192.168.10.34 - - [18/May/2010:08:17:02 +0200] "POST /livezilla/server.php?acid=37370 HTTP/1.1" 200 - "-" "LiveZilla 3.1.8.5 [http://www.livezilla.net]"
192.168.10.34 - - [18/May/2010:08:17:24 +0200] "POST /livezilla/server.php?acid=31f6c HTTP/1.1" 200 - "-" "LiveZilla 3.1.8.5 [http://www.livezilla.net]"
192.168.10.34 - - [18/May/2010:08:17:46 +0200] "POST /livezilla/server.php?acid=d2ec8 HTTP/1.1" 200 - "-" "LiveZilla 3.1.8.5 [http://www.livezilla.net]"
192.168.10.34 - - [18/May/2010:08:18:08 +0200] "POST /livezilla/server.php?acid=f675a HTTP/1.1" 200 - "-" "LiveZilla 3.1.8.5 [http://www.livezilla.net]"
192.168.10.34 - - [18/May/2010:08:18:31 +0200] "POST /livezilla/server.php?acid=7c9a8 HTTP/1.1" 200 - "-" "LiveZilla 3.1.8.5 [http://www.livezilla.net]"
192.168.10.34 - - [18/May/2010:08:18:53 +0200] "POST /livezilla/server.php?acid=eafaf HTTP/1.1" 200 - "-" "LiveZilla 3.1.8.5 [http://www.livezilla.net]"
192.168.10.34 - - [18/May/2010:08:19:15 +0200] "POST /livezilla/server.php?acid=e3fb4 HTTP/1.1" 200 - "-" "LiveZilla 3.1.8.5 [http://www.livezilla.net]"
192.168.10.34 - - [18/May/2010:08:19:37 +0200] "POST /livezilla/server.php?acid=eeb2c HTTP/1.1" 200 - "-" "LiveZilla 3.1.8.5 [http://www.livezilla.net]"
192.168.10.34 - - [18/May/2010:08:20:00 +0200] "POST /livezilla/server.php?acid=a4b86 HTTP/1.1" 200 - "-" "LiveZilla 3.1.8.5 [http://www.livezilla.net]"
192.168.10.34 - - [18/May/2010:08:20:22 +0200] "POST /livezilla/server.php?acid=092d0 HTTP/1.1" 200 - "-" "LiveZilla 3.1.8.5 [http://www.livezilla.net]"
192.168.10.34 - - [18/May/2010:08:20:44 +0200] "POST /livezilla/server.php?acid=18576 HTTP/1.1" 200 - "-" "LiveZilla 3.1.8.5 [http://www.livezilla.net]"
192.168.10.34 - - [18/May/2010:08:21:06 +0200] "POST /livezilla/server.php?acid=3381f HTTP/1.1" 200 - "-" "LiveZilla 3.1.8.5 [http://www.livezilla.net]"
192.168.10.34 - - [18/May/2010:08:21:29 +0200] "POST /livezilla/server.php?acid=469dd HTTP/1.1" 200 - "-" "LiveZilla 3.1.8.5 [http://www.livezilla.net]"
192.168.10.34 - - [18/May/2010:08:21:51 +0200] "POST /livezilla/server.php?acid=f5652 HTTP/1.1" 200 - "-" "LiveZilla 3.1.8.5 [http://www.livezilla.net]"
192.168.10.34 - - [18/May/2010:08:22:13 +0200] "POST /livezilla/server.php?acid=0a662 HTTP/1.1" 200 - "-" "LiveZilla 3.1.8.5 [http://www.livezilla.net]"
192.168.10.34 - - [18/May/2010:08:22:35 +0200] "POST /livezilla/server.php?acid=d58fb HTTP/1.1" 200 - "-" "LiveZilla 3.1.8.5 [http://www.livezilla.net]"
192.168.10.34 - - [18/May/2010:08:22:58 +0200] "POST /livezilla/server.php?acid=6a923 HTTP/1.1" 200 - "-" "LiveZilla 3.1.8.5 [http://www.livezilla.net]"
192.168.10.34 - - [18/May/2010:08:23:20 +0200] "POST /livezilla/server.php?acid=83f5b HTTP/1.1" 200 - "-" "LiveZilla 3.1.8.5 [http://www.livezilla.net]"
192.168.10.34 - - [18/May/2010:08:23:42 +0200] "POST /livezilla/server.php?acid=a18c8 HTTP/1.1" 200 - "-" "LiveZilla 3.1.8.5 [http://www.livezilla.net]"
192.168.10.34 - - [18/May/2010:08:24:04 +0200] "POST /livezilla/server.php?acid=b266d HTTP/1.1" 200 - "-" "LiveZilla 3.1.8.5 [http://www.livezilla.net]"
192.168.10.34 - - [18/May/2010:08:24:26 +0200] "POST /livezilla/server.php?acid=24819 HTTP/1.1" 200 - "-" "LiveZilla 3.1.8.5 [http://www.livezilla.net]"
192.168.10.34 - - [18/May/2010:08:24:49 +0200] "POST /livezilla/server.php?acid=855fa HTTP/1.1" 200 - "-" "LiveZilla 3.1.8.5 [http://www.livezilla.net]"
192.168.10.34 - - [18/May/2010:08:25:11 +0200] "POST /livezilla/server.php?acid=e95d2 HTTP/1.1" 200 - "-" "LiveZilla 3.1.8.5 [http://www.livezilla.net]"
192.168.10.34 - - [18/May/2010:08:25:33 +0200] "POST /livezilla/server.php?acid=86e76 HTTP/1.1" 200 - "-" "LiveZilla 3.1.8.5 [http://www.livezilla.net]"
192.168.10.34 - - [18/May/2010:08:25:55 +0200] "POST /livezilla/server.php?acid=73e21 HTTP/1.1" 200 - "-" "LiveZilla 3.1.8.5 [http://www.livezilla.net]"
192.168.10.34 - - [18/May/2010:08:26:18 +0200] "POST /livezilla/server.php?acid=d4d01 HTTP/1.1" 200 - "-" "LiveZilla 3.1.8.5 [http://www.livezilla.net]"
192.168.10.34 - - [18/May/2010:08:26:40 +0200] "POST /livezilla/server.php?acid=e8498 HTTP/1.1" 200 - "-" "LiveZilla 3.1.8.5 [http://www.livezilla.net]"
192.168.10.34 - - [18/May/2010:08:27:02 +0200] "POST /livezilla/server.php?acid=269ab HTTP/1.1" 200 - "-" "LiveZilla 3.1.8.5 [http://www.livezilla.net]"
192.168.10.34 - - [18/May/2010:08:27:24 +0200] "POST /livezilla/server.php?acid=25b71 HTTP/1.1" 200 - "-" "LiveZilla 3.1.8.5 [http://www.livezilla.net]"
192.168.10.34 - - [18/May/2010:08:27:47 +0200] "POST /livezilla/server.php?acid=cac00 HTTP/1.1" 200 - "-" "LiveZilla 3.1.8.5 [http://www.livezilla.net]"
192.168.10.34 - - [18/May/2010:08:28:09 +0200] "POST /livezilla/server.php?acid=fadbe HTTP/1.1" 200 - "-" "LiveZilla 3.1.8.5 [http://www.livezilla.net]"
192.168.10.34 - - [18/May/2010:08:28:31 +0200] "POST /livezilla/server.php?acid=9cabd HTTP/1.1" 200 - "-" "LiveZilla 3.1.8.5 [http://www.livezilla.net]"
192.168.10.34 - - [18/May/2010:08:28:53 +0200] "POST /livezilla/server.php?acid=8227a HTTP/1.1" 200 - "-" "LiveZilla 3.1.8.5 [http://www.livezilla.net]"
192.168.10.34 - - [18/May/2010:08:29:16 +0200] "POST /livezilla/server.php?acid=9f45a HTTP/1.1" 200 - "-" "LiveZilla 3.1.8.5 [http://www.livezilla.net]"
192.168.10.34 - - [18/May/2010:08:29:38 +0200] "POST /livezilla/server.php?acid=8c079 HTTP/1.1" 200 - "-" "LiveZilla 3.1.8.5 [http://www.livezilla.net]"
192.168.10.34 - - [18/May/2010:08:30:00 +0200] "POST /livezilla/server.php?acid=f09ad HTTP/1.1" 200 - "-" "LiveZilla 3.1.8.5 [http://www.livezilla.net]"
192.168.10.34 - - [18/May/2010:08:30:22 +0200] "POST /livezilla/server.php?acid=50e5a HTTP/1.1" 200 - "-" "LiveZilla 3.1.8.5 [http://www.livezilla.net]"
192.168.10.34 - - [18/May/2010:08:30:45 +0200] "POST /livezilla/server.php?acid=5276f HTTP/1.1" 200 - "-" "LiveZilla 3.1.8.5 [http://www.livezilla.net]"
192.168.10.34 - - [18/May/2010:08:31:07 +0200] "POST /livezilla/server.php?acid=ca831 HTTP/1.1" 200 - "-" "LiveZilla 3.1.8.5 [http://www.livezilla.net]"
192.168.10.34 - - [18/May/2010:08:31:29 +0200] "POST /livezilla/server.php?acid=5871e HTTP/1.1" 200 - "-" "LiveZilla 3.1.8.5 [http://www.livezilla.net]"
192.168.10.34 - - [18/May/2010:08:31:51 +0200] "POST /livezilla/server.php?acid=decf9 HTTP/1.1" 200 - "-" "LiveZilla 3.1.8.5 [http://www.livezilla.net]"
192.168.10.34 - - [18/May/2010:08:32:13 +0200] "POST /livezilla/server.php?acid=2a489 HTTP/1.1" 200 - "-" "LiveZilla 3.1.8.5 [http://www.livezilla.net]"
192.168.10.34 - - [18/May/2010:08:32:36 +0200] "POST /livezilla/server.php?acid=50eca HTTP/1.1" 200 - "-" "LiveZilla 3.1.8.5 [http://www.livezilla.net]"
192.168.10.34 - - [18/May/2010:08:32:58 +0200] "POST /livezilla/server.php?acid=b131a HTTP/1.1" 200 - "-" "LiveZilla 3.1.8.5 [http://www.livezilla.net]"
192.168.10.34 - - [18/May/2010:08:33:20 +0200] "POST /livezilla/server.php?acid=3d195 HTTP/1.1" 200 - "-" "LiveZilla 3.1.8.5 [http://www.livezilla.net]"
192.168.10.34 - - [18/May/2010:08:33:42 +0200] "POST /livezilla/server.php?acid=65872 HTTP/1.1" 200 - "-" "LiveZilla 3.1.8.5 [http://www.livezilla.net]"
192.168.10.34 - - [18/May/2010:08:34:05 +0200] "POST /livezilla/server.php?acid=e9941 HTTP/1.1" 200 - "-" "LiveZilla 3.1.8.5 [http://www.livezilla.net]"
192.168.10.34 - - [18/May/2010:08:34:27 +0200] "POST /livezilla/server.php?acid=9aa9b HTTP/1.1" 200 - "-" "LiveZilla 3.1.8.5 [http://www.livezilla.net]"
192.168.10.34 - - [18/May/2010:08:34:49 +0200] "POST /livezilla/server.php?acid=cf11b HTTP/1.1" 200 - "-" "LiveZilla 3.1.8.5 [http://www.livezilla.net]"
192.168.10.34 - - [18/May/2010:08:35:11 +0200] "POST /livezilla/server.php?acid=7b726 HTTP/1.1" 200 - "-" "LiveZilla 3.1.8.5 [http://www.livezilla.net]"
192.168.10.34 - - [18/May/2010:08:35:34 +0200] "POST /livezilla/server.php?acid=f82db HTTP/1.1" 200 - "-" "LiveZilla 3.1.8.5 [http://www.livezilla.net]"
192.168.10.34 - - [18/May/2010:08:35:56 +0200] "POST /livezilla/server.php?acid=cffce HTTP/1.1" 200 - "-" "LiveZilla 3.1.8.5 [http://www.livezilla.net]"
192.168.10.34 - - [18/May/2010:08:36:18 +0200] "POST /livezilla/server.php?acid=a4f69 HTTP/1.1" 200 - "-" "LiveZilla 3.1.8.5 [http://www.livezilla.net]"
192.168.10.34 - - [18/May/2010:08:36:40 +0200] "POST /livezilla/server.php?acid=e0b66 HTTP/1.1" 200 - "-" "LiveZilla 3.1.8.5 [http://www.livezilla.net]"
192.168.10.34 - - [18/May/2010:08:37:03 +0200] "POST /livezilla/server.php?acid=2e30e HTTP/1.1" 200 - "-" "LiveZilla 3.1.8.5 [http://www.livezilla.net]"
192.168.10.34 - - [18/May/2010:08:37:25 +0200] "POST /livezilla/server.php?acid=077f5 HTTP/1.1" 200 - "-" "LiveZilla 3.1.8.5 [http://www.livezilla.net]"
192.168.10.34 - - [18/May/2010:08:37:47 +0200] "POST /livezilla/server.php?acid=1ebad HTTP/1.1" 200 - "-" "LiveZilla 3.1.8.5 [http://www.livezilla.net]"
192.168.10.34 - - [18/May/2010:08:38:10 +0200] "POST /livezilla/server.php?acid=fc95b HTTP/1.1" 200 - "-" "LiveZilla 3.1.8.5 [http://www.livezilla.net]"
192.168.10.34 - - [18/May/2010:08:38:32 +0200] "POST /livezilla/server.php?acid=1bfc4 HTTP/1.1" 200 - "-" "LiveZilla 3.1.8.5 [http://www.livezilla.net]"
192.168.10.34 - - [18/May/2010:08:38:54 +0200] "POST /livezilla/server.php?acid=e8548 HTTP/1.1" 200 - "-" "LiveZilla 3.1.8.5 [http://www.livezilla.net]"
192.168.10.34 - - [18/May/2010:08:39:16 +0200] "POST /livezilla/server.php?acid=0571f HTTP/1.1" 200 - "-" "LiveZilla 3.1.8.5 [http://www.livezilla.net]"
192.168.10.34 - - [18/May/2010:08:39:39 +0200] "POST /livezilla/server.php?acid=1d99a HTTP/1.1" 200 - "-" "LiveZilla 3.1.8.5 [http://www.livezilla.net]"
192.168.10.34 - - [18/May/2010:08:40:01 +0200] "POST /livezilla/server.php?acid=b75ac HTTP/1.1" 200 - "-" "LiveZilla 3.1.8.5 [http://www.livezilla.net]"
192.168.10.34 - - [18/May/2010:08:40:23 +0200] "POST /livezilla/server.php?acid=f63c5 HTTP/1.1" 200 - "-" "LiveZilla 3.1.8.5 [http://www.livezilla.net]"
192.168.10.34 - - [18/May/2010:08:40:45 +0200] "POST /livezilla/server.php?acid=de8dc HTTP/1.1" 200 - "-" "LiveZilla 3.1.8.5 [http://www.livezilla.net]"
192.168.10.34 - - [18/May/2010:08:41:08 +0200] "POST /livezilla/server.php?acid=1d586 HTTP/1.1" 200 - "-" "LiveZilla 3.1.8.5 [http://www.livezilla.net]"
192.168.10.34 - - [18/May/2010:08:41:30 +0200] "POST /livezilla/server.php?acid=3fd8f HTTP/1.1" 200 - "-" "LiveZilla 3.1.8.5 [http://www.livezilla.net]"
